The Swift Package Index logo.Swift Package Index

Build Information

Failed to build Menu, reference 1.10.2 (e1950e), with Swift 6.4 for watchOS using Xcode 27.0 on 16 Sep 2026 18:42:24 UTC.

Build Command

env DEVELOPER_DIR=/Applications/Xcode-27.0.0-Release.Candidate.app xcrun xcodebuild -IDEClonedSourcePackagesDirPathOverride=$PWD/.dependencies -skipMacroValidation -skipPackagePluginValidation -derivedDataPath $PWD/.derivedData build -scheme Menu -destination generic/platform=watchOS

Build Log

========================================
RunAll
========================================
Builder version: 5.1.0
Interrupt handler set up.
========================================
Checkout
========================================
Clone URL: https://github.com/iSapozhnik/Menu.git
Reference: 1.10.2
Initialized empty Git repository in /Users/admin/builder/spi-builder-workspace/.git/
From https://github.com/iSapozhnik/Menu
 * tag               1.10.2     -> FETCH_HEAD
HEAD is now at e1950e0 Merge pull request #17 from iSapozhnik/feature/hover-insets
Cloned https://github.com/iSapozhnik/Menu.git
Revision (git rev-parse @):
e1950e035259243bc3f180157d5297fefd27bfdf
SUCCESS checkout https://github.com/iSapozhnik/Menu.git at 1.10.2
========================================
Build
========================================
Selected platform:         watchOS
Swift version:             6.4
Building package at path:  $PWD
https://github.com/iSapozhnik/Menu.git
Command line invocation:
    /Applications/Xcode-27.0.0-Release.Candidate.app/Contents/Developer/usr/bin/xcodebuild -IDEClonedSourcePackagesDirPathOverride=/Users/admin/builder/spi-builder-workspace/.dependencies -resolvePackageDependencies
Resolve Package Graph
Fetching from https://github.com/iSapozhnik/EventMonitor
Creating working copy of package ‘EventMonitor’
Checking out 1.0.1 of package ‘EventMonitor’
Resolve Package Graph
Resolve Package Graph
Resolved source packages:
  Menu: /Users/admin/builder/spi-builder-workspace
  EventMonitor: https://github.com/iSapozhnik/EventMonitor @ 1.0.1
resolved source packages: Menu, EventMonitor
2026-09-16 14:41:35.319 xcodebuild[529:3044] [MT] IDERunDestination: Supported platforms for the buildables in the current scheme is empty.
{
  "dependencies" : [
    {
      "identity" : "eventmonitor",
      "requirement" : {
        "range" : [
          {
            "lower_bound" : "1.0.1",
            "upper_bound" : "2.0.0"
          }
        ]
      },
      "type" : "sourceControl",
      "url" : "https://github.com/iSapozhnik/EventMonitor"
    }
  ],
  "manifest_display_name" : "Menu",
  "name" : "Menu",
  "path" : "/Users/admin/builder/spi-builder-workspace",
  "platforms" : [
    {
      "name" : "macos",
      "version" : "10.12"
    }
  ],
  "products" : [
    {
      "name" : "Menu",
      "targets" : [
        "Menu"
      ],
      "type" : {
        "library" : [
          "automatic"
        ]
      }
    }
  ],
  "targets" : [
    {
      "c99name" : "MenuTests",
      "module_type" : "SwiftTarget",
      "name" : "MenuTests",
      "path" : "Tests/MenuTests",
      "sources" : [
        "MenuTests.swift",
        "XCTestManifests.swift"
      ],
      "target_dependencies" : [
        "Menu"
      ],
      "type" : "test"
    },
    {
      "c99name" : "Menu",
      "module_type" : "SwiftTarget",
      "name" : "Menu",
      "path" : "Sources/Menu",
      "product_dependencies" : [
        "EventMonitor"
      ],
      "product_memberships" : [
        "Menu"
      ],
      "sources" : [
        "CheckmarkView.swift",
        "ContentViewController.swift",
        "Control.swift",
        "Extensions.swift",
        "Menu.swift",
        "MenuConfiguration.swift",
        "MenuElement.swift",
        "MenuItem.swift",
        "MenuScroller.swift",
        "RoundedRectangleView.swift",
        "ScrollView.swift",
        "VerticallyCenteredTextFieldCell.swift",
        "Window.swift"
      ],
      "type" : "library"
    }
  ],
  "tools_version" : "5.1"
}
{
  "workspace" : {
    "name" : "Menu",
    "schemes" : [
      "Menu"
    ]
  }
}
2026-09-16 14:42:16.490 xcodebuild[689:4359] [MT] IDERunDestination: Supported platforms for the buildables in the current scheme is empty.
Running build ...
env DEVELOPER_DIR=/Applications/Xcode-27.0.0-Release.Candidate.app xcrun xcodebuild -IDEClonedSourcePackagesDirPathOverride=$PWD/.dependencies -skipMacroValidation -skipPackagePluginValidation -derivedDataPath $PWD/.derivedData build -scheme Menu -destination generic/platform=watchOS
Command line invocation:
    /Applications/Xcode-27.0.0-Release.Candidate.app/Contents/Developer/usr/bin/xcodebuild -IDEClonedSourcePackagesDirPathOverride=/Users/admin/builder/spi-builder-workspace/.dependencies -skipMacroValidation -skipPackagePluginValidation -derivedDataPath /Users/admin/builder/spi-builder-workspace/.derivedData build -scheme Menu -destination generic/platform=watchOS
Resolve Package Graph
Resolve Package Graph
Resolved source packages:
  Menu: /Users/admin/builder/spi-builder-workspace
  EventMonitor: https://github.com/iSapozhnik/EventMonitor @ 1.0.1
ComputePackagePrebuildTargetDependencyGraph
Prepare packages
CreateBuildRequest
SendProjectDescription
CreateBuildOperation
ComputeTargetDependencyGraph
note: Building targets in dependency order
note: Target dependency graph (4 targets)
    Target 'Menu-product' in project 'Menu'
        ➜ Explicit dependency on target 'Menu' in project 'Menu'
        ➜ Explicit dependency on target 'EventMonitor-product' in project 'EventMonitor'
    Target 'Menu' in project 'Menu'
        ➜ Explicit dependency on target 'EventMonitor-product' in project 'EventMonitor'
    Target 'EventMonitor-product' in project 'EventMonitor'
        ➜ Explicit dependency on target 'EventMonitor' in project 'EventMonitor'
    Target 'EventMonitor' in project 'EventMonitor' (no dependencies)
GatherProvisioningInputs
CreateBuildDescription
ExecuteExternalTool /Applications/Xcode-27.0.0-Release.Candidate.app/Contents/Developer/Toolchains/XcodeDefault.xctoolchain/usr/bin/clang -v -E -dM -isysroot /Applications/Xcode-27.0.0-Release.Candidate.app/Contents/Developer/Platforms/WatchOS.platform/Developer/SDKs/WatchOS27.0.sdk -x c -c /dev/null
ExecuteExternalTool /Applications/Xcode-27.0.0-Release.Candidate.app/Contents/Developer/Toolchains/XcodeDefault.xctoolchain/usr/bin/swiftc --version
ExecuteExternalTool /Applications/Xcode-27.0.0-Release.Candidate.app/Contents/Developer/Toolchains/XcodeDefault.xctoolchain/usr/bin/ld -version_details
Build description signature: 1796a5f8a2906d41f8ea8354aebcdcab
Build description path: /Users/admin/builder/spi-builder-workspace/.derivedData/Build/Intermediates.noindex/XCBuildData/1796a5f8a2906d41f8ea8354aebcdcab.xcbuilddata
CreateBuildDirectory /Users/admin/builder/spi-builder-workspace/.derivedData/SDKExplicitPrecompiledModules
    cd /Users/admin/builder/spi-builder-workspace/.swiftpm/xcode
    builtin-create-build-directory /Users/admin/builder/spi-builder-workspace/.derivedData/SDKExplicitPrecompiledModules
CreateBuildDirectory /Users/admin/builder/spi-builder-workspace/.derivedData/ModuleCache.noindex
    cd /Users/admin/builder/spi-builder-workspace/.swiftpm/xcode
    builtin-create-build-directory /Users/admin/builder/spi-builder-workspace/.derivedData/ModuleCache.noindex
CreateBuildDirectory /Users/admin/builder/spi-builder-workspace/.derivedData/CompilationCache.noindex
    cd /Users/admin/builder/spi-builder-workspace/.swiftpm/xcode
    builtin-create-build-directory /Users/admin/builder/spi-builder-workspace/.derivedData/CompilationCache.noindex
CreateBuildDirectory /Users/admin/builder/spi-builder-workspace/.derivedData/Build/Intermediates.noindex
    cd /Users/admin/builder/spi-builder-workspace/.swiftpm/xcode
    builtin-create-build-directory /Users/admin/builder/spi-builder-workspace/.derivedData/Build/Intermediates.noindex
CreateBuildDirectory /Users/admin/builder/spi-builder-workspace/.derivedData/Build/Products
    cd /Users/admin/builder/spi-builder-workspace/.swiftpm/xcode
    builtin-create-build-directory /Users/admin/builder/spi-builder-workspace/.derivedData/Build/Products
ClangStatCache /Applications/Xcode-27.0.0-Release.Candidate.app/Contents/Developer/Toolchains/XcodeDefault.xctoolchain/usr/bin/clang-stat-cache /Applications/Xcode-27.0.0-Release.Candidate.app/Contents/Developer/Platforms/WatchOS.platform/Developer/SDKs/WatchOS27.0.sdk /Users/admin/builder/spi-builder-workspace/.derivedData/SDKStatCaches.noindex/watchos27.0-24R360-e829b21a6f8c9b70876ba0858053c04477534ef55a1706bf4c1112bbb242f0a2.sdkstatcache
    cd /Users/admin/builder/spi-builder-workspace/.swiftpm/xcode
    /Applications/Xcode-27.0.0-Release.Candidate.app/Contents/Developer/Toolchains/XcodeDefault.xctoolchain/usr/bin/clang-stat-cache /Applications/Xcode-27.0.0-Release.Candidate.app/Contents/Developer/Platforms/WatchOS.platform/Developer/SDKs/WatchOS27.0.sdk -o /Users/admin/builder/spi-builder-workspace/.derivedData/SDKStatCaches.noindex/watchos27.0-24R360-e829b21a6f8c9b70876ba0858053c04477534ef55a1706bf4c1112bbb242f0a2.sdkstatcache
CreateBuildDirectory /Users/admin/builder/spi-builder-workspace/.derivedData/Build/Intermediates.noindex/SwiftExplicitPrecompiledModules
    cd /Users/admin/builder/spi-builder-workspace/.swiftpm/xcode
    builtin-create-build-directory /Users/admin/builder/spi-builder-workspace/.derivedData/Build/Intermediates.noindex/SwiftExplicitPrecompiledModules
CreateBuildDirectory /Users/admin/builder/spi-builder-workspace/.derivedData/Build/Intermediates.noindex/PrecompiledHeaders
    cd /Users/admin/builder/spi-builder-workspace/.swiftpm/xcode
    builtin-create-build-directory /Users/admin/builder/spi-builder-workspace/.derivedData/Build/Intermediates.noindex/PrecompiledHeaders
CreateBuildDirectory /Users/admin/builder/spi-builder-workspace/.derivedData/Build/Intermediates.noindex/ExplicitPrecompiledModules
    cd /Users/admin/builder/spi-builder-workspace/.swiftpm/xcode
    builtin-create-build-directory /Users/admin/builder/spi-builder-workspace/.derivedData/Build/Intermediates.noindex/ExplicitPrecompiledModules
CreateBuildDirectory /Users/admin/builder/spi-builder-workspace/.derivedData/Build/Products/Debug-watchos
    cd /Users/admin/builder/spi-builder-workspace/.swiftpm/xcode
    builtin-create-build-directory /Users/admin/builder/spi-builder-workspace/.derivedData/Build/Products/Debug-watchos
CreateBuildDirectory /Users/admin/builder/spi-builder-workspace/.derivedData/Build/Intermediates.noindex/EagerLinkingTBDs/Debug-watchos
    cd /Users/admin/builder/spi-builder-workspace/.swiftpm/xcode
    builtin-create-build-directory /Users/admin/builder/spi-builder-workspace/.derivedData/Build/Intermediates.noindex/EagerLinkingTBDs/Debug-watchos
CreateBuildDirectory /Users/admin/builder/spi-builder-workspace/.derivedData/Build/Products/Debug-watchos/PackageFrameworks
    cd /Users/admin/builder/spi-builder-workspace/.swiftpm/xcode
    builtin-create-build-directory /Users/admin/builder/spi-builder-workspace/.derivedData/Build/Products/Debug-watchos/PackageFrameworks
WriteAuxiliaryFile /Users/admin/builder/spi-builder-workspace/.derivedData/Build/Intermediates.noindex/Menu.build/Debug-watchos/Menu-t.build/Menu.modulemap (in target 'Menu' from project 'Menu')
    cd /Users/admin/builder/spi-builder-workspace
    write-file /Users/admin/builder/spi-builder-workspace/.derivedData/Build/Intermediates.noindex/Menu.build/Debug-watchos/Menu-t.build/Menu.modulemap
WriteAuxiliaryFile /Users/admin/builder/spi-builder-workspace/.derivedData/Build/Intermediates.noindex/Menu.build/Debug-watchos/Menu-t.build/Objects-normal/arm64/Menu_const_extract_protocols.json (in target 'Menu' from project 'Menu')
    cd /Users/admin/builder/spi-builder-workspace
    write-file /Users/admin/builder/spi-builder-workspace/.derivedData/Build/Intermediates.noindex/Menu.build/Debug-watchos/Menu-t.build/Objects-normal/arm64/Menu_const_extract_protocols.json
WriteAuxiliaryFile /Users/admin/builder/spi-builder-workspace/.derivedData/Build/Intermediates.noindex/Menu.build/Debug-watchos/Menu-t.build/Objects-normal/arm64/Menu.SwiftFileList (in target 'Menu' from project 'Menu')
    cd /Users/admin/builder/spi-builder-workspace
    write-file /Users/admin/builder/spi-builder-workspace/.derivedData/Build/Intermediates.noindex/Menu.build/Debug-watchos/Menu-t.build/Objects-normal/arm64/Menu.SwiftFileList
WriteAuxiliaryFile /Users/admin/builder/spi-builder-workspace/.derivedData/Build/Intermediates.noindex/Menu.build/Debug-watchos/Menu-t.build/Objects-normal/arm64_32/Menu-OutputFileMap.json (in target 'Menu' from project 'Menu')
    cd /Users/admin/builder/spi-builder-workspace
    write-file /Users/admin/builder/spi-builder-workspace/.derivedData/Build/Intermediates.noindex/Menu.build/Debug-watchos/Menu-t.build/Objects-normal/arm64_32/Menu-OutputFileMap.json
WriteAuxiliaryFile /Users/admin/builder/spi-builder-workspace/.derivedData/Build/Intermediates.noindex/Menu.build/Debug-watchos/Menu-t.build/Objects-normal/arm64/Menu.SwiftConstValuesFileList (in target 'Menu' from project 'Menu')
    cd /Users/admin/builder/spi-builder-workspace
    write-file /Users/admin/builder/spi-builder-workspace/.derivedData/Build/Intermediates.noindex/Menu.build/Debug-watchos/Menu-t.build/Objects-normal/arm64/Menu.SwiftConstValuesFileList
WriteAuxiliaryFile /Users/admin/builder/spi-builder-workspace/.derivedData/Build/Intermediates.noindex/Menu.build/Debug-watchos/Menu-t.build/Objects-normal/arm64_32/Menu.LinkFileList (in target 'Menu' from project 'Menu')
    cd /Users/admin/builder/spi-builder-workspace
    write-file /Users/admin/builder/spi-builder-workspace/.derivedData/Build/Intermediates.noindex/Menu.build/Debug-watchos/Menu-t.build/Objects-normal/arm64_32/Menu.LinkFileList
WriteAuxiliaryFile /Users/admin/builder/spi-builder-workspace/.derivedData/Build/Intermediates.noindex/Menu.build/Debug-watchos/Menu-t.build/Objects-normal/arm64_32/Menu.SwiftConstValuesFileList (in target 'Menu' from project 'Menu')
    cd /Users/admin/builder/spi-builder-workspace
    write-file /Users/admin/builder/spi-builder-workspace/.derivedData/Build/Intermediates.noindex/Menu.build/Debug-watchos/Menu-t.build/Objects-normal/arm64_32/Menu.SwiftConstValuesFileList
WriteAuxiliaryFile /Users/admin/builder/spi-builder-workspace/.derivedData/Build/Intermediates.noindex/Menu.build/Debug-watchos/Menu-t.build/Objects-normal/arm64_32/Menu_const_extract_protocols.json (in target 'Menu' from project 'Menu')
    cd /Users/admin/builder/spi-builder-workspace
    write-file /Users/admin/builder/spi-builder-workspace/.derivedData/Build/Intermediates.noindex/Menu.build/Debug-watchos/Menu-t.build/Objects-normal/arm64_32/Menu_const_extract_protocols.json
WriteAuxiliaryFile /Users/admin/builder/spi-builder-workspace/.derivedData/Build/Intermediates.noindex/Menu.build/Debug-watchos/Menu-t.build/Objects-normal/arm64_32/Menu.SwiftFileList (in target 'Menu' from project 'Menu')
    cd /Users/admin/builder/spi-builder-workspace
    write-file /Users/admin/builder/spi-builder-workspace/.derivedData/Build/Intermediates.noindex/Menu.build/Debug-watchos/Menu-t.build/Objects-normal/arm64_32/Menu.SwiftFileList
WriteAuxiliaryFile /Users/admin/builder/spi-builder-workspace/.derivedData/Build/Intermediates.noindex/Menu.build/Debug-watchos/Menu-t.build/Objects-normal/arm64/Menu.LinkFileList (in target 'Menu' from project 'Menu')
    cd /Users/admin/builder/spi-builder-workspace
    write-file /Users/admin/builder/spi-builder-workspace/.derivedData/Build/Intermediates.noindex/Menu.build/Debug-watchos/Menu-t.build/Objects-normal/arm64/Menu.LinkFileList
WriteAuxiliaryFile /Users/admin/builder/spi-builder-workspace/.derivedData/Build/Intermediates.noindex/Menu.build/Debug-watchos/Menu-t.build/Objects-normal/arm64/Menu-OutputFileMap.json (in target 'Menu' from project 'Menu')
    cd /Users/admin/builder/spi-builder-workspace
    write-file /Users/admin/builder/spi-builder-workspace/.derivedData/Build/Intermediates.noindex/Menu.build/Debug-watchos/Menu-t.build/Objects-normal/arm64/Menu-OutputFileMap.json
WriteAuxiliaryFile /Users/admin/builder/spi-builder-workspace/.derivedData/Build/Intermediates.noindex/Menu.build/Debug-watchos/Menu-t.build/Menu.DependencyStaticMetadataFileList (in target 'Menu' from project 'Menu')
    cd /Users/admin/builder/spi-builder-workspace
    write-file /Users/admin/builder/spi-builder-workspace/.derivedData/Build/Intermediates.noindex/Menu.build/Debug-watchos/Menu-t.build/Menu.DependencyStaticMetadataFileList
WriteAuxiliaryFile /Users/admin/builder/spi-builder-workspace/.derivedData/Build/Intermediates.noindex/Menu.build/Debug-watchos/Menu-t.build/Menu.DependencyMetadataFileList (in target 'Menu' from project 'Menu')
    cd /Users/admin/builder/spi-builder-workspace
    write-file /Users/admin/builder/spi-builder-workspace/.derivedData/Build/Intermediates.noindex/Menu.build/Debug-watchos/Menu-t.build/Menu.DependencyMetadataFileList
Copy /Users/admin/builder/spi-builder-workspace/.derivedData/Build/Intermediates.noindex/GeneratedModuleMaps-watchos/Menu.modulemap /Users/admin/builder/spi-builder-workspace/.derivedData/Build/Intermediates.noindex/Menu.build/Debug-watchos/Menu-t.build/Menu.modulemap (in target 'Menu' from project 'Menu')
    cd /Users/admin/builder/spi-builder-workspace
    builtin-copy -exclude .DS_Store -exclude CVS -exclude .svn -exclude .git -exclude .hg -resolve-src-symlinks /Users/admin/builder/spi-builder-workspace/.derivedData/Build/Intermediates.noindex/Menu.build/Debug-watchos/Menu-t.build/Menu.modulemap /Users/admin/builder/spi-builder-workspace/.derivedData/Build/Intermediates.noindex/GeneratedModuleMaps-watchos
WriteAuxiliaryFile /Users/admin/builder/spi-builder-workspace/.derivedData/Build/Intermediates.noindex/EventMonitor.build/Debug-watchos/EventMonitor-t.build/Objects-normal/arm64_32/EventMonitor.SwiftConstValuesFileList (in target 'EventMonitor' from project 'EventMonitor')
    cd /Users/admin/builder/spi-builder-workspace/.dependencies/checkouts/EventMonitor
    write-file /Users/admin/builder/spi-builder-workspace/.derivedData/Build/Intermediates.noindex/EventMonitor.build/Debug-watchos/EventMonitor-t.build/Objects-normal/arm64_32/EventMonitor.SwiftConstValuesFileList
WriteAuxiliaryFile /Users/admin/builder/spi-builder-workspace/.derivedData/Build/Intermediates.noindex/EventMonitor.build/Debug-watchos/EventMonitor-t.build/Objects-normal/arm64_32/EventMonitor.SwiftFileList (in target 'EventMonitor' from project 'EventMonitor')
    cd /Users/admin/builder/spi-builder-workspace/.dependencies/checkouts/EventMonitor
    write-file /Users/admin/builder/spi-builder-workspace/.derivedData/Build/Intermediates.noindex/EventMonitor.build/Debug-watchos/EventMonitor-t.build/Objects-normal/arm64_32/EventMonitor.SwiftFileList
WriteAuxiliaryFile /Users/admin/builder/spi-builder-workspace/.derivedData/Build/Intermediates.noindex/EventMonitor.build/Debug-watchos/EventMonitor-t.build/Objects-normal/arm64_32/EventMonitor.LinkFileList (in target 'EventMonitor' from project 'EventMonitor')
    cd /Users/admin/builder/spi-builder-workspace/.dependencies/checkouts/EventMonitor
    write-file /Users/admin/builder/spi-builder-workspace/.derivedData/Build/Intermediates.noindex/EventMonitor.build/Debug-watchos/EventMonitor-t.build/Objects-normal/arm64_32/EventMonitor.LinkFileList
WriteAuxiliaryFile /Users/admin/builder/spi-builder-workspace/.derivedData/Build/Intermediates.noindex/EventMonitor.build/Debug-watchos/EventMonitor-t.build/Objects-normal/arm64_32/EventMonitor_const_extract_protocols.json (in target 'EventMonitor' from project 'EventMonitor')
    cd /Users/admin/builder/spi-builder-workspace/.dependencies/checkouts/EventMonitor
    write-file /Users/admin/builder/spi-builder-workspace/.derivedData/Build/Intermediates.noindex/EventMonitor.build/Debug-watchos/EventMonitor-t.build/Objects-normal/arm64_32/EventMonitor_const_extract_protocols.json
WriteAuxiliaryFile /Users/admin/builder/spi-builder-workspace/.derivedData/Build/Intermediates.noindex/EventMonitor.build/Debug-watchos/EventMonitor-t.build/Objects-normal/arm64_32/EventMonitor-OutputFileMap.json (in target 'EventMonitor' from project 'EventMonitor')
    cd /Users/admin/builder/spi-builder-workspace/.dependencies/checkouts/EventMonitor
    write-file /Users/admin/builder/spi-builder-workspace/.derivedData/Build/Intermediates.noindex/EventMonitor.build/Debug-watchos/EventMonitor-t.build/Objects-normal/arm64_32/EventMonitor-OutputFileMap.json
WriteAuxiliaryFile /Users/admin/builder/spi-builder-workspace/.derivedData/Build/Intermediates.noindex/EventMonitor.build/Debug-watchos/EventMonitor-t.build/Objects-normal/arm64/EventMonitor.SwiftFileList (in target 'EventMonitor' from project 'EventMonitor')
    cd /Users/admin/builder/spi-builder-workspace/.dependencies/checkouts/EventMonitor
    write-file /Users/admin/builder/spi-builder-workspace/.derivedData/Build/Intermediates.noindex/EventMonitor.build/Debug-watchos/EventMonitor-t.build/Objects-normal/arm64/EventMonitor.SwiftFileList
WriteAuxiliaryFile /Users/admin/builder/spi-builder-workspace/.derivedData/Build/Intermediates.noindex/EventMonitor.build/Debug-watchos/EventMonitor-t.build/Objects-normal/arm64/EventMonitor.SwiftConstValuesFileList (in target 'EventMonitor' from project 'EventMonitor')
    cd /Users/admin/builder/spi-builder-workspace/.dependencies/checkouts/EventMonitor
    write-file /Users/admin/builder/spi-builder-workspace/.derivedData/Build/Intermediates.noindex/EventMonitor.build/Debug-watchos/EventMonitor-t.build/Objects-normal/arm64/EventMonitor.SwiftConstValuesFileList
WriteAuxiliaryFile /Users/admin/builder/spi-builder-workspace/.derivedData/Build/Intermediates.noindex/EventMonitor.build/Debug-watchos/EventMonitor-t.build/Objects-normal/arm64/EventMonitor_const_extract_protocols.json (in target 'EventMonitor' from project 'EventMonitor')
    cd /Users/admin/builder/spi-builder-workspace/.dependencies/checkouts/EventMonitor
    write-file /Users/admin/builder/spi-builder-workspace/.derivedData/Build/Intermediates.noindex/EventMonitor.build/Debug-watchos/EventMonitor-t.build/Objects-normal/arm64/EventMonitor_const_extract_protocols.json
WriteAuxiliaryFile /Users/admin/builder/spi-builder-workspace/.derivedData/Build/Intermediates.noindex/EventMonitor.build/Debug-watchos/EventMonitor-t.build/Objects-normal/arm64/EventMonitor.LinkFileList (in target 'EventMonitor' from project 'EventMonitor')
    cd /Users/admin/builder/spi-builder-workspace/.dependencies/checkouts/EventMonitor
    write-file /Users/admin/builder/spi-builder-workspace/.derivedData/Build/Intermediates.noindex/EventMonitor.build/Debug-watchos/EventMonitor-t.build/Objects-normal/arm64/EventMonitor.LinkFileList
WriteAuxiliaryFile /Users/admin/builder/spi-builder-workspace/.derivedData/Build/Intermediates.noindex/EventMonitor.build/Debug-watchos/EventMonitor-t.build/Objects-normal/arm64/EventMonitor-OutputFileMap.json (in target 'EventMonitor' from project 'EventMonitor')
    cd /Users/admin/builder/spi-builder-workspace/.dependencies/checkouts/EventMonitor
    write-file /Users/admin/builder/spi-builder-workspace/.derivedData/Build/Intermediates.noindex/EventMonitor.build/Debug-watchos/EventMonitor-t.build/Objects-normal/arm64/EventMonitor-OutputFileMap.json
WriteAuxiliaryFile /Users/admin/builder/spi-builder-workspace/.derivedData/Build/Intermediates.noindex/EventMonitor.build/Debug-watchos/EventMonitor-t.build/EventMonitor.modulemap (in target 'EventMonitor' from project 'EventMonitor')
    cd /Users/admin/builder/spi-builder-workspace/.dependencies/checkouts/EventMonitor
    write-file /Users/admin/builder/spi-builder-workspace/.derivedData/Build/Intermediates.noindex/EventMonitor.build/Debug-watchos/EventMonitor-t.build/EventMonitor.modulemap
WriteAuxiliaryFile /Users/admin/builder/spi-builder-workspace/.derivedData/Build/Intermediates.noindex/EventMonitor.build/Debug-watchos/EventMonitor-t.build/EventMonitor.DependencyStaticMetadataFileList (in target 'EventMonitor' from project 'EventMonitor')
    cd /Users/admin/builder/spi-builder-workspace/.dependencies/checkouts/EventMonitor
    write-file /Users/admin/builder/spi-builder-workspace/.derivedData/Build/Intermediates.noindex/EventMonitor.build/Debug-watchos/EventMonitor-t.build/EventMonitor.DependencyStaticMetadataFileList
WriteAuxiliaryFile /Users/admin/builder/spi-builder-workspace/.derivedData/Build/Intermediates.noindex/EventMonitor.build/Debug-watchos/EventMonitor-t.build/EventMonitor.DependencyMetadataFileList (in target 'EventMonitor' from project 'EventMonitor')
    cd /Users/admin/builder/spi-builder-workspace/.dependencies/checkouts/EventMonitor
    write-file /Users/admin/builder/spi-builder-workspace/.derivedData/Build/Intermediates.noindex/EventMonitor.build/Debug-watchos/EventMonitor-t.build/EventMonitor.DependencyMetadataFileList
Copy /Users/admin/builder/spi-builder-workspace/.derivedData/Build/Intermediates.noindex/GeneratedModuleMaps-watchos/EventMonitor.modulemap /Users/admin/builder/spi-builder-workspace/.derivedData/Build/Intermediates.noindex/EventMonitor.build/Debug-watchos/EventMonitor-t.build/EventMonitor.modulemap (in target 'EventMonitor' from project 'EventMonitor')
    cd /Users/admin/builder/spi-builder-workspace/.dependencies/checkouts/EventMonitor
    builtin-copy -exclude .DS_Store -exclude CVS -exclude .svn -exclude .git -exclude .hg -resolve-src-symlinks /Users/admin/builder/spi-builder-workspace/.derivedData/Build/Intermediates.noindex/EventMonitor.build/Debug-watchos/EventMonitor-t.build/EventMonitor.modulemap /Users/admin/builder/spi-builder-workspace/.derivedData/Build/Intermediates.noindex/GeneratedModuleMaps-watchos
SwiftDriver EventMonitor normal arm64 com.apple.xcode.tools.swift.compiler (in target 'EventMonitor' from project 'EventMonitor')
    cd /Users/admin/builder/spi-builder-workspace/.swiftpm/xcode
    builtin-SwiftDriver -- /Applications/Xcode-27.0.0-Release.Candidate.app/Contents/Developer/Toolchains/XcodeDefault.xctoolchain/usr/bin/swiftc -parse-as-library -module-name EventMonitor -Onone @/Users/admin/builder/spi-builder-workspace/.derivedData/Build/Intermediates.noindex/EventMonitor.build/Debug-watchos/EventMonitor-t.build/Objects-normal/arm64/EventMonitor.SwiftFileList -DSWIFT_PACKAGE -DDEBUG -DSWIFT_MODULE_RESOURCE_BUNDLE_UNAVAILABLE -DXcode -plugin-path /Applications/Xcode-27.0.0-Release.Candidate.app/Contents/Developer/Toolchains/XcodeDefault.xctoolchain/usr/lib/swift/host/plugins/testing -enable-experimental-feature DebugDescriptionMacro -sdk /Applications/Xcode-27.0.0-Release.Candidate.app/Contents/Developer/Platforms/WatchOS.platform/Developer/SDKs/WatchOS27.0.sdk -target arm64-apple-watchos9.0 -g -module-cache-path /Users/admin/builder/spi-builder-workspace/.derivedData/ModuleCache.noindex -Xfrontend -serialize-debugging-options -profile-coverage-mapping -profile-generate -enable-testing -suppress-warnings -index-store-path /Users/admin/builder/spi-builder-workspace/.derivedData/Index.noindex/DataStore -Xcc -D_LIBCPP_HARDENING_MODE\=_LIBCPP_HARDENING_MODE_DEBUG -swift-version 5 -I /Users/admin/builder/spi-builder-workspace/.derivedData/Build/Products/Debug-watchos -Isystem /Applications/Xcode-27.0.0-Release.Candidate.app/Contents/Developer/Platforms/WatchOS.platform/Developer/usr/lib -F /Users/admin/builder/spi-builder-workspace/.derivedData/Build/Products/Debug-watchos -F /Applications/Xcode-27.0.0-Release.Candidate.app/Contents/Developer/Platforms/WatchOS.platform/Developer/Library/Frameworks -F /Applications/Xcode-27.0.0-Release.Candidate.app/Contents/Developer/Platforms/WatchOS.platform/Developer/SDKs/WatchOS27.0.sdk/Developer/Library/Frameworks -c -j10 -enable-batch-mode -incremental -Xcc -ivfsstatcache -Xcc /Users/admin/builder/spi-builder-workspace/.derivedData/SDKStatCaches.noindex/watchos27.0-24R360-e829b21a6f8c9b70876ba0858053c04477534ef55a1706bf4c1112bbb242f0a2.sdkstatcache -output-file-map /Users/admin/builder/spi-builder-workspace/.derivedData/Build/Intermediates.noindex/EventMonitor.build/Debug-watchos/EventMonitor-t.build/Objects-normal/arm64/EventMonitor-OutputFileMap.json -save-temps -no-color-diagnostics -explicit-module-build -module-cache-path /Users/admin/builder/spi-builder-workspace/.derivedData/Build/Intermediates.noindex/SwiftExplicitPrecompiledModules -clang-scanner-module-cache-path /Users/admin/builder/spi-builder-workspace/.derivedData/ModuleCache.noindex -sdk-module-cache-path /Users/admin/builder/spi-builder-workspace/.derivedData/SDKExplicitPrecompiledModules -emit-dependencies -emit-module -emit-module-path /Users/admin/builder/spi-builder-workspace/.derivedData/Build/Intermediates.noindex/EventMonitor.build/Debug-watchos/EventMonitor-t.build/Objects-normal/arm64/EventMonitor.swiftmodule -serialize-diagnostics -dependency-scan-serialize-diagnostics-path /Users/admin/builder/spi-builder-workspace/.derivedData/Build/Intermediates.noindex/EventMonitor.build/Debug-watchos/EventMonitor-t.build/Objects-normal/arm64/EventMonitor-dependency-scan.dia -validate-clang-modules-once -clang-build-session-file /Users/admin/builder/spi-builder-workspace/.derivedData/ModuleCache.noindex/Session.modulevalidation -Xcc -fmodules-prune-interval\=86400 -Xcc -fmodules-prune-after\=345600 -emit-const-values -const-gather-protocols-list /Users/admin/builder/spi-builder-workspace/.derivedData/Build/Intermediates.noindex/EventMonitor.build/Debug-watchos/EventMonitor-t.build/Objects-normal/arm64/EventMonitor_const_extract_protocols.json -Xcc -I/Users/admin/builder/spi-builder-workspace/.derivedData/Build/Products/Debug-watchos/include -Xcc -I/Users/admin/builder/spi-builder-workspace/.derivedData/Build/Intermediates.noindex/EventMonitor.build/Debug-watchos/EventMonitor-t.build/DerivedSources-normal/arm64 -Xcc -I/Users/admin/builder/spi-builder-workspace/.derivedData/Build/Intermediates.noindex/EventMonitor.build/Debug-watchos/EventMonitor-t.build/DerivedSources/arm64 -Xcc -I/Users/admin/builder/spi-builder-workspace/.derivedData/Build/Intermediates.noindex/EventMonitor.build/Debug-watchos/EventMonitor-t.build/DerivedSources -Xcc -DSWIFT_PACKAGE -Xcc -DDEBUG\=1 -emit-objc-header -emit-objc-header-path /Users/admin/builder/spi-builder-workspace/.derivedData/Build/Intermediates.noindex/EventMonitor.build/Debug-watchos/EventMonitor-t.build/Objects-normal/arm64/EventMonitor-Swift.h -working-directory /Users/admin/builder/spi-builder-workspace/.swiftpm/xcode -experimental-emit-module-separately -disable-cmo
/Users/admin/builder/spi-builder-workspace/.dependencies/checkouts/EventMonitor/Sources/EventMonitor/EventMonitor.swift:1:8: error: Unable to resolve module dependency: 'Cocoa' (in target 'EventMonitor' from project 'EventMonitor')
    note: A dependency of main module 'EventMonitor'
/Users/admin/builder/spi-builder-workspace/.dependencies/checkouts/EventMonitor/Sources/EventMonitor/EventMonitor.swift:1:8: note: A dependency of main module 'EventMonitor'
import Cocoa
       ^ (in target 'EventMonitor' from project 'EventMonitor')
SwiftDriver EventMonitor normal arm64_32 com.apple.xcode.tools.swift.compiler (in target 'EventMonitor' from project 'EventMonitor')
    cd /Users/admin/builder/spi-builder-workspace/.swiftpm/xcode
    builtin-SwiftDriver -- /Applications/Xcode-27.0.0-Release.Candidate.app/Contents/Developer/Toolchains/XcodeDefault.xctoolchain/usr/bin/swiftc -parse-as-library -module-name EventMonitor -Onone @/Users/admin/builder/spi-builder-workspace/.derivedData/Build/Intermediates.noindex/EventMonitor.build/Debug-watchos/EventMonitor-t.build/Objects-normal/arm64_32/EventMonitor.SwiftFileList -DSWIFT_PACKAGE -DDEBUG -DSWIFT_MODULE_RESOURCE_BUNDLE_UNAVAILABLE -DXcode -plugin-path /Applications/Xcode-27.0.0-Release.Candidate.app/Contents/Developer/Toolchains/XcodeDefault.xctoolchain/usr/lib/swift/host/plugins/testing -enable-experimental-feature DebugDescriptionMacro -sdk /Applications/Xcode-27.0.0-Release.Candidate.app/Contents/Developer/Platforms/WatchOS.platform/Developer/SDKs/WatchOS27.0.sdk -target arm64_32-apple-watchos9.0 -g -module-cache-path /Users/admin/builder/spi-builder-workspace/.derivedData/ModuleCache.noindex -Xfrontend -serialize-debugging-options -profile-coverage-mapping -profile-generate -enable-testing -suppress-warnings -index-store-path /Users/admin/builder/spi-builder-workspace/.derivedData/Index.noindex/DataStore -Xcc -D_LIBCPP_HARDENING_MODE\=_LIBCPP_HARDENING_MODE_DEBUG -swift-version 5 -I /Users/admin/builder/spi-builder-workspace/.derivedData/Build/Products/Debug-watchos -Isystem /Applications/Xcode-27.0.0-Release.Candidate.app/Contents/Developer/Platforms/WatchOS.platform/Developer/usr/lib -F /Users/admin/builder/spi-builder-workspace/.derivedData/Build/Products/Debug-watchos -F /Applications/Xcode-27.0.0-Release.Candidate.app/Contents/Developer/Platforms/WatchOS.platform/Developer/Library/Frameworks -F /Applications/Xcode-27.0.0-Release.Candidate.app/Contents/Developer/Platforms/WatchOS.platform/Developer/SDKs/WatchOS27.0.sdk/Developer/Library/Frameworks -c -j10 -enable-batch-mode -incremental -Xcc -ivfsstatcache -Xcc /Users/admin/builder/spi-builder-workspace/.derivedData/SDKStatCaches.noindex/watchos27.0-24R360-e829b21a6f8c9b70876ba0858053c04477534ef55a1706bf4c1112bbb242f0a2.sdkstatcache -output-file-map /Users/admin/builder/spi-builder-workspace/.derivedData/Build/Intermediates.noindex/EventMonitor.build/Debug-watchos/EventMonitor-t.build/Objects-normal/arm64_32/EventMonitor-OutputFileMap.json -save-temps -no-color-diagnostics -explicit-module-build -module-cache-path /Users/admin/builder/spi-builder-workspace/.derivedData/Build/Intermediates.noindex/SwiftExplicitPrecompiledModules -clang-scanner-module-cache-path /Users/admin/builder/spi-builder-workspace/.derivedData/ModuleCache.noindex -sdk-module-cache-path /Users/admin/builder/spi-builder-workspace/.derivedData/SDKExplicitPrecompiledModules -emit-dependencies -emit-module -emit-module-path /Users/admin/builder/spi-builder-workspace/.derivedData/Build/Intermediates.noindex/EventMonitor.build/Debug-watchos/EventMonitor-t.build/Objects-normal/arm64_32/EventMonitor.swiftmodule -serialize-diagnostics -dependency-scan-serialize-diagnostics-path /Users/admin/builder/spi-builder-workspace/.derivedData/Build/Intermediates.noindex/EventMonitor.build/Debug-watchos/EventMonitor-t.build/Objects-normal/arm64_32/EventMonitor-dependency-scan.dia -validate-clang-modules-once -clang-build-session-file /Users/admin/builder/spi-builder-workspace/.derivedData/ModuleCache.noindex/Session.modulevalidation -Xcc -fmodules-prune-interval\=86400 -Xcc -fmodules-prune-after\=345600 -emit-const-values -const-gather-protocols-list /Users/admin/builder/spi-builder-workspace/.derivedData/Build/Intermediates.noindex/EventMonitor.build/Debug-watchos/EventMonitor-t.build/Objects-normal/arm64_32/EventMonitor_const_extract_protocols.json -Xcc -I/Users/admin/builder/spi-builder-workspace/.derivedData/Build/Products/Debug-watchos/include -Xcc -I/Users/admin/builder/spi-builder-workspace/.derivedData/Build/Intermediates.noindex/EventMonitor.build/Debug-watchos/EventMonitor-t.build/DerivedSources-normal/arm64_32 -Xcc -I/Users/admin/builder/spi-builder-workspace/.derivedData/Build/Intermediates.noindex/EventMonitor.build/Debug-watchos/EventMonitor-t.build/DerivedSources/arm64_32 -Xcc -I/Users/admin/builder/spi-builder-workspace/.derivedData/Build/Intermediates.noindex/EventMonitor.build/Debug-watchos/EventMonitor-t.build/DerivedSources -Xcc -DSWIFT_PACKAGE -Xcc -DDEBUG\=1 -emit-objc-header -emit-objc-header-path /Users/admin/builder/spi-builder-workspace/.derivedData/Build/Intermediates.noindex/EventMonitor.build/Debug-watchos/EventMonitor-t.build/Objects-normal/arm64_32/EventMonitor-Swift.h -working-directory /Users/admin/builder/spi-builder-workspace/.swiftpm/xcode -experimental-emit-module-separately -disable-cmo
/Users/admin/builder/spi-builder-workspace/.dependencies/checkouts/EventMonitor/Sources/EventMonitor/EventMonitor.swift:1:8: error: Unable to resolve module dependency: 'Cocoa' (in target 'EventMonitor' from project 'EventMonitor')
    note: A dependency of main module 'EventMonitor'
/Users/admin/builder/spi-builder-workspace/.dependencies/checkouts/EventMonitor/Sources/EventMonitor/EventMonitor.swift:1:8: note: A dependency of main module 'EventMonitor'
import Cocoa
       ^ (in target 'EventMonitor' from project 'EventMonitor')
PruneExplicitPrecompiledModules /Users/admin/builder/spi-builder-workspace/.derivedData/Build/Intermediates.noindex/ExplicitPrecompiledModules
PruneExplicitPrecompiledModules /Users/admin/builder/spi-builder-workspace/.derivedData/SDKExplicitPrecompiledModules
PruneExplicitPrecompiledModules /Users/admin/builder/spi-builder-workspace/.derivedData/Build/Intermediates.noindex/SwiftExplicitPrecompiledModules
2026-09-16 14:42:18.721 xcodebuild[690:4409] [MT] IDERunDestination: Supported platforms for the buildables in the current scheme is empty.
** BUILD FAILED **
The following build commands failed:
	SwiftDriver EventMonitor normal arm64 com.apple.xcode.tools.swift.compiler (in target 'EventMonitor' from project 'EventMonitor')
	SwiftDriver EventMonitor normal arm64_32 com.apple.xcode.tools.swift.compiler (in target 'EventMonitor' from project 'EventMonitor')
	Building workspace Menu with scheme Menu
(3 failures)
Command line invocation:
    /Applications/Xcode-27.0.0-Release.Candidate.app/Contents/Developer/usr/bin/xcodebuild -IDEClonedSourcePackagesDirPathOverride=/Users/admin/builder/spi-builder-workspace/.dependencies -resolvePackageDependencies
Resolve Package Graph
Resolved source packages:
  EventMonitor: https://github.com/iSapozhnik/EventMonitor @ 1.0.1
  Menu: /Users/admin/builder/spi-builder-workspace
resolved source packages: EventMonitor, Menu
2026-09-16 14:42:21.462 xcodebuild[713:4596] [MT] IDERunDestination: Supported platforms for the buildables in the current scheme is empty.
{
  "dependencies" : [
    {
      "identity" : "eventmonitor",
      "requirement" : {
        "range" : [
          {
            "lower_bound" : "1.0.1",
            "upper_bound" : "2.0.0"
          }
        ]
      },
      "type" : "sourceControl",
      "url" : "https://github.com/iSapozhnik/EventMonitor"
    }
  ],
  "manifest_display_name" : "Menu",
  "name" : "Menu",
  "path" : "/Users/admin/builder/spi-builder-workspace",
  "platforms" : [
    {
      "name" : "macos",
      "version" : "10.12"
    }
  ],
  "products" : [
    {
      "name" : "Menu",
      "targets" : [
        "Menu"
      ],
      "type" : {
        "library" : [
          "automatic"
        ]
      }
    }
  ],
  "targets" : [
    {
      "c99name" : "MenuTests",
      "module_type" : "SwiftTarget",
      "name" : "MenuTests",
      "path" : "Tests/MenuTests",
      "sources" : [
        "MenuTests.swift",
        "XCTestManifests.swift"
      ],
      "target_dependencies" : [
        "Menu"
      ],
      "type" : "test"
    },
    {
      "c99name" : "Menu",
      "module_type" : "SwiftTarget",
      "name" : "Menu",
      "path" : "Sources/Menu",
      "product_dependencies" : [
        "EventMonitor"
      ],
      "product_memberships" : [
        "Menu"
      ],
      "sources" : [
        "CheckmarkView.swift",
        "ContentViewController.swift",
        "Control.swift",
        "Extensions.swift",
        "Menu.swift",
        "MenuConfiguration.swift",
        "MenuElement.swift",
        "MenuItem.swift",
        "MenuScroller.swift",
        "RoundedRectangleView.swift",
        "ScrollView.swift",
        "VerticallyCenteredTextFieldCell.swift",
        "Window.swift"
      ],
      "type" : "library"
    }
  ],
  "tools_version" : "5.1"
}
{
  "workspace" : {
    "name" : "Menu",
    "schemes" : [
      "Menu"
    ]
  }
}
2026-09-16 14:42:22.791 xcodebuild[721:4652] [MT] IDERunDestination: Supported platforms for the buildables in the current scheme is empty.
Running build ...
env DEVELOPER_DIR=/Applications/Xcode-27.0.0-Release.Candidate.app xcrun xcodebuild -IDEClonedSourcePackagesDirPathOverride=$PWD/.dependencies -skipMacroValidation -skipPackagePluginValidation -derivedDataPath $PWD/.derivedData build -scheme Menu -destination generic/platform=watchOS
Command line invocation:
    /Applications/Xcode-27.0.0-Release.Candidate.app/Contents/Developer/usr/bin/xcodebuild -IDEClonedSourcePackagesDirPathOverride=/Users/admin/builder/spi-builder-workspace/.dependencies -skipMacroValidation -skipPackagePluginValidation -derivedDataPath /Users/admin/builder/spi-builder-workspace/.derivedData build -scheme Menu -destination generic/platform=watchOS
Resolve Package Graph
Resolved source packages:
  EventMonitor: https://github.com/iSapozhnik/EventMonitor @ 1.0.1
  Menu: /Users/admin/builder/spi-builder-workspace
ComputePackagePrebuildTargetDependencyGraph
Prepare packages
CreateBuildRequest
SendProjectDescription
CreateBuildOperation
ComputeTargetDependencyGraph
note: Building targets in dependency order
note: Target dependency graph (4 targets)
    Target 'Menu-product' in project 'Menu'
        ➜ Explicit dependency on target 'Menu' in project 'Menu'
        ➜ Explicit dependency on target 'EventMonitor-product' in project 'EventMonitor'
    Target 'Menu' in project 'Menu'
        ➜ Explicit dependency on target 'EventMonitor-product' in project 'EventMonitor'
    Target 'EventMonitor-product' in project 'EventMonitor'
        ➜ Explicit dependency on target 'EventMonitor' in project 'EventMonitor'
    Target 'EventMonitor' in project 'EventMonitor' (no dependencies)
GatherProvisioningInputs
CreateBuildDescription
ClangStatCache /Applications/Xcode-27.0.0-Release.Candidate.app/Contents/Developer/Toolchains/XcodeDefault.xctoolchain/usr/bin/clang-stat-cache /Applications/Xcode-27.0.0-Release.Candidate.app/Contents/Developer/Platforms/WatchOS.platform/Developer/SDKs/WatchOS27.0.sdk /Users/admin/builder/spi-builder-workspace/.derivedData/SDKStatCaches.noindex/watchos27.0-24R360-e829b21a6f8c9b70876ba0858053c04477534ef55a1706bf4c1112bbb242f0a2.sdkstatcache
    cd /Users/admin/builder/spi-builder-workspace/.swiftpm/xcode
    /Applications/Xcode-27.0.0-Release.Candidate.app/Contents/Developer/Toolchains/XcodeDefault.xctoolchain/usr/bin/clang-stat-cache /Applications/Xcode-27.0.0-Release.Candidate.app/Contents/Developer/Platforms/WatchOS.platform/Developer/SDKs/WatchOS27.0.sdk -o /Users/admin/builder/spi-builder-workspace/.derivedData/SDKStatCaches.noindex/watchos27.0-24R360-e829b21a6f8c9b70876ba0858053c04477534ef55a1706bf4c1112bbb242f0a2.sdkstatcache
SwiftDriver EventMonitor normal arm64_32 com.apple.xcode.tools.swift.compiler (in target 'EventMonitor' from project 'EventMonitor')
    cd /Users/admin/builder/spi-builder-workspace/.swiftpm/xcode
    builtin-SwiftDriver -- /Applications/Xcode-27.0.0-Release.Candidate.app/Contents/Developer/Toolchains/XcodeDefault.xctoolchain/usr/bin/swiftc -parse-as-library -module-name EventMonitor -Onone @/Users/admin/builder/spi-builder-workspace/.derivedData/Build/Intermediates.noindex/EventMonitor.build/Debug-watchos/EventMonitor-t.build/Objects-normal/arm64_32/EventMonitor.SwiftFileList -DSWIFT_PACKAGE -DDEBUG -DSWIFT_MODULE_RESOURCE_BUNDLE_UNAVAILABLE -DXcode -plugin-path /Applications/Xcode-27.0.0-Release.Candidate.app/Contents/Developer/Toolchains/XcodeDefault.xctoolchain/usr/lib/swift/host/plugins/testing -enable-experimental-feature DebugDescriptionMacro -sdk /Applications/Xcode-27.0.0-Release.Candidate.app/Contents/Developer/Platforms/WatchOS.platform/Developer/SDKs/WatchOS27.0.sdk -target arm64_32-apple-watchos9.0 -g -module-cache-path /Users/admin/builder/spi-builder-workspace/.derivedData/ModuleCache.noindex -Xfrontend -serialize-debugging-options -profile-coverage-mapping -profile-generate -enable-testing -suppress-warnings -index-store-path /Users/admin/builder/spi-builder-workspace/.derivedData/Index.noindex/DataStore -Xcc -D_LIBCPP_HARDENING_MODE\=_LIBCPP_HARDENING_MODE_DEBUG -swift-version 5 -I /Users/admin/builder/spi-builder-workspace/.derivedData/Build/Products/Debug-watchos -Isystem /Applications/Xcode-27.0.0-Release.Candidate.app/Contents/Developer/Platforms/WatchOS.platform/Developer/usr/lib -F /Users/admin/builder/spi-builder-workspace/.derivedData/Build/Products/Debug-watchos -F /Applications/Xcode-27.0.0-Release.Candidate.app/Contents/Developer/Platforms/WatchOS.platform/Developer/Library/Frameworks -F /Applications/Xcode-27.0.0-Release.Candidate.app/Contents/Developer/Platforms/WatchOS.platform/Developer/SDKs/WatchOS27.0.sdk/Developer/Library/Frameworks -c -j10 -enable-batch-mode -incremental -Xcc -ivfsstatcache -Xcc /Users/admin/builder/spi-builder-workspace/.derivedData/SDKStatCaches.noindex/watchos27.0-24R360-e829b21a6f8c9b70876ba0858053c04477534ef55a1706bf4c1112bbb242f0a2.sdkstatcache -output-file-map /Users/admin/builder/spi-builder-workspace/.derivedData/Build/Intermediates.noindex/EventMonitor.build/Debug-watchos/EventMonitor-t.build/Objects-normal/arm64_32/EventMonitor-OutputFileMap.json -save-temps -no-color-diagnostics -explicit-module-build -module-cache-path /Users/admin/builder/spi-builder-workspace/.derivedData/Build/Intermediates.noindex/SwiftExplicitPrecompiledModules -clang-scanner-module-cache-path /Users/admin/builder/spi-builder-workspace/.derivedData/ModuleCache.noindex -sdk-module-cache-path /Users/admin/builder/spi-builder-workspace/.derivedData/SDKExplicitPrecompiledModules -emit-dependencies -emit-module -emit-module-path /Users/admin/builder/spi-builder-workspace/.derivedData/Build/Intermediates.noindex/EventMonitor.build/Debug-watchos/EventMonitor-t.build/Objects-normal/arm64_32/EventMonitor.swiftmodule -serialize-diagnostics -dependency-scan-serialize-diagnostics-path /Users/admin/builder/spi-builder-workspace/.derivedData/Build/Intermediates.noindex/EventMonitor.build/Debug-watchos/EventMonitor-t.build/Objects-normal/arm64_32/EventMonitor-dependency-scan.dia -validate-clang-modules-once -clang-build-session-file /Users/admin/builder/spi-builder-workspace/.derivedData/ModuleCache.noindex/Session.modulevalidation -Xcc -fmodules-prune-interval\=86400 -Xcc -fmodules-prune-after\=345600 -emit-const-values -const-gather-protocols-list /Users/admin/builder/spi-builder-workspace/.derivedData/Build/Intermediates.noindex/EventMonitor.build/Debug-watchos/EventMonitor-t.build/Objects-normal/arm64_32/EventMonitor_const_extract_protocols.json -Xcc -I/Users/admin/builder/spi-builder-workspace/.derivedData/Build/Products/Debug-watchos/include -Xcc -I/Users/admin/builder/spi-builder-workspace/.derivedData/Build/Intermediates.noindex/EventMonitor.build/Debug-watchos/EventMonitor-t.build/DerivedSources-normal/arm64_32 -Xcc -I/Users/admin/builder/spi-builder-workspace/.derivedData/Build/Intermediates.noindex/EventMonitor.build/Debug-watchos/EventMonitor-t.build/DerivedSources/arm64_32 -Xcc -I/Users/admin/builder/spi-builder-workspace/.derivedData/Build/Intermediates.noindex/EventMonitor.build/Debug-watchos/EventMonitor-t.build/DerivedSources -Xcc -DSWIFT_PACKAGE -Xcc -DDEBUG\=1 -emit-objc-header -emit-objc-header-path /Users/admin/builder/spi-builder-workspace/.derivedData/Build/Intermediates.noindex/EventMonitor.build/Debug-watchos/EventMonitor-t.build/Objects-normal/arm64_32/EventMonitor-Swift.h -working-directory /Users/admin/builder/spi-builder-workspace/.swiftpm/xcode -experimental-emit-module-separately -disable-cmo
/Users/admin/builder/spi-builder-workspace/.dependencies/checkouts/EventMonitor/Sources/EventMonitor/EventMonitor.swift:1:8: error: Unable to resolve module dependency: 'Cocoa' (in target 'EventMonitor' from project 'EventMonitor')
    note: A dependency of main module 'EventMonitor'
/Users/admin/builder/spi-builder-workspace/.dependencies/checkouts/EventMonitor/Sources/EventMonitor/EventMonitor.swift:1:8: note: A dependency of main module 'EventMonitor'
import Cocoa
       ^ (in target 'EventMonitor' from project 'EventMonitor')
SwiftDriver EventMonitor normal arm64 com.apple.xcode.tools.swift.compiler (in target 'EventMonitor' from project 'EventMonitor')
    cd /Users/admin/builder/spi-builder-workspace/.swiftpm/xcode
    builtin-SwiftDriver -- /Applications/Xcode-27.0.0-Release.Candidate.app/Contents/Developer/Toolchains/XcodeDefault.xctoolchain/usr/bin/swiftc -parse-as-library -module-name EventMonitor -Onone @/Users/admin/builder/spi-builder-workspace/.derivedData/Build/Intermediates.noindex/EventMonitor.build/Debug-watchos/EventMonitor-t.build/Objects-normal/arm64/EventMonitor.SwiftFileList -DSWIFT_PACKAGE -DDEBUG -DSWIFT_MODULE_RESOURCE_BUNDLE_UNAVAILABLE -DXcode -plugin-path /Applications/Xcode-27.0.0-Release.Candidate.app/Contents/Developer/Toolchains/XcodeDefault.xctoolchain/usr/lib/swift/host/plugins/testing -enable-experimental-feature DebugDescriptionMacro -sdk /Applications/Xcode-27.0.0-Release.Candidate.app/Contents/Developer/Platforms/WatchOS.platform/Developer/SDKs/WatchOS27.0.sdk -target arm64-apple-watchos9.0 -g -module-cache-path /Users/admin/builder/spi-builder-workspace/.derivedData/ModuleCache.noindex -Xfrontend -serialize-debugging-options -profile-coverage-mapping -profile-generate -enable-testing -suppress-warnings -index-store-path /Users/admin/builder/spi-builder-workspace/.derivedData/Index.noindex/DataStore -Xcc -D_LIBCPP_HARDENING_MODE\=_LIBCPP_HARDENING_MODE_DEBUG -swift-version 5 -I /Users/admin/builder/spi-builder-workspace/.derivedData/Build/Products/Debug-watchos -Isystem /Applications/Xcode-27.0.0-Release.Candidate.app/Contents/Developer/Platforms/WatchOS.platform/Developer/usr/lib -F /Users/admin/builder/spi-builder-workspace/.derivedData/Build/Products/Debug-watchos -F /Applications/Xcode-27.0.0-Release.Candidate.app/Contents/Developer/Platforms/WatchOS.platform/Developer/Library/Frameworks -F /Applications/Xcode-27.0.0-Release.Candidate.app/Contents/Developer/Platforms/WatchOS.platform/Developer/SDKs/WatchOS27.0.sdk/Developer/Library/Frameworks -c -j10 -enable-batch-mode -incremental -Xcc -ivfsstatcache -Xcc /Users/admin/builder/spi-builder-workspace/.derivedData/SDKStatCaches.noindex/watchos27.0-24R360-e829b21a6f8c9b70876ba0858053c04477534ef55a1706bf4c1112bbb242f0a2.sdkstatcache -output-file-map /Users/admin/builder/spi-builder-workspace/.derivedData/Build/Intermediates.noindex/EventMonitor.build/Debug-watchos/EventMonitor-t.build/Objects-normal/arm64/EventMonitor-OutputFileMap.json -save-temps -no-color-diagnostics -explicit-module-build -module-cache-path /Users/admin/builder/spi-builder-workspace/.derivedData/Build/Intermediates.noindex/SwiftExplicitPrecompiledModules -clang-scanner-module-cache-path /Users/admin/builder/spi-builder-workspace/.derivedData/ModuleCache.noindex -sdk-module-cache-path /Users/admin/builder/spi-builder-workspace/.derivedData/SDKExplicitPrecompiledModules -emit-dependencies -emit-module -emit-module-path /Users/admin/builder/spi-builder-workspace/.derivedData/Build/Intermediates.noindex/EventMonitor.build/Debug-watchos/EventMonitor-t.build/Objects-normal/arm64/EventMonitor.swiftmodule -serialize-diagnostics -dependency-scan-serialize-diagnostics-path /Users/admin/builder/spi-builder-workspace/.derivedData/Build/Intermediates.noindex/EventMonitor.build/Debug-watchos/EventMonitor-t.build/Objects-normal/arm64/EventMonitor-dependency-scan.dia -validate-clang-modules-once -clang-build-session-file /Users/admin/builder/spi-builder-workspace/.derivedData/ModuleCache.noindex/Session.modulevalidation -Xcc -fmodules-prune-interval\=86400 -Xcc -fmodules-prune-after\=345600 -emit-const-values -const-gather-protocols-list /Users/admin/builder/spi-builder-workspace/.derivedData/Build/Intermediates.noindex/EventMonitor.build/Debug-watchos/EventMonitor-t.build/Objects-normal/arm64/EventMonitor_const_extract_protocols.json -Xcc -I/Users/admin/builder/spi-builder-workspace/.derivedData/Build/Products/Debug-watchos/include -Xcc -I/Users/admin/builder/spi-builder-workspace/.derivedData/Build/Intermediates.noindex/EventMonitor.build/Debug-watchos/EventMonitor-t.build/DerivedSources-normal/arm64 -Xcc -I/Users/admin/builder/spi-builder-workspace/.derivedData/Build/Intermediates.noindex/EventMonitor.build/Debug-watchos/EventMonitor-t.build/DerivedSources/arm64 -Xcc -I/Users/admin/builder/spi-builder-workspace/.derivedData/Build/Intermediates.noindex/EventMonitor.build/Debug-watchos/EventMonitor-t.build/DerivedSources -Xcc -DSWIFT_PACKAGE -Xcc -DDEBUG\=1 -emit-objc-header -emit-objc-header-path /Users/admin/builder/spi-builder-workspace/.derivedData/Build/Intermediates.noindex/EventMonitor.build/Debug-watchos/EventMonitor-t.build/Objects-normal/arm64/EventMonitor-Swift.h -working-directory /Users/admin/builder/spi-builder-workspace/.swiftpm/xcode -experimental-emit-module-separately -disable-cmo
/Users/admin/builder/spi-builder-workspace/.dependencies/checkouts/EventMonitor/Sources/EventMonitor/EventMonitor.swift:1:8: error: Unable to resolve module dependency: 'Cocoa' (in target 'EventMonitor' from project 'EventMonitor')
    note: A dependency of main module 'EventMonitor'
/Users/admin/builder/spi-builder-workspace/.dependencies/checkouts/EventMonitor/Sources/EventMonitor/EventMonitor.swift:1:8: note: A dependency of main module 'EventMonitor'
import Cocoa
       ^ (in target 'EventMonitor' from project 'EventMonitor')
PruneExplicitPrecompiledModules /Users/admin/builder/spi-builder-workspace/.derivedData/Build/Intermediates.noindex/SwiftExplicitPrecompiledModules
PruneExplicitPrecompiledModules /Users/admin/builder/spi-builder-workspace/.derivedData/SDKExplicitPrecompiledModules
PruneExplicitPrecompiledModules /Users/admin/builder/spi-builder-workspace/.derivedData/Build/Intermediates.noindex/ExplicitPrecompiledModules
2026-09-16 14:42:23.865 xcodebuild[722:4679] [MT] IDERunDestination: Supported platforms for the buildables in the current scheme is empty.
** BUILD FAILED **
The following build commands failed:
	SwiftDriver EventMonitor normal arm64_32 com.apple.xcode.tools.swift.compiler (in target 'EventMonitor' from project 'EventMonitor')
	SwiftDriver EventMonitor normal arm64 com.apple.xcode.tools.swift.compiler (in target 'EventMonitor' from project 'EventMonitor')
	Building workspace Menu with scheme Menu
(3 failures)
BUILD FAILURE 6.4 watchOS