The Swift Package Index logo.Swift Package Index

Build Information

Failed to build HParallaxHeader, reference 1.0.1 (d8f793), with Swift 6.4 for macOS (Xcode) using Xcode 27.0 on 18 Sep 2026 20:54:47 UTC.

Build Command

env DEVELOPER_DIR=/Applications/Xcode-27.0.0-Release.Candidate.app xcrun xcodebuild -IDEClonedSourcePackagesDirPathOverride=$PWD/.dependencies -skipMacroValidation -skipPackagePluginValidation -derivedDataPath $PWD/.derivedData build -scheme HParallaxHeader -destination platform=macOS,arch=arm64

Build Log

========================================
RunAll
========================================
Builder version: 5.1.0
Interrupt handler set up.
========================================
Checkout
========================================
Clone URL: https://github.com/traitanhong98/ParallaxHeader.git
Reference: 1.0.1
Initialized empty Git repository in /Users/admin/builder/spi-builder-workspace/.git/
From https://github.com/traitanhong98/ParallaxHeader
 * tag               1.0.1      -> FETCH_HEAD
HEAD is now at d8f793b - Config version
Cloned https://github.com/traitanhong98/ParallaxHeader.git
Revision (git rev-parse @):
d8f793b1fd37359752d59c82b6f7a7b0515c2658
SUCCESS checkout https://github.com/traitanhong98/ParallaxHeader.git at 1.0.1
========================================
Build
========================================
Selected platform:         macosXcodebuild
Swift version:             6.4
Building package at path:  $PWD
https://github.com/traitanhong98/ParallaxHeader.git
Command line invocation:
    /Applications/Xcode-27.0.0-Release.Candidate.app/Contents/Developer/usr/bin/xcodebuild -IDEClonedSourcePackagesDirPathOverride=/Users/admin/builder/spi-builder-workspace/.dependencies -resolvePackageDependencies
Resolve Package Graph
Resolve Package Graph
Resolved source packages:
  HParallaxHeader: /Users/admin/builder/spi-builder-workspace
resolved source packages: HParallaxHeader
2026-09-18 16:53:58.399 xcodebuild[525:2992] [MT] IDERunDestination: Supported platforms for the buildables in the current scheme is empty.
{
  "dependencies" : [
  ],
  "manifest_display_name" : "HParallaxHeader",
  "name" : "HParallaxHeader",
  "path" : "/Users/admin/builder/spi-builder-workspace",
  "platforms" : [
  ],
  "products" : [
    {
      "name" : "HParallaxHeader",
      "targets" : [
        "HParallaxHeader"
      ],
      "type" : {
        "library" : [
          "automatic"
        ]
      }
    }
  ],
  "targets" : [
    {
      "c99name" : "HParallaxHeader",
      "module_type" : "SwiftTarget",
      "name" : "HParallaxHeader",
      "path" : "Sources/HParallaxHeader",
      "product_memberships" : [
        "HParallaxHeader"
      ],
      "sources" : [
        "HParallaxHeader.swift",
        "HParallaxHeaderContainer.swift",
        "HParallaxHeaderView.swift"
      ],
      "type" : "library"
    }
  ],
  "tools_version" : "5.4"
}
{
  "workspace" : {
    "name" : "HParallaxHeader",
    "schemes" : [
      "HParallaxHeader"
    ]
  }
}
2026-09-18 16:54:38.845 xcodebuild[622:3898] [MT] IDERunDestination: Supported platforms for the buildables in the current scheme is empty.
Running build ...
env DEVELOPER_DIR=/Applications/Xcode-27.0.0-Release.Candidate.app xcrun xcodebuild -IDEClonedSourcePackagesDirPathOverride=$PWD/.dependencies -skipMacroValidation -skipPackagePluginValidation -derivedDataPath $PWD/.derivedData build -scheme HParallaxHeader -destination platform=macOS,arch=arm64
Command line invocation:
    /Applications/Xcode-27.0.0-Release.Candidate.app/Contents/Developer/usr/bin/xcodebuild -IDEClonedSourcePackagesDirPathOverride=/Users/admin/builder/spi-builder-workspace/.dependencies -skipMacroValidation -skipPackagePluginValidation -derivedDataPath /Users/admin/builder/spi-builder-workspace/.derivedData build -scheme HParallaxHeader -destination platform=macOS,arch=arm64
Resolve Package Graph
Resolved source packages:
  HParallaxHeader: /Users/admin/builder/spi-builder-workspace
ComputePackagePrebuildTargetDependencyGraph
Prepare packages
CreateBuildRequest
SendProjectDescription
CreateBuildOperation
ComputeTargetDependencyGraph
note: Building targets in dependency order
note: Target dependency graph (2 targets)
    Target 'HParallaxHeader-product' in project 'HParallaxHeader'
        ➜ Explicit dependency on target 'HParallaxHeader' in project 'HParallaxHeader'
    Target 'HParallaxHeader' in project 'HParallaxHeader' (no dependencies)
GatherProvisioningInputs
CreateBuildDescription
ExecuteExternalTool /Applications/Xcode-27.0.0-Release.Candidate.app/Contents/Developer/Toolchains/XcodeDefault.xctoolchain/usr/bin/clang -v -E -dM -isysroot /Applications/Xcode-27.0.0-Release.Candidate.app/Contents/Developer/Platforms/MacOSX.platform/Developer/SDKs/MacOSX27.0.sdk -x c -c /dev/null
ExecuteExternalTool /Applications/Xcode-27.0.0-Release.Candidate.app/Contents/Developer/Toolchains/XcodeDefault.xctoolchain/usr/bin/swiftc --version
ExecuteExternalTool /Applications/Xcode-27.0.0-Release.Candidate.app/Contents/Developer/Toolchains/XcodeDefault.xctoolchain/usr/bin/ld -version_details
Build description signature: 89a255a5a3c1e30cb04082c40799c71d
Build description path: /Users/admin/builder/spi-builder-workspace/.derivedData/Build/Intermediates.noindex/XCBuildData/89a255a5a3c1e30cb04082c40799c71d.xcbuilddata
CreateBuildDirectory /Users/admin/builder/spi-builder-workspace/.derivedData/SDKExplicitPrecompiledModules
    cd /Users/admin/builder/spi-builder-workspace/.swiftpm/xcode
    builtin-create-build-directory /Users/admin/builder/spi-builder-workspace/.derivedData/SDKExplicitPrecompiledModules
CreateBuildDirectory /Users/admin/builder/spi-builder-workspace/.derivedData/CompilationCache.noindex
    cd /Users/admin/builder/spi-builder-workspace/.swiftpm/xcode
    builtin-create-build-directory /Users/admin/builder/spi-builder-workspace/.derivedData/CompilationCache.noindex
CreateBuildDirectory /Users/admin/builder/spi-builder-workspace/.derivedData/ModuleCache.noindex
    cd /Users/admin/builder/spi-builder-workspace/.swiftpm/xcode
    builtin-create-build-directory /Users/admin/builder/spi-builder-workspace/.derivedData/ModuleCache.noindex
CreateBuildDirectory /Users/admin/builder/spi-builder-workspace/.derivedData/Build/Products
    cd /Users/admin/builder/spi-builder-workspace/.swiftpm/xcode
    builtin-create-build-directory /Users/admin/builder/spi-builder-workspace/.derivedData/Build/Products
CreateBuildDirectory /Users/admin/builder/spi-builder-workspace/.derivedData/Build/Intermediates.noindex
    cd /Users/admin/builder/spi-builder-workspace/.swiftpm/xcode
    builtin-create-build-directory /Users/admin/builder/spi-builder-workspace/.derivedData/Build/Intermediates.noindex
ClangStatCache /Applications/Xcode-27.0.0-Release.Candidate.app/Contents/Developer/Toolchains/XcodeDefault.xctoolchain/usr/bin/clang-stat-cache /Applications/Xcode-27.0.0-Release.Candidate.app/Contents/Developer/Platforms/MacOSX.platform/Developer/SDKs/MacOSX27.0.sdk /Users/admin/builder/spi-builder-workspace/.derivedData/SDKStatCaches.noindex/macosx27.0-26A425-e829b21a6f8c9b70876ba0858053c0446a22442a12e9d48fe1a705f55a1adfc4.sdkstatcache
    cd /Users/admin/builder/spi-builder-workspace/.swiftpm/xcode
    /Applications/Xcode-27.0.0-Release.Candidate.app/Contents/Developer/Toolchains/XcodeDefault.xctoolchain/usr/bin/clang-stat-cache /Applications/Xcode-27.0.0-Release.Candidate.app/Contents/Developer/Platforms/MacOSX.platform/Developer/SDKs/MacOSX27.0.sdk -o /Users/admin/builder/spi-builder-workspace/.derivedData/SDKStatCaches.noindex/macosx27.0-26A425-e829b21a6f8c9b70876ba0858053c0446a22442a12e9d48fe1a705f55a1adfc4.sdkstatcache
CreateBuildDirectory /Users/admin/builder/spi-builder-workspace/.derivedData/Build/Intermediates.noindex/SwiftExplicitPrecompiledModules
    cd /Users/admin/builder/spi-builder-workspace/.swiftpm/xcode
    builtin-create-build-directory /Users/admin/builder/spi-builder-workspace/.derivedData/Build/Intermediates.noindex/SwiftExplicitPrecompiledModules
CreateBuildDirectory /Users/admin/builder/spi-builder-workspace/.derivedData/Build/Intermediates.noindex/PrecompiledHeaders
    cd /Users/admin/builder/spi-builder-workspace/.swiftpm/xcode
    builtin-create-build-directory /Users/admin/builder/spi-builder-workspace/.derivedData/Build/Intermediates.noindex/PrecompiledHeaders
CreateBuildDirectory /Users/admin/builder/spi-builder-workspace/.derivedData/Build/Intermediates.noindex/ExplicitPrecompiledModules
    cd /Users/admin/builder/spi-builder-workspace/.swiftpm/xcode
    builtin-create-build-directory /Users/admin/builder/spi-builder-workspace/.derivedData/Build/Intermediates.noindex/ExplicitPrecompiledModules
CreateBuildDirectory /Users/admin/builder/spi-builder-workspace/.derivedData/Build/Products/Debug
    cd /Users/admin/builder/spi-builder-workspace/.swiftpm/xcode
    builtin-create-build-directory /Users/admin/builder/spi-builder-workspace/.derivedData/Build/Products/Debug
CreateBuildDirectory /Users/admin/builder/spi-builder-workspace/.derivedData/Build/Intermediates.noindex/EagerLinkingTBDs/Debug
    cd /Users/admin/builder/spi-builder-workspace/.swiftpm/xcode
    builtin-create-build-directory /Users/admin/builder/spi-builder-workspace/.derivedData/Build/Intermediates.noindex/EagerLinkingTBDs/Debug
CreateBuildDirectory /Users/admin/builder/spi-builder-workspace/.derivedData/Build/Products/Debug/PackageFrameworks
    cd /Users/admin/builder/spi-builder-workspace/.swiftpm/xcode
    builtin-create-build-directory /Users/admin/builder/spi-builder-workspace/.derivedData/Build/Products/Debug/PackageFrameworks
WriteAuxiliaryFile /Users/admin/builder/spi-builder-workspace/.derivedData/Build/Intermediates.noindex/HParallaxHeader.build/Debug/HParallaxHeader-t.build/HParallaxHeader.DependencyMetadataFileList (in target 'HParallaxHeader' from project 'HParallaxHeader')
    cd /Users/admin/builder/spi-builder-workspace
    write-file /Users/admin/builder/spi-builder-workspace/.derivedData/Build/Intermediates.noindex/HParallaxHeader.build/Debug/HParallaxHeader-t.build/HParallaxHeader.DependencyMetadataFileList
WriteAuxiliaryFile /Users/admin/builder/spi-builder-workspace/.derivedData/Build/Intermediates.noindex/HParallaxHeader.build/Debug/HParallaxHeader-t.build/HParallaxHeader.modulemap (in target 'HParallaxHeader' from project 'HParallaxHeader')
    cd /Users/admin/builder/spi-builder-workspace
    write-file /Users/admin/builder/spi-builder-workspace/.derivedData/Build/Intermediates.noindex/HParallaxHeader.build/Debug/HParallaxHeader-t.build/HParallaxHeader.modulemap
WriteAuxiliaryFile /Users/admin/builder/spi-builder-workspace/.derivedData/Build/Intermediates.noindex/HParallaxHeader.build/Debug/HParallaxHeader-t.build/HParallaxHeader.DependencyStaticMetadataFileList (in target 'HParallaxHeader' from project 'HParallaxHeader')
    cd /Users/admin/builder/spi-builder-workspace
    write-file /Users/admin/builder/spi-builder-workspace/.derivedData/Build/Intermediates.noindex/HParallaxHeader.build/Debug/HParallaxHeader-t.build/HParallaxHeader.DependencyStaticMetadataFileList
WriteAuxiliaryFile /Users/admin/builder/spi-builder-workspace/.derivedData/Build/Intermediates.noindex/HParallaxHeader.build/Debug/HParallaxHeader-t.build/Objects-normal/arm64/HParallaxHeader_const_extract_protocols.json (in target 'HParallaxHeader' from project 'HParallaxHeader')
    cd /Users/admin/builder/spi-builder-workspace
    write-file /Users/admin/builder/spi-builder-workspace/.derivedData/Build/Intermediates.noindex/HParallaxHeader.build/Debug/HParallaxHeader-t.build/Objects-normal/arm64/HParallaxHeader_const_extract_protocols.json
WriteAuxiliaryFile /Users/admin/builder/spi-builder-workspace/.derivedData/Build/Intermediates.noindex/HParallaxHeader.build/Debug/HParallaxHeader-t.build/Objects-normal/arm64/HParallaxHeader.SwiftConstValuesFileList (in target 'HParallaxHeader' from project 'HParallaxHeader')
    cd /Users/admin/builder/spi-builder-workspace
    write-file /Users/admin/builder/spi-builder-workspace/.derivedData/Build/Intermediates.noindex/HParallaxHeader.build/Debug/HParallaxHeader-t.build/Objects-normal/arm64/HParallaxHeader.SwiftConstValuesFileList
WriteAuxiliaryFile /Users/admin/builder/spi-builder-workspace/.derivedData/Build/Intermediates.noindex/HParallaxHeader.build/Debug/HParallaxHeader-t.build/Objects-normal/arm64/HParallaxHeader.SwiftFileList (in target 'HParallaxHeader' from project 'HParallaxHeader')
    cd /Users/admin/builder/spi-builder-workspace
    write-file /Users/admin/builder/spi-builder-workspace/.derivedData/Build/Intermediates.noindex/HParallaxHeader.build/Debug/HParallaxHeader-t.build/Objects-normal/arm64/HParallaxHeader.SwiftFileList
WriteAuxiliaryFile /Users/admin/builder/spi-builder-workspace/.derivedData/Build/Intermediates.noindex/HParallaxHeader.build/Debug/HParallaxHeader-t.build/Objects-normal/arm64/HParallaxHeader-OutputFileMap.json (in target 'HParallaxHeader' from project 'HParallaxHeader')
    cd /Users/admin/builder/spi-builder-workspace
    write-file /Users/admin/builder/spi-builder-workspace/.derivedData/Build/Intermediates.noindex/HParallaxHeader.build/Debug/HParallaxHeader-t.build/Objects-normal/arm64/HParallaxHeader-OutputFileMap.json
WriteAuxiliaryFile /Users/admin/builder/spi-builder-workspace/.derivedData/Build/Intermediates.noindex/HParallaxHeader.build/Debug/HParallaxHeader-t.build/Objects-normal/arm64/HParallaxHeader.LinkFileList (in target 'HParallaxHeader' from project 'HParallaxHeader')
    cd /Users/admin/builder/spi-builder-workspace
    write-file /Users/admin/builder/spi-builder-workspace/.derivedData/Build/Intermediates.noindex/HParallaxHeader.build/Debug/HParallaxHeader-t.build/Objects-normal/arm64/HParallaxHeader.LinkFileList
Copy /Users/admin/builder/spi-builder-workspace/.derivedData/Build/Intermediates.noindex/GeneratedModuleMaps/HParallaxHeader.modulemap /Users/admin/builder/spi-builder-workspace/.derivedData/Build/Intermediates.noindex/HParallaxHeader.build/Debug/HParallaxHeader-t.build/HParallaxHeader.modulemap (in target 'HParallaxHeader' from project 'HParallaxHeader')
    cd /Users/admin/builder/spi-builder-workspace
    builtin-copy -exclude .DS_Store -exclude CVS -exclude .svn -exclude .git -exclude .hg -resolve-src-symlinks /Users/admin/builder/spi-builder-workspace/.derivedData/Build/Intermediates.noindex/HParallaxHeader.build/Debug/HParallaxHeader-t.build/HParallaxHeader.modulemap /Users/admin/builder/spi-builder-workspace/.derivedData/Build/Intermediates.noindex/GeneratedModuleMaps
SwiftDriver HParallaxHeader normal arm64 com.apple.xcode.tools.swift.compiler (in target 'HParallaxHeader' from project 'HParallaxHeader')
    cd /Users/admin/builder/spi-builder-workspace/.swiftpm/xcode
    builtin-SwiftDriver -- /Applications/Xcode-27.0.0-Release.Candidate.app/Contents/Developer/Toolchains/XcodeDefault.xctoolchain/usr/bin/swiftc -parse-as-library -module-name HParallaxHeader -Onone @/Users/admin/builder/spi-builder-workspace/.derivedData/Build/Intermediates.noindex/HParallaxHeader.build/Debug/HParallaxHeader-t.build/Objects-normal/arm64/HParallaxHeader.SwiftFileList -DSWIFT_PACKAGE -DDEBUG -DSWIFT_MODULE_RESOURCE_BUNDLE_UNAVAILABLE -DXcode -plugin-path /Applications/Xcode-27.0.0-Release.Candidate.app/Contents/Developer/Toolchains/XcodeDefault.xctoolchain/usr/lib/swift/host/plugins/testing -enable-experimental-feature DebugDescriptionMacro -sdk /Applications/Xcode-27.0.0-Release.Candidate.app/Contents/Developer/Platforms/MacOSX.platform/Developer/SDKs/MacOSX27.0.sdk -target arm64-apple-macos12.0 -g -module-cache-path /Users/admin/builder/spi-builder-workspace/.derivedData/ModuleCache.noindex -Xfrontend -serialize-debugging-options -enable-testing -index-store-path /Users/admin/builder/spi-builder-workspace/.derivedData/Index.noindex/DataStore -Xcc -D_LIBCPP_HARDENING_MODE\=_LIBCPP_HARDENING_MODE_DEBUG -swift-version 5 -I /Users/admin/builder/spi-builder-workspace/.derivedData/Build/Products/Debug -Isystem /Applications/Xcode-27.0.0-Release.Candidate.app/Contents/Developer/Platforms/MacOSX.platform/Developer/usr/lib -F /Users/admin/builder/spi-builder-workspace/.derivedData/Build/Products/Debug -F /Applications/Xcode-27.0.0-Release.Candidate.app/Contents/Developer/Platforms/MacOSX.platform/Developer/Library/Frameworks -c -j10 -enable-batch-mode -incremental -Xcc -ivfsstatcache -Xcc /Users/admin/builder/spi-builder-workspace/.derivedData/SDKStatCaches.noindex/macosx27.0-26A425-e829b21a6f8c9b70876ba0858053c0446a22442a12e9d48fe1a705f55a1adfc4.sdkstatcache -output-file-map /Users/admin/builder/spi-builder-workspace/.derivedData/Build/Intermediates.noindex/HParallaxHeader.build/Debug/HParallaxHeader-t.build/Objects-normal/arm64/HParallaxHeader-OutputFileMap.json -save-temps -no-color-diagnostics -explicit-module-build -module-cache-path /Users/admin/builder/spi-builder-workspace/.derivedData/Build/Intermediates.noindex/SwiftExplicitPrecompiledModules -clang-scanner-module-cache-path /Users/admin/builder/spi-builder-workspace/.derivedData/ModuleCache.noindex -sdk-module-cache-path /Users/admin/builder/spi-builder-workspace/.derivedData/SDKExplicitPrecompiledModules -emit-dependencies -emit-module -emit-module-path /Users/admin/builder/spi-builder-workspace/.derivedData/Build/Intermediates.noindex/HParallaxHeader.build/Debug/HParallaxHeader-t.build/Objects-normal/arm64/HParallaxHeader.swiftmodule -serialize-diagnostics -dependency-scan-serialize-diagnostics-path /Users/admin/builder/spi-builder-workspace/.derivedData/Build/Intermediates.noindex/HParallaxHeader.build/Debug/HParallaxHeader-t.build/Objects-normal/arm64/HParallaxHeader-dependency-scan.dia -validate-clang-modules-once -clang-build-session-file /Users/admin/builder/spi-builder-workspace/.derivedData/ModuleCache.noindex/Session.modulevalidation -Xcc -fmodules-prune-interval\=86400 -Xcc -fmodules-prune-after\=345600 -emit-const-values -const-gather-protocols-list /Users/admin/builder/spi-builder-workspace/.derivedData/Build/Intermediates.noindex/HParallaxHeader.build/Debug/HParallaxHeader-t.build/Objects-normal/arm64/HParallaxHeader_const_extract_protocols.json -Xcc -I/Users/admin/builder/spi-builder-workspace/.derivedData/Build/Products/Debug/include -Xcc -I/Users/admin/builder/spi-builder-workspace/.derivedData/Build/Intermediates.noindex/HParallaxHeader.build/Debug/HParallaxHeader-t.build/DerivedSources-normal/arm64 -Xcc -I/Users/admin/builder/spi-builder-workspace/.derivedData/Build/Intermediates.noindex/HParallaxHeader.build/Debug/HParallaxHeader-t.build/DerivedSources/arm64 -Xcc -I/Users/admin/builder/spi-builder-workspace/.derivedData/Build/Intermediates.noindex/HParallaxHeader.build/Debug/HParallaxHeader-t.build/DerivedSources -Xcc -DSWIFT_PACKAGE -Xcc -DDEBUG\=1 -emit-objc-header -emit-objc-header-path /Users/admin/builder/spi-builder-workspace/.derivedData/Build/Intermediates.noindex/HParallaxHeader.build/Debug/HParallaxHeader-t.build/Objects-normal/arm64/HParallaxHeader-Swift.h -working-directory /Users/admin/builder/spi-builder-workspace/.swiftpm/xcode -experimental-emit-module-separately -disable-cmo
/Users/admin/builder/spi-builder-workspace/Sources/HParallaxHeader/HParallaxHeaderContainer.swift:8:8: error: Unable to resolve module dependency: 'UIKit' (in target 'HParallaxHeader' from project 'HParallaxHeader')
    note: A dependency of main module 'HParallaxHeader'
    /Users/admin/builder/spi-builder-workspace/Sources/HParallaxHeader/HParallaxHeaderView.swift:8:8: note: Also imported here
/Users/admin/builder/spi-builder-workspace/Sources/HParallaxHeader/HParallaxHeaderContainer.swift:8:8: note: A dependency of main module 'HParallaxHeader'
import UIKit
       ^ (in target 'HParallaxHeader' from project 'HParallaxHeader')
/Users/admin/builder/spi-builder-workspace/Sources/HParallaxHeader/HParallaxHeaderView.swift:8:8: note: Also imported here
import UIKit
       ^ (in target 'HParallaxHeader' from project 'HParallaxHeader')
PruneExplicitPrecompiledModules /Users/admin/builder/spi-builder-workspace/.derivedData/Build/Intermediates.noindex/ExplicitPrecompiledModules
PruneExplicitPrecompiledModules /Users/admin/builder/spi-builder-workspace/.derivedData/Build/Intermediates.noindex/SwiftExplicitPrecompiledModules
PruneExplicitPrecompiledModules /Users/admin/builder/spi-builder-workspace/.derivedData/SDKExplicitPrecompiledModules
2026-09-18 16:54:40.537 xcodebuild[624:3974] [MT] IDERunDestination: Supported platforms for the buildables in the current scheme is empty.
--- xcodebuild: WARNING: Using the first of multiple matching destinations:
{ platform:macOS, arch:arm64, id:bc11db5a057c8d7eef7c4c1ad73366b3fae567d3, name:My Mac }
{ platform:macOS, arch:arm64, variant:Mac Catalyst, id:bc11db5a057c8d7eef7c4c1ad73366b3fae567d3, name:My Mac }
{ platform:macOS, arch:arm64, variant:DriverKit, id:bc11db5a057c8d7eef7c4c1ad73366b3fae567d3, name:My Mac }
{ platform:macOS, arch:arm64, variant:Designed for [iPad,iPhone], id:bc11db5a057c8d7eef7c4c1ad73366b3fae567d3, name:My Mac }
** BUILD FAILED **
The following build commands failed:
	SwiftDriver HParallaxHeader normal arm64 com.apple.xcode.tools.swift.compiler (in target 'HParallaxHeader' from project 'HParallaxHeader')
	Building workspace HParallaxHeader with scheme HParallaxHeader
(2 failures)
Command line invocation:
    /Applications/Xcode-27.0.0-Release.Candidate.app/Contents/Developer/usr/bin/xcodebuild -IDEClonedSourcePackagesDirPathOverride=/Users/admin/builder/spi-builder-workspace/.dependencies -resolvePackageDependencies
Resolve Package Graph
Resolved source packages:
  HParallaxHeader: /Users/admin/builder/spi-builder-workspace
resolved source packages: HParallaxHeader
2026-09-18 16:54:44.841 xcodebuild[666:4286] [MT] IDERunDestination: Supported platforms for the buildables in the current scheme is empty.
{
  "dependencies" : [
  ],
  "manifest_display_name" : "HParallaxHeader",
  "name" : "HParallaxHeader",
  "path" : "/Users/admin/builder/spi-builder-workspace",
  "platforms" : [
  ],
  "products" : [
    {
      "name" : "HParallaxHeader",
      "targets" : [
        "HParallaxHeader"
      ],
      "type" : {
        "library" : [
          "automatic"
        ]
      }
    }
  ],
  "targets" : [
    {
      "c99name" : "HParallaxHeader",
      "module_type" : "SwiftTarget",
      "name" : "HParallaxHeader",
      "path" : "Sources/HParallaxHeader",
      "product_memberships" : [
        "HParallaxHeader"
      ],
      "sources" : [
        "HParallaxHeader.swift",
        "HParallaxHeaderContainer.swift",
        "HParallaxHeaderView.swift"
      ],
      "type" : "library"
    }
  ],
  "tools_version" : "5.4"
}
{
  "workspace" : {
    "name" : "HParallaxHeader",
    "schemes" : [
      "HParallaxHeader"
    ]
  }
}
2026-09-18 16:54:46.047 xcodebuild[674:4347] [MT] IDERunDestination: Supported platforms for the buildables in the current scheme is empty.
Running build ...
env DEVELOPER_DIR=/Applications/Xcode-27.0.0-Release.Candidate.app xcrun xcodebuild -IDEClonedSourcePackagesDirPathOverride=$PWD/.dependencies -skipMacroValidation -skipPackagePluginValidation -derivedDataPath $PWD/.derivedData build -scheme HParallaxHeader -destination platform=macOS,arch=arm64
Command line invocation:
    /Applications/Xcode-27.0.0-Release.Candidate.app/Contents/Developer/usr/bin/xcodebuild -IDEClonedSourcePackagesDirPathOverride=/Users/admin/builder/spi-builder-workspace/.dependencies -skipMacroValidation -skipPackagePluginValidation -derivedDataPath /Users/admin/builder/spi-builder-workspace/.derivedData build -scheme HParallaxHeader -destination platform=macOS,arch=arm64
Resolve Package Graph
Resolved source packages:
  HParallaxHeader: /Users/admin/builder/spi-builder-workspace
ComputePackagePrebuildTargetDependencyGraph
Prepare packages
CreateBuildRequest
SendProjectDescription
CreateBuildOperation
ComputeTargetDependencyGraph
note: Building targets in dependency order
note: Target dependency graph (2 targets)
    Target 'HParallaxHeader-product' in project 'HParallaxHeader'
        ➜ Explicit dependency on target 'HParallaxHeader' in project 'HParallaxHeader'
    Target 'HParallaxHeader' in project 'HParallaxHeader' (no dependencies)
GatherProvisioningInputs
CreateBuildDescription
ClangStatCache /Applications/Xcode-27.0.0-Release.Candidate.app/Contents/Developer/Toolchains/XcodeDefault.xctoolchain/usr/bin/clang-stat-cache /Applications/Xcode-27.0.0-Release.Candidate.app/Contents/Developer/Platforms/MacOSX.platform/Developer/SDKs/MacOSX27.0.sdk /Users/admin/builder/spi-builder-workspace/.derivedData/SDKStatCaches.noindex/macosx27.0-26A425-e829b21a6f8c9b70876ba0858053c0446a22442a12e9d48fe1a705f55a1adfc4.sdkstatcache
    cd /Users/admin/builder/spi-builder-workspace/.swiftpm/xcode
    /Applications/Xcode-27.0.0-Release.Candidate.app/Contents/Developer/Toolchains/XcodeDefault.xctoolchain/usr/bin/clang-stat-cache /Applications/Xcode-27.0.0-Release.Candidate.app/Contents/Developer/Platforms/MacOSX.platform/Developer/SDKs/MacOSX27.0.sdk -o /Users/admin/builder/spi-builder-workspace/.derivedData/SDKStatCaches.noindex/macosx27.0-26A425-e829b21a6f8c9b70876ba0858053c0446a22442a12e9d48fe1a705f55a1adfc4.sdkstatcache
SwiftDriver HParallaxHeader normal arm64 com.apple.xcode.tools.swift.compiler (in target 'HParallaxHeader' from project 'HParallaxHeader')
    cd /Users/admin/builder/spi-builder-workspace/.swiftpm/xcode
    builtin-SwiftDriver -- /Applications/Xcode-27.0.0-Release.Candidate.app/Contents/Developer/Toolchains/XcodeDefault.xctoolchain/usr/bin/swiftc -parse-as-library -module-name HParallaxHeader -Onone @/Users/admin/builder/spi-builder-workspace/.derivedData/Build/Intermediates.noindex/HParallaxHeader.build/Debug/HParallaxHeader-t.build/Objects-normal/arm64/HParallaxHeader.SwiftFileList -DSWIFT_PACKAGE -DDEBUG -DSWIFT_MODULE_RESOURCE_BUNDLE_UNAVAILABLE -DXcode -plugin-path /Applications/Xcode-27.0.0-Release.Candidate.app/Contents/Developer/Toolchains/XcodeDefault.xctoolchain/usr/lib/swift/host/plugins/testing -enable-experimental-feature DebugDescriptionMacro -sdk /Applications/Xcode-27.0.0-Release.Candidate.app/Contents/Developer/Platforms/MacOSX.platform/Developer/SDKs/MacOSX27.0.sdk -target arm64-apple-macos12.0 -g -module-cache-path /Users/admin/builder/spi-builder-workspace/.derivedData/ModuleCache.noindex -Xfrontend -serialize-debugging-options -enable-testing -index-store-path /Users/admin/builder/spi-builder-workspace/.derivedData/Index.noindex/DataStore -Xcc -D_LIBCPP_HARDENING_MODE\=_LIBCPP_HARDENING_MODE_DEBUG -swift-version 5 -I /Users/admin/builder/spi-builder-workspace/.derivedData/Build/Products/Debug -Isystem /Applications/Xcode-27.0.0-Release.Candidate.app/Contents/Developer/Platforms/MacOSX.platform/Developer/usr/lib -F /Users/admin/builder/spi-builder-workspace/.derivedData/Build/Products/Debug -F /Applications/Xcode-27.0.0-Release.Candidate.app/Contents/Developer/Platforms/MacOSX.platform/Developer/Library/Frameworks -c -j10 -enable-batch-mode -incremental -Xcc -ivfsstatcache -Xcc /Users/admin/builder/spi-builder-workspace/.derivedData/SDKStatCaches.noindex/macosx27.0-26A425-e829b21a6f8c9b70876ba0858053c0446a22442a12e9d48fe1a705f55a1adfc4.sdkstatcache -output-file-map /Users/admin/builder/spi-builder-workspace/.derivedData/Build/Intermediates.noindex/HParallaxHeader.build/Debug/HParallaxHeader-t.build/Objects-normal/arm64/HParallaxHeader-OutputFileMap.json -save-temps -no-color-diagnostics -explicit-module-build -module-cache-path /Users/admin/builder/spi-builder-workspace/.derivedData/Build/Intermediates.noindex/SwiftExplicitPrecompiledModules -clang-scanner-module-cache-path /Users/admin/builder/spi-builder-workspace/.derivedData/ModuleCache.noindex -sdk-module-cache-path /Users/admin/builder/spi-builder-workspace/.derivedData/SDKExplicitPrecompiledModules -emit-dependencies -emit-module -emit-module-path /Users/admin/builder/spi-builder-workspace/.derivedData/Build/Intermediates.noindex/HParallaxHeader.build/Debug/HParallaxHeader-t.build/Objects-normal/arm64/HParallaxHeader.swiftmodule -serialize-diagnostics -dependency-scan-serialize-diagnostics-path /Users/admin/builder/spi-builder-workspace/.derivedData/Build/Intermediates.noindex/HParallaxHeader.build/Debug/HParallaxHeader-t.build/Objects-normal/arm64/HParallaxHeader-dependency-scan.dia -validate-clang-modules-once -clang-build-session-file /Users/admin/builder/spi-builder-workspace/.derivedData/ModuleCache.noindex/Session.modulevalidation -Xcc -fmodules-prune-interval\=86400 -Xcc -fmodules-prune-after\=345600 -emit-const-values -const-gather-protocols-list /Users/admin/builder/spi-builder-workspace/.derivedData/Build/Intermediates.noindex/HParallaxHeader.build/Debug/HParallaxHeader-t.build/Objects-normal/arm64/HParallaxHeader_const_extract_protocols.json -Xcc -I/Users/admin/builder/spi-builder-workspace/.derivedData/Build/Products/Debug/include -Xcc -I/Users/admin/builder/spi-builder-workspace/.derivedData/Build/Intermediates.noindex/HParallaxHeader.build/Debug/HParallaxHeader-t.build/DerivedSources-normal/arm64 -Xcc -I/Users/admin/builder/spi-builder-workspace/.derivedData/Build/Intermediates.noindex/HParallaxHeader.build/Debug/HParallaxHeader-t.build/DerivedSources/arm64 -Xcc -I/Users/admin/builder/spi-builder-workspace/.derivedData/Build/Intermediates.noindex/HParallaxHeader.build/Debug/HParallaxHeader-t.build/DerivedSources -Xcc -DSWIFT_PACKAGE -Xcc -DDEBUG\=1 -emit-objc-header -emit-objc-header-path /Users/admin/builder/spi-builder-workspace/.derivedData/Build/Intermediates.noindex/HParallaxHeader.build/Debug/HParallaxHeader-t.build/Objects-normal/arm64/HParallaxHeader-Swift.h -working-directory /Users/admin/builder/spi-builder-workspace/.swiftpm/xcode -experimental-emit-module-separately -disable-cmo
/Users/admin/builder/spi-builder-workspace/Sources/HParallaxHeader/HParallaxHeaderContainer.swift:8:8: error: Unable to resolve module dependency: 'UIKit' (in target 'HParallaxHeader' from project 'HParallaxHeader')
    note: A dependency of main module 'HParallaxHeader'
    /Users/admin/builder/spi-builder-workspace/Sources/HParallaxHeader/HParallaxHeaderView.swift:8:8: note: Also imported here
/Users/admin/builder/spi-builder-workspace/Sources/HParallaxHeader/HParallaxHeaderContainer.swift:8:8: note: A dependency of main module 'HParallaxHeader'
import UIKit
       ^ (in target 'HParallaxHeader' from project 'HParallaxHeader')
/Users/admin/builder/spi-builder-workspace/Sources/HParallaxHeader/HParallaxHeaderView.swift:8:8: note: Also imported here
import UIKit
       ^ (in target 'HParallaxHeader' from project 'HParallaxHeader')
PruneExplicitPrecompiledModules /Users/admin/builder/spi-builder-workspace/.derivedData/Build/Intermediates.noindex/ExplicitPrecompiledModules
PruneExplicitPrecompiledModules /Users/admin/builder/spi-builder-workspace/.derivedData/Build/Intermediates.noindex/SwiftExplicitPrecompiledModules
PruneExplicitPrecompiledModules /Users/admin/builder/spi-builder-workspace/.derivedData/SDKExplicitPrecompiledModules
2026-09-18 16:54:47.006 xcodebuild[675:4371] [MT] IDERunDestination: Supported platforms for the buildables in the current scheme is empty.
--- xcodebuild: WARNING: Using the first of multiple matching destinations:
{ platform:macOS, arch:arm64, id:bc11db5a057c8d7eef7c4c1ad73366b3fae567d3, name:My Mac }
{ platform:macOS, arch:arm64, variant:Mac Catalyst, id:bc11db5a057c8d7eef7c4c1ad73366b3fae567d3, name:My Mac }
{ platform:macOS, arch:arm64, variant:DriverKit, id:bc11db5a057c8d7eef7c4c1ad73366b3fae567d3, name:My Mac }
{ platform:macOS, arch:arm64, variant:Designed for [iPad,iPhone], id:bc11db5a057c8d7eef7c4c1ad73366b3fae567d3, name:My Mac }
** BUILD FAILED **
The following build commands failed:
	SwiftDriver HParallaxHeader normal arm64 com.apple.xcode.tools.swift.compiler (in target 'HParallaxHeader' from project 'HParallaxHeader')
	Building workspace HParallaxHeader with scheme HParallaxHeader
(2 failures)
BUILD FAILURE 6.4 macosXcodebuild