The Swift Package Index logo.Swift Package Index

Build Information

Failed to build GoogleCloudVideoAIV1, reference 0.5.0 (0efddd), with Swift 6.2 for Android on 11 Oct 2026 20:55:41 UTC.

Build Command

bash -c docker run --pull=always --rm -v "checkouts-54344845-3":/host -w "$PWD" -e JAVA_HOME="/root/.sdkman/candidates/java/current" -e SPI_BUILD="1" -e SPI_PROCESSING="1" registry.gitlab.com/saguaro1/spi-images:android-6.2-latest swift build --swift-sdk aarch64-unknown-linux-android28 2>&1

Build Log

========================================
RunAll
========================================
Builder version: 5.1.1
Interrupt handler set up.
========================================
Checkout
========================================
Clone URL: https://github.com/googleapis/swift-google-cloud-visionai-v1.git
Reference: 0.5.0
Initialized empty Git repository in /host/spi-builder-workspace/.git/
hint: Using 'master' as the name for the initial branch. This default branch name
hint: is subject to change. To configure the initial branch name to use in all
hint: of your new repositories, which will suppress this warning, call:
hint:
hint: 	git config --global init.defaultBranch <name>
hint:
hint: Names commonly chosen instead of 'master' are 'main', 'trunk' and
hint: 'development'. The just-created branch can be renamed via this command:
hint:
hint: 	git branch -m <name>
From https://github.com/googleapis/swift-google-cloud-visionai-v1
 * tag               0.5.0      -> FETCH_HEAD
HEAD is now at 0efddd2 chore: release circa 2026-10-07 (#1382)
Cloned https://github.com/googleapis/swift-google-cloud-visionai-v1.git
Revision (git rev-parse @):
0efddd20ef764ea4058d803b41906505ad37ff39
SPI manifest file found: $PWD/.spi.yml
SUCCESS checkout https://github.com/googleapis/swift-google-cloud-visionai-v1.git at 0.5.0
========================================
Build
========================================
Selected platform:         android
Swift version:             6.2
Building package at path:  $PWD
https://github.com/googleapis/swift-google-cloud-visionai-v1.git
Running build ...
bash -c docker run --pull=always --rm -v "checkouts-54344845-3":/host -w "$PWD" -e JAVA_HOME="/root/.sdkman/candidates/java/current" -e SPI_BUILD="1" -e SPI_PROCESSING="1" registry.gitlab.com/saguaro1/spi-images:android-6.2-latest swift build --swift-sdk aarch64-unknown-linux-android28 2>&1
android-6.2-latest: Pulling from saguaro1/spi-images
Digest: sha256:a839c9ce201f1dacc8eb056626ec7ab0a1c6d53d7b77c83feda395f4507c51be
Status: Image is up to date for registry.gitlab.com/saguaro1/spi-images:android-6.2-latest
Fetching https://github.com/googleapis/swift-google-longrunning
Fetching https://github.com/googleapis/swift-google-type
Fetching https://github.com/googleapis/swift-google-rpc
Fetching https://github.com/apple/swift-log
Fetching https://github.com/googleapis/swift-google-wkt
Fetching https://github.com/googleapis/swift-google-gax
[1/422] Fetching swift-google-rpc
[99/859] Fetching swift-google-rpc, swift-google-type
[191/9116] Fetching swift-google-rpc, swift-google-type, swift-log
[213/9735] Fetching swift-google-rpc, swift-google-type, swift-log, swift-google-longrunning
[282/10758] Fetching swift-google-rpc, swift-google-type, swift-log, swift-google-longrunning, swift-google-wkt
[679/12506] Fetching swift-google-rpc, swift-google-type, swift-log, swift-google-longrunning, swift-google-wkt, swift-google-gax
Fetched https://github.com/googleapis/swift-google-longrunning from cache (0.40s)
[5296/11887] Fetching swift-google-rpc, swift-google-type, swift-log, swift-google-wkt, swift-google-gax
Fetching https://github.com/googleapis/swift-google-cloud-location
Fetched https://github.com/googleapis/swift-google-gax from cache (0.51s)
Fetched https://github.com/googleapis/swift-google-rpc from cache (0.51s)
Fetched https://github.com/googleapis/swift-google-type from cache (0.51s)
Fetched https://github.com/googleapis/swift-google-wkt from cache (0.51s)
Fetched https://github.com/apple/swift-log from cache (0.51s)
Fetching https://github.com/googleapis/swift-google-auth
[1/552] Fetching swift-google-cloud-location
Fetched https://github.com/googleapis/swift-google-cloud-location from cache (0.38s)
[1/1023] Fetching swift-google-auth
Fetched https://github.com/googleapis/swift-google-auth from cache (0.46s)
Computing version for https://github.com/googleapis/swift-google-wkt
Computed https://github.com/googleapis/swift-google-wkt at 0.5.0 (1.13s)
Fetching https://github.com/swift-extras/swift-extras-base64
[1/954] Fetching swift-extras-base64
Fetched https://github.com/swift-extras/swift-extras-base64 from cache (0.36s)
Computing version for https://github.com/googleapis/swift-google-type
Computed https://github.com/googleapis/swift-google-type at 0.5.0 (0.55s)
Computing version for https://github.com/googleapis/swift-google-rpc
Computed https://github.com/googleapis/swift-google-rpc at 0.5.0 (0.17s)
Computing version for https://github.com/googleapis/swift-google-longrunning
Computed https://github.com/googleapis/swift-google-longrunning at 0.5.0 (0.17s)
Computing version for https://github.com/googleapis/swift-google-gax
Computed https://github.com/googleapis/swift-google-gax at 0.5.0 (0.17s)
Fetching https://github.com/swift-server/async-http-client.git
Fetching https://github.com/apple/swift-nio
[1/16464] Fetching async-http-client
[16465/102838] Fetching async-http-client, swift-nio
Fetched https://github.com/swift-server/async-http-client.git from cache (3.81s)
Fetched https://github.com/apple/swift-nio from cache (3.85s)
Computing version for https://github.com/googleapis/swift-google-cloud-location
Computed https://github.com/googleapis/swift-google-cloud-location at 0.5.0 (4.12s)
Computing version for https://github.com/googleapis/swift-google-auth
Computed https://github.com/googleapis/swift-google-auth at 0.5.0 (0.27s)
Fetching https://github.com/apple/swift-system.git
[1/7241] Fetching swift-system
Fetched https://github.com/apple/swift-system.git from cache (0.75s)
Fetching https://github.com/vapor/jwt-kit.git
[1/10254] Fetching jwt-kit
Fetched https://github.com/vapor/jwt-kit.git from cache (1.04s)
Computing version for https://github.com/swift-extras/swift-extras-base64
Computed https://github.com/swift-extras/swift-extras-base64 at 1.2.0 (2.02s)
Computing version for https://github.com/swift-server/async-http-client.git
Computed https://github.com/swift-server/async-http-client.git at 1.36.2 (0.25s)
Fetching https://github.com/apple/swift-nio-transport-services.git
Fetching https://github.com/apple/swift-nio-extras.git
Fetching https://github.com/apple/swift-nio-http2.git
Fetching https://github.com/apple/swift-algorithms.git
Fetching https://github.com/apple/swift-distributed-tracing.git
Fetching https://github.com/apple/swift-service-context.git
[1/2867] Fetching swift-nio-transport-services
[561/4368] Fetching swift-nio-transport-services, swift-service-context
[4219/11071] Fetching swift-nio-transport-services, swift-service-context, swift-nio-extras
[4220/17622] Fetching swift-nio-transport-services, swift-service-context, swift-nio-extras, swift-distributed-tracing
Fetched https://github.com/apple/swift-service-context.git from cache (0.46s)
[3403/16121] Fetching swift-nio-transport-services, swift-nio-extras, swift-distributed-tracing
Fetching https://github.com/apple/swift-nio-ssl.git
[6252/28415] Fetching swift-nio-transport-services, swift-nio-extras, swift-distributed-tracing, swift-nio-http2
[14701/34579] Fetching swift-nio-transport-services, swift-nio-extras, swift-distributed-tracing, swift-nio-http2, swift-algorithms
Fetched https://github.com/apple/swift-distributed-tracing.git from cache (0.78s)
[20160/28028] Fetching swift-nio-transport-services, swift-nio-extras, swift-nio-http2, swift-algorithms
Fetching https://github.com/apple/swift-configuration.git
Fetched https://github.com/apple/swift-algorithms.git from cache (0.81s)
[14857/21864] Fetching swift-nio-transport-services, swift-nio-extras, swift-nio-http2
Fetching https://github.com/apple/swift-atomics.git
[21865/38735] Fetching swift-nio-transport-services, swift-nio-extras, swift-nio-http2, swift-nio-ssl
[22540/42663] Fetching swift-nio-transport-services, swift-nio-extras, swift-nio-http2, swift-nio-ssl, swift-configuration
[23939/44552] Fetching swift-nio-transport-services, swift-nio-extras, swift-nio-http2, swift-nio-ssl, swift-configuration, swift-atomics
Fetched https://github.com/apple/swift-configuration.git from cache (0.65s)
[26453/40624] Fetching swift-nio-transport-services, swift-nio-extras, swift-nio-http2, swift-nio-ssl, swift-atomics
Fetched https://github.com/apple/swift-atomics.git from cache (0.72s)
[25576/38735] Fetching swift-nio-transport-services, swift-nio-extras, swift-nio-http2, swift-nio-ssl
Fetched https://github.com/apple/swift-nio-transport-services.git from cache (1.61s)
Fetched https://github.com/apple/swift-nio-extras.git from cache (1.61s)
[16850/29165] Fetching swift-nio-http2, swift-nio-ssl
Fetched https://github.com/apple/swift-nio-http2.git from cache (1.62s)
[4724/16871] Fetching swift-nio-ssl
Fetched https://github.com/apple/swift-nio-ssl.git from cache (2.18s)
Computing version for https://github.com/apple/swift-service-context.git
Computed https://github.com/apple/swift-service-context.git at 1.3.0 (2.92s)
Computing version for https://github.com/apple/swift-algorithms.git
Computed https://github.com/apple/swift-algorithms.git at 1.2.1 (1.40s)
Fetching https://github.com/apple/swift-numerics.git
[1/6732] Fetching swift-numerics
Fetched https://github.com/apple/swift-numerics.git from cache (0.62s)
Computing version for https://github.com/apple/swift-log
Computed https://github.com/apple/swift-log at 1.16.1 (0.93s)
Computing version for https://github.com/apple/swift-distributed-tracing.git
Computed https://github.com/apple/swift-distributed-tracing.git at 1.5.0 (0.26s)
Computing version for https://github.com/apple/swift-atomics.git
Computed https://github.com/apple/swift-atomics.git at 1.3.1 (0.25s)
Computing version for https://github.com/apple/swift-numerics.git
Computed https://github.com/apple/swift-numerics.git at 1.1.1 (0.21s)
Computing version for https://github.com/apple/swift-nio
Computed https://github.com/apple/swift-nio at 2.104.0 (0.55s)
Fetching https://github.com/apple/swift-collections.git
[1/28703] Fetching swift-collections
Fetched https://github.com/apple/swift-collections.git from cache (1.79s)
Computing version for https://github.com/apple/swift-configuration.git
Computed https://github.com/apple/swift-configuration.git at 1.2.2 (3.06s)
Fetching https://github.com/swift-server/swift-service-lifecycle
[1/2867] Fetching swift-service-lifecycle
Fetched https://github.com/swift-server/swift-service-lifecycle from cache (0.47s)
Computing version for https://github.com/apple/swift-nio-transport-services.git
Computed https://github.com/apple/swift-nio-transport-services.git at 1.28.0 (0.78s)
Computing version for https://github.com/swift-server/swift-service-lifecycle
Computed https://github.com/swift-server/swift-service-lifecycle at 2.12.1 (0.23s)
Fetching https://github.com/apple/swift-async-algorithms.git
[1/6820] Fetching swift-async-algorithms
Fetched https://github.com/apple/swift-async-algorithms.git from cache (0.62s)
Computing version for https://github.com/apple/swift-async-algorithms.git
Computed https://github.com/apple/swift-async-algorithms.git at 1.1.7 (0.95s)
Computing version for https://github.com/apple/swift-collections.git
Computed https://github.com/apple/swift-collections.git at 1.7.2 (0.40s)
Computing version for https://github.com/apple/swift-nio-http2.git
Computed https://github.com/apple/swift-nio-http2.git at 1.46.0 (0.28s)
Computing version for https://github.com/vapor/jwt-kit.git
Computed https://github.com/vapor/jwt-kit.git at 5.7.1 (0.29s)
Fetching https://github.com/apple/swift-crypto.git
Fetching https://github.com/apple/swift-certificates.git
[1/18629] Fetching swift-crypto
[2/26242] Fetching swift-crypto, swift-certificates
Fetched https://github.com/apple/swift-certificates.git from cache (0.72s)
[2050/18629] Fetching swift-crypto
Fetched https://github.com/apple/swift-crypto.git from cache (1.94s)
Computing version for https://github.com/apple/swift-crypto.git
Computed https://github.com/apple/swift-crypto.git at 4.5.2 (2.85s)
Fetching https://github.com/apple/swift-asn1.git
[21/2009] Fetching swift-asn1
Fetched https://github.com/apple/swift-asn1.git from cache (0.45s)
Computing version for https://github.com/apple/swift-asn1.git
Computed https://github.com/apple/swift-asn1.git at 1.7.3 (0.75s)
Computing version for https://github.com/apple/swift-certificates.git
Computed https://github.com/apple/swift-certificates.git at 1.21.0 (0.37s)
Computing version for https://github.com/apple/swift-nio-ssl.git
Computed https://github.com/apple/swift-nio-ssl.git at 2.37.5 (0.35s)
Computing version for https://github.com/apple/swift-system.git
Computed https://github.com/apple/swift-system.git at 1.8.1 (0.27s)
Computing version for https://github.com/apple/swift-nio-extras.git
Computed https://github.com/apple/swift-nio-extras.git at 1.35.1 (0.57s)
Fetching https://github.com/apple/swift-http-structured-headers.git
[1/1253] Fetching swift-http-structured-headers
Fetching https://github.com/apple/swift-http-types.git
Fetched https://github.com/apple/swift-http-structured-headers.git from cache (0.63s)
[1/1939] Fetching swift-http-types
Fetched https://github.com/apple/swift-http-types.git from cache (0.46s)
Computing version for https://github.com/apple/swift-http-structured-headers.git
Computed https://github.com/apple/swift-http-structured-headers.git at 1.7.0 (1.40s)
Computing version for https://github.com/apple/swift-http-types.git
Computed https://github.com/apple/swift-http-types.git at 1.8.0 (0.34s)
Creating working copy for https://github.com/apple/swift-nio
Working copy of https://github.com/apple/swift-nio resolved at 2.104.0
Creating working copy for https://github.com/apple/swift-atomics.git
Working copy of https://github.com/apple/swift-atomics.git resolved at 1.3.1
Creating working copy for https://github.com/apple/swift-numerics.git
Working copy of https://github.com/apple/swift-numerics.git resolved at 1.1.1
Creating working copy for https://github.com/googleapis/swift-google-wkt
Working copy of https://github.com/googleapis/swift-google-wkt resolved at 0.5.0
Creating working copy for https://github.com/apple/swift-distributed-tracing.git
Working copy of https://github.com/apple/swift-distributed-tracing.git resolved at 1.5.0
Creating working copy for https://github.com/apple/swift-configuration.git
Working copy of https://github.com/apple/swift-configuration.git resolved at 1.2.2
Creating working copy for https://github.com/swift-server/swift-service-lifecycle
Working copy of https://github.com/swift-server/swift-service-lifecycle resolved at 2.12.1
Creating working copy for https://github.com/googleapis/swift-google-auth
Working copy of https://github.com/googleapis/swift-google-auth resolved at 0.5.0
Creating working copy for https://github.com/apple/swift-http-structured-headers.git
Working copy of https://github.com/apple/swift-http-structured-headers.git resolved at 1.7.0
Creating working copy for https://github.com/swift-server/async-http-client.git
Working copy of https://github.com/swift-server/async-http-client.git resolved at 1.36.2
Creating working copy for https://github.com/apple/swift-http-types.git
Working copy of https://github.com/apple/swift-http-types.git resolved at 1.8.0
Creating working copy for https://github.com/apple/swift-certificates.git
Working copy of https://github.com/apple/swift-certificates.git resolved at 1.21.0
Creating working copy for https://github.com/apple/swift-log
Working copy of https://github.com/apple/swift-log resolved at 1.16.1
Creating working copy for https://github.com/apple/swift-nio-http2.git
Working copy of https://github.com/apple/swift-nio-http2.git resolved at 1.46.0
Creating working copy for https://github.com/apple/swift-system.git
Working copy of https://github.com/apple/swift-system.git resolved at 1.8.1
Creating working copy for https://github.com/apple/swift-nio-ssl.git
Working copy of https://github.com/apple/swift-nio-ssl.git resolved at 2.37.5
Creating working copy for https://github.com/googleapis/swift-google-gax
Working copy of https://github.com/googleapis/swift-google-gax resolved at 0.5.0
Creating working copy for https://github.com/apple/swift-async-algorithms.git
Working copy of https://github.com/apple/swift-async-algorithms.git resolved at 1.1.7
Creating working copy for https://github.com/googleapis/swift-google-cloud-location
Working copy of https://github.com/googleapis/swift-google-cloud-location resolved at 0.5.0
Creating working copy for https://github.com/apple/swift-nio-transport-services.git
Working copy of https://github.com/apple/swift-nio-transport-services.git resolved at 1.28.0
Creating working copy for https://github.com/googleapis/swift-google-rpc
Working copy of https://github.com/googleapis/swift-google-rpc resolved at 0.5.0
Creating working copy for https://github.com/apple/swift-crypto.git
Working copy of https://github.com/apple/swift-crypto.git resolved at 4.5.2
Creating working copy for https://github.com/apple/swift-asn1.git
Working copy of https://github.com/apple/swift-asn1.git resolved at 1.7.3
Creating working copy for https://github.com/apple/swift-collections.git
Working copy of https://github.com/apple/swift-collections.git resolved at 1.7.2
Creating working copy for https://github.com/apple/swift-nio-extras.git
Working copy of https://github.com/apple/swift-nio-extras.git resolved at 1.35.1
Creating working copy for https://github.com/apple/swift-algorithms.git
Working copy of https://github.com/apple/swift-algorithms.git resolved at 1.2.1
Creating working copy for https://github.com/vapor/jwt-kit.git
Working copy of https://github.com/vapor/jwt-kit.git resolved at 5.7.1
Creating working copy for https://github.com/apple/swift-service-context.git
Working copy of https://github.com/apple/swift-service-context.git resolved at 1.3.0
Creating working copy for https://github.com/googleapis/swift-google-longrunning
Working copy of https://github.com/googleapis/swift-google-longrunning resolved at 0.5.0
Creating working copy for https://github.com/swift-extras/swift-extras-base64
Working copy of https://github.com/swift-extras/swift-extras-base64 resolved at 1.2.0
Creating working copy for https://github.com/googleapis/swift-google-type
Working copy of https://github.com/googleapis/swift-google-type resolved at 0.5.0
Building for debugging...
[0/1568] Compiling CAsyncHTTPClient CAsyncHTTPClient.c
[1/1568] Write swift-version--11D90AFD9DD3AB2.txt
[2/1568] Compiling _NumericsShims _NumericsShims.c
[3/1568] Write sources
[7/1568] Compiling _AtomicsShims.c
[8/1572] Compiling a_d2i_fp.cc
[9/1572] Compiling aes.cc
[10/1574] Compiling a_i2d_fp.cc
[10/1574] Write sources
[89/1593] Compiling a_bitstr.cc
[90/1593] Write sources
[90/1593] Compiling a_bool.cc
[90/1593] Write sources
[189/1593] Compiling CXKCPShims shims.c
[190/1593] Compiling a_mbstr.cc
[190/1593] Compiling a_object.cc
[193/1646] Emitting module ServiceContextModule
[194/1646] Emitting module RealModule
[195/1647] Emitting module _NIODataStructures
[196/1647] Compiling RealModule Float80+Real.swift
[197/1647] Compiling Logging MultiplexLogHandler.swift
[198/1647] Compiling Logging StreamLogHandler.swift
[199/1647] Compiling Logging SwiftLogNoOpLogHandler.swift
[200/1647] Compiling Logging Locks.swift
[201/1650] Compiling RealModule RealFunctions.swift
[202/1650] Compiling ServiceContextModule ServiceContext.swift
[203/1650] Compiling ServiceContextModule ServiceContextKey.swift
[204/1651] Compiling InternalCollectionsUtilities RandomAccessCollection+Offsets.swift
[205/1651] Compiling InternalCollectionsUtilities Span+Extras.swift
[206/1653] Compiling InternalCollectionsUtilities MutableSpan+Extras.swift
[207/1653] Compiling InternalCollectionsUtilities OutputSpan+Extras.swift
[210/1653] Compiling Logging LogEvent.swift
[211/1653] Compiling Logging LogHandler.swift
[212/1653] Compiling InternalCollectionsUtilities LifetimeOverride.swift
[213/1653] Compiling InternalCollectionsUtilities MutableRef.swift
[214/1653] Compiling InternalCollectionsUtilities _UnsafeBitSet+_Word.swift
[215/1653] Compiling InternalCollectionsUtilities _UnsafeBitSet.swift
[216/1653] Compiling InternalCollectionsUtilities UnsafeBufferPointer+Extras.swift
[217/1653] Compiling InternalCollectionsUtilities UnsafeMutableBufferPointer+Extras.swift
[220/1653] Compiling SwiftASN1 DER.swift
[221/1653] Compiling SwiftASN1 Errors.swift
[222/1653] Compiling InternalCollectionsUtilities TemporaryAllocation.swift
[223/1653] Compiling InternalCollectionsUtilities _UnsafeBitSet+Index.swift
[225/1653] Compiling RealModule RelaxedArithmetic.swift
[226/1653] Compiling InternalCollectionsUtilities UnsafeMutablePointer+Extras.swift
[227/1653] Compiling InternalCollectionsUtilities UnsafeMutableRawBufferPointer+Extras.swift
[228/1653] Compiling InternalCollectionsUtilities UnsafePointer+Extras.swift
[229/1653] Emitting module InternalCollectionsUtilities
[230/1653] Compiling InternalCollectionsUtilities FixedWidthInteger+roundUpToPowerOfTwo.swift
[231/1653] Compiling InternalCollectionsUtilities Integer rank.swift
[232/1653] Compiling InternalCollectionsUtilities UInt+first and last set bit.swift
[233/1653] Compiling InternalCollectionsUtilities UInt+reversed.swift
[237/1653] Compiling RealModule Float16+Real.swift
[240/1653] Compiling RealModule Real.swift
[241/1653] Compiling Logging LoggingSystem.swift
[246/1655] Compiling _NIOBase64 Base64.swift
[247/1655] Emitting module _NIOBase64
[250/1661] Compiling InternalCollectionsUtilities UnsafeRawBufferPointer+Extras.swift
[252/1661] Compiling InternalCollectionsUtilities _SortedCollection.swift
[253/1661] Compiling InternalCollectionsUtilities _UniqueCollection.swift
[255/1662] Emitting module _CertificateInternals
[256/1662] Compiling _CertificateInternals _TinyArray.swift
[257/1663] Wrapping AST for ServiceContextModule for debugging
[259/1663] Compiling _NIODataStructures Heap.swift
[260/1663] Compiling _NIODataStructures _TinyArray.swift
[261/1663] Compiling _NIODataStructures PriorityQueue.swift
[262/1669] Emitting module SwiftASN1
[263/1670] Wrapping AST for _NIOBase64 for debugging
[266/1670] Compiling Logging Logger.swift
[267/1670] Compiling Logging Logger+With.swift
[268/1670] Compiling Logging Logger+Attributes.swift
[268/1670] Wrapping AST for RealModule for debugging
[269/1670] Wrapping AST for _CertificateInternals for debugging
[270/1670] Wrapping AST for InternalCollectionsUtilities for debugging
[271/1674] Wrapping AST for _NIODataStructures for debugging
[273/1674] Compiling Instrumentation NoOpInstrument.swift
[274/1674] Compiling ExtrasBase64 Base32+Span.swift
[274/1674] Compiling SimpleFIPS202.c
[276/1674] Compiling Instrumentation MultiplexInstrument.swift
[276/1674] Compiling KeccakSponge.c
[278/1674] Compiling SpanPreview OutputSpan+InputSpanHelpers.swift
[278/1674] Compiling KeccakHash.c
[280/1674] Compiling SpanPreview InputSpan.swift
[281/1674] Compiling SpanPreview MutableSpan+InputSpanHelpers.swift
[282/1674] Emitting module SpanPreview
[282/1675] Compiling CNIOWindows shim.c
[283/1675] Compiling CSystem shims.c
[284/1675] Compiling CNIOWindows WSAStartup.c
[285/1675] Compiling CNIOWASI CNIOWASI.c
[287/1675] Compiling Instrumentation InstrumentationSystem.swift
[288/1675] Emitting module Instrumentation
[289/1675] Compiling Instrumentation Instrument.swift
[290/1675] Compiling CNIOPosix event_loop_id.c
[291/1675] Compiling CNIOOpenBSD shim.c
[292/1712] Compiling CNIOLinux shim.c
[293/1754] Wrapping AST for SpanPreview for debugging
[294/1754] Compiling CNIOLinux liburing_shims.c
[295/1754] Compiling KeccakP-1600-opt64.c
[297/1754] Compiling DequeModule UniqueDeque+Consumption.swift
[298/1754] Compiling DequeModule UniqueDeque+ContainerOperations.swift
[299/1754] Compiling DequeModule UniqueDeque+Deprecations.swift
[300/1754] Compiling DequeModule UniqueDeque+Descriptions.swift
[301/1754] Compiling DequeModule UniqueDeque+Equatable.swift
[302/1754] Compiling DequeModule UniqueDeque+Hashable.swift
[302/1754] Compiling CNIOLLHTTP c_nio_http.c
[303/1759] Compiling CNIOLLHTTP c_nio_llhttp.c
[304/1759] Compiling CNIOLLHTTP c_nio_api.c
[305/1759] Compiling CNIOFreeBSD shim.c
[307/1759] Compiling DequeModule RigidDeque+Insertions.swift
[308/1759] Compiling DequeModule RigidDeque+Iterable.swift
[309/1759] Compiling DequeModule RigidDeque+Descriptions.swift
[310/1759] Compiling DequeModule RigidDeque+Equatable.swift
[311/1759] Compiling DequeModule RigidDeque+Hashable.swift
[312/1759] Compiling DequeModule RigidDeque+Initializers.swift
[315/1759] Compiling DequeModule UniqueDeque+Initializers.swift
[316/1759] Compiling DequeModule UniqueDeque+Insertions.swift
[317/1759] Compiling DequeModule UniqueDeque+Iterable.swift
[318/1759] Compiling DequeModule UniqueDeque+Prepend.swift
[319/1759] Compiling DequeModule UniqueDeque+Removals.swift
[319/1759] Compiling CNIOExtrasZlib zutil.c
[321/1759] Compiling DequeModule _DequeBuffer.swift
[322/1759] Compiling DequeModule _DequeBufferHeader.swift
[323/1759] Compiling DequeModule RigidDeque+Append.swift
[324/1759] Compiling DequeModule RigidDeque+Consumption.swift
[325/1759] Compiling DequeModule RigidDeque+ContainerOperations.swift
[326/1759] Compiling DequeModule RigidDeque+Deprecations.swift
[326/1759] Compiling CNIOExtrasZlib inftrees.c
[327/1759] Compiling CNIOExtrasZlib trees.c
[328/1759] Compiling CNIOExtrasZlib inffast.c
[329/1759] Compiling CNIOExtrasZlib inflate.c
[330/1759] Compiling CNIOExtrasZlib deflate.c
[332/1759] Compiling DequeModule RigidDeque+Prepend.swift
[333/1759] Compiling DequeModule RigidDeque+Removals.swift
[334/1759] Compiling DequeModule RigidDeque+Replacements.swift
[335/1759] Compiling DequeModule RigidDeque+Testing.swift
[336/1759] Compiling DequeModule RigidDeque.swift
[337/1759] Compiling DequeModule UniqueDeque+Append.swift
[337/1759] Compiling CNIOExtrasZlib crc32.c
[338/1759] Compiling CNIODarwin shim.c
[339/1759] Compiling CNIOExtrasZlib adler32.c
[340/1759] Compiling fiat_p256_adx_sqr.S
[341/1759] Compiling fiat_p256_adx_mul.S
[342/1759] Compiling fiat_curve25519_adx_square.S
[343/1759] Compiling fiat_curve25519_adx_mul.S
[344/1759] Compiling CNIOBoringSSLShims shims.c
[346/1759] Compiling DequeModule Deque+Testing.swift
[347/1759] Compiling DequeModule Deque._Storage.swift
[348/1759] Compiling Logging MetadataProvider.swift
[349/1759] Compiling Instrumentation Locks.swift
[350/1759] Emitting module Logging
[353/1759] Compiling DequeModule Deque+Codable.swift
[354/1759] Compiling DequeModule Deque+Collection.swift
[355/1759] Compiling DequeModule Deque+CustomReflectable.swift
[366/1759] Compiling DequeModule Deque+Extras.swift
[367/1759] Compiling DequeModule Deque+Hashable.swift
[368/1761] Compiling DequeModule Deque+Descriptions.swift
[369/1761] Compiling DequeModule Deque+Equatable.swift
[370/1761] Compiling DequeModule Deque+ExpressibleByArrayLiteral.swift
[383/1766] Compiling DequeModule Deque._UnsafeHandle.swift
[384/1766] Compiling DequeModule Deque.swift
[402/1775] Compiling Tracing InstrumentationSystem+Tracing.swift
[403/1776] Compiling Tracing NoOpTracer.swift
[404/1776] Compiling Tracing WithTracer.swift
[405/1776] Compiling Tracing TracingTime.swift
[406/1776] Emitting module Tracing
[407/1776] Compiling Tracing TracerProtocol.swift
[419/1776] Emitting module SystemPackage
[420/1776] Compiling Tracing Tracer.swift
[421/1776] Compiling Tracing TracerProtocol+Legacy.swift
[422/1776] Compiling Tracing SpanProtocol.swift
[423/1777] Wrapping AST for SwiftASN1 for debugging
[424/1777] Wrapping AST for Tracing for debugging
[425/1777] Wrapping AST for Logging for debugging
[426/1777] Compiling tls_record.cc
[428/1777] Compiling SystemPackage SystemString.swift
[429/1777] Compiling SystemPackage Util+StringArray.swift
[430/1777] Compiling SystemPackage Util.swift
[431/1777] Compiling SystemPackage UtilConsumers.swift
[432/1777] Compiling SystemPackage WinSDK+Overlay.swift
[432/1777] Wrapping AST for Instrumentation for debugging
[434/1778] Compiling tls_method.cc
[435/1778] Wrapping AST for SystemPackage for debugging
[436/1778] Compiling tls13_enc.cc
[437/1778] Compiling tls13_server.cc
[439/1778] Emitting module DequeModule
[440/1778] Compiling DequeModule UniqueDeque+Replacements.swift
[441/1778] Compiling DequeModule UniqueDeque.swift
[442/1778] Compiling DequeModule _DequeSlot.swift
[443/1778] Compiling DequeModule _UnsafeDequeHandle.swift
[444/1778] Compiling DequeModule _UnsafeDequeSegments.swift
[445/1779] Compiling tls13_client.cc
[446/1779] Compiling tls13_both.cc
[447/1822] Wrapping AST for DequeModule for debugging
[448/1822] Compiling t1_enc.cc
[449/1822] Compiling ssl_versions.cc
[450/1822] Compiling ssl_transcript.cc
[452/1822] Compiling Configuration JSONSnapshot.swift
[453/1822] Compiling Configuration PropertyListSnapshot.swift
[454/1822] Compiling Configuration ReloadingFileProvider.swift
[455/1822] Compiling Configuration ReloadingFileProviderMetrics.swift
[456/1822] Compiling Configuration YAMLSnapshot.swift
[457/1822] Compiling Configuration InMemoryProvider.swift
[457/1827] Compiling ssl_x509.cc
[459/1827] Emitting module Configuration
[459/1827] Compiling ssl_stat.cc
[461/1827] Compiling Configuration EnvironmentKeyEncoder.swift
[462/1827] Compiling Configuration EnvironmentVariablesProvider.swift
[463/1827] Compiling Configuration CommonProviderFileSystem.swift
[464/1827] Compiling Configuration DirectoryFilesProvider.swift
[465/1827] Compiling Configuration FileProvider.swift
[466/1827] Compiling Configuration FileProviderSnapshot.swift
[466/1827] Compiling ssl_session.cc
[467/1827] Compiling ssl_file.cc
[468/1827] Compiling ssl_privkey.cc
[470/1827] Compiling ExtrasBase64 Base32.swift
[471/1827] Compiling ExtrasBase64 Base64+Span.swift
[472/1827] Compiling ExtrasBase64 Base64.swift
[473/1827] Emitting module ExtrasBase64
[473/1828] Compiling ssl_key_share.cc
[475/1828] Compiling ssl_lib.cc
[476/1828] Compiling ssl_credential.cc
[477/1859] Compiling ssl_buffer.cc
[478/1859] Compiling ssl_cipher.cc
[479/1859] Wrapping AST for ExtrasBase64 for debugging
[481/1859] Compiling GoogleWKT WKTEmpty.swift
[482/1859] Compiling GoogleWKT WKTFieldMask.swift
[483/1859] Compiling GoogleWKT WKTFloatValue.swift
[484/1859] Compiling GoogleWKT WKTInt32Value.swift
[485/1859] Compiling GoogleWKT WKTInt64Value.swift
[486/1859] Compiling GoogleWKT WKTRecursive.swift
[486/1859] Compiling ssl_asn1.cc
[488/1859] Compiling Configuration MutableInMemoryProvider.swift
[489/1859] Compiling Configuration ConfigProvider+Operators.swift
[490/1859] Compiling Configuration KeyMappingProvider.swift
[491/1859] Compiling Configuration SecretsSpecifier.swift
[492/1859] Compiling Configuration AsyncCombineLatestManySequence.swift
[493/1859] Compiling Configuration CombineLatestManyStateMachine.swift
[494/1859] Compiling Configuration CombineLatestManyStorage.swift
[495/1859] Compiling Configuration AsyncSequences.swift
[496/1859] Compiling Configuration FoundationExtensions.swift
[497/1859] Compiling Configuration Span.swift
[498/1859] Compiling Configuration ConfigBytesFromStringDecoder.swift
[499/1859] Compiling GoogleWKT WKTStringValue.swift
[500/1859] Compiling GoogleWKT WKTTimestamp.swift
[501/1859] Compiling GoogleWKT WKTUInt32Value.swift
[502/1859] Compiling GoogleWKT WKTUInt64Value.swift
[503/1859] Compiling GoogleWKT WKTValue.swift
[504/1859] Compiling GoogleWKT WKTApi.swift
[505/1859] Compiling GoogleWKT AnyPackable.swift
[506/1859] Compiling GoogleWKT DecodeToDefault.swift
[507/1859] Compiling GoogleWKT DiscoveryBase64.swift
[508/1859] Compiling GoogleWKT ProtoJSONDecoder.swift
[509/1859] Compiling GoogleWKT ProtoJSONEncoder.swift
[510/1859] Compiling GoogleWKT UnknownFields.swift
[510/1859] Compiling ssl_cert.cc
[511/1859] Compiling s3_pkt.cc
[512/1859] Compiling ssl_aead_ctx.cc
[514/1859] Emitting module GoogleWKT
[516/1863] Compiling GoogleWKT WKTAny.swift
[517/1863] Compiling GoogleWKT WKTAnyError.swift
[518/1863] Compiling GoogleWKT WKTBoolValue.swift
[519/1863] Compiling GoogleWKT WKTBytesValue.swift
[520/1863] Compiling GoogleWKT WKTDoubleValue.swift
[521/1863] Compiling GoogleWKT WKTDuration.swift
[528/1863] Compiling GoogleWKT WKTField.swift
[529/1863] Compiling GoogleWKT WKTMethod.swift
[530/1863] Compiling GoogleWKT WKTMixin.swift
[531/1863] Compiling GoogleWKT WKTOption.swift
[534/1863] Compiling GoogleWKT WKTEnum.swift
[535/1863] Compiling GoogleWKT WKTEnumValue.swift
[546/1864] Compiling GoogleWKT WKTSourceContext.swift
[547/1864] Compiling GoogleWKT WKTSyntax.swift
[548/1864] Compiling GoogleWKT WKTType.swift
[549/1864] Compiling GoogleWKT PackageVersion.swift
[550/1864] Compiling s3_lib.cc
[551/1864] Wrapping AST for Configuration for debugging
[557/1865] Compiling s3_both.cc
[558/1865] Compiling handshake.cc
[560/1865] Compiling handshake_client.cc
[561/1865] Compiling handshake_server.cc
[562/1898] Compiling handoff.cc
[563/1898] Wrapping AST for GoogleWKT for debugging
[565/1898] Compiling GoogleRpc HttpRequest.swift
[566/1898] Compiling GoogleRpc HttpResponse.swift
[567/1900] Compiling GoogleType LatLng.swift
[568/1900] Compiling GoogleRpc Help.swift
[569/1902] Compiling GoogleRpc DebugInfo.swift
[572/1902] Compiling GoogleRpc HttpHeader.swift
[573/1902] Compiling GoogleRpc Status.swift
[574/1902] Compiling GoogleType Quaternion.swift
[575/1902] Compiling GoogleRpc BadRequest.swift
[576/1902] Compiling GoogleRpc Code.swift
[577/1902] Emitting module GoogleRpc
[581/1902] Compiling GoogleRpc QuotaFailure.swift
[582/1902] Compiling GoogleRpc RetryInfo.swift
[583/1902] Compiling GoogleRpc ResourceInfo.swift
[584/1902] Compiling GoogleRpc PreconditionFailure.swift
[585/1902] Compiling GoogleRpc LocalizedMessage.swift
[586/1902] Compiling GoogleRpc PackageVersion.swift
[587/1902] Compiling GoogleRpc RequestInfo.swift
[588/1902] Emitting module GoogleType
[600/1903] Wrapping AST for GoogleRpc for debugging
[602/1903] Compiling GoogleType TimeOfDay.swift
[603/1903] Compiling GoogleType TimeZone.swift
[603/1904] Compiling encrypted_client_hello.cc
[605/1904] Compiling dtls_record.cc
[606/1904] Compiling d1_srtp.cc
[607/1904] Wrapping AST for GoogleType for debugging
[608/1904] Compiling md5-x86_64-linux.S
[609/1904] Compiling dtls_method.cc
[610/1904] Compiling md5-x86_64-apple.S
[611/1904] Compiling md5-586-linux.S
[612/1904] Compiling md5-586-apple.S
[613/1904] Compiling d1_pkt.cc
[614/1904] Compiling chacha20_poly1305_x86_64-linux.S
[615/1904] Compiling extensions.cc
[616/1904] Compiling chacha20_poly1305_x86_64-apple.S
[617/1904] Compiling chacha20_poly1305_armv8-win.S
[618/1904] Compiling chacha20_poly1305_armv8-apple.S
[619/1904] Compiling chacha-x86_64-linux.S
[620/1904] Compiling chacha-x86-linux.S
[621/1904] Compiling chacha20_poly1305_armv8-linux.S
[622/1904] Compiling chacha-x86_64-apple.S
[623/1904] Compiling chacha-x86-apple.S
[624/1904] Compiling chacha-armv8-apple.S
[625/1904] Compiling chacha-armv8-linux.S
[626/1904] Compiling chacha-armv8-win.S
[627/1904] Compiling chacha-armv4-linux.S
[628/1904] Compiling aes128gcmsiv-x86_64-apple.S
[629/1904] Compiling aes128gcmsiv-x86_64-linux.S
[630/1904] Compiling x86_64-mont5-apple.S
[631/1904] Compiling x86_64-mont5-linux.S
[632/1904] Compiling x86_64-mont-linux.S
[633/1904] Compiling x86-mont-linux.S
[634/1904] Compiling x86_64-mont-apple.S
[635/1904] Compiling vpaes-x86_64-linux.S
[636/1904] Compiling vpaes-x86-linux.S
[637/1904] Compiling x86-mont-apple.S
[638/1904] Compiling vpaes-x86_64-apple.S
[639/1904] Compiling vpaes-x86-apple.S
[640/1904] Compiling vpaes-armv8-linux.S
[641/1904] Compiling vpaes-armv8-win.S
[642/1904] Compiling err_data.cc
[643/1904] Compiling sha512-x86_64-linux.S
[643/1904] Compiling vpaes-armv8-apple.S
[645/1904] Compiling vpaes-armv7-linux.S
[646/1904] Compiling sha512-x86_64-apple.S
[647/1904] Compiling sha512-armv8-win.S
[648/1904] Compiling sha512-armv8-linux.S
[649/1904] Compiling sha512-armv8-apple.S
[650/1904] Compiling sha512-armv4-linux.S
[651/1904] Compiling sha512-586-apple.S
[652/1904] Compiling sha512-586-linux.S
[653/1904] Compiling sha256-x86_64-apple.S
[654/1904] Compiling sha256-x86_64-linux.S
[654/1904] Compiling sha256-armv8-linux.S
[656/1904] Compiling sha256-armv8-win.S
[657/1904] Compiling sha256-armv8-apple.S
[658/1904] Compiling sha256-armv4-linux.S
[659/1904] Compiling sha256-586-linux.S
[660/1904] Compiling sha256-586-apple.S
[661/1904] Compiling sha1-x86_64-linux.S
[662/1904] Compiling sha1-armv8-apple.S
[663/1904] Compiling sha1-armv8-linux.S
[663/1904] Compiling sha1-armv8-win.S
[665/1904] Compiling sha1-x86_64-apple.S
[666/1904] Compiling sha1-armv4-large-linux.S
[667/1904] Compiling sha1-586-linux.S
[668/1904] Compiling sha1-586-apple.S
[669/1904] Compiling rsaz-avx2-apple.S
[670/1904] Compiling rdrand-x86_64-linux.S
[671/1904] Compiling rsaz-avx2-linux.S
[672/1904] Compiling p256_beeu-x86_64-asm-linux.S
[673/1904] Compiling p256_beeu-armv8-asm-win.S
[674/1904] Compiling rdrand-x86_64-apple.S
[675/1904] Compiling p256_beeu-armv8-asm-linux.S
[676/1904] Compiling p256_beeu-x86_64-asm-apple.S
[677/1904] Compiling p256_beeu-armv8-asm-apple.S
[678/1904] Compiling p256-armv8-asm-win.S
[679/1904] Compiling p256-x86_64-asm-apple.S
[680/1904] Compiling p256-x86_64-asm-linux.S
[681/1904] Compiling p256-armv8-asm-linux.S
[682/1904] Compiling ghashv8-armv8-win.S
[683/1904] Compiling ghashv8-armv8-linux.S
[684/1904] Compiling ghashv8-armv8-apple.S
[685/1904] Compiling p256-armv8-asm-apple.S
[686/1904] Compiling ghashv8-armv7-linux.S
[687/1904] Compiling ghash-x86-linux.S
[688/1904] Compiling ghash-x86_64-linux.S
[689/1904] Compiling ghash-x86_64-apple.S
[690/1904] Compiling ghash-x86-apple.S
[691/1904] Compiling ghash-ssse3-x86_64-linux.S
[692/1904] Compiling ghash-ssse3-x86-apple.S
[693/1904] Compiling ghash-ssse3-x86_64-apple.S
[694/1904] Compiling ghash-ssse3-x86-linux.S
[695/1904] Compiling ghash-neon-armv8-linux.S
[696/1904] Compiling ghash-neon-armv8-win.S
[697/1904] Compiling ghash-neon-armv8-apple.S
[698/1904] Compiling ghash-armv4-linux.S
[699/1904] Compiling bsaes-armv7-linux.S
[700/1904] Compiling co-586-linux.S
[701/1904] Compiling co-586-apple.S
[702/1904] Compiling bn-armv8-win.S
[703/1904] Compiling bn-586-linux.S
[704/1904] Compiling bn-armv8-apple.S
[705/1904] Compiling bn-586-apple.S
[706/1904] Compiling bn-armv8-linux.S
[707/1904] Compiling armv8-mont-win.S
[708/1904] Compiling aesv8-gcm-armv8-win.S
[709/1904] Compiling armv4-mont-linux.S
[710/1904] Compiling armv8-mont-linux.S
[711/1904] Compiling armv8-mont-apple.S
[712/1904] Compiling aesv8-gcm-armv8-linux.S
[713/1904] Compiling aesv8-gcm-armv8-apple.S
[714/1904] Compiling aesv8-armv8-win.S
[715/1904] Compiling aesv8-armv8-apple.S
[716/1904] Compiling aesni-x86_64-linux.S
[717/1904] Compiling aesv8-armv8-linux.S
[718/1904] Compiling aesv8-armv7-linux.S
[719/1904] Compiling bio_ssl.cc
[720/1904] Compiling aesni-x86-apple.S
[720/1904] Compiling aesni-x86-linux.S
[722/1904] Compiling aesni-x86_64-apple.S
[723/1904] Compiling aesni-gcm-x86_64-linux.S
[724/1904] Compiling aesni-gcm-x86_64-apple.S
[725/1904] Compiling aes-gcm-avx10-x86_64-linux.S
[726/1904] Compiling aes-gcm-avx2-x86_64-linux.S
[727/1904] Compiling aes-gcm-avx2-x86_64-apple.S
[728/1904] Compiling aes-gcm-avx10-x86_64-apple.S
[729/1904] Compiling d1_lib.cc
[730/1904] Compiling d1_both.cc
[731/1904] Compiling x_req.cc
[732/1904] Compiling x_sig.cc
[733/1904] Compiling x_val.cc
[733/1904] Compiling x_spki.cc
[735/1904] Compiling x_x509a.cc
[736/1904] Compiling x_x509.cc
[737/1904] Compiling x_pubkey.cc
[738/1904] Compiling x_name.cc
[739/1904] Compiling x_exten.cc
[740/1904] Compiling x_algor.cc
[741/1904] Compiling x509rset.cc
[742/1904] Compiling x_attrib.cc
[743/1904] Compiling x_crl.cc
[744/1904] Compiling x509name.cc
[745/1904] Compiling x509spki.cc
[746/1904] Compiling x_all.cc
[747/1904] Compiling x509cset.cc
[748/1904] Compiling x509_vpm.cc
[749/1904] Compiling x509_v3.cc
[750/1904] Compiling x509_set.cc
[751/1904] Compiling x509_trs.cc
[752/1904] Compiling x509_req.cc
[753/1904] Compiling x509_vfy.cc
[754/1904] Compiling x509_txt.cc
[755/1904] Compiling x509_lu.cc
[756/1904] Compiling x509_obj.cc
[757/1904] Compiling x509_def.cc
[758/1904] Compiling x509_d2.cc
[759/1904] Compiling x509_cmp.cc
[760/1904] Compiling x509.cc
[761/1904] Compiling x509_att.cc
[762/1904] Compiling x509_ext.cc
[763/1904] Compiling v3_utl.cc
[764/1904] Compiling v3_purp.cc
[765/1904] Compiling v3_prn.cc
[766/1904] Compiling v3_skey.cc
[767/1904] Compiling v3_ocsp.cc
[768/1904] Compiling v3_pmaps.cc
[769/1904] Compiling v3_ncons.cc
[770/1904] Compiling v3_pcons.cc
[771/1904] Compiling v3_lib.cc
[772/1904] Compiling v3_ia5.cc
[773/1904] Compiling v3_int.cc
[774/1904] Compiling v3_info.cc
[775/1904] Compiling v3_genn.cc
[776/1904] Compiling v3_extku.cc
[777/1904] Compiling v3_enum.cc
[778/1904] Compiling v3_crld.cc
[779/1904] Compiling v3_cpols.cc
[780/1904] Compiling v3_bitst.cc
[781/1904] Compiling v3_bcons.cc
[782/1904] Compiling v3_alt.cc
[783/1904] Compiling v3_akeya.cc
[784/1904] Compiling v3_conf.cc
[785/1904] Compiling v3_akey.cc
[786/1904] Compiling t_x509a.cc
[787/1904] Compiling t_x509.cc
[788/1904] Compiling i2d_pr.cc
[789/1904] Compiling t_crl.cc
[790/1904] Compiling policy.cc
[791/1904] Compiling rsa_pss.cc
[792/1904] Compiling t_req.cc
[793/1904] Compiling name_print.cc
[794/1904] Compiling by_file.cc
[795/1904] Compiling voprf.cc
[796/1904] Compiling by_dir.cc
[797/1904] Compiling asn1_gen.cc
[798/1904] Compiling algorithm.cc
[799/1904] Compiling a_digest.cc
[800/1904] Compiling a_verify.cc
[801/1904] Compiling a_sign.cc
[802/1904] Compiling thread_win.cc
[803/1904] Compiling thread_none.cc
[804/1904] Compiling thread.cc
[805/1904] Compiling thread_pthread.cc
[806/1904] Compiling trust_token.cc
[807/1904] Compiling stack.cc
[808/1904] Compiling pmbtoken.cc
[809/1904] Compiling siphash.cc
[810/1904] Compiling rsa_print.cc
[811/1904] Compiling sha256.cc
[812/1904] Compiling sha512.cc
[813/1904] Compiling spake2plus.cc
[814/1904] Compiling sha1.cc
[815/1904] Compiling rsa_extra.cc
[816/1904] Compiling slhdsa.cc
[817/1904] Compiling rsa_crypt.cc
[818/1904] Compiling rc4.cc
[818/1904] Compiling trusty.cc
[820/1904] Compiling refcount.cc
[821/1904] Compiling windows.cc
[822/1904] Compiling rsa_asn1.cc
[823/1904] Compiling urandom.cc
[824/1904] Compiling rand.cc
[825/1904] Compiling passive.cc
[826/1904] Compiling ios.cc
[827/1904] Compiling getentropy.cc
[828/1904] Compiling poly1305_arm_asm.S
[829/1904] Compiling forkunsafe.cc
[830/1904] Compiling fork_detect.cc
[831/1904] Compiling deterministic.cc
[832/1904] Compiling poly1305_vec.cc
[833/1904] Compiling pool.cc
[834/1904] Compiling poly1305_arm.cc
[835/1904] Compiling poly1305.cc
[836/1904] Compiling pkcs7.cc
[837/1904] Compiling pkcs7_x509.cc
[838/1904] Compiling p5_pbev2.cc
[839/1904] Compiling pkcs8.cc
[840/1904] Compiling pkcs8_x509.cc
[841/1904] Compiling pem_xaux.cc
[842/1904] Compiling pem_pkey.cc
[843/1904] Compiling pem_x509.cc
[844/1904] Compiling pem_pk8.cc
[845/1904] Compiling pem_oth.cc
[846/1904] Compiling mlkem.cc
[847/1904] Compiling pem_info.cc
[848/1904] Compiling pem_lib.cc
[849/1904] Compiling obj_xref.cc
[850/1904] Compiling obj.cc
[851/1904] Compiling pem_all.cc
[852/1904] Compiling poly_rq_mul.S
[853/1904] Compiling mldsa.cc
[854/1904] Compiling fips_shared_support.cc
[855/1904] Compiling mem.cc
[856/1904] Compiling md4.cc
[857/1904] Compiling lhash.cc
[858/1904] Compiling md5.cc
[859/1904] Compiling kyber.cc
[860/1904] Compiling hrss.cc
[861/1904] Compiling sign.cc
[862/1904] Compiling hpke.cc
[863/1904] Compiling ex_data.cc
[864/1904] Compiling scrypt.cc
[865/1904] Compiling pbkdf.cc
[866/1904] Compiling print.cc
[867/1904] Compiling p_x25519.cc
[868/1904] Compiling p_x25519_asn1.cc
[869/1904] Compiling p_rsa.cc
[870/1904] Compiling p_rsa_asn1.cc
[871/1904] Compiling p_ed25519.cc
[872/1904] Compiling p_ed25519_asn1.cc
[873/1904] Compiling p_ec_asn1.cc
[874/1904] Compiling p_ec.cc
[875/1904] Compiling p_dh_asn1.cc
[876/1904] Compiling p_hkdf.cc
[877/1904] Compiling p_dh.cc
[878/1904] Compiling evp_ctx.cc
[879/1904] Compiling p_dsa_asn1.cc
[880/1904] Compiling err.cc
[881/1904] Compiling engine.cc
[882/1904] Compiling evp.cc
[883/1904] Compiling evp_asn1.cc
[884/1904] Compiling ecdh.cc
[885/1904] Compiling ecdsa_asn1.cc
[886/1904] Compiling hash_to_curve.cc
[887/1904] Compiling ec_derive.cc
[888/1904] Compiling dsa.cc
[889/1904] Compiling params.cc
[890/1904] Compiling bcm.cc
[891/1904] Compiling digest_extra.cc
[892/1904] Compiling dsa_asn1.cc
[893/1904] Compiling ec_asn1.cc
[894/1904] Compiling x25519-asm-arm.S
[895/1904] Compiling des.cc
[896/1904] Compiling dh_asn1.cc
[897/1904] Compiling curve25519_64_adx.cc
[898/1904] Compiling cpu_arm_freebsd.cc
[899/1904] Compiling cpu_intel.cc
[900/1904] Compiling cpu_arm_linux.cc
[901/1904] Compiling crypto.cc
[902/1904] Compiling spake25519.cc
[903/1904] Compiling cpu_aarch64_win.cc
[904/1904] Compiling curve25519.cc
[905/1904] Compiling cpu_aarch64_sysreg.cc
[906/1904] Compiling cpu_aarch64_linux.cc
[907/1904] Compiling cpu_aarch64_openbsd.cc
[908/1904] Compiling get_cipher.cc
[909/1904] Compiling cpu_aarch64_fuchsia.cc
[910/1904] Compiling conf.cc
[911/1904] Compiling cpu_aarch64_apple.cc
[912/1904] Compiling tls_cbc.cc
[913/1904] Compiling e_tls.cc
[914/1904] Compiling e_rc4.cc
[915/1904] Compiling e_rc2.cc
[916/1904] Compiling e_null.cc
[917/1904] Compiling e_aesgcmsiv.cc
[918/1904] Compiling e_chacha20poly1305.cc
[919/1904] Compiling e_des.cc
[920/1904] Compiling e_aesctrhmac.cc
[921/1904] Compiling chacha.cc
[922/1904] Compiling derive_key.cc
[923/1904] Compiling unicode.cc
[924/1904] Compiling buf.cc
[925/1904] Compiling asn1_compat.cc
[926/1904] Compiling ber.cc
[927/1904] Compiling cbs.cc
[928/1904] Compiling cbb.cc
[929/1904] Compiling blake2.cc
[930/1904] Compiling convert.cc
[931/1904] Compiling bn_asn1.cc
[932/1904] Compiling socket_helper.cc
[933/1904] Compiling hexdump.cc
[934/1904] Compiling socket.cc
[935/1904] Compiling printf.cc
[936/1904] Compiling pair.cc
[937/1904] Compiling file.cc
[938/1904] Compiling fd.cc
[939/1904] Compiling errno.cc
[940/1904] Compiling connect.cc
[941/1904] Compiling bio_mem.cc
[942/1904] Compiling base64.cc
[943/1904] Compiling bio.cc
[944/1904] Compiling tasn_typ.cc
[945/1904] Compiling tasn_fre.cc
[946/1904] Compiling tasn_enc.cc
[947/1904] Compiling tasn_new.cc
[948/1904] Compiling posix_time.cc
[949/1904] Compiling tasn_utl.cc
[950/1904] Compiling f_string.cc
[951/1904] Compiling tasn_dec.cc
[952/1904] Compiling asn1_par.cc
[953/1904] Compiling asn_pack.cc
[954/1904] Compiling f_int.cc
[955/1904] Compiling asn1_lib.cc
[956/1904] Compiling a_octet.cc
[957/1904] Compiling a_type.cc
[958/1904] Compiling a_utctm.cc
[959/1904] Compiling a_time.cc
[960/1904] Compiling a_strnid.cc
[961/1904] Compiling a_strex.cc
[962/1904] Compiling a_object.cc
[963/1904] Compiling a_dup.cc
[964/1904] Compiling a_i2d_fp.cc
[965/1904] Compiling a_int.cc
[966/1904] Compiling CGoogleGaxCRC32C CGoogleGaxCRC32C.c
[967/1904] Compiling a_d2i_fp.cc
[968/1904] Compiling fiat_p256_adx_sqr.S
[969/1904] Compiling a_mbstr.cc
[970/1904] Compiling fiat_curve25519_adx_square.S
[971/1904] Compiling fiat_p256_adx_mul.S
[972/1904] Compiling a_gentm.cc
[973/1904] Compiling fiat_curve25519_adx_mul.S
[974/1904] Compiling md5-x86_64-linux.S
[975/1904] Compiling md5-x86_64-apple.S
[976/1904] Compiling md5-586-linux.S
[977/1904] Compiling md5-586-apple.S
[978/1904] Compiling a_bool.cc
[979/1904] Compiling chacha20_poly1305_x86_64-linux.S
[980/1904] Compiling chacha20_poly1305_x86_64-apple.S
[981/1904] Compiling chacha20_poly1305_armv8-win.S
[982/1904] Compiling chacha20_poly1305_armv8-apple.S
[983/1904] Compiling chacha20_poly1305_armv8-linux.S
[984/1904] Compiling chacha-x86-linux.S
[985/1904] Compiling chacha-x86_64-linux.S
[986/1904] Compiling chacha-x86_64-apple.S
[987/1904] Compiling chacha-x86-apple.S
[988/1904] Compiling chacha-armv8-win.S
[989/1904] Compiling chacha-armv8-apple.S
[990/1904] Compiling a_bitstr.cc
[991/1904] Compiling CCryptoBoringSSLShims shims.c
[992/1904] Compiling aes128gcmsiv-x86_64-linux.S
[993/1904] Compiling chacha-armv4-linux.S
[994/1904] Compiling aes128gcmsiv-x86_64-apple.S
[995/1904] Compiling chacha-armv8-linux.S
[996/1904] Compiling x86_64-mont5-apple.S
[997/1904] Compiling x86_64-mont5-linux.S
[998/1904] Compiling x86_64-mont-linux.S
[999/1904] Compiling x86_64-mont-apple.S
[1000/1904] Compiling vpaes-x86_64-linux.S
[1001/1904] Compiling x86-mont-apple.S
[1002/1904] Compiling x86-mont-linux.S
[1003/1904] Compiling vpaes-x86_64-apple.S
[1004/1904] Compiling vpaes-x86-linux.S
[1005/1904] Compiling vpaes-armv8-win.S
[1006/1904] Compiling vpaes-x86-apple.S
[1007/1904] Compiling vpaes-armv8-linux.S
[1008/1904] Compiling vpaes-armv8-apple.S
[1009/1904] Compiling vpaes-armv7-linux.S
[1010/1904] Compiling sha512-x86_64-linux.S
[1011/1904] Compiling sha512-x86_64-apple.S
[1012/1904] Compiling sha512-armv8-win.S
[1013/1904] Compiling sha512-586-apple.S
[1014/1904] Compiling sha512-armv8-apple.S
[1015/1904] Compiling sha512-armv4-linux.S
[1016/1904] Compiling sha512-armv8-linux.S
[1017/1904] Compiling sha512-586-linux.S
[1018/1904] Compiling sha256-x86_64-apple.S
[1019/1904] Compiling sha256-x86_64-linux.S
[1020/1904] Compiling sha256-armv8-win.S
[1021/1904] Compiling sha256-armv4-linux.S
[1022/1904] Compiling sha256-586-linux.S
[1023/1904] Compiling sha256-armv8-linux.S
[1024/1904] Compiling sha256-armv8-apple.S
[1025/1904] Compiling sha1-x86_64-linux.S
[1026/1904] Compiling sha256-586-apple.S
[1026/1904] Compiling sha1-x86_64-apple.S
[1028/1904] Compiling sha1-armv8-win.S
[1029/1904] Compiling err_data.cc
[1030/1904] Compiling sha1-armv8-linux.S
[1031/1904] Compiling sha1-armv4-large-linux.S
[1032/1904] Compiling sha1-586-apple.S
[1033/1904] Compiling sha1-armv8-apple.S
[1034/1904] Compiling rsaz-avx2-linux.S
[1035/1904] Compiling sha1-586-linux.S
[1036/1904] Compiling rdrand-x86_64-linux.S
[1037/1904] Compiling rdrand-x86_64-apple.S
[1038/1904] Compiling rsaz-avx2-apple.S
[1039/1904] Compiling p256_beeu-x86_64-asm-apple.S
[1040/1904] Compiling p256_beeu-armv8-asm-win.S
[1041/1904] Compiling p256_beeu-armv8-asm-apple.S
[1042/1904] Compiling p256_beeu-x86_64-asm-linux.S
[1043/1904] Compiling p256-armv8-asm-win.S
[1044/1904] Compiling p256_beeu-armv8-asm-linux.S
[1045/1904] Compiling p256-x86_64-asm-linux.S
[1046/1904] Compiling p256-x86_64-asm-apple.S
[1047/1904] Compiling p256-armv8-asm-apple.S
[1048/1904] Compiling ghashv8-armv8-win.S
[1049/1904] Compiling ghashv8-armv8-linux.S
[1049/1904] Compiling ghashv8-armv8-apple.S
[1051/1904] Compiling p256-armv8-asm-linux.S
[1052/1904] Compiling ghash-x86_64-apple.S
[1053/1904] Compiling ghash-x86_64-linux.S
[1053/1904] Compiling ghashv8-armv7-linux.S
[1055/1904] Compiling ghash-x86-linux.S
[1055/1904] Compiling ghash-x86-apple.S
[1057/1904] Compiling ghash-ssse3-x86_64-linux.S
[1058/1904] Compiling ghash-ssse3-x86_64-apple.S
[1059/1904] Compiling ghash-ssse3-x86-linux.S
[1060/1904] Compiling ghash-ssse3-x86-apple.S
[1061/1904] Compiling ghash-neon-armv8-linux.S
[1062/1904] Compiling ghash-neon-armv8-win.S
[1063/1904] Compiling ghash-armv4-linux.S
[1064/1904] Compiling ghash-neon-armv8-apple.S
[1065/1904] Compiling co-586-linux.S
[1066/1904] Compiling co-586-apple.S
[1067/1904] Compiling bn-armv8-win.S
[1068/1904] Compiling bn-armv8-apple.S
[1069/1904] Compiling bsaes-armv7-linux.S
[1070/1904] Compiling bn-armv8-linux.S
[1071/1904] Compiling bn-586-apple.S
[1072/1904] Compiling bn-586-linux.S
[1073/1904] Compiling armv8-mont-win.S
[1074/1904] Compiling armv8-mont-linux.S
[1075/1904] Compiling armv8-mont-apple.S
[1076/1904] Compiling aesv8-armv8-win.S
[1077/1904] Compiling aesv8-gcm-armv8-win.S
[1078/1904] Compiling armv4-mont-linux.S
[1078/1904] Compiling aesv8-gcm-armv8-apple.S
[1080/1904] Compiling aesv8-armv8-linux.S
[1081/1904] Compiling aesv8-armv8-apple.S
[1082/1904] Compiling aesv8-gcm-armv8-linux.S
[1083/1904] Compiling aesni-x86_64-apple.S
[1084/1904] Compiling aesv8-armv7-linux.S
[1085/1904] Compiling aesni-x86_64-linux.S
[1086/1904] Compiling aesni-x86-linux.S
[1087/1904] Compiling aesni-gcm-x86_64-linux.S
[1088/1904] Compiling aesni-x86-apple.S
[1089/1904] Compiling aesni-gcm-x86_64-apple.S
[1090/1904] Compiling aes-gcm-avx512-x86_64-apple.S
[1091/1904] Compiling aes-gcm-avx512-x86_64-linux.S
[1092/1904] Compiling aes-gcm-avx2-x86_64-apple.S
[1093/1904] Compiling aes-gcm-avx2-x86_64-linux.S
[1094/1904] Compiling xwing.cc
[1095/1904] Compiling x_x509a.cc
[1096/1904] Compiling x_spki.cc
[1097/1904] Compiling x_x509.cc
[1098/1904] Compiling x_sig.cc
[1099/1904] Compiling x_req.cc
[1100/1904] Compiling c-nioatomics.c
[1101/1904] Compiling x_crl.cc
[1102/1904] Compiling c-atomics.c
[1103/1904] Compiling x_exten.cc
[1104/1904] Compiling x_name.cc
[1105/1911] Compiling x_pubkey.cc
[1106/1911] Compiling x_attrib.cc
[1108/1911] Compiling NIOConcurrencyHelpers NIOThreadPoolWorkAvailable.swift
[1108/1911] Compiling x_all.cc
[1109/1911] Compiling x_algor.cc
[1111/1911] Compiling NIOConcurrencyHelpers NIOLock.swift
[1112/1911] Compiling NIOConcurrencyHelpers lock.swift
[1113/1911] Compiling NIOConcurrencyHelpers NIOLockedValueBox.swift
[1114/1911] Compiling NIOConcurrencyHelpers atomics.swift
[1115/1911] Compiling NIOConcurrencyHelpers NIOAtomic.swift
[1116/1911] Emitting module NIOConcurrencyHelpers
[1116/1912] Compiling x509spki.cc
[1118/1912] Compiling x509name.cc
[1119/1912] Compiling x509rset.cc
[1120/1912] Compiling x509_vpm.cc
[1121/1912] Wrapping AST for NIOConcurrencyHelpers for debugging
[1122/1912] Compiling x509cset.cc
[1123/1912] Compiling x509_v3.cc
[1124/1912] Compiling x509_vfy.cc
[1125/1912] Compiling x509_txt.cc
[1126/1912] Compiling x509_trs.cc
[1127/1912] Compiling x509_obj.cc
[1128/1912] Compiling x509_req.cc
[1129/1912] Compiling x509_set.cc
[1130/1912] Compiling x509_lu.cc
[1131/1912] Compiling x509_d2.cc
[1132/1912] Compiling x509_def.cc
[1133/1912] Compiling x509_ext.cc
[1134/1912] Compiling x509.cc
[1135/1912] Compiling x509_cmp.cc
[1136/1912] Compiling x509_att.cc
[1137/1912] Compiling v3_skey.cc
[1138/1912] Compiling v3_utl.cc
[1139/1912] Compiling v3_purp.cc
[1140/1912] Compiling v3_prn.cc
[1141/1912] Compiling v3_pmaps.cc
[1142/1912] Compiling v3_pcons.cc
[1143/1912] Compiling v3_lib.cc
[1144/1912] Compiling v3_ocsp.cc
[1145/1912] Compiling v3_ncons.cc
[1146/1912] Compiling v3_info.cc
[1147/1912] Compiling v3_int.cc
[1148/1912] Compiling v3_ia5.cc
[1149/1912] Compiling v3_genn.cc
[1150/1912] Compiling v3_crld.cc
[1151/1912] Compiling v3_extku.cc
[1152/1912] Compiling v3_cpols.cc
[1153/1912] Compiling v3_enum.cc
[1154/1912] Compiling v3_bcons.cc
[1155/1912] Compiling v3_conf.cc
[1156/1912] Compiling v3_bitst.cc
[1157/1912] Compiling v3_alt.cc
[1158/1912] Compiling v3_akeya.cc
[1159/1912] Compiling v3_akey.cc
[1160/1912] Compiling t_x509a.cc
[1161/1912] Compiling t_crl.cc
[1162/1912] Compiling t_req.cc
[1163/1912] Compiling policy.cc
[1164/1912] Compiling t_x509.cc
[1165/1912] Compiling rsa_pss.cc
[1166/1912] Compiling i2d_pr.cc
[1167/1912] Compiling name_print.cc
[1168/1912] Compiling by_dir.cc
[1169/1912] Compiling a_verify.cc
[1170/1912] Compiling by_file.cc
[1171/1912] Compiling algorithm.cc
[1172/1912] Compiling asn1_gen.cc
[1173/1912] Compiling a_digest.cc
[1174/1912] Compiling a_sign.cc
[1175/1912] Compiling voprf.cc
[1176/1912] Compiling thread_pthread.cc
[1177/1912] Compiling thread_none.cc
[1178/1912] Compiling thread_win.cc
[1179/1912] Compiling trust_token.cc
[1180/1912] Compiling thread.cc
[1181/1912] Compiling pmbtoken.cc
[1182/1912] Compiling stack.cc
[1183/1912] Compiling siphash.cc
[1184/1912] Compiling sha512.cc
[1185/1912] Compiling sha256.cc
[1186/1912] Compiling slhdsa.cc
[1187/1912] Compiling spake2plus.cc
[1188/1912] Compiling sha1.cc
[1189/1912] Compiling rsa_print.cc
[1190/1912] Compiling rsa_extra.cc
[1191/1912] Compiling rsa_crypt.cc
[1192/1912] Compiling rc4.cc
[1193/1912] Compiling refcount.cc
[1194/1912] Compiling windows.cc
[1195/1912] Compiling urandom.cc
[1196/1912] Compiling trusty.cc
[1197/1912] Compiling rand.cc
[1198/1912] Compiling passive.cc
[1199/1912] Compiling rsa_asn1.cc
[1200/1912] Compiling poly1305_arm_asm.S
[1201/1912] Compiling ios.cc
[1202/1912] Compiling getentropy.cc
[1203/1912] Compiling forkunsafe.cc
[1204/1912] Compiling deterministic.cc
[1205/1912] Compiling fork_detect.cc
[1206/1912] Compiling poly1305_vec.cc
[1207/1912] Compiling pool.cc
[1207/1912] Compiling poly1305_arm.cc
[1209/1912] Compiling poly1305.cc
[1210/1912] Compiling pkcs8.cc
[1211/1912] Compiling p5_pbev2.cc
[1212/1912] Compiling pkcs8_x509.cc
[1213/1912] Compiling pkcs7_x509.cc
[1214/1912] Compiling pkcs7.cc
[1215/1912] Compiling pem_xaux.cc
[1216/1912] Compiling pem_x509.cc
[1217/1912] Compiling pem_pkey.cc
[1218/1912] Compiling mlkem.cc
[1219/1912] Compiling pem_oth.cc
[1220/1912] Compiling pem_pk8.cc
[1221/1912] Compiling pem_lib.cc
[1221/1912] Compiling pem_info.cc
[1223/1912] Compiling obj_xref.cc
[1224/1912] Compiling pem_all.cc
[1225/1912] Compiling obj.cc
[1226/1912] Compiling poly_rq_mul.S
[1227/1912] Compiling mldsa.cc
[1228/1912] Compiling mem.cc
[1229/1912] Compiling fips_shared_support.cc
[1230/1912] Compiling lhash.cc
[1231/1912] Compiling md5.cc
[1232/1912] Compiling md4.cc
[1233/1912] Compiling kyber.cc
[1234/1912] Compiling fuzzer_mode.cc
[1235/1912] Compiling hrss.cc
[1236/1912] Compiling ex_data.cc
[1237/1912] Compiling hpke.cc
[1238/1912] Compiling scrypt.cc
[1239/1912] Compiling pbkdf.cc
[1240/1912] Compiling print.cc
[1241/1912] Compiling sign.cc
[1242/1912] Compiling p_x25519_asn1.cc
[1243/1912] Compiling p_x25519.cc
[1244/1912] Compiling p_rsa_asn1.cc
[1245/1912] Compiling p_rsa.cc
[1245/1912] Compiling p_ed25519_asn1.cc
[1245/1912] Compiling p_hkdf.cc
[1248/1912] Compiling p_ed25519.cc
[1249/1912] Compiling p_ec.cc
[1250/1912] Compiling p_ec_asn1.cc
[1251/1912] Compiling p_dsa_asn1.cc
[1252/1912] Compiling p_dh.cc
[1253/1912] Compiling p_dh_asn1.cc
[1254/1912] Compiling evp_ctx.cc
[1255/1912] Compiling err.cc
[1256/1912] Compiling evp_asn1.cc
[1257/1912] Compiling evp.cc
[1258/1912] Compiling engine.cc
[1259/1912] Compiling ecdsa_p1363.cc
[1260/1912] Compiling ecdh.cc
[1261/1912] Compiling ec_derive.cc
[1262/1912] Compiling ecdsa_asn1.cc
[1263/1912] Compiling hash_to_curve.cc
[1264/1912] Compiling ec_asn1.cc
[1265/1912] Compiling dsa_asn1.cc
[1266/1912] Compiling dsa.cc
[1267/1912] Compiling digest_extra.cc
[1268/1912] Compiling x25519-asm-arm.S
[1269/1912] Compiling params.cc
[1270/1912] Compiling des.cc
[1271/1912] Compiling dh_asn1.cc
[1272/1912] Compiling curve25519_64_adx.cc
[1273/1912] Compiling spake25519.cc
[1274/1912] Compiling curve25519.cc
[1275/1912] Compiling crypto.cc
[1276/1912] Compiling cpu_intel.cc
[1277/1912] Compiling cpu_arm_linux.cc
[1278/1912] Compiling cpu_aarch64_win.cc
[1279/1912] Compiling cpu_arm_freebsd.cc
[1280/1912] Compiling cpu_aarch64_sysreg.cc
[1281/1912] Compiling cpu_aarch64_openbsd.cc
[1282/1912] Compiling cpu_aarch64_linux.cc
[1283/1912] Compiling cpu_aarch64_fuchsia.cc
[1284/1912] Compiling cpu_aarch64_apple.cc
[1285/1912] Compiling tls_cbc.cc
[1286/1912] Compiling conf.cc
[1287/1912] Compiling get_cipher.cc
[1288/1912] Compiling e_tls.cc
[1289/1912] Compiling e_null.cc
[1289/1912] Compiling cms.cc
[1291/1912] Compiling e_rc4.cc
[1292/1912] Compiling e_rc2.cc
[1293/1912] Compiling e_des.cc
[1294/1912] Compiling e_chacha20poly1305.cc
[1295/1912] Compiling e_aeseax.cc
[1296/1912] Compiling derive_key.cc
[1297/1912] Compiling e_aesgcmsiv.cc
[1298/1912] Compiling e_aesctrhmac.cc
[1299/1912] Compiling chacha.cc
[1300/1912] Compiling unicode.cc
[1301/1912] Compiling buf.cc
[1302/1912] Compiling sqrt.cc
[1303/1912] Compiling cbb.cc
[1304/1912] Compiling cbs.cc
[1305/1912] Compiling ber.cc
[1306/1912] Compiling asn1_compat.cc
[1307/1912] Compiling exponentiation.cc
[1308/1912] Compiling div.cc
[1309/1912] Compiling bn_asn1.cc
[1310/1912] Compiling blake2.cc
[1311/1912] Compiling printf.cc
[1312/1912] Compiling pair.cc
[1313/1912] Compiling convert.cc
[1314/1912] Compiling hexdump.cc
[1315/1912] Compiling file.cc
[1316/1912] Compiling fd.cc
[1317/1912] Compiling errno.cc
[1318/1912] Compiling bio_mem.cc
[1319/1912] Compiling base64.cc
[1320/1912] Compiling bio.cc
[1321/1912] Compiling tasn_typ.cc
[1322/1912] Compiling tasn_utl.cc
[1323/1912] Compiling tasn_fre.cc
[1324/1912] Compiling tasn_enc.cc
[1325/1912] Compiling posix_time.cc
[1326/1912] Compiling tasn_new.cc
[1327/1912] Compiling tasn_dec.cc
[1328/1912] Compiling f_string.cc
[1329/1912] Compiling asn_pack.cc
[1329/1912] Compiling f_int.cc
[1331/1912] Compiling asn1_par.cc
[1332/1912] Compiling asn1_lib.cc
[1333/1912] Compiling a_utctm.cc
[1334/1912] Compiling bcm.cc
[1334/1912] Compiling a_octet.cc
[1334/1912] Write sources
[1371/1912] Compiling a_type.cc
[1372/1955] Compiling a_time.cc
[1373/1955] Compiling a_strnid.cc
[1375/1955] Compiling Atomics AtomicStorage.swift
[1376/1955] Compiling Atomics AtomicValue.swift
[1376/1957] Compiling a_strex.cc
[1378/1957] Compiling Atomics UnsafeAtomic.swift
[1379/1957] Compiling Atomics UnsafeAtomicLazyReference.swift
[1380/1957] Compiling Atomics ManagedAtomic.swift
[1381/1957] Compiling Atomics ManagedAtomicLazyReference.swift
[1382/1957] Compiling Atomics AtomicMemoryOrderings.swift
[1383/1957] Compiling Atomics DoubleWord.swift
[1384/1957] Compiling Atomics OptionalRawRepresentable.swift
[1385/1957] Compiling Atomics RawRepresentable.swift
[1386/1957] Compiling Atomics AtomicBool.swift
[1386/1957] Compiling a_dup.cc
[1387/1957] Compiling a_int.cc
[1388/1957] Compiling a_gentm.cc
[1390/1957] Compiling Atomics IntegerOperations.swift
[1391/1957] Compiling Atomics Unmanaged extensions.swift
[1392/1957] Compiling Atomics AtomicInteger.swift
[1393/1957] Compiling Atomics AtomicOptionalWrappable.swift
[1394/1957] Compiling Atomics AtomicReference.swift
[1395/1965] Compiling Atomics IntegerConformances.swift
[1396/1965] Compiling Atomics PointerConformances.swift
[1397/1965] Compiling Atomics Primitives.native.swift
[1402/1968] Compiling Algorithms Split.swift
[1403/1968] Compiling Algorithms Stride.swift
[1404/1968] Compiling Algorithms Suffix.swift
[1406/1968] Compiling Algorithms Reductions.swift
[1407/1968] Compiling Algorithms Rotate.swift
[1411/1968] Compiling CryptoBoringWrapper CryptoKitErrors_boring.swift
[1412/1968] Compiling CryptoBoringWrapper RandomBytes.swift
[1413/1968] Compiling CryptoBoringWrapper FiniteFieldArithmeticContext.swift
[1414/1968] Compiling Algorithms Trim.swift
[1415/1968] Compiling Algorithms Unique.swift
[1416/1968] Compiling Algorithms Windows.swift
[1417/1968] Compiling CryptoBoringWrapper EllipticCurvePoint.swift
[1418/1968] Emitting module CryptoBoringWrapper
[1419/1968] Compiling CryptoBoringWrapper EllipticCurve.swift
[1420/1968] Compiling CryptoBoringWrapper BoringSSLAEAD.swift
[1429/1968] Emitting module Atomics
[1430/1968] Compiling CryptoBoringWrapper ArbitraryPrecisionInteger.swift
[1431/1969] Wrapping AST for CryptoBoringWrapper for debugging
[1433/2053] Compiling Crypto ASN1BitString.swift
[1434/2053] Compiling Crypto ASN1Boolean.swift
[1435/2053] Compiling Crypto ASN1Identifier.swift
[1436/2054] Wrapping AST for Atomics for debugging
[1438/2118] Emitting module Algorithms
[1439/2119] Wrapping AST for Algorithms for debugging
[1441/2119] Compiling NIOCore NIOCoreSendableMetatype.swift
[1442/2119] Compiling NIOCore NIODecodedAsyncSequence.swift
[1443/2119] Compiling NIOCore NIOLoopBound.swift
[1444/2119] Compiling NIOCore NIOPooledRecvBufferAllocator.swift
[1445/2119] Compiling NIOCore NIOScheduledCallback.swift
[1446/2119] Compiling NIOCore NIOSendable.swift
[1447/2119] Compiling NIOCore NIOSplitLinesMessageDecoder.swift
[1448/2119] Compiling NIOCore NIOTransportAccessibleChannelCore.swift
[1449/2119] Compiling NIOCore RecvByteBufferAllocator.swift
[1450/2127] Compiling NIOCore ByteBuffer-binaryEncodedLengthPrefix.swift
[1451/2127] Compiling NIOCore ByteBuffer-conversions.swift
[1452/2127] Compiling NIOCore ByteBuffer-core.swift
[1453/2127] Compiling NIOCore ByteBuffer-hex.swift
[1454/2127] Compiling NIOCore ByteBuffer-int.swift
[1455/2127] Compiling NIOCore ByteBuffer-lengthPrefix.swift
[1456/2127] Compiling NIOCore ByteBuffer-multi-int.swift
[1457/2127] Compiling NIOCore ByteBuffer-quicBinaryEncodingStrategy.swift
[1458/2127] Compiling NIOCore ByteBuffer-views.swift
[1459/2127] Compiling NIOCore Channel.swift
[1460/2127] Compiling NIOCore ChannelHandler.swift
[1461/2127] Compiling NIOCore ChannelHandlers.swift
[1462/2138] Emitting module Crypto
[1463/2138] Compiling NIOCore AddressedEnvelope.swift
[1464/2138] Compiling NIOCore AsyncAwaitSupport.swift
[1465/2138] Compiling NIOCore AsyncChannel.swift
[1466/2138] Compiling NIOCore AsyncChannelHandler.swift
[1467/2138] Compiling NIOCore AsyncChannelInboundStream.swift
[1468/2138] Compiling NIOCore AsyncChannelOutboundWriter.swift
[1469/2138] Compiling NIOCore NIOAsyncSequenceProducer.swift
[1470/2138] Compiling NIOCore NIOAsyncSequenceProducerStrategies.swift
[1471/2138] Compiling NIOCore NIOAsyncWriter.swift
[1472/2138] Compiling NIOCore NIOThrowingAsyncSequenceProducer.swift
[1473/2138] Compiling NIOCore BSDSocketAPI.swift
[1474/2138] Compiling NIOCore ByteBuffer-aux.swift
[1475/2138] Compiling NIOCore IPProtocol.swift
[1476/2138] Compiling NIOCore IntegerBitPacking.swift
[1477/2138] Compiling NIOCore IntegerTypes.swift
[1478/2138] Compiling NIOCore Interfaces.swift
[1479/2138] Compiling NIOCore Linux.swift
[1480/2138] Compiling NIOCore MarkedCircularBuffer.swift
[1481/2138] Compiling NIOCore MulticastChannel.swift
[1482/2138] Compiling NIOCore NIOAny.swift
[1483/2138] Compiling NIOCore NIOCloseOnErrorHandler.swift
[1484/2138] Compiling NIOCore EventLoopFuture+Deprecated.swift
[1485/2138] Compiling NIOCore EventLoopFuture+WithEventLoop.swift
[1486/2138] Compiling NIOCore EventLoopFuture.swift
[1487/2138] Compiling NIOCore FileDescriptor.swift
[1488/2138] Compiling NIOCore FileHandle.swift
[1489/2138] Compiling NIOCore FileRegion.swift
[1490/2138] Compiling NIOCore GlobalSingletons.swift
[1491/2138] Compiling NIOCore IO.swift
[1492/2138] Compiling NIOCore IOData.swift
[1493/2138] Compiling NIOCore ChannelInvoker.swift
[1494/2138] Compiling NIOCore ChannelOption.swift
[1495/2138] Compiling NIOCore ChannelPipeline.swift
[1496/2138] Compiling NIOCore CircularBuffer.swift
[1497/2138] Compiling NIOCore Codec.swift
[1498/2138] Compiling NIOCore ConvenienceOptionSupport.swift
[1499/2138] Compiling NIOCore DeadChannel.swift
[1500/2138] Compiling NIOCore DispatchQueue+WithFuture.swift
[1501/2138] Compiling NIOCore EventLoop+Deprecated.swift
[1502/2138] Compiling NIOCore EventLoop+SerialExecutor.swift
[1503/2138] Compiling NIOCore EventLoop.swift
[1504/2138] Compiling NIOCore EventLoopFuture+AssumeIsolated.swift
[1516/2138] Compiling Crypto Insecure_HashFunctions.swift
[1517/2138] Compiling Crypto MLKEM_boring.swift
[1518/2138] Compiling Crypto MLKEM_wrapper.swift
[1519/2138] Compiling Crypto XWing_boring.swift
[1520/2138] Compiling Crypto KEM-Errors.swift
[1521/2138] Compiling Crypto KEM.swift
[1522/2138] Compiling Crypto MLKEM.swift
[1523/2138] Compiling Crypto XWing.swift
[1524/2138] Compiling Crypto ECDH_boring.swift
[1525/2138] Compiling Crypto DH.swift
[1526/2138] Compiling Crypto ECDH.swift
[1527/2138] Compiling Crypto ANSIx963.swift
[1532/2138] Compiling NIOCore SingleStepByteToMessageDecoder.swift
[1533/2138] Compiling NIOCore SocketAddresses.swift
[1534/2138] Compiling NIOCore SocketOptionProvider.swift
[1535/2138] Compiling NIOCore SystemCallHelpers.swift
[1536/2138] Compiling NIOCore TimeAmount+Duration.swift
[1537/2138] Compiling NIOCore TypeAssistedChannelHandler.swift
[1538/2138] Compiling NIOCore UniversalBootstrapSupport.swift
[1539/2138] Compiling NIOCore Utilities.swift
[1552/2138] Compiling Crypto Signature.swift
[1553/2138] Compiling Crypto CryptoKitErrors_boring.swift
[1554/2138] Compiling Crypto Optional+withUnsafeBytes_boring.swift
[1555/2138] Compiling Crypto RNG_boring.swift
[1556/2138] Compiling Crypto SafeCompare_boring.swift
[1557/2138] Compiling Crypto Zeroization_boring.swift
[1558/2138] Compiling Crypto _CryptoModuleAnchor.swift
[1559/2138] Compiling Crypto PrettyBytes.swift
[1560/2138] Compiling Crypto SafeCompare.swift
[1561/2138] Compiling Crypto SecureBytes.swift
[1562/2138] Compiling Crypto Zeroization.swift
[1563/2139] Wrapping AST for Crypto for debugging
[1565/2201] Compiling CryptoExtras CMAC.swift
[1566/2201] Compiling CryptoExtras ARC+API.swift
[1567/2201] Compiling CryptoExtras ARC.swift
[1568/2201] Compiling CryptoExtras ARCCredential.swift
[1569/2201] Compiling CryptoExtras ARCEncoding.swift
[1570/2201] Compiling CryptoExtras ARCPrecredential.swift
[1571/2201] Compiling CryptoExtras ARCPresentation.swift
[1572/2201] Compiling CryptoExtras ARCRequest.swift
[1573/2201] Compiling CryptoExtras ARCResponse.swift
[1574/2201] Compiling CryptoExtras PKCS8DERRepresentation.swift
[1575/2201] Compiling CryptoExtras PKCS8PrivateKey.swift
[1576/2201] Compiling CryptoExtras RFC8410AlgorithmIdentifier.swift
[1577/2201] Compiling CryptoExtras ECToolbox_boring.swift
[1578/2201] Compiling CryptoExtras ECToolbox.swift
[1579/2201] Compiling CryptoExtras HashToField.swift
[1580/2201] Compiling CryptoExtras KDF.swift
[1581/2201] Compiling CryptoExtras PBKDF2_boring.swift
[1582/2201] Compiling CryptoExtras PBKDF2_commoncrypto.swift
[1591/2201] Compiling CryptoExtras ARCServer.swift
[1592/2201] Compiling CryptoExtras ChaCha20CTR_boring.swift
[1593/2201] Compiling CryptoExtras ChaCha20CTR.swift
[1594/2201] Compiling CryptoExtras BoringSSLSHA512256Context.swift
[1595/2201] Compiling CryptoExtras BoringSSLSHA512256HashFunction.swift
[1596/2201] Compiling CryptoExtras SHA512256.swift
[1597/2201] Compiling CryptoExtras SHA512256Digest.swift
[1598/2201] Compiling CryptoExtras Curve25519+PEM.swift
[1599/2201] Compiling CryptoExtras ObjectIdentifier.swift
[1600/2209] Compiling CryptoExtras AES_CBC.swift
[1601/2209] Compiling CryptoExtras AES_CFB.swift
[1602/2209] Compiling CryptoExtras AES_CTR.swift
[1603/2209] Compiling CryptoExtras AES_GCM_SIV.swift
[1604/2209] Compiling CryptoExtras Block Function.swift
[1605/2209] Compiling CryptoExtras AES_CBC_boring.swift
[1606/2209] Compiling CryptoExtras AES_CFB_boring.swift
[1607/2209] Compiling CryptoExtras AES_CTR_boring.swift
[1608/2209] Compiling CryptoExtras AES_GCM_SIV_boring.swift
[1609/2209] Compiling CryptoExtras PBKDF2.swift
[1610/2209] Compiling CryptoExtras Scrypt_boring.swift
[1611/2209] Compiling CryptoExtras Scrypt.swift
[1612/2209] Compiling CryptoExtras OPRF.swift
[1613/2209] Compiling CryptoExtras OPRFClient.swift
[1614/2209] Compiling CryptoExtras OPRFServer.swift
[1615/2209] Compiling CryptoExtras VOPRF+API.swift
[1616/2209] Compiling CryptoExtras VOPRFClient.swift
[1617/2209] Compiling CryptoExtras VOPRFServer.swift
[1627/2209] Compiling CryptoExtras Data+Extensions.swift
[1628/2209] Compiling CryptoExtras DigestType.swift
[1629/2209] Compiling CryptoExtras Error.swift
[1630/2209] Compiling CryptoExtras I2OSP.swift
[1631/2209] Compiling CryptoExtras IntegerEncoding.swift
[1632/2209] Compiling CryptoExtras PEMDocument.swift
[1633/2209] Compiling CryptoExtras PrettyBytes.swift
[1634/2209] Compiling CryptoExtras SubjectPublicKeyInfo.swift
[1635/2209] Emitting module CryptoExtras
[1636/2209] Compiling CryptoExtras ThreadOps.swift
[1637/2209] Compiling CryptoExtras ThreadPosix.swift
[1638/2209] Compiling CryptoExtras ThreadSpecific.swift
[1639/2209] Compiling CryptoExtras ThreadWindows.swift
[1640/2209] Compiling CryptoExtras DLEQ.swift
[1641/2209] Compiling CryptoExtras Prover.swift
[1642/2209] Compiling CryptoExtras Verifier.swift
[1643/2209] Compiling CryptoExtras ZKPToolbox.swift
[1662/2209] Compiling CryptoExtras BoringSSLPassphraseCallbackManager.swift
[1663/2209] Compiling CryptoExtras RSA+BlindSigning.swift
[1664/2209] Compiling CryptoExtras RSA.swift
[1665/2209] Compiling CryptoExtras RSA_boring.swift
[1666/2209] Compiling CryptoExtras Reexport.swift
[1667/2209] Compiling CryptoExtras Zeroization_boring.swift
[1668/2209] Compiling CryptoExtras BoringSSLHelpers.swift
[1669/2209] Compiling CryptoExtras CryptoKitErrors_boring.swift
[1670/2212] Wrapping AST for CryptoExtras for debugging
[1672/2212] Compiling _CryptoExtras Exports.swift
[1673/2212] Emitting module _CryptoExtras
[1674/2213] Wrapping AST for _CryptoExtras for debugging
[1676/2308] Compiling X509 CertificationRequestInfo.swift
[1677/2308] Compiling X509 ExtensionRequest.swift
[1678/2308] Compiling X509 Certificate.swift
[1679/2308] Compiling X509 CertificatePrivateKey.swift
[1680/2308] Compiling X509 CertificatePublicKey.swift
[1681/2308] Compiling X509 CertificateSerialNumber.swift
[1682/2308] Compiling X509 CertificateVersion.swift
[1683/2308] Compiling X509 CMSAttribute.swift
[1684/2308] Compiling X509 CMSContentInfo.swift
[1685/2308] Emitting module NIOCore
[1687/2309] Compiling X509 DomainComponent.swift
[1688/2309] Compiling X509 EmailAddress.swift
[1689/2309] Compiling X509 LocalityName.swift
[1690/2309] Compiling X509 OrganizationName.swift
[1691/2309] Compiling X509 OrganizationalUnitName.swift
[1692/2309] Compiling X509 StateOrProvinceName.swift
[1693/2309] Compiling X509 StreetAddress.swift
[1694/2309] Compiling X509 Error.swift
[1695/2309] Compiling X509 AuthorityInformationAccess.swift
[1696/2309] Compiling X509 AuthorityKeyIdentifier.swift
[1697/2309] Compiling X509 BasicConstraints.swift
[1698/2309] Compiling X509 ExtendedKeyUsage.swift
[1699/2309] Compiling X509 ExtensionIdentifiers.swift
[1700/2309] Compiling X509 KeyUsage.swift
[1700/2326] Wrapping AST for NIOCore for debugging
[1702/2379] Compiling NIOFoundationEssentialsCompat Codable+ByteBuffer.swift
[1703/2379] Emitting module NIOEmbedded
[1704/2379] Compiling X509 OneOfPolicies.swift
[1705/2379] Compiling X509 PolicyBuilder.swift
[1706/2379] Compiling X509 BasicConstraintsPolicy.swift
[1707/2379] Compiling X509 DNSNames.swift
[1708/2379] Compiling X509 ExpiryPolicy.swift
[1709/2379] Compiling X509 IPConstraints.swift
[1710/2379] Compiling X509 NameConstraintsPolicy.swift
[1711/2379] Compiling X509 RFC5280Policy.swift
[1712/2379] Compiling X509 URIConstraints.swift
[1713/2379] Compiling X509 VersionPolicy.swift
[1714/2379] Compiling X509 ServerIdentityPolicy.swift
[1715/2379] Compiling X509 TrustRootLoading.swift
[1716/2379] Compiling X509 UnverifiedChain.swift
[1717/2379] Compiling NIOFoundationEssentialsCompat ByteBuffer-foundation.swift
[1718/2379] Emitting module NIOFoundationEssentialsCompat
[1720/2380] Compiling NIOPosix PipeChannel.swift
[1721/2380] Compiling NIOPosix PipePair.swift
[1722/2380] Compiling NIOPosix Pool.swift
[1723/2380] Compiling NIOPosix PosixSingletons+ConcurrencyTakeOver.swift
[1724/2380] Compiling NIOPosix PosixSingletons.swift
[1725/2380] Compiling NIOPosix RawSocketBootstrap.swift
[1726/2380] Compiling NIOPosix Resolver.swift
[1727/2380] Compiling NIOPosix SelectorWSAPoll.swift
[1728/2380] Compiling NIOPosix ServerSocket.swift
[1729/2380] Compiling NIOPosix Socket.swift
[1730/2380] Compiling NIOPosix SocketChannel.swift
[1731/2380] Compiling NIOPosix SocketProtocols.swift
[1732/2380] Compiling NIOPosix StructuredConcurrencyHelpers.swift
[1733/2380] Compiling X509 OCSPExtensionID.swift
[1734/2380] Compiling X509 OCSPNonce.swift
[1735/2380] Compiling X509 OCSPPolicy.swift
[1736/2380] Compiling X509 OCSPRequest.swift
[1737/2380] Compiling X509 OCSPResponse.swift
[1738/2380] Compiling X509 OCSPResponseBytes.swift
[1739/2380] Compiling X509 OCSPResponseData.swift
[1740/2380] Compiling X509 OCSPResponseStatus.swift
[1741/2380] Compiling X509 OCSPSignature.swift
[1742/2380] Compiling X509 OCSPSingleRequest.swift
[1743/2380] Compiling X509 OCSPSingleResponse.swift
[1744/2380] Compiling X509 OCSPTBSRequest.swift
[1745/2380] Compiling X509 OCSPVersion.swift
[1745/2380] Wrapping AST for NIOFoundationEssentialsCompat for debugging
[1747/2380] Compiling NIOPosix HappyEyeballs.swift
[1748/2380] Compiling NIOPosix IO.swift
[1749/2380] Compiling NIOPosix IntegerBitPacking.swift
[1750/2380] Compiling NIOPosix IntegerTypes.swift
[1751/2380] Compiling NIOPosix Linux.swift
[1752/2380] Compiling NIOPosix LinuxCPUSet.swift
[1753/2380] Compiling NIOPosix LinuxUring.swift
[1754/2380] Compiling NIOPosix MultiThreadedEventLoopGroup.swift
[1755/2380] Compiling NIOPosix NIOPosixSendableMetatype.swift
[1756/2380] Compiling NIOPosix NIORandomizedDNSResolver.swift
[1757/2380] Compiling NIOPosix NIOThreadPool.swift
[1758/2380] Compiling NIOPosix NonBlockingFileIO.swift
[1759/2380] Compiling NIOPosix PendingDatagramWritesManager.swift
[1760/2380] Compiling NIOPosix PendingWritesManager.swift
[1761/2380] Compiling X509 NameConstraints.swift
[1762/2380] Compiling X509 SubjectAlternativeName.swift
[1763/2380] Compiling X509 SubjectKeyIdentifier.swift
[1764/2380] Compiling X509 Extension.swift
[1765/2380] Compiling X509 Extensions.swift
[1766/2380] Compiling X509 ExtensionsBuilder.swift
[1767/2380] Compiling X509 GeneralName.swift
[1768/2380] Compiling X509 Lock.swift
[1769/2380] Compiling X509 LockedValueBox.swift
[1770/2380] Compiling X509 BasicOCSPResponse.swift
[1771/2380] Compiling X509 DirectoryString.swift
[1772/2380] Compiling X509 OCSPCertID.swift
[1773/2380] Compiling X509 OCSPCertStatus.swift
[1774/2380] Compiling NIOPosix BaseStreamSocketChannel.swift
[1775/2380] Compiling NIOPosix Bootstrap.swift
[1776/2380] Compiling NIOPosix ControlMessage.swift
[1777/2380] Compiling NIOPosix DatagramVectorReadManager.swift
[1778/2380] Compiling NIOPosix Errors+Any.swift
[1779/2380] Compiling NIOPosix FileDescriptor.swift
[1780/2380] Compiling NIOPosix GetaddrinfoResolver.swift
[1781/2380] Compiling NIOPosix BSDSocketAPICommon.swift
[1782/2380] Compiling NIOPosix BSDSocketAPIPosix.swift
[1783/2380] Compiling NIOPosix BSDSocketAPIWindows.swift
[1784/2380] Compiling NIOPosix BaseSocket.swift
[1785/2380] Compiling NIOPosix BaseSocketChannel+AccessibleTransport.swift
[1786/2380] Compiling NIOPosix BaseSocketChannel+SocketOptionProvider.swift
[1787/2380] Compiling NIOPosix BaseSocketChannel.swift
[1788/2380] Compiling NIOEmbedded AsyncTestingEventLoop.swift
[1789/2380] Compiling NIOEmbedded Embedded.swift
[1790/2380] Compiling NIOEmbedded AsyncTestingChannel.swift
[1798/2382] Wrapping AST for NIOEmbedded for debugging
[1800/2388] Emitting module X509
[1801/2388] Compiling NIOPosix Thread.swift
[1802/2388] Compiling NIOPosix ThreadPosix.swift
[1803/2388] Compiling NIOPosix ThreadWindows.swift
[1804/2388] Compiling NIOPosix Utilities.swift
[1805/2388] Compiling NIOPosix VsockAddress.swift
[1806/2388] Compiling NIOPosix VsockChannelEvents.swift
[1807/2388] Compiling NIOPosix Windows.swift
[1814/2388] Compiling NIOPosix System.swift
[1815/2388] Compiling NIOPosix Selectable.swift
[1816/2388] Compiling NIOPosix SelectableChannel.swift
[1817/2388] Compiling NIOPosix SelectableEventLoop.swift
[1818/2388] Compiling NIOPosix SelectorEpoll.swift
[1819/2388] Compiling NIOPosix SelectorGeneric.swift
[1820/2388] Compiling NIOPosix SelectorKqueue.swift
[1821/2388] Compiling NIOPosix SelectorUring.swift
[1836/2388] Emitting module NIOPosix
[1844/2388] Compiling X509 ValidatedCertificateChain.swift
[1845/2388] Compiling X509 VerificationDiagnostic.swift
[1846/2388] Compiling X509 Verifier.swift
[1847/2388] Compiling X509 VerifierPolicy.swift
[1848/2388] Compiling X509 AlgorithmIdentifier.swift
[1849/2388] Compiling X509 ECDSASignature.swift
[1850/2388] Compiling X509 RSAPKCS1PublicKey.swift
[1851/2388] Compiling X509 SubjectPublicKeyInfo.swift
[1852/2388] Compiling X509 TBSCertificate.swift
[1853/2388] Compiling X509 Time.swift
[1854/2388] Compiling X509 TimeCalculations.swift
[1855/2388] Compiling X509 Validity.swift
[1856/2388] Compiling X509 X509SendableMetatype.swift
[1857/2389] Wrapping AST for X509 for debugging
[1859/2456] Compiling JWTKit JWTSigner.swift
[1860/2456] Compiling JWTKit JWTKeyCollection+MLDSA.swift
[1861/2456] Compiling JWTKit MLDSA.swift
[1862/2456] Compiling JWTKit MLDSA65+MLDSAKey.swift
[1863/2456] Compiling JWTKit MLDSA87+MLDSAKey.swift
[1864/2456] Compiling JWTKit MLDSAError.swift
[1865/2456] Compiling JWTKit MLDSAKey.swift
[1866/2459] Wrapping AST for NIOPosix for debugging
[1868/2459] Emitting module NIO
[1869/2459] Compiling NIO Exports.swift
[1870/2459] Compiling JWTKit JWTSerializer.swift
[1878/2459] Compiling JWTKit MLDSASigner.swift
[1879/2469] Wrapping AST for NIO for debugging
[1881/2469] Compiling JWTKit LocaleClaim.swift
[1882/2469] Compiling JWTKit NotBeforeClaim.swift
[1883/2469] Compiling JWTKit SubjectClaim.swift
[1884/2469] Compiling JWTKit TenantIDClaim.swift
[1885/2469] Compiling JWTKit ECDSA.swift
[1886/2469] Compiling JWTKit ECDSACurve.swift
[1887/2469] Compiling JWTKit ECDSACurveType.swift
[1888/2469] Compiling JWTKit ECDSAError.swift
[1889/2469] Compiling JWTKit ECDSAKeyTypes.swift
[1890/2469] Compiling JWTKit ECDSASigner.swift
[1891/2471] Compiling NIOSOCKS SOCKSClientHandler.swift
[1892/2473] Compiling NIOSOCKS SOCKSServerHandshakeHandler.swift
[1893/2473] Compiling NIOSOCKS AuthenticationMethod.swift
[1894/2477] Compiling NIOSOCKS ClientGreeting.swift
[1895/2477] Compiling NIOSOCKS Messages.swift
[1896/2477] Compiling NIOSOCKS SOCKSRequest.swift
[1897/2477] Compiling JWTKit EdDSACurve.swift
[1898/2477] Compiling JWTKit EdDSAError.swift
[1899/2477] Compiling JWTKit EdDSASigner.swift
[1900/2477] Compiling JWTKit JWTKeyCollection+EdDSA.swift
[1901/2508] Emitting module JWTKit
[1902/2508] Compiling NIOFoundationCompat Exports.swift
[1903/2508] Compiling NIOFoundationCompat JSONSerialization+ByteBuffer.swift
[1904/2508] Compiling NIOTLS TLSEvents.swift
[1905/2508] Emitting module NIOTLS
[1906/2508] Compiling JWTKit HMAC.swift
[1907/2508] Compiling JWTKit HMACError.swift
[1908/2508] Compiling JWTKit HMACSigner.swift
[1909/2508] Compiling JWTKit JWTKeyCollection+HMAC.swift
[1910/2508] Compiling JWTKit Insecure.swift
[1911/2508] Compiling JWTKit JWK.swift
[1912/2508] Compiling JWTKit JWKIdentifier.swift
[1913/2508] Compiling JWTKit JWKS.swift
[1914/2508] Compiling JWTKit JWKSigner.swift
[1915/2508] Emitting module NIOSOCKS
[1916/2509] Compiling NIOSOCKS SOCKSResponse.swift
[1917/2509] Compiling NIOFoundationCompat WaitSpinningRunLoop.swift
[1918/2509] Emitting module NIOFoundationCompat
[1919/2510] Compiling NIOTLS ApplicationProtocolNegotiationHandler.swift
[1921/2510] Compiling NIOSOCKS ClientStateMachine.swift
[1922/2510] Compiling NIOSOCKS SelectedAuthenticationMethod.swift
[1923/2510] Compiling NIOHTTP1 HTTPServerRequestMethodQueue.swift
[1924/2510] Compiling NIOHTTP1 HTTPServerUpgradeHandler.swift
[1924/2510] Wrapping AST for NIOFoundationCompat for debugging
[1926/2510] Compiling NIOHTTP1 NIOHTTPClientUpgradeHandler.swift
[1927/2510] Compiling NIOHTTP1 NIOHTTPObjectAggregator.swift
[1928/2510] Compiling NIOSOCKS ServerStateMachine.swift
[1929/2510] Compiling NIOTLS ProtocolNegotiationHandlerStateMachine.swift
[1930/2510] Compiling NIOTLS NIOTypedApplicationProtocolNegotiationHandler.swift
[1931/2510] Compiling NIOTLS SNIHandler.swift
[1932/2510] Emitting module NIOHTTP1
[1933/2510] Compiling JWTKit MLDSAType.swift
[1934/2512] Compiling JWTKit JWTKeyCollection+UnsecuredNone.swift
[1935/2512] Compiling JWTKit UnsecuredNoneSigner.swift
[1936/2512] Compiling JWTKit JWTKeyCollection+RSA.swift
[1937/2512] Compiling JWTKit RSA.swift
[1938/2512] Compiling JWTKit RSAError.swift
[1939/2512] Compiling JWTKit RSASigner.swift
[1940/2512] Compiling JWTKit Base64URL.swift
[1941/2512] Compiling JWTKit CryptoSigner.swift
[1942/2512] Compiling JWTKit JWTAlgorithm.swift
[1943/2512] Compiling JWTKit JWTError.swift
[1944/2512] Compiling JWTKit JWTHeader+CommonFields.swift
[1945/2512] Compiling JWTKit JWTHeader.swift
[1946/2512] Compiling JWTKit JWTHeaderField.swift
[1947/2512] Compiling JWTKit JWTKeyCollection.swift
[1948/2512] Compiling JWTKit JWTParser+MandatoryVerificationFields.swift
[1949/2512] Compiling JWTKit JWTParser.swift
[1950/2512] Compiling JWTKit JWTPayload.swift
[1951/2512] Compiling JWTKit AudienceClaim.swift
[1952/2512] Compiling JWTKit BoolClaim.swift
[1953/2512] Compiling JWTKit ExpirationClaim.swift
[1954/2512] Compiling JWTKit GoogleHostedDomainClaim.swift
[1955/2512] Compiling JWTKit IDClaim.swift
[1956/2512] Compiling JWTKit IssuedAtClaim.swift
[1957/2512] Compiling JWTKit IssuerClaim.swift
[1958/2512] Compiling JWTKit JWTClaim.swift
[1959/2512] Compiling JWTKit JWTMultiValueClaim.swift
[1960/2512] Compiling JWTKit JWTUnixEpochClaim.swift
[1962/2513] Compiling NIOHTTP1 HTTPServerPipelineHandler.swift
[1963/2513] Compiling NIOHTTP1 HTTPServerProtocolErrorHandler.swift
[1964/2513] Compiling NIOHTTP1 ByteCollectionUtils.swift
[1965/2513] Compiling NIOHTTP1 HTTPDecoder.swift
[1966/2514] Wrapping AST for NIOTLS for debugging
[1967/2525] Wrapping AST for NIOSOCKS for debugging
[1969/2544] Compiling NIOSSL CustomPrivateKey.swift
[1970/2544] Compiling NIOSSL FreeBSDCABundle.swift
[1971/2544] Compiling NIOSSL SSLCertificateExtensions.swift
[1972/2544] Compiling NIOSSL SSLCertificateName.swift
[1973/2544] Compiling NIOSSL IdentityVerification.swift
[1974/2544] Compiling NIOSSL LinuxCABundle.swift
[1975/2544] Compiling NIOSSL NIOSSLServerHandler.swift
[1976/2544] Compiling NIOSSL ObjectIdentifier.swift
[1977/2544] Compiling NIOSSL PosixPort.swift
[1978/2544] Compiling NIOSSL SSLCallbacks.swift
[1979/2544] Compiling NIOSSL SSLCertificate.swift
[1980/2544] Compiling NIOSSL AndroidCABundle.swift
[1981/2544] Compiling NIOSSL ByteBufferBIO.swift
[1982/2544] Compiling JWTKit CustomizedJSONCoders.swift
[1983/2544] Compiling JWTKit Utilities.swift
[1984/2544] Compiling JWTKit AppleIdentityToken.swift
[1985/2544] Compiling JWTKit FirebaseAuthIdentityToken.swift
[1986/2544] Compiling JWTKit GoogleIdentityToken.swift
[1987/2544] Compiling JWTKit MicrosoftIdentityToken.swift
[1988/2544] Compiling JWTKit EmptyPolicy.swift
[1989/2544] Compiling JWTKit ValidationTimePayload.swift
[1990/2544] Compiling JWTKit X5CVerifier.swift
[1991/2545] Wrapping AST for JWTKit for debugging
[1993/2545] Compiling NIOSSL SSLConnection.swift
[1994/2545] Compiling NIOSSL SSLPrivateKey.swift
[1995/2545] Compiling NIOSSL NIOSSLClientHandler.swift
[1996/2545] Compiling NIOSSL NIOSSLHandler+Configuration.swift
[1997/2545] Compiling NIOSSL NIOSSLHandler.swift
[1998/2557] Wrapping AST for NIOHTTP1 for debugging
[2000/2563] Compiling NIOHTTPCompression HTTPRequestCompressor.swift
[2001/2563] Compiling NIOHPACK IndexedHeaderTable.swift
[2002/2563] Compiling NIOHPACK IntegerCoding.swift
[2003/2564] Compiling NIOHPACK HuffmanTables.swift
[2004/2564] Compiling NIOHPACK HPACKErrors.swift
[2008/2564] Compiling NIOSSL SubjectAlternativeName.swift
[2009/2564] Compiling NIOSSL NIOSSLSecureBytes.swift
[2010/2564] Compiling NIOSSL RNG.swift
[2011/2564] Compiling NIOSSL SafeCompare.swift
[2013/2568] Compiling NIOSSL SSLPublicKey.swift
[2014/2568] Compiling NIOSSL SecurityFrameworkCertificateVerification.swift
[2015/2568] Compiling NIOSSL String+unsafeUninitializedCapacity.swift
[2016/2568] Compiling NIOHTTPCompression HTTPDecompressor.swift
[2017/2568] Compiling NIOHTTPCompression HTTPResponseCompressor.swift
[2018/2568] Compiling NIOHPACK HuffmanCoding.swift
[2019/2568] Emitting module NIOHPACK
[2020/2568] Compiling NIOHTTPCompression HTTPCompression.swift
[2021/2568] Emitting module NIOHTTPCompression
[2022/2568] Compiling NIOHTTPCompression HTTPDecompression.swift
[2023/2569] Wrapping AST for NIOHTTPCompression for debugging
[2025/2569] Compiling NIOHPACK StaticHeaderTable.swift
[2026/2569] Emitting module NIOSSL
[2027/2569] Compiling NIOHPACK DynamicHeaderTable.swift
[2028/2569] Compiling NIOHPACK HPACKDecoder.swift
[2029/2569] Compiling NIOHPACK HPACKHeader.swift
[2030/2569] Compiling NIOHPACK HeaderTables.swift
[2031/2569] Compiling NIOHPACK HPACKEncoder.swift
[2038/2570] Wrapping AST for NIOHPACK for debugging
[2040/2633] Compiling NIOHTTP2 MaySendFrames.swift
[2041/2633] Compiling NIOHTTP2 SendingDataState.swift
[2042/2633] Compiling NIOHTTP2 SendingGoawayState.swift
[2043/2633] Compiling NIOHTTP2 SendingHeadersState.swift
[2044/2633] Compiling NIOHTTP2 SendingPushPromiseState.swift
[2045/2633] Compiling NIOHTTP2 SendingRstStreamState.swift
[2046/2633] Compiling NIOHTTP2 SendingWindowUpdateState.swift
[2047/2633] Compiling NIOHTTP2 HTTP2SettingsState.swift
[2048/2633] Compiling NIOHTTP2 HTTP2ConnectionStateChange.swift
[2049/2633] Compiling NIOHTTP2 HTTP2Error.swift
[2050/2633] Compiling NIOHTTP2 HTTP2ErrorCode.swift
[2051/2633] Compiling NIOHTTP2 HTTP2FlowControlWindow.swift
[2060/2633] Compiling NIOHTTP2 HasExtendedConnectSettings.swift
[2061/2641] Compiling NIOHTTP2 ConcurrentStreamBuffer.swift
[2062/2641] Compiling NIOHTTP2 ControlFrameBuffer.swift
[2063/2641] Compiling NIOHTTP2 OutboundFlowControlBuffer.swift
[2064/2641] Compiling NIOHTTP2 OutboundFrameBuffer.swift
[2065/2642] Wrapping AST for NIOSSL for debugging
[2067/2642] Emitting module NIOHTTP2
[2068/2642] Compiling NIOHTTP2 HTTP2StreamMultiplexer.swift
[2069/2642] Compiling NIOHTTP2 HTTP2ToHTTP1Codec.swift
[2070/2642] Compiling NIOHTTP2 HTTP2UserEvents.swift
[2071/2642] Compiling NIOHTTP2 InboundEventBuffer.swift
[2072/2642] Compiling NIOHTTP2 InboundWindowManager.swift
[2073/2642] Compiling NIOHTTP2 MultiplexerAbstractChannel.swift
[2074/2642] Compiling NIOHTTP2 NIOHTTP2FrameDelegate.swift
[2075/2642] Compiling NIOHTTP2 NIOHTTP2ServerConnectionManagementHandler+StateMachine.swift
[2076/2642] Compiling NIOHTTP2 ConnectionStateMachine.swift
[2077/2642] Compiling NIOHTTP2 ConnectionStreamsState.swift
[2078/2642] Compiling NIOHTTP2 MayReceiveFrames.swift
[2079/2642] Compiling NIOHTTP2 ReceivingDataState.swift
[2080/2642] Compiling NIOHTTP2 ReceivingGoAwayState.swift
[2081/2642] Compiling NIOHTTP2 ReceivingHeadersState.swift
[2082/2642] Compiling NIOHTTP2 ReceivingPushPromiseState.swift
[2083/2642] Compiling NIOHTTP2 ReceivingRstStreamState.swift
[2084/2642] Compiling NIOHTTP2 ReceivingWindowUpdateState.swift
[2085/2642] Compiling NIOHTTP2 DOSHeuristics.swift
[2086/2642] Compiling NIOHTTP2 Error+Any.swift
[2091/2642] Compiling NIOHTTP2 GlitchesMonitor.swift
[2092/2642] Compiling NIOHTTP2 HPACKHeaders+Validation.swift
[2093/2642] Compiling NIOHTTP2 HTTP2ChannelHandler+InboundStreamMultiplexer.swift
[2094/2642] Compiling NIOHTTP2 NIOHTTP2ServerConnectionManagementHandler.swift
[2095/2642] Compiling NIOHTTP2 StreamChannelFlowController.swift
[2096/2642] Compiling NIOHTTP2 StreamChannelList.swift
[2097/2642] Compiling NIOHTTP2 StreamMap.swift
[2098/2642] Compiling NIOHTTP2 StreamStateMachine.swift
[2099/2642] Compiling NIOHTTP2 Timer.swift
[2100/2642] Compiling NIOHTTP2 UnsafeTransfer.swift
[2101/2642] Compiling NIOHTTP2 WatermarkedFlowController.swift
[2102/2642] Compiling NIOHTTP2 HTTP2FrameParser.swift
[2103/2642] Compiling NIOHTTP2 HTTP2PingData.swift
[2104/2642] Compiling NIOHTTP2 HTTP2PipelineHelpers.swift
[2105/2642] Compiling NIOHTTP2 HTTP2Settings.swift
[2106/2642] Compiling NIOHTTP2 HTTP2Stream.swift
[2107/2642] Compiling NIOHTTP2 HTTP2StreamChannel+OutboundStreamMultiplexer.swift
[2108/2642] Compiling NIOHTTP2 HTTP2StreamChannel.swift
[2109/2642] Compiling NIOHTTP2 HTTP2StreamDelegate.swift
[2110/2642] Compiling NIOHTTP2 HTTP2StreamID.swift
[2111/2642] Compiling NIOHTTP2 HTTP2ChannelHandler+InlineStreamMultiplexer.swift
[2112/2642] Compiling NIOHTTP2 HTTP2ChannelHandler.swift
[2113/2642] Compiling NIOHTTP2 HTTP2CommonInboundStreamMultiplexer.swift
[2118/2642] Compiling NIOHTTP2 HTTP2Frame.swift
[2119/2642] Compiling NIOHTTP2 HTTP2FrameEncoder.swift
[2120/2642] Compiling NIOHTTP2 HasFlowControlWindows.swift
[2121/2642] Compiling NIOHTTP2 HasLocalSettings.swift
[2122/2642] Compiling NIOHTTP2 HasRemoteSettings.swift
[2123/2642] Compiling NIOHTTP2 LocallyQuiescingState.swift
[2124/2642] Compiling NIOHTTP2 QuiescingState.swift
[2125/2642] Compiling NIOHTTP2 RemotelyQuiescingState.swift
[2126/2642] Compiling NIOHTTP2 SendAndReceiveGoawayState.swift
[2127/2642] Compiling NIOHTTP2 StateMachineResult.swift
[2128/2642] Compiling NIOHTTP2 ContentLengthVerifier.swift
[2129/2643] Wrapping AST for NIOHTTP2 for debugging
[2131/2707] Emitting module AsyncHTTPClient
[2132/2715] Compiling AsyncHTTPClient HTTPClientResponse.swift
[2133/2715] Compiling AsyncHTTPClient SingleIteratorPrecondition.swift
[2134/2715] Compiling AsyncHTTPClient Transaction+StateMachine.swift
[2135/2715] Compiling AsyncHTTPClient Transaction.swift
[2136/2715] Compiling AsyncHTTPClient Base64.swift
[2137/2715] Compiling AsyncHTTPClient BasicAuth.swift
[2138/2715] Compiling AsyncHTTPClient BestEffortHashableTLSConfiguration.swift
[2139/2715] Compiling AsyncHTTPClient Configuration+BrowserLike.swift
[2140/2715] Compiling AsyncHTTPClient ConnectionPool.swift
[2141/2715] Compiling AsyncHTTPClient AnyAsyncSequence.swift
[2142/2715] Compiling AsyncHTTPClient AnyAsyncSequenceProucerDelete.swift
[2143/2715] Compiling AsyncHTTPClient AsyncLazySequence.swift
[2144/2715] Compiling AsyncHTTPClient HTTPClient+execute.swift
[2145/2715] Compiling AsyncHTTPClient HTTPClient+shutdown.swift
[2146/2715] Compiling AsyncHTTPClient HTTPClient+tracing.swift
[2147/2715] Compiling AsyncHTTPClient HTTPClientRequest+Prepared.swift
[2148/2715] Compiling AsyncHTTPClient HTTPClientRequest+auth.swift
[2149/2715] Compiling AsyncHTTPClient HTTPClientRequest.swift
[2150/2715] Compiling AsyncHTTPClient HTTPConnectionEvent.swift
[2151/2715] Compiling AsyncHTTPClient HTTPConnectionPool+Factory.swift
[2152/2715] Compiling AsyncHTTPClient HTTPConnectionPool+Manager.swift
[2153/2715] Compiling AsyncHTTPClient HTTPConnectionPool.swift
[2154/2715] Compiling AsyncHTTPClient HTTPExecutableRequest.swift
[2155/2715] Compiling AsyncHTTPClient HTTPRequestStateMachine+Demand.swift
[2156/2715] Compiling AsyncHTTPClient HTTPRequestStateMachine.swift
[2157/2715] Compiling AsyncHTTPClient RequestBodyLength.swift
[2158/2715] Compiling AsyncHTTPClient RequestFramingMetadata.swift
[2159/2715] Compiling AsyncHTTPClient HTTP1ProxyConnectHandler.swift
[2160/2715] Compiling AsyncHTTPClient SOCKSEventsHandler.swift
[2161/2715] Compiling AsyncHTTPClient TLSEventsHandler.swift
[2162/2715] Compiling AsyncHTTPClient HTTP1ClientChannelHandler.swift
[2163/2715] Compiling AsyncHTTPClient HTTP1Connection.swift
[2164/2715] Compiling AsyncHTTPClient HTTP1ConnectionStateMachine.swift
[2165/2715] Compiling AsyncHTTPClient HTTP2ClientRequestHandler.swift
[2166/2715] Compiling AsyncHTTPClient HTTP2Connection.swift
[2167/2715] Compiling AsyncHTTPClient HTTP2IdleHandler.swift
[2168/2715] Compiling AsyncHTTPClient LRUCache.swift
[2169/2715] Compiling AsyncHTTPClient NIOLoopBound+Execute.swift
[2170/2715] Compiling AsyncHTTPClient NWErrorHandler.swift
[2171/2715] Compiling AsyncHTTPClient NWWaitingHandler.swift
[2172/2715] Compiling AsyncHTTPClient TLSConfiguration.swift
[2173/2715] Compiling AsyncHTTPClient RedirectState.swift
[2174/2715] Compiling AsyncHTTPClient RequestBag+StateMachine.swift
[2175/2715] Compiling AsyncHTTPClient RequestBag+Tracing.swift
[2176/2715] Compiling AsyncHTTPClient RequestBag.swift
[2177/2715] Compiling AsyncHTTPClient RequestValidation.swift
[2178/2715] Compiling AsyncHTTPClient SSLContextCache.swift
[2179/2715] Compiling AsyncHTTPClient Scheme.swift
[2180/2715] Compiling AsyncHTTPClient Singleton.swift
[2181/2715] Compiling AsyncHTTPClient StringConvertibleInstances.swift
[2182/2715] Compiling AsyncHTTPClient StructuredConcurrencyHelpers.swift
[2183/2715] Compiling AsyncHTTPClient TracingSupport.swift
[2184/2715] Compiling AsyncHTTPClient Utils.swift
[2185/2715] Compiling AsyncHTTPClient RequestOptions.swift
[2186/2715] Compiling AsyncHTTPClient HTTPConnectionPool+Backoff.swift
[2187/2715] Compiling AsyncHTTPClient HTTPConnectionPool+HTTP1Connections.swift
[2188/2715] Compiling AsyncHTTPClient HTTPConnectionPool+HTTP1StateMachine.swift
[2189/2715] Compiling AsyncHTTPClient HTTPConnectionPool+HTTP2Connections.swift
[2190/2715] Compiling AsyncHTTPClient HTTPConnectionPool+HTTP2StateMachine.swift
[2191/2715] Compiling AsyncHTTPClient HTTPConnectionPool+RequestQueue.swift
[2192/2715] Compiling AsyncHTTPClient HTTPConnectionPool+StateMachine.swift
[2193/2715] Compiling AsyncHTTPClient ConnectionTarget.swift
[2194/2715] Compiling AsyncHTTPClient DeconstructedURL.swift
[2195/2715] Compiling AsyncHTTPClient FileDownloadDelegate.swift
[2196/2715] Compiling AsyncHTTPClient FoundationExtensions.swift
[2197/2715] Compiling AsyncHTTPClient HTTPClient+HTTPCookie.swift
[2198/2715] Compiling AsyncHTTPClient HTTPClient+Proxy.swift
[2199/2715] Compiling AsyncHTTPClient HTTPClient+StructuredConcurrency.swift
[2200/2715] Compiling AsyncHTTPClient HTTPClient.swift
[2201/2715] Compiling AsyncHTTPClient HTTPClientConfiguration+SwiftConfiguration.swift
[2202/2715] Compiling AsyncHTTPClient HTTPHandler.swift
[2203/2716] Wrapping AST for AsyncHTTPClient for debugging
[2205/2739] Emitting module GoogleAuth
[2206/2742] Compiling GoogleAuth ADC.swift
[2207/2742] Compiling GoogleAuth ADCPath.swift
[2208/2742] Compiling GoogleAuth ADCResolver.swift
[2209/2742] Compiling GoogleAuth AuthHeaders.swift
[2210/2742] Compiling GoogleAuth UserAccountData.swift
[2211/2742] Compiling GoogleAuth UserAccountTokenProvider.swift
[2212/2742] Compiling GoogleAuth UserCredentials.swift
[2213/2742] Compiling GoogleAuth SubjectTokenProvider.swift
[2214/2742] Compiling GoogleAuth MDSAccessTokenProvider.swift
[2215/2742] Compiling GoogleAuth MDSCredentials.swift
[2216/2742] Compiling GoogleAuth ServiceAccountCredentials.swift
[2217/2742] Compiling GoogleAuth ServiceAccountData.swift
[2218/2742] Compiling GoogleAuth ServiceAccountTokenProvider.swift
[2219/2742] Compiling GoogleAuth AuthHTTPClient.swift
[2220/2742] Compiling GoogleAuth AuthHTTPError.swift
[2221/2742] Compiling GoogleAuth RetryEngine.swift
[2222/2742] Compiling GoogleAuth CredentialParserRegistry.swift
[2223/2742] Compiling GoogleAuth Credentials.swift
[2224/2742] Compiling GoogleAuth CredentialsError.swift
[2225/2742] Compiling GoogleAuth AnonymousCredentials.swift
[2226/2742] Compiling GoogleAuth ApiKeyCredentials.swift
[2227/2742] Compiling GoogleAuth ExternalAccountCredentials.swift
[2228/2742] Compiling GoogleAuth STSHandler.swift
[2229/2742] Compiling GoogleAuth TokenCache.swift
[2230/2742] Compiling GoogleAuth PackageVersion.swift
[2231/2743] Wrapping AST for GoogleAuth for debugging
[2233/2801] Compiling GoogleGax Pagination.swift
/host/spi-builder-workspace/.build/checkouts/swift-google-gax/Sources/GoogleGax/Pagination.swift:44:22: error: cannot convert '@Sendable (String) async throws -> (response: ResponseType, items: [Item], nextToken: String)' to 'nonisolated(nonsending) @Sendable (String) async throws -> (response: ResponseType, items: [Item], nextToken: String)' because crossing of an isolation boundary requires parameter and result types to conform to 'Sendable' protocol
 42 |   ) where ResponseType: _PaginatedResponse<Item> {
 43 |     self.initialPageToken = initialPageToken ?? ""
 44 |     self.fetchPage = { token in
    |                      |- error: cannot convert '@Sendable (String) async throws -> (response: ResponseType, items: [Item], nextToken: String)' to 'nonisolated(nonsending) @Sendable (String) async throws -> (response: ResponseType, items: [Item], nextToken: String)' because crossing of an isolation boundary requires parameter and result types to conform to 'Sendable' protocol
    |                      `- note: type 'Item' does not conform to 'Sendable' protocol
 45 |       let response = try await listRpc(token)
 46 |       return (response, response._getPaginatedItems(), response._nextPageToken())
[2234/2801] Compiling GoogleGax PollingBackoffPolicy.swift
/host/spi-builder-workspace/.build/checkouts/swift-google-gax/Sources/GoogleGax/Pagination.swift:44:22: error: cannot convert '@Sendable (String) async throws -> (response: ResponseType, items: [Item], nextToken: String)' to 'nonisolated(nonsending) @Sendable (String) async throws -> (response: ResponseType, items: [Item], nextToken: String)' because crossing of an isolation boundary requires parameter and result types to conform to 'Sendable' protocol
 42 |   ) where ResponseType: _PaginatedResponse<Item> {
 43 |     self.initialPageToken = initialPageToken ?? ""
 44 |     self.fetchPage = { token in
    |                      |- error: cannot convert '@Sendable (String) async throws -> (response: ResponseType, items: [Item], nextToken: String)' to 'nonisolated(nonsending) @Sendable (String) async throws -> (response: ResponseType, items: [Item], nextToken: String)' because crossing of an isolation boundary requires parameter and result types to conform to 'Sendable' protocol
    |                      `- note: type 'Item' does not conform to 'Sendable' protocol
 45 |       let response = try await listRpc(token)
 46 |       return (response, response._getPaginatedItems(), response._nextPageToken())
[2235/2801] Compiling GoogleGax PollingErrorPolicy.swift
/host/spi-builder-workspace/.build/checkouts/swift-google-gax/Sources/GoogleGax/Pagination.swift:44:22: error: cannot convert '@Sendable (String) async throws -> (response: ResponseType, items: [Item], nextToken: String)' to 'nonisolated(nonsending) @Sendable (String) async throws -> (response: ResponseType, items: [Item], nextToken: String)' because crossing of an isolation boundary requires parameter and result types to conform to 'Sendable' protocol
 42 |   ) where ResponseType: _PaginatedResponse<Item> {
 43 |     self.initialPageToken = initialPageToken ?? ""
 44 |     self.fetchPage = { token in
    |                      |- error: cannot convert '@Sendable (String) async throws -> (response: ResponseType, items: [Item], nextToken: String)' to 'nonisolated(nonsending) @Sendable (String) async throws -> (response: ResponseType, items: [Item], nextToken: String)' because crossing of an isolation boundary requires parameter and result types to conform to 'Sendable' protocol
    |                      `- note: type 'Item' does not conform to 'Sendable' protocol
 45 |       let response = try await listRpc(token)
 46 |       return (response, response._getPaginatedItems(), response._nextPageToken())
[2236/2801] Compiling GoogleGax PollingResult.swift
/host/spi-builder-workspace/.build/checkouts/swift-google-gax/Sources/GoogleGax/Pagination.swift:44:22: error: cannot convert '@Sendable (String) async throws -> (response: ResponseType, items: [Item], nextToken: String)' to 'nonisolated(nonsending) @Sendable (String) async throws -> (response: ResponseType, items: [Item], nextToken: String)' because crossing of an isolation boundary requires parameter and result types to conform to 'Sendable' protocol
 42 |   ) where ResponseType: _PaginatedResponse<Item> {
 43 |     self.initialPageToken = initialPageToken ?? ""
 44 |     self.fetchPage = { token in
    |                      |- error: cannot convert '@Sendable (String) async throws -> (response: ResponseType, items: [Item], nextToken: String)' to 'nonisolated(nonsending) @Sendable (String) async throws -> (response: ResponseType, items: [Item], nextToken: String)' because crossing of an isolation boundary requires parameter and result types to conform to 'Sendable' protocol
    |                      `- note: type 'Item' does not conform to 'Sendable' protocol
 45 |       let response = try await listRpc(token)
 46 |       return (response, response._getPaginatedItems(), response._nextPageToken())
[2237/2801] Compiling GoogleGax PollingState.swift
/host/spi-builder-workspace/.build/checkouts/swift-google-gax/Sources/GoogleGax/Pagination.swift:44:22: error: cannot convert '@Sendable (String) async throws -> (response: ResponseType, items: [Item], nextToken: String)' to 'nonisolated(nonsending) @Sendable (String) async throws -> (response: ResponseType, items: [Item], nextToken: String)' because crossing of an isolation boundary requires parameter and result types to conform to 'Sendable' protocol
 42 |   ) where ResponseType: _PaginatedResponse<Item> {
 43 |     self.initialPageToken = initialPageToken ?? ""
 44 |     self.fetchPage = { token in
    |                      |- error: cannot convert '@Sendable (String) async throws -> (response: ResponseType, items: [Item], nextToken: String)' to 'nonisolated(nonsending) @Sendable (String) async throws -> (response: ResponseType, items: [Item], nextToken: String)' because crossing of an isolation boundary requires parameter and result types to conform to 'Sendable' protocol
    |                      `- note: type 'Item' does not conform to 'Sendable' protocol
 45 |       let response = try await listRpc(token)
 46 |       return (response, response._getPaginatedItems(), response._nextPageToken())
[2238/2801] Compiling GoogleGax ProtobufConversionError.swift
/host/spi-builder-workspace/.build/checkouts/swift-google-gax/Sources/GoogleGax/Pagination.swift:44:22: error: cannot convert '@Sendable (String) async throws -> (response: ResponseType, items: [Item], nextToken: String)' to 'nonisolated(nonsending) @Sendable (String) async throws -> (response: ResponseType, items: [Item], nextToken: String)' because crossing of an isolation boundary requires parameter and result types to conform to 'Sendable' protocol
 42 |   ) where ResponseType: _PaginatedResponse<Item> {
 43 |     self.initialPageToken = initialPageToken ?? ""
 44 |     self.fetchPage = { token in
    |                      |- error: cannot convert '@Sendable (String) async throws -> (response: ResponseType, items: [Item], nextToken: String)' to 'nonisolated(nonsending) @Sendable (String) async throws -> (response: ResponseType, items: [Item], nextToken: String)' because crossing of an isolation boundary requires parameter and result types to conform to 'Sendable' protocol
    |                      `- note: type 'Item' does not conform to 'Sendable' protocol
 45 |       let response = try await listRpc(token)
 46 |       return (response, response._getPaginatedItems(), response._nextPageToken())
[2239/2801] Compiling GoogleGax QueryParameter.swift
/host/spi-builder-workspace/.build/checkouts/swift-google-gax/Sources/GoogleGax/Pagination.swift:44:22: error: cannot convert '@Sendable (String) async throws -> (response: ResponseType, items: [Item], nextToken: String)' to 'nonisolated(nonsending) @Sendable (String) async throws -> (response: ResponseType, items: [Item], nextToken: String)' because crossing of an isolation boundary requires parameter and result types to conform to 'Sendable' protocol
 42 |   ) where ResponseType: _PaginatedResponse<Item> {
 43 |     self.initialPageToken = initialPageToken ?? ""
 44 |     self.fetchPage = { token in
    |                      |- error: cannot convert '@Sendable (String) async throws -> (response: ResponseType, items: [Item], nextToken: String)' to 'nonisolated(nonsending) @Sendable (String) async throws -> (response: ResponseType, items: [Item], nextToken: String)' because crossing of an isolation boundary requires parameter and result types to conform to 'Sendable' protocol
    |                      `- note: type 'Item' does not conform to 'Sendable' protocol
 45 |       let response = try await listRpc(token)
 46 |       return (response, response._getPaginatedItems(), response._nextPageToken())
[2240/2801] Compiling GoogleGax RequestError.swift
/host/spi-builder-workspace/.build/checkouts/swift-google-gax/Sources/GoogleGax/Pagination.swift:44:22: error: cannot convert '@Sendable (String) async throws -> (response: ResponseType, items: [Item], nextToken: String)' to 'nonisolated(nonsending) @Sendable (String) async throws -> (response: ResponseType, items: [Item], nextToken: String)' because crossing of an isolation boundary requires parameter and result types to conform to 'Sendable' protocol
 42 |   ) where ResponseType: _PaginatedResponse<Item> {
 43 |     self.initialPageToken = initialPageToken ?? ""
 44 |     self.fetchPage = { token in
    |                      |- error: cannot convert '@Sendable (String) async throws -> (response: ResponseType, items: [Item], nextToken: String)' to 'nonisolated(nonsending) @Sendable (String) async throws -> (response: ResponseType, items: [Item], nextToken: String)' because crossing of an isolation boundary requires parameter and result types to conform to 'Sendable' protocol
    |                      `- note: type 'Item' does not conform to 'Sendable' protocol
 45 |       let response = try await listRpc(token)
 46 |       return (response, response._getPaginatedItems(), response._nextPageToken())
[2241/2809] Compiling GoogleGax LimitedAttemptCount+PollingErrorPolicy.swift
[2242/2809] Compiling GoogleGax LimitedAttemptCount+RetryPolicy.swift
[2243/2809] Compiling GoogleGax LimitedAttemptCount.swift
[2244/2809] Compiling GoogleGax LimitedElapsedTime+PollingErrorPolicy.swift
[2245/2809] Compiling GoogleGax LimitedElapsedTime+RetryPolicy.swift
[2246/2809] Compiling GoogleGax LimitedElapsedTime.swift
[2247/2809] Compiling GoogleGax LongRunningOperations.swift
[2248/2809] Compiling GoogleGax NeverRetry.swift
[2249/2809] Emitting module GoogleGax
[2250/2809] Compiling GoogleGax RequestOptions.swift
[2251/2809] Compiling GoogleGax RetryLoop.swift
[2252/2809] Compiling GoogleGax RetryPolicy.swift
[2253/2809] Compiling GoogleGax RetryResult.swift
[2254/2809] Compiling GoogleGax RetryState.swift
[2255/2809] Compiling GoogleGax RetryThrottler.swift
[2256/2809] Compiling GoogleGax RetryThrottlerError.swift
[2257/2809] Compiling GoogleGax RoutingMatcher.swift
[2258/2809] Compiling GoogleGax ContinueOnIO.swift
[2259/2809] Compiling GoogleGax CredentialsProtocol.swift
[2260/2809] Compiling GoogleGax ErrorWrapper.swift
[2261/2809] Compiling GoogleGax ExponentialBackoff+BackoffPolicy.swift
[2262/2809] Compiling GoogleGax ExponentialBackoff+PollingBackoffPolicy.swift
[2263/2809] Compiling GoogleGax ExponentialBackoff.swift
[2264/2809] Compiling GoogleGax HTTPClient.swift
[2265/2809] Compiling GoogleGax HTTPClientHolder.swift
[2266/2809] Compiling GoogleGax AIP194+PollingErrorPolicy.swift
[2267/2809] Compiling GoogleGax AIP194+RetryPolicy.swift
[2268/2809] Compiling GoogleGax AIP194.swift
[2269/2809] Compiling GoogleGax AdaptiveThrottler.swift
[2270/2809] Compiling GoogleGax AlwaysPoll.swift
[2271/2809] Compiling GoogleGax AlwaysRetry.swift
[2272/2809] Compiling GoogleGax ApiClientHeader.swift
[2273/2809] Compiling GoogleGax BackoffPolicy.swift
[2274/2809] Compiling GoogleGax BasePollingErrorPolicy.swift
[2275/2809] Compiling GoogleGax ServiceError.swift
[2276/2809] Compiling GoogleGax StatusDetail.swift
[2277/2809] Compiling GoogleGax StrictIdempotency.swift
[2278/2809] Compiling GoogleGax ThrottleResult.swift
[2279/2809] Compiling GoogleGax TooManyRequests+PollingErrorPolicy.swift
[2280/2809] Compiling GoogleGax TooManyRequests+RetryPolicy.swift
[2281/2809] Compiling GoogleGax TooManyRequests.swift
[2282/2809] Compiling GoogleGax PackageVersion.swift
[2283/2809] Compiling GoogleGax HTTPClientProtocol.swift
[2284/2809] Compiling GoogleGax HTTPClientRequest.swift
[2285/2809] Compiling GoogleGax HTTPClientResponse.swift
[2286/2809] Compiling GoogleGax HTTPHeaders.swift
[2287/2809] Compiling GoogleGax HTTPResponseBody.swift
[2288/2809] Compiling GoogleGax HeaderNames.swift
[2289/2809] Compiling GoogleGax Host.swift
[2290/2809] Compiling GoogleGax InProgressResult.swift
[2291/2809] Compiling GoogleGax BaseRetryPolicy.swift
[2292/2809] Compiling GoogleGax BindingError.swift
[2293/2809] Compiling GoogleGax CRC32C.swift
[2294/2809] Compiling GoogleGax CircuitBreaker.swift
[2295/2809] Compiling GoogleGax ClientError.swift
[2296/2809] Compiling GoogleGax ClientOptions.swift
[2297/2809] Compiling GoogleGax ContinueOnIO+PollingErrorPolicy.swift
[2298/2809] Compiling GoogleGax ContinueOnIO+RetryPolicy.swift
BUILD FAILURE 6.2 android