The Swift Package Index logo.Swift Package Index

Build Information

Failed to build StringTransform, reference 0.4.0 (eaae81), with Swift 6.4 for Linux on 17 Sep 2026 18:01:06 UTC.

Build Command

bash -c docker run --pull=always --rm -v "checkouts-53886769-0":/host -w "$PWD" -e JAVA_HOME="/root/.sdkman/candidates/java/current" -e SPI_BUILD="1" -e SPI_PROCESSING="1" registry.gitlab.com/saguaro1/spi-images:basic-6.4-latest swift build --triple x86_64-unknown-linux-gnu 2>&1

Build Log

========================================
RunAll
========================================
Builder version: 5.1.0
Interrupt handler set up.
========================================
Checkout
========================================
Clone URL: https://github.com/uhooi/swift-string-transform.git
Reference: 0.4.0
Initialized empty Git repository in /host/spi-builder-workspace/.git/
hint: Using 'master' as the name for the initial branch. This default branch name
hint: is subject to change. To configure the initial branch name to use in all
hint: of your new repositories, which will suppress this warning, call:
hint:
hint: 	git config --global init.defaultBranch <name>
hint:
hint: Names commonly chosen instead of 'master' are 'main', 'trunk' and
hint: 'development'. The just-created branch can be renamed via this command:
hint:
hint: 	git branch -m <name>
From https://github.com/uhooi/swift-string-transform
 * tag               0.4.0      -> FETCH_HEAD
HEAD is now at eaae810 Merge pull request #10 from uhooi/release/0.4.0
Cloned https://github.com/uhooi/swift-string-transform.git
Revision (git rev-parse @):
eaae81024f171429a691548d2026c8f7a6424496
SUCCESS checkout https://github.com/uhooi/swift-string-transform.git at 0.4.0
========================================
Build
========================================
Selected platform:         linux
Swift version:             6.4
Building package at path:  $PWD
https://github.com/uhooi/swift-string-transform.git
Running build ...
bash -c docker run --pull=always --rm -v "checkouts-53886769-0":/host -w "$PWD" -e JAVA_HOME="/root/.sdkman/candidates/java/current" -e SPI_BUILD="1" -e SPI_PROCESSING="1" registry.gitlab.com/saguaro1/spi-images:basic-6.4-latest swift build --triple x86_64-unknown-linux-gnu 2>&1
basic-6.4-latest: Pulling from saguaro1/spi-images
Digest: sha256:c77fcce225e223ac0fafed844619173fc6de8d62dd560eeb28db3182af6a282b
Status: Image is up to date for registry.gitlab.com/saguaro1/spi-images:basic-6.4-latest
Building for debugging...
[Planning deferred tasks]
[21 / 29] StringTransform
error: SwiftCompile normal x86_64 /host/spi-builder-workspace/Sources/StringTransform/String+Transform.swift failed with a nonzero exit code. Command line:     cd /host
    builtin-SwiftPerFileCompile String+Transform.swift
/host/spi-builder-workspace/Sources/StringTransform/String+Transform.swift:9:9: error: cannot find 'applyingTransform' in scope
 7 |     /// - SeeAlso: ``toHiragana()``
 8 |     public func toKatakana() -> String? {
 9 |         applyingTransform(.hiraganaToKatakana, reverse: false)
   |         `- error: cannot find 'applyingTransform' in scope
10 |     }
11 |
/host/spi-builder-workspace/Sources/StringTransform/String+Transform.swift:16:9: error: cannot find 'applyingTransform' in scope
14 |     /// - SeeAlso: ``toKatakana()``
15 |     public func toHiragana() -> String? {
16 |         applyingTransform(.hiraganaToKatakana, reverse: true)
   |         `- error: cannot find 'applyingTransform' in scope
17 |     }
18 | }
Failed frontend command:
/usr/bin/swift-frontend -frontend -c -primary-file /host/spi-builder-workspace/Sources/StringTransform/String+Transform.swift -emit-dependencies-path /host/spi-builder-workspace/.build/out/Intermediates.noindex/StringTransform.build/Debug-linux-x86_64/StringTransform-t.build/Objects-normal/x86_64/String+Transform.d -emit-const-values-path /host/spi-builder-workspace/.build/out/Intermediates.noindex/StringTransform.build/Debug-linux-x86_64/StringTransform-t.build/Objects-normal/x86_64/String+Transform.swiftconstvalues -emit-reference-dependencies-path /host/spi-builder-workspace/.build/out/Intermediates.noindex/StringTransform.build/Debug-linux-x86_64/StringTransform-t.build/Objects-normal/x86_64/String+Transform.swiftdeps -serialize-diagnostics-path /host/spi-builder-workspace/.build/out/Intermediates.noindex/StringTransform.build/Debug-linux-x86_64/StringTransform-t.build/Objects-normal/x86_64/String+Transform.dia -target x86_64-unknown-linux-gnu -disable-objc-interop -I /host/spi-builder-workspace/.build/out/Products/Debug-linux-x86_64 -module-cache-path /host/spi-builder-workspace/.build/out/ModuleCache.noindex -color-diagnostics -Xcc -fcolor-diagnostics -enable-testing -g -debug-info-format\=dwarf -dwarf-version\=4 -swift-version 5 -Onone -D SWIFT_PACKAGE -D DEBUG -D SWIFT_MODULE_RESOURCE_BUNDLE_UNAVAILABLE -D Xcode -serialize-debugging-options -enable-experimental-feature DebugDescriptionMacro -empty-abi-descriptor -external-plugin-path /usr/lib/swift/host/plugins/testing\#/usr/bin/swift-plugin-server -validate-clang-modules-once -clang-build-session-file /host/spi-builder-workspace/.build/out/ModuleCache.noindex/Session.modulevalidation -Xcc -working-directory -Xcc /host -enable-anonymous-context-mangled-names -file-compilation-dir /host -Xcc -fno-omit-frame-pointer -Xcc -D_LIBCPP_HARDENING_MODE\=_LIBCPP_HARDENING_MODE_DEBUG -Xcc -fmodules-prune-interval\=86400 -Xcc -fmodules-prune-after\=345600 -Xcc -I/host/spi-builder-workspace/.build/out/Products/Debug-linux-x86_64/include -Xcc -I/host/spi-builder-workspace/.build/out/Intermediates.noindex/StringTransform.build/Debug-linux-x86_64/StringTransform-t.build/DerivedSources-normal/x86_64 -Xcc -I/host/spi-builder-workspace/.build/out/Intermediates.noindex/StringTransform.build/Debug-linux-x86_64/StringTransform-t.build/DerivedSources/x86_64 -Xcc -I/host/spi-builder-workspace/.build/out/Intermediates.noindex/StringTransform.build/Debug-linux-x86_64/StringTransform-t.build/DerivedSources -Xcc -DSWIFT_PACKAGE -Xcc -DDEBUG\=1 -no-auto-bridging-header-chaining -module-name StringTransform -const-gather-protocols-file /host/spi-builder-workspace/.build/out/Intermediates.noindex/StringTransform.build/Debug-linux-x86_64/StringTransform-t.build/Objects-normal/x86_64/StringTransform_const_extract_protocols.json -in-process-plugin-server-path /usr/lib/swift/host/libSwiftInProcPluginServer.so -plugin-path /usr/lib/swift/host/plugins -plugin-path /usr/local/lib/swift/host/plugins -parse-as-library -o /host/spi-builder-workspace/.build/out/Intermediates.noindex/StringTransform.build/Debug-linux-x86_64/StringTransform-t.build/Objects-normal/x86_64/String+Transform.o -index-unit-output-path /StringTransform.build/Debug-linux-x86_64/StringTransform-t.build/Objects-normal/x86_64/String+Transform.o -index-store-path /host/spi-builder-workspace/.build/out -index-system-modules
error: Build failed
BUILD FAILURE 6.4 linux