The Swift Package Index logo.Swift Package Index

Build Information

Failed to build AlamofireSwiftSoup, reference main (ad971f), with Swift 6.3 for Linux on 13 Jul 2026 14:49:14 UTC.

Build Command

bash -c docker run --pull=always --rm -v "checkouts-53886770-0":/host -w "$PWD" -e JAVA_HOME="/root/.sdkman/candidates/java/current" -e SPI_BUILD="1" -e SPI_PROCESSING="1" registry.gitlab.com/saguaro1/spi-images:basic-6.3-latest swift build --triple x86_64-unknown-linux-gnu 2>&1

Build Log

========================================
RunAll
========================================
Builder version: ee7f7f69ffe4e79de74a2a3c774eb39d565d38f4
Interrupt handler set up.
========================================
Checkout
========================================
Clone URL: https://github.com/aporat/AlamofireSwiftSoup.git
Reference: main
Initialized empty Git repository in /host/spi-builder-workspace/.git/
hint: Using 'master' as the name for the initial branch. This default branch name
hint: is subject to change. To configure the initial branch name to use in all
hint: of your new repositories, which will suppress this warning, call:
hint:
hint: 	git config --global init.defaultBranch <name>
hint:
hint: Names commonly chosen instead of 'master' are 'main', 'trunk' and
hint: 'development'. The just-created branch can be renamed via this command:
hint:
hint: 	git branch -m <name>
From https://github.com/aporat/AlamofireSwiftSoup
 * branch            main       -> FETCH_HEAD
 * [new branch]      main       -> origin/main
HEAD is now at ad971f4 Merge pull request #6 from aporat/dependabot/github_actions/actions/checkout-7
Cloned https://github.com/aporat/AlamofireSwiftSoup.git
Revision (git rev-parse @):
ad971f4af4d4cdfb69d06c34de5d1b357faea9b3
SUCCESS checkout https://github.com/aporat/AlamofireSwiftSoup.git at main
========================================
Build
========================================
Selected platform:         linux
Swift version:             6.3
Building package at path:  $PWD
https://github.com/aporat/AlamofireSwiftSoup.git
Running build ...
bash -c docker run --pull=always --rm -v "checkouts-53886770-0":/host -w "$PWD" -e JAVA_HOME="/root/.sdkman/candidates/java/current" -e SPI_BUILD="1" -e SPI_PROCESSING="1" registry.gitlab.com/saguaro1/spi-images:basic-6.3-latest swift build --triple x86_64-unknown-linux-gnu 2>&1
basic-6.3-latest: Pulling from saguaro1/spi-images
Digest: sha256:518d581a7f3cc0f988d8921e0dce92c3361f942cd4cc7d944cb46f8707e06c63
Status: Image is up to date for registry.gitlab.com/saguaro1/spi-images:basic-6.3-latest
Fetching https://github.com/Alamofire/Alamofire.git
Fetching https://github.com/scinfu/SwiftSoup
[1/32230] Fetching alamofire
[1613/38259] Fetching alamofire, swiftsoup
Fetched https://github.com/scinfu/SwiftSoup from cache (2.50s)
Fetched https://github.com/Alamofire/Alamofire.git from cache (2.52s)
Computing version for https://github.com/Alamofire/Alamofire.git
Computed https://github.com/Alamofire/Alamofire.git at 5.12.0 (2.68s)
Computing version for https://github.com/scinfu/SwiftSoup
Computed https://github.com/scinfu/SwiftSoup at 2.13.6 (0.13s)
Creating working copy for https://github.com/scinfu/SwiftSoup
Working copy of https://github.com/scinfu/SwiftSoup resolved at 2.13.6
Creating working copy for https://github.com/Alamofire/Alamofire.git
Working copy of https://github.com/Alamofire/Alamofire.git resolved at 5.12.0
Building for debugging...
[0/5] Copying PrivacyInfo.xcprivacy
[1/5] Write sources
[4/5] Write swift-version-24593BA9C3E375BF.txt
[6/99] Emitting module Alamofire
[7/104] Emitting module SwiftSoup
[8/111] Compiling SwiftSoup ParseErrorList.swift
[9/111] Compiling SwiftSoup ParseSettings.swift
[10/111] Compiling SwiftSoup Parser.swift
[11/111] Compiling SwiftSoup ParsingStrings.swift
[12/111] Compiling SwiftSoup Pattern.swift
[13/111] Compiling SwiftSoup Profiler.swift
[14/111] Compiling SwiftSoup QueryParser.swift
[15/111] Compiling Alamofire RetryPolicy.swift
[16/111] Compiling Alamofire ServerTrustEvaluation.swift
[17/111] Compiling Alamofire URLEncodedFormEncoder.swift
[18/111] Compiling Alamofire Validation.swift
[19/111] Compiling Alamofire resource_bundle_accessor.swift
[20/111] Compiling SwiftSoup Attribute.swift
[21/111] Compiling SwiftSoup Attributes.swift
[22/111] Compiling SwiftSoup BinarySearch.swift
[23/111] Compiling SwiftSoup BooleanAttribute.swift
[24/111] Compiling SwiftSoup ByteSlice.swift
[25/111] Compiling SwiftSoup CharacterExt.swift
[31/111] Compiling SwiftSoup Element.swift
[38/111] Compiling SwiftSoup CharacterReader.swift
[39/111] Compiling SwiftSoup Cleaner.swift
[40/111] Compiling SwiftSoup Collector.swift
[41/111] Compiling SwiftSoup CombiningEvaluator.swift
[42/111] Compiling SwiftSoup Comment.swift
[43/111] Compiling SwiftSoup CssSelector.swift
[44/111] Compiling SwiftSoup DataNode.swift
[45/111] Compiling SwiftSoup DebugTrace.swift
[46/111] Compiling SwiftSoup Document.swift
[47/111] Compiling SwiftSoup DocumentType.swift
[48/111] Compiling SwiftSoup NodeTraversor.swift
[49/111] Compiling SwiftSoup NodeVisitor.swift
[50/111] Compiling SwiftSoup OrderedSet.swift
[51/111] Compiling SwiftSoup ParseError.swift
[52/111] Compiling SwiftSoup SwiftSoup.swift
[55/111] Compiling SwiftSoup HtmlTreeBuilderState.swift
[56/111] Compiling SwiftSoup LRUCache.swift
[57/111] Compiling SwiftSoup Mutex.swift
[58/111] Compiling SwiftSoup Node.swift
[72/111] Compiling SwiftSoup TokeniserState.swift
[78/111] Compiling SwiftSoup Tag.swift
[79/111] Compiling SwiftSoup TextNode.swift
[80/111] Compiling SwiftSoup Token.swift
[81/111] Compiling SwiftSoup TokenQueue.swift
[82/111] Compiling SwiftSoup Tokeniser.swift
[84/112] Compiling SwiftSoup TreeBuilder.swift
[85/112] Compiling SwiftSoup UTF8Arrays.swift
[86/112] Compiling SwiftSoup UnicodeScalar.swift
[87/112] Compiling SwiftSoup Validate.swift
[88/112] Compiling SwiftSoup Whitelist.swift
[89/112] Compiling SwiftSoup XmlDeclaration.swift
[90/112] Compiling SwiftSoup XmlTreeBuilder.swift
[98/112] Compiling SwiftSoup QueryParserCache.swift
[99/112] Compiling SwiftSoup SourceRange.swift
[100/112] Compiling SwiftSoup StreamReader.swift
[101/112] Compiling SwiftSoup String.swift
[102/112] Compiling SwiftSoup StringBuilder.swift
[103/112] Compiling SwiftSoup StringUtil.swift
[104/112] Compiling SwiftSoup StructuralEvaluator.swift
[111/112] Compiling SwiftSoup FormElement.swift
[112/112] Compiling SwiftSoup HtmlTreeBuilder.swift
[114/115] Emitting module AlamofireSwiftSoup
[115/115] Compiling AlamofireSwiftSoup AlamofireSwiftSoup.swift
/host/spi-builder-workspace/Source/AlamofireSwiftSoup.swift:39:61: error: cannot find type 'CFString' in scope
37 |         var convertedEncoding = encoding
38 |
39 |         if let encodingName = response?.textEncodingName as CFString?, convertedEncoding == nil {
   |                                                             `- error: cannot find type 'CFString' in scope
40 |             let ianaCharSet = CFStringConvertIANACharSetNameToEncoding(encodingName)
41 |             let nsStringEncoding = CFStringConvertEncodingToNSStringEncoding(ianaCharSet)
/host/spi-builder-workspace/Source/AlamofireSwiftSoup.swift:40:31: error: cannot find 'CFStringConvertIANACharSetNameToEncoding' in scope
38 |
39 |         if let encodingName = response?.textEncodingName as CFString?, convertedEncoding == nil {
40 |             let ianaCharSet = CFStringConvertIANACharSetNameToEncoding(encodingName)
   |                               `- error: cannot find 'CFStringConvertIANACharSetNameToEncoding' in scope
41 |             let nsStringEncoding = CFStringConvertEncodingToNSStringEncoding(ianaCharSet)
42 |             convertedEncoding = String.Encoding(rawValue: nsStringEncoding)
/host/spi-builder-workspace/Source/AlamofireSwiftSoup.swift:41:36: error: cannot find 'CFStringConvertEncodingToNSStringEncoding' in scope
39 |         if let encodingName = response?.textEncodingName as CFString?, convertedEncoding == nil {
40 |             let ianaCharSet = CFStringConvertIANACharSetNameToEncoding(encodingName)
41 |             let nsStringEncoding = CFStringConvertEncodingToNSStringEncoding(ianaCharSet)
   |                                    `- error: cannot find 'CFStringConvertEncodingToNSStringEncoding' in scope
42 |             convertedEncoding = String.Encoding(rawValue: nsStringEncoding)
43 |         }
BUILD FAILURE 6.3 linux