The Swift Package Index logo.Swift Package Index

Build Information

Failed to build ParseServerSwift, reference 1.0.4 (2e745f), with Swift 6.4 for Wasm on 26 Sep 2026 14:34:52 UTC.

Build Command

bash -c docker run --pull=always --rm -v "checkouts-54344843-0":/host -w "$PWD" -e JAVA_HOME="/root/.sdkman/candidates/java/current" -e SPI_BUILD="1" -e SPI_PROCESSING="1" registry.gitlab.com/saguaro1/spi-images:wasm-6.4-latest swift build --swift-sdk swift-6.4.x-DEVELOPMENT-SNAPSHOT-2026-09-04-a_wasm 2>&1

Build Log

========================================
RunAll
========================================
Builder version: 5.1.0
Interrupt handler set up.
========================================
Checkout
========================================
Clone URL: https://github.com/netreconlab/parse-server-swift.git
Reference: 1.0.4
Initialized empty Git repository in /host/spi-builder-workspace/.git/
hint: Using 'master' as the name for the initial branch. This default branch name
hint: is subject to change. To configure the initial branch name to use in all
hint: of your new repositories, which will suppress this warning, call:
hint:
hint: 	git config --global init.defaultBranch <name>
hint:
hint: Names commonly chosen instead of 'master' are 'main', 'trunk' and
hint: 'development'. The just-created branch can be renamed via this command:
hint:
hint: 	git branch -m <name>
From https://github.com/netreconlab/parse-server-swift
 * tag               1.0.4      -> FETCH_HEAD
HEAD is now at 2e745fd build(deps): bump actions/checkout from 6 to 7 (#99)
Cloned https://github.com/netreconlab/parse-server-swift.git
Revision (git rev-parse @):
2e745fd8c9d1ce69722b34d1498f62fba640e59d
SPI manifest file found: $PWD/.spi.yml
SUCCESS checkout https://github.com/netreconlab/parse-server-swift.git at 1.0.4
========================================
Build
========================================
Selected platform:         wasm
Swift version:             6.4
Building package at path:  $PWD
https://github.com/netreconlab/parse-server-swift.git
Running build ...
bash -c docker run --pull=always --rm -v "checkouts-54344843-0":/host -w "$PWD" -e JAVA_HOME="/root/.sdkman/candidates/java/current" -e SPI_BUILD="1" -e SPI_PROCESSING="1" registry.gitlab.com/saguaro1/spi-images:wasm-6.4-latest swift build --swift-sdk swift-6.4.x-DEVELOPMENT-SNAPSHOT-2026-09-04-a_wasm 2>&1
wasm-6.4-latest: Pulling from saguaro1/spi-images
Digest: sha256:4328fdb43c680d205c1d6761b1e3267aa38277eefdda9ddfb17b6a0f1a77857a
Status: Image is up to date for registry.gitlab.com/saguaro1/spi-images:wasm-6.4-latest
Fetching https://github.com/netreconlab/Parse-Swift.git
Fetching https://github.com/vapor/vapor.git
[1/46954] Fetching parse-swift
[14557/129735] Fetching parse-swift, vapor
Fetched https://github.com/vapor/vapor.git (2.36s)
Fetched https://github.com/netreconlab/Parse-Swift.git (2.37s)
Computing version for https://github.com/netreconlab/Parse-Swift.git
Computed https://github.com/netreconlab/Parse-Swift.git at 6.1.0 (2.54s)
Computing version for https://github.com/vapor/vapor.git
Computed https://github.com/vapor/vapor.git at 4.122.2 (0.20s)
Fetching https://github.com/vapor/multipart-kit.git
Fetching https://github.com/apple/swift-service-context.git
Fetching https://github.com/apple/swift-atomics.git
Fetching https://github.com/apple/swift-certificates.git
Fetching https://github.com/apple/swift-asn1.git
Fetching https://github.com/vapor/websocket-kit.git
[1/1386] Fetching swift-service-context
[1387/4067] Fetching swift-service-context, websocket-kit
[1388/10345] Fetching swift-service-context, websocket-kit, multipart-kit
[5487/12230] Fetching swift-service-context, websocket-kit, multipart-kit, swift-atomics
[6229/19808] Fetching swift-service-context, websocket-kit, multipart-kit, swift-atomics, swift-certificates
Fetched https://github.com/vapor/websocket-kit.git (0.52s)
[4529/17127] Fetching swift-service-context, multipart-kit, swift-atomics, swift-certificates
Fetching https://github.com/apple/swift-algorithms.git
[12483/19113] Fetching swift-service-context, multipart-kit, swift-atomics, swift-certificates, swift-asn1
[12682/25272] Fetching swift-service-context, multipart-kit, swift-atomics, swift-certificates, swift-asn1, swift-algorithms
Fetched https://github.com/apple/swift-algorithms.git (0.54s)
Fetching https://github.com/apple/swift-metrics.git
[18518/19113] Fetching swift-service-context, multipart-kit, swift-atomics, swift-certificates, swift-asn1
Fetched https://github.com/apple/swift-service-context.git (1.10s)
Fetched https://github.com/apple/swift-asn1.git (1.11s)
Fetched https://github.com/apple/swift-atomics.git (1.11s)
Fetched https://github.com/apple/swift-certificates.git (1.11s)
Fetching https://github.com/apple/swift-nio-extras.git
Fetching https://github.com/apple/swift-nio-ssl.git
Fetched https://github.com/vapor/multipart-kit.git (1.12s)
Fetching https://github.com/vapor/async-kit.git
[1/2514] Fetching async-kit
[102/9207] Fetching async-kit, swift-nio-extras
[581/12730] Fetching async-kit, swift-nio-extras, swift-metrics
Fetched https://github.com/vapor/async-kit.git (0.51s)
[6849/10216] Fetching swift-nio-extras, swift-metrics
Fetching https://github.com/swift-server/async-http-client.git
Fetched https://github.com/apple/swift-metrics.git (0.61s)
Fetching https://github.com/apple/swift-nio-http2.git
Fetching https://github.com/apple/swift-nio.git
[1/16869] Fetching swift-nio-ssl
[16533/33105] Fetching swift-nio-ssl, async-http-client
[24826/45360] Fetching swift-nio-ssl, async-http-client, swift-nio-http2
[33352/131526] Fetching swift-nio-ssl, async-http-client, swift-nio-http2, swift-nio
Fetched https://github.com/swift-server/async-http-client.git (1.03s)
Fetching https://github.com/apple/swift-log.git
[24495/115290] Fetching swift-nio-ssl, swift-nio-http2, swift-nio
Fetching https://github.com/vapor/routing-kit.git
Fetched https://github.com/apple/swift-nio-ssl.git (1.59s)
[10333/98421] Fetching swift-nio-http2, swift-nio
Fetching https://github.com/apple/swift-distributed-tracing.git
Fetched https://github.com/apple/swift-nio-http2.git (1.45s)
Fetching https://github.com/apple/swift-crypto.git
[58594/94331] Fetching swift-nio, swift-log
[65417/115886] Fetching swift-nio, swift-log, routing-kit
[77104/122248] Fetching swift-nio, swift-log, routing-kit, swift-distributed-tracing
Fetched https://github.com/apple/swift-log.git (0.58s)
[73808/114083] Fetching swift-nio, routing-kit, swift-distributed-tracing
Fetching https://github.com/vapor/console-kit.git
Fetched https://github.com/apple/swift-distributed-tracing.git (0.65s)
[82730/107721] Fetching swift-nio, routing-kit
Fetched https://github.com/vapor/routing-kit.git (0.82s)
[70657/86166] Fetching swift-nio
[86167/104728] Fetching swift-nio, swift-crypto
[86539/111571] Fetching swift-nio, swift-crypto, console-kit
Fetched https://github.com/vapor/console-kit.git (0.53s)
[87466/104728] Fetching swift-nio, swift-crypto
Fetched https://github.com/apple/swift-crypto.git (1.35s)
Fetched https://github.com/apple/swift-nio-extras.git (3.54s)
Fetched https://github.com/apple/swift-nio.git (2.99s)
Computing version for https://github.com/apple/swift-atomics.git
Computed https://github.com/apple/swift-atomics.git at 1.3.1 (4.87s)
Computing version for https://github.com/apple/swift-algorithms.git
Computed https://github.com/apple/swift-algorithms.git at 1.2.1 (1.02s)
Fetching https://github.com/apple/swift-numerics.git
[1/6640] Fetching swift-numerics
Fetched https://github.com/apple/swift-numerics.git (1.10s)
Computing version for https://github.com/vapor/routing-kit.git
Computed https://github.com/vapor/routing-kit.git at 4.9.3 (1.25s)
Computing version for https://github.com/apple/swift-service-context.git
Computed https://github.com/apple/swift-service-context.git at 1.3.0 (0.17s)
Computing version for https://github.com/vapor/websocket-kit.git
Computed https://github.com/vapor/websocket-kit.git at 2.16.2 (0.15s)
Fetching https://github.com/apple/swift-nio-transport-services.git
[1/2867] Fetching swift-nio-transport-services
Fetched https://github.com/apple/swift-nio-transport-services.git (0.57s)
Computing version for https://github.com/apple/swift-numerics.git
Computed https://github.com/apple/swift-numerics.git at 1.1.1 (0.72s)
Computing version for https://github.com/vapor/console-kit.git
Computed https://github.com/vapor/console-kit.git at 4.16.1 (0.16s)
Computing version for https://github.com/apple/swift-log.git
Computed https://github.com/apple/swift-log.git at 1.15.1 (0.18s)
Computing version for https://github.com/vapor/async-kit.git
Computed https://github.com/vapor/async-kit.git at 1.22.0 (0.16s)
Fetching https://github.com/apple/swift-collections.git
[1/27779] Fetching swift-collections
Fetched https://github.com/apple/swift-collections.git (1.21s)
Computing version for https://github.com/apple/swift-collections.git
Computed https://github.com/apple/swift-collections.git at 1.7.1 (1.50s)
Computing version for https://github.com/apple/swift-metrics.git
Computed https://github.com/apple/swift-metrics.git at 2.11.0 (0.17s)
Computing version for https://github.com/apple/swift-nio-ssl.git
Computed https://github.com/apple/swift-nio-ssl.git at 2.37.5 (0.22s)
Computing version for https://github.com/apple/swift-nio.git
Computed https://github.com/apple/swift-nio.git at 2.103.0 (0.33s)
Fetching https://github.com/apple/swift-system.git
[1/6983] Fetching swift-system
Fetched https://github.com/apple/swift-system.git (0.70s)
Computing version for https://github.com/vapor/multipart-kit.git
Computed https://github.com/vapor/multipart-kit.git at 4.7.1 (0.86s)
Computing version for https://github.com/apple/swift-distributed-tracing.git
Computed https://github.com/apple/swift-distributed-tracing.git at 1.5.0 (0.18s)
Computing version for https://github.com/apple/swift-asn1.git
Computed https://github.com/apple/swift-asn1.git at 1.7.3 (1.06s)
Computing version for https://github.com/apple/swift-certificates.git
Computed https://github.com/apple/swift-certificates.git at 1.21.0 (0.23s)
Computing version for https://github.com/apple/swift-nio-transport-services.git
Computed https://github.com/apple/swift-nio-transport-services.git at 1.28.0 (0.18s)
Computing version for https://github.com/apple/swift-crypto.git
Computed https://github.com/apple/swift-crypto.git at 4.5.2 (0.27s)
Computing version for https://github.com/apple/swift-system.git
Computed https://github.com/apple/swift-system.git at 1.8.1 (0.20s)
Computing version for https://github.com/apple/swift-nio-extras.git
Computed https://github.com/apple/swift-nio-extras.git at 1.35.1 (0.31s)
Fetching https://github.com/apple/swift-async-algorithms.git
Fetching https://github.com/apple/swift-http-structured-headers.git
Fetching https://github.com/swift-server/swift-service-lifecycle.git
Fetching https://github.com/apple/swift-http-types.git
[1/6737] Fetching swift-async-algorithms
[2/8676] Fetching swift-async-algorithms, swift-http-types
[166/11519] Fetching swift-async-algorithms, swift-http-types, swift-service-lifecycle
Fetched https://github.com/swift-server/swift-service-lifecycle.git (0.55s)
Fetched https://github.com/apple/swift-http-types.git (0.58s)
Fetched https://github.com/apple/swift-async-algorithms.git (0.58s)
[1/1253] Fetching swift-http-structured-headers
Fetched https://github.com/apple/swift-http-structured-headers.git (0.97s)
Computing version for https://github.com/swift-server/swift-service-lifecycle.git
Computed https://github.com/swift-server/swift-service-lifecycle.git at 2.12.0 (1.15s)
Computing version for https://github.com/apple/swift-async-algorithms.git
Computed https://github.com/apple/swift-async-algorithms.git at 1.1.6 (0.20s)
Computing version for https://github.com/apple/swift-http-structured-headers.git
Computed https://github.com/apple/swift-http-structured-headers.git at 1.7.0 (0.17s)
Computing version for https://github.com/apple/swift-http-types.git
Computed https://github.com/apple/swift-http-types.git at 1.8.0 (0.20s)
Computing version for https://github.com/apple/swift-nio-http2.git
Computed https://github.com/apple/swift-nio-http2.git at 1.46.0 (0.19s)
Computing version for https://github.com/swift-server/async-http-client.git
Computed https://github.com/swift-server/async-http-client.git at 1.36.2 (0.20s)
Fetching https://github.com/apple/swift-configuration.git
[1/3800] Fetching swift-configuration
Fetched https://github.com/apple/swift-configuration.git (0.48s)
Computing version for https://github.com/apple/swift-configuration.git
Computed https://github.com/apple/swift-configuration.git at 1.2.1 (0.74s)
Creating working copy for https://github.com/apple/swift-metrics.git
Working copy of https://github.com/apple/swift-metrics.git resolved at 2.11.0
Creating working copy for https://github.com/vapor/routing-kit.git
Working copy of https://github.com/vapor/routing-kit.git resolved at 4.9.3
Creating working copy for https://github.com/vapor/async-kit.git
Working copy of https://github.com/vapor/async-kit.git resolved at 1.22.0
Creating working copy for https://github.com/apple/swift-asn1.git
Working copy of https://github.com/apple/swift-asn1.git resolved at 1.7.3
Creating working copy for https://github.com/apple/swift-service-context.git
Working copy of https://github.com/apple/swift-service-context.git resolved at 1.3.0
Creating working copy for https://github.com/netreconlab/Parse-Swift.git
Working copy of https://github.com/netreconlab/Parse-Swift.git resolved at 6.1.0
Creating working copy for https://github.com/vapor/websocket-kit.git
Working copy of https://github.com/vapor/websocket-kit.git resolved at 2.16.2
Creating working copy for https://github.com/vapor/vapor.git
Working copy of https://github.com/vapor/vapor.git resolved at 4.122.2
Creating working copy for https://github.com/apple/swift-collections.git
Working copy of https://github.com/apple/swift-collections.git resolved at 1.7.1
Creating working copy for https://github.com/apple/swift-algorithms.git
Working copy of https://github.com/apple/swift-algorithms.git resolved at 1.2.1
Creating working copy for https://github.com/apple/swift-numerics.git
Working copy of https://github.com/apple/swift-numerics.git resolved at 1.1.1
Creating working copy for https://github.com/apple/swift-certificates.git
Working copy of https://github.com/apple/swift-certificates.git resolved at 1.21.0
Creating working copy for https://github.com/apple/swift-atomics.git
Working copy of https://github.com/apple/swift-atomics.git resolved at 1.3.1
Creating working copy for https://github.com/apple/swift-log.git
Working copy of https://github.com/apple/swift-log.git resolved at 1.15.1
Creating working copy for https://github.com/apple/swift-crypto.git
Working copy of https://github.com/apple/swift-crypto.git resolved at 4.5.2
Creating working copy for https://github.com/vapor/console-kit.git
Working copy of https://github.com/vapor/console-kit.git resolved at 4.16.1
Creating working copy for https://github.com/apple/swift-async-algorithms.git
Working copy of https://github.com/apple/swift-async-algorithms.git resolved at 1.1.6
Creating working copy for https://github.com/apple/swift-nio-http2.git
Working copy of https://github.com/apple/swift-nio-http2.git resolved at 1.46.0
Creating working copy for https://github.com/apple/swift-nio.git
Working copy of https://github.com/apple/swift-nio.git resolved at 2.103.0
Creating working copy for https://github.com/apple/swift-http-types.git
Working copy of https://github.com/apple/swift-http-types.git resolved at 1.8.0
Creating working copy for https://github.com/apple/swift-http-structured-headers.git
Working copy of https://github.com/apple/swift-http-structured-headers.git resolved at 1.7.0
Creating working copy for https://github.com/apple/swift-configuration.git
Working copy of https://github.com/apple/swift-configuration.git resolved at 1.2.1
Creating working copy for https://github.com/apple/swift-system.git
Working copy of https://github.com/apple/swift-system.git resolved at 1.8.1
Creating working copy for https://github.com/vapor/multipart-kit.git
Working copy of https://github.com/vapor/multipart-kit.git resolved at 4.7.1
Creating working copy for https://github.com/apple/swift-nio-extras.git
Working copy of https://github.com/apple/swift-nio-extras.git resolved at 1.35.1
Creating working copy for https://github.com/swift-server/async-http-client.git
Working copy of https://github.com/swift-server/async-http-client.git resolved at 1.36.2
Creating working copy for https://github.com/apple/swift-nio-ssl.git
Working copy of https://github.com/apple/swift-nio-ssl.git resolved at 2.37.5
Creating working copy for https://github.com/swift-server/swift-service-lifecycle.git
Working copy of https://github.com/swift-server/swift-service-lifecycle.git resolved at 2.12.0
Creating working copy for https://github.com/apple/swift-distributed-tracing.git
Working copy of https://github.com/apple/swift-distributed-tracing.git resolved at 1.5.0
Creating working copy for https://github.com/apple/swift-nio-transport-services.git
Working copy of https://github.com/apple/swift-nio-transport-services.git resolved at 1.28.0
Building for debugging...
[Computing dependencies]
[Constructing description]
[Pre-planning 1 / 2594]
[Planning 559 / 2594]
[Planning 1874 / 2594]
[Planning deferred tasks]
[Constructing 386 / 6314]
[Constructing 5616 / 6314]
[Starting]
[6 / 1627] NIOHTTP2-product
[382 / 1631]
[395 / 1658] SystemPackage
[406 / 1658] _NIODataStructures
[413 / 1658] SystemPackage
[413 / 1658] SwiftASN1
[425 / 1658] SystemPackage
[430 / 1659] _NIODataStructures
[432 / 1659] _NIOBase64
[434 / 1659] SwiftASN1
[439 / 1661] SystemPackage
[444 / 1661] _CertificateInternals
[447 / 1662] SystemPackage
[452 / 1674] NIOConcurrencyHelpers
[456 / 1682] ParseSwift
[458 / 1691] RealModule
[462 / 1691] RealModule
[463 / 1691] RealModule
[480 / 1691] ParseSwift
[481 / 1692] RealModule
error: SwiftCompile normal wasm32 /host/spi-builder-workspace/.build/checkouts/Parse-Swift/Sources/ParseSwift/Protocols/ParseCloudable+async.swift failed with a nonzero exit code. Command line:     cd /host
    builtin-SwiftPerFileCompile ParseCloudable+async.swift
error: SwiftCompile normal wasm32 /host/spi-builder-workspace/.build/checkouts/Parse-Swift/Sources/ParseSwift/Protocols/ParseCloudable.swift failed with a nonzero exit code. Command line:     cd /host
    builtin-SwiftPerFileCompile ParseCloudable.swift
error: SwiftCompile normal wasm32 /host/spi-builder-workspace/.build/checkouts/Parse-Swift/Sources/ParseSwift/Protocols/ParseConfig+async.swift failed with a nonzero exit code. Command line:     cd /host
    builtin-SwiftPerFileCompile ParseConfig+async.swift
error: SwiftCompile normal wasm32 /host/spi-builder-workspace/.build/checkouts/Parse-Swift/Sources/ParseSwift/Protocols/ParseConfig.swift failed with a nonzero exit code. Command line:     cd /host
    builtin-SwiftPerFileCompile ParseConfig.swift
error: SwiftCompile normal wasm32 /host/spi-builder-workspace/.build/checkouts/Parse-Swift/Sources/ParseSwift/Protocols/ParseFileTransferable.swift failed with a nonzero exit code. Command line:     cd /host
    builtin-SwiftPerFileCompile ParseFileTransferable.swift
error: SwiftCompile normal wasm32 /host/spi-builder-workspace/.build/checkouts/Parse-Swift/Sources/ParseSwift/Protocols/ParseHookFunctionable+async.swift failed with a nonzero exit code. Command line:     cd /host
    builtin-SwiftPerFileCompile ParseHookFunctionable+async.swift
error: SwiftCompile normal wasm32 /host/spi-builder-workspace/.build/checkouts/Parse-Swift/Sources/ParseSwift/Protocols/ParseHookFunctionable.swift failed with a nonzero exit code. Command line:     cd /host
    builtin-SwiftPerFileCompile ParseHookFunctionable.swift
error: SwiftCompile normal wasm32 /host/spi-builder-workspace/.build/checkouts/Parse-Swift/Sources/ParseSwift/Protocols/ParseHookRequestable+async.swift failed with a nonzero exit code. Command line:     cd /host
    builtin-SwiftPerFileCompile ParseHookRequestable+async.swift
error: SwiftCompile normal wasm32 /host/spi-builder-workspace/.build/checkouts/Parse-Swift/Sources/ParseSwift/Protocols/ParseHookRequestable.swift failed with a nonzero exit code. Command line:     cd /host
    builtin-SwiftPerFileCompile ParseHookRequestable.swift
error: SwiftCompile normal wasm32 /host/spi-builder-workspace/.build/checkouts/Parse-Swift/Sources/ParseSwift/Protocols/ParseHookTriggerable+async.swift failed with a nonzero exit code. Command line:     cd /host
    builtin-SwiftPerFileCompile ParseHookTriggerable+async.swift
/host/spi-builder-workspace/.build/checkouts/Parse-Swift/Sources/ParseSwift/Protocols/ParseCloudable.swift:42:44: error: cannot find type 'DispatchQueue' in scope
40 |     */
41 |     public func runFunction(options: API.Options = [],
42 |                             callbackQueue: DispatchQueue = .main,
   |                                            `- error: cannot find type 'DispatchQueue' in scope
43 |                             completion: @escaping @Sendable (Result<ReturnType, ParseError>) -> Void) {
44 |         Task {
/host/spi-builder-workspace/.build/checkouts/Parse-Swift/Sources/ParseSwift/Protocols/ParseCloudable+async.swift:27:42: error: extra argument 'completion' in call
25 |         try await withCheckedThrowingContinuation { continuation in
26 |             self.runFunction(options: options,
27 |                              completion: { continuation.resume(with: $0) })
   |                                          `- error: extra argument 'completion' in call
28 |         }
29 |     }
/host/spi-builder-workspace/.build/checkouts/Parse-Swift/Sources/ParseSwift/Protocols/ParseCloudable.swift:73:41: error: cannot find type 'DispatchQueue' in scope
71 |     */
72 |     public func startJob(options: API.Options = [],
73 |                          callbackQueue: DispatchQueue = .main,
   |                                         `- error: cannot find type 'DispatchQueue' in scope
74 |                          completion: @escaping @Sendable (Result<ReturnType, ParseError>) -> Void) {
75 |         Task {
/host/spi-builder-workspace/.build/checkouts/Parse-Swift/Sources/ParseSwift/Protocols/ParseCloudable+async.swift:40:39: error: extra argument 'completion' in call
38 |         try await withCheckedThrowingContinuation { continuation in
39 |             self.startJob(options: options,
40 |                           completion: { continuation.resume(with: $0) })
   |                                       `- error: extra argument 'completion' in call
41 |         }
42 |     }
/host/spi-builder-workspace/.build/checkouts/Parse-Swift/Sources/ParseSwift/API/API+Command.swift:98:37: error: cannot find type 'DispatchQueue' in scope
 96 |         func execute(options: API.Options,
 97 |                      batching: Bool = false,
 98 |                      callbackQueue: DispatchQueue,
    |                                     `- error: cannot find type 'DispatchQueue' in scope
 99 |                      notificationQueue: DispatchQueue? = nil,
100 |                      childObjects: [String: PointerType]? = nil,
/host/spi-builder-workspace/.build/checkouts/Parse-Swift/Sources/ParseSwift/API/API+Command.swift:99:41: error: cannot find type 'DispatchQueue' in scope
 97 |                      batching: Bool = false,
 98 |                      callbackQueue: DispatchQueue,
 99 |                      notificationQueue: DispatchQueue? = nil,
    |                                         `- error: cannot find type 'DispatchQueue' in scope
100 |                      childObjects: [String: PointerType]? = nil,
101 |                      childFiles: [String: ParseFile]? = nil,
/host/spi-builder-workspace/.build/checkouts/Parse-Swift/Sources/ParseSwift/API/API+Command+async.swift:35:33: error: cannot find type 'DispatchQueue' in scope
33 |     func execute(options: API.Options,
34 |                  batching: Bool = false,
35 |                  callbackQueue: DispatchQueue,
   |                                 `- error: cannot find type 'DispatchQueue' in scope
36 |                  notificationQueue: DispatchQueue? = nil,
37 |                  childObjects: [String: PointerType]? = nil,
/host/spi-builder-workspace/.build/checkouts/Parse-Swift/Sources/ParseSwift/API/API+Command+async.swift:36:37: error: cannot find type 'DispatchQueue' in scope
34 |                  batching: Bool = false,
35 |                  callbackQueue: DispatchQueue,
36 |                  notificationQueue: DispatchQueue? = nil,
   |                                     `- error: cannot find type 'DispatchQueue' in scope
37 |                  childObjects: [String: PointerType]? = nil,
38 |                  childFiles: [String: ParseFile]? = nil,
/host/spi-builder-workspace/.build/checkouts/Parse-Swift/Sources/ParseSwift/Protocols/ParseConfig.swift:36:38: error: cannot find type 'DispatchQueue' in scope
 34 |     */
 35 |     public func fetch(options: API.Options = [],
 36 |                       callbackQueue: DispatchQueue = .main,
    |                                      `- error: cannot find type 'DispatchQueue' in scope
 37 |                       completion: @escaping @Sendable (Result<Self, ParseError>) -> Void) {
 38 |         Task {
/host/spi-builder-workspace/.build/checkouts/Parse-Swift/Sources/ParseSwift/Protocols/ParseConfig+async.swift:29:36: error: extra argument 'completion' in call
27 |         try await withCheckedThrowingContinuation { continuation in
28 |             self.fetch(options: options,
29 |                        completion: { continuation.resume(with: $0) })
   |                                    `- error: extra argument 'completion' in call
30 |         }
31 |     }
/host/spi-builder-workspace/.build/checkouts/Parse-Swift/Sources/ParseSwift/Protocols/ParseConfig.swift:72:37: error: cannot find type 'DispatchQueue' in scope
 70 |     */
 71 |     public func save(options: API.Options = [],
 72 |                      callbackQueue: DispatchQueue = .main,
    |                                     `- error: cannot find type 'DispatchQueue' in scope
 73 |                      completion: @escaping @Sendable (Result<Bool, ParseError>) -> Void) {
 74 |         Task {
/host/spi-builder-workspace/.build/checkouts/Parse-Swift/Sources/ParseSwift/Protocols/ParseConfig+async.swift:44:35: error: extra argument 'completion' in call
42 |         try await withCheckedThrowingContinuation { continuation in
43 |             self.save(options: options,
44 |                       completion: { continuation.resume(with: $0) })
   |                                   `- error: extra argument 'completion' in call
45 |         }
46 |     }
/host/spi-builder-workspace/.build/checkouts/Parse-Swift/Sources/ParseSwift/API/API.swift:174:26: error: cannot find type 'URLRequest' in scope
172 |         /// [documentation](https://developer.apple.com/documentation/foundation/url_loading_system/accessing_cached_data)
173 |         /// for more info.
174 |         case cachePolicy(URLRequest.CachePolicy)
    |                          `- error: cannot find type 'URLRequest' in scope
175 |         /// Use a specific server URL.
176 |         /// - note: The URL of the Swift SDK is provided by default. Only set this
/host/spi-builder-workspace/.build/checkouts/Parse-Swift/Sources/ParseSwift/Protocols/ParseFileTransferable.swift:32:17: error: cannot find type 'URLRequest' in scope
 30 |      */
 31 |     func upload(
 32 | 		with request: URLRequest,
    |                 `- error: cannot find type 'URLRequest' in scope
 33 | 		fromFile fileURL: URL,
 34 | 		completion: @escaping @Sendable (Data?, URLResponse?, URLRequest?, Error?) -> Void
/host/spi-builder-workspace/.build/checkouts/Parse-Swift/Sources/ParseSwift/Protocols/ParseFileTransferable.swift:34:57: error: cannot find type 'URLRequest' in scope
 32 | 		with request: URLRequest,
 33 | 		fromFile fileURL: URL,
 34 | 		completion: @escaping @Sendable (Data?, URLResponse?, URLRequest?, Error?) -> Void
    |                                                         `- error: cannot find type 'URLRequest' in scope
 35 | 	) throws -> URLSessionUploadTask
 36 |
/host/spi-builder-workspace/.build/checkouts/Parse-Swift/Sources/ParseSwift/Protocols/ParseFileTransferable.swift:35:14: error: 'URLSessionUploadTask' is unavailable: This type has moved to the FoundationNetworking module. Import that module to use it.
 33 | 		fromFile fileURL: URL,
 34 | 		completion: @escaping @Sendable (Data?, URLResponse?, URLRequest?, Error?) -> Void
 35 | 	) throws -> URLSessionUploadTask
    |              `- error: 'URLSessionUploadTask' is unavailable: This type has moved to the FoundationNetworking module. Import that module to use it.
 36 |
 37 |     /**
Foundation.URLSessionUploadTask:2:18: note: 'URLSessionUploadTask' has been explicitly marked unavailable here
1 | @available(*, unavailable, message: "This type has moved to the FoundationNetworking module. Import that module to use it.")
2 | public typealias URLSessionUploadTask = AnyObject
  |                  `- note: 'URLSessionUploadTask' has been explicitly marked unavailable here
/host/spi-builder-workspace/.build/checkouts/Parse-Swift/Sources/ParseSwift/Protocols/ParseFileTransferable.swift:50:17: error: cannot find type 'URLRequest' in scope
 48 |      */
 49 |     func upload(
 50 | 		with request: URLRequest,
    |                 `- error: cannot find type 'URLRequest' in scope
 51 | 		from bodyData: Data?,
 52 | 		completion: @escaping @Sendable (Data?, URLResponse?, URLRequest?, Error?) -> Void
/host/spi-builder-workspace/.build/checkouts/Parse-Swift/Sources/ParseSwift/Protocols/ParseFileTransferable.swift:52:57: error: cannot find type 'URLRequest' in scope
 50 | 		with request: URLRequest,
 51 | 		from bodyData: Data?,
 52 | 		completion: @escaping @Sendable (Data?, URLResponse?, URLRequest?, Error?) -> Void
    |                                                         `- error: cannot find type 'URLRequest' in scope
 53 | 	) throws -> URLSessionUploadTask
 54 |
/host/spi-builder-workspace/.build/checkouts/Parse-Swift/Sources/ParseSwift/Protocols/ParseFileTransferable.swift:53:14: error: 'URLSessionUploadTask' is unavailable: This type has moved to the FoundationNetworking module. Import that module to use it.
 51 | 		from bodyData: Data?,
 52 | 		completion: @escaping @Sendable (Data?, URLResponse?, URLRequest?, Error?) -> Void
 53 | 	) throws -> URLSessionUploadTask
    |              `- error: 'URLSessionUploadTask' is unavailable: This type has moved to the FoundationNetworking module. Import that module to use it.
 54 |
 55 |     /**
Foundation.URLSessionUploadTask:2:18: note: 'URLSessionUploadTask' has been explicitly marked unavailable here
1 | @available(*, unavailable, message: "This type has moved to the FoundationNetworking module. Import that module to use it.")
2 | public typealias URLSessionUploadTask = AnyObject
  |                  `- note: 'URLSessionUploadTask' has been explicitly marked unavailable here
/host/spi-builder-workspace/.build/checkouts/Parse-Swift/Sources/ParseSwift/Protocols/ParseFileTransferable.swift:66:82: error: 'HTTPURLResponse' is unavailable: This type has moved to the FoundationNetworking module. Import that module to use it.
 64 |      associated with the response to the load request.
 65 |      */
 66 |     func makeSuccessfulUploadResponse(_ name: String, url: URL) throws -> (Data, HTTPURLResponse?)
    |                                                                                  `- error: 'HTTPURLResponse' is unavailable: This type has moved to the FoundationNetworking module. Import that module to use it.
 67 |
 68 |     /**
Foundation.HTTPURLResponse:2:18: note: 'HTTPURLResponse' has been explicitly marked unavailable here
1 | @available(*, unavailable, message: "This type has moved to the FoundationNetworking module. Import that module to use it.")
2 | public typealias HTTPURLResponse = AnyObject
  |                  `- note: 'HTTPURLResponse' has been explicitly marked unavailable here
/host/spi-builder-workspace/.build/checkouts/Parse-Swift/Sources/ParseSwift/Protocols/ParseFileTransferable.swift:77:42: error: 'URLSessionUploadTask' is unavailable: This type has moved to the FoundationNetworking module. Import that module to use it.
 75 |      - throws: An error of type `ParseError`.
 76 |      */
 77 |     func makeDummyUploadTask() throws -> URLSessionUploadTask
    |                                          `- error: 'URLSessionUploadTask' is unavailable: This type has moved to the FoundationNetworking module. Import that module to use it.
 78 | }
 79 |
Foundation.URLSessionUploadTask:2:18: note: 'URLSessionUploadTask' has been explicitly marked unavailable here
1 | @available(*, unavailable, message: "This type has moved to the FoundationNetworking module. Import that module to use it.")
2 | public typealias URLSessionUploadTask = AnyObject
  |                  `- note: 'URLSessionUploadTask' has been explicitly marked unavailable here
/host/spi-builder-workspace/.build/checkouts/Parse-Swift/Sources/ParseSwift/Protocols/ParseFileTransferable.swift:82:31: error: cannot find type 'URLRequest' in scope
 80 | // MARK: Default Implementation - Internal
 81 | extension ParseFileTransferable {
 82 |     func upload(with request: URLRequest,
    |                               `- error: cannot find type 'URLRequest' in scope
 83 |                 fromFile fileURL: URL,
 84 |                 // swiftlint:disable:next line_length
/host/spi-builder-workspace/.build/checkouts/Parse-Swift/Sources/ParseSwift/Protocols/ParseFileTransferable.swift:85:71: error: cannot find type 'URLRequest' in scope
 83 |                 fromFile fileURL: URL,
 84 |                 // swiftlint:disable:next line_length
 85 |                 completion: @escaping @Sendable (Data?, URLResponse?, URLRequest?, Error?) -> Void) throws -> URLSessionUploadTask {
    |                                                                       `- error: cannot find type 'URLRequest' in scope
 86 |         URLSession.parse.uploadTask(with: request, fromFile: fileURL) { (data, response, error) in
 87 |             completion(data, response, request, error)
/host/spi-builder-workspace/.build/checkouts/Parse-Swift/Sources/ParseSwift/Protocols/ParseFileTransferable.swift:85:111: error: 'URLSessionUploadTask' is unavailable: This type has moved to the FoundationNetworking module. Import that module to use it.
 83 |                 fromFile fileURL: URL,
 84 |                 // swiftlint:disable:next line_length
 85 |                 completion: @escaping @Sendable (Data?, URLResponse?, URLRequest?, Error?) -> Void) throws -> URLSessionUploadTask {
    |                                                                                                               `- error: 'URLSessionUploadTask' is unavailable: This type has moved to the FoundationNetworking module. Import that module to use it.
 86 |         URLSession.parse.uploadTask(with: request, fromFile: fileURL) { (data, response, error) in
 87 |             completion(data, response, request, error)
Foundation.URLSessionUploadTask:2:18: note: 'URLSessionUploadTask' has been explicitly marked unavailable here
1 | @available(*, unavailable, message: "This type has moved to the FoundationNetworking module. Import that module to use it.")
2 | public typealias URLSessionUploadTask = AnyObject
  |                  `- note: 'URLSessionUploadTask' has been explicitly marked unavailable here
/host/spi-builder-workspace/.build/checkouts/Parse-Swift/Sources/ParseSwift/Protocols/ParseFileTransferable.swift:91:31: error: cannot find type 'URLRequest' in scope
 89 |     }
 90 |
 91 |     func upload(with request: URLRequest,
    |                               `- error: cannot find type 'URLRequest' in scope
 92 |                 from bodyData: Data?,
 93 |                 // swiftlint:disable:next line_length
/host/spi-builder-workspace/.build/checkouts/Parse-Swift/Sources/ParseSwift/Protocols/ParseFileTransferable.swift:94:71: error: cannot find type 'URLRequest' in scope
 92 |                 from bodyData: Data?,
 93 |                 // swiftlint:disable:next line_length
 94 |                 completion: @escaping @Sendable (Data?, URLResponse?, URLRequest?, Error?) -> Void) throws -> URLSessionUploadTask {
    |                                                                       `- error: cannot find type 'URLRequest' in scope
 95 |         URLSession.parse.uploadTask(with: request, from: bodyData) { (data, response, error) in
 96 |             completion(data, response, request, error)
/host/spi-builder-workspace/.build/checkouts/Parse-Swift/Sources/ParseSwift/Protocols/ParseFileTransferable.swift:94:111: error: 'URLSessionUploadTask' is unavailable: This type has moved to the FoundationNetworking module. Import that module to use it.
 92 |                 from bodyData: Data?,
 93 |                 // swiftlint:disable:next line_length
 94 |                 completion: @escaping @Sendable (Data?, URLResponse?, URLRequest?, Error?) -> Void) throws -> URLSessionUploadTask {
    |                                                                                                               `- error: 'URLSessionUploadTask' is unavailable: This type has moved to the FoundationNetworking module. Import that module to use it.
 95 |         URLSession.parse.uploadTask(with: request, from: bodyData) { (data, response, error) in
 96 |             completion(data, response, request, error)
Foundation.URLSessionUploadTask:2:18: note: 'URLSessionUploadTask' has been explicitly marked unavailable here
1 | @available(*, unavailable, message: "This type has moved to the FoundationNetworking module. Import that module to use it.")
2 | public typealias URLSessionUploadTask = AnyObject
  |                  `- note: 'URLSessionUploadTask' has been explicitly marked unavailable here
/host/spi-builder-workspace/.build/checkouts/Parse-Swift/Sources/ParseSwift/Protocols/ParseFileTransferable.swift:103:82: error: 'HTTPURLResponse' is unavailable: This type has moved to the FoundationNetworking module. Import that module to use it.
101 | // MARK: Default Implementation - Public
102 | public extension ParseFileTransferable {
103 |     func makeSuccessfulUploadResponse(_ name: String, url: URL) throws -> (Data, HTTPURLResponse?) {
    |                                                                                  `- error: 'HTTPURLResponse' is unavailable: This type has moved to the FoundationNetworking module. Import that module to use it.
104 |         let responseData = FileUploadResponse(name: name, url: url)
105 |         let response = HTTPURLResponse(url: url,
Foundation.HTTPURLResponse:2:18: note: 'HTTPURLResponse' has been explicitly marked unavailable here
1 | @available(*, unavailable, message: "This type has moved to the FoundationNetworking module. Import that module to use it.")
2 | public typealias HTTPURLResponse = AnyObject
  |                  `- note: 'HTTPURLResponse' has been explicitly marked unavailable here
/host/spi-builder-workspace/.build/checkouts/Parse-Swift/Sources/ParseSwift/Protocols/ParseFileTransferable.swift:113:42: error: 'URLSessionUploadTask' is unavailable: This type has moved to the FoundationNetworking module. Import that module to use it.
111 |     }
112 |
113 |     func makeDummyUploadTask() throws -> URLSessionUploadTask {
    |                                          `- error: 'URLSessionUploadTask' is unavailable: This type has moved to the FoundationNetworking module. Import that module to use it.
114 |         guard let url = URL(string: "http://localhost") else {
115 |             throw ParseError(code: .otherCause, message: "Could not create URL")
Foundation.URLSessionUploadTask:2:18: note: 'URLSessionUploadTask' has been explicitly marked unavailable here
1 | @available(*, unavailable, message: "This type has moved to the FoundationNetworking module. Import that module to use it.")
2 | public typealias URLSessionUploadTask = AnyObject
  |                  `- note: 'URLSessionUploadTask' has been explicitly marked unavailable here
/host/spi-builder-workspace/.build/checkouts/Parse-Swift/Sources/ParseSwift/Protocols/ParseFileTransferable.swift:86:20: error: type 'URLSession' (aka 'AnyObject') has no member 'parse'
 84 |                 // swiftlint:disable:next line_length
 85 |                 completion: @escaping @Sendable (Data?, URLResponse?, URLRequest?, Error?) -> Void) throws -> URLSessionUploadTask {
 86 |         URLSession.parse.uploadTask(with: request, fromFile: fileURL) { (data, response, error) in
    |                    `- error: type 'URLSession' (aka 'AnyObject') has no member 'parse'
 87 |             completion(data, response, request, error)
 88 |         }
/host/spi-builder-workspace/.build/checkouts/Parse-Swift/Sources/ParseSwift/Protocols/ParseFileTransferable.swift:86:26: error: return expression of type '_' expected to be an instance of a class or class-constrained type
 84 |                 // swiftlint:disable:next line_length
 85 |                 completion: @escaping @Sendable (Data?, URLResponse?, URLRequest?, Error?) -> Void) throws -> URLSessionUploadTask {
 86 |         URLSession.parse.uploadTask(with: request, fromFile: fileURL) { (data, response, error) in
    |                          `- error: return expression of type '_' expected to be an instance of a class or class-constrained type
 87 |             completion(data, response, request, error)
 88 |         }
/host/spi-builder-workspace/.build/checkouts/Parse-Swift/Sources/ParseSwift/Protocols/ParseFileTransferable.swift:95:20: error: type 'URLSession' (aka 'AnyObject') has no member 'parse'
 93 |                 // swiftlint:disable:next line_length
 94 |                 completion: @escaping @Sendable (Data?, URLResponse?, URLRequest?, Error?) -> Void) throws -> URLSessionUploadTask {
 95 |         URLSession.parse.uploadTask(with: request, from: bodyData) { (data, response, error) in
    |                    `- error: type 'URLSession' (aka 'AnyObject') has no member 'parse'
 96 |             completion(data, response, request, error)
 97 |         }
/host/spi-builder-workspace/.build/checkouts/Parse-Swift/Sources/ParseSwift/Protocols/ParseFileTransferable.swift:95:26: error: return expression of type '_' expected to be an instance of a class or class-constrained type
 93 |                 // swiftlint:disable:next line_length
 94 |                 completion: @escaping @Sendable (Data?, URLResponse?, URLRequest?, Error?) -> Void) throws -> URLSessionUploadTask {
 95 |         URLSession.parse.uploadTask(with: request, from: bodyData) { (data, response, error) in
    |                          `- error: return expression of type '_' expected to be an instance of a class or class-constrained type
 96 |             completion(data, response, request, error)
 97 |         }
/host/spi-builder-workspace/.build/checkouts/Parse-Swift/Sources/ParseSwift/Protocols/ParseFileTransferable.swift:105:24: error: 'HTTPURLResponse' (aka 'AnyObject') cannot be constructed because it has no accessible initializers
103 |     func makeSuccessfulUploadResponse(_ name: String, url: URL) throws -> (Data, HTTPURLResponse?) {
104 |         let responseData = FileUploadResponse(name: name, url: url)
105 |         let response = HTTPURLResponse(url: url,
    |                        `- error: 'HTTPURLResponse' (aka 'AnyObject') cannot be constructed because it has no accessible initializers
106 |                                        statusCode: 200,
107 |                                        httpVersion: nil,
/host/spi-builder-workspace/.build/checkouts/Parse-Swift/Sources/ParseSwift/Protocols/ParseFileTransferable.swift:117:27: error: type 'URLSession' (aka 'AnyObject') has no member 'shared'
115 |             throw ParseError(code: .otherCause, message: "Could not create URL")
116 |         }
117 |         return URLSession.shared.uploadTask(with: .init(url: url), from: Data())
    |                           `- error: type 'URLSession' (aka 'AnyObject') has no member 'shared'
118 |     }
119 | }
/host/spi-builder-workspace/.build/checkouts/Parse-Swift/Sources/ParseSwift/Protocols/ParseFileTransferable.swift:117:34: error: return expression of type '_' expected to be an instance of a class or class-constrained type
115 |             throw ParseError(code: .otherCause, message: "Could not create URL")
116 |         }
117 |         return URLSession.shared.uploadTask(with: .init(url: url), from: Data())
    |                                  `- error: return expression of type '_' expected to be an instance of a class or class-constrained type
118 |     }
119 | }
/host/spi-builder-workspace/.build/checkouts/Parse-Swift/Sources/ParseSwift/Protocols/ParseHookFunctionable.swift:75:38: error: cannot find type 'DispatchQueue' in scope
 73 |     */
 74 |     public func fetch(options: API.Options = [],
 75 |                       callbackQueue: DispatchQueue = .main,
    |                                      `- error: cannot find type 'DispatchQueue' in scope
 76 |                       completion: @escaping @Sendable (Result<Self, ParseError>) -> Void) {
 77 |         Task {
/host/spi-builder-workspace/.build/checkouts/Parse-Swift/Sources/ParseSwift/Protocols/ParseHookFunctionable+async.swift:27:37: error: extra argument 'completion' in call
 25 |          try await withCheckedThrowingContinuation { continuation in
 26 |              self.fetch(options: options,
 27 |                         completion: { continuation.resume(with: $0) })
    |                                     `- error: extra argument 'completion' in call
 28 |          }
 29 |      }
/host/spi-builder-workspace/.build/checkouts/Parse-Swift/Sources/ParseSwift/Protocols/ParseHookFunctionable.swift:113:41: error: cannot find type 'DispatchQueue' in scope
111 |     */
112 |     public func fetchAll(options: API.Options = [],
113 |                          callbackQueue: DispatchQueue = .main,
    |                                         `- error: cannot find type 'DispatchQueue' in scope
114 |                          completion: @escaping @Sendable (Result<[Self], ParseError>) -> Void) {
115 |         Self.fetchAll(options: options,
/host/spi-builder-workspace/.build/checkouts/Parse-Swift/Sources/ParseSwift/Protocols/ParseHookFunctionable.swift:131:48: error: cannot find type 'DispatchQueue' in scope
129 |     */
130 |     public static func fetchAll(options: API.Options = [],
131 |                                 callbackQueue: DispatchQueue = .main,
    |                                                `- error: cannot find type 'DispatchQueue' in scope
132 |                                 completion: @escaping @Sendable (Result<[Self], ParseError>) -> Void) {
133 |         Task {
/host/spi-builder-workspace/.build/checkouts/Parse-Swift/Sources/ParseSwift/Protocols/ParseHookFunctionable+async.swift:42:40: error: extra argument 'completion' in call
 40 |          try await withCheckedThrowingContinuation { continuation in
 41 |              self.fetchAll(options: options,
 42 |                            completion: { continuation.resume(with: $0) })
    |                                        `- error: extra argument 'completion' in call
 43 |          }
 44 |      }
/host/spi-builder-workspace/.build/checkouts/Parse-Swift/Sources/ParseSwift/Protocols/ParseHookFunctionable.swift:164:39: error: cannot find type 'DispatchQueue' in scope
162 |     */
163 |     public func create(options: API.Options = [],
164 |                        callbackQueue: DispatchQueue = .main,
    |                                       `- error: cannot find type 'DispatchQueue' in scope
165 |                        completion: @escaping @Sendable (Result<Self, ParseError>) -> Void) {
166 |         Task {
/host/spi-builder-workspace/.build/checkouts/Parse-Swift/Sources/ParseSwift/Protocols/ParseHookFunctionable+async.swift:60:38: error: extra argument 'completion' in call
 58 |          try await withCheckedThrowingContinuation { continuation in
 59 |              self.create(options: options,
 60 |                          completion: { continuation.resume(with: $0) })
    |                                      `- error: extra argument 'completion' in call
 61 |          }
 62 |      }
/host/spi-builder-workspace/.build/checkouts/Parse-Swift/Sources/ParseSwift/Protocols/ParseHookFunctionable.swift:207:39: error: cannot find type 'DispatchQueue' in scope
205 |     */
206 |     public func update(options: API.Options = [],
207 |                        callbackQueue: DispatchQueue = .main,
    |                                       `- error: cannot find type 'DispatchQueue' in scope
208 |                        completion: @escaping @Sendable (Result<Self, ParseError>) -> Void) {
209 |         Task {
/host/spi-builder-workspace/.build/checkouts/Parse-Swift/Sources/ParseSwift/Protocols/ParseHookFunctionable+async.swift:79:38: error: extra argument 'completion' in call
 77 |          try await withCheckedThrowingContinuation { continuation in
 78 |              self.update(options: options,
 79 |                          completion: { continuation.resume(with: $0) })
    |                                      `- error: extra argument 'completion' in call
 80 |          }
 81 |      }
/host/spi-builder-workspace/.build/checkouts/Parse-Swift/Sources/ParseSwift/Protocols/ParseHookFunctionable.swift:249:39: error: cannot find type 'DispatchQueue' in scope
247 |     */
248 |     public func delete(options: API.Options = [],
249 |                        callbackQueue: DispatchQueue = .main,
    |                                       `- error: cannot find type 'DispatchQueue' in scope
250 |                        completion: @escaping @Sendable (Result<Void, ParseError>) -> Void) {
251 |         Task {
/host/spi-builder-workspace/.build/checkouts/Parse-Swift/Sources/ParseSwift/Protocols/ParseHookFunctionable+async.swift:94:8: error: failed to produce diagnostic for expression; please submit a bug report (https://swift.org/contributing/#reporting-bugs)
 92 |      */
 93 |      func delete(options: API.Options = []) async throws {
 94 | 		 try await withCheckedThrowingContinuation { continuation in
    |        `- error: failed to produce diagnostic for expression; please submit a bug report (https://swift.org/contributing/#reporting-bugs)
 95 | 			 self.delete(options: options,
 96 | 						 completion: { continuation.resume(with: $0) })
/host/spi-builder-workspace/.build/checkouts/Parse-Swift/Sources/ParseSwift/Protocols/ParseHookFunctionable.swift:115:9: error: instance member 'fetchAll' cannot be used on type 'Self'; did you mean to use a value of this type instead?
113 |                          callbackQueue: DispatchQueue = .main,
114 |                          completion: @escaping @Sendable (Result<[Self], ParseError>) -> Void) {
115 |         Self.fetchAll(options: options,
    |         `- error: instance member 'fetchAll' cannot be used on type 'Self'; did you mean to use a value of this type instead?
116 |                       callbackQueue: callbackQueue,
117 |                       completion: completion)
/host/spi-builder-workspace/.build/checkouts/Parse-Swift/Sources/ParseSwift/Protocols/ParseHookFunctionable.swift:115:22: error: extra arguments at positions #2, #3 in call
113 |                          callbackQueue: DispatchQueue = .main,
114 |                          completion: @escaping @Sendable (Result<[Self], ParseError>) -> Void) {
115 |         Self.fetchAll(options: options,
    |                      `- error: extra arguments at positions #2, #3 in call
116 |                       callbackQueue: callbackQueue,
117 |                       completion: completion)
/host/spi-builder-workspace/.build/checkouts/Parse-Swift/Sources/ParseSwift/Protocols/ParseHookFunctionable+async.swift:39:11: note: 'fetchAll(options:)' declared here
 37 |      desires a different policy, it should be inserted in `options`.
 38 |      */
 39 |      func fetchAll(options: API.Options = []) async throws -> [Self] {
    |           `- note: 'fetchAll(options:)' declared here
 40 |          try await withCheckedThrowingContinuation { continuation in
 41 |              self.fetchAll(options: options,
/host/spi-builder-workspace/.build/checkouts/Parse-Swift/Sources/ParseSwift/Protocols/ParseHookRequestable.swift:79:44: error: cannot find type 'DispatchQueue' in scope
 77 |      */
 78 |     public func hydrateUser(options: API.Options = [],
 79 |                             callbackQueue: DispatchQueue = .main,
    |                                            `- error: cannot find type 'DispatchQueue' in scope
 80 |                             completion: @escaping @Sendable (Result<Self, ParseError>) -> Void) {
 81 |         guard let user = user else {
/host/spi-builder-workspace/.build/checkouts/Parse-Swift/Sources/ParseSwift/Protocols/ParseHookRequestable+async.swift:23:42: error: extra argument 'completion' in call
21 |         try await withCheckedThrowingContinuation { continuation in
22 |             self.hydrateUser(options: options,
23 |                              completion: { continuation.resume(with: $0) })
   |                                          `- error: extra argument 'completion' in call
24 |         }
25 |     }
/host/spi-builder-workspace/.build/checkouts/Parse-Swift/Sources/ParseSwift/Objects/ParseUser.swift:1006:24: error: cannot find type 'DispatchQueue' in scope
1004 |         includeKeys: [String]? = nil,
1005 |         options: API.Options = [],
1006 |         callbackQueue: DispatchQueue = .main,
     |                        `- error: cannot find type 'DispatchQueue' in scope
1007 |         completion: @escaping @Sendable (Result<Self, ParseError>) -> Void
1008 |     ) {
/host/spi-builder-workspace/.build/checkouts/Parse-Swift/Sources/ParseSwift/Objects/ParseObject.swift:767:24: error: cannot find type 'DispatchQueue' in scope
765 |         includeKeys: [String]? = nil,
766 |         options: API.Options = [],
767 |         callbackQueue: DispatchQueue = .main,
    |                        `- error: cannot find type 'DispatchQueue' in scope
768 |         completion: @escaping @Sendable (Result<Self, ParseError>) -> Void
769 |     ) {
/host/spi-builder-workspace/.build/checkouts/Parse-Swift/Sources/ParseSwift/Protocols/ParseHookRequestable.swift:90:19: error: extra arguments at positions #2, #3 in call
 88 |         var updatedOptions = self.options()
 89 |         updatedOptions = options.union(updatedOptions)
 90 |         user.fetch(options: updatedOptions,
    |                   `- error: extra arguments at positions #2, #3 in call
 91 |                    callbackQueue: callbackQueue) { result in
 92 |             switch result {
/host/spi-builder-workspace/.build/checkouts/Parse-Swift/Sources/ParseSwift/Objects/ParseUser+async.swift:268:29: note: 'fetch(includeKeys:options:)' declared here
266 |      desires a different policy, it should be inserted in `options`.
267 |     */
268 |     @discardableResult func fetch(includeKeys: [String]? = nil,
    |                             `- note: 'fetch(includeKeys:options:)' declared here
269 |                                   options: API.Options = []) async throws -> Self {
270 |         try await withCheckedThrowingContinuation { continuation in
/host/spi-builder-workspace/.build/checkouts/Parse-Swift/Sources/ParseSwift/Protocols/ParseHookTriggerable.swift:211:38: error: cannot find type 'DispatchQueue' in scope
209 |     */
210 |     public func fetch(options: API.Options = [],
211 |                       callbackQueue: DispatchQueue = .main,
    |                                      `- error: cannot find type 'DispatchQueue' in scope
212 |                       completion: @escaping @Sendable (Result<Self, ParseError>) -> Void) {
213 |         Task {
/host/spi-builder-workspace/.build/checkouts/Parse-Swift/Sources/ParseSwift/Protocols/ParseHookTriggerable+async.swift:24:37: error: extra argument 'completion' in call
22 |          try await withCheckedThrowingContinuation { continuation in
23 |              self.fetch(options: options,
24 |                         completion: { continuation.resume(with: $0) })
   |                                     `- error: extra argument 'completion' in call
25 |          }
26 |      }
/host/spi-builder-workspace/.build/checkouts/Parse-Swift/Sources/ParseSwift/Protocols/ParseHookTriggerable.swift:250:41: error: cannot find type 'DispatchQueue' in scope
248 |     */
249 |     public func fetchAll(options: API.Options = [],
250 |                          callbackQueue: DispatchQueue = .main,
    |                                         `- error: cannot find type 'DispatchQueue' in scope
251 |                          completion: @escaping @Sendable (Result<[Self], ParseError>) -> Void) {
252 |         Self.fetchAll(options: options,
/host/spi-builder-workspace/.build/checkouts/Parse-Swift/Sources/ParseSwift/Protocols/ParseHookTriggerable.swift:269:48: error: cannot find type 'DispatchQueue' in scope
267 |     */
268 |     public static func fetchAll(options: API.Options = [],
269 |                                 callbackQueue: DispatchQueue = .main,
    |                                                `- error: cannot find type 'DispatchQueue' in scope
270 |                                 completion: @escaping @Sendable (Result<[Self], ParseError>) -> Void) {
271 |         Task {
/host/spi-builder-workspace/.build/checkouts/Parse-Swift/Sources/ParseSwift/Protocols/ParseHookTriggerable+async.swift:39:40: error: extra argument 'completion' in call
37 |          try await withCheckedThrowingContinuation { continuation in
38 |              self.fetchAll(options: options,
39 |                            completion: { continuation.resume(with: $0) })
   |                                        `- error: extra argument 'completion' in call
40 |          }
41 |      }
/host/spi-builder-workspace/.build/checkouts/Parse-Swift/Sources/ParseSwift/Protocols/ParseHookTriggerable.swift:302:39: error: cannot find type 'DispatchQueue' in scope
300 |     */
301 |     public func create(options: API.Options = [],
302 |                        callbackQueue: DispatchQueue = .main,
    |                                       `- error: cannot find type 'DispatchQueue' in scope
303 |                        completion: @escaping @Sendable (Result<Self, ParseError>) -> Void) {
304 |         Task {
/host/spi-builder-workspace/.build/checkouts/Parse-Swift/Sources/ParseSwift/Protocols/ParseHookTriggerable+async.swift:57:38: error: extra argument 'completion' in call
55 |          try await withCheckedThrowingContinuation { continuation in
56 |              self.create(options: options,
57 |                          completion: { continuation.resume(with: $0) })
   |                                      `- error: extra argument 'completion' in call
58 |          }
59 |      }
/host/spi-builder-workspace/.build/checkouts/Parse-Swift/Sources/ParseSwift/Protocols/ParseHookTriggerable.swift:344:39: error: cannot find type 'DispatchQueue' in scope
342 |     */
343 |     public func update(options: API.Options = [],
344 |                        callbackQueue: DispatchQueue = .main,
    |                                       `- error: cannot find type 'DispatchQueue' in scope
345 |                        completion: @escaping @Sendable (Result<Self, ParseError>) -> Void) {
346 |         Task {
/host/spi-builder-workspace/.build/checkouts/Parse-Swift/Sources/ParseSwift/Protocols/ParseHookTriggerable+async.swift:75:38: error: extra argument 'completion' in call
73 |          try await withCheckedThrowingContinuation { continuation in
74 |              self.update(options: options,
75 |                          completion: { continuation.resume(with: $0) })
   |                                      `- error: extra argument 'completion' in call
76 |          }
77 |      }
/host/spi-builder-workspace/.build/checkouts/Parse-Swift/Sources/ParseSwift/Protocols/ParseHookTriggerable.swift:386:39: error: cannot find type 'DispatchQueue' in scope
384 |     */
385 |     public func delete(options: API.Options = [],
386 |                        callbackQueue: DispatchQueue = .main,
    |                                       `- error: cannot find type 'DispatchQueue' in scope
387 |                        completion: @escaping @Sendable (Result<Void, ParseError>) -> Void) {
388 |         Task {
/host/spi-builder-workspace/.build/checkouts/Parse-Swift/Sources/ParseSwift/Protocols/ParseHookTriggerable+async.swift:90:8: error: failed to produce diagnostic for expression; please submit a bug report (https://swift.org/contributing/#reporting-bugs)
88 |      */
89 |      func delete(options: API.Options = []) async throws {
90 | 		 try await withCheckedThrowingContinuation { continuation in
   |        `- error: failed to produce diagnostic for expression; please submit a bug report (https://swift.org/contributing/#reporting-bugs)
91 | 			 self.delete(options: options,
92 | 						 completion: { continuation.resume(with: $0) })
Failed frontend command:
/usr/bin/swift-frontend -frontend -c -filelist /host/spi-builder-workspace/.build/out/Intermediates.noindex/ParseSwift.build/Debug-webassembly-wasm32/ParseSwift-t.build/Objects-normal/wasm32/sources-1 -primary-file /host/spi-builder-workspace/.build/checkouts/Parse-Swift/Sources/ParseSwift/Protocols/CloudObservable.swift -primary-file /host/spi-builder-workspace/.build/checkouts/Parse-Swift/Sources/ParseSwift/Protocols/Deletable.swift -primary-file /host/spi-builder-workspace/.build/checkouts/Parse-Swift/Sources/ParseSwift/Protocols/Fetchable.swift -primary-file /host/spi-builder-workspace/.build/checkouts/Parse-Swift/Sources/ParseSwift/Protocols/Fileable.swift -primary-file /host/spi-builder-workspace/.build/checkouts/Parse-Swift/Sources/ParseSwift/Protocols/Objectable.swift -primary-file /host/spi-builder-workspace/.build/checkouts/Parse-Swift/Sources/ParseSwift/Protocols/ParseCloudable+async.swift -primary-file /host/spi-builder-workspace/.build/checkouts/Parse-Swift/Sources/ParseSwift/Protocols/ParseCloudable+combine.swift -primary-file /host/spi-builder-workspace/.build/checkouts/Parse-Swift/Sources/ParseSwift/Protocols/ParseCloudable.swift -primary-file /host/spi-builder-workspace/.build/checkouts/Parse-Swift/Sources/ParseSwift/Protocols/ParseConfig+async.swift -primary-file /host/spi-builder-workspace/.build/checkouts/Parse-Swift/Sources/ParseSwift/Protocols/ParseConfig+combine.swift -primary-file /host/spi-builder-workspace/.build/checkouts/Parse-Swift/Sources/ParseSwift/Protocols/ParseConfig.swift -primary-file /host/spi-builder-workspace/.build/checkouts/Parse-Swift/Sources/ParseSwift/Protocols/ParseEncodable.swift -primary-file /host/spi-builder-workspace/.build/checkouts/Parse-Swift/Sources/ParseSwift/Protocols/ParseFileTransferable.swift -primary-file /host/spi-builder-workspace/.build/checkouts/Parse-Swift/Sources/ParseSwift/Protocols/ParseHookFunctionable+async.swift -primary-file /host/spi-builder-workspace/.build/checkouts/Parse-Swift/Sources/ParseSwift/Protocols/ParseHookFunctionable+combine.swift -primary-file /host/spi-builder-workspace/.build/checkouts/Parse-Swift/Sources/ParseSwift/Protocols/ParseHookFunctionable.swift -primary-file /host/spi-builder-workspace/.build/checkouts/Parse-Swift/Sources/ParseSwift/Protocols/ParseHookParametable.swift -primary-file /host/spi-builder-workspace/.build/checkouts/Parse-Swift/Sources/ParseSwift/Protocols/ParseHookRequestable+async.swift -primary-file /host/spi-builder-workspace/.build/checkouts/Parse-Swift/Sources/ParseSwift/Protocols/ParseHookRequestable+combine.swift -primary-file /host/spi-builder-workspace/.build/checkouts/Parse-Swift/Sources/ParseSwift/Protocols/ParseHookRequestable.swift -primary-file /host/spi-builder-workspace/.build/checkouts/Parse-Swift/Sources/ParseSwift/Protocols/ParseHookTriggerRequestable.swift -primary-file /host/spi-builder-workspace/.build/checkouts/Parse-Swift/Sources/ParseSwift/Protocols/ParseHookTriggerable+async.swift -primary-file /host/spi-builder-workspace/.build/checkouts/Parse-Swift/Sources/ParseSwift/Protocols/ParseHookTriggerable+combine.swift -supplementary-output-file-map /host/spi-builder-workspace/.build/out/Intermediates.noindex/ParseSwift.build/Debug-webassembly-wasm32/ParseSwift-t.build/Objects-normal/wasm32/supplementaryOutputs-15 -target wasm32-unknown-wasip1 -disable-objc-interop -sdk /root/.swiftpm/swift-sdks/swift-6.4.x-DEVELOPMENT-SNAPSHOT-2026-09-04-a_wasm.artifactbundle/swift-6.4.x-DEVELOPMENT-SNAPSHOT-2026-09-04-a_wasm/wasm32-unknown-wasip1/WASI.sdk -sysroot /root/.swiftpm/swift-sdks/swift-6.4.x-DEVELOPMENT-SNAPSHOT-2026-09-04-a_wasm.artifactbundle/swift-6.4.x-DEVELOPMENT-SNAPSHOT-2026-09-04-a_wasm/wasm32-unknown-wasip1/WASI.sdk -I /host/spi-builder-workspace/.build/out/Products/Debug-webassembly-wasm32 -module-cache-path /host/spi-builder-workspace/.build/out/ModuleCache.noindex -color-diagnostics -Xcc -fcolor-diagnostics -enable-testing -g -debug-info-format\=dwarf -dwarf-version\=4 -suppress-warnings -swift-version 6 -Onone -D SWIFT_PACKAGE -D DEBUG -D SWIFT_MODULE_RESOURCE_BUNDLE_AVAILABLE -D Xcode -serialize-debugging-options -enable-upcoming-feature MemberImportVisibility -enable-upcoming-feature InferIsolatedConformances -enable-upcoming-feature ImmutableWeakCaptures -enable-upcoming-feature NonisolatedNonsendingByDefault -enable-experimental-feature DebugDescriptionMacro -empty-abi-descriptor -external-plugin-path /usr/lib/swift/host/plugins/testing\#/usr/bin/swift-plugin-server -user-module-version 6.1.0 -validate-clang-modules-once -clang-build-session-file /host/spi-builder-workspace/.build/out/ModuleCache.noindex/Session.modulevalidation -Xcc -working-directory -Xcc /host -resource-dir /root/.swiftpm/swift-sdks/swift-6.4.x-DEVELOPMENT-SNAPSHOT-2026-09-04-a_wasm.artifactbundle/swift-6.4.x-DEVELOPMENT-SNAPSHOT-2026-09-04-a_wasm/wasm32-unknown-wasip1/swift.xctoolchain/usr/lib/swift_static -use-static-resource-dir -enable-anonymous-context-mangled-names -file-compilation-dir /host -Xcc -resource-dir -Xcc /root/.swiftpm/swift-sdks/swift-6.4.x-DEVELOPMENT-SNAPSHOT-2026-09-04-a_wasm.artifactbundle/swift-6.4.x-DEVELOPMENT-SNAPSHOT-2026-09-04-a_wasm/wasm32-unknown-wasip1/swift.xctoolchain/usr/lib/swift_static/clang -Xcc -D_LIBCPP_HARDENING_MODE\=_LIBCPP_HARDENING_MODE_DEBUG -Xcc -fmodules-prune-interval\=86400 -Xcc -fmodules-prune-after\=345600 -Xcc -I/host/spi-builder-workspace/.build/out/Products/Debug-webassembly-wasm32/include -Xcc -I/host/spi-builder-workspace/.build/out/Intermediates.noindex/ParseSwift.build/Debug-webassembly-wasm32/ParseSwift-t.build/DerivedSources-normal/wasm32 -Xcc -I/host/spi-builder-workspace/.build/out/Intermediates.noindex/ParseSwift.build/Debug-webassembly-wasm32/ParseSwift-t.build/DerivedSources/wasm32 -Xcc -I/host/spi-builder-workspace/.build/out/Intermediates.noindex/ParseSwift.build/Debug-webassembly-wasm32/ParseSwift-t.build/DerivedSources -Xcc -DSWIFT_PACKAGE -Xcc -DDEBUG\=1 -no-auto-bridging-header-chaining -module-name ParseSwift -package-name parse_swift -const-gather-protocols-file /host/spi-builder-workspace/.build/out/Intermediates.noindex/ParseSwift.build/Debug-webassembly-wasm32/ParseSwift-t.build/Objects-normal/wasm32/ParseSwift_const_extract_protocols.json -in-process-plugin-server-path /usr/lib/swift/host/libSwiftInProcPluginServer.so -plugin-path /usr/lib/swift/host/plugins -plugin-path /usr/local/lib/swift/host/plugins -parse-as-library -o /host/spi-builder-workspace/.build/out/Intermediates.noindex/ParseSwift.build/Debug-webassembly-wasm32/ParseSwift-t.build/Objects-normal/wasm32/CloudObservable.o -o /host/spi-builder-workspace/.build/out/Intermediates.noindex/ParseSwift.build/Debug-webassembly-wasm32/ParseSwift-t.build/Objects-normal/wasm32/Deletable.o -o /host/spi-builder-workspace/.build/out/Intermediates.noindex/ParseSwift.build/Debug-webassembly-wasm32/ParseSwift-t.build/Objects-normal/wasm32/Fetchable.o -o /host/spi-builder-workspace/.build/out/Intermediates.noindex/ParseSwift.build/Debug-webassembly-wasm32/ParseSwift-t.build/Objects-normal/wasm32/Fileable.o -o /host/spi-builder-workspace/.build/out/Intermediates.noindex/ParseSwift.build/Debug-webassembly-wasm32/ParseSwift-t.build/Objects-normal/wasm32/Objectable.o -o /host/spi-builder-workspace/.build/out/Intermediates.noindex/ParseSwift.build/Debug-webassembly-wasm32/ParseSwift-t.build/Objects-normal/wasm32/ParseCloudable+async.o -o /host/spi-builder-workspace/.build/out/Intermediates.noindex/ParseSwift.build/Debug-webassembly-wasm32/ParseSwift-t.build/Objects-normal/wasm32/ParseCloudable+combine.o -o /host/spi-builder-workspace/.build/out/Intermediates.noindex/ParseSwift.build/Debug-webassembly-wasm32/ParseSwift-t.build/Objects-normal/wasm32/ParseCloudable.o -o /host/spi-builder-workspace/.build/out/Intermediates.noindex/ParseSwift.build/Debug-webassembly-wasm32/ParseSwift-t.build/Objects-normal/wasm32/ParseConfig+async.o -o /host/spi-builder-workspace/.build/out/Intermediates.noindex/ParseSwift.build/Debug-webassembly-wasm32/ParseSwift-t.build/Objects-normal/wasm32/ParseConfig+combine.o -o /host/spi-builder-workspace/.build/out/Intermediates.noindex/ParseSwift.build/Debug-webassembly-wasm32/ParseSwift-t.build/Objects-normal/wasm32/ParseConfig.o -o /host/spi-builder-workspace/.build/out/Intermediates.noindex/ParseSwift.build/Debug-webassembly-wasm32/ParseSwift-t.build/Objects-normal/wasm32/ParseEncodable.o -o /host/spi-builder-workspace/.build/out/Intermediates.noindex/ParseSwift.build/Debug-webassembly-wasm32/ParseSwift-t.build/Objects-normal/wasm32/ParseFileTransferable.o -o /host/spi-builder-workspace/.build/out/Intermediates.noindex/ParseSwift.build/Debug-webassembly-wasm32/ParseSwift-t.build/Objects-normal/wasm32/ParseHookFunctionable+async.o -o /host/spi-builder-workspace/.build/out/Intermediates.noindex/ParseSwift.build/Debug-webassembly-wasm32/ParseSwift-t.build/Objects-normal/wasm32/ParseHookFunctionable+combine.o -o /host/spi-builder-workspace/.build/out/Intermediates.noindex/ParseSwift.build/Debug-webassembly-wasm32/ParseSwift-t.build/Objects-normal/wasm32/ParseHookFunctionable.o -o /host/spi-builder-workspace/.build/out/Intermediates.noindex/ParseSwift.build/Debug-webassembly-wasm32/ParseSwift-t.build/Objects-normal/wasm32/ParseHookParametable.o -o /host/spi-builder-workspace/.build/out/Intermediates.noindex/ParseSwift.build/Debug-webassembly-wasm32/ParseSwift-t.build/Objects-normal/wasm32/ParseHookRequestable+async.o -o /host/spi-builder-workspace/.build/out/Intermediates.noindex/ParseSwift.build/Debug-webassembly-wasm32/ParseSwift-t.build/Objects-normal/wasm32/ParseHookRequestable+combine.o -o /host/spi-builder-workspace/.build/out/Intermediates.noindex/ParseSwift.build/Debug-webassembly-wasm32/ParseSwift-t.build/Objects-normal/wasm32/ParseHookRequestable.o -o /host/spi-builder-workspace/.build/out/Intermediates.noindex/ParseSwift.build/Debug-webassembly-wasm32/ParseSwift-t.build/Objects-normal/wasm32/ParseHookTriggerRequestable.o -o /host/spi-builder-workspace/.build/out/Intermediates.noindex/ParseSwift.build/Debug-webassembly-wasm32/ParseSwift-t.build/Objects-normal/wasm32/ParseHookTriggerable+async.o -o /host/spi-builder-workspace/.build/out/Intermediates.noindex/ParseSwift.build/Debug-webassembly-wasm32/ParseSwift-t.build/Objects-normal/wasm32/ParseHookTriggerable+combine.o -index-unit-output-path /ParseSwift.build/Debug-webassembly-wasm32/ParseSwift-t.build/Objects-normal/wasm32/CloudObservable.o -index-unit-output-path /ParseSwift.build/Debug-webassembly-wasm32/ParseSwift-t.build/Objects-normal/wasm32/Deletable.o -index-unit-output-path /ParseSwift.build/Debug-webassembly-wasm32/ParseSwift-t.build/Objects-normal/wasm32/Fetchable.o -index-unit-output-path /ParseSwift.build/Debug-webassembly-wasm32/ParseSwift-t.build/Objects-normal/wasm32/Fileable.o -index-unit-output-path /ParseSwift.build/Debug-webassembly-wasm32/ParseSwift-t.build/Objects-normal/wasm32/Objectable.o -index-unit-output-path /ParseSwift.build/Debug-webassembly-wasm32/ParseSwift-t.build/Objects-normal/wasm32/ParseCloudable+async.o -index-unit-output-path /ParseSwift.build/Debug-webassembly-wasm32/ParseSwift-t.build/Objects-normal/wasm32/ParseCloudable+combine.o -index-unit-output-path /ParseSwift.build/Debug-webassembly-wasm32/ParseSwift-t.build/Objects-normal/wasm32/ParseCloudable.o -index-unit-output-path /ParseSwift.build/Debug-webassembly-wasm32/ParseSwift-t.build/Objects-normal/wasm32/ParseConfig+async.o -index-unit-output-path /ParseSwift.build/Debug-webassembly-wasm32/ParseSwift-t.build/Objects-normal/wasm32/ParseConfig+combine.o -index-unit-output-path /ParseSwift.build/Debug-webassembly-wasm32/ParseSwift-t.build/Objects-normal/wasm32/ParseConfig.o -index-unit-output-path /ParseSwift.build/Debug-webassembly-wasm32/ParseSwift-t.build/Objects-normal/wasm32/ParseEncodable.o -index-unit-output-path /ParseSwift.build/Debug-webassembly-wasm32/ParseSwift-t.build/Objects-normal/wasm32/ParseFileTransferable.o -index-unit-output-path /ParseSwift.build/Debug-webassembly-wasm32/ParseSwift-t.build/Objects-normal/wasm32/ParseHookFunctionable+async.o -index-unit-output-path /ParseSwift.build/Debug-webassembly-wasm32/ParseSwift-t.build/Objects-normal/wasm32/ParseHookFunctionable+combine.o -index-unit-output-path /ParseSwift.build/Debug-webassembly-wasm32/ParseSwift-t.build/Objects-normal/wasm32/ParseHookFunctionable.o -index-unit-output-path /ParseSwift.build/Debug-webassembly-wasm32/ParseSwift-t.build/Objects-normal/wasm32/ParseHookParametable.o -index-unit-output-path /ParseSwift.build/Debug-webassembly-wasm32/ParseSwift-t.build/Objects-normal/wasm32/ParseHookRequestable+async.o -index-unit-output-path /ParseSwift.build/Debug-webassembly-wasm32/ParseSwift-t.build/Objects-normal/wasm32/ParseHookRequestable+combine.o -index-unit-output-path /ParseSwift.build/Debug-webassembly-wasm32/ParseSwift-t.build/Objects-normal/wasm32/ParseHookRequestable.o -index-unit-output-path /ParseSwift.build/Debug-webassembly-wasm32/ParseSwift-t.build/Objects-normal/wasm32/ParseHookTriggerRequestable.o -index-unit-output-path /ParseSwift.build/Debug-webassembly-wasm32/ParseSwift-t.build/Objects-normal/wasm32/ParseHookTriggerable+async.o -index-unit-output-path /ParseSwift.build/Debug-webassembly-wasm32/ParseSwift-t.build/Objects-normal/wasm32/ParseHookTriggerable+combine.o -index-store-path /host/spi-builder-workspace/.build/out -index-system-modules
[485 / 1693] SwiftASN1
error: Build failed
BUILD FAILURE 6.4 wasm