Build Information
Failed to build GoogleCloudMonitoringV3, reference 0.5.0 (eb3a6e), with Swift 6.2 for Android on 11 Oct 2026 23:58:56 UTC.
Build Command
bash -c docker run --pull=always --rm -v "checkouts-54344849-0":/host -w "$PWD" -e JAVA_HOME="/root/.sdkman/candidates/java/current" -e SPI_BUILD="1" -e SPI_PROCESSING="1" registry.gitlab.com/saguaro1/spi-images:android-6.2-latest swift build --swift-sdk aarch64-unknown-linux-android28 2>&1Build Log
========================================
RunAll
========================================
Builder version: 5.1.1
Interrupt handler set up.
========================================
Checkout
========================================
Clone URL: https://github.com/googleapis/swift-google-monitoring-v3.git
Reference: 0.5.0
Initialized empty Git repository in /host/spi-builder-workspace/.git/
hint: Using 'master' as the name for the initial branch. This default branch name
hint: is subject to change. To configure the initial branch name to use in all
hint: of your new repositories, which will suppress this warning, call:
hint:
hint: git config --global init.defaultBranch <name>
hint:
hint: Names commonly chosen instead of 'master' are 'main', 'trunk' and
hint: 'development'. The just-created branch can be renamed via this command:
hint:
hint: git branch -m <name>
From https://github.com/googleapis/swift-google-monitoring-v3
* tag 0.5.0 -> FETCH_HEAD
HEAD is now at eb3a6ee chore: release circa 2026-10-07 (#1382)
Cloned https://github.com/googleapis/swift-google-monitoring-v3.git
Revision (git rev-parse @):
eb3a6eed10968b0e14cf85360dffe9c4e2b19f77
SPI manifest file found: $PWD/.spi.yml
SUCCESS checkout https://github.com/googleapis/swift-google-monitoring-v3.git at 0.5.0
========================================
Build
========================================
Selected platform: android
Swift version: 6.2
Building package at path: $PWD
https://github.com/googleapis/swift-google-monitoring-v3.git
Running build ...
bash -c docker run --pull=always --rm -v "checkouts-54344849-0":/host -w "$PWD" -e JAVA_HOME="/root/.sdkman/candidates/java/current" -e SPI_BUILD="1" -e SPI_PROCESSING="1" registry.gitlab.com/saguaro1/spi-images:android-6.2-latest swift build --swift-sdk aarch64-unknown-linux-android28 2>&1
android-6.2-latest: Pulling from saguaro1/spi-images
Digest: sha256:a839c9ce201f1dacc8eb056626ec7ab0a1c6d53d7b77c83feda395f4507c51be
Status: Image is up to date for registry.gitlab.com/saguaro1/spi-images:android-6.2-latest
Fetching https://github.com/googleapis/swift-google-auth
Fetching https://github.com/googleapis/swift-google-api
Fetching https://github.com/googleapis/swift-google-gax
Fetching https://github.com/apple/swift-log
Fetching https://github.com/googleapis/swift-google-wkt
Fetching https://github.com/googleapis/swift-google-type
[11/1023] Fetching swift-google-wkt
[523/1460] Fetching swift-google-wkt, swift-google-type
[758/9717] Fetching swift-google-wkt, swift-google-type, swift-log
Fetched https://github.com/googleapis/swift-google-type from cache (0.41s)
[1355/10343] Fetching swift-google-wkt, swift-log, swift-google-api
Fetching https://github.com/googleapis/swift-google-rpc
[1802/11366] Fetching swift-google-wkt, swift-log, swift-google-api, swift-google-auth
Fetched https://github.com/googleapis/swift-google-wkt from cache (0.44s)
[1135/10343] Fetching swift-log, swift-google-api, swift-google-auth
[9853/12091] Fetching swift-log, swift-google-api, swift-google-auth, swift-google-gax
Fetched https://github.com/apple/swift-log from cache (0.67s)
[2164/3834] Fetching swift-google-api, swift-google-auth, swift-google-gax
Fetched https://github.com/googleapis/swift-google-api from cache (0.73s)
[1321/2771] Fetching swift-google-auth, swift-google-gax
Fetched https://github.com/googleapis/swift-google-gax from cache (0.92s)
Fetched https://github.com/googleapis/swift-google-auth from cache (0.92s)
[1/422] Fetching swift-google-rpc
Fetched https://github.com/googleapis/swift-google-rpc from cache (0.75s)
Computing version for https://github.com/googleapis/swift-google-wkt
Computed https://github.com/googleapis/swift-google-wkt at 0.5.0 (1.32s)
Fetching https://github.com/swift-extras/swift-extras-base64
[1/954] Fetching swift-extras-base64
Fetched https://github.com/swift-extras/swift-extras-base64 from cache (0.40s)
Computing version for https://github.com/googleapis/swift-google-type
Computed https://github.com/googleapis/swift-google-type at 0.5.0 (0.55s)
Computing version for https://github.com/googleapis/swift-google-rpc
Computed https://github.com/googleapis/swift-google-rpc at 0.5.0 (0.15s)
Computing version for https://github.com/googleapis/swift-google-gax
Computed https://github.com/googleapis/swift-google-gax at 0.5.0 (0.16s)
Fetching https://github.com/apple/swift-nio
Fetching https://github.com/swift-server/async-http-client.git
[1/16464] Fetching async-http-client
[16465/102838] Fetching async-http-client, swift-nio
Fetched https://github.com/swift-server/async-http-client.git from cache (0.95s)
[5183/86374] Fetching swift-nio
Fetched https://github.com/apple/swift-nio from cache (3.75s)
Computing version for https://github.com/googleapis/swift-google-auth
Computed https://github.com/googleapis/swift-google-auth at 0.5.0 (3.90s)
Fetching https://github.com/vapor/jwt-kit.git
Fetching https://github.com/apple/swift-system.git
[1/7241] Fetching swift-system
[7242/17495] Fetching swift-system, jwt-kit
Fetched https://github.com/apple/swift-system.git from cache (1.62s)
Fetched https://github.com/vapor/jwt-kit.git from cache (1.62s)
Computing version for https://github.com/googleapis/swift-google-api
Computed https://github.com/googleapis/swift-google-api at 0.5.0 (1.77s)
Computing version for https://github.com/swift-extras/swift-extras-base64
Computed https://github.com/swift-extras/swift-extras-base64 at 1.2.0 (0.15s)
Computing version for https://github.com/swift-server/async-http-client.git
Computed https://github.com/swift-server/async-http-client.git at 1.36.2 (0.24s)
Fetching https://github.com/apple/swift-service-context.git
Fetching https://github.com/apple/swift-atomics.git
Fetching https://github.com/apple/swift-nio-transport-services.git
Fetching https://github.com/apple/swift-nio-extras.git
Fetching https://github.com/apple/swift-configuration.git
[1/1501] Fetching swift-service-context
Fetched https://github.com/apple/swift-service-context.git from cache (0.44s)
[1/1889] Fetching swift-atomics
Fetching https://github.com/apple/swift-algorithms.git
[700/8592] Fetching swift-atomics, swift-nio-extras
[2360/11459] Fetching swift-atomics, swift-nio-extras, swift-nio-transport-services
[2428/15387] Fetching swift-atomics, swift-nio-extras, swift-nio-transport-services, swift-configuration
Fetched https://github.com/apple/swift-configuration.git from cache (0.75s)
[9050/11459] Fetching swift-atomics, swift-nio-extras, swift-nio-transport-services
Fetching https://github.com/apple/swift-nio-ssl.git
[11460/17623] Fetching swift-atomics, swift-nio-extras, swift-nio-transport-services, swift-algorithms
Fetched https://github.com/apple/swift-nio-extras.git from cache (0.93s)
[7407/10920] Fetching swift-atomics, swift-nio-transport-services, swift-algorithms
Fetching https://github.com/apple/swift-distributed-tracing.git
Fetching https://github.com/apple/swift-nio-http2.git
Fetched https://github.com/apple/swift-atomics.git from cache (0.94s)
Fetched https://github.com/apple/swift-nio-transport-services.git from cache (0.94s)
[3576/6164] Fetching swift-algorithms
Fetched https://github.com/apple/swift-algorithms.git from cache (0.67s)
[1/16880] Fetching swift-nio-ssl
[1689/23431] Fetching swift-nio-ssl, swift-distributed-tracing
[5371/35725] Fetching swift-nio-ssl, swift-distributed-tracing, swift-nio-http2
Fetched https://github.com/apple/swift-distributed-tracing.git from cache (0.75s)
[7478/29174] Fetching swift-nio-ssl, swift-nio-http2
Fetched https://github.com/apple/swift-nio-http2.git from cache (1.75s)
Fetched https://github.com/apple/swift-nio-ssl.git from cache (2.30s)
Computing version for https://github.com/apple/swift-service-context.git
Computed https://github.com/apple/swift-service-context.git at 1.3.0 (3.30s)
Computing version for https://github.com/apple/swift-algorithms.git
Computed https://github.com/apple/swift-algorithms.git at 1.2.1 (1.37s)
Fetching https://github.com/apple/swift-numerics.git
[1/6742] Fetching swift-numerics
Fetched https://github.com/apple/swift-numerics.git from cache (0.54s)
Computing version for https://github.com/apple/swift-log
Computed https://github.com/apple/swift-log at 1.16.1 (0.75s)
Computing version for https://github.com/apple/swift-distributed-tracing.git
Computed https://github.com/apple/swift-distributed-tracing.git at 1.5.0 (0.29s)
Computing version for https://github.com/apple/swift-atomics.git
Computed https://github.com/apple/swift-atomics.git at 1.3.1 (0.26s)
Computing version for https://github.com/apple/swift-numerics.git
Computed https://github.com/apple/swift-numerics.git at 1.1.1 (0.26s)
Computing version for https://github.com/apple/swift-nio
Computed https://github.com/apple/swift-nio at 2.104.0 (0.60s)
Fetching https://github.com/apple/swift-collections.git
[1/28703] Fetching swift-collections
Fetched https://github.com/apple/swift-collections.git from cache (1.60s)
Computing version for https://github.com/apple/swift-configuration.git
Computed https://github.com/apple/swift-configuration.git at 1.2.2 (2.88s)
Fetching https://github.com/swift-server/swift-service-lifecycle
[1/2867] Fetching swift-service-lifecycle
Fetched https://github.com/swift-server/swift-service-lifecycle from cache (0.50s)
Computing version for https://github.com/apple/swift-nio-transport-services.git
Computed https://github.com/apple/swift-nio-transport-services.git at 1.28.0 (0.79s)
Computing version for https://github.com/swift-server/swift-service-lifecycle
Computed https://github.com/swift-server/swift-service-lifecycle at 2.12.1 (0.27s)
Fetching https://github.com/apple/swift-async-algorithms.git
[1/6820] Fetching swift-async-algorithms
Fetched https://github.com/apple/swift-async-algorithms.git from cache (0.65s)
Computing version for https://github.com/apple/swift-async-algorithms.git
Computed https://github.com/apple/swift-async-algorithms.git at 1.1.7 (1.04s)
Computing version for https://github.com/apple/swift-collections.git
Computed https://github.com/apple/swift-collections.git at 1.7.2 (0.42s)
Computing version for https://github.com/apple/swift-nio-http2.git
Computed https://github.com/apple/swift-nio-http2.git at 1.46.0 (0.35s)
Computing version for https://github.com/vapor/jwt-kit.git
Computed https://github.com/vapor/jwt-kit.git at 5.7.1 (0.29s)
Fetching https://github.com/apple/swift-certificates.git
Fetching https://github.com/apple/swift-crypto.git
[1/18629] Fetching swift-crypto
[2/26242] Fetching swift-crypto, swift-certificates
Fetched https://github.com/apple/swift-certificates.git from cache (0.64s)
[2050/18629] Fetching swift-crypto
Fetched https://github.com/apple/swift-crypto.git from cache (1.75s)
Computing version for https://github.com/apple/swift-crypto.git
Computed https://github.com/apple/swift-crypto.git at 4.5.2 (2.80s)
Fetching https://github.com/apple/swift-asn1.git
[1/2009] Fetching swift-asn1
Fetched https://github.com/apple/swift-asn1.git from cache (0.45s)
Computing version for https://github.com/apple/swift-asn1.git
Computed https://github.com/apple/swift-asn1.git at 1.7.3 (0.78s)
Computing version for https://github.com/apple/swift-certificates.git
Computed https://github.com/apple/swift-certificates.git at 1.21.0 (0.40s)
Computing version for https://github.com/apple/swift-nio-ssl.git
Computed https://github.com/apple/swift-nio-ssl.git at 2.37.5 (0.37s)
Computing version for https://github.com/apple/swift-system.git
Computed https://github.com/apple/swift-system.git at 1.8.1 (0.30s)
Computing version for https://github.com/apple/swift-nio-extras.git
Computed https://github.com/apple/swift-nio-extras.git at 1.35.1 (0.39s)
Fetching https://github.com/apple/swift-http-structured-headers.git
Fetching https://github.com/apple/swift-http-types.git
[1/1939] Fetching swift-http-types
[118/3192] Fetching swift-http-types, swift-http-structured-headers
Fetched https://github.com/apple/swift-http-structured-headers.git from cache (0.46s)
Fetched https://github.com/apple/swift-http-types.git from cache (0.46s)
Computing version for https://github.com/apple/swift-http-structured-headers.git
Computed https://github.com/apple/swift-http-structured-headers.git at 1.7.0 (0.75s)
Computing version for https://github.com/apple/swift-http-types.git
Computed https://github.com/apple/swift-http-types.git at 1.8.0 (0.27s)
Creating working copy for https://github.com/apple/swift-configuration.git
Working copy of https://github.com/apple/swift-configuration.git resolved at 1.2.2
Creating working copy for https://github.com/googleapis/swift-google-rpc
Working copy of https://github.com/googleapis/swift-google-rpc resolved at 0.5.0
Creating working copy for https://github.com/googleapis/swift-google-auth
Working copy of https://github.com/googleapis/swift-google-auth resolved at 0.5.0
Creating working copy for https://github.com/apple/swift-distributed-tracing.git
Working copy of https://github.com/apple/swift-distributed-tracing.git resolved at 1.5.0
Creating working copy for https://github.com/apple/swift-nio
Working copy of https://github.com/apple/swift-nio resolved at 2.104.0
Creating working copy for https://github.com/apple/swift-atomics.git
Working copy of https://github.com/apple/swift-atomics.git resolved at 1.3.1
Creating working copy for https://github.com/apple/swift-nio-transport-services.git
Working copy of https://github.com/apple/swift-nio-transport-services.git resolved at 1.28.0
Creating working copy for https://github.com/vapor/jwt-kit.git
Working copy of https://github.com/vapor/jwt-kit.git resolved at 5.7.1
Creating working copy for https://github.com/apple/swift-nio-extras.git
Working copy of https://github.com/apple/swift-nio-extras.git resolved at 1.35.1
Creating working copy for https://github.com/swift-server/async-http-client.git
Working copy of https://github.com/swift-server/async-http-client.git resolved at 1.36.2
Creating working copy for https://github.com/swift-extras/swift-extras-base64
Working copy of https://github.com/swift-extras/swift-extras-base64 resolved at 1.2.0
Creating working copy for https://github.com/apple/swift-async-algorithms.git
Working copy of https://github.com/apple/swift-async-algorithms.git resolved at 1.1.7
Creating working copy for https://github.com/apple/swift-service-context.git
Working copy of https://github.com/apple/swift-service-context.git resolved at 1.3.0
Creating working copy for https://github.com/apple/swift-http-structured-headers.git
Working copy of https://github.com/apple/swift-http-structured-headers.git resolved at 1.7.0
Creating working copy for https://github.com/apple/swift-log
Working copy of https://github.com/apple/swift-log resolved at 1.16.1
Creating working copy for https://github.com/apple/swift-numerics.git
Working copy of https://github.com/apple/swift-numerics.git resolved at 1.1.1
Creating working copy for https://github.com/swift-server/swift-service-lifecycle
Working copy of https://github.com/swift-server/swift-service-lifecycle resolved at 2.12.1
Creating working copy for https://github.com/apple/swift-asn1.git
Working copy of https://github.com/apple/swift-asn1.git resolved at 1.7.3
Creating working copy for https://github.com/apple/swift-nio-http2.git
Working copy of https://github.com/apple/swift-nio-http2.git resolved at 1.46.0
Creating working copy for https://github.com/googleapis/swift-google-gax
Working copy of https://github.com/googleapis/swift-google-gax resolved at 0.5.0
Creating working copy for https://github.com/apple/swift-collections.git
Working copy of https://github.com/apple/swift-collections.git resolved at 1.7.2
Creating working copy for https://github.com/apple/swift-http-types.git
Working copy of https://github.com/apple/swift-http-types.git resolved at 1.8.0
Creating working copy for https://github.com/apple/swift-algorithms.git
Working copy of https://github.com/apple/swift-algorithms.git resolved at 1.2.1
Creating working copy for https://github.com/apple/swift-nio-ssl.git
Working copy of https://github.com/apple/swift-nio-ssl.git resolved at 2.37.5
Creating working copy for https://github.com/apple/swift-system.git
Working copy of https://github.com/apple/swift-system.git resolved at 1.8.1
Creating working copy for https://github.com/googleapis/swift-google-type
Working copy of https://github.com/googleapis/swift-google-type resolved at 0.5.0
Creating working copy for https://github.com/apple/swift-certificates.git
Working copy of https://github.com/apple/swift-certificates.git resolved at 1.21.0
Creating working copy for https://github.com/apple/swift-crypto.git
Working copy of https://github.com/apple/swift-crypto.git resolved at 4.5.2
Creating working copy for https://github.com/googleapis/swift-google-api
Working copy of https://github.com/googleapis/swift-google-api resolved at 0.5.0
Creating working copy for https://github.com/googleapis/swift-google-wkt
Working copy of https://github.com/googleapis/swift-google-wkt resolved at 0.5.0
Building for debugging...
[0/1126] Compiling a_strex.cc
[1/1126] Write swift-version--11D90AFD9DD3AB2.txt
[2/1126] Compiling _NumericsShims _NumericsShims.c
[2/1126] Write sources
[7/1126] Compiling a_d2i_fp.cc
[8/1126] Compiling _AtomicsShims.c
[9/1126] Compiling a_type.cc
[10/1134] Compiling a_utctm.cc
[10/1134] Write sources
[45/1134] Compiling a_time.cc
[46/1152] Compiling a_bool.cc
[48/1154] Emitting module _CertificateInternals
[48/1154] Compiling a_bitstr.cc
[48/1154] Write sources
[85/1154] Compiling a_strnid.cc
[87/1176] Emitting module ServiceContextModule
[88/1204] Emitting module _NIODataStructures
[89/1204] Emitting module InternalCollectionsUtilities
[90/1207] Compiling _NIODataStructures PriorityQueue.swift
[91/1207] Compiling InternalCollectionsUtilities UnsafeRawBufferPointer+Extras.swift
[92/1207] Compiling InternalCollectionsUtilities _SortedCollection.swift
[93/1207] Compiling InternalCollectionsUtilities _UniqueCollection.swift
[94/1207] Compiling ServiceContextModule ServiceContext.swift
[95/1207] Compiling RealModule Float80+Real.swift
[96/1208] Compiling InternalCollectionsUtilities MutableSpan+Extras.swift
[97/1208] Compiling InternalCollectionsUtilities OutputSpan+Extras.swift
[98/1208] Compiling InternalCollectionsUtilities RandomAccessCollection+Offsets.swift
[99/1208] Compiling InternalCollectionsUtilities Span+Extras.swift
[100/1208] Compiling InternalCollectionsUtilities Iterable+CopyContents.swift
[101/1208] Compiling InternalCollectionsUtilities Iterable+Equality.swift
[102/1208] Compiling InternalCollectionsUtilities LifetimeOverride.swift
[103/1208] Compiling InternalCollectionsUtilities MutableRef.swift
[104/1208] Compiling Logging LoggingSystem.swift
[105/1208] Compiling RealModule RelaxedArithmetic.swift
[108/1209] Compiling InternalCollectionsUtilities Descriptions.swift
[111/1209] Compiling InternalCollectionsUtilities FixedWidthInteger+roundUpToPowerOfTwo.swift
[112/1209] Compiling InternalCollectionsUtilities Integer rank.swift
[113/1211] Compiling RealModule Float16+Real.swift
[114/1211] Compiling RealModule Real.swift
[117/1211] Compiling InternalCollectionsUtilities Debugging.swift
[119/1211] Compiling RealModule RealFunctions.swift
[120/1211] Compiling InternalCollectionsUtilities UInt+first and last set bit.swift
[121/1211] Compiling InternalCollectionsUtilities UInt+reversed.swift
[122/1211] Compiling InternalCollectionsUtilities BorrowingIteratorProtocol+Equality.swift
[123/1211] Compiling InternalCollectionsUtilities BorrowingIteratorProtocol+Extras.swift
[130/1211] Emitting module RealModule
[133/1211] Compiling InternalCollectionsUtilities UnsafeMutablePointer+Extras.swift
[134/1211] Compiling InternalCollectionsUtilities UnsafeMutableRawBufferPointer+Extras.swift
[135/1211] Compiling InternalCollectionsUtilities UnsafePointer+Extras.swift
[136/1212] Compiling Logging Logger+Attributes.swift
[139/1212] Compiling InternalCollectionsUtilities _UnsafeBitSet+_Word.swift
[140/1212] Compiling InternalCollectionsUtilities _UnsafeBitSet.swift
[141/1212] Compiling InternalCollectionsUtilities UnsafeBufferPointer+Extras.swift
[142/1212] Compiling InternalCollectionsUtilities UnsafeMutableBufferPointer+Extras.swift
[143/1212] Compiling SwiftASN1 DER.swift
[144/1212] Compiling SwiftASN1 Errors.swift
[145/1212] Compiling InternalCollectionsUtilities TemporaryAllocation.swift
[146/1212] Compiling InternalCollectionsUtilities _UnsafeBitSet+Index.swift
[147/1212] Compiling Logging Logger+With.swift
[148/1212] Compiling ServiceContextModule ServiceContextKey.swift
[151/1214] Write sources
[158/1214] Compiling _NIOBase64 Base64.swift
[159/1214] Emitting module _NIOBase64
[160/1214] Compiling _NIODataStructures _TinyArray.swift
[161/1215] Compiling _NIODataStructures Heap.swift
[163/1216] Compiling _CertificateInternals _TinyArray.swift
[163/1217] Wrapping AST for ServiceContextModule for debugging
[164/1217] Wrapping AST for RealModule for debugging
[165/1223] Wrapping AST for _NIOBase64 for debugging
[166/1223] Write sources
[183/1223] Wrapping AST for InternalCollectionsUtilities for debugging
[184/1227] Compiling CXKCPShims shims.c
[185/1227] Compiling SimpleFIPS202.c
[187/1227] Compiling Logging Logger.swift
[187/1227] Wrapping AST for _CertificateInternals for debugging
[188/1232] Wrapping AST for _NIODataStructures for debugging
[189/1232] Compiling KeccakSponge.c
[191/1232] Compiling Instrumentation NoOpInstrument.swift
[192/1232] Compiling SpanPreview OutputSpan+InputSpanHelpers.swift
[193/1232] Compiling SpanPreview MutableSpan+InputSpanHelpers.swift
[194/1232] Emitting module SpanPreview
[195/1232] Compiling SpanPreview InputSpan.swift
[195/1233] Compiling KeccakHash.c
[197/1233] Emitting module Instrumentation
[197/1233] Compiling CNIOWindows shim.c
[203/1233] Compiling Instrumentation MultiplexInstrument.swift
[203/1233] Compiling CNIOWindows WSAStartup.c
[204/1233] Compiling CSystem shims.c
[205/1233] Compiling CNIOWASI CNIOWASI.c
[206/1233] Wrapping AST for SpanPreview for debugging
[207/1233] Compiling CNIOPosix event_loop_id.c
[208/1233] Compiling CNIOOpenBSD shim.c
[209/1275] Compiling CNIOLinux shim.c
[210/1312] Compiling CNIOLinux liburing_shims.c
[212/1312] Compiling ExtrasBase64 Base64+Span.swift
[212/1312] Compiling KeccakP-1600-opt64.c
[213/1312] Compiling CNIOLLHTTP c_nio_http.c
[214/1312] Compiling CNIOLLHTTP c_nio_llhttp.c
[215/1312] Compiling CNIOFreeBSD shim.c
[217/1312] Compiling DequeModule UniqueDeque+Consumption.swift
[218/1312] Compiling DequeModule UniqueDeque+ContainerOperations.swift
[219/1312] Compiling DequeModule UniqueDeque+Deprecations.swift
[220/1312] Compiling DequeModule UniqueDeque+Descriptions.swift
[221/1312] Compiling DequeModule UniqueDeque+Equatable.swift
[222/1312] Compiling DequeModule UniqueDeque+Hashable.swift
[223/1312] Compiling DequeModule UniqueDeque+Initializers.swift
[224/1312] Compiling DequeModule UniqueDeque+Insertions.swift
[225/1312] Compiling DequeModule UniqueDeque+Iterable.swift
[226/1312] Compiling DequeModule UniqueDeque+Prepend.swift
[227/1312] Compiling DequeModule UniqueDeque+Removals.swift
[227/1317] Compiling CNIOLLHTTP c_nio_api.c
[228/1317] Compiling CNIOExtrasZlib zutil.c
[230/1317] Compiling SystemPackage RawBuffer.swift
[231/1317] Compiling DequeModule RigidDeque+Deprecations.swift
[232/1317] Compiling SystemPackage FilePathComponents.swift
[233/1317] Compiling SystemPackage FilePathParsing.swift
[234/1317] Compiling SystemPackage FilePathString.swift
[235/1317] Compiling DequeModule RigidDeque+Consumption.swift
[237/1317] Compiling CNIOExtrasZlib inftrees.c
[238/1317] Compiling CNIOExtrasZlib trees.c
[239/1317] Compiling CNIOExtrasZlib inflate.c
[240/1317] Compiling CNIOExtrasZlib inffast.c
[242/1317] Compiling DequeModule RigidDeque+Descriptions.swift
[243/1317] Compiling DequeModule RigidDeque+Equatable.swift
[244/1317] Compiling DequeModule RigidDeque+Hashable.swift
[245/1317] Compiling DequeModule RigidDeque+Initializers.swift
[246/1317] Compiling DequeModule RigidDeque+Insertions.swift
[247/1317] Compiling DequeModule RigidDeque+Iterable.swift
[248/1317] Compiling DequeModule RigidDeque+Prepend.swift
[249/1317] Compiling DequeModule RigidDeque+Removals.swift
[250/1317] Compiling DequeModule RigidDeque+Replacements.swift
[251/1317] Compiling DequeModule RigidDeque+Testing.swift
[252/1317] Compiling DequeModule RigidDeque.swift
[253/1317] Compiling DequeModule UniqueDeque+Append.swift
[253/1317] Compiling CNIOExtrasZlib crc32.c
[255/1317] Emitting module SwiftASN1
[255/1317] Compiling CNIOExtrasZlib adler32.c
[256/1317] Compiling CNIOExtrasZlib deflate.c
[257/1317] Compiling CNIODarwin shim.c
[258/1317] Compiling fiat_p256_adx_sqr.S
[259/1317] Compiling fiat_p256_adx_mul.S
[260/1317] Compiling fiat_curve25519_adx_square.S
[261/1317] Compiling fiat_curve25519_adx_mul.S
[263/1317] Compiling ExtrasBase64 Base32+Span.swift
[264/1317] Compiling ExtrasBase64 Base32.swift
[265/1317] Compiling SystemPackage Errno.swift
[266/1317] Compiling SystemPackage ErrnoWindows.swift
[267/1317] Compiling DequeModule Deque+CustomReflectable.swift
[268/1317] Compiling DequeModule Deque+Descriptions.swift
[269/1317] Compiling DequeModule Deque+Equatable.swift
[270/1317] Compiling SystemPackage FilePath.swift
[271/1317] Compiling SystemPackage FilePathTemp.swift
[272/1317] Compiling SystemPackage FilePathTempPosix.swift
[273/1317] Compiling SystemPackage FilePathTempWindows.swift
[274/1317] Compiling SystemPackage FilePathWindows.swift
[275/1317] Compiling SystemPackage FilePermissions.swift
[276/1317] Compiling DequeModule Deque.swift
[276/1317] Compiling CNIOBoringSSLShims shims.c
[278/1317] Emitting module SystemPackage
[296/1322] Emitting module Logging
[297/1322] Compiling Instrumentation Instrument.swift
[300/1322] Compiling Instrumentation Locks.swift
[301/1322] Compiling Instrumentation InstrumentationSystem.swift
[302/1322] Compiling Logging MetadataProvider.swift
[319/1332] Wrapping AST for Logging for debugging
[320/1333] Wrapping AST for SwiftASN1 for debugging
[321/1333] Wrapping AST for Instrumentation for debugging
[323/1333] Compiling Tracing TracingTime.swift
[324/1334] Compiling Tracing TracerProtocol.swift
[336/1334] Compiling Tracing WithTracer.swift
[337/1334] Compiling Tracing Tracer.swift
[338/1334] Compiling Tracing TracerProtocol+Legacy.swift
[339/1334] Compiling Tracing InstrumentationSystem+Tracing.swift
[340/1334] Compiling Tracing SpanProtocol.swift
[341/1334] Emitting module Tracing
[342/1334] Compiling Tracing NoOpTracer.swift
[343/1335] Wrapping AST for Tracing for debugging
[345/1335] Compiling SystemPackage SystemString.swift
[346/1335] Compiling SystemPackage Util+StringArray.swift
[347/1335] Compiling SystemPackage Util.swift
[348/1335] Compiling SystemPackage UtilConsumers.swift
[349/1335] Compiling SystemPackage WinSDK+Overlay.swift
[350/1336] Compiling tls_record.cc
[351/1336] Compiling tls_method.cc
[352/1336] Wrapping AST for SystemPackage for debugging
[353/1336] Compiling tls13_server.cc
[354/1336] Compiling tls13_enc.cc
[356/1336] Emitting module DequeModule
[357/1336] Compiling DequeModule UniqueDeque+Replacements.swift
[358/1336] Compiling DequeModule UniqueDeque.swift
[359/1336] Compiling DequeModule _DequeSlot.swift
[360/1336] Compiling DequeModule _UnsafeDequeHandle.swift
[361/1336] Compiling DequeModule _UnsafeDequeSegments.swift
[362/1337] Compiling t1_enc.cc
[363/1337] Compiling tls13_client.cc
[364/1380] Compiling tls13_both.cc
[365/1380] Wrapping AST for DequeModule for debugging
[366/1380] Compiling ssl_x509.cc
[368/1380] Compiling Configuration Deprecations.swift
[369/1380] Compiling Configuration ExpressibleByConfigInt.swift
[370/1380] Compiling Configuration ExpressibleByConfigString.swift
[371/1380] Compiling Configuration CLIKeyEncoder.swift
[372/1380] Compiling Configuration ConfigKeyEncoder.swift
[373/1380] Compiling Configuration DotSeparatorKeyDecoder.swift
[373/1380] Compiling ssl_versions.cc
[374/1385] Compiling ssl_transcript.cc
[375/1385] Compiling ssl_stat.cc
[376/1385] Compiling ssl_privkey.cc
[377/1385] Compiling ssl_session.cc
[378/1385] Compiling ssl_key_share.cc
[380/1385] Emitting module ExtrasBase64
[380/1385] Compiling ssl_file.cc
[381/1385] Compiling ssl_lib.cc
[383/1385] Compiling ExtrasBase64 Base64.swift
[384/1386] Compiling ssl_credential.cc
[385/1417] Compiling ssl_cipher.cc
[386/1417] Wrapping AST for ExtrasBase64 for debugging
[387/1417] Compiling ssl_cert.cc
[388/1417] Compiling ssl_buffer.cc
[390/1417] Compiling GoogleWKT WKTStringValue.swift
[391/1417] Compiling GoogleWKT WKTTimestamp.swift
[392/1417] Compiling GoogleWKT WKTUInt32Value.swift
[393/1417] Compiling GoogleWKT WKTUInt64Value.swift
[394/1417] Compiling GoogleWKT WKTField.swift
[395/1417] Compiling GoogleWKT WKTMethod.swift
[396/1417] Emitting module Configuration
[397/1417] Compiling GoogleWKT UnknownFields.swift
[398/1417] Compiling GoogleWKT WKTAny.swift
[399/1417] Compiling GoogleWKT WKTAnyError.swift
[400/1417] Compiling GoogleWKT WKTBoolValue.swift
[401/1417] Compiling GoogleWKT WKTBytesValue.swift
[402/1417] Compiling GoogleWKT WKTDoubleValue.swift
[403/1417] Compiling Configuration CombineLatestManyStorage.swift
[404/1417] Compiling Configuration AsyncSequences.swift
[405/1417] Compiling Configuration FoundationExtensions.swift
[406/1417] Compiling Configuration Span.swift
[407/1417] Compiling Configuration ConfigBytesFromStringDecoder.swift
[408/1417] Compiling Configuration EnvironmentKeyEncoder.swift
[409/1417] Compiling Configuration EnvironmentVariablesProvider.swift
[410/1417] Compiling Configuration CommonProviderFileSystem.swift
[411/1417] Compiling Configuration DirectoryFilesProvider.swift
[412/1417] Compiling Configuration FileProvider.swift
[413/1417] Compiling Configuration FileProviderSnapshot.swift
[414/1417] Compiling Configuration JSONSnapshot.swift
[415/1417] Compiling Configuration PropertyListSnapshot.swift
[416/1417] Compiling Configuration ReloadingFileProvider.swift
[417/1417] Compiling Configuration ReloadingFileProviderMetrics.swift
[418/1417] Compiling Configuration YAMLSnapshot.swift
[419/1417] Compiling Configuration InMemoryProvider.swift
[420/1417] Compiling GoogleWKT WKTMixin.swift
[421/1417] Compiling GoogleWKT WKTOption.swift
[422/1417] Compiling GoogleWKT WKTValue.swift
[423/1417] Compiling GoogleWKT WKTApi.swift
[424/1417] Compiling GoogleWKT WKTEnum.swift
[425/1417] Compiling GoogleWKT WKTEnumValue.swift
[425/1417] Compiling ssl_asn1.cc
[426/1417] Compiling ssl_aead_ctx.cc
[428/1417] Compiling GoogleWKT ProtoJSONDecoder.swift
[429/1417] Compiling GoogleWKT ProtoJSONEncoder.swift
[430/1417] Compiling GoogleWKT WKTFloatValue.swift
[431/1417] Compiling GoogleWKT WKTInt32Value.swift
[432/1417] Compiling GoogleWKT WKTInt64Value.swift
[433/1417] Compiling GoogleWKT WKTRecursive.swift
[434/1418] Compiling s3_pkt.cc
[435/1418] Wrapping AST for Configuration for debugging
[443/1418] Compiling GoogleWKT WKTDuration.swift
[444/1418] Compiling GoogleWKT WKTEmpty.swift
[445/1418] Compiling GoogleWKT WKTFieldMask.swift
[461/1422] Compiling s3_lib.cc
[462/1422] Compiling s3_both.cc
[463/1422] Compiling handshake_client.cc
[465/1422] Compiling GoogleWKT WKTSourceContext.swift
[466/1422] Compiling GoogleWKT WKTSyntax.swift
[467/1422] Compiling GoogleWKT WKTType.swift
[468/1422] Compiling GoogleWKT PackageVersion.swift
[468/1422] Compiling handshake_server.cc
[470/1422] Emitting module GoogleWKT
[471/1422] Compiling GoogleWKT AnyPackable.swift
[472/1422] Compiling GoogleWKT DecodeToDefault.swift
[473/1422] Compiling GoogleWKT DiscoveryBase64.swift
[476/1423] Compiling handshake.cc
[477/1441] Compiling handoff.cc
[478/1456] Compiling extensions.cc
[480/1456] Compiling GoogleRpc ResourceInfo.swift
[481/1456] Compiling GoogleRpc PreconditionFailure.swift
[481/1519] Compiling dtls_method.cc
[482/1528] Wrapping AST for GoogleWKT for debugging
[484/1528] Compiling GoogleApi Authentication.swift
[485/1528] Compiling GoogleApi AuthenticationRule.swift
[486/1528] Compiling GoogleApi Backend.swift
[487/1528] Compiling GoogleApi CustomHttpPattern.swift
[488/1528] Compiling GoogleApi Distribution.swift
[489/1528] Compiling GoogleApi DotnetSettings.swift
[490/1528] Compiling GoogleApi Endpoint.swift
[491/1528] Compiling GoogleApi Documentation.swift
[492/1528] Compiling GoogleApi DocumentationRule.swift
[493/1528] Emitting module GoogleType
[494/1528] Compiling GoogleApi BackendRule.swift
[495/1528] Compiling GoogleApi BatchingConfigProto.swift
[496/1530] Compiling GoogleApi BatchingDescriptorProto.swift
[497/1530] Compiling GoogleApi BatchingSettingsProto.swift
[497/1530] Compiling encrypted_client_hello.cc
[498/1530] Compiling dtls_record.cc
[502/1530] Compiling GoogleApi Advice.swift
[503/1530] Compiling GoogleApi AuthProvider.swift
[504/1530] Compiling GoogleApi AuthRequirement.swift
[508/1530] Compiling GoogleApi ErrorReason.swift
[509/1530] Compiling GoogleApi FieldBehavior.swift
[511/1531] Emitting module GoogleRpc
[515/1531] Compiling md5-x86_64-linux.S
[516/1531] Compiling d1_pkt.cc
[517/1531] Compiling d1_srtp.cc
[518/1531] Wrapping AST for GoogleType for debugging
[519/1531] Compiling md5-x86_64-apple.S
[520/1531] Compiling md5-586-linux.S
[521/1531] Compiling md5-586-apple.S
[523/1531] Compiling GoogleApi CppSettings.swift
[526/1531] Compiling chacha20_poly1305_x86_64-apple.S
[527/1531] Compiling chacha20_poly1305_x86_64-linux.S
[528/1531] Compiling chacha20_poly1305_armv8-win.S
[529/1531] Compiling chacha20_poly1305_armv8-apple.S
[531/1531] Compiling GoogleRpc RetryInfo.swift
[532/1531] Compiling GoogleRpc Status.swift
[532/1531] Compiling chacha20_poly1305_armv8-linux.S
[533/1532] Compiling chacha-x86_64-apple.S
[534/1532] Compiling chacha-x86_64-linux.S
[535/1532] Compiling chacha-x86-apple.S
[537/1532] Compiling chacha-x86-linux.S
[538/1532] Compiling chacha-armv8-win.S
[539/1532] Wrapping AST for GoogleRpc for debugging
[540/1532] Compiling chacha-armv8-apple.S
[541/1532] Compiling chacha-armv8-linux.S
[542/1532] Compiling chacha-armv4-linux.S
[543/1532] Compiling aes128gcmsiv-x86_64-apple.S
[544/1532] Compiling d1_lib.cc
[545/1532] Compiling aes128gcmsiv-x86_64-linux.S
[546/1532] Compiling x86_64-mont5-linux.S
[547/1532] Compiling x86_64-mont-linux.S
[548/1532] Compiling x86_64-mont-apple.S
[549/1532] Compiling x86_64-mont5-apple.S
[550/1532] Compiling x86-mont-linux.S
[551/1532] Compiling x86-mont-apple.S
[552/1532] Compiling vpaes-x86_64-apple.S
[553/1532] Compiling vpaes-x86_64-linux.S
[554/1532] Compiling vpaes-x86-linux.S
[555/1532] Compiling vpaes-armv8-win.S
[556/1532] Compiling vpaes-armv8-apple.S
[557/1532] Compiling vpaes-armv8-linux.S
[558/1532] Compiling vpaes-x86-apple.S
[559/1532] Compiling sha512-x86_64-linux.S
[560/1532] Compiling vpaes-armv7-linux.S
[561/1532] Compiling sha512-armv8-win.S
[562/1532] Compiling sha512-x86_64-apple.S
[563/1532] Compiling sha512-armv8-apple.S
[564/1532] Compiling sha512-586-apple.S
[565/1532] Compiling sha512-armv8-linux.S
[566/1532] Compiling err_data.cc
[567/1532] Compiling sha512-586-linux.S
[567/1532] Compiling sha512-armv4-linux.S
[569/1532] Compiling sha256-armv8-win.S
[570/1532] Compiling sha256-x86_64-linux.S
[571/1532] Compiling sha256-x86_64-apple.S
[572/1532] Compiling sha256-armv8-apple.S
[573/1532] Compiling sha256-armv4-linux.S
[574/1532] Compiling sha256-armv8-linux.S
[575/1532] Compiling sha256-586-linux.S
[576/1532] Compiling sha256-586-apple.S
[577/1532] Compiling sha1-armv8-win.S
[578/1532] Compiling sha1-x86_64-linux.S
[579/1532] Compiling sha1-x86_64-apple.S
[580/1532] Compiling sha1-armv4-large-linux.S
[581/1532] Compiling sha1-586-apple.S
[582/1532] Compiling sha1-armv8-apple.S
[583/1532] Compiling sha1-586-linux.S
[584/1532] Compiling rdrand-x86_64-linux.S
[585/1532] Compiling rsaz-avx2-apple.S
[586/1532] Compiling sha1-armv8-linux.S
[587/1532] Compiling rsaz-avx2-linux.S
[588/1532] Compiling rdrand-x86_64-apple.S
[589/1532] Compiling p256_beeu-x86_64-asm-apple.S
[590/1532] Compiling p256_beeu-x86_64-asm-linux.S
[591/1532] Compiling p256_beeu-armv8-asm-linux.S
[592/1532] Compiling p256_beeu-armv8-asm-apple.S
[593/1532] Compiling p256_beeu-armv8-asm-win.S
[594/1532] Compiling p256-x86_64-asm-linux.S
[595/1532] Compiling p256-x86_64-asm-apple.S
[596/1532] Compiling bio_ssl.cc
[597/1532] Compiling p256-armv8-asm-apple.S
[598/1532] Compiling p256-armv8-asm-linux.S
[599/1532] Compiling ghashv8-armv8-win.S
[600/1532] Compiling p256-armv8-asm-win.S
[601/1532] Compiling ghashv8-armv8-apple.S
[602/1532] Compiling ghashv8-armv8-linux.S
[603/1532] Compiling ghashv8-armv7-linux.S
[604/1532] Compiling ghash-x86_64-apple.S
[605/1532] Compiling ghash-x86_64-linux.S
[606/1532] Compiling ghash-x86-linux.S
[607/1532] Compiling ghash-ssse3-x86_64-linux.S
[608/1532] Compiling ghash-x86-apple.S
[609/1532] Compiling ghash-ssse3-x86-apple.S
[610/1532] Compiling ghash-ssse3-x86-linux.S
[611/1532] Compiling ghash-ssse3-x86_64-apple.S
[612/1532] Compiling ghash-armv4-linux.S
[613/1532] Compiling co-586-linux.S
[614/1532] Compiling ghash-neon-armv8-linux.S
[615/1532] Compiling ghash-neon-armv8-win.S
[616/1532] Compiling ghash-neon-armv8-apple.S
[617/1532] Compiling co-586-apple.S
[618/1532] Compiling bn-armv8-win.S
[619/1532] Compiling d1_both.cc
[620/1532] Compiling bn-armv8-apple.S
[621/1532] Compiling bn-armv8-linux.S
[622/1532] Compiling bsaes-armv7-linux.S
[623/1532] Compiling bn-586-linux.S
[624/1532] Compiling bn-586-apple.S
[625/1532] Compiling armv8-mont-win.S
[627/1532] Emitting module GoogleApi
[627/1532] Compiling armv8-mont-linux.S
[628/1541] Compiling armv4-mont-linux.S
[629/1541] Compiling armv8-mont-apple.S
[630/1541] Compiling aesv8-gcm-armv8-win.S
[631/1541] Compiling aesv8-armv8-linux.S
[632/1541] Compiling aesv8-armv7-linux.S
[633/1541] Compiling aesv8-armv8-win.S
[634/1541] Compiling aesv8-gcm-armv8-linux.S
[635/1541] Compiling aesv8-gcm-armv8-apple.S
[636/1541] Compiling aesv8-armv8-apple.S
[637/1541] Compiling aesni-x86-apple.S
[638/1541] Compiling aesni-x86_64-linux.S
[639/1541] Compiling aesni-x86_64-apple.S
[640/1541] Compiling aesni-x86-linux.S
[641/1541] Compiling aesni-gcm-x86_64-apple.S
[642/1541] Compiling aes-gcm-avx2-x86_64-linux.S
[643/1541] Compiling aes-gcm-avx10-x86_64-linux.S
[644/1541] Compiling aesni-gcm-x86_64-linux.S
[645/1541] Compiling aes-gcm-avx2-x86_64-apple.S
[646/1541] Compiling aes-gcm-avx10-x86_64-apple.S
[648/1541] Compiling GoogleApi FieldPolicy.swift
[649/1541] Compiling GoogleApi FlowControlLimitExceededBehaviorProto.swift
[650/1541] Compiling GoogleApi GoSettings.swift
[651/1541] Compiling GoogleApi Http.swift
[652/1541] Compiling GoogleApi HttpBody.swift
[653/1541] Compiling GoogleApi HttpRule.swift
[654/1541] Compiling GoogleApi JavaSettings.swift
[655/1541] Compiling GoogleApi JwtLocation.swift
[656/1541] Compiling GoogleApi LabelDescriptor.swift
[657/1541] Compiling GoogleApi LaunchStage.swift
[658/1541] Compiling GoogleApi Quota.swift
[659/1541] Compiling GoogleApi QuotaLimit.swift
[660/1541] Compiling GoogleApi ResourceDescriptor.swift
[661/1541] Compiling GoogleApi ResourceReference.swift
[662/1541] Compiling GoogleApi RoutingParameter.swift
[663/1541] Compiling GoogleApi RoutingRule.swift
[664/1541] Compiling GoogleApi RubySettings.swift
[665/1541] Compiling GoogleApi SelectiveGapicGeneration.swift
[666/1541] Compiling GoogleApi Service.swift
[667/1541] Compiling GoogleApi LogDescriptor.swift
[668/1541] Compiling GoogleApi Logging.swift
[669/1541] Compiling GoogleApi MethodPolicy.swift
[670/1541] Compiling GoogleApi MethodSettings.swift
[671/1541] Compiling GoogleApi Metric.swift
[672/1541] Compiling GoogleApi MetricDescriptor.swift
[673/1541] Compiling GoogleApi MetricRule.swift
[674/1541] Compiling GoogleApi MonitoredResource.swift
[675/1541] Compiling GoogleApi MonitoredResourceDescriptor.swift
[676/1541] Compiling GoogleApi MonitoredResourceMetadata.swift
[677/1541] Compiling GoogleApi Monitoring.swift
[678/1541] Compiling GoogleApi NodeSettings.swift
[679/1541] Compiling GoogleApi OAuthRequirements.swift
[680/1541] Compiling GoogleApi PackageVersion.swift
[681/1541] Compiling GoogleApi Page.swift
[682/1541] Compiling GoogleApi PhpSettings.swift
[683/1541] Compiling GoogleApi ProjectProperties.swift
[684/1541] Compiling GoogleApi Property.swift
[685/1541] Compiling GoogleApi Publishing.swift
[686/1541] Compiling GoogleApi PythonSettings.swift
[686/1541] Compiling x_val.cc
[687/1541] Compiling x_x509a.cc
[688/1541] Compiling x_x509.cc
[689/1541] Compiling x_pubkey.cc
[689/1541] Compiling x_req.cc
[691/1541] Compiling x_sig.cc
[693/1541] Compiling GoogleApi SourceInfo.swift
[694/1541] Compiling GoogleApi SystemParameter.swift
[695/1541] Compiling GoogleApi SystemParameterRule.swift
[696/1541] Compiling GoogleApi SystemParameters.swift
[697/1541] Compiling GoogleApi TypeReference.swift
[698/1541] Compiling GoogleApi Usage.swift
[699/1541] Compiling GoogleApi UsageRule.swift
[700/1541] Compiling GoogleApi Visibility.swift
[701/1541] Compiling GoogleApi VisibilityRule.swift
[701/1541] Compiling x_spki.cc
[703/1541] Compiling GoogleApi Billing.swift
[704/1541] Compiling GoogleApi ChangeType.swift
[705/1541] Compiling GoogleApi ClientLibraryDestination.swift
[706/1541] Compiling GoogleApi ClientLibraryOrganization.swift
[707/1541] Compiling GoogleApi ClientLibrarySettings.swift
[708/1541] Compiling GoogleApi CommonLanguageSettings.swift
[709/1541] Compiling GoogleApi ConfigChange.swift
[710/1541] Compiling GoogleApi Context.swift
[711/1541] Compiling GoogleApi ContextRule.swift
[712/1541] Compiling GoogleApi Control.swift
[722/1541] Compiling GoogleApi FieldInfo.swift
[733/1542] Compiling x_crl.cc
[734/1542] Wrapping AST for GoogleApi for debugging
[735/1542] Compiling x_name.cc
[736/1542] Compiling x509spki.cc
[737/1542] Compiling x_exten.cc
[738/1542] Compiling x_attrib.cc
[739/1542] Compiling x_algor.cc
[740/1542] Compiling x_all.cc
[741/1542] Compiling x509rset.cc
[742/1542] Compiling x509cset.cc
[743/1542] Compiling x509_v3.cc
[744/1542] Compiling x509_trs.cc
[745/1542] Compiling x509_vpm.cc
[746/1542] Compiling x509name.cc
[747/1542] Compiling x509_txt.cc
[748/1542] Compiling x509_vfy.cc
[749/1542] Compiling x509_set.cc
[750/1542] Compiling x509_obj.cc
[751/1542] Compiling x509_lu.cc
[752/1542] Compiling x509_def.cc
[753/1542] Compiling x509_ext.cc
[754/1542] Compiling x509_d2.cc
[755/1542] Compiling x509_req.cc
[756/1542] Compiling x509_att.cc
[757/1542] Compiling x509_cmp.cc
[758/1542] Compiling x509.cc
[759/1542] Compiling v3_pcons.cc
[760/1542] Compiling v3_pmaps.cc
[761/1542] Compiling v3_purp.cc
[762/1542] Compiling v3_skey.cc
[763/1542] Compiling v3_prn.cc
[764/1542] Compiling v3_utl.cc
[765/1542] Compiling v3_ocsp.cc
[766/1542] Compiling v3_ncons.cc
[767/1542] Compiling v3_ia5.cc
[768/1542] Compiling v3_int.cc
[769/1542] Compiling v3_lib.cc
[770/1542] Compiling v3_info.cc
[771/1542] Compiling v3_genn.cc
[772/1542] Compiling v3_extku.cc
[773/1542] Compiling v3_enum.cc
[774/1542] Compiling v3_cpols.cc
[775/1542] Compiling v3_crld.cc
[776/1542] Compiling v3_conf.cc
[777/1542] Compiling v3_alt.cc
[778/1542] Compiling v3_bitst.cc
[779/1542] Compiling v3_bcons.cc
[780/1542] Compiling v3_akeya.cc
[781/1542] Compiling v3_akey.cc
[782/1542] Compiling t_x509a.cc
[783/1542] Compiling t_crl.cc
[784/1542] Compiling t_x509.cc
[785/1542] Compiling t_req.cc
[786/1542] Compiling i2d_pr.cc
[787/1542] Compiling policy.cc
[788/1542] Compiling rsa_pss.cc
[789/1542] Compiling name_print.cc
[790/1542] Compiling by_file.cc
[791/1542] Compiling by_dir.cc
[792/1542] Compiling a_verify.cc
[793/1542] Compiling algorithm.cc
[794/1542] Compiling asn1_gen.cc
[795/1542] Compiling thread_win.cc
[796/1542] Compiling a_digest.cc
[797/1542] Compiling a_sign.cc
[798/1542] Compiling voprf.cc
[799/1542] Compiling pmbtoken.cc
[800/1542] Compiling thread_pthread.cc
[801/1542] Compiling trust_token.cc
[802/1542] Compiling thread.cc
[803/1542] Compiling stack.cc
[804/1542] Compiling thread_none.cc
[805/1542] Compiling spake2plus.cc
[806/1542] Compiling siphash.cc
[807/1542] Compiling rsa_print.cc
[808/1542] Compiling sha512.cc
[809/1542] Compiling slhdsa.cc
[810/1542] Compiling sha256.cc
[810/1542] Compiling sha1.cc
[812/1542] Compiling rsa_crypt.cc
[813/1542] Compiling rsa_extra.cc
[814/1542] Compiling refcount.cc
[815/1542] Compiling rc4.cc
[816/1542] Compiling trusty.cc
[817/1542] Compiling windows.cc
[818/1542] Compiling urandom.cc
[819/1542] Compiling passive.cc
[820/1542] Compiling ios.cc
[821/1542] Compiling rsa_asn1.cc
[822/1542] Compiling poly1305_arm_asm.S
[823/1542] Compiling rand.cc
[824/1542] Compiling deterministic.cc
[825/1542] Compiling getentropy.cc
[826/1542] Compiling poly1305_arm.cc
[827/1542] Compiling fork_detect.cc
[828/1542] Compiling forkunsafe.cc
[829/1542] Compiling poly1305_vec.cc
[830/1542] Compiling poly1305.cc
[831/1542] Compiling pool.cc
[832/1542] Compiling p5_pbev2.cc
[833/1542] Compiling pem_x509.cc
[834/1542] Compiling pkcs8_x509.cc
[835/1542] Compiling pem_xaux.cc
[836/1542] Compiling pkcs7.cc
[837/1542] Compiling pkcs8.cc
[838/1542] Compiling pem_pkey.cc
[839/1542] Compiling pkcs7_x509.cc
[840/1542] Compiling mlkem.cc
[841/1542] Compiling pem_oth.cc
[842/1542] Compiling mldsa.cc
[843/1542] Compiling pem_pk8.cc
[844/1542] Compiling obj_xref.cc
[845/1542] Compiling obj.cc
[846/1542] Compiling pem_info.cc
[847/1542] Compiling pem_lib.cc
[848/1542] Compiling poly_rq_mul.S
[849/1542] Compiling pem_all.cc
[850/1542] Compiling fips_shared_support.cc
[851/1542] Compiling md4.cc
[852/1542] Compiling md5.cc
[853/1542] Compiling mem.cc
[854/1542] Compiling lhash.cc
[855/1542] Compiling ex_data.cc
[856/1542] Compiling scrypt.cc
[857/1542] Compiling kyber.cc
[858/1542] Compiling sign.cc
[859/1542] Compiling hrss.cc
[860/1542] Compiling hpke.cc
[861/1542] Compiling p_x25519_asn1.cc
[862/1542] Compiling p_x25519.cc
[863/1542] Compiling pbkdf.cc
[864/1542] Compiling print.cc
[865/1542] Compiling p_rsa_asn1.cc
[866/1542] Compiling p_ec.cc
[867/1542] Compiling p_ed25519.cc
[868/1542] Compiling p_rsa.cc
[869/1542] Compiling p_hkdf.cc
[870/1542] Compiling p_ed25519_asn1.cc
[871/1542] Compiling p_ec_asn1.cc
[872/1542] Compiling p_dh_asn1.cc
[873/1542] Compiling evp.cc
[874/1542] Compiling p_dh.cc
[875/1542] Compiling evp_ctx.cc
[876/1542] Compiling p_dsa_asn1.cc
[877/1542] Compiling err.cc
[878/1542] Compiling engine.cc
[879/1542] Compiling evp_asn1.cc
[880/1542] Compiling ecdh.cc
[881/1542] Compiling hash_to_curve.cc
[882/1542] Compiling ecdsa_asn1.cc
[883/1542] Compiling ec_derive.cc
[884/1542] Compiling dsa.cc
[885/1542] Compiling ec_asn1.cc
[886/1542] Compiling dsa_asn1.cc
[887/1542] Compiling params.cc
[888/1542] Compiling x25519-asm-arm.S
[889/1542] Compiling bcm.cc
[890/1542] Compiling des.cc
[891/1542] Compiling dh_asn1.cc
[892/1542] Compiling cpu_intel.cc
[893/1542] Compiling cpu_arm_linux.cc
[894/1542] Compiling digest_extra.cc
[895/1542] Compiling cpu_aarch64_win.cc
[896/1542] Compiling spake25519.cc
[897/1542] Compiling curve25519_64_adx.cc
[898/1542] Compiling cpu_aarch64_sysreg.cc
[899/1542] Compiling crypto.cc
[900/1542] Compiling curve25519.cc
[901/1542] Compiling cpu_arm_freebsd.cc
[902/1542] Compiling cpu_aarch64_openbsd.cc
[903/1542] Compiling cpu_aarch64_linux.cc
[904/1542] Compiling conf.cc
[905/1542] Compiling cpu_aarch64_fuchsia.cc
[906/1542] Compiling cpu_aarch64_apple.cc
[907/1542] Compiling e_null.cc
[908/1542] Compiling tls_cbc.cc
[909/1542] Compiling get_cipher.cc
[910/1542] Compiling e_aesgcmsiv.cc
[911/1542] Compiling e_tls.cc
[912/1542] Compiling e_rc4.cc
[913/1542] Compiling e_rc2.cc
[914/1542] Compiling e_des.cc
[915/1542] Compiling e_chacha20poly1305.cc
[916/1542] Compiling derive_key.cc
[917/1542] Compiling e_aesctrhmac.cc
[918/1542] Compiling chacha.cc
[919/1542] Compiling cbs.cc
[920/1542] Compiling asn1_compat.cc
[921/1542] Compiling buf.cc
[922/1542] Compiling unicode.cc
[923/1542] Compiling ber.cc
[924/1542] Compiling cbb.cc
[925/1542] Compiling convert.cc
[926/1542] Compiling bn_asn1.cc
[927/1542] Compiling socket_helper.cc
[928/1542] Compiling blake2.cc
[929/1542] Compiling socket.cc
[930/1542] Compiling printf.cc
[931/1542] Compiling pair.cc
[932/1542] Compiling hexdump.cc
[933/1542] Compiling file.cc
[934/1542] Compiling bio_mem.cc
[935/1542] Compiling fd.cc
[936/1542] Compiling errno.cc
[937/1542] Compiling connect.cc
[938/1542] Compiling tasn_typ.cc
[939/1542] Compiling bio.cc
[940/1542] Compiling base64.cc
[941/1542] Compiling tasn_utl.cc
[942/1542] Compiling tasn_enc.cc
[943/1542] Compiling tasn_fre.cc
[944/1542] Compiling asn1_par.cc
[945/1542] Compiling posix_time.cc
[946/1542] Compiling f_string.cc
[947/1542] Compiling tasn_new.cc
[948/1542] Compiling asn_pack.cc
[949/1542] Compiling f_int.cc
[950/1542] Compiling tasn_dec.cc
[951/1542] Compiling a_utctm.cc
[952/1542] Compiling asn1_lib.cc
[953/1542] Compiling a_time.cc
[954/1542] Compiling a_octet.cc
[955/1542] Compiling a_strnid.cc
[956/1542] Compiling a_strex.cc
[957/1542] Compiling a_type.cc
[958/1542] Compiling a_object.cc
[959/1542] Compiling a_mbstr.cc
[960/1542] Compiling a_int.cc
[961/1542] Compiling a_dup.cc
[962/1542] Compiling a_d2i_fp.cc
[963/1542] Compiling CGoogleGaxCRC32C CGoogleGaxCRC32C.c
[964/1542] Compiling a_i2d_fp.cc
[965/1542] Compiling a_gentm.cc
[966/1542] Compiling fiat_p256_adx_sqr.S
[967/1542] Compiling fiat_p256_adx_mul.S
[968/1542] Compiling fiat_curve25519_adx_square.S
[969/1542] Compiling md5-x86_64-linux.S
[970/1542] Compiling fiat_curve25519_adx_mul.S
[971/1542] Compiling md5-x86_64-apple.S
[972/1542] Compiling CCryptoBoringSSLShims shims.c
[973/1542] Compiling md5-586-linux.S
[974/1542] Compiling md5-586-apple.S
[975/1542] Compiling chacha20_poly1305_x86_64-linux.S
[976/1542] Compiling chacha20_poly1305_armv8-win.S
[977/1542] Compiling chacha20_poly1305_x86_64-apple.S
[978/1542] Compiling chacha-x86_64-linux.S
[979/1542] Compiling chacha20_poly1305_armv8-linux.S
[980/1542] Compiling a_bitstr.cc
[981/1542] Compiling chacha20_poly1305_armv8-apple.S
[982/1542] Compiling chacha-x86-linux.S
[983/1542] Compiling chacha-x86-apple.S
[984/1542] Compiling chacha-armv8-win.S
[985/1542] Compiling chacha-x86_64-apple.S
[986/1542] Compiling chacha-armv8-apple.S
[987/1542] Compiling chacha-armv4-linux.S
[988/1542] Compiling a_bool.cc
[988/1542] Compiling chacha-armv8-linux.S
[990/1542] Compiling aes128gcmsiv-x86_64-linux.S
[991/1542] Compiling x86_64-mont-apple.S
[992/1542] Compiling x86_64-mont5-apple.S
[992/1542] Compiling aes128gcmsiv-x86_64-apple.S
[994/1542] Compiling x86_64-mont5-linux.S
[995/1542] Compiling x86_64-mont-linux.S
[996/1542] Compiling x86-mont-linux.S
[997/1542] Compiling vpaes-x86_64-linux.S
[998/1542] Compiling x86-mont-apple.S
[999/1542] Compiling vpaes-x86-linux.S
[1000/1542] Compiling vpaes-x86-apple.S
[1001/1542] Compiling vpaes-x86_64-apple.S
[1002/1542] Compiling err_data.cc
[1003/1542] Compiling vpaes-armv8-win.S
[1004/1542] Compiling vpaes-armv8-apple.S
[1005/1542] Compiling vpaes-armv8-linux.S
[1006/1542] Compiling sha512-x86_64-linux.S
[1007/1542] Compiling vpaes-armv7-linux.S
[1008/1542] Compiling sha512-x86_64-apple.S
[1009/1542] Compiling sha512-armv8-win.S
[1010/1542] Compiling sha512-armv8-apple.S
[1011/1542] Compiling sha512-armv8-linux.S
[1012/1542] Compiling sha512-586-linux.S
[1013/1542] Compiling sha512-armv4-linux.S
[1014/1542] Compiling sha512-586-apple.S
[1015/1542] Compiling sha256-x86_64-linux.S
[1016/1542] Compiling sha256-x86_64-apple.S
[1017/1542] Compiling sha256-armv4-linux.S
[1018/1542] Compiling sha256-armv8-linux.S
[1019/1542] Compiling sha256-armv8-apple.S
[1020/1542] Compiling sha256-armv8-win.S
[1021/1542] Compiling sha256-586-linux.S
[1022/1542] Compiling sha1-x86_64-linux.S
[1023/1542] Compiling sha256-586-apple.S
[1024/1542] Compiling sha1-x86_64-apple.S
[1025/1542] Compiling sha1-armv8-win.S
[1026/1542] Compiling sha1-armv4-large-linux.S
[1027/1542] Compiling sha1-armv8-linux.S
[1028/1542] Compiling sha1-586-linux.S
[1029/1542] Compiling sha1-armv8-apple.S
[1030/1542] Compiling sha1-586-apple.S
[1031/1542] Compiling rsaz-avx2-linux.S
[1032/1542] Compiling rdrand-x86_64-linux.S
[1033/1542] Compiling rdrand-x86_64-apple.S
[1034/1542] Compiling rsaz-avx2-apple.S
[1035/1542] Compiling p256_beeu-x86_64-asm-apple.S
[1036/1542] Compiling p256_beeu-x86_64-asm-linux.S
[1037/1542] Compiling p256_beeu-armv8-asm-linux.S
[1038/1542] Compiling p256_beeu-armv8-asm-win.S
[1039/1542] Compiling p256_beeu-armv8-asm-apple.S
[1040/1542] Compiling p256-armv8-asm-win.S
[1041/1542] Compiling p256-x86_64-asm-linux.S
[1042/1542] Compiling p256-x86_64-asm-apple.S
[1043/1542] Compiling p256-armv8-asm-apple.S
[1044/1542] Compiling p256-armv8-asm-linux.S
[1045/1542] Compiling ghashv8-armv8-win.S
[1046/1542] Compiling ghashv8-armv8-apple.S
[1047/1542] Compiling ghashv8-armv8-linux.S
[1048/1542] Compiling ghashv8-armv7-linux.S
[1049/1542] Compiling ghash-x86_64-linux.S
[1050/1542] Compiling ghash-x86-apple.S
[1051/1542] Compiling ghash-x86_64-apple.S
[1051/1542] Compiling ghash-x86-linux.S
[1053/1542] Compiling ghash-ssse3-x86_64-linux.S
[1054/1542] Compiling ghash-ssse3-x86_64-apple.S
[1055/1542] Compiling c-atomics.c
[1056/1542] Compiling ghash-ssse3-x86-linux.S
[1057/1542] Compiling ghash-neon-armv8-win.S
[1058/1542] Compiling ghash-ssse3-x86-apple.S
[1059/1542] Compiling ghash-neon-armv8-linux.S
[1060/1542] Compiling ghash-neon-armv8-apple.S
[1061/1542] Compiling ghash-armv4-linux.S
[1062/1542] Compiling c-nioatomics.c
[1063/1542] Compiling co-586-linux.S
[1064/1542] Compiling co-586-apple.S
[1065/1542] Compiling bsaes-armv7-linux.S
[1066/1542] Compiling bn-armv8-win.S
[1067/1549] Compiling bn-armv8-linux.S
[1068/1549] Compiling bn-armv8-apple.S
[1069/1549] Compiling bn-586-linux.S
[1070/1549] Compiling bn-586-apple.S
[1071/1549] Compiling armv8-mont-linux.S
[1072/1549] Compiling armv8-mont-win.S
[1073/1549] Compiling armv8-mont-apple.S
[1074/1549] Compiling armv4-mont-linux.S
[1075/1549] Compiling aesv8-gcm-armv8-win.S
[1076/1549] Compiling aesv8-gcm-armv8-linux.S
[1077/1549] Compiling aesv8-gcm-armv8-apple.S
[1078/1549] Compiling aesv8-armv8-win.S
[1078/1549] Compiling aesv8-armv7-linux.S
[1080/1549] Compiling aesv8-armv8-linux.S
[1081/1549] Compiling aesv8-armv8-apple.S
[1082/1549] Compiling aesni-x86_64-apple.S
[1083/1549] Compiling aesni-x86_64-linux.S
[1084/1549] Compiling aesni-gcm-x86_64-apple.S
[1086/1549] Compiling NIOConcurrencyHelpers lock.swift
[1087/1549] Compiling NIOConcurrencyHelpers NIOLockedValueBox.swift
[1088/1549] Compiling NIOConcurrencyHelpers NIOLock.swift
[1089/1549] Compiling NIOConcurrencyHelpers atomics.swift
[1090/1549] Compiling NIOConcurrencyHelpers NIOThreadPoolWorkAvailable.swift
[1090/1549] Compiling aesni-gcm-x86_64-linux.S
[1091/1549] Compiling aes-gcm-avx512-x86_64-linux.S
[1092/1549] Compiling aesni-x86-linux.S
[1093/1549] Compiling aesni-x86-apple.S
[1094/1549] Compiling aes-gcm-avx512-x86_64-apple.S
[1096/1549] Compiling NIOConcurrencyHelpers NIOAtomic.swift
[1097/1549] Emitting module NIOConcurrencyHelpers
[1097/1550] Compiling aes-gcm-avx2-x86_64-apple.S
[1098/1550] Compiling aes-gcm-avx2-x86_64-linux.S
[1100/1550] Compiling xwing.cc
[1101/1550] Compiling x_sig.cc
[1102/1550] Wrapping AST for NIOConcurrencyHelpers for debugging
[1103/1550] Compiling x_x509a.cc
[1104/1550] Compiling x_x509.cc
[1105/1550] Compiling x_req.cc
[1106/1550] Compiling x_spki.cc
[1107/1550] Compiling x_pubkey.cc
[1108/1550] Compiling x_name.cc
[1109/1550] Compiling x_exten.cc
[1110/1550] Compiling x_crl.cc
[1111/1550] Compiling x509spki.cc
[1111/1550] Compiling x_attrib.cc
[1113/1550] Compiling x_all.cc
[1114/1550] Compiling x_algor.cc
[1115/1550] Compiling x509name.cc
[1116/1550] Compiling x509rset.cc
[1117/1550] Compiling x509cset.cc
[1118/1550] Compiling x509_vpm.cc
[1119/1550] Compiling x509_v3.cc
[1120/1550] Compiling x509_vfy.cc
[1121/1550] Compiling x509_txt.cc
[1122/1550] Compiling x509_set.cc
[1123/1550] Compiling x509_trs.cc
[1124/1550] Compiling x509_req.cc
[1125/1550] Compiling x509_lu.cc
[1126/1550] Compiling x509_obj.cc
[1127/1550] Compiling x509_def.cc
[1128/1550] Compiling x509_ext.cc
[1129/1550] Compiling x509_d2.cc
[1130/1550] Compiling x509_att.cc
[1131/1550] Compiling v3_utl.cc
[1132/1550] Compiling x509_cmp.cc
[1133/1550] Compiling x509.cc
[1134/1550] Compiling v3_skey.cc
[1135/1550] Compiling v3_prn.cc
[1136/1550] Compiling v3_purp.cc
[1137/1550] Compiling v3_pmaps.cc
[1138/1550] Compiling v3_pcons.cc
[1139/1550] Compiling v3_ocsp.cc
[1140/1550] Compiling v3_ncons.cc
[1141/1550] Compiling v3_lib.cc
[1142/1550] Compiling v3_int.cc
[1143/1550] Compiling v3_info.cc
[1144/1550] Compiling v3_ia5.cc
[1145/1550] Compiling v3_genn.cc
[1146/1550] Compiling v3_extku.cc
[1147/1550] Compiling v3_enum.cc
[1148/1550] Compiling v3_crld.cc
[1149/1550] Compiling v3_cpols.cc
[1150/1550] Compiling v3_bitst.cc
[1151/1550] Compiling v3_bcons.cc
[1152/1550] Compiling v3_conf.cc
[1153/1550] Compiling v3_alt.cc
[1154/1550] Compiling v3_akey.cc
[1155/1550] Compiling v3_akeya.cc
[1156/1550] Compiling t_x509a.cc
[1157/1550] Compiling t_x509.cc
[1158/1550] Compiling t_crl.cc
[1159/1550] Compiling t_req.cc
[1160/1550] Compiling i2d_pr.cc
[1161/1550] Compiling rsa_pss.cc
[1162/1550] Compiling policy.cc
[1163/1550] Compiling name_print.cc
[1164/1550] Compiling by_file.cc
[1165/1550] Compiling by_dir.cc
[1166/1550] Compiling asn1_gen.cc
[1167/1550] Compiling algorithm.cc
[1168/1550] Compiling a_sign.cc
[1169/1550] Compiling a_verify.cc
[1170/1550] Compiling a_digest.cc
[1171/1550] Compiling thread_win.cc
[1172/1550] Compiling thread_pthread.cc
[1173/1550] Compiling voprf.cc
[1174/1550] Compiling thread.cc
[1175/1550] Compiling thread_none.cc
[1176/1550] Compiling trust_token.cc
[1177/1550] Compiling stack.cc
[1178/1550] Compiling pmbtoken.cc
[1179/1550] Compiling siphash.cc
[1180/1550] Compiling sha512.cc
[1181/1550] Compiling sha1.cc
[1182/1550] Compiling sha256.cc
[1183/1550] Compiling rsa_print.cc
[1184/1550] Compiling slhdsa.cc
[1185/1550] Compiling spake2plus.cc
[1186/1550] Compiling rsa_extra.cc
[1187/1550] Compiling rsa_crypt.cc
[1188/1550] Compiling rc4.cc
[1189/1550] Compiling refcount.cc
[1190/1550] Compiling windows.cc
[1191/1550] Compiling rsa_asn1.cc
[1192/1550] Compiling urandom.cc
[1193/1550] Compiling trusty.cc
[1194/1550] Compiling passive.cc
[1195/1550] Compiling rand.cc
[1196/1550] Compiling poly1305_arm_asm.S
[1197/1550] Compiling getentropy.cc
[1198/1550] Compiling ios.cc
[1199/1550] Compiling forkunsafe.cc
[1200/1550] Compiling deterministic.cc
[1201/1550] Compiling fork_detect.cc
[1202/1550] Compiling poly1305_vec.cc
[1203/1550] Compiling poly1305_arm.cc
[1204/1550] Compiling pool.cc
[1205/1550] Compiling poly1305.cc
[1206/1550] Compiling pkcs7.cc
[1207/1550] Compiling pkcs8.cc
[1208/1550] Compiling pkcs8_x509.cc
[1209/1550] Compiling pkcs7_x509.cc
[1210/1550] Compiling p5_pbev2.cc
[1211/1550] Compiling pem_x509.cc
[1212/1550] Compiling pem_xaux.cc
[1213/1550] Compiling pem_pkey.cc
[1214/1550] Compiling pem_oth.cc
[1215/1550] Compiling pem_info.cc
[1216/1550] Compiling pem_pk8.cc
[1217/1550] Compiling pem_all.cc
[1218/1550] Compiling obj_xref.cc
[1219/1550] Compiling obj.cc
[1220/1550] Compiling mlkem.cc
[1221/1550] Compiling pem_lib.cc
[1222/1550] Compiling poly_rq_mul.S
[1223/1550] Compiling mem.cc
[1224/1550] Compiling mldsa.cc
[1225/1550] Compiling fips_shared_support.cc
[1226/1550] Compiling lhash.cc
[1227/1550] Compiling md5.cc
[1228/1550] Compiling fuzzer_mode.cc
[1229/1550] Compiling kyber.cc
[1230/1550] Compiling md4.cc
[1231/1550] Compiling ex_data.cc
[1232/1550] Compiling hpke.cc
[1233/1550] Compiling hrss.cc
[1234/1550] Compiling sign.cc
[1235/1550] Compiling pbkdf.cc
[1236/1550] Compiling scrypt.cc
[1237/1550] Compiling print.cc
[1238/1550] Compiling p_rsa_asn1.cc
[1239/1550] Compiling p_x25519.cc
[1240/1550] Compiling p_x25519_asn1.cc
[1241/1550] Compiling p_ed25519_asn1.cc
[1242/1550] Compiling p_hkdf.cc
[1243/1550] Compiling p_ed25519.cc
[1244/1550] Compiling p_rsa.cc
[1245/1550] Compiling p_ec_asn1.cc
[1246/1550] Compiling p_ec.cc
[1247/1550] Compiling p_dsa_asn1.cc
[1248/1550] Compiling p_dh.cc
[1249/1550] Compiling p_dh_asn1.cc
[1250/1550] Compiling evp_ctx.cc
[1251/1550] Compiling err.cc
[1252/1550] Compiling engine.cc
[1253/1550] Compiling ecdsa_p1363.cc
[1254/1550] Compiling evp.cc
[1255/1550] Compiling evp_asn1.cc
[1256/1550] Compiling ecdh.cc
[1257/1550] Compiling ecdsa_asn1.cc
[1258/1550] Compiling dsa.cc
[1259/1550] Compiling ec_derive.cc
[1260/1550] Compiling hash_to_curve.cc
[1261/1550] Compiling ec_asn1.cc
[1262/1550] Compiling dsa_asn1.cc
[1263/1550] Compiling digest_extra.cc
[1264/1550] Compiling x25519-asm-arm.S
[1265/1550] Compiling des.cc
[1266/1550] Compiling spake25519.cc
[1267/1550] Compiling params.cc
[1268/1550] Compiling curve25519_64_adx.cc
[1269/1550] Compiling dh_asn1.cc
[1270/1550] Compiling cpu_intel.cc
[1271/1550] Compiling crypto.cc
[1272/1550] Compiling curve25519.cc
[1272/1550] Compiling cpu_arm_linux.cc
[1274/1550] Compiling cpu_arm_freebsd.cc
[1275/1550] Compiling cpu_aarch64_sysreg.cc
[1276/1550] Compiling cpu_aarch64_win.cc
[1277/1550] Compiling cpu_aarch64_openbsd.cc
[1278/1550] Compiling cpu_aarch64_linux.cc
[1279/1550] Compiling cpu_aarch64_fuchsia.cc
[1280/1550] Compiling cpu_aarch64_apple.cc
[1281/1550] Compiling conf.cc
[1282/1550] Compiling tls_cbc.cc
[1283/1550] Compiling get_cipher.cc
[1284/1550] Compiling e_tls.cc
[1285/1550] Compiling e_rc2.cc
[1285/1550] Compiling e_rc4.cc
[1287/1550] Compiling cms.cc
[1288/1550] Compiling e_null.cc
[1289/1550] Compiling e_des.cc
[1290/1550] Compiling derive_key.cc
[1291/1550] Compiling e_aesctrhmac.cc
[1292/1550] Compiling e_chacha20poly1305.cc
[1293/1550] Compiling e_aeseax.cc
[1294/1550] Compiling e_aesgcmsiv.cc
[1295/1550] Compiling chacha.cc
[1296/1550] Compiling asn1_compat.cc
[1297/1550] Compiling buf.cc
[1298/1550] Compiling unicode.cc
[1299/1550] Compiling sqrt.cc
[1300/1550] Compiling ber.cc
[1301/1550] Compiling cbb.cc
[1302/1550] Compiling cbs.cc
[1303/1550] Compiling exponentiation.cc
[1304/1550] Compiling div.cc
[1305/1550] Compiling blake2.cc
[1306/1550] Compiling printf.cc
[1307/1550] Compiling pair.cc
[1308/1550] Compiling hexdump.cc
[1309/1550] Compiling convert.cc
[1310/1550] Compiling bn_asn1.cc
[1311/1550] Compiling file.cc
[1312/1550] Compiling base64.cc
[1313/1550] Compiling bio_mem.cc
[1314/1550] Compiling fd.cc
[1315/1550] Compiling errno.cc
[1316/1550] Compiling bio.cc
[1317/1550] Compiling tasn_fre.cc
[1318/1550] Compiling tasn_typ.cc
[1319/1550] Compiling bcm.cc
[1320/1550] Compiling tasn_enc.cc
[1321/1550] Compiling posix_time.cc
[1322/1550] Compiling tasn_utl.cc
[1323/1550] Compiling f_string.cc
[1324/1550] Compiling tasn_new.cc
[1325/1550] Compiling f_int.cc
[1326/1550] Compiling asn_pack.cc
[1327/1550] Compiling tasn_dec.cc
[1328/1550] Compiling a_octet.cc
[1329/1550] Compiling asn1_par.cc
[1330/1550] Compiling asn1_lib.cc
[1331/1550] Compiling CAsyncHTTPClient CAsyncHTTPClient.c
[1332/1550] Write sources
[1333/1568] Compiling a_i2d_fp.cc
[1333/1568] Write sources
[1342/1593] Compiling a_object.cc
[1343/1593] Compiling aes.cc
[1344/1593] Compiling a_dup.cc
[1346/1593] Compiling Algorithms Grouped.swift
[1347/1593] Compiling Algorithms Indexed.swift
[1348/1595] Compiling Algorithms Partition.swift
[1349/1595] Compiling Algorithms Permutations.swift
[1350/1595] Compiling Algorithms Keyed.swift
[1351/1595] Compiling Algorithms MinMax.swift
[1352/1595] Compiling Algorithms Intersperse.swift
[1353/1595] Compiling Algorithms Joined.swift
[1353/1595] Compiling a_int.cc
[1354/1595] Compiling a_mbstr.cc
[1355/1595] Compiling a_gentm.cc
[1357/1603] Compiling Algorithms AdjacentPairs.swift
[1358/1603] Compiling Algorithms Chain.swift
[1359/1603] Compiling Algorithms Chunked.swift
[1360/1603] Compiling Atomics IntegerOperations.swift
[1361/1603] Compiling Atomics Unmanaged extensions.swift
[1362/1603] Compiling Algorithms EitherSequence.swift
[1363/1603] Compiling Algorithms FirstNonNil.swift
[1364/1603] Compiling Algorithms FlattenCollection.swift
[1365/1603] Compiling Algorithms Compacted.swift
[1366/1603] Compiling Algorithms Cycle.swift
[1372/1606] Compiling Algorithms Split.swift
[1373/1606] Compiling Algorithms Stride.swift
[1374/1606] Compiling Algorithms Suffix.swift
[1376/1606] Compiling Algorithms Reductions.swift
[1377/1606] Compiling Algorithms Rotate.swift
[1381/1606] Compiling CryptoBoringWrapper RandomBytes.swift
[1382/1606] Compiling Algorithms Trim.swift
[1383/1606] Compiling Algorithms Unique.swift
[1384/1606] Compiling Algorithms Windows.swift
[1385/1606] Compiling CryptoBoringWrapper CryptoKitErrors_boring.swift
[1386/1606] Compiling CryptoBoringWrapper FiniteFieldArithmeticContext.swift
[1387/1606] Emitting module CryptoBoringWrapper
[1392/1606] Compiling CryptoBoringWrapper EllipticCurve.swift
[1393/1606] Compiling CryptoBoringWrapper EllipticCurvePoint.swift
[1394/1606] Compiling CryptoBoringWrapper BoringSSLAEAD.swift
[1395/1606] Compiling CryptoBoringWrapper ArbitraryPrecisionInteger.swift
[1396/1607] Wrapping AST for CryptoBoringWrapper for debugging
[1401/1607] Compiling Algorithms Combinations.swift
[1402/1691] Emitting module Atomics
[1403/1691] Compiling Crypto ArraySliceBigint.swift
[1404/1691] Compiling Crypto GeneralizedTime.swift
[1405/1691] Compiling Crypto ObjectIdentifier.swift
[1406/1692] Wrapping AST for Atomics for debugging
[1408/1756] Emitting module Algorithms
[1409/1757] Wrapping AST for Algorithms for debugging
[1411/1757] Compiling NIOCore NIOCoreSendableMetatype.swift
[1412/1757] Compiling NIOCore NIODecodedAsyncSequence.swift
[1413/1757] Compiling NIOCore NIOLoopBound.swift
[1414/1757] Compiling NIOCore NIOPooledRecvBufferAllocator.swift
[1415/1757] Compiling NIOCore NIOScheduledCallback.swift
[1416/1757] Compiling NIOCore NIOSendable.swift
[1417/1757] Compiling NIOCore NIOSplitLinesMessageDecoder.swift
[1418/1757] Compiling NIOCore NIOTransportAccessibleChannelCore.swift
[1419/1757] Compiling NIOCore RecvByteBufferAllocator.swift
[1420/1765] Compiling NIOCore GlobalSingletons.swift
[1421/1765] Compiling NIOCore IO.swift
[1422/1765] Compiling NIOCore IOData.swift
[1423/1765] Compiling NIOCore SingleStepByteToMessageDecoder.swift
[1424/1765] Compiling NIOCore SocketAddresses.swift
[1425/1765] Compiling NIOCore SocketOptionProvider.swift
[1426/1765] Compiling NIOCore SystemCallHelpers.swift
[1427/1765] Compiling NIOCore TimeAmount+Duration.swift
[1428/1765] Compiling NIOCore TypeAssistedChannelHandler.swift
[1429/1765] Compiling NIOCore UniversalBootstrapSupport.swift
[1430/1765] Compiling NIOCore Utilities.swift
[1431/1765] Compiling Crypto HMAC.swift
[1432/1776] Compiling NIOCore ByteBuffer-binaryEncodedLengthPrefix.swift
[1433/1776] Compiling NIOCore ByteBuffer-conversions.swift
[1434/1776] Compiling NIOCore ByteBuffer-core.swift
[1435/1776] Compiling NIOCore ByteBuffer-hex.swift
[1436/1776] Compiling NIOCore ByteBuffer-int.swift
[1437/1776] Compiling NIOCore ByteBuffer-lengthPrefix.swift
[1438/1776] Compiling NIOCore CircularBuffer.swift
[1439/1776] Compiling NIOCore Codec.swift
[1440/1776] Compiling NIOCore ConvenienceOptionSupport.swift
[1441/1776] Compiling NIOCore DeadChannel.swift
[1442/1776] Compiling NIOCore DispatchQueue+WithFuture.swift
[1443/1776] Compiling NIOCore EventLoop+Deprecated.swift
[1444/1776] Compiling NIOCore AddressedEnvelope.swift
[1445/1776] Compiling NIOCore AsyncAwaitSupport.swift
[1446/1776] Compiling NIOCore AsyncChannel.swift
[1447/1776] Compiling NIOCore AsyncChannelHandler.swift
[1448/1776] Compiling NIOCore AsyncChannelInboundStream.swift
[1449/1776] Compiling NIOCore AsyncChannelOutboundWriter.swift
[1450/1776] Compiling NIOCore NIOAsyncSequenceProducer.swift
[1451/1776] Compiling NIOCore NIOAsyncSequenceProducerStrategies.swift
[1452/1776] Compiling NIOCore NIOAsyncWriter.swift
[1453/1776] Compiling NIOCore NIOThrowingAsyncSequenceProducer.swift
[1454/1776] Compiling NIOCore BSDSocketAPI.swift
[1455/1776] Compiling NIOCore ByteBuffer-aux.swift
[1456/1776] Emitting module Crypto
[1457/1776] Compiling NIOCore IPProtocol.swift
[1458/1776] Compiling NIOCore IntegerBitPacking.swift
[1459/1776] Compiling NIOCore IntegerTypes.swift
[1460/1776] Compiling NIOCore Interfaces.swift
[1461/1776] Compiling NIOCore Linux.swift
[1462/1776] Compiling NIOCore MarkedCircularBuffer.swift
[1463/1776] Compiling NIOCore MulticastChannel.swift
[1464/1776] Compiling NIOCore NIOAny.swift
[1465/1776] Compiling NIOCore NIOCloseOnErrorHandler.swift
[1466/1776] Compiling NIOCore EventLoopFuture+Deprecated.swift
[1467/1776] Compiling NIOCore EventLoopFuture+WithEventLoop.swift
[1468/1776] Compiling NIOCore EventLoopFuture.swift
[1469/1776] Compiling NIOCore FileDescriptor.swift
[1470/1776] Compiling NIOCore FileHandle.swift
[1471/1776] Compiling NIOCore FileRegion.swift
[1487/1776] Compiling Crypto MACFunctions.swift
[1488/1776] Compiling Crypto MessageAuthenticationCode.swift
[1489/1776] Compiling Crypto AES.swift
[1490/1776] Compiling Crypto ECDSASignature_boring.swift
[1491/1776] Compiling Crypto ECDSA_boring.swift
[1492/1776] Compiling Crypto EdDSA_boring.swift
[1493/1776] Compiling Crypto MLDSA_boring.swift
[1494/1776] Compiling Crypto MLDSA_wrapper.swift
[1495/1776] Compiling Crypto ECDSA.swift
[1496/1776] Compiling Crypto Ed25519.swift
[1497/1776] Compiling Crypto MLDSA.swift
[1498/1776] Compiling NIOCore EventLoop+SerialExecutor.swift
[1499/1776] Compiling NIOCore EventLoop.swift
[1500/1776] Compiling NIOCore EventLoopFuture+AssumeIsolated.swift
[1501/1776] Compiling NIOCore ByteBuffer-multi-int.swift
[1502/1776] Compiling NIOCore ByteBuffer-quicBinaryEncodingStrategy.swift
[1503/1776] Compiling NIOCore ByteBuffer-views.swift
[1504/1776] Compiling NIOCore Channel.swift
[1505/1776] Compiling NIOCore ChannelHandler.swift
[1506/1776] Compiling NIOCore ChannelHandlers.swift
[1507/1776] Compiling NIOCore ChannelInvoker.swift
[1508/1776] Compiling NIOCore ChannelOption.swift
[1509/1776] Compiling NIOCore ChannelPipeline.swift
[1522/1776] Compiling Crypto Signature.swift
[1523/1776] Compiling Crypto CryptoKitErrors_boring.swift
[1524/1776] Compiling Crypto Optional+withUnsafeBytes_boring.swift
[1525/1776] Compiling Crypto RNG_boring.swift
[1526/1776] Compiling Crypto SafeCompare_boring.swift
[1527/1776] Compiling Crypto Zeroization_boring.swift
[1528/1776] Compiling Crypto _CryptoModuleAnchor.swift
[1529/1776] Compiling Crypto PrettyBytes.swift
[1530/1776] Compiling Crypto SafeCompare.swift
[1531/1776] Compiling Crypto SecureBytes.swift
[1532/1776] Compiling Crypto Zeroization.swift
[1533/1777] Wrapping AST for Crypto for debugging
[1535/1839] Compiling CryptoExtras PKCS8DERRepresentation.swift
[1536/1839] Compiling CryptoExtras PKCS8PrivateKey.swift
[1537/1839] Compiling CryptoExtras RFC8410AlgorithmIdentifier.swift
[1538/1839] Compiling CryptoExtras ECToolbox_boring.swift
[1539/1839] Compiling CryptoExtras ECToolbox.swift
[1540/1839] Compiling CryptoExtras HashToField.swift
[1541/1839] Compiling CryptoExtras KDF.swift
[1542/1839] Compiling CryptoExtras PBKDF2_boring.swift
[1543/1839] Compiling CryptoExtras PBKDF2_commoncrypto.swift
[1561/1847] Compiling CryptoExtras ARCServer.swift
[1562/1847] Compiling CryptoExtras ChaCha20CTR_boring.swift
[1563/1847] Compiling CryptoExtras ChaCha20CTR.swift
[1564/1847] Compiling CryptoExtras BoringSSLSHA512256Context.swift
[1565/1847] Compiling CryptoExtras BoringSSLSHA512256HashFunction.swift
[1566/1847] Compiling CryptoExtras SHA512256.swift
[1567/1847] Compiling CryptoExtras SHA512256Digest.swift
[1568/1847] Compiling CryptoExtras Curve25519+PEM.swift
[1569/1847] Compiling CryptoExtras ObjectIdentifier.swift
[1570/1847] Compiling CryptoExtras Data+Extensions.swift
[1571/1847] Compiling CryptoExtras DigestType.swift
[1572/1847] Compiling CryptoExtras Error.swift
[1573/1847] Compiling CryptoExtras I2OSP.swift
[1574/1847] Compiling CryptoExtras IntegerEncoding.swift
[1575/1847] Compiling CryptoExtras PEMDocument.swift
[1576/1847] Compiling CryptoExtras PrettyBytes.swift
[1577/1847] Compiling CryptoExtras SubjectPublicKeyInfo.swift
[1578/1847] Compiling CryptoExtras ThreadOps.swift
[1579/1847] Compiling CryptoExtras ThreadPosix.swift
[1580/1847] Compiling CryptoExtras ThreadSpecific.swift
[1581/1847] Compiling CryptoExtras ThreadWindows.swift
[1582/1847] Compiling CryptoExtras DLEQ.swift
[1583/1847] Compiling CryptoExtras Prover.swift
[1584/1847] Compiling CryptoExtras Verifier.swift
[1585/1847] Compiling CryptoExtras ZKPToolbox.swift
[1586/1847] Compiling CryptoExtras CMAC.swift
[1587/1847] Compiling CryptoExtras ARC+API.swift
[1588/1847] Compiling CryptoExtras ARC.swift
[1589/1847] Compiling CryptoExtras ARCCredential.swift
[1590/1847] Compiling CryptoExtras ARCEncoding.swift
[1591/1847] Compiling CryptoExtras ARCPrecredential.swift
[1592/1847] Compiling CryptoExtras ARCPresentation.swift
[1593/1847] Compiling CryptoExtras ARCRequest.swift
[1594/1847] Compiling CryptoExtras ARCResponse.swift
[1595/1847] Compiling CryptoExtras AES_CBC.swift
[1596/1847] Compiling CryptoExtras AES_CFB.swift
[1597/1847] Compiling CryptoExtras AES_CTR.swift
[1598/1847] Compiling CryptoExtras AES_GCM_SIV.swift
[1599/1847] Compiling CryptoExtras Block Function.swift
[1600/1847] Compiling CryptoExtras AES_CBC_boring.swift
[1601/1847] Compiling CryptoExtras AES_CFB_boring.swift
[1602/1847] Compiling CryptoExtras AES_CTR_boring.swift
[1603/1847] Compiling CryptoExtras AES_GCM_SIV_boring.swift
[1604/1847] Compiling CryptoExtras PBKDF2.swift
[1605/1847] Compiling CryptoExtras Scrypt_boring.swift
[1606/1847] Compiling CryptoExtras Scrypt.swift
[1607/1847] Compiling CryptoExtras OPRF.swift
[1608/1847] Compiling CryptoExtras OPRFClient.swift
[1609/1847] Compiling CryptoExtras OPRFServer.swift
[1610/1847] Compiling CryptoExtras VOPRF+API.swift
[1611/1847] Compiling CryptoExtras VOPRFClient.swift
[1612/1847] Compiling CryptoExtras VOPRFServer.swift
[1613/1847] Emitting module CryptoExtras
[1614/1847] Compiling CryptoExtras BoringSSLPassphraseCallbackManager.swift
[1615/1847] Compiling CryptoExtras RSA+BlindSigning.swift
[1616/1847] Compiling CryptoExtras RSA.swift
[1617/1847] Compiling CryptoExtras RSA_boring.swift
[1618/1847] Compiling CryptoExtras Reexport.swift
[1619/1847] Compiling CryptoExtras Zeroization_boring.swift
[1620/1847] Compiling CryptoExtras BoringSSLHelpers.swift
[1621/1847] Compiling CryptoExtras CryptoKitErrors_boring.swift
[1622/1848] Wrapping AST for CryptoExtras for debugging
[1624/1850] Emitting module _CryptoExtras
[1625/1850] Compiling _CryptoExtras Exports.swift
[1626/1851] Wrapping AST for _CryptoExtras for debugging
[1628/1946] Emitting module NIOCore
[1629/1946] Compiling X509 KeyUsage.swift
[1630/1946] Compiling X509 CMSIssuerAndSerialNumber.swift
[1631/1946] Compiling X509 CMSOperations.swift
[1632/1946] Compiling X509 CMSSignature.swift
[1633/1946] Compiling X509 CMSSignedData.swift
[1634/1946] Compiling X509 CMSSignerIdentifier.swift
[1635/1946] Compiling X509 CMSSignerInfo.swift
[1636/1946] Compiling X509 CMSVersion.swift
[1637/1946] Compiling X509 Curve25519+DER.swift
[1638/1946] Compiling X509 CertificateSerialNumber.swift
[1639/1946] Compiling X509 CertificateVersion.swift
[1640/1946] Compiling X509 CMSAttribute.swift
[1641/1946] Compiling X509 CMSContentInfo.swift
[1642/1946] Compiling X509 CMSEncapsulatedContentInfo.swift
[1643/1946] Compiling X509 DomainComponent.swift
[1644/1946] Compiling X509 EmailAddress.swift
[1645/1946] Compiling X509 LocalityName.swift
[1646/1946] Compiling X509 OrganizationName.swift
[1647/1946] Compiling X509 CSRAttribute.swift
[1648/1946] Compiling X509 CSRAttributes.swift
[1649/1946] Compiling X509 CSRVersion.swift
[1650/1946] Compiling X509 CertificateSigningRequest.swift
[1651/1946] Compiling X509 CertificationRequestInfo.swift
[1652/1946] Compiling X509 ExtensionRequest.swift
[1653/1946] Compiling X509 Certificate.swift
[1654/1946] Compiling X509 CertificatePrivateKey.swift
[1655/1946] Compiling X509 CertificatePublicKey.swift
[1656/1954] Wrapping AST for NIOCore for debugging
[1658/2004] Compiling NIOFoundationEssentialsCompat Codable+ByteBuffer.swift
[1659/2004] Emitting module NIOFoundationEssentialsCompat
[1660/2004] Compiling NIOFoundationEssentialsCompat ByteBuffer-foundation.swift
[1661/2005] Wrapping AST for NIOFoundationEssentialsCompat for debugging
[1663/2005] Compiling NIOEmbedded Embedded.swift
[1664/2005] Compiling NIOEmbedded AsyncTestingChannel.swift
[1665/2005] Emitting module NIOEmbedded
[1666/2005] Compiling NIOEmbedded AsyncTestingEventLoop.swift
[1667/2006] Wrapping AST for NIOEmbedded for debugging
[1669/2006] Compiling NIOPosix HappyEyeballs.swift
[1670/2006] Compiling NIOPosix IO.swift
[1671/2006] Compiling NIOPosix IntegerBitPacking.swift
[1672/2006] Compiling NIOPosix IntegerTypes.swift
[1673/2006] Compiling NIOPosix Linux.swift
[1674/2006] Compiling NIOPosix LinuxCPUSet.swift
[1675/2006] Compiling NIOPosix LinuxUring.swift
[1676/2006] Compiling NIOPosix MultiThreadedEventLoopGroup.swift
[1677/2006] Compiling NIOPosix NIOPosixSendableMetatype.swift
[1678/2006] Compiling NIOPosix NIORandomizedDNSResolver.swift
[1679/2006] Compiling NIOPosix NIOThreadPool.swift
[1680/2006] Compiling NIOPosix NonBlockingFileIO.swift
[1681/2006] Compiling NIOPosix PendingDatagramWritesManager.swift
[1682/2006] Compiling NIOPosix PendingWritesManager.swift
[1683/2019] Compiling NIOPosix BSDSocketAPICommon.swift
[1684/2019] Compiling NIOPosix BSDSocketAPIPosix.swift
[1685/2019] Compiling NIOPosix BSDSocketAPIWindows.swift
[1686/2019] Compiling NIOPosix BaseSocket.swift
[1687/2019] Compiling NIOPosix BaseSocketChannel+AccessibleTransport.swift
[1688/2019] Compiling NIOPosix BaseSocketChannel+SocketOptionProvider.swift
[1689/2019] Compiling NIOPosix BaseSocketChannel.swift
[1690/2019] Compiling NIOPosix BaseStreamSocketChannel.swift
[1691/2019] Compiling NIOPosix Bootstrap.swift
[1692/2019] Compiling NIOPosix ControlMessage.swift
[1693/2019] Compiling NIOPosix DatagramVectorReadManager.swift
[1694/2019] Compiling NIOPosix Errors+Any.swift
[1695/2019] Compiling NIOPosix FileDescriptor.swift
[1696/2019] Compiling NIOPosix GetaddrinfoResolver.swift
[1697/2019] Compiling NIOPosix PipeChannel.swift
[1698/2019] Compiling NIOPosix PipePair.swift
[1699/2019] Compiling NIOPosix Pool.swift
[1700/2019] Compiling NIOPosix PosixSingletons+ConcurrencyTakeOver.swift
[1701/2019] Compiling NIOPosix PosixSingletons.swift
[1702/2019] Compiling NIOPosix RawSocketBootstrap.swift
[1703/2019] Compiling NIOPosix Resolver.swift
[1704/2019] Compiling NIOPosix Selectable.swift
[1705/2019] Compiling NIOPosix SelectableChannel.swift
[1706/2019] Compiling NIOPosix SelectableEventLoop.swift
[1707/2019] Compiling NIOPosix SelectorEpoll.swift
[1708/2019] Compiling NIOPosix SelectorGeneric.swift
[1709/2019] Compiling NIOPosix SelectorKqueue.swift
[1710/2019] Compiling NIOPosix SelectorUring.swift
[1711/2019] Compiling NIOPosix SelectorWSAPoll.swift
[1712/2019] Compiling NIOPosix ServerSocket.swift
[1713/2019] Compiling NIOPosix Socket.swift
[1714/2019] Compiling NIOPosix SocketChannel.swift
[1715/2019] Compiling NIOPosix SocketProtocols.swift
[1716/2019] Compiling NIOPosix StructuredConcurrencyHelpers.swift
[1717/2019] Compiling NIOPosix System.swift
[1718/2019] Compiling X509 Signature.swift
[1719/2019] Compiling X509 SignatureAlgorithm.swift
[1720/2019] Compiling X509 AllOfPolicies.swift
[1721/2019] Compiling X509 AnyPolicy.swift
[1722/2019] Compiling X509 CertificateStore.swift
[1723/2019] Compiling X509 CustomCertificateStore.swift
[1724/2019] Compiling X509 OneOfPolicies.swift
[1725/2019] Compiling X509 PolicyBuilder.swift
[1726/2019] Compiling X509 BasicConstraintsPolicy.swift
[1727/2019] Compiling X509 DNSNames.swift
[1728/2019] Compiling X509 ExpiryPolicy.swift
[1729/2019] Compiling X509 IPConstraints.swift
[1730/2019] Compiling X509 NameConstraintsPolicy.swift
[1731/2019] Compiling X509 RFC5280Policy.swift
[1732/2019] Compiling X509 URIConstraints.swift
[1733/2019] Compiling X509 VersionPolicy.swift
[1734/2019] Compiling X509 ServerIdentityPolicy.swift
[1735/2019] Compiling X509 TrustRootLoading.swift
[1736/2019] Compiling X509 UnverifiedChain.swift
[1737/2019] Compiling X509 OCSPExtensionID.swift
[1738/2019] Compiling X509 OCSPNonce.swift
[1739/2019] Compiling X509 OCSPPolicy.swift
[1740/2019] Compiling X509 OCSPRequest.swift
[1741/2019] Compiling X509 OCSPResponse.swift
[1742/2019] Compiling X509 OCSPResponseBytes.swift
[1743/2019] Compiling X509 OCSPResponseData.swift
[1744/2019] Compiling X509 OCSPResponseStatus.swift
[1745/2019] Compiling X509 OCSPSignature.swift
[1746/2019] Compiling X509 OCSPSingleRequest.swift
[1747/2019] Compiling X509 OCSPSingleResponse.swift
[1748/2019] Compiling X509 OCSPTBSRequest.swift
[1749/2019] Compiling X509 OCSPVersion.swift
[1750/2019] Compiling X509 NameConstraints.swift
[1751/2019] Compiling X509 SubjectAlternativeName.swift
[1752/2019] Compiling X509 SubjectKeyIdentifier.swift
[1753/2019] Compiling X509 Extension.swift
[1754/2019] Compiling X509 Extensions.swift
[1755/2019] Compiling X509 ExtensionsBuilder.swift
[1756/2019] Compiling X509 GeneralName.swift
[1757/2019] Compiling X509 Lock.swift
[1758/2019] Compiling X509 LockedValueBox.swift
[1759/2019] Compiling X509 BasicOCSPResponse.swift
[1760/2019] Compiling X509 DirectoryString.swift
[1761/2019] Compiling X509 OCSPCertID.swift
[1762/2019] Compiling X509 OCSPCertStatus.swift
[1791/2026] Emitting module NIOPosix
[1799/2026] Emitting module X509
[1800/2026] Compiling NIOPosix Thread.swift
[1801/2026] Compiling NIOPosix ThreadPosix.swift
[1802/2026] Compiling NIOPosix ThreadWindows.swift
[1803/2026] Compiling NIOPosix Utilities.swift
[1804/2026] Compiling NIOPosix VsockAddress.swift
[1805/2026] Compiling NIOPosix VsockChannelEvents.swift
[1806/2026] Compiling NIOPosix Windows.swift
[1821/2027] Wrapping AST for NIOPosix for debugging
[1823/2029] Emitting module NIO
[1824/2029] Compiling NIO Exports.swift
[1825/2040] Wrapping AST for NIO for debugging
[1827/2069] Compiling NIOTLS TLSEvents.swift
[1828/2069] Compiling NIOFoundationCompat JSONSerialization+ByteBuffer.swift
[1829/2069] Emitting module NIOFoundationCompat
[1830/2069] Compiling NIOTLS NIOTypedApplicationProtocolNegotiationHandler.swift
[1831/2069] Emitting module NIOTLS
[1832/2069] Compiling NIOTLS ApplicationProtocolNegotiationHandler.swift
[1833/2069] Compiling NIOFoundationCompat WaitSpinningRunLoop.swift
[1834/2069] Compiling NIOFoundationCompat Exports.swift
[1835/2070] Emitting module NIOSOCKS
[1837/2071] Compiling NIOSOCKS SelectedAuthenticationMethod.swift
[1838/2071] Compiling NIOSOCKS SOCKSResponse.swift
[1839/2071] Compiling NIOSOCKS ClientStateMachine.swift
[1839/2071] Wrapping AST for NIOFoundationCompat for debugging
[1841/2071] Compiling NIOSOCKS ServerStateMachine.swift
[1842/2071] Compiling NIOTLS ProtocolNegotiationHandlerStateMachine.swift
[1843/2071] Compiling NIOSOCKS Errors.swift
[1844/2071] Compiling NIOSOCKS Helpers.swift
[1845/2071] Compiling NIOSOCKS AuthenticationMethod.swift
[1846/2071] Compiling NIOSOCKS ClientGreeting.swift
[1847/2071] Compiling NIOTLS SNIHandler.swift
[1848/2071] Compiling NIOSOCKS Messages.swift
[1849/2071] Compiling NIOSOCKS SOCKSRequest.swift
[1850/2071] Compiling NIOSOCKS SOCKSClientHandler.swift
[1851/2071] Compiling NIOSOCKS SOCKSServerHandshakeHandler.swift
[1853/2073] Wrapping AST for NIOTLS for debugging
[1855/2073] Compiling NIOHTTP1 NIOTypedHTTPClientUpgradeHandler.swift
[1856/2073] Compiling NIOHTTP1 NIOTypedHTTPClientUpgraderStateMachine.swift
[1856/2105] Wrapping AST for NIOSOCKS for debugging
[1858/2105] Compiling NIOSSL AndroidCABundle.swift
[1859/2105] Compiling NIOSSL ByteBufferBIO.swift
[1860/2105] Compiling NIOSSL NIOSSLServerHandler.swift
[1861/2105] Compiling NIOSSL ObjectIdentifier.swift
[1862/2105] Compiling X509 ValidatedCertificateChain.swift
[1863/2105] Compiling X509 VerificationDiagnostic.swift
[1864/2105] Compiling X509 Verifier.swift
[1865/2105] Compiling X509 VerifierPolicy.swift
[1866/2105] Compiling X509 AlgorithmIdentifier.swift
[1867/2105] Compiling X509 ECDSASignature.swift
[1868/2105] Compiling X509 RSAPKCS1PublicKey.swift
[1869/2105] Compiling X509 SubjectPublicKeyInfo.swift
[1870/2105] Compiling X509 TBSCertificate.swift
[1871/2105] Compiling X509 Time.swift
[1872/2105] Compiling X509 TimeCalculations.swift
[1873/2105] Compiling X509 Validity.swift
[1874/2105] Compiling X509 X509SendableMetatype.swift
[1875/2106] Wrapping AST for X509 for debugging
[1877/2173] Compiling JWTKit ECDSACurveType.swift
[1878/2173] Compiling JWTKit ECDSAError.swift
[1879/2173] Compiling JWTKit LocaleClaim.swift
[1880/2173] Compiling JWTKit NotBeforeClaim.swift
[1881/2173] Compiling JWTKit JWTClaim.swift
[1882/2173] Compiling JWTKit JWTMultiValueClaim.swift
[1883/2173] Compiling JWTKit JWTUnixEpochClaim.swift
[1884/2173] Compiling JWTKit ExpirationClaim.swift
[1885/2173] Compiling JWTKit GoogleHostedDomainClaim.swift
[1886/2173] Compiling JWTKit IDClaim.swift
[1887/2173] Compiling JWTKit IssuedAtClaim.swift
[1888/2173] Compiling JWTKit IssuerClaim.swift
[1889/2173] Emitting module NIOHTTP1
[1891/2174] Compiling JWTKit AudienceClaim.swift
[1892/2174] Compiling JWTKit BoolClaim.swift
[1900/2186] Wrapping AST for NIOHTTP1 for debugging
[1902/2200] Emitting module JWTKit
[1903/2200] Emitting module NIOHTTPCompression
[1904/2200] Compiling NIOHTTPCompression HTTPDecompressor.swift
[1905/2200] Compiling JWTKit ECDSASigningAlgorithm.swift
[1906/2200] Compiling JWTKit JWTKeyCollection+ECDSA.swift
[1907/2200] Compiling JWTKit P256+CurveType.swift
[1908/2200] Compiling JWTKit P384+CurveType.swift
[1909/2200] Compiling JWTKit P521+CurveType.swift
[1910/2200] Compiling JWTKit EdDSA.swift
[1911/2200] Compiling JWTKit EdDSACurve.swift
[1912/2200] Compiling JWTKit EdDSAError.swift
[1913/2200] Compiling JWTKit EdDSASigner.swift
[1914/2200] Compiling JWTKit JWTKeyCollection+EdDSA.swift
[1917/2200] Compiling JWTKit SubjectClaim.swift
[1918/2200] Compiling JWTKit TenantIDClaim.swift
[1919/2200] Compiling JWTKit ECDSA.swift
[1920/2200] Compiling JWTKit ECDSACurve.swift
[1923/2200] Compiling JWTKit ECDSAKeyTypes.swift
[1924/2200] Compiling JWTKit ECDSASigner.swift
[1925/2200] Compiling JWTKit HMAC.swift
[1926/2200] Compiling JWTKit HMACError.swift
[1927/2200] Compiling JWTKit HMACSigner.swift
[1928/2200] Compiling JWTKit JWTKeyCollection+HMAC.swift
[1929/2200] Compiling JWTKit Insecure.swift
[1930/2200] Compiling JWTKit JWK.swift
[1931/2200] Compiling JWTKit JWKIdentifier.swift
[1932/2200] Compiling JWTKit JWKS.swift
[1933/2200] Compiling JWTKit JWKSigner.swift
[1934/2200] Compiling NIOHPACK IntegerCoding.swift
[1935/2200] Compiling NIOHPACK IndexedHeaderTable.swift
[1944/2205] Compiling NIOHPACK HuffmanTables.swift
[1945/2205] Compiling NIOHTTPCompression HTTPDecompression.swift
[1946/2205] Compiling NIOHTTPCompression HTTPCompression.swift
[1947/2205] Compiling JWTKit JWTAlgorithm.swift
[1948/2205] Compiling JWTKit JWTError.swift
[1949/2205] Compiling JWTKit JWTHeader+CommonFields.swift
[1950/2205] Compiling JWTKit JWTHeader.swift
[1951/2205] Compiling JWTKit JWTHeaderField.swift
[1952/2205] Compiling JWTKit JWTKeyCollection.swift
[1953/2205] Compiling JWTKit JWTParser+MandatoryVerificationFields.swift
[1954/2205] Compiling JWTKit JWTParser.swift
[1955/2205] Compiling JWTKit JWTPayload.swift
[1956/2205] Compiling JWTKit JWTSerializer.swift
[1957/2205] Compiling JWTKit JWTSigner.swift
[1958/2205] Compiling JWTKit JWTKeyCollection+MLDSA.swift
[1959/2205] Compiling JWTKit MLDSA.swift
[1960/2205] Compiling JWTKit MLDSA65+MLDSAKey.swift
[1961/2205] Compiling JWTKit MLDSA87+MLDSAKey.swift
[1962/2205] Compiling JWTKit MLDSAError.swift
[1963/2205] Compiling JWTKit MLDSAKey.swift
[1964/2205] Compiling JWTKit MLDSASigner.swift
[1965/2205] Compiling JWTKit MLDSAType.swift
[1966/2205] Compiling JWTKit JWTKeyCollection+UnsecuredNone.swift
[1967/2205] Compiling JWTKit UnsecuredNoneSigner.swift
[1968/2205] Compiling JWTKit JWTKeyCollection+RSA.swift
[1969/2205] Compiling JWTKit RSA.swift
[1970/2205] Compiling JWTKit RSAError.swift
[1971/2205] Compiling JWTKit RSASigner.swift
[1972/2205] Compiling JWTKit Base64URL.swift
[1973/2205] Compiling JWTKit CryptoSigner.swift
[1974/2205] Compiling NIOHPACK HuffmanCoding.swift
[1975/2205] Compiling NIOHTTPCompression HTTPRequestCompressor.swift
[1976/2205] Compiling NIOHTTPCompression HTTPResponseCompressor.swift
[1978/2206] Compiling NIOHPACK StaticHeaderTable.swift
[1979/2206] Compiling NIOHPACK DynamicHeaderTable.swift
[1980/2206] Compiling NIOHPACK HPACKDecoder.swift
[1981/2206] Compiling NIOHPACK HPACKEncoder.swift
[1982/2206] Compiling NIOHPACK HPACKErrors.swift
[1982/2206] Wrapping AST for NIOHTTPCompression for debugging
[1986/2206] Compiling NIOHPACK HPACKHeader.swift
[1987/2206] Compiling NIOHPACK HeaderTables.swift
[1988/2206] Emitting module NIOHPACK
[1995/2207] Emitting module NIOSSL
[2009/2207] Wrapping AST for NIOHPACK for debugging
[2011/2270] Compiling JWTKit CustomizedJSONCoders.swift
[2012/2270] Compiling JWTKit Utilities.swift
[2013/2270] Compiling JWTKit AppleIdentityToken.swift
[2014/2270] Compiling JWTKit FirebaseAuthIdentityToken.swift
[2015/2270] Compiling JWTKit GoogleIdentityToken.swift
[2016/2270] Compiling JWTKit MicrosoftIdentityToken.swift
[2017/2270] Compiling JWTKit EmptyPolicy.swift
[2018/2270] Compiling JWTKit ValidationTimePayload.swift
[2019/2270] Compiling JWTKit X5CVerifier.swift
[2020/2271] Wrapping AST for JWTKit for debugging
[2022/2271] Compiling NIOHTTP2 ConcurrentStreamBuffer.swift
[2023/2271] Compiling NIOHTTP2 ControlFrameBuffer.swift
[2024/2271] Compiling NIOHTTP2 OutboundFlowControlBuffer.swift
[2025/2271] Compiling NIOHTTP2 OutboundFrameBuffer.swift
[2026/2272] Wrapping AST for NIOSSL for debugging
[2028/2272] Compiling NIOHTTP2 MaySendFrames.swift
[2029/2272] Compiling NIOHTTP2 SendingDataState.swift
[2030/2272] Compiling NIOHTTP2 SendingGoawayState.swift
[2031/2272] Compiling NIOHTTP2 SendingHeadersState.swift
[2032/2272] Compiling NIOHTTP2 SendingPushPromiseState.swift
[2033/2272] Compiling NIOHTTP2 SendingRstStreamState.swift
[2034/2272] Compiling NIOHTTP2 SendingWindowUpdateState.swift
[2035/2272] Compiling NIOHTTP2 HTTP2SettingsState.swift
[2036/2272] Compiling NIOHTTP2 HasExtendedConnectSettings.swift
[2037/2272] Emitting module NIOHTTP2
[2038/2280] Compiling NIOHTTP2 HTTP2StreamMultiplexer.swift
[2039/2280] Compiling NIOHTTP2 HTTP2ToHTTP1Codec.swift
[2040/2280] Compiling NIOHTTP2 HTTP2UserEvents.swift
[2041/2280] Compiling NIOHTTP2 InboundEventBuffer.swift
[2042/2280] Compiling NIOHTTP2 InboundWindowManager.swift
[2043/2280] Compiling NIOHTTP2 MultiplexerAbstractChannel.swift
[2044/2280] Compiling NIOHTTP2 NIOHTTP2FrameDelegate.swift
[2045/2280] Compiling NIOHTTP2 NIOHTTP2ServerConnectionManagementHandler+StateMachine.swift
[2046/2280] Compiling NIOHTTP2 NIOHTTP2ServerConnectionManagementHandler.swift
[2047/2280] Compiling NIOHTTP2 StreamChannelFlowController.swift
[2048/2280] Compiling NIOHTTP2 StreamChannelList.swift
[2049/2280] Compiling NIOHTTP2 StreamMap.swift
[2050/2280] Compiling NIOHTTP2 StreamStateMachine.swift
[2051/2280] Compiling NIOHTTP2 Timer.swift
[2052/2280] Compiling NIOHTTP2 UnsafeTransfer.swift
[2053/2280] Compiling NIOHTTP2 WatermarkedFlowController.swift
[2054/2280] Compiling NIOHTTP2 HTTP2FrameParser.swift
[2055/2280] Compiling NIOHTTP2 HTTP2PingData.swift
[2056/2280] Compiling NIOHTTP2 HTTP2PipelineHelpers.swift
[2057/2280] Compiling NIOHTTP2 HTTP2Settings.swift
[2058/2280] Compiling NIOHTTP2 HTTP2Stream.swift
[2059/2280] Compiling NIOHTTP2 HTTP2StreamChannel+OutboundStreamMultiplexer.swift
[2060/2280] Compiling NIOHTTP2 HTTP2StreamChannel.swift
[2061/2280] Compiling NIOHTTP2 HTTP2StreamDelegate.swift
[2062/2280] Compiling NIOHTTP2 HTTP2StreamID.swift
[2063/2280] Compiling NIOHTTP2 HTTP2ChannelHandler+InlineStreamMultiplexer.swift
[2064/2280] Compiling NIOHTTP2 HTTP2ChannelHandler.swift
[2065/2280] Compiling NIOHTTP2 HTTP2CommonInboundStreamMultiplexer.swift
[2066/2280] Compiling NIOHTTP2 HTTP2ConnectionStateChange.swift
[2067/2280] Compiling NIOHTTP2 HTTP2Error.swift
[2068/2280] Compiling NIOHTTP2 HTTP2ErrorCode.swift
[2069/2280] Compiling NIOHTTP2 HTTP2FlowControlWindow.swift
[2070/2280] Compiling NIOHTTP2 HTTP2Frame.swift
[2071/2280] Compiling NIOHTTP2 HTTP2FrameEncoder.swift
[2072/2280] Compiling NIOHTTP2 ConnectionStateMachine.swift
[2073/2280] Compiling NIOHTTP2 ConnectionStreamsState.swift
[2074/2280] Compiling NIOHTTP2 MayReceiveFrames.swift
[2075/2280] Compiling NIOHTTP2 ReceivingDataState.swift
[2076/2280] Compiling NIOHTTP2 ReceivingGoAwayState.swift
[2077/2280] Compiling NIOHTTP2 ReceivingHeadersState.swift
[2078/2280] Compiling NIOHTTP2 ReceivingPushPromiseState.swift
[2079/2280] Compiling NIOHTTP2 ReceivingRstStreamState.swift
[2080/2280] Compiling NIOHTTP2 ReceivingWindowUpdateState.swift
[2081/2280] Compiling NIOHTTP2 HasFlowControlWindows.swift
[2082/2280] Compiling NIOHTTP2 HasLocalSettings.swift
[2083/2280] Compiling NIOHTTP2 HasRemoteSettings.swift
[2084/2280] Compiling NIOHTTP2 LocallyQuiescingState.swift
[2085/2280] Compiling NIOHTTP2 QuiescingState.swift
[2086/2280] Compiling NIOHTTP2 RemotelyQuiescingState.swift
[2087/2280] Compiling NIOHTTP2 SendAndReceiveGoawayState.swift
[2088/2280] Compiling NIOHTTP2 StateMachineResult.swift
[2089/2280] Compiling NIOHTTP2 ContentLengthVerifier.swift
[2090/2280] Compiling NIOHTTP2 DOSHeuristics.swift
[2091/2280] Compiling NIOHTTP2 Error+Any.swift
[2096/2280] Compiling NIOHTTP2 GlitchesMonitor.swift
[2097/2280] Compiling NIOHTTP2 HPACKHeaders+Validation.swift
[2098/2280] Compiling NIOHTTP2 HTTP2ChannelHandler+InboundStreamMultiplexer.swift
[2099/2281] Wrapping AST for NIOHTTP2 for debugging
[2101/2345] Compiling AsyncHTTPClient HTTPClientResponse.swift
[2102/2345] Compiling AsyncHTTPClient SingleIteratorPrecondition.swift
[2103/2345] Compiling AsyncHTTPClient Transaction+StateMachine.swift
[2104/2345] Compiling AsyncHTTPClient Transaction.swift
[2105/2345] Compiling AsyncHTTPClient Base64.swift
[2106/2345] Compiling AsyncHTTPClient BasicAuth.swift
[2107/2345] Compiling AsyncHTTPClient BestEffortHashableTLSConfiguration.swift
[2108/2345] Compiling AsyncHTTPClient Configuration+BrowserLike.swift
[2109/2345] Compiling AsyncHTTPClient ConnectionPool.swift
[2110/2353] Compiling AsyncHTTPClient AnyAsyncSequence.swift
[2111/2353] Compiling AsyncHTTPClient AnyAsyncSequenceProucerDelete.swift
[2112/2353] Compiling AsyncHTTPClient AsyncLazySequence.swift
[2113/2353] Compiling AsyncHTTPClient HTTPClient+execute.swift
[2114/2353] Compiling AsyncHTTPClient HTTPClient+shutdown.swift
[2115/2353] Compiling AsyncHTTPClient HTTPClient+tracing.swift
[2116/2353] Compiling AsyncHTTPClient HTTPClientRequest+Prepared.swift
[2117/2353] Compiling AsyncHTTPClient HTTPClientRequest+auth.swift
[2118/2353] Compiling AsyncHTTPClient HTTPClientRequest.swift
[2119/2353] Compiling AsyncHTTPClient HTTPConnectionEvent.swift
[2120/2353] Compiling AsyncHTTPClient HTTPConnectionPool+Factory.swift
[2121/2353] Compiling AsyncHTTPClient HTTPConnectionPool+Manager.swift
[2122/2353] Compiling AsyncHTTPClient HTTPConnectionPool.swift
[2123/2353] Compiling AsyncHTTPClient HTTPExecutableRequest.swift
[2124/2353] Compiling AsyncHTTPClient HTTPRequestStateMachine+Demand.swift
[2125/2353] Compiling AsyncHTTPClient HTTPRequestStateMachine.swift
[2126/2353] Compiling AsyncHTTPClient RequestBodyLength.swift
[2127/2353] Compiling AsyncHTTPClient RequestFramingMetadata.swift
[2128/2353] Compiling AsyncHTTPClient RequestValidation.swift
[2129/2353] Compiling AsyncHTTPClient SSLContextCache.swift
[2130/2353] Compiling AsyncHTTPClient Scheme.swift
[2131/2353] Compiling AsyncHTTPClient Singleton.swift
[2132/2353] Compiling AsyncHTTPClient StringConvertibleInstances.swift
[2133/2353] Compiling AsyncHTTPClient StructuredConcurrencyHelpers.swift
[2134/2353] Compiling AsyncHTTPClient TracingSupport.swift
[2135/2353] Compiling AsyncHTTPClient Utils.swift
[2136/2353] Compiling AsyncHTTPClient HTTP1ProxyConnectHandler.swift
[2137/2353] Compiling AsyncHTTPClient SOCKSEventsHandler.swift
[2138/2353] Compiling AsyncHTTPClient TLSEventsHandler.swift
[2139/2353] Compiling AsyncHTTPClient HTTP1ClientChannelHandler.swift
[2140/2353] Compiling AsyncHTTPClient HTTP1Connection.swift
[2141/2353] Compiling AsyncHTTPClient HTTP1ConnectionStateMachine.swift
[2142/2353] Compiling AsyncHTTPClient HTTP2ClientRequestHandler.swift
[2143/2353] Compiling AsyncHTTPClient HTTP2Connection.swift
[2144/2353] Compiling AsyncHTTPClient HTTP2IdleHandler.swift
[2145/2353] Emitting module AsyncHTTPClient
[2146/2353] Compiling AsyncHTTPClient DeconstructedURL.swift
[2147/2353] Compiling AsyncHTTPClient FileDownloadDelegate.swift
[2148/2353] Compiling AsyncHTTPClient FoundationExtensions.swift
[2149/2353] Compiling AsyncHTTPClient HTTPClient+HTTPCookie.swift
[2150/2353] Compiling AsyncHTTPClient HTTPClient+Proxy.swift
[2151/2353] Compiling AsyncHTTPClient HTTPClient+StructuredConcurrency.swift
[2152/2353] Compiling AsyncHTTPClient HTTPClient.swift
[2153/2353] Compiling AsyncHTTPClient HTTPClientConfiguration+SwiftConfiguration.swift
[2154/2353] Compiling AsyncHTTPClient HTTPHandler.swift
[2155/2353] Compiling AsyncHTTPClient LRUCache.swift
[2156/2353] Compiling AsyncHTTPClient NIOLoopBound+Execute.swift
[2157/2353] Compiling AsyncHTTPClient NWErrorHandler.swift
[2158/2353] Compiling AsyncHTTPClient NWWaitingHandler.swift
[2159/2353] Compiling AsyncHTTPClient TLSConfiguration.swift
[2160/2353] Compiling AsyncHTTPClient RedirectState.swift
[2161/2353] Compiling AsyncHTTPClient RequestBag+StateMachine.swift
[2162/2353] Compiling AsyncHTTPClient RequestBag+Tracing.swift
[2163/2353] Compiling AsyncHTTPClient RequestBag.swift
[2164/2353] Compiling AsyncHTTPClient RequestOptions.swift
[2165/2353] Compiling AsyncHTTPClient HTTPConnectionPool+Backoff.swift
[2166/2353] Compiling AsyncHTTPClient HTTPConnectionPool+HTTP1Connections.swift
[2167/2353] Compiling AsyncHTTPClient HTTPConnectionPool+HTTP1StateMachine.swift
[2168/2353] Compiling AsyncHTTPClient HTTPConnectionPool+HTTP2Connections.swift
[2169/2353] Compiling AsyncHTTPClient HTTPConnectionPool+HTTP2StateMachine.swift
[2170/2353] Compiling AsyncHTTPClient HTTPConnectionPool+RequestQueue.swift
[2171/2353] Compiling AsyncHTTPClient HTTPConnectionPool+StateMachine.swift
[2172/2353] Compiling AsyncHTTPClient ConnectionTarget.swift
[2173/2354] Wrapping AST for AsyncHTTPClient for debugging
[2175/2377] Compiling GoogleAuth UserAccountData.swift
[2176/2377] Compiling GoogleAuth UserAccountTokenProvider.swift
[2177/2377] Compiling GoogleAuth UserCredentials.swift
[2178/2380] Compiling GoogleAuth ADC.swift
[2179/2380] Compiling GoogleAuth ADCPath.swift
[2180/2380] Compiling GoogleAuth ADCResolver.swift
[2181/2380] Compiling GoogleAuth AuthHeaders.swift
[2182/2380] Compiling GoogleAuth SubjectTokenProvider.swift
[2183/2380] Compiling GoogleAuth MDSAccessTokenProvider.swift
[2184/2380] Compiling GoogleAuth MDSCredentials.swift
[2185/2380] Compiling GoogleAuth ServiceAccountCredentials.swift
[2186/2380] Compiling GoogleAuth ServiceAccountData.swift
[2187/2380] Compiling GoogleAuth ServiceAccountTokenProvider.swift
[2188/2380] Compiling GoogleAuth AnonymousCredentials.swift
[2189/2380] Compiling GoogleAuth ApiKeyCredentials.swift
[2190/2380] Compiling GoogleAuth ExternalAccountCredentials.swift
[2191/2380] Compiling GoogleAuth AuthHTTPClient.swift
[2192/2380] Compiling GoogleAuth AuthHTTPError.swift
[2193/2380] Compiling GoogleAuth RetryEngine.swift
[2194/2380] Compiling GoogleAuth CredentialParserRegistry.swift
[2195/2380] Compiling GoogleAuth Credentials.swift
[2196/2380] Compiling GoogleAuth CredentialsError.swift
[2197/2380] Emitting module GoogleAuth
[2198/2380] Compiling GoogleAuth STSHandler.swift
[2199/2380] Compiling GoogleAuth TokenCache.swift
[2200/2380] Compiling GoogleAuth PackageVersion.swift
[2201/2381] Wrapping AST for GoogleAuth for debugging
[2203/2439] Emitting module GoogleGax
[2204/2447] Compiling GoogleGax RequestOptions.swift
[2205/2447] Compiling GoogleGax RetryLoop.swift
[2206/2447] Compiling GoogleGax RetryPolicy.swift
[2207/2447] Compiling GoogleGax RetryResult.swift
[2208/2447] Compiling GoogleGax RetryState.swift
[2209/2447] Compiling GoogleGax RetryThrottler.swift
[2210/2447] Compiling GoogleGax RetryThrottlerError.swift
[2211/2447] Compiling GoogleGax RoutingMatcher.swift
[2212/2447] Compiling GoogleGax AIP194+PollingErrorPolicy.swift
[2213/2447] Compiling GoogleGax AIP194+RetryPolicy.swift
[2214/2447] Compiling GoogleGax AIP194.swift
[2215/2447] Compiling GoogleGax AdaptiveThrottler.swift
[2216/2447] Compiling GoogleGax AlwaysPoll.swift
[2217/2447] Compiling GoogleGax AlwaysRetry.swift
[2218/2447] Compiling GoogleGax ApiClientHeader.swift
[2219/2447] Compiling GoogleGax BackoffPolicy.swift
[2220/2447] Compiling GoogleGax BasePollingErrorPolicy.swift
[2221/2447] Compiling GoogleGax ContinueOnIO.swift
[2222/2447] Compiling GoogleGax CredentialsProtocol.swift
[2223/2447] Compiling GoogleGax ErrorWrapper.swift
[2224/2447] Compiling GoogleGax ExponentialBackoff+BackoffPolicy.swift
[2225/2447] Compiling GoogleGax ExponentialBackoff+PollingBackoffPolicy.swift
[2226/2447] Compiling GoogleGax ExponentialBackoff.swift
[2227/2447] Compiling GoogleGax HTTPClient.swift
[2228/2447] Compiling GoogleGax HTTPClientHolder.swift
[2229/2447] Compiling GoogleGax BaseRetryPolicy.swift
[2230/2447] Compiling GoogleGax BindingError.swift
[2231/2447] Compiling GoogleGax CRC32C.swift
[2232/2447] Compiling GoogleGax CircuitBreaker.swift
[2233/2447] Compiling GoogleGax ClientError.swift
[2234/2447] Compiling GoogleGax ClientOptions.swift
[2235/2447] Compiling GoogleGax ContinueOnIO+PollingErrorPolicy.swift
[2236/2447] Compiling GoogleGax ContinueOnIO+RetryPolicy.swift
[2237/2447] Compiling GoogleGax Pagination.swift
/host/spi-builder-workspace/.build/checkouts/swift-google-gax/Sources/GoogleGax/Pagination.swift:44:22: error: cannot convert '@Sendable (String) async throws -> (response: ResponseType, items: [Item], nextToken: String)' to 'nonisolated(nonsending) @Sendable (String) async throws -> (response: ResponseType, items: [Item], nextToken: String)' because crossing of an isolation boundary requires parameter and result types to conform to 'Sendable' protocol
42 | ) where ResponseType: _PaginatedResponse<Item> {
43 | self.initialPageToken = initialPageToken ?? ""
44 | self.fetchPage = { token in
| |- error: cannot convert '@Sendable (String) async throws -> (response: ResponseType, items: [Item], nextToken: String)' to 'nonisolated(nonsending) @Sendable (String) async throws -> (response: ResponseType, items: [Item], nextToken: String)' because crossing of an isolation boundary requires parameter and result types to conform to 'Sendable' protocol
| `- note: type 'Item' does not conform to 'Sendable' protocol
45 | let response = try await listRpc(token)
46 | return (response, response._getPaginatedItems(), response._nextPageToken())
[2238/2447] Compiling GoogleGax PollingBackoffPolicy.swift
/host/spi-builder-workspace/.build/checkouts/swift-google-gax/Sources/GoogleGax/Pagination.swift:44:22: error: cannot convert '@Sendable (String) async throws -> (response: ResponseType, items: [Item], nextToken: String)' to 'nonisolated(nonsending) @Sendable (String) async throws -> (response: ResponseType, items: [Item], nextToken: String)' because crossing of an isolation boundary requires parameter and result types to conform to 'Sendable' protocol
42 | ) where ResponseType: _PaginatedResponse<Item> {
43 | self.initialPageToken = initialPageToken ?? ""
44 | self.fetchPage = { token in
| |- error: cannot convert '@Sendable (String) async throws -> (response: ResponseType, items: [Item], nextToken: String)' to 'nonisolated(nonsending) @Sendable (String) async throws -> (response: ResponseType, items: [Item], nextToken: String)' because crossing of an isolation boundary requires parameter and result types to conform to 'Sendable' protocol
| `- note: type 'Item' does not conform to 'Sendable' protocol
45 | let response = try await listRpc(token)
46 | return (response, response._getPaginatedItems(), response._nextPageToken())
[2239/2447] Compiling GoogleGax PollingErrorPolicy.swift
/host/spi-builder-workspace/.build/checkouts/swift-google-gax/Sources/GoogleGax/Pagination.swift:44:22: error: cannot convert '@Sendable (String) async throws -> (response: ResponseType, items: [Item], nextToken: String)' to 'nonisolated(nonsending) @Sendable (String) async throws -> (response: ResponseType, items: [Item], nextToken: String)' because crossing of an isolation boundary requires parameter and result types to conform to 'Sendable' protocol
42 | ) where ResponseType: _PaginatedResponse<Item> {
43 | self.initialPageToken = initialPageToken ?? ""
44 | self.fetchPage = { token in
| |- error: cannot convert '@Sendable (String) async throws -> (response: ResponseType, items: [Item], nextToken: String)' to 'nonisolated(nonsending) @Sendable (String) async throws -> (response: ResponseType, items: [Item], nextToken: String)' because crossing of an isolation boundary requires parameter and result types to conform to 'Sendable' protocol
| `- note: type 'Item' does not conform to 'Sendable' protocol
45 | let response = try await listRpc(token)
46 | return (response, response._getPaginatedItems(), response._nextPageToken())
[2240/2447] Compiling GoogleGax PollingResult.swift
/host/spi-builder-workspace/.build/checkouts/swift-google-gax/Sources/GoogleGax/Pagination.swift:44:22: error: cannot convert '@Sendable (String) async throws -> (response: ResponseType, items: [Item], nextToken: String)' to 'nonisolated(nonsending) @Sendable (String) async throws -> (response: ResponseType, items: [Item], nextToken: String)' because crossing of an isolation boundary requires parameter and result types to conform to 'Sendable' protocol
42 | ) where ResponseType: _PaginatedResponse<Item> {
43 | self.initialPageToken = initialPageToken ?? ""
44 | self.fetchPage = { token in
| |- error: cannot convert '@Sendable (String) async throws -> (response: ResponseType, items: [Item], nextToken: String)' to 'nonisolated(nonsending) @Sendable (String) async throws -> (response: ResponseType, items: [Item], nextToken: String)' because crossing of an isolation boundary requires parameter and result types to conform to 'Sendable' protocol
| `- note: type 'Item' does not conform to 'Sendable' protocol
45 | let response = try await listRpc(token)
46 | return (response, response._getPaginatedItems(), response._nextPageToken())
[2241/2447] Compiling GoogleGax PollingState.swift
/host/spi-builder-workspace/.build/checkouts/swift-google-gax/Sources/GoogleGax/Pagination.swift:44:22: error: cannot convert '@Sendable (String) async throws -> (response: ResponseType, items: [Item], nextToken: String)' to 'nonisolated(nonsending) @Sendable (String) async throws -> (response: ResponseType, items: [Item], nextToken: String)' because crossing of an isolation boundary requires parameter and result types to conform to 'Sendable' protocol
42 | ) where ResponseType: _PaginatedResponse<Item> {
43 | self.initialPageToken = initialPageToken ?? ""
44 | self.fetchPage = { token in
| |- error: cannot convert '@Sendable (String) async throws -> (response: ResponseType, items: [Item], nextToken: String)' to 'nonisolated(nonsending) @Sendable (String) async throws -> (response: ResponseType, items: [Item], nextToken: String)' because crossing of an isolation boundary requires parameter and result types to conform to 'Sendable' protocol
| `- note: type 'Item' does not conform to 'Sendable' protocol
45 | let response = try await listRpc(token)
46 | return (response, response._getPaginatedItems(), response._nextPageToken())
[2242/2447] Compiling GoogleGax ProtobufConversionError.swift
/host/spi-builder-workspace/.build/checkouts/swift-google-gax/Sources/GoogleGax/Pagination.swift:44:22: error: cannot convert '@Sendable (String) async throws -> (response: ResponseType, items: [Item], nextToken: String)' to 'nonisolated(nonsending) @Sendable (String) async throws -> (response: ResponseType, items: [Item], nextToken: String)' because crossing of an isolation boundary requires parameter and result types to conform to 'Sendable' protocol
42 | ) where ResponseType: _PaginatedResponse<Item> {
43 | self.initialPageToken = initialPageToken ?? ""
44 | self.fetchPage = { token in
| |- error: cannot convert '@Sendable (String) async throws -> (response: ResponseType, items: [Item], nextToken: String)' to 'nonisolated(nonsending) @Sendable (String) async throws -> (response: ResponseType, items: [Item], nextToken: String)' because crossing of an isolation boundary requires parameter and result types to conform to 'Sendable' protocol
| `- note: type 'Item' does not conform to 'Sendable' protocol
45 | let response = try await listRpc(token)
46 | return (response, response._getPaginatedItems(), response._nextPageToken())
[2243/2447] Compiling GoogleGax QueryParameter.swift
/host/spi-builder-workspace/.build/checkouts/swift-google-gax/Sources/GoogleGax/Pagination.swift:44:22: error: cannot convert '@Sendable (String) async throws -> (response: ResponseType, items: [Item], nextToken: String)' to 'nonisolated(nonsending) @Sendable (String) async throws -> (response: ResponseType, items: [Item], nextToken: String)' because crossing of an isolation boundary requires parameter and result types to conform to 'Sendable' protocol
42 | ) where ResponseType: _PaginatedResponse<Item> {
43 | self.initialPageToken = initialPageToken ?? ""
44 | self.fetchPage = { token in
| |- error: cannot convert '@Sendable (String) async throws -> (response: ResponseType, items: [Item], nextToken: String)' to 'nonisolated(nonsending) @Sendable (String) async throws -> (response: ResponseType, items: [Item], nextToken: String)' because crossing of an isolation boundary requires parameter and result types to conform to 'Sendable' protocol
| `- note: type 'Item' does not conform to 'Sendable' protocol
45 | let response = try await listRpc(token)
46 | return (response, response._getPaginatedItems(), response._nextPageToken())
[2244/2447] Compiling GoogleGax RequestError.swift
/host/spi-builder-workspace/.build/checkouts/swift-google-gax/Sources/GoogleGax/Pagination.swift:44:22: error: cannot convert '@Sendable (String) async throws -> (response: ResponseType, items: [Item], nextToken: String)' to 'nonisolated(nonsending) @Sendable (String) async throws -> (response: ResponseType, items: [Item], nextToken: String)' because crossing of an isolation boundary requires parameter and result types to conform to 'Sendable' protocol
42 | ) where ResponseType: _PaginatedResponse<Item> {
43 | self.initialPageToken = initialPageToken ?? ""
44 | self.fetchPage = { token in
| |- error: cannot convert '@Sendable (String) async throws -> (response: ResponseType, items: [Item], nextToken: String)' to 'nonisolated(nonsending) @Sendable (String) async throws -> (response: ResponseType, items: [Item], nextToken: String)' because crossing of an isolation boundary requires parameter and result types to conform to 'Sendable' protocol
| `- note: type 'Item' does not conform to 'Sendable' protocol
45 | let response = try await listRpc(token)
46 | return (response, response._getPaginatedItems(), response._nextPageToken())
[2245/2447] Compiling GoogleGax HTTPClientProtocol.swift
[2246/2447] Compiling GoogleGax HTTPClientRequest.swift
[2247/2447] Compiling GoogleGax HTTPClientResponse.swift
[2248/2447] Compiling GoogleGax HTTPHeaders.swift
[2249/2447] Compiling GoogleGax HTTPResponseBody.swift
[2250/2447] Compiling GoogleGax HeaderNames.swift
[2251/2447] Compiling GoogleGax Host.swift
[2252/2447] Compiling GoogleGax InProgressResult.swift
[2253/2447] Compiling GoogleGax LimitedAttemptCount+PollingErrorPolicy.swift
[2254/2447] Compiling GoogleGax LimitedAttemptCount+RetryPolicy.swift
[2255/2447] Compiling GoogleGax LimitedAttemptCount.swift
[2256/2447] Compiling GoogleGax LimitedElapsedTime+PollingErrorPolicy.swift
[2257/2447] Compiling GoogleGax LimitedElapsedTime+RetryPolicy.swift
[2258/2447] Compiling GoogleGax LimitedElapsedTime.swift
[2259/2447] Compiling GoogleGax LongRunningOperations.swift
[2260/2447] Compiling GoogleGax NeverRetry.swift
[2261/2447] Compiling GoogleGax ServiceError.swift
[2262/2447] Compiling GoogleGax StatusDetail.swift
[2263/2447] Compiling GoogleGax StrictIdempotency.swift
[2264/2447] Compiling GoogleGax ThrottleResult.swift
[2265/2447] Compiling GoogleGax TooManyRequests+PollingErrorPolicy.swift
[2266/2447] Compiling GoogleGax TooManyRequests+RetryPolicy.swift
[2267/2447] Compiling GoogleGax TooManyRequests.swift
[2268/2447] Compiling GoogleGax PackageVersion.swift
BUILD FAILURE 6.2 android