The Swift Package Index logo.Swift Package Index

Build Information

Failed to build ZohoBooksClient, reference 0.1.2 (71b68f), with Swift 6.4 for Android on 23 Sep 2026 21:42:09 UTC.

Build Command

bash -c docker run --pull=always --rm -v "checkouts-54344845-0":/host -w "$PWD" -e JAVA_HOME="/root/.sdkman/candidates/java/current" -e SPI_BUILD="1" -e SPI_PROCESSING="1" registry.gitlab.com/saguaro1/spi-images:android-6.4-latest swift build --swift-sdk aarch64-unknown-linux-android28 2>&1

Build Log

========================================
RunAll
========================================
Builder version: 5.1.0
Interrupt handler set up.
========================================
Checkout
========================================
Clone URL: https://github.com/emotiveapps/ZohoBooksClient.git
Reference: 0.1.2
Initialized empty Git repository in /host/spi-builder-workspace/.git/
hint: Using 'master' as the name for the initial branch. This default branch name
hint: is subject to change. To configure the initial branch name to use in all
hint: of your new repositories, which will suppress this warning, call:
hint:
hint: 	git config --global init.defaultBranch <name>
hint:
hint: Names commonly chosen instead of 'master' are 'main', 'trunk' and
hint: 'development'. The just-created branch can be renamed via this command:
hint:
hint: 	git branch -m <name>
From https://github.com/emotiveapps/ZohoBooksClient
 * tag               0.1.2      -> FETCH_HEAD
HEAD is now at 71b68f3 Fix lint
Cloned https://github.com/emotiveapps/ZohoBooksClient.git
Revision (git rev-parse @):
71b68f301547110794b334d363ec3fce8538efd3
SPI manifest file found: $PWD/.spi.yml
SUCCESS checkout https://github.com/emotiveapps/ZohoBooksClient.git at 0.1.2
========================================
Build
========================================
Selected platform:         android
Swift version:             6.4
Building package at path:  $PWD
https://github.com/emotiveapps/ZohoBooksClient.git
Running build ...
bash -c docker run --pull=always --rm -v "checkouts-54344845-0":/host -w "$PWD" -e JAVA_HOME="/root/.sdkman/candidates/java/current" -e SPI_BUILD="1" -e SPI_PROCESSING="1" registry.gitlab.com/saguaro1/spi-images:android-6.4-latest swift build --swift-sdk aarch64-unknown-linux-android28 2>&1
android-6.4-latest: Pulling from saguaro1/spi-images
Digest: sha256:abadcff584c273feba50641b454858d377ba30b35ea7287a94f45ebd8afd0ea0
Status: Image is up to date for registry.gitlab.com/saguaro1/spi-images:android-6.4-latest
Fetching https://github.com/emotiveapps/MimeTypeEnum
Fetching https://github.com/ChimeHQ/OAuthenticator
[1/46] Fetching mimetypeenum
[47/1331] Fetching mimetypeenum, oauthenticator
Fetched https://github.com/emotiveapps/MimeTypeEnum (0.51s)
Fetched https://github.com/ChimeHQ/OAuthenticator (0.51s)
Computing version for https://github.com/emotiveapps/MimeTypeEnum
Computed https://github.com/emotiveapps/MimeTypeEnum at 1.0.2 (0.70s)
Computing version for https://github.com/ChimeHQ/OAuthenticator
Computed https://github.com/ChimeHQ/OAuthenticator at 0.7.2 (0.19s)
Creating working copy for https://github.com/emotiveapps/MimeTypeEnum
Working copy of https://github.com/emotiveapps/MimeTypeEnum resolved at 1.0.2
Creating working copy for https://github.com/ChimeHQ/OAuthenticator
Working copy of https://github.com/ChimeHQ/OAuthenticator resolved at 0.7.2
Building for debugging...
[Constructing description]
[Planning deferred tasks]
[47 / 71] OAuthenticator
[49 / 71] OAuthenticator
[67 / 81] ZohoBooksClient
error: SwiftCompile normal aarch64 /host/spi-builder-workspace/Sources/ZohoBooksClient/ZohoOAuthenticator.swift failed with a nonzero exit code. Command line:     cd /host
    builtin-SwiftPerFileCompile ZohoOAuthenticator.swift
/host/spi-builder-workspace/Sources/ZohoBooksClient/ZohoOAuthenticator.swift:149:49: error: cannot find type 'URLRequest' in scope
147 |   /// Make an authenticated request using OAuthenticator
148 |   /// This is the primary way to make API calls - OAuthenticator handles auth automatically
149 |   public func authenticatedRequest(for request: URLRequest) async throws -> (Data, URLResponse) {
    |                                                 `- error: cannot find type 'URLRequest' in scope
150 |     let (data, response) = try await authenticator.response(for: request)
151 |
/host/spi-builder-workspace/Sources/ZohoBooksClient/ZohoOAuthenticator.swift:149:84: error: 'URLResponse' is unavailable: This type has moved to the FoundationNetworking module. Import that module to use it.
147 |   /// Make an authenticated request using OAuthenticator
148 |   /// This is the primary way to make API calls - OAuthenticator handles auth automatically
149 |   public func authenticatedRequest(for request: URLRequest) async throws -> (Data, URLResponse) {
    |                                                                                    `- error: 'URLResponse' is unavailable: This type has moved to the FoundationNetworking module. Import that module to use it.
150 |     let (data, response) = try await authenticator.response(for: request)
151 |
Foundation.URLResponse:2:18: note: 'URLResponse' has been explicitly marked unavailable here
1 | @available(*, unavailable, message: "This type has moved to the FoundationNetworking module. Import that module to use it.")
2 | public typealias URLResponse = AnyObject
  |                  `- note: 'URLResponse' has been explicitly marked unavailable here
/host/spi-builder-workspace/Sources/ZohoBooksClient/ZohoOAuthenticator.swift:60:23: error: cannot find 'URLRequest' in scope
 58 |         }
 59 |
 60 |         var request = URLRequest(url: config.tokenURL)
    |                       `- error: cannot find 'URLRequest' in scope
 61 |         request.httpMethod = "POST"
 62 |         request.setValue("application/x-www-form-urlencoded", forHTTPHeaderField: "Content-Type")
/host/spi-builder-workspace/Sources/ZohoBooksClient/ZohoOAuthenticator.swift:95:23: error: cannot find 'URLRequest' in scope
 93 |         ]
 94 |
 95 |         var request = URLRequest(url: components.url!)
    |                       `- error: cannot find 'URLRequest' in scope
 96 |         request.httpMethod = "POST"
 97 |         request.setValue("application/x-www-form-urlencoded", forHTTPHeaderField: "Content-Type")
/host/spi-builder-workspace/Sources/ZohoBooksClient/ZohoOAuthenticator.swift:39:25: error: failed to produce diagnostic for expression; please submit a bug report (https://swift.org/contributing/#reporting-bugs)
 37 |
 38 |     // Create Zoho-specific token handling
 39 |     let tokenHandling = TokenHandling(
    |                         `- error: failed to produce diagnostic for expression; please submit a bug report (https://swift.org/contributing/#reporting-bugs)
 40 |       authorizationURLProvider: { params in
 41 |         var components = URLComponents(url: config.authorizationURL, resolvingAgainstBaseURL: false)!
/host/spi-builder-workspace/Sources/ZohoBooksClient/ZohoOAuthenticator.swift:119:35: error: missing argument for parameter 'userAuthenticator' in call
117 |       appCredentials: appCredentials,
118 |       loginStorage: loginStorage,
119 |       tokenHandling: tokenHandling
    |                                   `- error: missing argument for parameter 'userAuthenticator' in call
120 |     )
121 |
/host/spi-builder-workspace/.build/checkouts/OAuthenticator/Sources/OAuthenticator/Authenticator.swift:101:10: note: 'init(appCredentials:loginStorage:tokenHandling:mode:userAuthenticator:authenticationStatusHandler:)' declared here
 99 | #endif
100 |
101 | 		public init(
    |          `- note: 'init(appCredentials:loginStorage:tokenHandling:mode:userAuthenticator:authenticationStatusHandler:)' declared here
102 | 			appCredentials: AppCredentials,
103 | 			loginStorage: LoginStorage? = nil,
/host/spi-builder-workspace/Sources/ZohoBooksClient/ZohoOAuthenticator.swift:139:24: error: cannot find 'URLRequest' in scope
137 |     // Make a request to trigger token refresh
138 |     let urlString = "https://www.zohoapis.\(config.region.rawValue)/books/v3/contacts"
139 |     let dummyRequest = URLRequest(url: URL(string: urlString)!)
    |                        `- error: cannot find 'URLRequest' in scope
140 |     _ = try await authenticator.response(for: dummyRequest)
141 |
Failed frontend command:
/root/.local/share/swiftly/toolchains/6.4.x-snapshot-2026-09-04/usr/bin/swift-frontend -frontend -c /host/spi-builder-workspace/Sources/ZohoBooksClient/HttpService.swift /host/spi-builder-workspace/Sources/ZohoBooksClient/Models/ZBAccount.swift /host/spi-builder-workspace/Sources/ZohoBooksClient/Models/ZBContact.swift /host/spi-builder-workspace/Sources/ZohoBooksClient/Models/ZBExpense.swift /host/spi-builder-workspace/Sources/ZohoBooksClient/Models/ZBInvoice.swift /host/spi-builder-workspace/Sources/ZohoBooksClient/Models/ZBItem.swift /host/spi-builder-workspace/Sources/ZohoBooksClient/Models/ZBPayment.swift /host/spi-builder-workspace/Sources/ZohoBooksClient/Models/ZBTax.swift /host/spi-builder-workspace/Sources/ZohoBooksClient/OAuthProviding.swift /host/spi-builder-workspace/Sources/ZohoBooksClient/ZohoBooksClient.swift /host/spi-builder-workspace/Sources/ZohoBooksClient/ZohoConfig.swift /host/spi-builder-workspace/Sources/ZohoBooksClient/ZohoError.swift /host/spi-builder-workspace/Sources/ZohoBooksClient/ZohoOAuth.swift -primary-file /host/spi-builder-workspace/Sources/ZohoBooksClient/ZohoOAuthenticator.swift -emit-dependencies-path /host/spi-builder-workspace/.build/out/Intermediates.noindex/ZohoBooksClient.build/Debug-android-aarch64/ZohoBooksClient-t.build/Objects-normal/aarch64/ZohoOAuthenticator.d -emit-const-values-path /host/spi-builder-workspace/.build/out/Intermediates.noindex/ZohoBooksClient.build/Debug-android-aarch64/ZohoBooksClient-t.build/Objects-normal/aarch64/ZohoOAuthenticator.swiftconstvalues -emit-reference-dependencies-path /host/spi-builder-workspace/.build/out/Intermediates.noindex/ZohoBooksClient.build/Debug-android-aarch64/ZohoBooksClient-t.build/Objects-normal/aarch64/ZohoOAuthenticator.swiftdeps -serialize-diagnostics-path /host/spi-builder-workspace/.build/out/Intermediates.noindex/ZohoBooksClient.build/Debug-android-aarch64/ZohoBooksClient-t.build/Objects-normal/aarch64/ZohoOAuthenticator.dia -target aarch64-unknown-linux-android28 -Xllvm -aarch64-use-tbi -disable-objc-interop -sdk /android-ndk/android-ndk-r27d/toolchains/llvm/prebuilt/linux-x86_64/sysroot -sysroot /android-ndk/android-ndk-r27d/toolchains/llvm/prebuilt/linux-x86_64/sysroot -I /host/spi-builder-workspace/.build/out/Products/Debug-android-aarch64 -module-cache-path /host/spi-builder-workspace/.build/out/ModuleCache.noindex -color-diagnostics -Xcc -fcolor-diagnostics -enable-testing -g -debug-info-format\=dwarf -dwarf-version\=4 -swift-version 5 -Onone -D SWIFT_PACKAGE -D DEBUG -D SWIFT_MODULE_RESOURCE_BUNDLE_UNAVAILABLE -D Xcode -serialize-debugging-options -enable-experimental-feature DebugDescriptionMacro -empty-abi-descriptor -external-plugin-path /root/.local/share/swiftly/toolchains/6.4.x-snapshot-2026-09-04/usr/lib/swift/host/plugins/testing\#/root/.local/share/swiftly/toolchains/6.4.x-snapshot-2026-09-04/usr/bin/swift-plugin-server -validate-clang-modules-once -clang-build-session-file /host/spi-builder-workspace/.build/out/ModuleCache.noindex/Session.modulevalidation -Xcc -working-directory -Xcc /host -resource-dir /root/.swiftpm/swift-sdks/swift-6.4.x-DEVELOPMENT-SNAPSHOT-2026-09-04-a_android.artifactbundle/swift-android/swift-resources/usr/lib/swift-aarch64 -enable-anonymous-context-mangled-names -file-compilation-dir /host -Xcc -resource-dir -Xcc /android-ndk/android-ndk-r27d/toolchains/llvm/prebuilt/linux-x86_64/lib/clang/18 -Xcc -fno-omit-frame-pointer -Xcc -D_LIBCPP_HARDENING_MODE\=_LIBCPP_HARDENING_MODE_DEBUG -Xcc -fmodules-prune-interval\=86400 -Xcc -fmodules-prune-after\=345600 -Xcc -I/host/spi-builder-workspace/.build/out/Products/Debug-android-aarch64/include -Xcc -I/host/spi-builder-workspace/.build/out/Intermediates.noindex/ZohoBooksClient.build/Debug-android-aarch64/ZohoBooksClient-t.build/DerivedSources-normal/aarch64 -Xcc -I/host/spi-builder-workspace/.build/out/Intermediates.noindex/ZohoBooksClient.build/Debug-android-aarch64/ZohoBooksClient-t.build/DerivedSources/aarch64 -Xcc -I/host/spi-builder-workspace/.build/out/Intermediates.noindex/ZohoBooksClient.build/Debug-android-aarch64/ZohoBooksClient-t.build/DerivedSources -Xcc -DSWIFT_PACKAGE -Xcc -DDEBUG\=1 -no-auto-bridging-header-chaining -module-name ZohoBooksClient -package-name spi_builder_workspace -const-gather-protocols-file /host/spi-builder-workspace/.build/out/Intermediates.noindex/ZohoBooksClient.build/Debug-android-aarch64/ZohoBooksClient-t.build/Objects-normal/aarch64/ZohoBooksClient_const_extract_protocols.json -in-process-plugin-server-path /root/.local/share/swiftly/toolchains/6.4.x-snapshot-2026-09-04/usr/lib/swift/host/libSwiftInProcPluginServer.so -plugin-path /root/.local/share/swiftly/toolchains/6.4.x-snapshot-2026-09-04/usr/lib/swift/host/plugins -plugin-path /root/.local/share/swiftly/toolchains/6.4.x-snapshot-2026-09-04/usr/local/lib/swift/host/plugins -parse-as-library -o /host/spi-builder-workspace/.build/out/Intermediates.noindex/ZohoBooksClient.build/Debug-android-aarch64/ZohoBooksClient-t.build/Objects-normal/aarch64/ZohoOAuthenticator.o -index-unit-output-path /ZohoBooksClient.build/Debug-android-aarch64/ZohoBooksClient-t.build/Objects-normal/aarch64/ZohoOAuthenticator.o -index-store-path /host/spi-builder-workspace/.build/out -index-system-modules
error: SwiftCompile normal aarch64 /host/spi-builder-workspace/Sources/ZohoBooksClient/ZohoOAuth.swift failed with a nonzero exit code. Command line:     cd /host
    builtin-SwiftPerFileCompile ZohoOAuth.swift
/host/spi-builder-workspace/Sources/ZohoBooksClient/ZohoOAuth.swift:70:19: error: cannot find 'URLRequest' in scope
 68 |     }
 69 |
 70 |     var request = URLRequest(url: url)
    |                   `- error: cannot find 'URLRequest' in scope
 71 |     request.httpMethod = "POST"
 72 |     request.setValue("application/x-www-form-urlencoded", forHTTPHeaderField: "Content-Type")
/host/spi-builder-workspace/Sources/ZohoBooksClient/ZohoOAuth.swift:74:49: error: type 'URLSession' (aka 'AnyObject') has no member 'shared'
 72 |     request.setValue("application/x-www-form-urlencoded", forHTTPHeaderField: "Content-Type")
 73 |
 74 |     let (data, response) = try await URLSession.shared.data(for: request)
    |                                                 `- error: type 'URLSession' (aka 'AnyObject') has no member 'shared'
 75 |
 76 |     guard let httpResponse = response as? HTTPURLResponse else {
Failed frontend command:
/root/.local/share/swiftly/toolchains/6.4.x-snapshot-2026-09-04/usr/bin/swift-frontend -frontend -c /host/spi-builder-workspace/Sources/ZohoBooksClient/HttpService.swift /host/spi-builder-workspace/Sources/ZohoBooksClient/Models/ZBAccount.swift /host/spi-builder-workspace/Sources/ZohoBooksClient/Models/ZBContact.swift /host/spi-builder-workspace/Sources/ZohoBooksClient/Models/ZBExpense.swift /host/spi-builder-workspace/Sources/ZohoBooksClient/Models/ZBInvoice.swift /host/spi-builder-workspace/Sources/ZohoBooksClient/Models/ZBItem.swift /host/spi-builder-workspace/Sources/ZohoBooksClient/Models/ZBPayment.swift /host/spi-builder-workspace/Sources/ZohoBooksClient/Models/ZBTax.swift /host/spi-builder-workspace/Sources/ZohoBooksClient/OAuthProviding.swift /host/spi-builder-workspace/Sources/ZohoBooksClient/ZohoBooksClient.swift /host/spi-builder-workspace/Sources/ZohoBooksClient/ZohoConfig.swift /host/spi-builder-workspace/Sources/ZohoBooksClient/ZohoError.swift -primary-file /host/spi-builder-workspace/Sources/ZohoBooksClient/ZohoOAuth.swift /host/spi-builder-workspace/Sources/ZohoBooksClient/ZohoOAuthenticator.swift -emit-dependencies-path /host/spi-builder-workspace/.build/out/Intermediates.noindex/ZohoBooksClient.build/Debug-android-aarch64/ZohoBooksClient-t.build/Objects-normal/aarch64/ZohoOAuth.d -emit-const-values-path /host/spi-builder-workspace/.build/out/Intermediates.noindex/ZohoBooksClient.build/Debug-android-aarch64/ZohoBooksClient-t.build/Objects-normal/aarch64/ZohoOAuth.swiftconstvalues -emit-reference-dependencies-path /host/spi-builder-workspace/.build/out/Intermediates.noindex/ZohoBooksClient.build/Debug-android-aarch64/ZohoBooksClient-t.build/Objects-normal/aarch64/ZohoOAuth.swiftdeps -serialize-diagnostics-path /host/spi-builder-workspace/.build/out/Intermediates.noindex/ZohoBooksClient.build/Debug-android-aarch64/ZohoBooksClient-t.build/Objects-normal/aarch64/ZohoOAuth.dia -target aarch64-unknown-linux-android28 -Xllvm -aarch64-use-tbi -disable-objc-interop -sdk /android-ndk/android-ndk-r27d/toolchains/llvm/prebuilt/linux-x86_64/sysroot -sysroot /android-ndk/android-ndk-r27d/toolchains/llvm/prebuilt/linux-x86_64/sysroot -I /host/spi-builder-workspace/.build/out/Products/Debug-android-aarch64 -module-cache-path /host/spi-builder-workspace/.build/out/ModuleCache.noindex -color-diagnostics -Xcc -fcolor-diagnostics -enable-testing -g -debug-info-format\=dwarf -dwarf-version\=4 -swift-version 5 -Onone -D SWIFT_PACKAGE -D DEBUG -D SWIFT_MODULE_RESOURCE_BUNDLE_UNAVAILABLE -D Xcode -serialize-debugging-options -enable-experimental-feature DebugDescriptionMacro -empty-abi-descriptor -external-plugin-path /root/.local/share/swiftly/toolchains/6.4.x-snapshot-2026-09-04/usr/lib/swift/host/plugins/testing\#/root/.local/share/swiftly/toolchains/6.4.x-snapshot-2026-09-04/usr/bin/swift-plugin-server -validate-clang-modules-once -clang-build-session-file /host/spi-builder-workspace/.build/out/ModuleCache.noindex/Session.modulevalidation -Xcc -working-directory -Xcc /host -resource-dir /root/.swiftpm/swift-sdks/swift-6.4.x-DEVELOPMENT-SNAPSHOT-2026-09-04-a_android.artifactbundle/swift-android/swift-resources/usr/lib/swift-aarch64 -enable-anonymous-context-mangled-names -file-compilation-dir /host -Xcc -resource-dir -Xcc /android-ndk/android-ndk-r27d/toolchains/llvm/prebuilt/linux-x86_64/lib/clang/18 -Xcc -fno-omit-frame-pointer -Xcc -D_LIBCPP_HARDENING_MODE\=_LIBCPP_HARDENING_MODE_DEBUG -Xcc -fmodules-prune-interval\=86400 -Xcc -fmodules-prune-after\=345600 -Xcc -I/host/spi-builder-workspace/.build/out/Products/Debug-android-aarch64/include -Xcc -I/host/spi-builder-workspace/.build/out/Intermediates.noindex/ZohoBooksClient.build/Debug-android-aarch64/ZohoBooksClient-t.build/DerivedSources-normal/aarch64 -Xcc -I/host/spi-builder-workspace/.build/out/Intermediates.noindex/ZohoBooksClient.build/Debug-android-aarch64/ZohoBooksClient-t.build/DerivedSources/aarch64 -Xcc -I/host/spi-builder-workspace/.build/out/Intermediates.noindex/ZohoBooksClient.build/Debug-android-aarch64/ZohoBooksClient-t.build/DerivedSources -Xcc -DSWIFT_PACKAGE -Xcc -DDEBUG\=1 -no-auto-bridging-header-chaining -module-name ZohoBooksClient -package-name spi_builder_workspace -const-gather-protocols-file /host/spi-builder-workspace/.build/out/Intermediates.noindex/ZohoBooksClient.build/Debug-android-aarch64/ZohoBooksClient-t.build/Objects-normal/aarch64/ZohoBooksClient_const_extract_protocols.json -in-process-plugin-server-path /root/.local/share/swiftly/toolchains/6.4.x-snapshot-2026-09-04/usr/lib/swift/host/libSwiftInProcPluginServer.so -plugin-path /root/.local/share/swiftly/toolchains/6.4.x-snapshot-2026-09-04/usr/lib/swift/host/plugins -plugin-path /root/.local/share/swiftly/toolchains/6.4.x-snapshot-2026-09-04/usr/local/lib/swift/host/plugins -parse-as-library -o /host/spi-builder-workspace/.build/out/Intermediates.noindex/ZohoBooksClient.build/Debug-android-aarch64/ZohoBooksClient-t.build/Objects-normal/aarch64/ZohoOAuth.o -index-unit-output-path /ZohoBooksClient.build/Debug-android-aarch64/ZohoBooksClient-t.build/Objects-normal/aarch64/ZohoOAuth.o -index-store-path /host/spi-builder-workspace/.build/out -index-system-modules
[68 / 82] ZohoBooksClient
error: Build failed
BUILD FAILURE 6.4 android