The Swift Package Index logo.Swift Package Index

Build Information

Failed to build TonSdkSwift, reference 1.6.0 (2c41a4), with Swift 6.2 for Android on 8 Oct 2026 19:55:49 UTC.

Build Command

bash -c docker run --pull=always --rm -v "checkouts-53886768-1":/host -w "$PWD" -e JAVA_HOME="/root/.sdkman/candidates/java/current" -e SPI_BUILD="1" -e SPI_PROCESSING="1" registry.gitlab.com/saguaro1/spi-images:android-6.2-latest swift build --swift-sdk aarch64-unknown-linux-android28 2>&1

Build Log

========================================
RunAll
========================================
Builder version: 5.1.1
Interrupt handler set up.
========================================
Checkout
========================================
Clone URL: https://github.com/nerzh/ton-sdk-swift.git
Reference: 1.6.0
Initialized empty Git repository in /host/spi-builder-workspace/.git/
hint: Using 'master' as the name for the initial branch. This default branch name
hint: is subject to change. To configure the initial branch name to use in all
hint: of your new repositories, which will suppress this warning, call:
hint:
hint: 	git config --global init.defaultBranch <name>
hint:
hint: Names commonly chosen instead of 'master' are 'main', 'trunk' and
hint: 'development'. The just-created branch can be renamed via this command:
hint:
hint: 	git branch -m <name>
From https://github.com/nerzh/ton-sdk-swift
 * tag               1.6.0      -> FETCH_HEAD
HEAD is now at 2c41a4b Use SwiftExtensionsPack crypto primitives and fix Linux test compatibility
Cloned https://github.com/nerzh/ton-sdk-swift.git
Revision (git rev-parse @):
2c41a4b46feec8dabac104c1a5d9ee9221fbc798
SUCCESS checkout https://github.com/nerzh/ton-sdk-swift.git at 1.6.0
========================================
Build
========================================
Selected platform:         android
Swift version:             6.2
Building package at path:  $PWD
https://github.com/nerzh/ton-sdk-swift.git
Running build ...
bash -c docker run --pull=always --rm -v "checkouts-53886768-1":/host -w "$PWD" -e JAVA_HOME="/root/.sdkman/candidates/java/current" -e SPI_BUILD="1" -e SPI_PROCESSING="1" registry.gitlab.com/saguaro1/spi-images:android-6.2-latest swift build --swift-sdk aarch64-unknown-linux-android28 2>&1
android-6.2-latest: Pulling from saguaro1/spi-images
Digest: sha256:a839c9ce201f1dacc8eb056626ec7ab0a1c6d53d7b77c83feda395f4507c51be
Status: Image is up to date for registry.gitlab.com/saguaro1/spi-images:android-6.2-latest
Fetching https://github.com/bytehubio/BigInt
Fetching https://github.com/nerzh/swift-net-layer
Fetching https://github.com/nerzh/swift-regular-expression
Fetching https://github.com/nerzh/swift-extensions-pack
[1/467] Fetching swift-net-layer
[146/528] Fetching swift-net-layer, swift-regular-expression
[403/1887] Fetching swift-net-layer, swift-regular-expression, swift-extensions-pack
Fetched https://github.com/nerzh/swift-regular-expression from cache (0.41s)
Fetched https://github.com/nerzh/swift-net-layer from cache (0.41s)
[340/1359] Fetching swift-extensions-pack
[1360/5825] Fetching swift-extensions-pack, bigint
Fetched https://github.com/nerzh/swift-extensions-pack from cache (1.96s)
Fetched https://github.com/bytehubio/BigInt from cache (1.96s)
Computing version for https://github.com/bytehubio/BigInt
Computed https://github.com/bytehubio/BigInt at 5.7.0 (2.15s)
Computing version for https://github.com/nerzh/swift-extensions-pack
Computed https://github.com/nerzh/swift-extensions-pack at 2.11.0 (0.19s)
Fetching https://github.com/bytehubio/ed25519
Fetching https://github.com/apple/swift-crypto
[5/204] Fetching ed25519
[205/18807] Fetching ed25519, swift-crypto
Fetched https://github.com/bytehubio/ed25519 from cache (1.74s)
Fetched https://github.com/apple/swift-crypto from cache (1.76s)
Computing version for https://github.com/nerzh/swift-regular-expression
Computed https://github.com/nerzh/swift-regular-expression at 0.2.4 (2.81s)
Computing version for https://github.com/bytehubio/ed25519
Computed https://github.com/bytehubio/ed25519 at 1.1.0 (0.18s)
Computing version for https://github.com/apple/swift-crypto
Computed https://github.com/apple/swift-crypto at 5.0.0 (1.21s)
Fetching https://github.com/apple/swift-asn1.git
[1/1995] Fetching swift-asn1
Fetched https://github.com/apple/swift-asn1.git from cache (0.46s)
Computing version for https://github.com/nerzh/swift-net-layer
Computed https://github.com/nerzh/swift-net-layer at 1.6.2 (0.22s)
Computing version for https://github.com/apple/swift-asn1.git
Computed https://github.com/apple/swift-asn1.git at 1.7.3 (0.32s)
Creating working copy for https://github.com/apple/swift-crypto
Working copy of https://github.com/apple/swift-crypto resolved at 5.0.0
Creating working copy for https://github.com/bytehubio/BigInt
Working copy of https://github.com/bytehubio/BigInt resolved at 5.7.0
Creating working copy for https://github.com/nerzh/swift-net-layer
Working copy of https://github.com/nerzh/swift-net-layer resolved at 1.6.2
Creating working copy for https://github.com/bytehubio/ed25519
Working copy of https://github.com/bytehubio/ed25519 resolved at 1.1.0
Creating working copy for https://github.com/nerzh/swift-extensions-pack
Working copy of https://github.com/nerzh/swift-extensions-pack resolved at 2.11.0
Creating working copy for https://github.com/apple/swift-asn1.git
Working copy of https://github.com/apple/swift-asn1.git resolved at 1.7.3
Creating working copy for https://github.com/nerzh/swift-regular-expression
Working copy of https://github.com/nerzh/swift-regular-expression resolved at 0.2.4
Building for debugging...
[0/393] Write sources
[8/393] Compiling CEd25519 add_scalar.c
[8/393] Write sources
[11/393] Compiling CEd25519 sha512.c
[12/393] Compiling CEd25519 sign.c
[13/393] Compiling CEd25519 convert.c
[14/393] Compiling CEd25519 verify.c
[15/393] Compiling CXKCPShims shims.c
[16/393] Compiling SimpleFIPS202.c
[17/393] Compiling CEd25519 ge.c
[18/393] Compiling KeccakSponge.c
[19/393] Compiling CEd25519 seed.c
[20/393] Compiling KeccakHash.c
[21/393] Compiling CEd25519 key_exchange.c
[22/393] Compiling CEd25519 keypair.c
[23/393] Compiling CEd25519 sc.c
[23/393] Compiling fiat_p256_adx_sqr.S
[25/393] Compiling fiat_p256_adx_mul.S
[26/393] Compiling CEd25519 fe.c
[27/393] Write swift-version--11D90AFD9DD3AB2.txt
[28/393] Compiling fiat_curve25519_adx_mul.S
[29/393] Compiling fiat_curve25519_adx_square.S
[30/393] Compiling md5-x86_64-apple.S
[31/393] Compiling md5-x86_64-linux.S
[32/393] Compiling md5-586-apple.S
[33/393] Compiling md5-586-linux.S
[34/439] Compiling chacha20_poly1305_x86_64-apple.S
[35/439] Compiling chacha20_poly1305_x86_64-linux.S
[36/439] Compiling chacha20_poly1305_armv8-win.S
[37/439] Compiling chacha20_poly1305_armv8-linux.S
[38/439] Compiling chacha20_poly1305_armv8-apple.S
[39/439] Compiling chacha-x86_64-apple.S
[40/439] Compiling chacha-x86_64-linux.S
[41/439] Compiling chacha-x86-linux.S
[42/439] Compiling chacha-armv8-win.S
[43/439] Compiling chacha-x86-apple.S
[44/439] Compiling chacha-armv8-linux.S
[45/439] Compiling chacha-armv8-apple.S
[46/439] Compiling chacha-armv4-linux.S
[47/439] Compiling aes128gcmsiv-x86_64-linux.S
[48/439] Compiling aes128gcmsiv-x86_64-apple.S
[49/439] Compiling x86_64-mont5-linux.S
[50/439] Compiling KeccakP-1600-opt64.c
[51/439] Compiling x86_64-mont-linux.S
[52/439] Compiling x86_64-mont5-apple.S
[53/439] Compiling x86-mont-linux.S
[54/439] Compiling vpaes-x86_64-linux.S
[55/439] Compiling x86_64-mont-apple.S
[56/439] Compiling x86-mont-apple.S
[57/439] Compiling vpaes-x86_64-apple.S
[58/439] Compiling vpaes-x86-apple.S
[59/439] Compiling vpaes-x86-linux.S
[60/439] Compiling vpaes-armv8-win.S
[61/439] Compiling vpaes-armv8-apple.S
[62/439] Compiling vpaes-armv8-linux.S
[63/439] Compiling vpaes-armv7-linux.S
[64/439] Compiling sha512-x86_64-apple.S
[65/439] Compiling err_data.cc
[66/439] Compiling sha512-x86_64-linux.S
[67/439] Compiling sha512-armv8-win.S
[68/439] Compiling sha512-armv8-linux.S
[69/439] Compiling sha512-armv4-linux.S
[70/439] Compiling sha512-armv8-apple.S
[71/439] Compiling sha512-586-apple.S
[72/439] Compiling sha512-586-linux.S
[73/439] Compiling sha256-x86_64-linux.S
[74/439] Compiling sha256-x86_64-apple.S
[75/439] Compiling sha256-armv8-apple.S
[76/439] Compiling sha256-armv8-win.S
[77/439] Compiling sha256-armv8-linux.S
[78/439] Compiling sha256-armv4-linux.S
[79/439] Compiling sha1-x86_64-linux.S
[80/439] Compiling sha256-586-apple.S
[81/439] Compiling sha256-586-linux.S
[82/439] Compiling sha1-x86_64-apple.S
[83/439] Compiling sha1-armv8-apple.S
[84/439] Compiling sha1-armv8-win.S
[85/439] Compiling sha1-armv8-linux.S
[86/439] Compiling sha1-586-apple.S
[87/439] Compiling sha1-586-linux.S
[88/439] Compiling rsaz-avx2-linux.S
[89/439] Compiling sha1-armv4-large-linux.S
[90/439] Compiling rdrand-x86_64-linux.S
[91/439] Compiling rsaz-avx2-apple.S
[92/439] Compiling p256_beeu-x86_64-asm-linux.S
[93/439] Compiling rdrand-x86_64-apple.S
[94/439] Compiling p256_beeu-armv8-asm-linux.S
[95/439] Compiling p256_beeu-armv8-asm-win.S
[96/439] Compiling p256_beeu-x86_64-asm-apple.S
[97/439] Compiling p256-x86_64-asm-apple.S
[98/439] Compiling p256_beeu-armv8-asm-apple.S
[99/439] Compiling p256-x86_64-asm-linux.S
[100/439] Compiling p256-armv8-asm-linux.S
[101/439] Compiling p256-armv8-asm-apple.S
[102/439] Compiling p256-armv8-asm-win.S
[103/439] Compiling ghashv8-armv8-win.S
[104/439] Compiling ghashv8-armv7-linux.S
[105/439] Compiling ghashv8-armv8-apple.S
[106/439] Compiling ghashv8-armv8-linux.S
[107/439] Compiling ghash-x86-apple.S
[108/439] Compiling ghash-x86_64-linux.S
[109/439] Compiling ghash-x86_64-apple.S
[110/439] Compiling ghash-x86-linux.S
[111/439] Compiling ghash-ssse3-x86_64-linux.S
[112/439] Compiling ghash-ssse3-x86-linux.S
[113/439] Compiling ghash-ssse3-x86_64-apple.S
[114/439] Compiling ghash-neon-armv8-win.S
[115/439] Compiling ghash-ssse3-x86-apple.S
[116/439] Compiling ghash-neon-armv8-linux.S
[117/439] Compiling ghash-neon-armv8-apple.S
[118/439] Compiling co-586-apple.S
[119/439] Compiling co-586-linux.S
[120/439] Compiling bsaes-armv7-linux.S
[121/439] Compiling ghash-armv4-linux.S
[122/439] Compiling bn-armv8-win.S
[123/439] Compiling bn-armv8-apple.S
[124/439] Compiling bn-armv8-linux.S
[125/439] Compiling bn-586-linux.S
[126/439] Compiling bn-586-apple.S
[127/439] Compiling armv8-mont-win.S
[128/439] Compiling armv8-mont-apple.S
[129/439] Compiling aesv8-gcm-armv8-win.S
[130/439] Compiling armv8-mont-linux.S
[131/439] Compiling armv4-mont-linux.S
[132/439] Compiling aesv8-armv8-win.S
[133/439] Compiling aesv8-gcm-armv8-linux.S
[134/439] Compiling aesv8-armv8-linux.S
[134/439] Compiling aesv8-gcm-armv8-apple.S
[136/439] Compiling aesni-x86_64-linux.S
[137/439] Compiling aesv8-armv7-linux.S
[138/439] Compiling aesv8-armv8-apple.S
[139/439] Compiling aesni-x86_64-apple.S
[140/439] Compiling aesni-gcm-x86_64-linux.S
[141/439] Compiling aesni-x86-apple.S
[142/439] Compiling aesni-x86-linux.S
[143/439] Compiling aes-gcm-avx512-x86_64-apple.S
[144/439] Compiling aesni-gcm-x86_64-apple.S
[145/439] Compiling aes-gcm-avx512-x86_64-linux.S
[146/439] Compiling aes-gcm-avx2-x86_64-linux.S
[147/439] Compiling aes-gcm-avx2-x86_64-apple.S
[148/439] Compiling xwing.cc
[149/439] Compiling x_spki.cc
[150/439] Compiling x_x509.cc
[152/439] Emitting module SwiftRegularExpression
[152/439] Compiling x_x509a.cc
[154/439] Emitting module BigInt
[154/441] Compiling x_pubkey.cc
[155/441] Compiling x_req.cc
[156/441] Compiling x_sig.cc
[158/441] Compiling BigInt Integer Conversion.swift
[159/441] Compiling BigInt Multiplication.swift
[160/441] Compiling BigInt Prime Test.swift
[161/441] Compiling BigInt Hashable.swift
[162/441] Compiling BigInt Random.swift
[163/443] Compiling Ed25519 Seed.swift
[164/443] Compiling BigInt Strideable.swift
[165/443] Compiling BigInt String Conversion.swift
[165/443] Compiling x_name.cc
[167/443] Compiling Ed25519 PublicKey.swift
[168/443] Compiling Ed25519 PrivateKey.swift
[169/443] Compiling BigInt Comparable.swift
[171/443] Compiling BigInt Bitwise Ops.swift
[172/443] Compiling BigInt Codable.swift
[174/443] Compiling SwiftASN1 DER.swift
[175/443] Compiling SwiftASN1 Errors.swift
[176/443] Compiling BigInt Data Conversion.swift
[177/443] Compiling BigInt Division.swift
[178/443] Compiling BigInt Exponentiation.swift
[179/443] Compiling SwiftASN1 ASN1BitString.swift
[180/443] Compiling SwiftASN1 ASN1Boolean.swift
[181/443] Compiling SwiftASN1 ASN1Identifier.swift
[182/443] Emitting module SwiftASN1
[183/443] Compiling Ed25519 KeyPair.swift
[184/443] Compiling Ed25519 Error.swift
[185/443] Emitting module Ed25519
[187/444] Compiling BigInt Subtraction.swift
[188/444] Compiling BigInt Words and Bits.swift
[188/444] Compiling x_exten.cc
[189/444] Compiling x_attrib.cc
[190/444] Compiling x_all.cc
[191/444] Compiling x_crl.cc
[194/444] Compiling x_algor.cc
[195/444] Compiling x509spki.cc
[196/444] Compiling x509rset.cc
[197/444] Compiling x509cset.cc
[198/444] Compiling x509name.cc
[199/444] Compiling x509_vfy.cc
[201/444] Compiling BigInt Floating Point Conversion.swift
[202/444] Compiling BigInt GCD.swift
[205/445] Compiling x509_vpm.cc
[213/445] Compiling SwiftRegularExpression String+Regexp.swift
[219/447] Compiling x509_txt.cc
[222/447] Compiling x509_v3.cc
[223/447] Compiling x509_trs.cc
[224/447] Compiling x509_set.cc
[225/447] Compiling x509_lu.cc
[226/447] Compiling x509_obj.cc
[227/447] Compiling x509_req.cc
[228/447] Compiling x509_ext.cc
[229/447] Compiling x509_def.cc
[230/447] Compiling x509_d2.cc
[231/447] Compiling x509_cmp.cc
[232/447] Compiling x509_att.cc
[233/447] Compiling v3_utl.cc
[234/447] Compiling x509.cc
[235/447] Compiling v3_skey.cc
[236/447] Compiling v3_pmaps.cc
[237/447] Compiling v3_prn.cc
[238/447] Compiling v3_purp.cc
[239/447] Compiling v3_pcons.cc
[240/447] Compiling v3_ocsp.cc
[241/447] Compiling v3_ncons.cc
[242/447] Compiling v3_lib.cc
[243/447] Compiling v3_int.cc
[244/447] Compiling v3_info.cc
[245/447] Compiling v3_ia5.cc
[246/447] Compiling v3_extku.cc
[247/447] Compiling v3_genn.cc
[248/447] Compiling v3_crld.cc
[249/447] Compiling v3_enum.cc
[250/447] Compiling v3_cpols.cc
[251/447] Compiling v3_conf.cc
[252/447] Compiling v3_akeya.cc
[253/447] Compiling v3_alt.cc
[254/447] Compiling v3_bitst.cc
[255/447] Compiling v3_bcons.cc
[256/447] Compiling t_x509a.cc
[257/447] Compiling v3_akey.cc
[258/447] Compiling t_x509.cc
[259/447] Compiling i2d_pr.cc
[260/447] Compiling t_req.cc
[261/447] Compiling t_crl.cc
[262/447] Compiling name_print.cc
[263/447] Compiling rsa_pss.cc
[264/447] Compiling policy.cc
[265/447] Compiling by_file.cc
[266/447] Compiling algorithm.cc
[267/447] Compiling a_verify.cc
[268/447] Compiling by_dir.cc
[269/447] Compiling asn1_gen.cc
[270/447] Compiling a_digest.cc
[271/447] Compiling a_sign.cc
[272/447] Compiling trust_token.cc
[273/447] Compiling thread_pthread.cc
[274/447] Compiling voprf.cc
[275/447] Compiling thread_win.cc
[276/447] Compiling thread.cc
[277/447] Compiling thread_none.cc
[278/447] Compiling pmbtoken.cc
[279/447] Compiling siphash.cc
[280/447] Compiling stack.cc
[281/447] Compiling slhdsa.cc
[282/447] Compiling spake2plus.cc
[283/447] Compiling sha512.cc
[284/447] Compiling sha1.cc
[285/447] Compiling sha256.cc
[286/447] Compiling rsa_extra.cc
[287/447] Compiling refcount.cc
[288/447] Compiling rsa_print.cc
[289/447] Compiling rc4.cc
[290/447] Compiling windows.cc
[291/447] Compiling urandom.cc
[292/447] Compiling rsa_crypt.cc
[293/447] Compiling rand.cc
[294/447] Compiling trusty.cc
[295/447] Compiling passive.cc
[296/447] Compiling rsa_asn1.cc
[297/447] Compiling ios.cc
[298/447] Compiling poly1305_arm_asm.S
[299/447] Compiling getentropy.cc
[300/447] Compiling forkunsafe.cc
[301/447] Compiling fork_detect.cc
[302/447] Compiling deterministic.cc
[303/447] Compiling poly1305_vec.cc
[304/447] Compiling poly1305_arm.cc
[305/447] Compiling pool.cc
[306/447] Compiling poly1305.cc
[307/447] Compiling pkcs8.cc
[308/447] Compiling pkcs7.cc
[309/447] Compiling p5_pbev2.cc
[310/447] Compiling pem_pkey.cc
[311/447] Compiling pkcs8_x509.cc
[312/447] Compiling pkcs7_x509.cc
[313/447] Compiling pem_oth.cc
[314/447] Compiling pem_xaux.cc
[315/447] Compiling pem_x509.cc
[316/447] Compiling pem_pk8.cc
[317/447] Compiling mlkem.cc
[318/447] Compiling pem_lib.cc
[319/447] Compiling mldsa.cc
[320/447] Compiling obj_xref.cc
[321/447] Compiling pem_all.cc
[322/447] Compiling obj.cc
[323/447] Compiling pem_info.cc
[324/447] Compiling poly_rq_mul.S
[325/447] Compiling mem.cc
[326/447] Compiling fips_shared_support.cc
[327/447] Compiling md5.cc
[328/447] Compiling lhash.cc
[329/447] Compiling fuzzer_mode.cc
[330/447] Compiling md4.cc
[331/447] Compiling ex_data.cc
[332/447] Compiling kyber.cc
[333/447] Compiling hpke.cc
[334/447] Compiling hrss.cc
[335/447] Compiling pbkdf.cc
[336/447] Compiling scrypt.cc
[337/447] Compiling sign.cc
[338/447] Compiling print.cc
[339/447] Compiling p_x25519_asn1.cc
[340/447] Compiling p_rsa.cc
[341/447] Compiling p_x25519.cc
[342/447] Compiling p_rsa_asn1.cc
[343/447] Compiling p_hkdf.cc
[344/447] Compiling p_ed25519_asn1.cc
[345/447] Compiling p_ed25519.cc
[346/447] Compiling p_ec_asn1.cc
[347/447] Compiling p_dh.cc
[348/447] Compiling p_dsa_asn1.cc
[349/447] Compiling p_dh_asn1.cc
[350/447] Compiling p_ec.cc
[351/447] Compiling evp_ctx.cc
[352/447] Compiling engine.cc
[353/447] Compiling err.cc
[354/447] Compiling ecdsa_p1363.cc
[355/447] Compiling evp_asn1.cc
[356/447] Compiling evp.cc
[357/447] Compiling ecdh.cc
[358/447] Compiling ec_derive.cc
[359/447] Compiling ecdsa_asn1.cc
[360/447] Compiling ec_asn1.cc
[361/447] Compiling hash_to_curve.cc
[362/447] Compiling dsa.cc
[363/447] Compiling digest_extra.cc
[364/447] Compiling dsa_asn1.cc
[365/447] Compiling x25519-asm-arm.S
[366/447] Compiling curve25519_64_adx.cc
[367/447] Compiling dh_asn1.cc
[368/447] Compiling des.cc
[369/447] Compiling params.cc
[370/447] Compiling spake25519.cc
[371/447] Compiling cpu_intel.cc
[372/447] Compiling crypto.cc
[373/447] Compiling curve25519.cc
[374/447] Compiling cpu_aarch64_win.cc
[375/447] Compiling cpu_arm_linux.cc
[376/447] Compiling cpu_aarch64_linux.cc
[377/447] Compiling cpu_aarch64_sysreg.cc
[378/447] Compiling cpu_aarch64_openbsd.cc
[379/447] Compiling cpu_arm_freebsd.cc
[380/447] Compiling cpu_aarch64_fuchsia.cc
[381/447] Compiling cpu_aarch64_apple.cc
[382/447] Compiling e_tls.cc
[383/447] Compiling e_rc4.cc
[384/447] Compiling conf.cc
[385/447] Compiling e_rc2.cc
[386/447] Compiling get_cipher.cc
[387/447] Compiling tls_cbc.cc
[388/447] Compiling e_chacha20poly1305.cc
[389/447] Compiling e_null.cc
[390/447] Compiling e_aesgcmsiv.cc
[391/447] Compiling cms.cc
[392/447] Compiling e_aeseax.cc
[393/447] Compiling e_des.cc
[394/447] Compiling e_aesctrhmac.cc
[395/447] Compiling chacha.cc
[396/447] Compiling derive_key.cc
[397/447] Compiling unicode.cc
[398/447] Compiling buf.cc
[399/447] Compiling asn1_compat.cc
[400/447] Compiling cbb.cc
[401/447] Compiling ber.cc
[402/447] Compiling cbs.cc
[403/447] Compiling div.cc
[404/447] Compiling sqrt.cc
[405/447] Compiling printf.cc
[406/447] Compiling exponentiation.cc
[407/447] Compiling blake2.cc
[408/447] Compiling pair.cc
[409/447] Compiling convert.cc
[410/447] Compiling file.cc
[410/447] Compiling hexdump.cc
[412/447] Compiling bn_asn1.cc
[413/447] Compiling fd.cc
[414/447] Compiling errno.cc
[415/447] Compiling bio_mem.cc
[416/447] Compiling base64.cc
[417/447] Compiling tasn_typ.cc
[418/447] Compiling bio.cc
[419/447] Compiling tasn_new.cc
[420/447] Compiling tasn_utl.cc
[421/447] Compiling tasn_fre.cc
[422/447] Compiling tasn_enc.cc
[423/447] Compiling posix_time.cc
[424/447] Compiling f_string.cc
[425/447] Compiling asn1_par.cc
[426/447] Compiling asn_pack.cc
[427/447] Compiling f_int.cc
[428/447] Compiling bcm.cc
[429/447] Compiling tasn_dec.cc
[430/447] Compiling asn1_lib.cc
[431/447] Compiling a_strex.cc
[432/447] Compiling a_utctm.cc
[433/447] Compiling a_type.cc
[434/447] Compiling a_time.cc
[435/447] Compiling a_octet.cc
[436/447] Compiling a_object.cc
[437/447] Compiling a_strnid.cc
[438/447] Compiling a_mbstr.cc
[439/447] Compiling a_i2d_fp.cc
[440/447] Compiling a_dup.cc
[441/447] Compiling a_d2i_fp.cc
[442/447] Compiling a_gentm.cc
[443/447] Compiling a_int.cc
[444/447] Compiling a_bool.cc
[445/447] Compiling a_bitstr.cc
[446/447] Compiling aes.cc
[448/455] Emitting module CryptoBoringWrapper
[449/456] Compiling CryptoBoringWrapper FiniteFieldArithmeticContext.swift
[450/456] Compiling CryptoBoringWrapper Data+Span.swift
[451/456] Compiling CryptoBoringWrapper RandomBytes.swift
[452/456] Compiling CryptoBoringWrapper ArbitraryPrecisionInteger.swift
[453/456] Compiling CryptoBoringWrapper EllipticCurve.swift
[454/456] Compiling CryptoBoringWrapper EllipticCurvePoint.swift
[455/456] Compiling CryptoBoringWrapper CryptoKitErrors_boring.swift
[456/456] Compiling CryptoBoringWrapper BoringSSLAEAD.swift
[458/543] Compiling Crypto HPKE-Utils.swift
/host/spi-builder-workspace/.build/checkouts/swift-crypto/Sources/Crypto/HPKE/Ciphersuite/KEM/Conformances/DHKEM.swift:81:6: error: unknown attribute 'nonexhaustive'
 79 | extension HPKE {
 80 | 	/// A container for Diffie-Hellman key encapsulation mechanisms (KEMs).
 81 |     @nonexhaustive
    |      `- error: unknown attribute 'nonexhaustive'
 82 |     public enum DHKEM: Sendable {
 83 |         struct PublicKey<DHPK: HPKEDiffieHellmanPublicKey>: KEMPublicKey where DHPK == DHPK.EphemeralPrivateKey.PublicKey {
/host/spi-builder-workspace/.build/checkouts/swift-crypto/Sources/Crypto/HPKE/Ciphersuite/KEM/HPKE-KEM.swift:29:6: error: unknown attribute 'nonexhaustive'
 27 |     /// The module-lattice key encapsulation mechanism (ML-KEM) is designed to offer increased security in situations
 28 |     /// where an adversary uses a quantum computer.
 29 |     @nonexhaustive
    |      `- error: unknown attribute 'nonexhaustive'
 30 |     public enum KEM: CaseIterable, Hashable, Sendable {
 31 |         public static var allCases: [HPKE.KEM] {
/host/spi-builder-workspace/.build/checkouts/swift-crypto/Sources/Crypto/HPKE/HPKE-Errors.swift:27:6: error: unknown attribute 'nonexhaustive'
25 | extension HPKE {
26 |     /// Hybrid public key encryption (HPKE) errors that CryptoKit uses.
27 |     @nonexhaustive
   |      `- error: unknown attribute 'nonexhaustive'
28 |     public enum Errors: Error {
29 | 		/// The parameters for initializing an HPKE sender or receiver are inconsistent.
/host/spi-builder-workspace/.build/checkouts/swift-crypto/Sources/Crypto/HPKE/HPKE.swift:53:2: error: unknown attribute 'nonexhaustive'
 51 | /// ### Handling errors
 52 | ///  - ``Errors``
 53 | @nonexhaustive
    |  `- error: unknown attribute 'nonexhaustive'
 54 | public enum HPKE: Sendable {}
 55 |
/host/spi-builder-workspace/.build/checkouts/swift-crypto/Sources/Crypto/Insecure/Insecure.swift:23:2: error: unknown attribute 'nonexhaustive'
21 | /// but the framework provides them for backward compatibility with older
22 | /// services that require them. For new services, avoid these algorithms.
23 | @nonexhaustive
   |  `- error: unknown attribute 'nonexhaustive'
24 | public enum Insecure: Sendable {}
25 | #endif // canImport(CryptoKit)
[459/543] Compiling Crypto DHKEM.swift
/host/spi-builder-workspace/.build/checkouts/swift-crypto/Sources/Crypto/HPKE/Ciphersuite/KEM/Conformances/DHKEM.swift:81:6: error: unknown attribute 'nonexhaustive'
 79 | extension HPKE {
 80 | 	/// A container for Diffie-Hellman key encapsulation mechanisms (KEMs).
 81 |     @nonexhaustive
    |      `- error: unknown attribute 'nonexhaustive'
 82 |     public enum DHKEM: Sendable {
 83 |         struct PublicKey<DHPK: HPKEDiffieHellmanPublicKey>: KEMPublicKey where DHPK == DHPK.EphemeralPrivateKey.PublicKey {
/host/spi-builder-workspace/.build/checkouts/swift-crypto/Sources/Crypto/HPKE/Ciphersuite/KEM/HPKE-KEM.swift:29:6: error: unknown attribute 'nonexhaustive'
 27 |     /// The module-lattice key encapsulation mechanism (ML-KEM) is designed to offer increased security in situations
 28 |     /// where an adversary uses a quantum computer.
 29 |     @nonexhaustive
    |      `- error: unknown attribute 'nonexhaustive'
 30 |     public enum KEM: CaseIterable, Hashable, Sendable {
 31 |         public static var allCases: [HPKE.KEM] {
/host/spi-builder-workspace/.build/checkouts/swift-crypto/Sources/Crypto/HPKE/HPKE-Errors.swift:27:6: error: unknown attribute 'nonexhaustive'
25 | extension HPKE {
26 |     /// Hybrid public key encryption (HPKE) errors that CryptoKit uses.
27 |     @nonexhaustive
   |      `- error: unknown attribute 'nonexhaustive'
28 |     public enum Errors: Error {
29 | 		/// The parameters for initializing an HPKE sender or receiver are inconsistent.
/host/spi-builder-workspace/.build/checkouts/swift-crypto/Sources/Crypto/HPKE/HPKE.swift:53:2: error: unknown attribute 'nonexhaustive'
 51 | /// ### Handling errors
 52 | ///  - ``Errors``
 53 | @nonexhaustive
    |  `- error: unknown attribute 'nonexhaustive'
 54 | public enum HPKE: Sendable {}
 55 |
/host/spi-builder-workspace/.build/checkouts/swift-crypto/Sources/Crypto/Insecure/Insecure.swift:23:2: error: unknown attribute 'nonexhaustive'
21 | /// but the framework provides them for backward compatibility with older
22 | /// services that require them. For new services, avoid these algorithms.
23 | @nonexhaustive
   |  `- error: unknown attribute 'nonexhaustive'
24 | public enum Insecure: Sendable {}
25 | #endif // canImport(CryptoKit)
[460/543] Compiling Crypto HPKE-KEM-Curve25519.swift
/host/spi-builder-workspace/.build/checkouts/swift-crypto/Sources/Crypto/HPKE/Ciphersuite/KEM/Conformances/DHKEM.swift:81:6: error: unknown attribute 'nonexhaustive'
 79 | extension HPKE {
 80 | 	/// A container for Diffie-Hellman key encapsulation mechanisms (KEMs).
 81 |     @nonexhaustive
    |      `- error: unknown attribute 'nonexhaustive'
 82 |     public enum DHKEM: Sendable {
 83 |         struct PublicKey<DHPK: HPKEDiffieHellmanPublicKey>: KEMPublicKey where DHPK == DHPK.EphemeralPrivateKey.PublicKey {
/host/spi-builder-workspace/.build/checkouts/swift-crypto/Sources/Crypto/HPKE/Ciphersuite/KEM/HPKE-KEM.swift:29:6: error: unknown attribute 'nonexhaustive'
 27 |     /// The module-lattice key encapsulation mechanism (ML-KEM) is designed to offer increased security in situations
 28 |     /// where an adversary uses a quantum computer.
 29 |     @nonexhaustive
    |      `- error: unknown attribute 'nonexhaustive'
 30 |     public enum KEM: CaseIterable, Hashable, Sendable {
 31 |         public static var allCases: [HPKE.KEM] {
/host/spi-builder-workspace/.build/checkouts/swift-crypto/Sources/Crypto/HPKE/HPKE-Errors.swift:27:6: error: unknown attribute 'nonexhaustive'
25 | extension HPKE {
26 |     /// Hybrid public key encryption (HPKE) errors that CryptoKit uses.
27 |     @nonexhaustive
   |      `- error: unknown attribute 'nonexhaustive'
28 |     public enum Errors: Error {
29 | 		/// The parameters for initializing an HPKE sender or receiver are inconsistent.
/host/spi-builder-workspace/.build/checkouts/swift-crypto/Sources/Crypto/HPKE/HPKE.swift:53:2: error: unknown attribute 'nonexhaustive'
 51 | /// ### Handling errors
 52 | ///  - ``Errors``
 53 | @nonexhaustive
    |  `- error: unknown attribute 'nonexhaustive'
 54 | public enum HPKE: Sendable {}
 55 |
/host/spi-builder-workspace/.build/checkouts/swift-crypto/Sources/Crypto/Insecure/Insecure.swift:23:2: error: unknown attribute 'nonexhaustive'
21 | /// but the framework provides them for backward compatibility with older
22 | /// services that require them. For new services, avoid these algorithms.
23 | @nonexhaustive
   |  `- error: unknown attribute 'nonexhaustive'
24 | public enum Insecure: Sendable {}
25 | #endif // canImport(CryptoKit)
[461/543] Compiling Crypto HPKE-NIST-EC-KEMs.swift
/host/spi-builder-workspace/.build/checkouts/swift-crypto/Sources/Crypto/HPKE/Ciphersuite/KEM/Conformances/DHKEM.swift:81:6: error: unknown attribute 'nonexhaustive'
 79 | extension HPKE {
 80 | 	/// A container for Diffie-Hellman key encapsulation mechanisms (KEMs).
 81 |     @nonexhaustive
    |      `- error: unknown attribute 'nonexhaustive'
 82 |     public enum DHKEM: Sendable {
 83 |         struct PublicKey<DHPK: HPKEDiffieHellmanPublicKey>: KEMPublicKey where DHPK == DHPK.EphemeralPrivateKey.PublicKey {
/host/spi-builder-workspace/.build/checkouts/swift-crypto/Sources/Crypto/HPKE/Ciphersuite/KEM/HPKE-KEM.swift:29:6: error: unknown attribute 'nonexhaustive'
 27 |     /// The module-lattice key encapsulation mechanism (ML-KEM) is designed to offer increased security in situations
 28 |     /// where an adversary uses a quantum computer.
 29 |     @nonexhaustive
    |      `- error: unknown attribute 'nonexhaustive'
 30 |     public enum KEM: CaseIterable, Hashable, Sendable {
 31 |         public static var allCases: [HPKE.KEM] {
/host/spi-builder-workspace/.build/checkouts/swift-crypto/Sources/Crypto/HPKE/HPKE-Errors.swift:27:6: error: unknown attribute 'nonexhaustive'
25 | extension HPKE {
26 |     /// Hybrid public key encryption (HPKE) errors that CryptoKit uses.
27 |     @nonexhaustive
   |      `- error: unknown attribute 'nonexhaustive'
28 |     public enum Errors: Error {
29 | 		/// The parameters for initializing an HPKE sender or receiver are inconsistent.
/host/spi-builder-workspace/.build/checkouts/swift-crypto/Sources/Crypto/HPKE/HPKE.swift:53:2: error: unknown attribute 'nonexhaustive'
 51 | /// ### Handling errors
 52 | ///  - ``Errors``
 53 | @nonexhaustive
    |  `- error: unknown attribute 'nonexhaustive'
 54 | public enum HPKE: Sendable {}
 55 |
/host/spi-builder-workspace/.build/checkouts/swift-crypto/Sources/Crypto/Insecure/Insecure.swift:23:2: error: unknown attribute 'nonexhaustive'
21 | /// but the framework provides them for backward compatibility with older
22 | /// services that require them. For new services, avoid these algorithms.
23 | @nonexhaustive
   |  `- error: unknown attribute 'nonexhaustive'
24 | public enum Insecure: Sendable {}
25 | #endif // canImport(CryptoKit)
[462/543] Compiling Crypto HPKE-KEM.swift
/host/spi-builder-workspace/.build/checkouts/swift-crypto/Sources/Crypto/HPKE/Ciphersuite/KEM/Conformances/DHKEM.swift:81:6: error: unknown attribute 'nonexhaustive'
 79 | extension HPKE {
 80 | 	/// A container for Diffie-Hellman key encapsulation mechanisms (KEMs).
 81 |     @nonexhaustive
    |      `- error: unknown attribute 'nonexhaustive'
 82 |     public enum DHKEM: Sendable {
 83 |         struct PublicKey<DHPK: HPKEDiffieHellmanPublicKey>: KEMPublicKey where DHPK == DHPK.EphemeralPrivateKey.PublicKey {
/host/spi-builder-workspace/.build/checkouts/swift-crypto/Sources/Crypto/HPKE/Ciphersuite/KEM/HPKE-KEM.swift:29:6: error: unknown attribute 'nonexhaustive'
 27 |     /// The module-lattice key encapsulation mechanism (ML-KEM) is designed to offer increased security in situations
 28 |     /// where an adversary uses a quantum computer.
 29 |     @nonexhaustive
    |      `- error: unknown attribute 'nonexhaustive'
 30 |     public enum KEM: CaseIterable, Hashable, Sendable {
 31 |         public static var allCases: [HPKE.KEM] {
/host/spi-builder-workspace/.build/checkouts/swift-crypto/Sources/Crypto/HPKE/HPKE-Errors.swift:27:6: error: unknown attribute 'nonexhaustive'
25 | extension HPKE {
26 |     /// Hybrid public key encryption (HPKE) errors that CryptoKit uses.
27 |     @nonexhaustive
   |      `- error: unknown attribute 'nonexhaustive'
28 |     public enum Errors: Error {
29 | 		/// The parameters for initializing an HPKE sender or receiver are inconsistent.
/host/spi-builder-workspace/.build/checkouts/swift-crypto/Sources/Crypto/HPKE/HPKE.swift:53:2: error: unknown attribute 'nonexhaustive'
 51 | /// ### Handling errors
 52 | ///  - ``Errors``
 53 | @nonexhaustive
    |  `- error: unknown attribute 'nonexhaustive'
 54 | public enum HPKE: Sendable {}
 55 |
/host/spi-builder-workspace/.build/checkouts/swift-crypto/Sources/Crypto/Insecure/Insecure.swift:23:2: error: unknown attribute 'nonexhaustive'
21 | /// but the framework provides them for backward compatibility with older
22 | /// services that require them. For new services, avoid these algorithms.
23 | @nonexhaustive
   |  `- error: unknown attribute 'nonexhaustive'
24 | public enum Insecure: Sendable {}
25 | #endif // canImport(CryptoKit)
[463/543] Compiling Crypto HPKE-Errors.swift
/host/spi-builder-workspace/.build/checkouts/swift-crypto/Sources/Crypto/HPKE/Ciphersuite/KEM/Conformances/DHKEM.swift:81:6: error: unknown attribute 'nonexhaustive'
 79 | extension HPKE {
 80 | 	/// A container for Diffie-Hellman key encapsulation mechanisms (KEMs).
 81 |     @nonexhaustive
    |      `- error: unknown attribute 'nonexhaustive'
 82 |     public enum DHKEM: Sendable {
 83 |         struct PublicKey<DHPK: HPKEDiffieHellmanPublicKey>: KEMPublicKey where DHPK == DHPK.EphemeralPrivateKey.PublicKey {
/host/spi-builder-workspace/.build/checkouts/swift-crypto/Sources/Crypto/HPKE/Ciphersuite/KEM/HPKE-KEM.swift:29:6: error: unknown attribute 'nonexhaustive'
 27 |     /// The module-lattice key encapsulation mechanism (ML-KEM) is designed to offer increased security in situations
 28 |     /// where an adversary uses a quantum computer.
 29 |     @nonexhaustive
    |      `- error: unknown attribute 'nonexhaustive'
 30 |     public enum KEM: CaseIterable, Hashable, Sendable {
 31 |         public static var allCases: [HPKE.KEM] {
/host/spi-builder-workspace/.build/checkouts/swift-crypto/Sources/Crypto/HPKE/HPKE-Errors.swift:27:6: error: unknown attribute 'nonexhaustive'
25 | extension HPKE {
26 |     /// Hybrid public key encryption (HPKE) errors that CryptoKit uses.
27 |     @nonexhaustive
   |      `- error: unknown attribute 'nonexhaustive'
28 |     public enum Errors: Error {
29 | 		/// The parameters for initializing an HPKE sender or receiver are inconsistent.
/host/spi-builder-workspace/.build/checkouts/swift-crypto/Sources/Crypto/HPKE/HPKE.swift:53:2: error: unknown attribute 'nonexhaustive'
 51 | /// ### Handling errors
 52 | ///  - ``Errors``
 53 | @nonexhaustive
    |  `- error: unknown attribute 'nonexhaustive'
 54 | public enum HPKE: Sendable {}
 55 |
/host/spi-builder-workspace/.build/checkouts/swift-crypto/Sources/Crypto/Insecure/Insecure.swift:23:2: error: unknown attribute 'nonexhaustive'
21 | /// but the framework provides them for backward compatibility with older
22 | /// services that require them. For new services, avoid these algorithms.
23 | @nonexhaustive
   |  `- error: unknown attribute 'nonexhaustive'
24 | public enum Insecure: Sendable {}
25 | #endif // canImport(CryptoKit)
[464/543] Compiling Crypto HPKE.swift
/host/spi-builder-workspace/.build/checkouts/swift-crypto/Sources/Crypto/HPKE/Ciphersuite/KEM/Conformances/DHKEM.swift:81:6: error: unknown attribute 'nonexhaustive'
 79 | extension HPKE {
 80 | 	/// A container for Diffie-Hellman key encapsulation mechanisms (KEMs).
 81 |     @nonexhaustive
    |      `- error: unknown attribute 'nonexhaustive'
 82 |     public enum DHKEM: Sendable {
 83 |         struct PublicKey<DHPK: HPKEDiffieHellmanPublicKey>: KEMPublicKey where DHPK == DHPK.EphemeralPrivateKey.PublicKey {
/host/spi-builder-workspace/.build/checkouts/swift-crypto/Sources/Crypto/HPKE/Ciphersuite/KEM/HPKE-KEM.swift:29:6: error: unknown attribute 'nonexhaustive'
 27 |     /// The module-lattice key encapsulation mechanism (ML-KEM) is designed to offer increased security in situations
 28 |     /// where an adversary uses a quantum computer.
 29 |     @nonexhaustive
    |      `- error: unknown attribute 'nonexhaustive'
 30 |     public enum KEM: CaseIterable, Hashable, Sendable {
 31 |         public static var allCases: [HPKE.KEM] {
/host/spi-builder-workspace/.build/checkouts/swift-crypto/Sources/Crypto/HPKE/HPKE-Errors.swift:27:6: error: unknown attribute 'nonexhaustive'
25 | extension HPKE {
26 |     /// Hybrid public key encryption (HPKE) errors that CryptoKit uses.
27 |     @nonexhaustive
   |      `- error: unknown attribute 'nonexhaustive'
28 |     public enum Errors: Error {
29 | 		/// The parameters for initializing an HPKE sender or receiver are inconsistent.
/host/spi-builder-workspace/.build/checkouts/swift-crypto/Sources/Crypto/HPKE/HPKE.swift:53:2: error: unknown attribute 'nonexhaustive'
 51 | /// ### Handling errors
 52 | ///  - ``Errors``
 53 | @nonexhaustive
    |  `- error: unknown attribute 'nonexhaustive'
 54 | public enum HPKE: Sendable {}
 55 |
/host/spi-builder-workspace/.build/checkouts/swift-crypto/Sources/Crypto/Insecure/Insecure.swift:23:2: error: unknown attribute 'nonexhaustive'
21 | /// but the framework provides them for backward compatibility with older
22 | /// services that require them. For new services, avoid these algorithms.
23 | @nonexhaustive
   |  `- error: unknown attribute 'nonexhaustive'
24 | public enum Insecure: Sendable {}
25 | #endif // canImport(CryptoKit)
[465/543] Compiling Crypto HPKE-Context.swift
/host/spi-builder-workspace/.build/checkouts/swift-crypto/Sources/Crypto/HPKE/Ciphersuite/KEM/Conformances/DHKEM.swift:81:6: error: unknown attribute 'nonexhaustive'
 79 | extension HPKE {
 80 | 	/// A container for Diffie-Hellman key encapsulation mechanisms (KEMs).
 81 |     @nonexhaustive
    |      `- error: unknown attribute 'nonexhaustive'
 82 |     public enum DHKEM: Sendable {
 83 |         struct PublicKey<DHPK: HPKEDiffieHellmanPublicKey>: KEMPublicKey where DHPK == DHPK.EphemeralPrivateKey.PublicKey {
/host/spi-builder-workspace/.build/checkouts/swift-crypto/Sources/Crypto/HPKE/Ciphersuite/KEM/HPKE-KEM.swift:29:6: error: unknown attribute 'nonexhaustive'
 27 |     /// The module-lattice key encapsulation mechanism (ML-KEM) is designed to offer increased security in situations
 28 |     /// where an adversary uses a quantum computer.
 29 |     @nonexhaustive
    |      `- error: unknown attribute 'nonexhaustive'
 30 |     public enum KEM: CaseIterable, Hashable, Sendable {
 31 |         public static var allCases: [HPKE.KEM] {
/host/spi-builder-workspace/.build/checkouts/swift-crypto/Sources/Crypto/HPKE/HPKE-Errors.swift:27:6: error: unknown attribute 'nonexhaustive'
25 | extension HPKE {
26 |     /// Hybrid public key encryption (HPKE) errors that CryptoKit uses.
27 |     @nonexhaustive
   |      `- error: unknown attribute 'nonexhaustive'
28 |     public enum Errors: Error {
29 | 		/// The parameters for initializing an HPKE sender or receiver are inconsistent.
/host/spi-builder-workspace/.build/checkouts/swift-crypto/Sources/Crypto/HPKE/HPKE.swift:53:2: error: unknown attribute 'nonexhaustive'
 51 | /// ### Handling errors
 52 | ///  - ``Errors``
 53 | @nonexhaustive
    |  `- error: unknown attribute 'nonexhaustive'
 54 | public enum HPKE: Sendable {}
 55 |
/host/spi-builder-workspace/.build/checkouts/swift-crypto/Sources/Crypto/Insecure/Insecure.swift:23:2: error: unknown attribute 'nonexhaustive'
21 | /// but the framework provides them for backward compatibility with older
22 | /// services that require them. For new services, avoid these algorithms.
23 | @nonexhaustive
   |  `- error: unknown attribute 'nonexhaustive'
24 | public enum Insecure: Sendable {}
25 | #endif // canImport(CryptoKit)
[466/543] Compiling Crypto HPKE-KeySchedule.swift
/host/spi-builder-workspace/.build/checkouts/swift-crypto/Sources/Crypto/HPKE/Ciphersuite/KEM/Conformances/DHKEM.swift:81:6: error: unknown attribute 'nonexhaustive'
 79 | extension HPKE {
 80 | 	/// A container for Diffie-Hellman key encapsulation mechanisms (KEMs).
 81 |     @nonexhaustive
    |      `- error: unknown attribute 'nonexhaustive'
 82 |     public enum DHKEM: Sendable {
 83 |         struct PublicKey<DHPK: HPKEDiffieHellmanPublicKey>: KEMPublicKey where DHPK == DHPK.EphemeralPrivateKey.PublicKey {
/host/spi-builder-workspace/.build/checkouts/swift-crypto/Sources/Crypto/HPKE/Ciphersuite/KEM/HPKE-KEM.swift:29:6: error: unknown attribute 'nonexhaustive'
 27 |     /// The module-lattice key encapsulation mechanism (ML-KEM) is designed to offer increased security in situations
 28 |     /// where an adversary uses a quantum computer.
 29 |     @nonexhaustive
    |      `- error: unknown attribute 'nonexhaustive'
 30 |     public enum KEM: CaseIterable, Hashable, Sendable {
 31 |         public static var allCases: [HPKE.KEM] {
/host/spi-builder-workspace/.build/checkouts/swift-crypto/Sources/Crypto/HPKE/HPKE-Errors.swift:27:6: error: unknown attribute 'nonexhaustive'
25 | extension HPKE {
26 |     /// Hybrid public key encryption (HPKE) errors that CryptoKit uses.
27 |     @nonexhaustive
   |      `- error: unknown attribute 'nonexhaustive'
28 |     public enum Errors: Error {
29 | 		/// The parameters for initializing an HPKE sender or receiver are inconsistent.
/host/spi-builder-workspace/.build/checkouts/swift-crypto/Sources/Crypto/HPKE/HPKE.swift:53:2: error: unknown attribute 'nonexhaustive'
 51 | /// ### Handling errors
 52 | ///  - ``Errors``
 53 | @nonexhaustive
    |  `- error: unknown attribute 'nonexhaustive'
 54 | public enum HPKE: Sendable {}
 55 |
/host/spi-builder-workspace/.build/checkouts/swift-crypto/Sources/Crypto/Insecure/Insecure.swift:23:2: error: unknown attribute 'nonexhaustive'
21 | /// but the framework provides them for backward compatibility with older
22 | /// services that require them. For new services, avoid these algorithms.
23 | @nonexhaustive
   |  `- error: unknown attribute 'nonexhaustive'
24 | public enum Insecure: Sendable {}
25 | #endif // canImport(CryptoKit)
[467/543] Compiling Crypto HPKE-Modes.swift
/host/spi-builder-workspace/.build/checkouts/swift-crypto/Sources/Crypto/HPKE/Ciphersuite/KEM/Conformances/DHKEM.swift:81:6: error: unknown attribute 'nonexhaustive'
 79 | extension HPKE {
 80 | 	/// A container for Diffie-Hellman key encapsulation mechanisms (KEMs).
 81 |     @nonexhaustive
    |      `- error: unknown attribute 'nonexhaustive'
 82 |     public enum DHKEM: Sendable {
 83 |         struct PublicKey<DHPK: HPKEDiffieHellmanPublicKey>: KEMPublicKey where DHPK == DHPK.EphemeralPrivateKey.PublicKey {
/host/spi-builder-workspace/.build/checkouts/swift-crypto/Sources/Crypto/HPKE/Ciphersuite/KEM/HPKE-KEM.swift:29:6: error: unknown attribute 'nonexhaustive'
 27 |     /// The module-lattice key encapsulation mechanism (ML-KEM) is designed to offer increased security in situations
 28 |     /// where an adversary uses a quantum computer.
 29 |     @nonexhaustive
    |      `- error: unknown attribute 'nonexhaustive'
 30 |     public enum KEM: CaseIterable, Hashable, Sendable {
 31 |         public static var allCases: [HPKE.KEM] {
/host/spi-builder-workspace/.build/checkouts/swift-crypto/Sources/Crypto/HPKE/HPKE-Errors.swift:27:6: error: unknown attribute 'nonexhaustive'
25 | extension HPKE {
26 |     /// Hybrid public key encryption (HPKE) errors that CryptoKit uses.
27 |     @nonexhaustive
   |      `- error: unknown attribute 'nonexhaustive'
28 |     public enum Errors: Error {
29 | 		/// The parameters for initializing an HPKE sender or receiver are inconsistent.
/host/spi-builder-workspace/.build/checkouts/swift-crypto/Sources/Crypto/HPKE/HPKE.swift:53:2: error: unknown attribute 'nonexhaustive'
 51 | /// ### Handling errors
 52 | ///  - ``Errors``
 53 | @nonexhaustive
    |  `- error: unknown attribute 'nonexhaustive'
 54 | public enum HPKE: Sendable {}
 55 |
/host/spi-builder-workspace/.build/checkouts/swift-crypto/Sources/Crypto/Insecure/Insecure.swift:23:2: error: unknown attribute 'nonexhaustive'
21 | /// but the framework provides them for backward compatibility with older
22 | /// services that require them. For new services, avoid these algorithms.
23 | @nonexhaustive
   |  `- error: unknown attribute 'nonexhaustive'
24 | public enum Insecure: Sendable {}
25 | #endif // canImport(CryptoKit)
[468/543] Compiling Crypto Insecure.swift
/host/spi-builder-workspace/.build/checkouts/swift-crypto/Sources/Crypto/HPKE/Ciphersuite/KEM/Conformances/DHKEM.swift:81:6: error: unknown attribute 'nonexhaustive'
 79 | extension HPKE {
 80 | 	/// A container for Diffie-Hellman key encapsulation mechanisms (KEMs).
 81 |     @nonexhaustive
    |      `- error: unknown attribute 'nonexhaustive'
 82 |     public enum DHKEM: Sendable {
 83 |         struct PublicKey<DHPK: HPKEDiffieHellmanPublicKey>: KEMPublicKey where DHPK == DHPK.EphemeralPrivateKey.PublicKey {
/host/spi-builder-workspace/.build/checkouts/swift-crypto/Sources/Crypto/HPKE/Ciphersuite/KEM/HPKE-KEM.swift:29:6: error: unknown attribute 'nonexhaustive'
 27 |     /// The module-lattice key encapsulation mechanism (ML-KEM) is designed to offer increased security in situations
 28 |     /// where an adversary uses a quantum computer.
 29 |     @nonexhaustive
    |      `- error: unknown attribute 'nonexhaustive'
 30 |     public enum KEM: CaseIterable, Hashable, Sendable {
 31 |         public static var allCases: [HPKE.KEM] {
/host/spi-builder-workspace/.build/checkouts/swift-crypto/Sources/Crypto/HPKE/HPKE-Errors.swift:27:6: error: unknown attribute 'nonexhaustive'
25 | extension HPKE {
26 |     /// Hybrid public key encryption (HPKE) errors that CryptoKit uses.
27 |     @nonexhaustive
   |      `- error: unknown attribute 'nonexhaustive'
28 |     public enum Errors: Error {
29 | 		/// The parameters for initializing an HPKE sender or receiver are inconsistent.
/host/spi-builder-workspace/.build/checkouts/swift-crypto/Sources/Crypto/HPKE/HPKE.swift:53:2: error: unknown attribute 'nonexhaustive'
 51 | /// ### Handling errors
 52 | ///  - ``Errors``
 53 | @nonexhaustive
    |  `- error: unknown attribute 'nonexhaustive'
 54 | public enum HPKE: Sendable {}
 55 |
/host/spi-builder-workspace/.build/checkouts/swift-crypto/Sources/Crypto/Insecure/Insecure.swift:23:2: error: unknown attribute 'nonexhaustive'
21 | /// but the framework provides them for backward compatibility with older
22 | /// services that require them. For new services, avoid these algorithms.
23 | @nonexhaustive
   |  `- error: unknown attribute 'nonexhaustive'
24 | public enum Insecure: Sendable {}
25 | #endif // canImport(CryptoKit)
[469/543] Compiling Crypto Insecure_HashFunctions.swift
/host/spi-builder-workspace/.build/checkouts/swift-crypto/Sources/Crypto/HPKE/Ciphersuite/KEM/Conformances/DHKEM.swift:81:6: error: unknown attribute 'nonexhaustive'
 79 | extension HPKE {
 80 | 	/// A container for Diffie-Hellman key encapsulation mechanisms (KEMs).
 81 |     @nonexhaustive
    |      `- error: unknown attribute 'nonexhaustive'
 82 |     public enum DHKEM: Sendable {
 83 |         struct PublicKey<DHPK: HPKEDiffieHellmanPublicKey>: KEMPublicKey where DHPK == DHPK.EphemeralPrivateKey.PublicKey {
/host/spi-builder-workspace/.build/checkouts/swift-crypto/Sources/Crypto/HPKE/Ciphersuite/KEM/HPKE-KEM.swift:29:6: error: unknown attribute 'nonexhaustive'
 27 |     /// The module-lattice key encapsulation mechanism (ML-KEM) is designed to offer increased security in situations
 28 |     /// where an adversary uses a quantum computer.
 29 |     @nonexhaustive
    |      `- error: unknown attribute 'nonexhaustive'
 30 |     public enum KEM: CaseIterable, Hashable, Sendable {
 31 |         public static var allCases: [HPKE.KEM] {
/host/spi-builder-workspace/.build/checkouts/swift-crypto/Sources/Crypto/HPKE/HPKE-Errors.swift:27:6: error: unknown attribute 'nonexhaustive'
25 | extension HPKE {
26 |     /// Hybrid public key encryption (HPKE) errors that CryptoKit uses.
27 |     @nonexhaustive
   |      `- error: unknown attribute 'nonexhaustive'
28 |     public enum Errors: Error {
29 | 		/// The parameters for initializing an HPKE sender or receiver are inconsistent.
/host/spi-builder-workspace/.build/checkouts/swift-crypto/Sources/Crypto/HPKE/HPKE.swift:53:2: error: unknown attribute 'nonexhaustive'
 51 | /// ### Handling errors
 52 | ///  - ``Errors``
 53 | @nonexhaustive
    |  `- error: unknown attribute 'nonexhaustive'
 54 | public enum HPKE: Sendable {}
 55 |
/host/spi-builder-workspace/.build/checkouts/swift-crypto/Sources/Crypto/Insecure/Insecure.swift:23:2: error: unknown attribute 'nonexhaustive'
21 | /// but the framework provides them for backward compatibility with older
22 | /// services that require them. For new services, avoid these algorithms.
23 | @nonexhaustive
   |  `- error: unknown attribute 'nonexhaustive'
24 | public enum Insecure: Sendable {}
25 | #endif // canImport(CryptoKit)
[470/555] Compiling Crypto AES-GCM.swift
/host/spi-builder-workspace/.build/checkouts/swift-crypto/Sources/Crypto/AEADs/AES/GCM/AES-GCM.swift:29:6: error: unknown attribute 'nonexhaustive'
 27 |     /// The Advanced Encryption Standard (AES) Galois Counter Mode (GCM) cipher
 28 |     /// suite.
 29 |     @nonexhaustive
    |      `- error: unknown attribute 'nonexhaustive'
 30 |     public enum GCM: Cipher, Sendable {
 31 |         static let tagByteCount = 16
/host/spi-builder-workspace/.build/checkouts/swift-crypto/Sources/Crypto/AEADs/ChachaPoly/ChaChaPoly.swift:28:2: error: unknown attribute 'nonexhaustive'
 26 |
 27 | /// An implementation of the ChaCha20-Poly1305 cipher.
 28 | @nonexhaustive
    |  `- error: unknown attribute 'nonexhaustive'
 29 | public enum ChaChaPoly: Cipher, Sendable {
 30 |     static let tagByteCount = 16
[471/555] Compiling Crypto AES-GCM_boring.swift
/host/spi-builder-workspace/.build/checkouts/swift-crypto/Sources/Crypto/AEADs/AES/GCM/AES-GCM.swift:29:6: error: unknown attribute 'nonexhaustive'
 27 |     /// The Advanced Encryption Standard (AES) Galois Counter Mode (GCM) cipher
 28 |     /// suite.
 29 |     @nonexhaustive
    |      `- error: unknown attribute 'nonexhaustive'
 30 |     public enum GCM: Cipher, Sendable {
 31 |         static let tagByteCount = 16
/host/spi-builder-workspace/.build/checkouts/swift-crypto/Sources/Crypto/AEADs/ChachaPoly/ChaChaPoly.swift:28:2: error: unknown attribute 'nonexhaustive'
 26 |
 27 | /// An implementation of the ChaCha20-Poly1305 cipher.
 28 | @nonexhaustive
    |  `- error: unknown attribute 'nonexhaustive'
 29 | public enum ChaChaPoly: Cipher, Sendable {
 30 |     static let tagByteCount = 16
[472/555] Compiling Crypto ChaChaPoly_boring.swift
/host/spi-builder-workspace/.build/checkouts/swift-crypto/Sources/Crypto/AEADs/AES/GCM/AES-GCM.swift:29:6: error: unknown attribute 'nonexhaustive'
 27 |     /// The Advanced Encryption Standard (AES) Galois Counter Mode (GCM) cipher
 28 |     /// suite.
 29 |     @nonexhaustive
    |      `- error: unknown attribute 'nonexhaustive'
 30 |     public enum GCM: Cipher, Sendable {
 31 |         static let tagByteCount = 16
/host/spi-builder-workspace/.build/checkouts/swift-crypto/Sources/Crypto/AEADs/ChachaPoly/ChaChaPoly.swift:28:2: error: unknown attribute 'nonexhaustive'
 26 |
 27 | /// An implementation of the ChaCha20-Poly1305 cipher.
 28 | @nonexhaustive
    |  `- error: unknown attribute 'nonexhaustive'
 29 | public enum ChaChaPoly: Cipher, Sendable {
 30 |     static let tagByteCount = 16
[473/555] Compiling Crypto ChaChaPoly.swift
/host/spi-builder-workspace/.build/checkouts/swift-crypto/Sources/Crypto/AEADs/AES/GCM/AES-GCM.swift:29:6: error: unknown attribute 'nonexhaustive'
 27 |     /// The Advanced Encryption Standard (AES) Galois Counter Mode (GCM) cipher
 28 |     /// suite.
 29 |     @nonexhaustive
    |      `- error: unknown attribute 'nonexhaustive'
 30 |     public enum GCM: Cipher, Sendable {
 31 |         static let tagByteCount = 16
/host/spi-builder-workspace/.build/checkouts/swift-crypto/Sources/Crypto/AEADs/ChachaPoly/ChaChaPoly.swift:28:2: error: unknown attribute 'nonexhaustive'
 26 |
 27 | /// An implementation of the ChaCha20-Poly1305 cipher.
 28 | @nonexhaustive
    |  `- error: unknown attribute 'nonexhaustive'
 29 | public enum ChaChaPoly: Cipher, Sendable {
 30 |     static let tagByteCount = 16
[474/555] Compiling Crypto Cipher.swift
/host/spi-builder-workspace/.build/checkouts/swift-crypto/Sources/Crypto/AEADs/AES/GCM/AES-GCM.swift:29:6: error: unknown attribute 'nonexhaustive'
 27 |     /// The Advanced Encryption Standard (AES) Galois Counter Mode (GCM) cipher
 28 |     /// suite.
 29 |     @nonexhaustive
    |      `- error: unknown attribute 'nonexhaustive'
 30 |     public enum GCM: Cipher, Sendable {
 31 |         static let tagByteCount = 16
/host/spi-builder-workspace/.build/checkouts/swift-crypto/Sources/Crypto/AEADs/ChachaPoly/ChaChaPoly.swift:28:2: error: unknown attribute 'nonexhaustive'
 26 |
 27 | /// An implementation of the ChaCha20-Poly1305 cipher.
 28 | @nonexhaustive
    |  `- error: unknown attribute 'nonexhaustive'
 29 | public enum ChaChaPoly: Cipher, Sendable {
 30 |     static let tagByteCount = 16
[475/555] Compiling Crypto Nonces.swift
/host/spi-builder-workspace/.build/checkouts/swift-crypto/Sources/Crypto/AEADs/AES/GCM/AES-GCM.swift:29:6: error: unknown attribute 'nonexhaustive'
 27 |     /// The Advanced Encryption Standard (AES) Galois Counter Mode (GCM) cipher
 28 |     /// suite.
 29 |     @nonexhaustive
    |      `- error: unknown attribute 'nonexhaustive'
 30 |     public enum GCM: Cipher, Sendable {
 31 |         static let tagByteCount = 16
/host/spi-builder-workspace/.build/checkouts/swift-crypto/Sources/Crypto/AEADs/ChachaPoly/ChaChaPoly.swift:28:2: error: unknown attribute 'nonexhaustive'
 26 |
 27 | /// An implementation of the ChaCha20-Poly1305 cipher.
 28 | @nonexhaustive
    |  `- error: unknown attribute 'nonexhaustive'
 29 | public enum ChaChaPoly: Cipher, Sendable {
 30 |     static let tagByteCount = 16
[476/555] Compiling Crypto ASN1.swift
/host/spi-builder-workspace/.build/checkouts/swift-crypto/Sources/Crypto/AEADs/AES/GCM/AES-GCM.swift:29:6: error: unknown attribute 'nonexhaustive'
 27 |     /// The Advanced Encryption Standard (AES) Galois Counter Mode (GCM) cipher
 28 |     /// suite.
 29 |     @nonexhaustive
    |      `- error: unknown attribute 'nonexhaustive'
 30 |     public enum GCM: Cipher, Sendable {
 31 |         static let tagByteCount = 16
/host/spi-builder-workspace/.build/checkouts/swift-crypto/Sources/Crypto/AEADs/ChachaPoly/ChaChaPoly.swift:28:2: error: unknown attribute 'nonexhaustive'
 26 |
 27 | /// An implementation of the ChaCha20-Poly1305 cipher.
 28 | @nonexhaustive
    |  `- error: unknown attribute 'nonexhaustive'
 29 | public enum ChaChaPoly: Cipher, Sendable {
 30 |     static let tagByteCount = 16
[477/555] Compiling Crypto ASN1Any.swift
/host/spi-builder-workspace/.build/checkouts/swift-crypto/Sources/Crypto/AEADs/AES/GCM/AES-GCM.swift:29:6: error: unknown attribute 'nonexhaustive'
 27 |     /// The Advanced Encryption Standard (AES) Galois Counter Mode (GCM) cipher
 28 |     /// suite.
 29 |     @nonexhaustive
    |      `- error: unknown attribute 'nonexhaustive'
 30 |     public enum GCM: Cipher, Sendable {
 31 |         static let tagByteCount = 16
/host/spi-builder-workspace/.build/checkouts/swift-crypto/Sources/Crypto/AEADs/ChachaPoly/ChaChaPoly.swift:28:2: error: unknown attribute 'nonexhaustive'
 26 |
 27 | /// An implementation of the ChaCha20-Poly1305 cipher.
 28 | @nonexhaustive
    |  `- error: unknown attribute 'nonexhaustive'
 29 | public enum ChaChaPoly: Cipher, Sendable {
 30 |     static let tagByteCount = 16
[478/555] Compiling Crypto ASN1BitString.swift
/host/spi-builder-workspace/.build/checkouts/swift-crypto/Sources/Crypto/AEADs/AES/GCM/AES-GCM.swift:29:6: error: unknown attribute 'nonexhaustive'
 27 |     /// The Advanced Encryption Standard (AES) Galois Counter Mode (GCM) cipher
 28 |     /// suite.
 29 |     @nonexhaustive
    |      `- error: unknown attribute 'nonexhaustive'
 30 |     public enum GCM: Cipher, Sendable {
 31 |         static let tagByteCount = 16
/host/spi-builder-workspace/.build/checkouts/swift-crypto/Sources/Crypto/AEADs/ChachaPoly/ChaChaPoly.swift:28:2: error: unknown attribute 'nonexhaustive'
 26 |
 27 | /// An implementation of the ChaCha20-Poly1305 cipher.
 28 | @nonexhaustive
    |  `- error: unknown attribute 'nonexhaustive'
 29 | public enum ChaChaPoly: Cipher, Sendable {
 30 |     static let tagByteCount = 16
[479/555] Compiling Crypto ASN1Boolean.swift
/host/spi-builder-workspace/.build/checkouts/swift-crypto/Sources/Crypto/AEADs/AES/GCM/AES-GCM.swift:29:6: error: unknown attribute 'nonexhaustive'
 27 |     /// The Advanced Encryption Standard (AES) Galois Counter Mode (GCM) cipher
 28 |     /// suite.
 29 |     @nonexhaustive
    |      `- error: unknown attribute 'nonexhaustive'
 30 |     public enum GCM: Cipher, Sendable {
 31 |         static let tagByteCount = 16
/host/spi-builder-workspace/.build/checkouts/swift-crypto/Sources/Crypto/AEADs/ChachaPoly/ChaChaPoly.swift:28:2: error: unknown attribute 'nonexhaustive'
 26 |
 27 | /// An implementation of the ChaCha20-Poly1305 cipher.
 28 | @nonexhaustive
    |  `- error: unknown attribute 'nonexhaustive'
 29 | public enum ChaChaPoly: Cipher, Sendable {
 30 |     static let tagByteCount = 16
[480/555] Compiling Crypto ASN1Identifier.swift
/host/spi-builder-workspace/.build/checkouts/swift-crypto/Sources/Crypto/AEADs/AES/GCM/AES-GCM.swift:29:6: error: unknown attribute 'nonexhaustive'
 27 |     /// The Advanced Encryption Standard (AES) Galois Counter Mode (GCM) cipher
 28 |     /// suite.
 29 |     @nonexhaustive
    |      `- error: unknown attribute 'nonexhaustive'
 30 |     public enum GCM: Cipher, Sendable {
 31 |         static let tagByteCount = 16
/host/spi-builder-workspace/.build/checkouts/swift-crypto/Sources/Crypto/AEADs/ChachaPoly/ChaChaPoly.swift:28:2: error: unknown attribute 'nonexhaustive'
 26 |
 27 | /// An implementation of the ChaCha20-Poly1305 cipher.
 28 | @nonexhaustive
    |  `- error: unknown attribute 'nonexhaustive'
 29 | public enum ChaChaPoly: Cipher, Sendable {
 30 |     static let tagByteCount = 16
[481/555] Compiling Crypto ASN1Integer.swift
/host/spi-builder-workspace/.build/checkouts/swift-crypto/Sources/Crypto/AEADs/AES/GCM/AES-GCM.swift:29:6: error: unknown attribute 'nonexhaustive'
 27 |     /// The Advanced Encryption Standard (AES) Galois Counter Mode (GCM) cipher
 28 |     /// suite.
 29 |     @nonexhaustive
    |      `- error: unknown attribute 'nonexhaustive'
 30 |     public enum GCM: Cipher, Sendable {
 31 |         static let tagByteCount = 16
/host/spi-builder-workspace/.build/checkouts/swift-crypto/Sources/Crypto/AEADs/ChachaPoly/ChaChaPoly.swift:28:2: error: unknown attribute 'nonexhaustive'
 26 |
 27 | /// An implementation of the ChaCha20-Poly1305 cipher.
 28 | @nonexhaustive
    |  `- error: unknown attribute 'nonexhaustive'
 29 | public enum ChaChaPoly: Cipher, Sendable {
 30 |     static let tagByteCount = 16
[482/555] Compiling Crypto ASN1Null.swift
/host/spi-builder-workspace/.build/checkouts/swift-crypto/Sources/Crypto/AEADs/AES/GCM/AES-GCM.swift:29:6: error: unknown attribute 'nonexhaustive'
 27 |     /// The Advanced Encryption Standard (AES) Galois Counter Mode (GCM) cipher
 28 |     /// suite.
 29 |     @nonexhaustive
    |      `- error: unknown attribute 'nonexhaustive'
 30 |     public enum GCM: Cipher, Sendable {
 31 |         static let tagByteCount = 16
/host/spi-builder-workspace/.build/checkouts/swift-crypto/Sources/Crypto/AEADs/ChachaPoly/ChaChaPoly.swift:28:2: error: unknown attribute 'nonexhaustive'
 26 |
 27 | /// An implementation of the ChaCha20-Poly1305 cipher.
 28 | @nonexhaustive
    |  `- error: unknown attribute 'nonexhaustive'
 29 | public enum ChaChaPoly: Cipher, Sendable {
 30 |     static let tagByteCount = 16
[483/555] Compiling Crypto MLKEM_boring.swift
/host/spi-builder-workspace/.build/checkouts/swift-crypto/Sources/Crypto/KEM/KEM-Errors.swift:27:6: error: unknown attribute 'nonexhaustive'
25 | extension KEM {
26 |     /// Errors that CryptoKit throws when it encounters problems in key encapsulation mechanism (KEM) operations.
27 |     @nonexhaustive
   |      `- error: unknown attribute 'nonexhaustive'
28 |     public enum Errors: Error {
29 |         /// The public key CryptoKit receives when it initializes a key encapsulation operation doesn't match the expected value.
/host/spi-builder-workspace/.build/checkouts/swift-crypto/Sources/Crypto/KEM/KEM.swift:28:2: error: unknown attribute 'nonexhaustive'
26 | ///
27 | /// Use a key encapsulation mechanism (KEM) to protect a symmetric cryptographic key that you share with another party.
28 | @nonexhaustive
   |  `- error: unknown attribute 'nonexhaustive'
29 | public enum KEM: Sendable {
30 |     /// The result of a key encapsulation operation.
/host/spi-builder-workspace/.build/checkouts/swift-crypto/Sources/Crypto/KEM/MLKEM.swift:30:2: error: unknown attribute 'nonexhaustive'
 28 |
 29 | /// The Module-Lattice key encapsulation mechanism (KEM).
 30 | @nonexhaustive
    |  `- error: unknown attribute 'nonexhaustive'
 31 | public enum MLKEM768: Sendable {}
 32 |
/host/spi-builder-workspace/.build/checkouts/swift-crypto/Sources/Crypto/KEM/MLKEM.swift:201:2: error: unknown attribute 'nonexhaustive'
199 |
200 | /// The Module-Lattice key encapsulation mechanism (KEM).
201 | @nonexhaustive
    |  `- error: unknown attribute 'nonexhaustive'
202 | public enum MLKEM1024: Sendable {}
203 |
/host/spi-builder-workspace/.build/checkouts/swift-crypto/Sources/Crypto/KEM/XWing.swift:34:2: error: unknown attribute 'nonexhaustive'
 32 | /// The X-Wing (ML-KEM768 with X25519) Key Encapsulation Mechanism, defined in
 33 | /// https://datatracker.ietf.org/doc/html/draft-connolly-cfrg-xwing-kem-06
 34 | @nonexhaustive
    |  `- error: unknown attribute 'nonexhaustive'
 35 | public enum XWingMLKEM768X25519: Sendable {}
 36 |
/host/spi-builder-workspace/.build/checkouts/swift-crypto/Sources/Crypto/Key Agreement/ECDH.swift:36:6: error: unknown attribute 'nonexhaustive'
  34 |     /// A mechanism used to create or verify a cryptographic signature using
  35 |     /// the NIST P-256 elliptic curve digital signature algorithm (ECDSA).
  36 |     @nonexhaustive
     |      `- error: unknown attribute 'nonexhaustive'
  37 |     public enum Signing: Sendable {
  38 |
/host/spi-builder-workspace/.build/checkouts/swift-crypto/Sources/Crypto/Key Agreement/ECDH.swift:260:6: error: unknown attribute 'nonexhaustive'
 258 |     /// performing NIST P-256 elliptic curve Diffie Hellman (ECDH) key
 259 |     /// exchange.
 260 |     @nonexhaustive
     |      `- error: unknown attribute 'nonexhaustive'
 261 |     public enum KeyAgreement: Sendable {
 262 |
/host/spi-builder-workspace/.build/checkouts/swift-crypto/Sources/Crypto/Key Agreement/ECDH.swift:483:6: error: unknown attribute 'nonexhaustive'
 481 |     /// A mechanism used to create or verify a cryptographic signature using
 482 |     /// the NIST P-384 elliptic curve digital signature algorithm (ECDSA).
 483 |     @nonexhaustive
     |      `- error: unknown attribute 'nonexhaustive'
 484 |     public enum Signing: Sendable {
 485 |
/host/spi-builder-workspace/.build/checkouts/swift-crypto/Sources/Crypto/Key Agreement/ECDH.swift:707:6: error: unknown attribute 'nonexhaustive'
 705 |     /// performing NIST P-384 elliptic curve Diffie Hellman (ECDH) key
 706 |     /// exchange.
 707 |     @nonexhaustive
     |      `- error: unknown attribute 'nonexhaustive'
 708 |     public enum KeyAgreement: Sendable {
 709 |
/host/spi-builder-workspace/.build/checkouts/swift-crypto/Sources/Crypto/Key Agreement/ECDH.swift:930:6: error: unknown attribute 'nonexhaustive'
 928 |     /// A mechanism used to create or verify a cryptographic signature using
 929 |     /// the NIST P-521 elliptic curve digital signature algorithm (ECDSA).
 930 |     @nonexhaustive
     |      `- error: unknown attribute 'nonexhaustive'
 931 |     public enum Signing: Sendable {
 932 |
/host/spi-builder-workspace/.build/checkouts/swift-crypto/Sources/Crypto/Key Agreement/ECDH.swift:1154:6: error: unknown attribute 'nonexhaustive'
1152 |     /// performing NIST P-521 elliptic curve Diffie Hellman (ECDH) key
1153 |     /// exchange.
1154 |     @nonexhaustive
     |      `- error: unknown attribute 'nonexhaustive'
1155 |     public enum KeyAgreement: Sendable {
1156 |
[484/555] Compiling Crypto MLKEM_wrapper.swift
/host/spi-builder-workspace/.build/checkouts/swift-crypto/Sources/Crypto/KEM/KEM-Errors.swift:27:6: error: unknown attribute 'nonexhaustive'
25 | extension KEM {
26 |     /// Errors that CryptoKit throws when it encounters problems in key encapsulation mechanism (KEM) operations.
27 |     @nonexhaustive
   |      `- error: unknown attribute 'nonexhaustive'
28 |     public enum Errors: Error {
29 |         /// The public key CryptoKit receives when it initializes a key encapsulation operation doesn't match the expected value.
/host/spi-builder-workspace/.build/checkouts/swift-crypto/Sources/Crypto/KEM/KEM.swift:28:2: error: unknown attribute 'nonexhaustive'
26 | ///
27 | /// Use a key encapsulation mechanism (KEM) to protect a symmetric cryptographic key that you share with another party.
28 | @nonexhaustive
   |  `- error: unknown attribute 'nonexhaustive'
29 | public enum KEM: Sendable {
30 |     /// The result of a key encapsulation operation.
/host/spi-builder-workspace/.build/checkouts/swift-crypto/Sources/Crypto/KEM/MLKEM.swift:30:2: error: unknown attribute 'nonexhaustive'
 28 |
 29 | /// The Module-Lattice key encapsulation mechanism (KEM).
 30 | @nonexhaustive
    |  `- error: unknown attribute 'nonexhaustive'
 31 | public enum MLKEM768: Sendable {}
 32 |
/host/spi-builder-workspace/.build/checkouts/swift-crypto/Sources/Crypto/KEM/MLKEM.swift:201:2: error: unknown attribute 'nonexhaustive'
199 |
200 | /// The Module-Lattice key encapsulation mechanism (KEM).
201 | @nonexhaustive
    |  `- error: unknown attribute 'nonexhaustive'
202 | public enum MLKEM1024: Sendable {}
203 |
/host/spi-builder-workspace/.build/checkouts/swift-crypto/Sources/Crypto/KEM/XWing.swift:34:2: error: unknown attribute 'nonexhaustive'
 32 | /// The X-Wing (ML-KEM768 with X25519) Key Encapsulation Mechanism, defined in
 33 | /// https://datatracker.ietf.org/doc/html/draft-connolly-cfrg-xwing-kem-06
 34 | @nonexhaustive
    |  `- error: unknown attribute 'nonexhaustive'
 35 | public enum XWingMLKEM768X25519: Sendable {}
 36 |
/host/spi-builder-workspace/.build/checkouts/swift-crypto/Sources/Crypto/Key Agreement/ECDH.swift:36:6: error: unknown attribute 'nonexhaustive'
  34 |     /// A mechanism used to create or verify a cryptographic signature using
  35 |     /// the NIST P-256 elliptic curve digital signature algorithm (ECDSA).
  36 |     @nonexhaustive
     |      `- error: unknown attribute 'nonexhaustive'
  37 |     public enum Signing: Sendable {
  38 |
/host/spi-builder-workspace/.build/checkouts/swift-crypto/Sources/Crypto/Key Agreement/ECDH.swift:260:6: error: unknown attribute 'nonexhaustive'
 258 |     /// performing NIST P-256 elliptic curve Diffie Hellman (ECDH) key
 259 |     /// exchange.
 260 |     @nonexhaustive
     |      `- error: unknown attribute 'nonexhaustive'
 261 |     public enum KeyAgreement: Sendable {
 262 |
/host/spi-builder-workspace/.build/checkouts/swift-crypto/Sources/Crypto/Key Agreement/ECDH.swift:483:6: error: unknown attribute 'nonexhaustive'
 481 |     /// A mechanism used to create or verify a cryptographic signature using
 482 |     /// the NIST P-384 elliptic curve digital signature algorithm (ECDSA).
 483 |     @nonexhaustive
     |      `- error: unknown attribute 'nonexhaustive'
 484 |     public enum Signing: Sendable {
 485 |
/host/spi-builder-workspace/.build/checkouts/swift-crypto/Sources/Crypto/Key Agreement/ECDH.swift:707:6: error: unknown attribute 'nonexhaustive'
 705 |     /// performing NIST P-384 elliptic curve Diffie Hellman (ECDH) key
 706 |     /// exchange.
 707 |     @nonexhaustive
     |      `- error: unknown attribute 'nonexhaustive'
 708 |     public enum KeyAgreement: Sendable {
 709 |
/host/spi-builder-workspace/.build/checkouts/swift-crypto/Sources/Crypto/Key Agreement/ECDH.swift:930:6: error: unknown attribute 'nonexhaustive'
 928 |     /// A mechanism used to create or verify a cryptographic signature using
 929 |     /// the NIST P-521 elliptic curve digital signature algorithm (ECDSA).
 930 |     @nonexhaustive
     |      `- error: unknown attribute 'nonexhaustive'
 931 |     public enum Signing: Sendable {
 932 |
/host/spi-builder-workspace/.build/checkouts/swift-crypto/Sources/Crypto/Key Agreement/ECDH.swift:1154:6: error: unknown attribute 'nonexhaustive'
1152 |     /// performing NIST P-521 elliptic curve Diffie Hellman (ECDH) key
1153 |     /// exchange.
1154 |     @nonexhaustive
     |      `- error: unknown attribute 'nonexhaustive'
1155 |     public enum KeyAgreement: Sendable {
1156 |
[485/555] Compiling Crypto XWing_boring.swift
/host/spi-builder-workspace/.build/checkouts/swift-crypto/Sources/Crypto/KEM/KEM-Errors.swift:27:6: error: unknown attribute 'nonexhaustive'
25 | extension KEM {
26 |     /// Errors that CryptoKit throws when it encounters problems in key encapsulation mechanism (KEM) operations.
27 |     @nonexhaustive
   |      `- error: unknown attribute 'nonexhaustive'
28 |     public enum Errors: Error {
29 |         /// The public key CryptoKit receives when it initializes a key encapsulation operation doesn't match the expected value.
/host/spi-builder-workspace/.build/checkouts/swift-crypto/Sources/Crypto/KEM/KEM.swift:28:2: error: unknown attribute 'nonexhaustive'
26 | ///
27 | /// Use a key encapsulation mechanism (KEM) to protect a symmetric cryptographic key that you share with another party.
28 | @nonexhaustive
   |  `- error: unknown attribute 'nonexhaustive'
29 | public enum KEM: Sendable {
30 |     /// The result of a key encapsulation operation.
/host/spi-builder-workspace/.build/checkouts/swift-crypto/Sources/Crypto/KEM/MLKEM.swift:30:2: error: unknown attribute 'nonexhaustive'
 28 |
 29 | /// The Module-Lattice key encapsulation mechanism (KEM).
 30 | @nonexhaustive
    |  `- error: unknown attribute 'nonexhaustive'
 31 | public enum MLKEM768: Sendable {}
 32 |
/host/spi-builder-workspace/.build/checkouts/swift-crypto/Sources/Crypto/KEM/MLKEM.swift:201:2: error: unknown attribute 'nonexhaustive'
199 |
200 | /// The Module-Lattice key encapsulation mechanism (KEM).
201 | @nonexhaustive
    |  `- error: unknown attribute 'nonexhaustive'
202 | public enum MLKEM1024: Sendable {}
203 |
/host/spi-builder-workspace/.build/checkouts/swift-crypto/Sources/Crypto/KEM/XWing.swift:34:2: error: unknown attribute 'nonexhaustive'
 32 | /// The X-Wing (ML-KEM768 with X25519) Key Encapsulation Mechanism, defined in
 33 | /// https://datatracker.ietf.org/doc/html/draft-connolly-cfrg-xwing-kem-06
 34 | @nonexhaustive
    |  `- error: unknown attribute 'nonexhaustive'
 35 | public enum XWingMLKEM768X25519: Sendable {}
 36 |
/host/spi-builder-workspace/.build/checkouts/swift-crypto/Sources/Crypto/Key Agreement/ECDH.swift:36:6: error: unknown attribute 'nonexhaustive'
  34 |     /// A mechanism used to create or verify a cryptographic signature using
  35 |     /// the NIST P-256 elliptic curve digital signature algorithm (ECDSA).
  36 |     @nonexhaustive
     |      `- error: unknown attribute 'nonexhaustive'
  37 |     public enum Signing: Sendable {
  38 |
/host/spi-builder-workspace/.build/checkouts/swift-crypto/Sources/Crypto/Key Agreement/ECDH.swift:260:6: error: unknown attribute 'nonexhaustive'
 258 |     /// performing NIST P-256 elliptic curve Diffie Hellman (ECDH) key
 259 |     /// exchange.
 260 |     @nonexhaustive
     |      `- error: unknown attribute 'nonexhaustive'
 261 |     public enum KeyAgreement: Sendable {
 262 |
/host/spi-builder-workspace/.build/checkouts/swift-crypto/Sources/Crypto/Key Agreement/ECDH.swift:483:6: error: unknown attribute 'nonexhaustive'
 481 |     /// A mechanism used to create or verify a cryptographic signature using
 482 |     /// the NIST P-384 elliptic curve digital signature algorithm (ECDSA).
 483 |     @nonexhaustive
     |      `- error: unknown attribute 'nonexhaustive'
 484 |     public enum Signing: Sendable {
 485 |
/host/spi-builder-workspace/.build/checkouts/swift-crypto/Sources/Crypto/Key Agreement/ECDH.swift:707:6: error: unknown attribute 'nonexhaustive'
 705 |     /// performing NIST P-384 elliptic curve Diffie Hellman (ECDH) key
 706 |     /// exchange.
 707 |     @nonexhaustive
     |      `- error: unknown attribute 'nonexhaustive'
 708 |     public enum KeyAgreement: Sendable {
 709 |
/host/spi-builder-workspace/.build/checkouts/swift-crypto/Sources/Crypto/Key Agreement/ECDH.swift:930:6: error: unknown attribute 'nonexhaustive'
 928 |     /// A mechanism used to create or verify a cryptographic signature using
 929 |     /// the NIST P-521 elliptic curve digital signature algorithm (ECDSA).
 930 |     @nonexhaustive
     |      `- error: unknown attribute 'nonexhaustive'
 931 |     public enum Signing: Sendable {
 932 |
/host/spi-builder-workspace/.build/checkouts/swift-crypto/Sources/Crypto/Key Agreement/ECDH.swift:1154:6: error: unknown attribute 'nonexhaustive'
1152 |     /// performing NIST P-521 elliptic curve Diffie Hellman (ECDH) key
1153 |     /// exchange.
1154 |     @nonexhaustive
     |      `- error: unknown attribute 'nonexhaustive'
1155 |     public enum KeyAgreement: Sendable {
1156 |
[486/555] Compiling Crypto KEM-Errors.swift
/host/spi-builder-workspace/.build/checkouts/swift-crypto/Sources/Crypto/KEM/KEM-Errors.swift:27:6: error: unknown attribute 'nonexhaustive'
25 | extension KEM {
26 |     /// Errors that CryptoKit throws when it encounters problems in key encapsulation mechanism (KEM) operations.
27 |     @nonexhaustive
   |      `- error: unknown attribute 'nonexhaustive'
28 |     public enum Errors: Error {
29 |         /// The public key CryptoKit receives when it initializes a key encapsulation operation doesn't match the expected value.
/host/spi-builder-workspace/.build/checkouts/swift-crypto/Sources/Crypto/KEM/KEM.swift:28:2: error: unknown attribute 'nonexhaustive'
26 | ///
27 | /// Use a key encapsulation mechanism (KEM) to protect a symmetric cryptographic key that you share with another party.
28 | @nonexhaustive
   |  `- error: unknown attribute 'nonexhaustive'
29 | public enum KEM: Sendable {
30 |     /// The result of a key encapsulation operation.
/host/spi-builder-workspace/.build/checkouts/swift-crypto/Sources/Crypto/KEM/MLKEM.swift:30:2: error: unknown attribute 'nonexhaustive'
 28 |
 29 | /// The Module-Lattice key encapsulation mechanism (KEM).
 30 | @nonexhaustive
    |  `- error: unknown attribute 'nonexhaustive'
 31 | public enum MLKEM768: Sendable {}
 32 |
/host/spi-builder-workspace/.build/checkouts/swift-crypto/Sources/Crypto/KEM/MLKEM.swift:201:2: error: unknown attribute 'nonexhaustive'
199 |
200 | /// The Module-Lattice key encapsulation mechanism (KEM).
201 | @nonexhaustive
    |  `- error: unknown attribute 'nonexhaustive'
202 | public enum MLKEM1024: Sendable {}
203 |
/host/spi-builder-workspace/.build/checkouts/swift-crypto/Sources/Crypto/KEM/XWing.swift:34:2: error: unknown attribute 'nonexhaustive'
 32 | /// The X-Wing (ML-KEM768 with X25519) Key Encapsulation Mechanism, defined in
 33 | /// https://datatracker.ietf.org/doc/html/draft-connolly-cfrg-xwing-kem-06
 34 | @nonexhaustive
    |  `- error: unknown attribute 'nonexhaustive'
 35 | public enum XWingMLKEM768X25519: Sendable {}
 36 |
/host/spi-builder-workspace/.build/checkouts/swift-crypto/Sources/Crypto/Key Agreement/ECDH.swift:36:6: error: unknown attribute 'nonexhaustive'
  34 |     /// A mechanism used to create or verify a cryptographic signature using
  35 |     /// the NIST P-256 elliptic curve digital signature algorithm (ECDSA).
  36 |     @nonexhaustive
     |      `- error: unknown attribute 'nonexhaustive'
  37 |     public enum Signing: Sendable {
  38 |
/host/spi-builder-workspace/.build/checkouts/swift-crypto/Sources/Crypto/Key Agreement/ECDH.swift:260:6: error: unknown attribute 'nonexhaustive'
 258 |     /// performing NIST P-256 elliptic curve Diffie Hellman (ECDH) key
 259 |     /// exchange.
 260 |     @nonexhaustive
     |      `- error: unknown attribute 'nonexhaustive'
 261 |     public enum KeyAgreement: Sendable {
 262 |
/host/spi-builder-workspace/.build/checkouts/swift-crypto/Sources/Crypto/Key Agreement/ECDH.swift:483:6: error: unknown attribute 'nonexhaustive'
 481 |     /// A mechanism used to create or verify a cryptographic signature using
 482 |     /// the NIST P-384 elliptic curve digital signature algorithm (ECDSA).
 483 |     @nonexhaustive
     |      `- error: unknown attribute 'nonexhaustive'
 484 |     public enum Signing: Sendable {
 485 |
/host/spi-builder-workspace/.build/checkouts/swift-crypto/Sources/Crypto/Key Agreement/ECDH.swift:707:6: error: unknown attribute 'nonexhaustive'
 705 |     /// performing NIST P-384 elliptic curve Diffie Hellman (ECDH) key
 706 |     /// exchange.
 707 |     @nonexhaustive
     |      `- error: unknown attribute 'nonexhaustive'
 708 |     public enum KeyAgreement: Sendable {
 709 |
/host/spi-builder-workspace/.build/checkouts/swift-crypto/Sources/Crypto/Key Agreement/ECDH.swift:930:6: error: unknown attribute 'nonexhaustive'
 928 |     /// A mechanism used to create or verify a cryptographic signature using
 929 |     /// the NIST P-521 elliptic curve digital signature algorithm (ECDSA).
 930 |     @nonexhaustive
     |      `- error: unknown attribute 'nonexhaustive'
 931 |     public enum Signing: Sendable {
 932 |
/host/spi-builder-workspace/.build/checkouts/swift-crypto/Sources/Crypto/Key Agreement/ECDH.swift:1154:6: error: unknown attribute 'nonexhaustive'
1152 |     /// performing NIST P-521 elliptic curve Diffie Hellman (ECDH) key
1153 |     /// exchange.
1154 |     @nonexhaustive
     |      `- error: unknown attribute 'nonexhaustive'
1155 |     public enum KeyAgreement: Sendable {
1156 |
[487/555] Compiling Crypto KEM.swift
/host/spi-builder-workspace/.build/checkouts/swift-crypto/Sources/Crypto/KEM/KEM-Errors.swift:27:6: error: unknown attribute 'nonexhaustive'
25 | extension KEM {
26 |     /// Errors that CryptoKit throws when it encounters problems in key encapsulation mechanism (KEM) operations.
27 |     @nonexhaustive
   |      `- error: unknown attribute 'nonexhaustive'
28 |     public enum Errors: Error {
29 |         /// The public key CryptoKit receives when it initializes a key encapsulation operation doesn't match the expected value.
/host/spi-builder-workspace/.build/checkouts/swift-crypto/Sources/Crypto/KEM/KEM.swift:28:2: error: unknown attribute 'nonexhaustive'
26 | ///
27 | /// Use a key encapsulation mechanism (KEM) to protect a symmetric cryptographic key that you share with another party.
28 | @nonexhaustive
   |  `- error: unknown attribute 'nonexhaustive'
29 | public enum KEM: Sendable {
30 |     /// The result of a key encapsulation operation.
/host/spi-builder-workspace/.build/checkouts/swift-crypto/Sources/Crypto/KEM/MLKEM.swift:30:2: error: unknown attribute 'nonexhaustive'
 28 |
 29 | /// The Module-Lattice key encapsulation mechanism (KEM).
 30 | @nonexhaustive
    |  `- error: unknown attribute 'nonexhaustive'
 31 | public enum MLKEM768: Sendable {}
 32 |
/host/spi-builder-workspace/.build/checkouts/swift-crypto/Sources/Crypto/KEM/MLKEM.swift:201:2: error: unknown attribute 'nonexhaustive'
199 |
200 | /// The Module-Lattice key encapsulation mechanism (KEM).
201 | @nonexhaustive
    |  `- error: unknown attribute 'nonexhaustive'
202 | public enum MLKEM1024: Sendable {}
203 |
/host/spi-builder-workspace/.build/checkouts/swift-crypto/Sources/Crypto/KEM/XWing.swift:34:2: error: unknown attribute 'nonexhaustive'
 32 | /// The X-Wing (ML-KEM768 with X25519) Key Encapsulation Mechanism, defined in
 33 | /// https://datatracker.ietf.org/doc/html/draft-connolly-cfrg-xwing-kem-06
 34 | @nonexhaustive
    |  `- error: unknown attribute 'nonexhaustive'
 35 | public enum XWingMLKEM768X25519: Sendable {}
 36 |
/host/spi-builder-workspace/.build/checkouts/swift-crypto/Sources/Crypto/Key Agreement/ECDH.swift:36:6: error: unknown attribute 'nonexhaustive'
  34 |     /// A mechanism used to create or verify a cryptographic signature using
  35 |     /// the NIST P-256 elliptic curve digital signature algorithm (ECDSA).
  36 |     @nonexhaustive
     |      `- error: unknown attribute 'nonexhaustive'
  37 |     public enum Signing: Sendable {
  38 |
/host/spi-builder-workspace/.build/checkouts/swift-crypto/Sources/Crypto/Key Agreement/ECDH.swift:260:6: error: unknown attribute 'nonexhaustive'
 258 |     /// performing NIST P-256 elliptic curve Diffie Hellman (ECDH) key
 259 |     /// exchange.
 260 |     @nonexhaustive
     |      `- error: unknown attribute 'nonexhaustive'
 261 |     public enum KeyAgreement: Sendable {
 262 |
/host/spi-builder-workspace/.build/checkouts/swift-crypto/Sources/Crypto/Key Agreement/ECDH.swift:483:6: error: unknown attribute 'nonexhaustive'
 481 |     /// A mechanism used to create or verify a cryptographic signature using
 482 |     /// the NIST P-384 elliptic curve digital signature algorithm (ECDSA).
 483 |     @nonexhaustive
     |      `- error: unknown attribute 'nonexhaustive'
 484 |     public enum Signing: Sendable {
 485 |
/host/spi-builder-workspace/.build/checkouts/swift-crypto/Sources/Crypto/Key Agreement/ECDH.swift:707:6: error: unknown attribute 'nonexhaustive'
 705 |     /// performing NIST P-384 elliptic curve Diffie Hellman (ECDH) key
 706 |     /// exchange.
 707 |     @nonexhaustive
     |      `- error: unknown attribute 'nonexhaustive'
 708 |     public enum KeyAgreement: Sendable {
 709 |
/host/spi-builder-workspace/.build/checkouts/swift-crypto/Sources/Crypto/Key Agreement/ECDH.swift:930:6: error: unknown attribute 'nonexhaustive'
 928 |     /// A mechanism used to create or verify a cryptographic signature using
 929 |     /// the NIST P-521 elliptic curve digital signature algorithm (ECDSA).
 930 |     @nonexhaustive
     |      `- error: unknown attribute 'nonexhaustive'
 931 |     public enum Signing: Sendable {
 932 |
/host/spi-builder-workspace/.build/checkouts/swift-crypto/Sources/Crypto/Key Agreement/ECDH.swift:1154:6: error: unknown attribute 'nonexhaustive'
1152 |     /// performing NIST P-521 elliptic curve Diffie Hellman (ECDH) key
1153 |     /// exchange.
1154 |     @nonexhaustive
     |      `- error: unknown attribute 'nonexhaustive'
1155 |     public enum KeyAgreement: Sendable {
1156 |
[488/555] Compiling Crypto MLKEM.swift
/host/spi-builder-workspace/.build/checkouts/swift-crypto/Sources/Crypto/KEM/KEM-Errors.swift:27:6: error: unknown attribute 'nonexhaustive'
25 | extension KEM {
26 |     /// Errors that CryptoKit throws when it encounters problems in key encapsulation mechanism (KEM) operations.
27 |     @nonexhaustive
   |      `- error: unknown attribute 'nonexhaustive'
28 |     public enum Errors: Error {
29 |         /// The public key CryptoKit receives when it initializes a key encapsulation operation doesn't match the expected value.
/host/spi-builder-workspace/.build/checkouts/swift-crypto/Sources/Crypto/KEM/KEM.swift:28:2: error: unknown attribute 'nonexhaustive'
26 | ///
27 | /// Use a key encapsulation mechanism (KEM) to protect a symmetric cryptographic key that you share with another party.
28 | @nonexhaustive
   |  `- error: unknown attribute 'nonexhaustive'
29 | public enum KEM: Sendable {
30 |     /// The result of a key encapsulation operation.
/host/spi-builder-workspace/.build/checkouts/swift-crypto/Sources/Crypto/KEM/MLKEM.swift:30:2: error: unknown attribute 'nonexhaustive'
 28 |
 29 | /// The Module-Lattice key encapsulation mechanism (KEM).
 30 | @nonexhaustive
    |  `- error: unknown attribute 'nonexhaustive'
 31 | public enum MLKEM768: Sendable {}
 32 |
/host/spi-builder-workspace/.build/checkouts/swift-crypto/Sources/Crypto/KEM/MLKEM.swift:201:2: error: unknown attribute 'nonexhaustive'
199 |
200 | /// The Module-Lattice key encapsulation mechanism (KEM).
201 | @nonexhaustive
    |  `- error: unknown attribute 'nonexhaustive'
202 | public enum MLKEM1024: Sendable {}
203 |
/host/spi-builder-workspace/.build/checkouts/swift-crypto/Sources/Crypto/KEM/XWing.swift:34:2: error: unknown attribute 'nonexhaustive'
 32 | /// The X-Wing (ML-KEM768 with X25519) Key Encapsulation Mechanism, defined in
 33 | /// https://datatracker.ietf.org/doc/html/draft-connolly-cfrg-xwing-kem-06
 34 | @nonexhaustive
    |  `- error: unknown attribute 'nonexhaustive'
 35 | public enum XWingMLKEM768X25519: Sendable {}
 36 |
/host/spi-builder-workspace/.build/checkouts/swift-crypto/Sources/Crypto/Key Agreement/ECDH.swift:36:6: error: unknown attribute 'nonexhaustive'
  34 |     /// A mechanism used to create or verify a cryptographic signature using
  35 |     /// the NIST P-256 elliptic curve digital signature algorithm (ECDSA).
  36 |     @nonexhaustive
     |      `- error: unknown attribute 'nonexhaustive'
  37 |     public enum Signing: Sendable {
  38 |
/host/spi-builder-workspace/.build/checkouts/swift-crypto/Sources/Crypto/Key Agreement/ECDH.swift:260:6: error: unknown attribute 'nonexhaustive'
 258 |     /// performing NIST P-256 elliptic curve Diffie Hellman (ECDH) key
 259 |     /// exchange.
 260 |     @nonexhaustive
     |      `- error: unknown attribute 'nonexhaustive'
 261 |     public enum KeyAgreement: Sendable {
 262 |
/host/spi-builder-workspace/.build/checkouts/swift-crypto/Sources/Crypto/Key Agreement/ECDH.swift:483:6: error: unknown attribute 'nonexhaustive'
 481 |     /// A mechanism used to create or verify a cryptographic signature using
 482 |     /// the NIST P-384 elliptic curve digital signature algorithm (ECDSA).
 483 |     @nonexhaustive
     |      `- error: unknown attribute 'nonexhaustive'
 484 |     public enum Signing: Sendable {
 485 |
/host/spi-builder-workspace/.build/checkouts/swift-crypto/Sources/Crypto/Key Agreement/ECDH.swift:707:6: error: unknown attribute 'nonexhaustive'
 705 |     /// performing NIST P-384 elliptic curve Diffie Hellman (ECDH) key
 706 |     /// exchange.
 707 |     @nonexhaustive
     |      `- error: unknown attribute 'nonexhaustive'
 708 |     public enum KeyAgreement: Sendable {
 709 |
/host/spi-builder-workspace/.build/checkouts/swift-crypto/Sources/Crypto/Key Agreement/ECDH.swift:930:6: error: unknown attribute 'nonexhaustive'
 928 |     /// A mechanism used to create or verify a cryptographic signature using
 929 |     /// the NIST P-521 elliptic curve digital signature algorithm (ECDSA).
 930 |     @nonexhaustive
     |      `- error: unknown attribute 'nonexhaustive'
 931 |     public enum Signing: Sendable {
 932 |
/host/spi-builder-workspace/.build/checkouts/swift-crypto/Sources/Crypto/Key Agreement/ECDH.swift:1154:6: error: unknown attribute 'nonexhaustive'
1152 |     /// performing NIST P-521 elliptic curve Diffie Hellman (ECDH) key
1153 |     /// exchange.
1154 |     @nonexhaustive
     |      `- error: unknown attribute 'nonexhaustive'
1155 |     public enum KeyAgreement: Sendable {
1156 |
[489/555] Compiling Crypto XWing.swift
/host/spi-builder-workspace/.build/checkouts/swift-crypto/Sources/Crypto/KEM/KEM-Errors.swift:27:6: error: unknown attribute 'nonexhaustive'
25 | extension KEM {
26 |     /// Errors that CryptoKit throws when it encounters problems in key encapsulation mechanism (KEM) operations.
27 |     @nonexhaustive
   |      `- error: unknown attribute 'nonexhaustive'
28 |     public enum Errors: Error {
29 |         /// The public key CryptoKit receives when it initializes a key encapsulation operation doesn't match the expected value.
/host/spi-builder-workspace/.build/checkouts/swift-crypto/Sources/Crypto/KEM/KEM.swift:28:2: error: unknown attribute 'nonexhaustive'
26 | ///
27 | /// Use a key encapsulation mechanism (KEM) to protect a symmetric cryptographic key that you share with another party.
28 | @nonexhaustive
   |  `- error: unknown attribute 'nonexhaustive'
29 | public enum KEM: Sendable {
30 |     /// The result of a key encapsulation operation.
/host/spi-builder-workspace/.build/checkouts/swift-crypto/Sources/Crypto/KEM/MLKEM.swift:30:2: error: unknown attribute 'nonexhaustive'
 28 |
 29 | /// The Module-Lattice key encapsulation mechanism (KEM).
 30 | @nonexhaustive
    |  `- error: unknown attribute 'nonexhaustive'
 31 | public enum MLKEM768: Sendable {}
 32 |
/host/spi-builder-workspace/.build/checkouts/swift-crypto/Sources/Crypto/KEM/MLKEM.swift:201:2: error: unknown attribute 'nonexhaustive'
199 |
200 | /// The Module-Lattice key encapsulation mechanism (KEM).
201 | @nonexhaustive
    |  `- error: unknown attribute 'nonexhaustive'
202 | public enum MLKEM1024: Sendable {}
203 |
/host/spi-builder-workspace/.build/checkouts/swift-crypto/Sources/Crypto/KEM/XWing.swift:34:2: error: unknown attribute 'nonexhaustive'
 32 | /// The X-Wing (ML-KEM768 with X25519) Key Encapsulation Mechanism, defined in
 33 | /// https://datatracker.ietf.org/doc/html/draft-connolly-cfrg-xwing-kem-06
 34 | @nonexhaustive
    |  `- error: unknown attribute 'nonexhaustive'
 35 | public enum XWingMLKEM768X25519: Sendable {}
 36 |
/host/spi-builder-workspace/.build/checkouts/swift-crypto/Sources/Crypto/Key Agreement/ECDH.swift:36:6: error: unknown attribute 'nonexhaustive'
  34 |     /// A mechanism used to create or verify a cryptographic signature using
  35 |     /// the NIST P-256 elliptic curve digital signature algorithm (ECDSA).
  36 |     @nonexhaustive
     |      `- error: unknown attribute 'nonexhaustive'
  37 |     public enum Signing: Sendable {
  38 |
/host/spi-builder-workspace/.build/checkouts/swift-crypto/Sources/Crypto/Key Agreement/ECDH.swift:260:6: error: unknown attribute 'nonexhaustive'
 258 |     /// performing NIST P-256 elliptic curve Diffie Hellman (ECDH) key
 259 |     /// exchange.
 260 |     @nonexhaustive
     |      `- error: unknown attribute 'nonexhaustive'
 261 |     public enum KeyAgreement: Sendable {
 262 |
/host/spi-builder-workspace/.build/checkouts/swift-crypto/Sources/Crypto/Key Agreement/ECDH.swift:483:6: error: unknown attribute 'nonexhaustive'
 481 |     /// A mechanism used to create or verify a cryptographic signature using
 482 |     /// the NIST P-384 elliptic curve digital signature algorithm (ECDSA).
 483 |     @nonexhaustive
     |      `- error: unknown attribute 'nonexhaustive'
 484 |     public enum Signing: Sendable {
 485 |
/host/spi-builder-workspace/.build/checkouts/swift-crypto/Sources/Crypto/Key Agreement/ECDH.swift:707:6: error: unknown attribute 'nonexhaustive'
 705 |     /// performing NIST P-384 elliptic curve Diffie Hellman (ECDH) key
 706 |     /// exchange.
 707 |     @nonexhaustive
     |      `- error: unknown attribute 'nonexhaustive'
 708 |     public enum KeyAgreement: Sendable {
 709 |
/host/spi-builder-workspace/.build/checkouts/swift-crypto/Sources/Crypto/Key Agreement/ECDH.swift:930:6: error: unknown attribute 'nonexhaustive'
 928 |     /// A mechanism used to create or verify a cryptographic signature using
 929 |     /// the NIST P-521 elliptic curve digital signature algorithm (ECDSA).
 930 |     @nonexhaustive
     |      `- error: unknown attribute 'nonexhaustive'
 931 |     public enum Signing: Sendable {
 932 |
/host/spi-builder-workspace/.build/checkouts/swift-crypto/Sources/Crypto/Key Agreement/ECDH.swift:1154:6: error: unknown attribute 'nonexhaustive'
1152 |     /// performing NIST P-521 elliptic curve Diffie Hellman (ECDH) key
1153 |     /// exchange.
1154 |     @nonexhaustive
     |      `- error: unknown attribute 'nonexhaustive'
1155 |     public enum KeyAgreement: Sendable {
1156 |
[490/555] Compiling Crypto ECDH_boring.swift
/host/spi-builder-workspace/.build/checkouts/swift-crypto/Sources/Crypto/KEM/KEM-Errors.swift:27:6: error: unknown attribute 'nonexhaustive'
25 | extension KEM {
26 |     /// Errors that CryptoKit throws when it encounters problems in key encapsulation mechanism (KEM) operations.
27 |     @nonexhaustive
   |      `- error: unknown attribute 'nonexhaustive'
28 |     public enum Errors: Error {
29 |         /// The public key CryptoKit receives when it initializes a key encapsulation operation doesn't match the expected value.
/host/spi-builder-workspace/.build/checkouts/swift-crypto/Sources/Crypto/KEM/KEM.swift:28:2: error: unknown attribute 'nonexhaustive'
26 | ///
27 | /// Use a key encapsulation mechanism (KEM) to protect a symmetric cryptographic key that you share with another party.
28 | @nonexhaustive
   |  `- error: unknown attribute 'nonexhaustive'
29 | public enum KEM: Sendable {
30 |     /// The result of a key encapsulation operation.
/host/spi-builder-workspace/.build/checkouts/swift-crypto/Sources/Crypto/KEM/MLKEM.swift:30:2: error: unknown attribute 'nonexhaustive'
 28 |
 29 | /// The Module-Lattice key encapsulation mechanism (KEM).
 30 | @nonexhaustive
    |  `- error: unknown attribute 'nonexhaustive'
 31 | public enum MLKEM768: Sendable {}
 32 |
/host/spi-builder-workspace/.build/checkouts/swift-crypto/Sources/Crypto/KEM/MLKEM.swift:201:2: error: unknown attribute 'nonexhaustive'
199 |
200 | /// The Module-Lattice key encapsulation mechanism (KEM).
201 | @nonexhaustive
    |  `- error: unknown attribute 'nonexhaustive'
202 | public enum MLKEM1024: Sendable {}
203 |
/host/spi-builder-workspace/.build/checkouts/swift-crypto/Sources/Crypto/KEM/XWing.swift:34:2: error: unknown attribute 'nonexhaustive'
 32 | /// The X-Wing (ML-KEM768 with X25519) Key Encapsulation Mechanism, defined in
 33 | /// https://datatracker.ietf.org/doc/html/draft-connolly-cfrg-xwing-kem-06
 34 | @nonexhaustive
    |  `- error: unknown attribute 'nonexhaustive'
 35 | public enum XWingMLKEM768X25519: Sendable {}
 36 |
/host/spi-builder-workspace/.build/checkouts/swift-crypto/Sources/Crypto/Key Agreement/ECDH.swift:36:6: error: unknown attribute 'nonexhaustive'
  34 |     /// A mechanism used to create or verify a cryptographic signature using
  35 |     /// the NIST P-256 elliptic curve digital signature algorithm (ECDSA).
  36 |     @nonexhaustive
     |      `- error: unknown attribute 'nonexhaustive'
  37 |     public enum Signing: Sendable {
  38 |
/host/spi-builder-workspace/.build/checkouts/swift-crypto/Sources/Crypto/Key Agreement/ECDH.swift:260:6: error: unknown attribute 'nonexhaustive'
 258 |     /// performing NIST P-256 elliptic curve Diffie Hellman (ECDH) key
 259 |     /// exchange.
 260 |     @nonexhaustive
     |      `- error: unknown attribute 'nonexhaustive'
 261 |     public enum KeyAgreement: Sendable {
 262 |
/host/spi-builder-workspace/.build/checkouts/swift-crypto/Sources/Crypto/Key Agreement/ECDH.swift:483:6: error: unknown attribute 'nonexhaustive'
 481 |     /// A mechanism used to create or verify a cryptographic signature using
 482 |     /// the NIST P-384 elliptic curve digital signature algorithm (ECDSA).
 483 |     @nonexhaustive
     |      `- error: unknown attribute 'nonexhaustive'
 484 |     public enum Signing: Sendable {
 485 |
/host/spi-builder-workspace/.build/checkouts/swift-crypto/Sources/Crypto/Key Agreement/ECDH.swift:707:6: error: unknown attribute 'nonexhaustive'
 705 |     /// performing NIST P-384 elliptic curve Diffie Hellman (ECDH) key
 706 |     /// exchange.
 707 |     @nonexhaustive
     |      `- error: unknown attribute 'nonexhaustive'
 708 |     public enum KeyAgreement: Sendable {
 709 |
/host/spi-builder-workspace/.build/checkouts/swift-crypto/Sources/Crypto/Key Agreement/ECDH.swift:930:6: error: unknown attribute 'nonexhaustive'
 928 |     /// A mechanism used to create or verify a cryptographic signature using
 929 |     /// the NIST P-521 elliptic curve digital signature algorithm (ECDSA).
 930 |     @nonexhaustive
     |      `- error: unknown attribute 'nonexhaustive'
 931 |     public enum Signing: Sendable {
 932 |
/host/spi-builder-workspace/.build/checkouts/swift-crypto/Sources/Crypto/Key Agreement/ECDH.swift:1154:6: error: unknown attribute 'nonexhaustive'
1152 |     /// performing NIST P-521 elliptic curve Diffie Hellman (ECDH) key
1153 |     /// exchange.
1154 |     @nonexhaustive
     |      `- error: unknown attribute 'nonexhaustive'
1155 |     public enum KeyAgreement: Sendable {
1156 |
[491/555] Compiling Crypto DH.swift
/host/spi-builder-workspace/.build/checkouts/swift-crypto/Sources/Crypto/KEM/KEM-Errors.swift:27:6: error: unknown attribute 'nonexhaustive'
25 | extension KEM {
26 |     /// Errors that CryptoKit throws when it encounters problems in key encapsulation mechanism (KEM) operations.
27 |     @nonexhaustive
   |      `- error: unknown attribute 'nonexhaustive'
28 |     public enum Errors: Error {
29 |         /// The public key CryptoKit receives when it initializes a key encapsulation operation doesn't match the expected value.
/host/spi-builder-workspace/.build/checkouts/swift-crypto/Sources/Crypto/KEM/KEM.swift:28:2: error: unknown attribute 'nonexhaustive'
26 | ///
27 | /// Use a key encapsulation mechanism (KEM) to protect a symmetric cryptographic key that you share with another party.
28 | @nonexhaustive
   |  `- error: unknown attribute 'nonexhaustive'
29 | public enum KEM: Sendable {
30 |     /// The result of a key encapsulation operation.
/host/spi-builder-workspace/.build/checkouts/swift-crypto/Sources/Crypto/KEM/MLKEM.swift:30:2: error: unknown attribute 'nonexhaustive'
 28 |
 29 | /// The Module-Lattice key encapsulation mechanism (KEM).
 30 | @nonexhaustive
    |  `- error: unknown attribute 'nonexhaustive'
 31 | public enum MLKEM768: Sendable {}
 32 |
/host/spi-builder-workspace/.build/checkouts/swift-crypto/Sources/Crypto/KEM/MLKEM.swift:201:2: error: unknown attribute 'nonexhaustive'
199 |
200 | /// The Module-Lattice key encapsulation mechanism (KEM).
201 | @nonexhaustive
    |  `- error: unknown attribute 'nonexhaustive'
202 | public enum MLKEM1024: Sendable {}
203 |
/host/spi-builder-workspace/.build/checkouts/swift-crypto/Sources/Crypto/KEM/XWing.swift:34:2: error: unknown attribute 'nonexhaustive'
 32 | /// The X-Wing (ML-KEM768 with X25519) Key Encapsulation Mechanism, defined in
 33 | /// https://datatracker.ietf.org/doc/html/draft-connolly-cfrg-xwing-kem-06
 34 | @nonexhaustive
    |  `- error: unknown attribute 'nonexhaustive'
 35 | public enum XWingMLKEM768X25519: Sendable {}
 36 |
/host/spi-builder-workspace/.build/checkouts/swift-crypto/Sources/Crypto/Key Agreement/ECDH.swift:36:6: error: unknown attribute 'nonexhaustive'
  34 |     /// A mechanism used to create or verify a cryptographic signature using
  35 |     /// the NIST P-256 elliptic curve digital signature algorithm (ECDSA).
  36 |     @nonexhaustive
     |      `- error: unknown attribute 'nonexhaustive'
  37 |     public enum Signing: Sendable {
  38 |
/host/spi-builder-workspace/.build/checkouts/swift-crypto/Sources/Crypto/Key Agreement/ECDH.swift:260:6: error: unknown attribute 'nonexhaustive'
 258 |     /// performing NIST P-256 elliptic curve Diffie Hellman (ECDH) key
 259 |     /// exchange.
 260 |     @nonexhaustive
     |      `- error: unknown attribute 'nonexhaustive'
 261 |     public enum KeyAgreement: Sendable {
 262 |
/host/spi-builder-workspace/.build/checkouts/swift-crypto/Sources/Crypto/Key Agreement/ECDH.swift:483:6: error: unknown attribute 'nonexhaustive'
 481 |     /// A mechanism used to create or verify a cryptographic signature using
 482 |     /// the NIST P-384 elliptic curve digital signature algorithm (ECDSA).
 483 |     @nonexhaustive
     |      `- error: unknown attribute 'nonexhaustive'
 484 |     public enum Signing: Sendable {
 485 |
/host/spi-builder-workspace/.build/checkouts/swift-crypto/Sources/Crypto/Key Agreement/ECDH.swift:707:6: error: unknown attribute 'nonexhaustive'
 705 |     /// performing NIST P-384 elliptic curve Diffie Hellman (ECDH) key
 706 |     /// exchange.
 707 |     @nonexhaustive
     |      `- error: unknown attribute 'nonexhaustive'
 708 |     public enum KeyAgreement: Sendable {
 709 |
/host/spi-builder-workspace/.build/checkouts/swift-crypto/Sources/Crypto/Key Agreement/ECDH.swift:930:6: error: unknown attribute 'nonexhaustive'
 928 |     /// A mechanism used to create or verify a cryptographic signature using
 929 |     /// the NIST P-521 elliptic curve digital signature algorithm (ECDSA).
 930 |     @nonexhaustive
     |      `- error: unknown attribute 'nonexhaustive'
 931 |     public enum Signing: Sendable {
 932 |
/host/spi-builder-workspace/.build/checkouts/swift-crypto/Sources/Crypto/Key Agreement/ECDH.swift:1154:6: error: unknown attribute 'nonexhaustive'
1152 |     /// performing NIST P-521 elliptic curve Diffie Hellman (ECDH) key
1153 |     /// exchange.
1154 |     @nonexhaustive
     |      `- error: unknown attribute 'nonexhaustive'
1155 |     public enum KeyAgreement: Sendable {
1156 |
[492/555] Compiling Crypto ECDH.swift
/host/spi-builder-workspace/.build/checkouts/swift-crypto/Sources/Crypto/KEM/KEM-Errors.swift:27:6: error: unknown attribute 'nonexhaustive'
25 | extension KEM {
26 |     /// Errors that CryptoKit throws when it encounters problems in key encapsulation mechanism (KEM) operations.
27 |     @nonexhaustive
   |      `- error: unknown attribute 'nonexhaustive'
28 |     public enum Errors: Error {
29 |         /// The public key CryptoKit receives when it initializes a key encapsulation operation doesn't match the expected value.
/host/spi-builder-workspace/.build/checkouts/swift-crypto/Sources/Crypto/KEM/KEM.swift:28:2: error: unknown attribute 'nonexhaustive'
26 | ///
27 | /// Use a key encapsulation mechanism (KEM) to protect a symmetric cryptographic key that you share with another party.
28 | @nonexhaustive
   |  `- error: unknown attribute 'nonexhaustive'
29 | public enum KEM: Sendable {
30 |     /// The result of a key encapsulation operation.
/host/spi-builder-workspace/.build/checkouts/swift-crypto/Sources/Crypto/KEM/MLKEM.swift:30:2: error: unknown attribute 'nonexhaustive'
 28 |
 29 | /// The Module-Lattice key encapsulation mechanism (KEM).
 30 | @nonexhaustive
    |  `- error: unknown attribute 'nonexhaustive'
 31 | public enum MLKEM768: Sendable {}
 32 |
/host/spi-builder-workspace/.build/checkouts/swift-crypto/Sources/Crypto/KEM/MLKEM.swift:201:2: error: unknown attribute 'nonexhaustive'
199 |
200 | /// The Module-Lattice key encapsulation mechanism (KEM).
201 | @nonexhaustive
    |  `- error: unknown attribute 'nonexhaustive'
202 | public enum MLKEM1024: Sendable {}
203 |
/host/spi-builder-workspace/.build/checkouts/swift-crypto/Sources/Crypto/KEM/XWing.swift:34:2: error: unknown attribute 'nonexhaustive'
 32 | /// The X-Wing (ML-KEM768 with X25519) Key Encapsulation Mechanism, defined in
 33 | /// https://datatracker.ietf.org/doc/html/draft-connolly-cfrg-xwing-kem-06
 34 | @nonexhaustive
    |  `- error: unknown attribute 'nonexhaustive'
 35 | public enum XWingMLKEM768X25519: Sendable {}
 36 |
/host/spi-builder-workspace/.build/checkouts/swift-crypto/Sources/Crypto/Key Agreement/ECDH.swift:36:6: error: unknown attribute 'nonexhaustive'
  34 |     /// A mechanism used to create or verify a cryptographic signature using
  35 |     /// the NIST P-256 elliptic curve digital signature algorithm (ECDSA).
  36 |     @nonexhaustive
     |      `- error: unknown attribute 'nonexhaustive'
  37 |     public enum Signing: Sendable {
  38 |
/host/spi-builder-workspace/.build/checkouts/swift-crypto/Sources/Crypto/Key Agreement/ECDH.swift:260:6: error: unknown attribute 'nonexhaustive'
 258 |     /// performing NIST P-256 elliptic curve Diffie Hellman (ECDH) key
 259 |     /// exchange.
 260 |     @nonexhaustive
     |      `- error: unknown attribute 'nonexhaustive'
 261 |     public enum KeyAgreement: Sendable {
 262 |
/host/spi-builder-workspace/.build/checkouts/swift-crypto/Sources/Crypto/Key Agreement/ECDH.swift:483:6: error: unknown attribute 'nonexhaustive'
 481 |     /// A mechanism used to create or verify a cryptographic signature using
 482 |     /// the NIST P-384 elliptic curve digital signature algorithm (ECDSA).
 483 |     @nonexhaustive
     |      `- error: unknown attribute 'nonexhaustive'
 484 |     public enum Signing: Sendable {
 485 |
/host/spi-builder-workspace/.build/checkouts/swift-crypto/Sources/Crypto/Key Agreement/ECDH.swift:707:6: error: unknown attribute 'nonexhaustive'
 705 |     /// performing NIST P-384 elliptic curve Diffie Hellman (ECDH) key
 706 |     /// exchange.
 707 |     @nonexhaustive
     |      `- error: unknown attribute 'nonexhaustive'
 708 |     public enum KeyAgreement: Sendable {
 709 |
/host/spi-builder-workspace/.build/checkouts/swift-crypto/Sources/Crypto/Key Agreement/ECDH.swift:930:6: error: unknown attribute 'nonexhaustive'
 928 |     /// A mechanism used to create or verify a cryptographic signature using
 929 |     /// the NIST P-521 elliptic curve digital signature algorithm (ECDSA).
 930 |     @nonexhaustive
     |      `- error: unknown attribute 'nonexhaustive'
 931 |     public enum Signing: Sendable {
 932 |
/host/spi-builder-workspace/.build/checkouts/swift-crypto/Sources/Crypto/Key Agreement/ECDH.swift:1154:6: error: unknown attribute 'nonexhaustive'
1152 |     /// performing NIST P-521 elliptic curve Diffie Hellman (ECDH) key
1153 |     /// exchange.
1154 |     @nonexhaustive
     |      `- error: unknown attribute 'nonexhaustive'
1155 |     public enum KeyAgreement: Sendable {
1156 |
[493/555] Compiling Crypto ANSIx963.swift
/host/spi-builder-workspace/.build/checkouts/swift-crypto/Sources/Crypto/KEM/KEM-Errors.swift:27:6: error: unknown attribute 'nonexhaustive'
25 | extension KEM {
26 |     /// Errors that CryptoKit throws when it encounters problems in key encapsulation mechanism (KEM) operations.
27 |     @nonexhaustive
   |      `- error: unknown attribute 'nonexhaustive'
28 |     public enum Errors: Error {
29 |         /// The public key CryptoKit receives when it initializes a key encapsulation operation doesn't match the expected value.
/host/spi-builder-workspace/.build/checkouts/swift-crypto/Sources/Crypto/KEM/KEM.swift:28:2: error: unknown attribute 'nonexhaustive'
26 | ///
27 | /// Use a key encapsulation mechanism (KEM) to protect a symmetric cryptographic key that you share with another party.
28 | @nonexhaustive
   |  `- error: unknown attribute 'nonexhaustive'
29 | public enum KEM: Sendable {
30 |     /// The result of a key encapsulation operation.
/host/spi-builder-workspace/.build/checkouts/swift-crypto/Sources/Crypto/KEM/MLKEM.swift:30:2: error: unknown attribute 'nonexhaustive'
 28 |
 29 | /// The Module-Lattice key encapsulation mechanism (KEM).
 30 | @nonexhaustive
    |  `- error: unknown attribute 'nonexhaustive'
 31 | public enum MLKEM768: Sendable {}
 32 |
/host/spi-builder-workspace/.build/checkouts/swift-crypto/Sources/Crypto/KEM/MLKEM.swift:201:2: error: unknown attribute 'nonexhaustive'
199 |
200 | /// The Module-Lattice key encapsulation mechanism (KEM).
201 | @nonexhaustive
    |  `- error: unknown attribute 'nonexhaustive'
202 | public enum MLKEM1024: Sendable {}
203 |
/host/spi-builder-workspace/.build/checkouts/swift-crypto/Sources/Crypto/KEM/XWing.swift:34:2: error: unknown attribute 'nonexhaustive'
 32 | /// The X-Wing (ML-KEM768 with X25519) Key Encapsulation Mechanism, defined in
 33 | /// https://datatracker.ietf.org/doc/html/draft-connolly-cfrg-xwing-kem-06
 34 | @nonexhaustive
    |  `- error: unknown attribute 'nonexhaustive'
 35 | public enum XWingMLKEM768X25519: Sendable {}
 36 |
/host/spi-builder-workspace/.build/checkouts/swift-crypto/Sources/Crypto/Key Agreement/ECDH.swift:36:6: error: unknown attribute 'nonexhaustive'
  34 |     /// A mechanism used to create or verify a cryptographic signature using
  35 |     /// the NIST P-256 elliptic curve digital signature algorithm (ECDSA).
  36 |     @nonexhaustive
     |      `- error: unknown attribute 'nonexhaustive'
  37 |     public enum Signing: Sendable {
  38 |
/host/spi-builder-workspace/.build/checkouts/swift-crypto/Sources/Crypto/Key Agreement/ECDH.swift:260:6: error: unknown attribute 'nonexhaustive'
 258 |     /// performing NIST P-256 elliptic curve Diffie Hellman (ECDH) key
 259 |     /// exchange.
 260 |     @nonexhaustive
     |      `- error: unknown attribute 'nonexhaustive'
 261 |     public enum KeyAgreement: Sendable {
 262 |
/host/spi-builder-workspace/.build/checkouts/swift-crypto/Sources/Crypto/Key Agreement/ECDH.swift:483:6: error: unknown attribute 'nonexhaustive'
 481 |     /// A mechanism used to create or verify a cryptographic signature using
 482 |     /// the NIST P-384 elliptic curve digital signature algorithm (ECDSA).
 483 |     @nonexhaustive
     |      `- error: unknown attribute 'nonexhaustive'
 484 |     public enum Signing: Sendable {
 485 |
/host/spi-builder-workspace/.build/checkouts/swift-crypto/Sources/Crypto/Key Agreement/ECDH.swift:707:6: error: unknown attribute 'nonexhaustive'
 705 |     /// performing NIST P-384 elliptic curve Diffie Hellman (ECDH) key
 706 |     /// exchange.
 707 |     @nonexhaustive
     |      `- error: unknown attribute 'nonexhaustive'
 708 |     public enum KeyAgreement: Sendable {
 709 |
/host/spi-builder-workspace/.build/checkouts/swift-crypto/Sources/Crypto/Key Agreement/ECDH.swift:930:6: error: unknown attribute 'nonexhaustive'
 928 |     /// A mechanism used to create or verify a cryptographic signature using
 929 |     /// the NIST P-521 elliptic curve digital signature algorithm (ECDSA).
 930 |     @nonexhaustive
     |      `- error: unknown attribute 'nonexhaustive'
 931 |     public enum Signing: Sendable {
 932 |
/host/spi-builder-workspace/.build/checkouts/swift-crypto/Sources/Crypto/Key Agreement/ECDH.swift:1154:6: error: unknown attribute 'nonexhaustive'
1152 |     /// performing NIST P-521 elliptic curve Diffie Hellman (ECDH) key
1153 |     /// exchange.
1154 |     @nonexhaustive
     |      `- error: unknown attribute 'nonexhaustive'
1155 |     public enum KeyAgreement: Sendable {
1156 |
[494/555] Compiling Crypto HKDF.swift
/host/spi-builder-workspace/.build/checkouts/swift-crypto/Sources/Crypto/KEM/KEM-Errors.swift:27:6: error: unknown attribute 'nonexhaustive'
25 | extension KEM {
26 |     /// Errors that CryptoKit throws when it encounters problems in key encapsulation mechanism (KEM) operations.
27 |     @nonexhaustive
   |      `- error: unknown attribute 'nonexhaustive'
28 |     public enum Errors: Error {
29 |         /// The public key CryptoKit receives when it initializes a key encapsulation operation doesn't match the expected value.
/host/spi-builder-workspace/.build/checkouts/swift-crypto/Sources/Crypto/KEM/KEM.swift:28:2: error: unknown attribute 'nonexhaustive'
26 | ///
27 | /// Use a key encapsulation mechanism (KEM) to protect a symmetric cryptographic key that you share with another party.
28 | @nonexhaustive
   |  `- error: unknown attribute 'nonexhaustive'
29 | public enum KEM: Sendable {
30 |     /// The result of a key encapsulation operation.
/host/spi-builder-workspace/.build/checkouts/swift-crypto/Sources/Crypto/KEM/MLKEM.swift:30:2: error: unknown attribute 'nonexhaustive'
 28 |
 29 | /// The Module-Lattice key encapsulation mechanism (KEM).
 30 | @nonexhaustive
    |  `- error: unknown attribute 'nonexhaustive'
 31 | public enum MLKEM768: Sendable {}
 32 |
/host/spi-builder-workspace/.build/checkouts/swift-crypto/Sources/Crypto/KEM/MLKEM.swift:201:2: error: unknown attribute 'nonexhaustive'
199 |
200 | /// The Module-Lattice key encapsulation mechanism (KEM).
201 | @nonexhaustive
    |  `- error: unknown attribute 'nonexhaustive'
202 | public enum MLKEM1024: Sendable {}
203 |
/host/spi-builder-workspace/.build/checkouts/swift-crypto/Sources/Crypto/KEM/XWing.swift:34:2: error: unknown attribute 'nonexhaustive'
 32 | /// The X-Wing (ML-KEM768 with X25519) Key Encapsulation Mechanism, defined in
 33 | /// https://datatracker.ietf.org/doc/html/draft-connolly-cfrg-xwing-kem-06
 34 | @nonexhaustive
    |  `- error: unknown attribute 'nonexhaustive'
 35 | public enum XWingMLKEM768X25519: Sendable {}
 36 |
/host/spi-builder-workspace/.build/checkouts/swift-crypto/Sources/Crypto/Key Agreement/ECDH.swift:36:6: error: unknown attribute 'nonexhaustive'
  34 |     /// A mechanism used to create or verify a cryptographic signature using
  35 |     /// the NIST P-256 elliptic curve digital signature algorithm (ECDSA).
  36 |     @nonexhaustive
     |      `- error: unknown attribute 'nonexhaustive'
  37 |     public enum Signing: Sendable {
  38 |
/host/spi-builder-workspace/.build/checkouts/swift-crypto/Sources/Crypto/Key Agreement/ECDH.swift:260:6: error: unknown attribute 'nonexhaustive'
 258 |     /// performing NIST P-256 elliptic curve Diffie Hellman (ECDH) key
 259 |     /// exchange.
 260 |     @nonexhaustive
     |      `- error: unknown attribute 'nonexhaustive'
 261 |     public enum KeyAgreement: Sendable {
 262 |
/host/spi-builder-workspace/.build/checkouts/swift-crypto/Sources/Crypto/Key Agreement/ECDH.swift:483:6: error: unknown attribute 'nonexhaustive'
 481 |     /// A mechanism used to create or verify a cryptographic signature using
 482 |     /// the NIST P-384 elliptic curve digital signature algorithm (ECDSA).
 483 |     @nonexhaustive
     |      `- error: unknown attribute 'nonexhaustive'
 484 |     public enum Signing: Sendable {
 485 |
/host/spi-builder-workspace/.build/checkouts/swift-crypto/Sources/Crypto/Key Agreement/ECDH.swift:707:6: error: unknown attribute 'nonexhaustive'
 705 |     /// performing NIST P-384 elliptic curve Diffie Hellman (ECDH) key
 706 |     /// exchange.
 707 |     @nonexhaustive
     |      `- error: unknown attribute 'nonexhaustive'
 708 |     public enum KeyAgreement: Sendable {
 709 |
/host/spi-builder-workspace/.build/checkouts/swift-crypto/Sources/Crypto/Key Agreement/ECDH.swift:930:6: error: unknown attribute 'nonexhaustive'
 928 |     /// A mechanism used to create or verify a cryptographic signature using
 929 |     /// the NIST P-521 elliptic curve digital signature algorithm (ECDSA).
 930 |     @nonexhaustive
     |      `- error: unknown attribute 'nonexhaustive'
 931 |     public enum Signing: Sendable {
 932 |
/host/spi-builder-workspace/.build/checkouts/swift-crypto/Sources/Crypto/Key Agreement/ECDH.swift:1154:6: error: unknown attribute 'nonexhaustive'
1152 |     /// performing NIST P-521 elliptic curve Diffie Hellman (ECDH) key
1153 |     /// exchange.
1154 |     @nonexhaustive
     |      `- error: unknown attribute 'nonexhaustive'
1155 |     public enum KeyAgreement: Sendable {
1156 |
[495/555] Compiling Crypto ASN1OctetString.swift
/host/spi-builder-workspace/.build/checkouts/swift-crypto/Sources/Crypto/CryptoKitErrors.swift:19:2: error: unknown attribute 'nonexhaustive'
 17 | #else
 18 | /// General cryptography errors used by CryptoKit.
 19 | @nonexhaustive
    |  `- error: unknown attribute 'nonexhaustive'
 20 | public enum CryptoKitError: Error {
 21 |     /// The key size is incorrect.
/host/spi-builder-workspace/.build/checkouts/swift-crypto/Sources/Crypto/CryptoKitErrors.swift:41:2: error: unknown attribute 'nonexhaustive'
 39 |
 40 | /// Errors from decoding ASN.1 content.
 41 | @nonexhaustive
    |  `- error: unknown attribute 'nonexhaustive'
 42 | public enum CryptoKitASN1Error: Equatable, Error, Hashable {
 43 |     /// The ASN.1 tag for this field is invalid or unsupported.
[496/555] Compiling Crypto ASN1Strings.swift
/host/spi-builder-workspace/.build/checkouts/swift-crypto/Sources/Crypto/CryptoKitErrors.swift:19:2: error: unknown attribute 'nonexhaustive'
 17 | #else
 18 | /// General cryptography errors used by CryptoKit.
 19 | @nonexhaustive
    |  `- error: unknown attribute 'nonexhaustive'
 20 | public enum CryptoKitError: Error {
 21 |     /// The key size is incorrect.
/host/spi-builder-workspace/.build/checkouts/swift-crypto/Sources/Crypto/CryptoKitErrors.swift:41:2: error: unknown attribute 'nonexhaustive'
 39 |
 40 | /// Errors from decoding ASN.1 content.
 41 | @nonexhaustive
    |  `- error: unknown attribute 'nonexhaustive'
 42 | public enum CryptoKitASN1Error: Equatable, Error, Hashable {
 43 |     /// The ASN.1 tag for this field is invalid or unsupported.
[497/555] Compiling Crypto ArraySliceBigint.swift
/host/spi-builder-workspace/.build/checkouts/swift-crypto/Sources/Crypto/CryptoKitErrors.swift:19:2: error: unknown attribute 'nonexhaustive'
 17 | #else
 18 | /// General cryptography errors used by CryptoKit.
 19 | @nonexhaustive
    |  `- error: unknown attribute 'nonexhaustive'
 20 | public enum CryptoKitError: Error {
 21 |     /// The key size is incorrect.
/host/spi-builder-workspace/.build/checkouts/swift-crypto/Sources/Crypto/CryptoKitErrors.swift:41:2: error: unknown attribute 'nonexhaustive'
 39 |
 40 | /// Errors from decoding ASN.1 content.
 41 | @nonexhaustive
    |  `- error: unknown attribute 'nonexhaustive'
 42 | public enum CryptoKitASN1Error: Equatable, Error, Hashable {
 43 |     /// The ASN.1 tag for this field is invalid or unsupported.
[498/555] Compiling Crypto GeneralizedTime.swift
/host/spi-builder-workspace/.build/checkouts/swift-crypto/Sources/Crypto/CryptoKitErrors.swift:19:2: error: unknown attribute 'nonexhaustive'
 17 | #else
 18 | /// General cryptography errors used by CryptoKit.
 19 | @nonexhaustive
    |  `- error: unknown attribute 'nonexhaustive'
 20 | public enum CryptoKitError: Error {
 21 |     /// The key size is incorrect.
/host/spi-builder-workspace/.build/checkouts/swift-crypto/Sources/Crypto/CryptoKitErrors.swift:41:2: error: unknown attribute 'nonexhaustive'
 39 |
 40 | /// Errors from decoding ASN.1 content.
 41 | @nonexhaustive
    |  `- error: unknown attribute 'nonexhaustive'
 42 | public enum CryptoKitASN1Error: Equatable, Error, Hashable {
 43 |     /// The ASN.1 tag for this field is invalid or unsupported.
[499/555] Compiling Crypto ObjectIdentifier.swift
/host/spi-builder-workspace/.build/checkouts/swift-crypto/Sources/Crypto/CryptoKitErrors.swift:19:2: error: unknown attribute 'nonexhaustive'
 17 | #else
 18 | /// General cryptography errors used by CryptoKit.
 19 | @nonexhaustive
    |  `- error: unknown attribute 'nonexhaustive'
 20 | public enum CryptoKitError: Error {
 21 |     /// The key size is incorrect.
/host/spi-builder-workspace/.build/checkouts/swift-crypto/Sources/Crypto/CryptoKitErrors.swift:41:2: error: unknown attribute 'nonexhaustive'
 39 |
 40 | /// Errors from decoding ASN.1 content.
 41 | @nonexhaustive
    |  `- error: unknown attribute 'nonexhaustive'
 42 | public enum CryptoKitASN1Error: Equatable, Error, Hashable {
 43 |     /// The ASN.1 tag for this field is invalid or unsupported.
[500/555] Compiling Crypto ECDSASignature.swift
/host/spi-builder-workspace/.build/checkouts/swift-crypto/Sources/Crypto/CryptoKitErrors.swift:19:2: error: unknown attribute 'nonexhaustive'
 17 | #else
 18 | /// General cryptography errors used by CryptoKit.
 19 | @nonexhaustive
    |  `- error: unknown attribute 'nonexhaustive'
 20 | public enum CryptoKitError: Error {
 21 |     /// The key size is incorrect.
/host/spi-builder-workspace/.build/checkouts/swift-crypto/Sources/Crypto/CryptoKitErrors.swift:41:2: error: unknown attribute 'nonexhaustive'
 39 |
 40 | /// Errors from decoding ASN.1 content.
 41 | @nonexhaustive
    |  `- error: unknown attribute 'nonexhaustive'
 42 | public enum CryptoKitASN1Error: Equatable, Error, Hashable {
 43 |     /// The ASN.1 tag for this field is invalid or unsupported.
[501/555] Compiling Crypto PEMDocument.swift
/host/spi-builder-workspace/.build/checkouts/swift-crypto/Sources/Crypto/CryptoKitErrors.swift:19:2: error: unknown attribute 'nonexhaustive'
 17 | #else
 18 | /// General cryptography errors used by CryptoKit.
 19 | @nonexhaustive
    |  `- error: unknown attribute 'nonexhaustive'
 20 | public enum CryptoKitError: Error {
 21 |     /// The key size is incorrect.
/host/spi-builder-workspace/.build/checkouts/swift-crypto/Sources/Crypto/CryptoKitErrors.swift:41:2: error: unknown attribute 'nonexhaustive'
 39 |
 40 | /// Errors from decoding ASN.1 content.
 41 | @nonexhaustive
    |  `- error: unknown attribute 'nonexhaustive'
 42 | public enum CryptoKitASN1Error: Equatable, Error, Hashable {
 43 |     /// The ASN.1 tag for this field is invalid or unsupported.
[502/555] Compiling Crypto PKCS8PrivateKey.swift
/host/spi-builder-workspace/.build/checkouts/swift-crypto/Sources/Crypto/CryptoKitErrors.swift:19:2: error: unknown attribute 'nonexhaustive'
 17 | #else
 18 | /// General cryptography errors used by CryptoKit.
 19 | @nonexhaustive
    |  `- error: unknown attribute 'nonexhaustive'
 20 | public enum CryptoKitError: Error {
 21 |     /// The key size is incorrect.
/host/spi-builder-workspace/.build/checkouts/swift-crypto/Sources/Crypto/CryptoKitErrors.swift:41:2: error: unknown attribute 'nonexhaustive'
 39 |
 40 | /// Errors from decoding ASN.1 content.
 41 | @nonexhaustive
    |  `- error: unknown attribute 'nonexhaustive'
 42 | public enum CryptoKitASN1Error: Equatable, Error, Hashable {
 43 |     /// The ASN.1 tag for this field is invalid or unsupported.
[503/555] Compiling Crypto SEC1PrivateKey.swift
/host/spi-builder-workspace/.build/checkouts/swift-crypto/Sources/Crypto/CryptoKitErrors.swift:19:2: error: unknown attribute 'nonexhaustive'
 17 | #else
 18 | /// General cryptography errors used by CryptoKit.
 19 | @nonexhaustive
    |  `- error: unknown attribute 'nonexhaustive'
 20 | public enum CryptoKitError: Error {
 21 |     /// The key size is incorrect.
/host/spi-builder-workspace/.build/checkouts/swift-crypto/Sources/Crypto/CryptoKitErrors.swift:41:2: error: unknown attribute 'nonexhaustive'
 39 |
 40 | /// Errors from decoding ASN.1 content.
 41 | @nonexhaustive
    |  `- error: unknown attribute 'nonexhaustive'
 42 | public enum CryptoKitASN1Error: Equatable, Error, Hashable {
 43 |     /// The ASN.1 tag for this field is invalid or unsupported.
[504/555] Compiling Crypto SubjectPublicKeyInfo.swift
/host/spi-builder-workspace/.build/checkouts/swift-crypto/Sources/Crypto/CryptoKitErrors.swift:19:2: error: unknown attribute 'nonexhaustive'
 17 | #else
 18 | /// General cryptography errors used by CryptoKit.
 19 | @nonexhaustive
    |  `- error: unknown attribute 'nonexhaustive'
 20 | public enum CryptoKitError: Error {
 21 |     /// The key size is incorrect.
/host/spi-builder-workspace/.build/checkouts/swift-crypto/Sources/Crypto/CryptoKitErrors.swift:41:2: error: unknown attribute 'nonexhaustive'
 39 |
 40 | /// Errors from decoding ASN.1 content.
 41 | @nonexhaustive
    |  `- error: unknown attribute 'nonexhaustive'
 42 | public enum CryptoKitASN1Error: Equatable, Error, Hashable {
 43 |     /// The ASN.1 tag for this field is invalid or unsupported.
[505/555] Compiling Crypto CryptoError_boring.swift
/host/spi-builder-workspace/.build/checkouts/swift-crypto/Sources/Crypto/CryptoKitErrors.swift:19:2: error: unknown attribute 'nonexhaustive'
 17 | #else
 18 | /// General cryptography errors used by CryptoKit.
 19 | @nonexhaustive
    |  `- error: unknown attribute 'nonexhaustive'
 20 | public enum CryptoKitError: Error {
 21 |     /// The key size is incorrect.
/host/spi-builder-workspace/.build/checkouts/swift-crypto/Sources/Crypto/CryptoKitErrors.swift:41:2: error: unknown attribute 'nonexhaustive'
 39 |
 40 | /// Errors from decoding ASN.1 content.
 41 | @nonexhaustive
    |  `- error: unknown attribute 'nonexhaustive'
 42 | public enum CryptoKitASN1Error: Equatable, Error, Hashable {
 43 |     /// The ASN.1 tag for this field is invalid or unsupported.
[506/555] Compiling Crypto CryptoKitErrors.swift
/host/spi-builder-workspace/.build/checkouts/swift-crypto/Sources/Crypto/CryptoKitErrors.swift:19:2: error: unknown attribute 'nonexhaustive'
 17 | #else
 18 | /// General cryptography errors used by CryptoKit.
 19 | @nonexhaustive
    |  `- error: unknown attribute 'nonexhaustive'
 20 | public enum CryptoKitError: Error {
 21 |     /// The key size is incorrect.
/host/spi-builder-workspace/.build/checkouts/swift-crypto/Sources/Crypto/CryptoKitErrors.swift:41:2: error: unknown attribute 'nonexhaustive'
 39 |
 40 | /// Errors from decoding ASN.1 content.
 41 | @nonexhaustive
    |  `- error: unknown attribute 'nonexhaustive'
 42 | public enum CryptoKitASN1Error: Equatable, Error, Hashable {
 43 |     /// The ASN.1 tag for this field is invalid or unsupported.
error: emit-module command failed with exit code 1 (use -v to see invocation)
[507/555] Compiling Crypto AESWrap.swift
/host/spi-builder-workspace/.build/checkouts/swift-crypto/Sources/Crypto/Key Wrapping/AESWrap.swift:30:6: error: unknown attribute 'nonexhaustive'
28 |     /// An implementation of AES Key Wrapping in accordance with the IETF RFC
29 |     /// 3394 specification.
30 |     @nonexhaustive
   |      `- error: unknown attribute 'nonexhaustive'
31 |     public enum KeyWrap: Sendable {
32 |         /// Wraps a key using the AES wrap algorithm.
/host/spi-builder-workspace/.build/checkouts/swift-crypto/Sources/Crypto/Keys/EC/Curve25519.swift:19:2: error: unknown attribute 'nonexhaustive'
17 | #else
18 | /// An elliptic curve that enables X25519 key agreement and Ed25519 signatures.
19 | @nonexhaustive
   |  `- error: unknown attribute 'nonexhaustive'
20 | public enum Curve25519: Sendable {}
21 | #endif // canImport(CryptoKit)
/host/spi-builder-workspace/.build/checkouts/swift-crypto/Sources/Crypto/Keys/EC/Ed25519Keys.swift:33:6: error: unknown attribute 'nonexhaustive'
 31 |     /// A mechanism used to create or verify a cryptographic signature using
 32 |     /// Ed25519.
 33 |     @nonexhaustive
    |      `- error: unknown attribute 'nonexhaustive'
 34 |     public enum Signing: Sendable {
 35 |         typealias Curve25519PrivateKeyImpl = Curve25519.Signing.OpenSSLCurve25519PrivateKeyImpl
/host/spi-builder-workspace/.build/checkouts/swift-crypto/Sources/Crypto/Keys/EC/NISTCurvesKeys.swift:51:2: error: unknown attribute 'nonexhaustive'
49 |
50 | /// An elliptic curve that enables NIST P-256 signatures and key agreement.
51 | @nonexhaustive
   |  `- error: unknown attribute 'nonexhaustive'
52 | public enum P256: Sendable { }
53 |
/host/spi-builder-workspace/.build/checkouts/swift-crypto/Sources/Crypto/Keys/EC/NISTCurvesKeys.swift:55:2: error: unknown attribute 'nonexhaustive'
53 |
54 | /// An elliptic curve that enables NIST P-384 signatures and key agreement.
55 | @nonexhaustive
   |  `- error: unknown attribute 'nonexhaustive'
56 | public enum P384: Sendable { }
57 |
/host/spi-builder-workspace/.build/checkouts/swift-crypto/Sources/Crypto/Keys/EC/NISTCurvesKeys.swift:59:2: error: unknown attribute 'nonexhaustive'
57 |
58 | /// An elliptic curve that enables NIST P-521 signatures and key agreement.
59 | @nonexhaustive
   |  `- error: unknown attribute 'nonexhaustive'
60 | public enum P521: Sendable { }
61 | #endif // canImport(CryptoKit)
/host/spi-builder-workspace/.build/checkouts/swift-crypto/Sources/Crypto/Keys/EC/X25519Keys.swift:33:6: error: unknown attribute 'nonexhaustive'
 31 |     /// A mechanism used to create a shared secret between two users by
 32 |     /// performing X25519 key agreement.
 33 |     @nonexhaustive
    |      `- error: unknown attribute 'nonexhaustive'
 34 |     public enum KeyAgreement: Sendable {
 35 |         typealias Curve25519PrivateKeyImpl = Curve25519.KeyAgreement.OpenSSLCurve25519PrivateKeyImpl
[508/555] Compiling Crypto AESWrap_boring.swift
/host/spi-builder-workspace/.build/checkouts/swift-crypto/Sources/Crypto/Key Wrapping/AESWrap.swift:30:6: error: unknown attribute 'nonexhaustive'
28 |     /// An implementation of AES Key Wrapping in accordance with the IETF RFC
29 |     /// 3394 specification.
30 |     @nonexhaustive
   |      `- error: unknown attribute 'nonexhaustive'
31 |     public enum KeyWrap: Sendable {
32 |         /// Wraps a key using the AES wrap algorithm.
/host/spi-builder-workspace/.build/checkouts/swift-crypto/Sources/Crypto/Keys/EC/Curve25519.swift:19:2: error: unknown attribute 'nonexhaustive'
17 | #else
18 | /// An elliptic curve that enables X25519 key agreement and Ed25519 signatures.
19 | @nonexhaustive
   |  `- error: unknown attribute 'nonexhaustive'
20 | public enum Curve25519: Sendable {}
21 | #endif // canImport(CryptoKit)
/host/spi-builder-workspace/.build/checkouts/swift-crypto/Sources/Crypto/Keys/EC/Ed25519Keys.swift:33:6: error: unknown attribute 'nonexhaustive'
 31 |     /// A mechanism used to create or verify a cryptographic signature using
 32 |     /// Ed25519.
 33 |     @nonexhaustive
    |      `- error: unknown attribute 'nonexhaustive'
 34 |     public enum Signing: Sendable {
 35 |         typealias Curve25519PrivateKeyImpl = Curve25519.Signing.OpenSSLCurve25519PrivateKeyImpl
/host/spi-builder-workspace/.build/checkouts/swift-crypto/Sources/Crypto/Keys/EC/NISTCurvesKeys.swift:51:2: error: unknown attribute 'nonexhaustive'
49 |
50 | /// An elliptic curve that enables NIST P-256 signatures and key agreement.
51 | @nonexhaustive
   |  `- error: unknown attribute 'nonexhaustive'
52 | public enum P256: Sendable { }
53 |
/host/spi-builder-workspace/.build/checkouts/swift-crypto/Sources/Crypto/Keys/EC/NISTCurvesKeys.swift:55:2: error: unknown attribute 'nonexhaustive'
53 |
54 | /// An elliptic curve that enables NIST P-384 signatures and key agreement.
55 | @nonexhaustive
   |  `- error: unknown attribute 'nonexhaustive'
56 | public enum P384: Sendable { }
57 |
/host/spi-builder-workspace/.build/checkouts/swift-crypto/Sources/Crypto/Keys/EC/NISTCurvesKeys.swift:59:2: error: unknown attribute 'nonexhaustive'
57 |
58 | /// An elliptic curve that enables NIST P-521 signatures and key agreement.
59 | @nonexhaustive
   |  `- error: unknown attribute 'nonexhaustive'
60 | public enum P521: Sendable { }
61 | #endif // canImport(CryptoKit)
/host/spi-builder-workspace/.build/checkouts/swift-crypto/Sources/Crypto/Keys/EC/X25519Keys.swift:33:6: error: unknown attribute 'nonexhaustive'
 31 |     /// A mechanism used to create a shared secret between two users by
 32 |     /// performing X25519 key agreement.
 33 |     @nonexhaustive
    |      `- error: unknown attribute 'nonexhaustive'
 34 |     public enum KeyAgreement: Sendable {
 35 |         typealias Curve25519PrivateKeyImpl = Curve25519.KeyAgreement.OpenSSLCurve25519PrivateKeyImpl
[509/555] Compiling Crypto Ed25519_boring.swift
/host/spi-builder-workspace/.build/checkouts/swift-crypto/Sources/Crypto/Key Wrapping/AESWrap.swift:30:6: error: unknown attribute 'nonexhaustive'
28 |     /// An implementation of AES Key Wrapping in accordance with the IETF RFC
29 |     /// 3394 specification.
30 |     @nonexhaustive
   |      `- error: unknown attribute 'nonexhaustive'
31 |     public enum KeyWrap: Sendable {
32 |         /// Wraps a key using the AES wrap algorithm.
/host/spi-builder-workspace/.build/checkouts/swift-crypto/Sources/Crypto/Keys/EC/Curve25519.swift:19:2: error: unknown attribute 'nonexhaustive'
17 | #else
18 | /// An elliptic curve that enables X25519 key agreement and Ed25519 signatures.
19 | @nonexhaustive
   |  `- error: unknown attribute 'nonexhaustive'
20 | public enum Curve25519: Sendable {}
21 | #endif // canImport(CryptoKit)
/host/spi-builder-workspace/.build/checkouts/swift-crypto/Sources/Crypto/Keys/EC/Ed25519Keys.swift:33:6: error: unknown attribute 'nonexhaustive'
 31 |     /// A mechanism used to create or verify a cryptographic signature using
 32 |     /// Ed25519.
 33 |     @nonexhaustive
    |      `- error: unknown attribute 'nonexhaustive'
 34 |     public enum Signing: Sendable {
 35 |         typealias Curve25519PrivateKeyImpl = Curve25519.Signing.OpenSSLCurve25519PrivateKeyImpl
/host/spi-builder-workspace/.build/checkouts/swift-crypto/Sources/Crypto/Keys/EC/NISTCurvesKeys.swift:51:2: error: unknown attribute 'nonexhaustive'
49 |
50 | /// An elliptic curve that enables NIST P-256 signatures and key agreement.
51 | @nonexhaustive
   |  `- error: unknown attribute 'nonexhaustive'
52 | public enum P256: Sendable { }
53 |
/host/spi-builder-workspace/.build/checkouts/swift-crypto/Sources/Crypto/Keys/EC/NISTCurvesKeys.swift:55:2: error: unknown attribute 'nonexhaustive'
53 |
54 | /// An elliptic curve that enables NIST P-384 signatures and key agreement.
55 | @nonexhaustive
   |  `- error: unknown attribute 'nonexhaustive'
56 | public enum P384: Sendable { }
57 |
/host/spi-builder-workspace/.build/checkouts/swift-crypto/Sources/Crypto/Keys/EC/NISTCurvesKeys.swift:59:2: error: unknown attribute 'nonexhaustive'
57 |
58 | /// An elliptic curve that enables NIST P-521 signatures and key agreement.
59 | @nonexhaustive
   |  `- error: unknown attribute 'nonexhaustive'
60 | public enum P521: Sendable { }
61 | #endif // canImport(CryptoKit)
/host/spi-builder-workspace/.build/checkouts/swift-crypto/Sources/Crypto/Keys/EC/X25519Keys.swift:33:6: error: unknown attribute 'nonexhaustive'
 31 |     /// A mechanism used to create a shared secret between two users by
 32 |     /// performing X25519 key agreement.
 33 |     @nonexhaustive
    |      `- error: unknown attribute 'nonexhaustive'
 34 |     public enum KeyAgreement: Sendable {
 35 |         typealias Curve25519PrivateKeyImpl = Curve25519.KeyAgreement.OpenSSLCurve25519PrivateKeyImpl
[510/555] Compiling Crypto NISTCurvesKeys_boring.swift
/host/spi-builder-workspace/.build/checkouts/swift-crypto/Sources/Crypto/Key Wrapping/AESWrap.swift:30:6: error: unknown attribute 'nonexhaustive'
28 |     /// An implementation of AES Key Wrapping in accordance with the IETF RFC
29 |     /// 3394 specification.
30 |     @nonexhaustive
   |      `- error: unknown attribute 'nonexhaustive'
31 |     public enum KeyWrap: Sendable {
32 |         /// Wraps a key using the AES wrap algorithm.
/host/spi-builder-workspace/.build/checkouts/swift-crypto/Sources/Crypto/Keys/EC/Curve25519.swift:19:2: error: unknown attribute 'nonexhaustive'
17 | #else
18 | /// An elliptic curve that enables X25519 key agreement and Ed25519 signatures.
19 | @nonexhaustive
   |  `- error: unknown attribute 'nonexhaustive'
20 | public enum Curve25519: Sendable {}
21 | #endif // canImport(CryptoKit)
/host/spi-builder-workspace/.build/checkouts/swift-crypto/Sources/Crypto/Keys/EC/Ed25519Keys.swift:33:6: error: unknown attribute 'nonexhaustive'
 31 |     /// A mechanism used to create or verify a cryptographic signature using
 32 |     /// Ed25519.
 33 |     @nonexhaustive
    |      `- error: unknown attribute 'nonexhaustive'
 34 |     public enum Signing: Sendable {
 35 |         typealias Curve25519PrivateKeyImpl = Curve25519.Signing.OpenSSLCurve25519PrivateKeyImpl
/host/spi-builder-workspace/.build/checkouts/swift-crypto/Sources/Crypto/Keys/EC/NISTCurvesKeys.swift:51:2: error: unknown attribute 'nonexhaustive'
49 |
50 | /// An elliptic curve that enables NIST P-256 signatures and key agreement.
51 | @nonexhaustive
   |  `- error: unknown attribute 'nonexhaustive'
52 | public enum P256: Sendable { }
53 |
/host/spi-builder-workspace/.build/checkouts/swift-crypto/Sources/Crypto/Keys/EC/NISTCurvesKeys.swift:55:2: error: unknown attribute 'nonexhaustive'
53 |
54 | /// An elliptic curve that enables NIST P-384 signatures and key agreement.
55 | @nonexhaustive
   |  `- error: unknown attribute 'nonexhaustive'
56 | public enum P384: Sendable { }
57 |
/host/spi-builder-workspace/.build/checkouts/swift-crypto/Sources/Crypto/Keys/EC/NISTCurvesKeys.swift:59:2: error: unknown attribute 'nonexhaustive'
57 |
58 | /// An elliptic curve that enables NIST P-521 signatures and key agreement.
59 | @nonexhaustive
   |  `- error: unknown attribute 'nonexhaustive'
60 | public enum P521: Sendable { }
61 | #endif // canImport(CryptoKit)
/host/spi-builder-workspace/.build/checkouts/swift-crypto/Sources/Crypto/Keys/EC/X25519Keys.swift:33:6: error: unknown attribute 'nonexhaustive'
 31 |     /// A mechanism used to create a shared secret between two users by
 32 |     /// performing X25519 key agreement.
 33 |     @nonexhaustive
    |      `- error: unknown attribute 'nonexhaustive'
 34 |     public enum KeyAgreement: Sendable {
 35 |         typealias Curve25519PrivateKeyImpl = Curve25519.KeyAgreement.OpenSSLCurve25519PrivateKeyImpl
[511/555] Compiling Crypto X25519Keys_boring.swift
/host/spi-builder-workspace/.build/checkouts/swift-crypto/Sources/Crypto/Key Wrapping/AESWrap.swift:30:6: error: unknown attribute 'nonexhaustive'
28 |     /// An implementation of AES Key Wrapping in accordance with the IETF RFC
29 |     /// 3394 specification.
30 |     @nonexhaustive
   |      `- error: unknown attribute 'nonexhaustive'
31 |     public enum KeyWrap: Sendable {
32 |         /// Wraps a key using the AES wrap algorithm.
/host/spi-builder-workspace/.build/checkouts/swift-crypto/Sources/Crypto/Keys/EC/Curve25519.swift:19:2: error: unknown attribute 'nonexhaustive'
17 | #else
18 | /// An elliptic curve that enables X25519 key agreement and Ed25519 signatures.
19 | @nonexhaustive
   |  `- error: unknown attribute 'nonexhaustive'
20 | public enum Curve25519: Sendable {}
21 | #endif // canImport(CryptoKit)
/host/spi-builder-workspace/.build/checkouts/swift-crypto/Sources/Crypto/Keys/EC/Ed25519Keys.swift:33:6: error: unknown attribute 'nonexhaustive'
 31 |     /// A mechanism used to create or verify a cryptographic signature using
 32 |     /// Ed25519.
 33 |     @nonexhaustive
    |      `- error: unknown attribute 'nonexhaustive'
 34 |     public enum Signing: Sendable {
 35 |         typealias Curve25519PrivateKeyImpl = Curve25519.Signing.OpenSSLCurve25519PrivateKeyImpl
/host/spi-builder-workspace/.build/checkouts/swift-crypto/Sources/Crypto/Keys/EC/NISTCurvesKeys.swift:51:2: error: unknown attribute 'nonexhaustive'
49 |
50 | /// An elliptic curve that enables NIST P-256 signatures and key agreement.
51 | @nonexhaustive
   |  `- error: unknown attribute 'nonexhaustive'
52 | public enum P256: Sendable { }
53 |
/host/spi-builder-workspace/.build/checkouts/swift-crypto/Sources/Crypto/Keys/EC/NISTCurvesKeys.swift:55:2: error: unknown attribute 'nonexhaustive'
53 |
54 | /// An elliptic curve that enables NIST P-384 signatures and key agreement.
55 | @nonexhaustive
   |  `- error: unknown attribute 'nonexhaustive'
56 | public enum P384: Sendable { }
57 |
/host/spi-builder-workspace/.build/checkouts/swift-crypto/Sources/Crypto/Keys/EC/NISTCurvesKeys.swift:59:2: error: unknown attribute 'nonexhaustive'
57 |
58 | /// An elliptic curve that enables NIST P-521 signatures and key agreement.
59 | @nonexhaustive
   |  `- error: unknown attribute 'nonexhaustive'
60 | public enum P521: Sendable { }
61 | #endif // canImport(CryptoKit)
/host/spi-builder-workspace/.build/checkouts/swift-crypto/Sources/Crypto/Keys/EC/X25519Keys.swift:33:6: error: unknown attribute 'nonexhaustive'
 31 |     /// A mechanism used to create a shared secret between two users by
 32 |     /// performing X25519 key agreement.
 33 |     @nonexhaustive
    |      `- error: unknown attribute 'nonexhaustive'
 34 |     public enum KeyAgreement: Sendable {
 35 |         typealias Curve25519PrivateKeyImpl = Curve25519.KeyAgreement.OpenSSLCurve25519PrivateKeyImpl
[512/555] Compiling Crypto Curve25519.swift
/host/spi-builder-workspace/.build/checkouts/swift-crypto/Sources/Crypto/Key Wrapping/AESWrap.swift:30:6: error: unknown attribute 'nonexhaustive'
28 |     /// An implementation of AES Key Wrapping in accordance with the IETF RFC
29 |     /// 3394 specification.
30 |     @nonexhaustive
   |      `- error: unknown attribute 'nonexhaustive'
31 |     public enum KeyWrap: Sendable {
32 |         /// Wraps a key using the AES wrap algorithm.
/host/spi-builder-workspace/.build/checkouts/swift-crypto/Sources/Crypto/Keys/EC/Curve25519.swift:19:2: error: unknown attribute 'nonexhaustive'
17 | #else
18 | /// An elliptic curve that enables X25519 key agreement and Ed25519 signatures.
19 | @nonexhaustive
   |  `- error: unknown attribute 'nonexhaustive'
20 | public enum Curve25519: Sendable {}
21 | #endif // canImport(CryptoKit)
/host/spi-builder-workspace/.build/checkouts/swift-crypto/Sources/Crypto/Keys/EC/Ed25519Keys.swift:33:6: error: unknown attribute 'nonexhaustive'
 31 |     /// A mechanism used to create or verify a cryptographic signature using
 32 |     /// Ed25519.
 33 |     @nonexhaustive
    |      `- error: unknown attribute 'nonexhaustive'
 34 |     public enum Signing: Sendable {
 35 |         typealias Curve25519PrivateKeyImpl = Curve25519.Signing.OpenSSLCurve25519PrivateKeyImpl
/host/spi-builder-workspace/.build/checkouts/swift-crypto/Sources/Crypto/Keys/EC/NISTCurvesKeys.swift:51:2: error: unknown attribute 'nonexhaustive'
49 |
50 | /// An elliptic curve that enables NIST P-256 signatures and key agreement.
51 | @nonexhaustive
   |  `- error: unknown attribute 'nonexhaustive'
52 | public enum P256: Sendable { }
53 |
/host/spi-builder-workspace/.build/checkouts/swift-crypto/Sources/Crypto/Keys/EC/NISTCurvesKeys.swift:55:2: error: unknown attribute 'nonexhaustive'
53 |
54 | /// An elliptic curve that enables NIST P-384 signatures and key agreement.
55 | @nonexhaustive
   |  `- error: unknown attribute 'nonexhaustive'
56 | public enum P384: Sendable { }
57 |
/host/spi-builder-workspace/.build/checkouts/swift-crypto/Sources/Crypto/Keys/EC/NISTCurvesKeys.swift:59:2: error: unknown attribute 'nonexhaustive'
57 |
58 | /// An elliptic curve that enables NIST P-521 signatures and key agreement.
59 | @nonexhaustive
   |  `- error: unknown attribute 'nonexhaustive'
60 | public enum P521: Sendable { }
61 | #endif // canImport(CryptoKit)
/host/spi-builder-workspace/.build/checkouts/swift-crypto/Sources/Crypto/Keys/EC/X25519Keys.swift:33:6: error: unknown attribute 'nonexhaustive'
 31 |     /// A mechanism used to create a shared secret between two users by
 32 |     /// performing X25519 key agreement.
 33 |     @nonexhaustive
    |      `- error: unknown attribute 'nonexhaustive'
 34 |     public enum KeyAgreement: Sendable {
 35 |         typealias Curve25519PrivateKeyImpl = Curve25519.KeyAgreement.OpenSSLCurve25519PrivateKeyImpl
[513/555] Compiling Crypto Ed25519Keys.swift
/host/spi-builder-workspace/.build/checkouts/swift-crypto/Sources/Crypto/Key Wrapping/AESWrap.swift:30:6: error: unknown attribute 'nonexhaustive'
28 |     /// An implementation of AES Key Wrapping in accordance with the IETF RFC
29 |     /// 3394 specification.
30 |     @nonexhaustive
   |      `- error: unknown attribute 'nonexhaustive'
31 |     public enum KeyWrap: Sendable {
32 |         /// Wraps a key using the AES wrap algorithm.
/host/spi-builder-workspace/.build/checkouts/swift-crypto/Sources/Crypto/Keys/EC/Curve25519.swift:19:2: error: unknown attribute 'nonexhaustive'
17 | #else
18 | /// An elliptic curve that enables X25519 key agreement and Ed25519 signatures.
19 | @nonexhaustive
   |  `- error: unknown attribute 'nonexhaustive'
20 | public enum Curve25519: Sendable {}
21 | #endif // canImport(CryptoKit)
/host/spi-builder-workspace/.build/checkouts/swift-crypto/Sources/Crypto/Keys/EC/Ed25519Keys.swift:33:6: error: unknown attribute 'nonexhaustive'
 31 |     /// A mechanism used to create or verify a cryptographic signature using
 32 |     /// Ed25519.
 33 |     @nonexhaustive
    |      `- error: unknown attribute 'nonexhaustive'
 34 |     public enum Signing: Sendable {
 35 |         typealias Curve25519PrivateKeyImpl = Curve25519.Signing.OpenSSLCurve25519PrivateKeyImpl
/host/spi-builder-workspace/.build/checkouts/swift-crypto/Sources/Crypto/Keys/EC/NISTCurvesKeys.swift:51:2: error: unknown attribute 'nonexhaustive'
49 |
50 | /// An elliptic curve that enables NIST P-256 signatures and key agreement.
51 | @nonexhaustive
   |  `- error: unknown attribute 'nonexhaustive'
52 | public enum P256: Sendable { }
53 |
/host/spi-builder-workspace/.build/checkouts/swift-crypto/Sources/Crypto/Keys/EC/NISTCurvesKeys.swift:55:2: error: unknown attribute 'nonexhaustive'
53 |
54 | /// An elliptic curve that enables NIST P-384 signatures and key agreement.
55 | @nonexhaustive
   |  `- error: unknown attribute 'nonexhaustive'
56 | public enum P384: Sendable { }
57 |
/host/spi-builder-workspace/.build/checkouts/swift-crypto/Sources/Crypto/Keys/EC/NISTCurvesKeys.swift:59:2: error: unknown attribute 'nonexhaustive'
57 |
58 | /// An elliptic curve that enables NIST P-521 signatures and key agreement.
59 | @nonexhaustive
   |  `- error: unknown attribute 'nonexhaustive'
60 | public enum P521: Sendable { }
61 | #endif // canImport(CryptoKit)
/host/spi-builder-workspace/.build/checkouts/swift-crypto/Sources/Crypto/Keys/EC/X25519Keys.swift:33:6: error: unknown attribute 'nonexhaustive'
 31 |     /// A mechanism used to create a shared secret between two users by
 32 |     /// performing X25519 key agreement.
 33 |     @nonexhaustive
    |      `- error: unknown attribute 'nonexhaustive'
 34 |     public enum KeyAgreement: Sendable {
 35 |         typealias Curve25519PrivateKeyImpl = Curve25519.KeyAgreement.OpenSSLCurve25519PrivateKeyImpl
[514/555] Compiling Crypto NISTCurvesKeys.swift
/host/spi-builder-workspace/.build/checkouts/swift-crypto/Sources/Crypto/Key Wrapping/AESWrap.swift:30:6: error: unknown attribute 'nonexhaustive'
28 |     /// An implementation of AES Key Wrapping in accordance with the IETF RFC
29 |     /// 3394 specification.
30 |     @nonexhaustive
   |      `- error: unknown attribute 'nonexhaustive'
31 |     public enum KeyWrap: Sendable {
32 |         /// Wraps a key using the AES wrap algorithm.
/host/spi-builder-workspace/.build/checkouts/swift-crypto/Sources/Crypto/Keys/EC/Curve25519.swift:19:2: error: unknown attribute 'nonexhaustive'
17 | #else
18 | /// An elliptic curve that enables X25519 key agreement and Ed25519 signatures.
19 | @nonexhaustive
   |  `- error: unknown attribute 'nonexhaustive'
20 | public enum Curve25519: Sendable {}
21 | #endif // canImport(CryptoKit)
/host/spi-builder-workspace/.build/checkouts/swift-crypto/Sources/Crypto/Keys/EC/Ed25519Keys.swift:33:6: error: unknown attribute 'nonexhaustive'
 31 |     /// A mechanism used to create or verify a cryptographic signature using
 32 |     /// Ed25519.
 33 |     @nonexhaustive
    |      `- error: unknown attribute 'nonexhaustive'
 34 |     public enum Signing: Sendable {
 35 |         typealias Curve25519PrivateKeyImpl = Curve25519.Signing.OpenSSLCurve25519PrivateKeyImpl
/host/spi-builder-workspace/.build/checkouts/swift-crypto/Sources/Crypto/Keys/EC/NISTCurvesKeys.swift:51:2: error: unknown attribute 'nonexhaustive'
49 |
50 | /// An elliptic curve that enables NIST P-256 signatures and key agreement.
51 | @nonexhaustive
   |  `- error: unknown attribute 'nonexhaustive'
52 | public enum P256: Sendable { }
53 |
/host/spi-builder-workspace/.build/checkouts/swift-crypto/Sources/Crypto/Keys/EC/NISTCurvesKeys.swift:55:2: error: unknown attribute 'nonexhaustive'
53 |
54 | /// An elliptic curve that enables NIST P-384 signatures and key agreement.
55 | @nonexhaustive
   |  `- error: unknown attribute 'nonexhaustive'
56 | public enum P384: Sendable { }
57 |
/host/spi-builder-workspace/.build/checkouts/swift-crypto/Sources/Crypto/Keys/EC/NISTCurvesKeys.swift:59:2: error: unknown attribute 'nonexhaustive'
57 |
58 | /// An elliptic curve that enables NIST P-521 signatures and key agreement.
59 | @nonexhaustive
   |  `- error: unknown attribute 'nonexhaustive'
60 | public enum P521: Sendable { }
61 | #endif // canImport(CryptoKit)
/host/spi-builder-workspace/.build/checkouts/swift-crypto/Sources/Crypto/Keys/EC/X25519Keys.swift:33:6: error: unknown attribute 'nonexhaustive'
 31 |     /// A mechanism used to create a shared secret between two users by
 32 |     /// performing X25519 key agreement.
 33 |     @nonexhaustive
    |      `- error: unknown attribute 'nonexhaustive'
 34 |     public enum KeyAgreement: Sendable {
 35 |         typealias Curve25519PrivateKeyImpl = Curve25519.KeyAgreement.OpenSSLCurve25519PrivateKeyImpl
[515/555] Compiling Crypto X25519Keys.swift
/host/spi-builder-workspace/.build/checkouts/swift-crypto/Sources/Crypto/Key Wrapping/AESWrap.swift:30:6: error: unknown attribute 'nonexhaustive'
28 |     /// An implementation of AES Key Wrapping in accordance with the IETF RFC
29 |     /// 3394 specification.
30 |     @nonexhaustive
   |      `- error: unknown attribute 'nonexhaustive'
31 |     public enum KeyWrap: Sendable {
32 |         /// Wraps a key using the AES wrap algorithm.
/host/spi-builder-workspace/.build/checkouts/swift-crypto/Sources/Crypto/Keys/EC/Curve25519.swift:19:2: error: unknown attribute 'nonexhaustive'
17 | #else
18 | /// An elliptic curve that enables X25519 key agreement and Ed25519 signatures.
19 | @nonexhaustive
   |  `- error: unknown attribute 'nonexhaustive'
20 | public enum Curve25519: Sendable {}
21 | #endif // canImport(CryptoKit)
/host/spi-builder-workspace/.build/checkouts/swift-crypto/Sources/Crypto/Keys/EC/Ed25519Keys.swift:33:6: error: unknown attribute 'nonexhaustive'
 31 |     /// A mechanism used to create or verify a cryptographic signature using
 32 |     /// Ed25519.
 33 |     @nonexhaustive
    |      `- error: unknown attribute 'nonexhaustive'
 34 |     public enum Signing: Sendable {
 35 |         typealias Curve25519PrivateKeyImpl = Curve25519.Signing.OpenSSLCurve25519PrivateKeyImpl
/host/spi-builder-workspace/.build/checkouts/swift-crypto/Sources/Crypto/Keys/EC/NISTCurvesKeys.swift:51:2: error: unknown attribute 'nonexhaustive'
49 |
50 | /// An elliptic curve that enables NIST P-256 signatures and key agreement.
51 | @nonexhaustive
   |  `- error: unknown attribute 'nonexhaustive'
52 | public enum P256: Sendable { }
53 |
/host/spi-builder-workspace/.build/checkouts/swift-crypto/Sources/Crypto/Keys/EC/NISTCurvesKeys.swift:55:2: error: unknown attribute 'nonexhaustive'
53 |
54 | /// An elliptic curve that enables NIST P-384 signatures and key agreement.
55 | @nonexhaustive
   |  `- error: unknown attribute 'nonexhaustive'
56 | public enum P384: Sendable { }
57 |
/host/spi-builder-workspace/.build/checkouts/swift-crypto/Sources/Crypto/Keys/EC/NISTCurvesKeys.swift:59:2: error: unknown attribute 'nonexhaustive'
57 |
58 | /// An elliptic curve that enables NIST P-521 signatures and key agreement.
59 | @nonexhaustive
   |  `- error: unknown attribute 'nonexhaustive'
60 | public enum P521: Sendable { }
61 | #endif // canImport(CryptoKit)
/host/spi-builder-workspace/.build/checkouts/swift-crypto/Sources/Crypto/Keys/EC/X25519Keys.swift:33:6: error: unknown attribute 'nonexhaustive'
 31 |     /// A mechanism used to create a shared secret between two users by
 32 |     /// performing X25519 key agreement.
 33 |     @nonexhaustive
    |      `- error: unknown attribute 'nonexhaustive'
 34 |     public enum KeyAgreement: Sendable {
 35 |         typealias Curve25519PrivateKeyImpl = Curve25519.KeyAgreement.OpenSSLCurve25519PrivateKeyImpl
[516/555] Compiling Crypto SymmetricKeys.swift
/host/spi-builder-workspace/.build/checkouts/swift-crypto/Sources/Crypto/Key Wrapping/AESWrap.swift:30:6: error: unknown attribute 'nonexhaustive'
28 |     /// An implementation of AES Key Wrapping in accordance with the IETF RFC
29 |     /// 3394 specification.
30 |     @nonexhaustive
   |      `- error: unknown attribute 'nonexhaustive'
31 |     public enum KeyWrap: Sendable {
32 |         /// Wraps a key using the AES wrap algorithm.
/host/spi-builder-workspace/.build/checkouts/swift-crypto/Sources/Crypto/Keys/EC/Curve25519.swift:19:2: error: unknown attribute 'nonexhaustive'
17 | #else
18 | /// An elliptic curve that enables X25519 key agreement and Ed25519 signatures.
19 | @nonexhaustive
   |  `- error: unknown attribute 'nonexhaustive'
20 | public enum Curve25519: Sendable {}
21 | #endif // canImport(CryptoKit)
/host/spi-builder-workspace/.build/checkouts/swift-crypto/Sources/Crypto/Keys/EC/Ed25519Keys.swift:33:6: error: unknown attribute 'nonexhaustive'
 31 |     /// A mechanism used to create or verify a cryptographic signature using
 32 |     /// Ed25519.
 33 |     @nonexhaustive
    |      `- error: unknown attribute 'nonexhaustive'
 34 |     public enum Signing: Sendable {
 35 |         typealias Curve25519PrivateKeyImpl = Curve25519.Signing.OpenSSLCurve25519PrivateKeyImpl
/host/spi-builder-workspace/.build/checkouts/swift-crypto/Sources/Crypto/Keys/EC/NISTCurvesKeys.swift:51:2: error: unknown attribute 'nonexhaustive'
49 |
50 | /// An elliptic curve that enables NIST P-256 signatures and key agreement.
51 | @nonexhaustive
   |  `- error: unknown attribute 'nonexhaustive'
52 | public enum P256: Sendable { }
53 |
/host/spi-builder-workspace/.build/checkouts/swift-crypto/Sources/Crypto/Keys/EC/NISTCurvesKeys.swift:55:2: error: unknown attribute 'nonexhaustive'
53 |
54 | /// An elliptic curve that enables NIST P-384 signatures and key agreement.
55 | @nonexhaustive
   |  `- error: unknown attribute 'nonexhaustive'
56 | public enum P384: Sendable { }
57 |
/host/spi-builder-workspace/.build/checkouts/swift-crypto/Sources/Crypto/Keys/EC/NISTCurvesKeys.swift:59:2: error: unknown attribute 'nonexhaustive'
57 |
58 | /// An elliptic curve that enables NIST P-521 signatures and key agreement.
59 | @nonexhaustive
   |  `- error: unknown attribute 'nonexhaustive'
60 | public enum P521: Sendable { }
61 | #endif // canImport(CryptoKit)
/host/spi-builder-workspace/.build/checkouts/swift-crypto/Sources/Crypto/Keys/EC/X25519Keys.swift:33:6: error: unknown attribute 'nonexhaustive'
 31 |     /// A mechanism used to create a shared secret between two users by
 32 |     /// performing X25519 key agreement.
 33 |     @nonexhaustive
    |      `- error: unknown attribute 'nonexhaustive'
 34 |     public enum KeyAgreement: Sendable {
 35 |         typealias Curve25519PrivateKeyImpl = Curve25519.KeyAgreement.OpenSSLCurve25519PrivateKeyImpl
[517/555] Compiling Crypto HMAC.swift
/host/spi-builder-workspace/.build/checkouts/swift-crypto/Sources/Crypto/Key Wrapping/AESWrap.swift:30:6: error: unknown attribute 'nonexhaustive'
28 |     /// An implementation of AES Key Wrapping in accordance with the IETF RFC
29 |     /// 3394 specification.
30 |     @nonexhaustive
   |      `- error: unknown attribute 'nonexhaustive'
31 |     public enum KeyWrap: Sendable {
32 |         /// Wraps a key using the AES wrap algorithm.
/host/spi-builder-workspace/.build/checkouts/swift-crypto/Sources/Crypto/Keys/EC/Curve25519.swift:19:2: error: unknown attribute 'nonexhaustive'
17 | #else
18 | /// An elliptic curve that enables X25519 key agreement and Ed25519 signatures.
19 | @nonexhaustive
   |  `- error: unknown attribute 'nonexhaustive'
20 | public enum Curve25519: Sendable {}
21 | #endif // canImport(CryptoKit)
/host/spi-builder-workspace/.build/checkouts/swift-crypto/Sources/Crypto/Keys/EC/Ed25519Keys.swift:33:6: error: unknown attribute 'nonexhaustive'
 31 |     /// A mechanism used to create or verify a cryptographic signature using
 32 |     /// Ed25519.
 33 |     @nonexhaustive
    |      `- error: unknown attribute 'nonexhaustive'
 34 |     public enum Signing: Sendable {
 35 |         typealias Curve25519PrivateKeyImpl = Curve25519.Signing.OpenSSLCurve25519PrivateKeyImpl
/host/spi-builder-workspace/.build/checkouts/swift-crypto/Sources/Crypto/Keys/EC/NISTCurvesKeys.swift:51:2: error: unknown attribute 'nonexhaustive'
49 |
50 | /// An elliptic curve that enables NIST P-256 signatures and key agreement.
51 | @nonexhaustive
   |  `- error: unknown attribute 'nonexhaustive'
52 | public enum P256: Sendable { }
53 |
/host/spi-builder-workspace/.build/checkouts/swift-crypto/Sources/Crypto/Keys/EC/NISTCurvesKeys.swift:55:2: error: unknown attribute 'nonexhaustive'
53 |
54 | /// An elliptic curve that enables NIST P-384 signatures and key agreement.
55 | @nonexhaustive
   |  `- error: unknown attribute 'nonexhaustive'
56 | public enum P384: Sendable { }
57 |
/host/spi-builder-workspace/.build/checkouts/swift-crypto/Sources/Crypto/Keys/EC/NISTCurvesKeys.swift:59:2: error: unknown attribute 'nonexhaustive'
57 |
58 | /// An elliptic curve that enables NIST P-521 signatures and key agreement.
59 | @nonexhaustive
   |  `- error: unknown attribute 'nonexhaustive'
60 | public enum P521: Sendable { }
61 | #endif // canImport(CryptoKit)
/host/spi-builder-workspace/.build/checkouts/swift-crypto/Sources/Crypto/Keys/EC/X25519Keys.swift:33:6: error: unknown attribute 'nonexhaustive'
 31 |     /// A mechanism used to create a shared secret between two users by
 32 |     /// performing X25519 key agreement.
 33 |     @nonexhaustive
    |      `- error: unknown attribute 'nonexhaustive'
 34 |     public enum KeyAgreement: Sendable {
 35 |         typealias Curve25519PrivateKeyImpl = Curve25519.KeyAgreement.OpenSSLCurve25519PrivateKeyImpl
[518/555] Compiling Crypto MACFunctions.swift
/host/spi-builder-workspace/.build/checkouts/swift-crypto/Sources/Crypto/Key Wrapping/AESWrap.swift:30:6: error: unknown attribute 'nonexhaustive'
28 |     /// An implementation of AES Key Wrapping in accordance with the IETF RFC
29 |     /// 3394 specification.
30 |     @nonexhaustive
   |      `- error: unknown attribute 'nonexhaustive'
31 |     public enum KeyWrap: Sendable {
32 |         /// Wraps a key using the AES wrap algorithm.
/host/spi-builder-workspace/.build/checkouts/swift-crypto/Sources/Crypto/Keys/EC/Curve25519.swift:19:2: error: unknown attribute 'nonexhaustive'
17 | #else
18 | /// An elliptic curve that enables X25519 key agreement and Ed25519 signatures.
19 | @nonexhaustive
   |  `- error: unknown attribute 'nonexhaustive'
20 | public enum Curve25519: Sendable {}
21 | #endif // canImport(CryptoKit)
/host/spi-builder-workspace/.build/checkouts/swift-crypto/Sources/Crypto/Keys/EC/Ed25519Keys.swift:33:6: error: unknown attribute 'nonexhaustive'
 31 |     /// A mechanism used to create or verify a cryptographic signature using
 32 |     /// Ed25519.
 33 |     @nonexhaustive
    |      `- error: unknown attribute 'nonexhaustive'
 34 |     public enum Signing: Sendable {
 35 |         typealias Curve25519PrivateKeyImpl = Curve25519.Signing.OpenSSLCurve25519PrivateKeyImpl
/host/spi-builder-workspace/.build/checkouts/swift-crypto/Sources/Crypto/Keys/EC/NISTCurvesKeys.swift:51:2: error: unknown attribute 'nonexhaustive'
49 |
50 | /// An elliptic curve that enables NIST P-256 signatures and key agreement.
51 | @nonexhaustive
   |  `- error: unknown attribute 'nonexhaustive'
52 | public enum P256: Sendable { }
53 |
/host/spi-builder-workspace/.build/checkouts/swift-crypto/Sources/Crypto/Keys/EC/NISTCurvesKeys.swift:55:2: error: unknown attribute 'nonexhaustive'
53 |
54 | /// An elliptic curve that enables NIST P-384 signatures and key agreement.
55 | @nonexhaustive
   |  `- error: unknown attribute 'nonexhaustive'
56 | public enum P384: Sendable { }
57 |
/host/spi-builder-workspace/.build/checkouts/swift-crypto/Sources/Crypto/Keys/EC/NISTCurvesKeys.swift:59:2: error: unknown attribute 'nonexhaustive'
57 |
58 | /// An elliptic curve that enables NIST P-521 signatures and key agreement.
59 | @nonexhaustive
   |  `- error: unknown attribute 'nonexhaustive'
60 | public enum P521: Sendable { }
61 | #endif // canImport(CryptoKit)
/host/spi-builder-workspace/.build/checkouts/swift-crypto/Sources/Crypto/Keys/EC/X25519Keys.swift:33:6: error: unknown attribute 'nonexhaustive'
 31 |     /// A mechanism used to create a shared secret between two users by
 32 |     /// performing X25519 key agreement.
 33 |     @nonexhaustive
    |      `- error: unknown attribute 'nonexhaustive'
 34 |     public enum KeyAgreement: Sendable {
 35 |         typealias Curve25519PrivateKeyImpl = Curve25519.KeyAgreement.OpenSSLCurve25519PrivateKeyImpl
[519/555] Compiling Crypto MessageAuthenticationCode.swift
/host/spi-builder-workspace/.build/checkouts/swift-crypto/Sources/Crypto/PRF/AES.swift:19:2: error: unknown attribute 'nonexhaustive'
17 | #else
18 | /// A container for Advanced Encryption Standard (AES) ciphers.
19 | @nonexhaustive
   |  `- error: unknown attribute 'nonexhaustive'
20 | public enum AES: Sendable {
21 |     static let blockSizeByteCount = 16
/host/spi-builder-workspace/.build/checkouts/swift-crypto/Sources/Crypto/Signatures/MLDSA.swift:29:2: error: unknown attribute 'nonexhaustive'
 27 |
 28 | /// The MLDSA65 Digital Signature Algorithm
 29 | @nonexhaustive
    |  `- error: unknown attribute 'nonexhaustive'
 30 | public enum MLDSA65: Sendable {}
 31 |
/host/spi-builder-workspace/.build/checkouts/swift-crypto/Sources/Crypto/Signatures/MLDSA.swift:184:2: error: unknown attribute 'nonexhaustive'
182 |
183 | /// The MLDSA87 Digital Signature Algorithm
184 | @nonexhaustive
    |  `- error: unknown attribute 'nonexhaustive'
185 | public enum MLDSA87: Sendable {}
186 |
[520/555] Compiling Crypto AES.swift
/host/spi-builder-workspace/.build/checkouts/swift-crypto/Sources/Crypto/PRF/AES.swift:19:2: error: unknown attribute 'nonexhaustive'
17 | #else
18 | /// A container for Advanced Encryption Standard (AES) ciphers.
19 | @nonexhaustive
   |  `- error: unknown attribute 'nonexhaustive'
20 | public enum AES: Sendable {
21 |     static let blockSizeByteCount = 16
/host/spi-builder-workspace/.build/checkouts/swift-crypto/Sources/Crypto/Signatures/MLDSA.swift:29:2: error: unknown attribute 'nonexhaustive'
 27 |
 28 | /// The MLDSA65 Digital Signature Algorithm
 29 | @nonexhaustive
    |  `- error: unknown attribute 'nonexhaustive'
 30 | public enum MLDSA65: Sendable {}
 31 |
/host/spi-builder-workspace/.build/checkouts/swift-crypto/Sources/Crypto/Signatures/MLDSA.swift:184:2: error: unknown attribute 'nonexhaustive'
182 |
183 | /// The MLDSA87 Digital Signature Algorithm
184 | @nonexhaustive
    |  `- error: unknown attribute 'nonexhaustive'
185 | public enum MLDSA87: Sendable {}
186 |
[521/555] Compiling Crypto ECDSASignature_boring.swift
/host/spi-builder-workspace/.build/checkouts/swift-crypto/Sources/Crypto/PRF/AES.swift:19:2: error: unknown attribute 'nonexhaustive'
17 | #else
18 | /// A container for Advanced Encryption Standard (AES) ciphers.
19 | @nonexhaustive
   |  `- error: unknown attribute 'nonexhaustive'
20 | public enum AES: Sendable {
21 |     static let blockSizeByteCount = 16
/host/spi-builder-workspace/.build/checkouts/swift-crypto/Sources/Crypto/Signatures/MLDSA.swift:29:2: error: unknown attribute 'nonexhaustive'
 27 |
 28 | /// The MLDSA65 Digital Signature Algorithm
 29 | @nonexhaustive
    |  `- error: unknown attribute 'nonexhaustive'
 30 | public enum MLDSA65: Sendable {}
 31 |
/host/spi-builder-workspace/.build/checkouts/swift-crypto/Sources/Crypto/Signatures/MLDSA.swift:184:2: error: unknown attribute 'nonexhaustive'
182 |
183 | /// The MLDSA87 Digital Signature Algorithm
184 | @nonexhaustive
    |  `- error: unknown attribute 'nonexhaustive'
185 | public enum MLDSA87: Sendable {}
186 |
[522/555] Compiling Crypto ECDSA_boring.swift
/host/spi-builder-workspace/.build/checkouts/swift-crypto/Sources/Crypto/PRF/AES.swift:19:2: error: unknown attribute 'nonexhaustive'
17 | #else
18 | /// A container for Advanced Encryption Standard (AES) ciphers.
19 | @nonexhaustive
   |  `- error: unknown attribute 'nonexhaustive'
20 | public enum AES: Sendable {
21 |     static let blockSizeByteCount = 16
/host/spi-builder-workspace/.build/checkouts/swift-crypto/Sources/Crypto/Signatures/MLDSA.swift:29:2: error: unknown attribute 'nonexhaustive'
 27 |
 28 | /// The MLDSA65 Digital Signature Algorithm
 29 | @nonexhaustive
    |  `- error: unknown attribute 'nonexhaustive'
 30 | public enum MLDSA65: Sendable {}
 31 |
/host/spi-builder-workspace/.build/checkouts/swift-crypto/Sources/Crypto/Signatures/MLDSA.swift:184:2: error: unknown attribute 'nonexhaustive'
182 |
183 | /// The MLDSA87 Digital Signature Algorithm
184 | @nonexhaustive
    |  `- error: unknown attribute 'nonexhaustive'
185 | public enum MLDSA87: Sendable {}
186 |
[523/555] Compiling Crypto EdDSA_boring.swift
/host/spi-builder-workspace/.build/checkouts/swift-crypto/Sources/Crypto/PRF/AES.swift:19:2: error: unknown attribute 'nonexhaustive'
17 | #else
18 | /// A container for Advanced Encryption Standard (AES) ciphers.
19 | @nonexhaustive
   |  `- error: unknown attribute 'nonexhaustive'
20 | public enum AES: Sendable {
21 |     static let blockSizeByteCount = 16
/host/spi-builder-workspace/.build/checkouts/swift-crypto/Sources/Crypto/Signatures/MLDSA.swift:29:2: error: unknown attribute 'nonexhaustive'
 27 |
 28 | /// The MLDSA65 Digital Signature Algorithm
 29 | @nonexhaustive
    |  `- error: unknown attribute 'nonexhaustive'
 30 | public enum MLDSA65: Sendable {}
 31 |
/host/spi-builder-workspace/.build/checkouts/swift-crypto/Sources/Crypto/Signatures/MLDSA.swift:184:2: error: unknown attribute 'nonexhaustive'
182 |
183 | /// The MLDSA87 Digital Signature Algorithm
184 | @nonexhaustive
    |  `- error: unknown attribute 'nonexhaustive'
185 | public enum MLDSA87: Sendable {}
186 |
[524/555] Compiling Crypto MLDSA_boring.swift
/host/spi-builder-workspace/.build/checkouts/swift-crypto/Sources/Crypto/PRF/AES.swift:19:2: error: unknown attribute 'nonexhaustive'
17 | #else
18 | /// A container for Advanced Encryption Standard (AES) ciphers.
19 | @nonexhaustive
   |  `- error: unknown attribute 'nonexhaustive'
20 | public enum AES: Sendable {
21 |     static let blockSizeByteCount = 16
/host/spi-builder-workspace/.build/checkouts/swift-crypto/Sources/Crypto/Signatures/MLDSA.swift:29:2: error: unknown attribute 'nonexhaustive'
 27 |
 28 | /// The MLDSA65 Digital Signature Algorithm
 29 | @nonexhaustive
    |  `- error: unknown attribute 'nonexhaustive'
 30 | public enum MLDSA65: Sendable {}
 31 |
/host/spi-builder-workspace/.build/checkouts/swift-crypto/Sources/Crypto/Signatures/MLDSA.swift:184:2: error: unknown attribute 'nonexhaustive'
182 |
183 | /// The MLDSA87 Digital Signature Algorithm
184 | @nonexhaustive
    |  `- error: unknown attribute 'nonexhaustive'
185 | public enum MLDSA87: Sendable {}
186 |
[525/555] Compiling Crypto MLDSA_wrapper.swift
/host/spi-builder-workspace/.build/checkouts/swift-crypto/Sources/Crypto/PRF/AES.swift:19:2: error: unknown attribute 'nonexhaustive'
17 | #else
18 | /// A container for Advanced Encryption Standard (AES) ciphers.
19 | @nonexhaustive
   |  `- error: unknown attribute 'nonexhaustive'
20 | public enum AES: Sendable {
21 |     static let blockSizeByteCount = 16
/host/spi-builder-workspace/.build/checkouts/swift-crypto/Sources/Crypto/Signatures/MLDSA.swift:29:2: error: unknown attribute 'nonexhaustive'
 27 |
 28 | /// The MLDSA65 Digital Signature Algorithm
 29 | @nonexhaustive
    |  `- error: unknown attribute 'nonexhaustive'
 30 | public enum MLDSA65: Sendable {}
 31 |
/host/spi-builder-workspace/.build/checkouts/swift-crypto/Sources/Crypto/Signatures/MLDSA.swift:184:2: error: unknown attribute 'nonexhaustive'
182 |
183 | /// The MLDSA87 Digital Signature Algorithm
184 | @nonexhaustive
    |  `- error: unknown attribute 'nonexhaustive'
185 | public enum MLDSA87: Sendable {}
186 |
[526/555] Compiling Crypto ECDSA.swift
/host/spi-builder-workspace/.build/checkouts/swift-crypto/Sources/Crypto/PRF/AES.swift:19:2: error: unknown attribute 'nonexhaustive'
17 | #else
18 | /// A container for Advanced Encryption Standard (AES) ciphers.
19 | @nonexhaustive
   |  `- error: unknown attribute 'nonexhaustive'
20 | public enum AES: Sendable {
21 |     static let blockSizeByteCount = 16
/host/spi-builder-workspace/.build/checkouts/swift-crypto/Sources/Crypto/Signatures/MLDSA.swift:29:2: error: unknown attribute 'nonexhaustive'
 27 |
 28 | /// The MLDSA65 Digital Signature Algorithm
 29 | @nonexhaustive
    |  `- error: unknown attribute 'nonexhaustive'
 30 | public enum MLDSA65: Sendable {}
 31 |
/host/spi-builder-workspace/.build/checkouts/swift-crypto/Sources/Crypto/Signatures/MLDSA.swift:184:2: error: unknown attribute 'nonexhaustive'
182 |
183 | /// The MLDSA87 Digital Signature Algorithm
184 | @nonexhaustive
    |  `- error: unknown attribute 'nonexhaustive'
185 | public enum MLDSA87: Sendable {}
186 |
[527/555] Compiling Crypto Ed25519.swift
/host/spi-builder-workspace/.build/checkouts/swift-crypto/Sources/Crypto/PRF/AES.swift:19:2: error: unknown attribute 'nonexhaustive'
17 | #else
18 | /// A container for Advanced Encryption Standard (AES) ciphers.
19 | @nonexhaustive
   |  `- error: unknown attribute 'nonexhaustive'
20 | public enum AES: Sendable {
21 |     static let blockSizeByteCount = 16
/host/spi-builder-workspace/.build/checkouts/swift-crypto/Sources/Crypto/Signatures/MLDSA.swift:29:2: error: unknown attribute 'nonexhaustive'
 27 |
 28 | /// The MLDSA65 Digital Signature Algorithm
 29 | @nonexhaustive
    |  `- error: unknown attribute 'nonexhaustive'
 30 | public enum MLDSA65: Sendable {}
 31 |
/host/spi-builder-workspace/.build/checkouts/swift-crypto/Sources/Crypto/Signatures/MLDSA.swift:184:2: error: unknown attribute 'nonexhaustive'
182 |
183 | /// The MLDSA87 Digital Signature Algorithm
184 | @nonexhaustive
    |  `- error: unknown attribute 'nonexhaustive'
185 | public enum MLDSA87: Sendable {}
186 |
[528/555] Compiling Crypto MLDSA.swift
/host/spi-builder-workspace/.build/checkouts/swift-crypto/Sources/Crypto/PRF/AES.swift:19:2: error: unknown attribute 'nonexhaustive'
17 | #else
18 | /// A container for Advanced Encryption Standard (AES) ciphers.
19 | @nonexhaustive
   |  `- error: unknown attribute 'nonexhaustive'
20 | public enum AES: Sendable {
21 |     static let blockSizeByteCount = 16
/host/spi-builder-workspace/.build/checkouts/swift-crypto/Sources/Crypto/Signatures/MLDSA.swift:29:2: error: unknown attribute 'nonexhaustive'
 27 |
 28 | /// The MLDSA65 Digital Signature Algorithm
 29 | @nonexhaustive
    |  `- error: unknown attribute 'nonexhaustive'
 30 | public enum MLDSA65: Sendable {}
 31 |
/host/spi-builder-workspace/.build/checkouts/swift-crypto/Sources/Crypto/Signatures/MLDSA.swift:184:2: error: unknown attribute 'nonexhaustive'
182 |
183 | /// The MLDSA87 Digital Signature Algorithm
184 | @nonexhaustive
    |  `- error: unknown attribute 'nonexhaustive'
185 | public enum MLDSA87: Sendable {}
186 |
[529/555] Compiling Crypto Signature.swift
/host/spi-builder-workspace/.build/checkouts/swift-crypto/Sources/Crypto/PRF/AES.swift:19:2: error: unknown attribute 'nonexhaustive'
17 | #else
18 | /// A container for Advanced Encryption Standard (AES) ciphers.
19 | @nonexhaustive
   |  `- error: unknown attribute 'nonexhaustive'
20 | public enum AES: Sendable {
21 |     static let blockSizeByteCount = 16
/host/spi-builder-workspace/.build/checkouts/swift-crypto/Sources/Crypto/Signatures/MLDSA.swift:29:2: error: unknown attribute 'nonexhaustive'
 27 |
 28 | /// The MLDSA65 Digital Signature Algorithm
 29 | @nonexhaustive
    |  `- error: unknown attribute 'nonexhaustive'
 30 | public enum MLDSA65: Sendable {}
 31 |
/host/spi-builder-workspace/.build/checkouts/swift-crypto/Sources/Crypto/Signatures/MLDSA.swift:184:2: error: unknown attribute 'nonexhaustive'
182 |
183 | /// The MLDSA87 Digital Signature Algorithm
184 | @nonexhaustive
    |  `- error: unknown attribute 'nonexhaustive'
185 | public enum MLDSA87: Sendable {}
186 |
[530/555] Compiling Crypto ArraySpanHelpers.swift
/host/spi-builder-workspace/.build/checkouts/swift-crypto/Sources/Crypto/PRF/AES.swift:19:2: error: unknown attribute 'nonexhaustive'
17 | #else
18 | /// A container for Advanced Encryption Standard (AES) ciphers.
19 | @nonexhaustive
   |  `- error: unknown attribute 'nonexhaustive'
20 | public enum AES: Sendable {
21 |     static let blockSizeByteCount = 16
/host/spi-builder-workspace/.build/checkouts/swift-crypto/Sources/Crypto/Signatures/MLDSA.swift:29:2: error: unknown attribute 'nonexhaustive'
 27 |
 28 | /// The MLDSA65 Digital Signature Algorithm
 29 | @nonexhaustive
    |  `- error: unknown attribute 'nonexhaustive'
 30 | public enum MLDSA65: Sendable {}
 31 |
/host/spi-builder-workspace/.build/checkouts/swift-crypto/Sources/Crypto/Signatures/MLDSA.swift:184:2: error: unknown attribute 'nonexhaustive'
182 |
183 | /// The MLDSA87 Digital Signature Algorithm
184 | @nonexhaustive
    |  `- error: unknown attribute 'nonexhaustive'
185 | public enum MLDSA87: Sendable {}
186 |
[531/555] Compiling Crypto Digest_boring.swift
/host/spi-builder-workspace/.build/checkouts/swift-crypto/Sources/Crypto/HPKE/Ciphersuite/HPKE-AEAD.swift:27:6: error: unknown attribute 'nonexhaustive'
 25 | extension HPKE {
 26 |     /// The authenticated encryption with associated data (AEAD) algorithms to use in HPKE.
 27 |     @nonexhaustive
    |      `- error: unknown attribute 'nonexhaustive'
 28 |     public enum AEAD: CaseIterable, Hashable, Sendable {
 29 | 		/// An Advanced Encryption Standard cipher in Galois/Counter Mode with a key length of 128 bits.
/host/spi-builder-workspace/.build/checkouts/swift-crypto/Sources/Crypto/HPKE/Ciphersuite/HPKE-KDF.swift:27:6: error: unknown attribute 'nonexhaustive'
 25 | extension HPKE {
 26 |     /// The key derivation functions to use in HPKE.
 27 |     @nonexhaustive
    |      `- error: unknown attribute 'nonexhaustive'
 28 |     public enum KDF: CaseIterable, Hashable, Sendable {
 29 | 		/// An HMAC-based key derivation function that uses SHA-2 hashing with a 256-bit digest.
[532/555] Compiling Crypto Digest.swift
/host/spi-builder-workspace/.build/checkouts/swift-crypto/Sources/Crypto/HPKE/Ciphersuite/HPKE-AEAD.swift:27:6: error: unknown attribute 'nonexhaustive'
 25 | extension HPKE {
 26 |     /// The authenticated encryption with associated data (AEAD) algorithms to use in HPKE.
 27 |     @nonexhaustive
    |      `- error: unknown attribute 'nonexhaustive'
 28 |     public enum AEAD: CaseIterable, Hashable, Sendable {
 29 | 		/// An Advanced Encryption Standard cipher in Galois/Counter Mode with a key length of 128 bits.
/host/spi-builder-workspace/.build/checkouts/swift-crypto/Sources/Crypto/HPKE/Ciphersuite/HPKE-KDF.swift:27:6: error: unknown attribute 'nonexhaustive'
 25 | extension HPKE {
 26 |     /// The key derivation functions to use in HPKE.
 27 |     @nonexhaustive
    |      `- error: unknown attribute 'nonexhaustive'
 28 |     public enum KDF: CaseIterable, Hashable, Sendable {
 29 | 		/// An HMAC-based key derivation function that uses SHA-2 hashing with a 256-bit digest.
[533/555] Compiling Crypto Digests.swift
/host/spi-builder-workspace/.build/checkouts/swift-crypto/Sources/Crypto/HPKE/Ciphersuite/HPKE-AEAD.swift:27:6: error: unknown attribute 'nonexhaustive'
 25 | extension HPKE {
 26 |     /// The authenticated encryption with associated data (AEAD) algorithms to use in HPKE.
 27 |     @nonexhaustive
    |      `- error: unknown attribute 'nonexhaustive'
 28 |     public enum AEAD: CaseIterable, Hashable, Sendable {
 29 | 		/// An Advanced Encryption Standard cipher in Galois/Counter Mode with a key length of 128 bits.
/host/spi-builder-workspace/.build/checkouts/swift-crypto/Sources/Crypto/HPKE/Ciphersuite/HPKE-KDF.swift:27:6: error: unknown attribute 'nonexhaustive'
 25 | extension HPKE {
 26 |     /// The key derivation functions to use in HPKE.
 27 |     @nonexhaustive
    |      `- error: unknown attribute 'nonexhaustive'
 28 |     public enum KDF: CaseIterable, Hashable, Sendable {
 29 | 		/// An HMAC-based key derivation function that uses SHA-2 hashing with a 256-bit digest.
[534/555] Compiling Crypto HashFunctions.swift
/host/spi-builder-workspace/.build/checkouts/swift-crypto/Sources/Crypto/HPKE/Ciphersuite/HPKE-AEAD.swift:27:6: error: unknown attribute 'nonexhaustive'
 25 | extension HPKE {
 26 |     /// The authenticated encryption with associated data (AEAD) algorithms to use in HPKE.
 27 |     @nonexhaustive
    |      `- error: unknown attribute 'nonexhaustive'
 28 |     public enum AEAD: CaseIterable, Hashable, Sendable {
 29 | 		/// An Advanced Encryption Standard cipher in Galois/Counter Mode with a key length of 128 bits.
/host/spi-builder-workspace/.build/checkouts/swift-crypto/Sources/Crypto/HPKE/Ciphersuite/HPKE-KDF.swift:27:6: error: unknown attribute 'nonexhaustive'
 25 | extension HPKE {
 26 |     /// The key derivation functions to use in HPKE.
 27 |     @nonexhaustive
    |      `- error: unknown attribute 'nonexhaustive'
 28 |     public enum KDF: CaseIterable, Hashable, Sendable {
 29 | 		/// An HMAC-based key derivation function that uses SHA-2 hashing with a 256-bit digest.
[535/555] Compiling Crypto HashFunctions_SHA2.swift
/host/spi-builder-workspace/.build/checkouts/swift-crypto/Sources/Crypto/HPKE/Ciphersuite/HPKE-AEAD.swift:27:6: error: unknown attribute 'nonexhaustive'
 25 | extension HPKE {
 26 |     /// The authenticated encryption with associated data (AEAD) algorithms to use in HPKE.
 27 |     @nonexhaustive
    |      `- error: unknown attribute 'nonexhaustive'
 28 |     public enum AEAD: CaseIterable, Hashable, Sendable {
 29 | 		/// An Advanced Encryption Standard cipher in Galois/Counter Mode with a key length of 128 bits.
/host/spi-builder-workspace/.build/checkouts/swift-crypto/Sources/Crypto/HPKE/Ciphersuite/HPKE-KDF.swift:27:6: error: unknown attribute 'nonexhaustive'
 25 | extension HPKE {
 26 |     /// The key derivation functions to use in HPKE.
 27 |     @nonexhaustive
    |      `- error: unknown attribute 'nonexhaustive'
 28 |     public enum KDF: CaseIterable, Hashable, Sendable {
 29 | 		/// An HMAC-based key derivation function that uses SHA-2 hashing with a 256-bit digest.
[536/555] Compiling Crypto HashFunctions_SHA3.swift
/host/spi-builder-workspace/.build/checkouts/swift-crypto/Sources/Crypto/HPKE/Ciphersuite/HPKE-AEAD.swift:27:6: error: unknown attribute 'nonexhaustive'
 25 | extension HPKE {
 26 |     /// The authenticated encryption with associated data (AEAD) algorithms to use in HPKE.
 27 |     @nonexhaustive
    |      `- error: unknown attribute 'nonexhaustive'
 28 |     public enum AEAD: CaseIterable, Hashable, Sendable {
 29 | 		/// An Advanced Encryption Standard cipher in Galois/Counter Mode with a key length of 128 bits.
/host/spi-builder-workspace/.build/checkouts/swift-crypto/Sources/Crypto/HPKE/Ciphersuite/HPKE-KDF.swift:27:6: error: unknown attribute 'nonexhaustive'
 25 | extension HPKE {
 26 |     /// The key derivation functions to use in HPKE.
 27 |     @nonexhaustive
    |      `- error: unknown attribute 'nonexhaustive'
 28 |     public enum KDF: CaseIterable, Hashable, Sendable {
 29 | 		/// An HMAC-based key derivation function that uses SHA-2 hashing with a 256-bit digest.
[537/555] Compiling Crypto Digest_xkcp.swift
/host/spi-builder-workspace/.build/checkouts/swift-crypto/Sources/Crypto/HPKE/Ciphersuite/HPKE-AEAD.swift:27:6: error: unknown attribute 'nonexhaustive'
 25 | extension HPKE {
 26 |     /// The authenticated encryption with associated data (AEAD) algorithms to use in HPKE.
 27 |     @nonexhaustive
    |      `- error: unknown attribute 'nonexhaustive'
 28 |     public enum AEAD: CaseIterable, Hashable, Sendable {
 29 | 		/// An Advanced Encryption Standard cipher in Galois/Counter Mode with a key length of 128 bits.
/host/spi-builder-workspace/.build/checkouts/swift-crypto/Sources/Crypto/HPKE/Ciphersuite/HPKE-KDF.swift:27:6: error: unknown attribute 'nonexhaustive'
 25 | extension HPKE {
 26 |     /// The key derivation functions to use in HPKE.
 27 |     @nonexhaustive
    |      `- error: unknown attribute 'nonexhaustive'
 28 |     public enum KDF: CaseIterable, Hashable, Sendable {
 29 | 		/// An HMAC-based key derivation function that uses SHA-2 hashing with a 256-bit digest.
[538/555] Compiling Crypto HPKE-AEAD.swift
/host/spi-builder-workspace/.build/checkouts/swift-crypto/Sources/Crypto/HPKE/Ciphersuite/HPKE-AEAD.swift:27:6: error: unknown attribute 'nonexhaustive'
 25 | extension HPKE {
 26 |     /// The authenticated encryption with associated data (AEAD) algorithms to use in HPKE.
 27 |     @nonexhaustive
    |      `- error: unknown attribute 'nonexhaustive'
 28 |     public enum AEAD: CaseIterable, Hashable, Sendable {
 29 | 		/// An Advanced Encryption Standard cipher in Galois/Counter Mode with a key length of 128 bits.
/host/spi-builder-workspace/.build/checkouts/swift-crypto/Sources/Crypto/HPKE/Ciphersuite/HPKE-KDF.swift:27:6: error: unknown attribute 'nonexhaustive'
 25 | extension HPKE {
 26 |     /// The key derivation functions to use in HPKE.
 27 |     @nonexhaustive
    |      `- error: unknown attribute 'nonexhaustive'
 28 |     public enum KDF: CaseIterable, Hashable, Sendable {
 29 | 		/// An HMAC-based key derivation function that uses SHA-2 hashing with a 256-bit digest.
[539/555] Compiling Crypto HPKE-Ciphersuite.swift
/host/spi-builder-workspace/.build/checkouts/swift-crypto/Sources/Crypto/HPKE/Ciphersuite/HPKE-AEAD.swift:27:6: error: unknown attribute 'nonexhaustive'
 25 | extension HPKE {
 26 |     /// The authenticated encryption with associated data (AEAD) algorithms to use in HPKE.
 27 |     @nonexhaustive
    |      `- error: unknown attribute 'nonexhaustive'
 28 |     public enum AEAD: CaseIterable, Hashable, Sendable {
 29 | 		/// An Advanced Encryption Standard cipher in Galois/Counter Mode with a key length of 128 bits.
/host/spi-builder-workspace/.build/checkouts/swift-crypto/Sources/Crypto/HPKE/Ciphersuite/HPKE-KDF.swift:27:6: error: unknown attribute 'nonexhaustive'
 25 | extension HPKE {
 26 |     /// The key derivation functions to use in HPKE.
 27 |     @nonexhaustive
    |      `- error: unknown attribute 'nonexhaustive'
 28 |     public enum KDF: CaseIterable, Hashable, Sendable {
 29 | 		/// An HMAC-based key derivation function that uses SHA-2 hashing with a 256-bit digest.
[540/555] Compiling Crypto HPKE-KDF.swift
/host/spi-builder-workspace/.build/checkouts/swift-crypto/Sources/Crypto/HPKE/Ciphersuite/HPKE-AEAD.swift:27:6: error: unknown attribute 'nonexhaustive'
 25 | extension HPKE {
 26 |     /// The authenticated encryption with associated data (AEAD) algorithms to use in HPKE.
 27 |     @nonexhaustive
    |      `- error: unknown attribute 'nonexhaustive'
 28 |     public enum AEAD: CaseIterable, Hashable, Sendable {
 29 | 		/// An Advanced Encryption Standard cipher in Galois/Counter Mode with a key length of 128 bits.
/host/spi-builder-workspace/.build/checkouts/swift-crypto/Sources/Crypto/HPKE/Ciphersuite/HPKE-KDF.swift:27:6: error: unknown attribute 'nonexhaustive'
 25 | extension HPKE {
 26 |     /// The key derivation functions to use in HPKE.
 27 |     @nonexhaustive
    |      `- error: unknown attribute 'nonexhaustive'
 28 |     public enum KDF: CaseIterable, Hashable, Sendable {
 29 | 		/// An HMAC-based key derivation function that uses SHA-2 hashing with a 256-bit digest.
[541/555] Compiling Crypto HPKE-KexKeyDerivation.swift
/host/spi-builder-workspace/.build/checkouts/swift-crypto/Sources/Crypto/HPKE/Ciphersuite/HPKE-AEAD.swift:27:6: error: unknown attribute 'nonexhaustive'
 25 | extension HPKE {
 26 |     /// The authenticated encryption with associated data (AEAD) algorithms to use in HPKE.
 27 |     @nonexhaustive
    |      `- error: unknown attribute 'nonexhaustive'
 28 |     public enum AEAD: CaseIterable, Hashable, Sendable {
 29 | 		/// An Advanced Encryption Standard cipher in Galois/Counter Mode with a key length of 128 bits.
/host/spi-builder-workspace/.build/checkouts/swift-crypto/Sources/Crypto/HPKE/Ciphersuite/HPKE-KDF.swift:27:6: error: unknown attribute 'nonexhaustive'
 25 | extension HPKE {
 26 |     /// The key derivation functions to use in HPKE.
 27 |     @nonexhaustive
    |      `- error: unknown attribute 'nonexhaustive'
 28 |     public enum KDF: CaseIterable, Hashable, Sendable {
 29 | 		/// An HMAC-based key derivation function that uses SHA-2 hashing with a 256-bit digest.
[542/555] Compiling Crypto HPKE-LabeledExtract.swift
/host/spi-builder-workspace/.build/checkouts/swift-crypto/Sources/Crypto/HPKE/Ciphersuite/HPKE-AEAD.swift:27:6: error: unknown attribute 'nonexhaustive'
 25 | extension HPKE {
 26 |     /// The authenticated encryption with associated data (AEAD) algorithms to use in HPKE.
 27 |     @nonexhaustive
    |      `- error: unknown attribute 'nonexhaustive'
 28 |     public enum AEAD: CaseIterable, Hashable, Sendable {
 29 | 		/// An Advanced Encryption Standard cipher in Galois/Counter Mode with a key length of 128 bits.
/host/spi-builder-workspace/.build/checkouts/swift-crypto/Sources/Crypto/HPKE/Ciphersuite/HPKE-KDF.swift:27:6: error: unknown attribute 'nonexhaustive'
 25 | extension HPKE {
 26 |     /// The key derivation functions to use in HPKE.
 27 |     @nonexhaustive
    |      `- error: unknown attribute 'nonexhaustive'
 28 |     public enum KDF: CaseIterable, Hashable, Sendable {
 29 | 		/// An HMAC-based key derivation function that uses SHA-2 hashing with a 256-bit digest.
[543/555] Emitting module Crypto
/host/spi-builder-workspace/.build/checkouts/swift-crypto/Sources/Crypto/AEADs/AES/GCM/AES-GCM.swift:29:6: error: unknown attribute 'nonexhaustive'
 27 |     /// The Advanced Encryption Standard (AES) Galois Counter Mode (GCM) cipher
 28 |     /// suite.
 29 |     @nonexhaustive
    |      `- error: unknown attribute 'nonexhaustive'
 30 |     public enum GCM: Cipher, Sendable {
 31 |         static let tagByteCount = 16
/host/spi-builder-workspace/.build/checkouts/swift-crypto/Sources/Crypto/AEADs/ChachaPoly/ChaChaPoly.swift:28:2: error: unknown attribute 'nonexhaustive'
 26 |
 27 | /// An implementation of the ChaCha20-Poly1305 cipher.
 28 | @nonexhaustive
    |  `- error: unknown attribute 'nonexhaustive'
 29 | public enum ChaChaPoly: Cipher, Sendable {
 30 |     static let tagByteCount = 16
/host/spi-builder-workspace/.build/checkouts/swift-crypto/Sources/Crypto/CryptoKitErrors.swift:19:2: error: unknown attribute 'nonexhaustive'
 17 | #else
 18 | /// General cryptography errors used by CryptoKit.
 19 | @nonexhaustive
    |  `- error: unknown attribute 'nonexhaustive'
 20 | public enum CryptoKitError: Error {
 21 |     /// The key size is incorrect.
/host/spi-builder-workspace/.build/checkouts/swift-crypto/Sources/Crypto/CryptoKitErrors.swift:41:2: error: unknown attribute 'nonexhaustive'
 39 |
 40 | /// Errors from decoding ASN.1 content.
 41 | @nonexhaustive
    |  `- error: unknown attribute 'nonexhaustive'
 42 | public enum CryptoKitASN1Error: Equatable, Error, Hashable {
 43 |     /// The ASN.1 tag for this field is invalid or unsupported.
/host/spi-builder-workspace/.build/checkouts/swift-crypto/Sources/Crypto/HPKE/Ciphersuite/HPKE-AEAD.swift:27:6: error: unknown attribute 'nonexhaustive'
 25 | extension HPKE {
 26 |     /// The authenticated encryption with associated data (AEAD) algorithms to use in HPKE.
 27 |     @nonexhaustive
    |      `- error: unknown attribute 'nonexhaustive'
 28 |     public enum AEAD: CaseIterable, Hashable, Sendable {
 29 | 		/// An Advanced Encryption Standard cipher in Galois/Counter Mode with a key length of 128 bits.
/host/spi-builder-workspace/.build/checkouts/swift-crypto/Sources/Crypto/HPKE/Ciphersuite/HPKE-KDF.swift:27:6: error: unknown attribute 'nonexhaustive'
 25 | extension HPKE {
 26 |     /// The key derivation functions to use in HPKE.
 27 |     @nonexhaustive
    |      `- error: unknown attribute 'nonexhaustive'
 28 |     public enum KDF: CaseIterable, Hashable, Sendable {
 29 | 		/// An HMAC-based key derivation function that uses SHA-2 hashing with a 256-bit digest.
/host/spi-builder-workspace/.build/checkouts/swift-crypto/Sources/Crypto/HPKE/Ciphersuite/KEM/Conformances/DHKEM.swift:81:6: error: unknown attribute 'nonexhaustive'
 79 | extension HPKE {
 80 | 	/// A container for Diffie-Hellman key encapsulation mechanisms (KEMs).
 81 |     @nonexhaustive
    |      `- error: unknown attribute 'nonexhaustive'
 82 |     public enum DHKEM: Sendable {
 83 |         struct PublicKey<DHPK: HPKEDiffieHellmanPublicKey>: KEMPublicKey where DHPK == DHPK.EphemeralPrivateKey.PublicKey {
/host/spi-builder-workspace/.build/checkouts/swift-crypto/Sources/Crypto/HPKE/Ciphersuite/KEM/HPKE-KEM.swift:29:6: error: unknown attribute 'nonexhaustive'
 27 |     /// The module-lattice key encapsulation mechanism (ML-KEM) is designed to offer increased security in situations
 28 |     /// where an adversary uses a quantum computer.
 29 |     @nonexhaustive
    |      `- error: unknown attribute 'nonexhaustive'
 30 |     public enum KEM: CaseIterable, Hashable, Sendable {
 31 |         public static var allCases: [HPKE.KEM] {
/host/spi-builder-workspace/.build/checkouts/swift-crypto/Sources/Crypto/HPKE/HPKE-Errors.swift:27:6: error: unknown attribute 'nonexhaustive'
25 | extension HPKE {
26 |     /// Hybrid public key encryption (HPKE) errors that CryptoKit uses.
27 |     @nonexhaustive
   |      `- error: unknown attribute 'nonexhaustive'
28 |     public enum Errors: Error {
29 | 		/// The parameters for initializing an HPKE sender or receiver are inconsistent.
/host/spi-builder-workspace/.build/checkouts/swift-crypto/Sources/Crypto/HPKE/HPKE.swift:53:2: error: unknown attribute 'nonexhaustive'
 51 | /// ### Handling errors
 52 | ///  - ``Errors``
 53 | @nonexhaustive
    |  `- error: unknown attribute 'nonexhaustive'
 54 | public enum HPKE: Sendable {}
 55 |
/host/spi-builder-workspace/.build/checkouts/swift-crypto/Sources/Crypto/Insecure/Insecure.swift:23:2: error: unknown attribute 'nonexhaustive'
21 | /// but the framework provides them for backward compatibility with older
22 | /// services that require them. For new services, avoid these algorithms.
23 | @nonexhaustive
   |  `- error: unknown attribute 'nonexhaustive'
24 | public enum Insecure: Sendable {}
25 | #endif // canImport(CryptoKit)
/host/spi-builder-workspace/.build/checkouts/swift-crypto/Sources/Crypto/KEM/KEM-Errors.swift:27:6: error: unknown attribute 'nonexhaustive'
25 | extension KEM {
26 |     /// Errors that CryptoKit throws when it encounters problems in key encapsulation mechanism (KEM) operations.
27 |     @nonexhaustive
   |      `- error: unknown attribute 'nonexhaustive'
28 |     public enum Errors: Error {
29 |         /// The public key CryptoKit receives when it initializes a key encapsulation operation doesn't match the expected value.
/host/spi-builder-workspace/.build/checkouts/swift-crypto/Sources/Crypto/KEM/KEM.swift:28:2: error: unknown attribute 'nonexhaustive'
26 | ///
27 | /// Use a key encapsulation mechanism (KEM) to protect a symmetric cryptographic key that you share with another party.
28 | @nonexhaustive
   |  `- error: unknown attribute 'nonexhaustive'
29 | public enum KEM: Sendable {
30 |     /// The result of a key encapsulation operation.
/host/spi-builder-workspace/.build/checkouts/swift-crypto/Sources/Crypto/KEM/MLKEM.swift:30:2: error: unknown attribute 'nonexhaustive'
 28 |
 29 | /// The Module-Lattice key encapsulation mechanism (KEM).
 30 | @nonexhaustive
    |  `- error: unknown attribute 'nonexhaustive'
 31 | public enum MLKEM768: Sendable {}
 32 |
/host/spi-builder-workspace/.build/checkouts/swift-crypto/Sources/Crypto/KEM/MLKEM.swift:201:2: error: unknown attribute 'nonexhaustive'
199 |
200 | /// The Module-Lattice key encapsulation mechanism (KEM).
201 | @nonexhaustive
    |  `- error: unknown attribute 'nonexhaustive'
202 | public enum MLKEM1024: Sendable {}
203 |
/host/spi-builder-workspace/.build/checkouts/swift-crypto/Sources/Crypto/KEM/XWing.swift:34:2: error: unknown attribute 'nonexhaustive'
 32 | /// The X-Wing (ML-KEM768 with X25519) Key Encapsulation Mechanism, defined in
 33 | /// https://datatracker.ietf.org/doc/html/draft-connolly-cfrg-xwing-kem-06
 34 | @nonexhaustive
    |  `- error: unknown attribute 'nonexhaustive'
 35 | public enum XWingMLKEM768X25519: Sendable {}
 36 |
/host/spi-builder-workspace/.build/checkouts/swift-crypto/Sources/Crypto/Key Agreement/ECDH.swift:36:6: error: unknown attribute 'nonexhaustive'
  34 |     /// A mechanism used to create or verify a cryptographic signature using
  35 |     /// the NIST P-256 elliptic curve digital signature algorithm (ECDSA).
  36 |     @nonexhaustive
     |      `- error: unknown attribute 'nonexhaustive'
  37 |     public enum Signing: Sendable {
  38 |
/host/spi-builder-workspace/.build/checkouts/swift-crypto/Sources/Crypto/Key Agreement/ECDH.swift:260:6: error: unknown attribute 'nonexhaustive'
 258 |     /// performing NIST P-256 elliptic curve Diffie Hellman (ECDH) key
 259 |     /// exchange.
 260 |     @nonexhaustive
     |      `- error: unknown attribute 'nonexhaustive'
 261 |     public enum KeyAgreement: Sendable {
 262 |
/host/spi-builder-workspace/.build/checkouts/swift-crypto/Sources/Crypto/Key Agreement/ECDH.swift:483:6: error: unknown attribute 'nonexhaustive'
 481 |     /// A mechanism used to create or verify a cryptographic signature using
 482 |     /// the NIST P-384 elliptic curve digital signature algorithm (ECDSA).
 483 |     @nonexhaustive
     |      `- error: unknown attribute 'nonexhaustive'
 484 |     public enum Signing: Sendable {
 485 |
/host/spi-builder-workspace/.build/checkouts/swift-crypto/Sources/Crypto/Key Agreement/ECDH.swift:707:6: error: unknown attribute 'nonexhaustive'
 705 |     /// performing NIST P-384 elliptic curve Diffie Hellman (ECDH) key
 706 |     /// exchange.
 707 |     @nonexhaustive
     |      `- error: unknown attribute 'nonexhaustive'
 708 |     public enum KeyAgreement: Sendable {
 709 |
/host/spi-builder-workspace/.build/checkouts/swift-crypto/Sources/Crypto/Key Agreement/ECDH.swift:930:6: error: unknown attribute 'nonexhaustive'
 928 |     /// A mechanism used to create or verify a cryptographic signature using
 929 |     /// the NIST P-521 elliptic curve digital signature algorithm (ECDSA).
 930 |     @nonexhaustive
     |      `- error: unknown attribute 'nonexhaustive'
 931 |     public enum Signing: Sendable {
 932 |
/host/spi-builder-workspace/.build/checkouts/swift-crypto/Sources/Crypto/Key Agreement/ECDH.swift:1154:6: error: unknown attribute 'nonexhaustive'
1152 |     /// performing NIST P-521 elliptic curve Diffie Hellman (ECDH) key
1153 |     /// exchange.
1154 |     @nonexhaustive
     |      `- error: unknown attribute 'nonexhaustive'
1155 |     public enum KeyAgreement: Sendable {
1156 |
/host/spi-builder-workspace/.build/checkouts/swift-crypto/Sources/Crypto/Key Wrapping/AESWrap.swift:30:6: error: unknown attribute 'nonexhaustive'
28 |     /// An implementation of AES Key Wrapping in accordance with the IETF RFC
29 |     /// 3394 specification.
30 |     @nonexhaustive
   |      `- error: unknown attribute 'nonexhaustive'
31 |     public enum KeyWrap: Sendable {
32 |         /// Wraps a key using the AES wrap algorithm.
/host/spi-builder-workspace/.build/checkouts/swift-crypto/Sources/Crypto/Keys/EC/Curve25519.swift:19:2: error: unknown attribute 'nonexhaustive'
17 | #else
18 | /// An elliptic curve that enables X25519 key agreement and Ed25519 signatures.
19 | @nonexhaustive
   |  `- error: unknown attribute 'nonexhaustive'
20 | public enum Curve25519: Sendable {}
21 | #endif // canImport(CryptoKit)
/host/spi-builder-workspace/.build/checkouts/swift-crypto/Sources/Crypto/Keys/EC/Ed25519Keys.swift:33:6: error: unknown attribute 'nonexhaustive'
 31 |     /// A mechanism used to create or verify a cryptographic signature using
 32 |     /// Ed25519.
 33 |     @nonexhaustive
    |      `- error: unknown attribute 'nonexhaustive'
 34 |     public enum Signing: Sendable {
 35 |         typealias Curve25519PrivateKeyImpl = Curve25519.Signing.OpenSSLCurve25519PrivateKeyImpl
/host/spi-builder-workspace/.build/checkouts/swift-crypto/Sources/Crypto/Keys/EC/NISTCurvesKeys.swift:51:2: error: unknown attribute 'nonexhaustive'
49 |
50 | /// An elliptic curve that enables NIST P-256 signatures and key agreement.
51 | @nonexhaustive
   |  `- error: unknown attribute 'nonexhaustive'
52 | public enum P256: Sendable { }
53 |
/host/spi-builder-workspace/.build/checkouts/swift-crypto/Sources/Crypto/Keys/EC/NISTCurvesKeys.swift:55:2: error: unknown attribute 'nonexhaustive'
53 |
54 | /// An elliptic curve that enables NIST P-384 signatures and key agreement.
55 | @nonexhaustive
   |  `- error: unknown attribute 'nonexhaustive'
56 | public enum P384: Sendable { }
57 |
/host/spi-builder-workspace/.build/checkouts/swift-crypto/Sources/Crypto/Keys/EC/NISTCurvesKeys.swift:59:2: error: unknown attribute 'nonexhaustive'
57 |
58 | /// An elliptic curve that enables NIST P-521 signatures and key agreement.
59 | @nonexhaustive
   |  `- error: unknown attribute 'nonexhaustive'
60 | public enum P521: Sendable { }
61 | #endif // canImport(CryptoKit)
/host/spi-builder-workspace/.build/checkouts/swift-crypto/Sources/Crypto/Keys/EC/X25519Keys.swift:33:6: error: unknown attribute 'nonexhaustive'
 31 |     /// A mechanism used to create a shared secret between two users by
 32 |     /// performing X25519 key agreement.
 33 |     @nonexhaustive
    |      `- error: unknown attribute 'nonexhaustive'
 34 |     public enum KeyAgreement: Sendable {
 35 |         typealias Curve25519PrivateKeyImpl = Curve25519.KeyAgreement.OpenSSLCurve25519PrivateKeyImpl
/host/spi-builder-workspace/.build/checkouts/swift-crypto/Sources/Crypto/PRF/AES.swift:19:2: error: unknown attribute 'nonexhaustive'
17 | #else
18 | /// A container for Advanced Encryption Standard (AES) ciphers.
19 | @nonexhaustive
   |  `- error: unknown attribute 'nonexhaustive'
20 | public enum AES: Sendable {
21 |     static let blockSizeByteCount = 16
/host/spi-builder-workspace/.build/checkouts/swift-crypto/Sources/Crypto/Signatures/MLDSA.swift:29:2: error: unknown attribute 'nonexhaustive'
 27 |
 28 | /// The MLDSA65 Digital Signature Algorithm
 29 | @nonexhaustive
    |  `- error: unknown attribute 'nonexhaustive'
 30 | public enum MLDSA65: Sendable {}
 31 |
/host/spi-builder-workspace/.build/checkouts/swift-crypto/Sources/Crypto/Signatures/MLDSA.swift:184:2: error: unknown attribute 'nonexhaustive'
182 |
183 | /// The MLDSA87 Digital Signature Algorithm
184 | @nonexhaustive
    |  `- error: unknown attribute 'nonexhaustive'
185 | public enum MLDSA87: Sendable {}
186 |
[544/555] Compiling Crypto CryptoKitErrors_boring.swift
[545/555] Compiling Crypto InlineArray+withBytes_boring.swift
[546/555] Compiling Crypto Optional+withUnsafeBytes_boring.swift
[547/555] Compiling Crypto RNG_boring.swift
[548/555] Compiling Crypto SafeCompare_boring.swift
[549/555] Compiling Crypto Zeroization_boring.swift
[550/555] Compiling Crypto _CryptoModuleAnchor.swift
[551/555] Compiling Crypto Data+ArraySpan.swift
[552/555] Compiling Crypto PrettyBytes.swift
[553/555] Compiling Crypto SafeCompare.swift
[554/555] Compiling Crypto SecureBytes.swift
[555/555] Compiling Crypto Zeroization.swift
BUILD FAILURE 6.2 android