Build Information
Failed to build SwiftSpellbook, reference main (6d85f0), with Swift 6.2 for iOS using Xcode 26.3 on 25 Oct 2026 04:26:07 UTC.
Build Command
No build command. This typically means the build failed at an early stage where we determine the build command.Build Log
========================================
RunAll
========================================
Builder version: 5.1.3
Interrupt handler set up.
========================================
Checkout
========================================
Clone URL: https://github.com/Alkenso/SwiftSpellbook.git
Reference: main
Initialized empty Git repository in /Users/admin/builder/spi-builder-workspace/.git/
From https://github.com/Alkenso/SwiftSpellbook
* branch main -> FETCH_HEAD
* [new branch] main -> origin/main
HEAD is now at 6d85f01 Extend ObjectCoder with KeyedArchive
Cloned https://github.com/Alkenso/SwiftSpellbook.git
Revision (git rev-parse @):
6d85f01c823c5f5114e8d21869cad0e7e87c0120
SUCCESS checkout https://github.com/Alkenso/SwiftSpellbook.git at main
========================================
Build
========================================
Selected platform: iOS
Swift version: 6.2
Building package at path: $PWD
https://github.com/Alkenso/SwiftSpellbook.git
Command line invocation:
/Applications/Xcode-26.3.0.app/Contents/Developer/usr/bin/xcodebuild -IDEClonedSourcePackagesDirPathOverride=/Users/admin/builder/spi-builder-workspace/.dependencies -resolvePackageDependencies
Resolve Package Graph
package 'spi-builder-workspace' is using Swift tools version 6.3.0 but the installed version is 6.2.4
Resolved source packages:
spi-builder-workspace: (null)
2026-10-25 00:26:06.324 xcodebuild[539:3096] Writing error result bundle to /var/folders/xq/y_g06wb113726d38xsyx71_h0000gn/T/ResultBundle_2026-25-10_00-26-0006.xcresult
xcodebuild: error: Could not resolve package dependencies:
package 'spi-builder-workspace' is using Swift tools version 6.3.0 but the installed version is 6.2.4
Command line invocation:
/Applications/Xcode-26.3.0.app/Contents/Developer/usr/bin/xcodebuild -IDEClonedSourcePackagesDirPathOverride=/Users/admin/builder/spi-builder-workspace/.dependencies -resolvePackageDependencies
Resolve Package Graph
package 'spi-builder-workspace' is using Swift tools version 6.3.0 but the installed version is 6.2.4
Resolved source packages:
spi-builder-workspace: (null)
2026-10-25 00:26:07.199 xcodebuild[601:3634] Writing error result bundle to /var/folders/xq/y_g06wb113726d38xsyx71_h0000gn/T/ResultBundle_2026-25-10_00-26-0007.xcresult
xcodebuild: error: Could not resolve package dependencies:
package 'spi-builder-workspace' is using Swift tools version 6.3.0 but the installed version is 6.2.4
BUILD FAILURE 6.2 iOS