Build Information
Failed to build mParticle-Kochava, reference main (ba8e2a), with Swift 6.4 for watchOS using Xcode 27.0 on 28 Sep 2026 23:47:33 UTC.
Build Command
No build command. This typically means the build failed at an early stage where we determine the build command.Build Log
========================================
RunAll
========================================
Builder version: 5.1.0
Interrupt handler set up.
========================================
Checkout
========================================
Clone URL: https://github.com/mparticle-integrations/mparticle-apple-integration-kochava-no-tracking-9.git
Reference: main
Initialized empty Git repository in /Users/admin/builder/spi-builder-workspace/.git/
From https://github.com/mparticle-integrations/mparticle-apple-integration-kochava-no-tracking-9
* branch main -> FETCH_HEAD
* [new branch] main -> origin/main
HEAD is now at ba8e2af Merge remote-tracking branch 'origin/main' into claude/merge-main-workstation-swift-ebb64b
Cloned https://github.com/mparticle-integrations/mparticle-apple-integration-kochava-no-tracking-9.git
Revision (git rev-parse @):
ba8e2afef7f7a9a554997fecfd14cf8d1890f03a
SUCCESS checkout https://github.com/mparticle-integrations/mparticle-apple-integration-kochava-no-tracking-9.git at main
========================================
Build
========================================
Selected platform: watchOS
Swift version: 6.4
Building package at path: $PWD
https://github.com/mparticle-integrations/mparticle-apple-integration-kochava-no-tracking-9.git
Command line invocation:
/Applications/Xcode-27.0.0-Release.Candidate.app/Contents/Developer/usr/bin/xcodebuild -IDEClonedSourcePackagesDirPathOverride=/Users/admin/builder/spi-builder-workspace/.dependencies -resolvePackageDependencies
Resolve Package Graph
the package manifest at '/Users/Package.swift' cannot be accessed (/Users/Package.swift doesn't exist in file system)
2026-09-28 19:47:31.888 xcodebuild[529:3033] Writing error result bundle to /var/folders/xq/y_g06wb113726d38xsyx71_h0000gn/T/ResultBundle_2026-28-09_19-47-0031.xcresult
xcodebuild: error: Could not resolve package dependencies:
the package manifest at '/Users/Package.swift' cannot be accessed (/Users/Package.swift doesn't exist in file system)
Command line invocation:
/Applications/Xcode-27.0.0-Release.Candidate.app/Contents/Developer/usr/bin/xcodebuild -IDEClonedSourcePackagesDirPathOverride=/Users/admin/builder/spi-builder-workspace/.dependencies -resolvePackageDependencies
Resolve Package Graph
the package manifest at '/Users/Package.swift' cannot be accessed (/Users/Package.swift doesn't exist in file system)
2026-09-28 19:47:33.678 xcodebuild[574:3399] Writing error result bundle to /var/folders/xq/y_g06wb113726d38xsyx71_h0000gn/T/ResultBundle_2026-28-09_19-47-0033.xcresult
xcodebuild: error: Could not resolve package dependencies:
the package manifest at '/Users/Package.swift' cannot be accessed (/Users/Package.swift doesn't exist in file system)
BUILD FAILURE 6.4 watchOS