The Swift Package Index logo.Swift Package Index

Build Information

Failed to build DoNilDisturbPlugin, reference main (f7f80b), with Swift 6.4 for visionOS using Xcode 27.0 on 18 Sep 2026 16:02:40 UTC.

Build Command

No build command. This typically means the build failed at an early stage where we determine the build command.

Build Log

========================================
RunAll
========================================
Builder version: 5.1.0
Interrupt handler set up.
========================================
Checkout
========================================
Clone URL: https://github.com/icanzilb/DoNilDisturbPlugin.git
Reference: main
Initialized empty Git repository in /Users/admin/builder/spi-builder-workspace/.git/
From https://github.com/icanzilb/DoNilDisturbPlugin
 * branch            main       -> FETCH_HEAD
 * [new branch]      main       -> origin/main
HEAD is now at f7f80bd Merge pull request #3 from daveverwer/main
Cloned https://github.com/icanzilb/DoNilDisturbPlugin.git
Revision (git rev-parse @):
f7f80bd94af3cd327b27ccc4abf96b79d0ed069f
SUCCESS checkout https://github.com/icanzilb/DoNilDisturbPlugin.git at main
========================================
Build
========================================
Selected platform:         visionOS
Swift version:             6.4
Building package at path:  $PWD
https://github.com/icanzilb/DoNilDisturbPlugin.git
Command line invocation:
    /Applications/Xcode-27.0.0-Release.Candidate.app/Contents/Developer/usr/bin/xcodebuild -IDEClonedSourcePackagesDirPathOverride=/Users/admin/builder/spi-builder-workspace/.dependencies -resolvePackageDependencies
Resolve Package Graph
Fetching from https://github.com/icanzilb/iCalendar.git
skipping cache due to an error: Failed to clone repository https://github.com/icanzilb/iCalendar.git:
    Cloning into bare repository '/Users/admin/Library/Caches/org.swift.swiftpm/repositories/iCalendar-96d4259e'...
    fatal: could not read Username for 'https://github.com': terminal prompts disabled
Fetching from https://github.com/icanzilb/iCalendar.git
skipping cache due to an error: Failed to clone repository https://github.com/icanzilb/iCalendar.git:
    Cloning into bare repository '/Users/admin/Library/Caches/org.swift.swiftpm/repositories/iCalendar-96d4259e'...
    fatal: could not read Username for 'https://github.com': terminal prompts disabled
Resolve Package Graph
Fetching from https://github.com/icanzilb/iCalendar.git
skipping cache due to an error: Failed to clone repository https://github.com/icanzilb/iCalendar.git:
    Cloning into bare repository '/Users/admin/Library/Caches/org.swift.swiftpm/repositories/iCalendar-96d4259e'...
    fatal: could not read Username for 'https://github.com': terminal prompts disabled
Fetching from https://github.com/icanzilb/iCalendar.git
skipping cache due to an error: Failed to clone repository https://github.com/icanzilb/iCalendar.git:
    Cloning into bare repository '/Users/admin/Library/Caches/org.swift.swiftpm/repositories/iCalendar-96d4259e'...
    fatal: could not read Username for 'https://github.com': terminal prompts disabled
Resolved source packages:
  spi-builder-workspace: (null)
2026-09-18 12:02:34.528 xcodebuild[563:3080] Writing error result bundle to /var/folders/xq/y_g06wb113726d38xsyx71_h0000gn/T/ResultBundle_2026-18-09_12-02-0034.xcresult
xcodebuild: error: Could not resolve package dependencies:
  Failed to clone repository https://github.com/icanzilb/iCalendar.git:
    Cloning into bare repository '/Users/admin/builder/spi-builder-workspace/.dependencies/repositories/iCalendar-96d4259e'...
    fatal: could not read Username for 'https://github.com': terminal prompts disabled
Command line invocation:
    /Applications/Xcode-27.0.0-Release.Candidate.app/Contents/Developer/usr/bin/xcodebuild -IDEClonedSourcePackagesDirPathOverride=/Users/admin/builder/spi-builder-workspace/.dependencies -resolvePackageDependencies
Resolve Package Graph
Fetching from https://github.com/icanzilb/iCalendar.git
skipping cache due to an error: Failed to clone repository https://github.com/icanzilb/iCalendar.git:
    Cloning into bare repository '/Users/admin/Library/Caches/org.swift.swiftpm/repositories/iCalendar-96d4259e'...
    fatal: could not read Username for 'https://github.com': terminal prompts disabled
Fetching from https://github.com/icanzilb/iCalendar.git
skipping cache due to an error: Failed to clone repository https://github.com/icanzilb/iCalendar.git:
    Cloning into bare repository '/Users/admin/Library/Caches/org.swift.swiftpm/repositories/iCalendar-96d4259e'...
    fatal: could not read Username for 'https://github.com': terminal prompts disabled
Resolve Package Graph
Fetching from https://github.com/icanzilb/iCalendar.git
skipping cache due to an error: Failed to clone repository https://github.com/icanzilb/iCalendar.git:
    Cloning into bare repository '/Users/admin/Library/Caches/org.swift.swiftpm/repositories/iCalendar-96d4259e'...
    fatal: could not read Username for 'https://github.com': terminal prompts disabled
Fetching from https://github.com/icanzilb/iCalendar.git
skipping cache due to an error: Failed to clone repository https://github.com/icanzilb/iCalendar.git:
    Cloning into bare repository '/Users/admin/Library/Caches/org.swift.swiftpm/repositories/iCalendar-96d4259e'...
    fatal: could not read Username for 'https://github.com': terminal prompts disabled
Resolved source packages:
  spi-builder-workspace: (null)
2026-09-18 12:02:39.938 xcodebuild[683:3894] Writing error result bundle to /var/folders/xq/y_g06wb113726d38xsyx71_h0000gn/T/ResultBundle_2026-18-09_12-02-0039.xcresult
xcodebuild: error: Could not resolve package dependencies:
  Failed to clone repository https://github.com/icanzilb/iCalendar.git:
    Cloning into bare repository '/Users/admin/builder/spi-builder-workspace/.dependencies/repositories/iCalendar-96d4259e'...
    fatal: could not read Username for 'https://github.com': terminal prompts disabled
BUILD FAILURE 6.4 visionOS