Build Information
Failed to build Extension, reference 0.9.2 (0eef34), with Swift 6.4 for visionOS using Xcode 27.0 on 22 Sep 2026 08:19:02 UTC.
Build Command
env DEVELOPER_DIR=/Applications/Xcode-27.0.0-Release.Candidate.app xcrun xcodebuild -IDEClonedSourcePackagesDirPathOverride=$PWD/.dependencies -skipMacroValidation -skipPackagePluginValidation -derivedDataPath $PWD/.derivedData build -scheme Extension -destination generic/platform=xrOSBuild Log
========================================
RunAll
========================================
Builder version: 5.1.0
Interrupt handler set up.
========================================
Checkout
========================================
Clone URL: https://github.com/song-react/Extension.git
Reference: 0.9.2
Initialized empty Git repository in /Users/admin/builder/spi-builder-workspace/.git/
From https://github.com/song-react/Extension
* tag 0.9.2 -> FETCH_HEAD
HEAD is now at 0eef340 chore: update swift 5
Cloned https://github.com/song-react/Extension.git
Revision (git rev-parse @):
0eef3409442c7a47bfd2df6f2fc6b192393205ac
SUCCESS checkout https://github.com/song-react/Extension.git at 0.9.2
========================================
Build
========================================
Selected platform: visionOS
Swift version: 6.4
Building package at path: $PWD
https://github.com/song-react/Extension.git
Command line invocation:
/Applications/Xcode-27.0.0-Release.Candidate.app/Contents/Developer/usr/bin/xcodebuild -IDEClonedSourcePackagesDirPathOverride=/Users/admin/builder/spi-builder-workspace/.dependencies -resolvePackageDependencies
resolved source packages:
{
"dependencies" : [
],
"manifest_display_name" : "Extension",
"name" : "Extension",
"path" : "/Users/admin/builder/spi-builder-workspace",
"platforms" : [
{
"name" : "ios",
"version" : "8.0"
},
{
"name" : "macos",
"version" : "10.10"
},
{
"name" : "tvos",
"version" : "9.0"
},
{
"name" : "watchos",
"version" : "2.0"
}
],
"products" : [
{
"name" : "Extension",
"targets" : [
"Extension"
],
"type" : {
"library" : [
"automatic"
]
}
}
],
"swift_languages_versions" : [
"5"
],
"targets" : [
{
"c99name" : "Extension",
"module_type" : "SwiftTarget",
"name" : "Extension",
"path" : "Sources",
"product_memberships" : [
"Extension"
],
"sources" : [
"Common/Color/Color+components.swift",
"Common/Color/Color+css.swift",
"Common/Color/Color+hex.swift",
"Common/Color/Color+rgba.swift",
"Common/Color/Color.swift",
"Common/Image/Image+CoreGraphics.swift",
"Common/Image/Image+Process.swift",
"Common/Image/Image+pdf.swift",
"Common/Image/Image.swift",
"Common/View/VIew+UIImage.swift",
"Common/View/View.swift",
"Common/runtime.swift",
"Dispatch/DispatchQueue+once.swift",
"Foundation/Array+JSON.swift",
"Foundation/Array+cookieString.swift",
"Foundation/Bundle+Localization.swift",
"Foundation/CFAbsoluteTime+init.swift",
"Foundation/CGFloat+String.swift",
"Foundation/Data+MIMEType.swift",
"Foundation/Dictionary+MIMEType.swift",
"Foundation/HTTPCookieStorage+setCookie.swift",
"Foundation/KeyChain.swift",
"Foundation/Locale+Localization.swift",
"Foundation/SCNetworkReachability/SCNetworkReachability+flags.swift",
"Foundation/SCNetworkReachability/SCNetworkReachability+new.swift",
"Foundation/SCNetworkReachability/SCNetworkReachability+update.swift",
"Foundation/String+Dictionary.swift",
"Foundation/String+URLEscaped.swift",
"Foundation/String+base64.swift",
"Foundation/URL+Cookie.swift",
"Foundation/URL+String.swift",
"Foundation/URL+query.swift",
"Foundation/UserDefaults+Codable.swift",
"Foundation/UserDefaults+subscript.swift",
"Foundation/chainable/NSAttribute+chainable.swift",
"Swift/Float+String.swift",
"Swift/Int+String.swift",
"Swift/String+regex.swift",
"Swift/Swift+Association.swift",
"Swift/Swift+closuer.swift",
"Swift/Swift+log.swift",
"Swift/Swift+synchronized.swift",
"UIKit/ApplicationMainDelegate.swift",
"UIKit/Array+UIImage.swift",
"UIKit/CGRect+Float.swift",
"UIKit/CGSize+Float.swift",
"UIKit/CGpoint+Float.swift",
"UIKit/NSAttributedString+Content.swift",
"UIKit/NSString+Size.swift",
"UIKit/UIApplication+EventTrack.swift",
"UIKit/UIControl+Event.swift",
"UIKit/UIFont+SymbolicTraits.swift",
"UIKit/UINavigationController+Autorotate.swift",
"UIKit/UIResponder+Keyboard.swift",
"UIKit/UITableView+UIImage.swift",
"UIKit/chainable/UILabel+chainable.swift",
"UIKit/chainable/UIView+chainable.swift",
"WebKit/WKWebView+contentView.swift",
"WebKit/WKWebView+input.swift",
"WebKit/WKWebView+registerScheme.swift"
],
"type" : "library"
}
],
"tools_version" : "5.0"
}
{
"project" : {
"configurations" : [
"Debug",
"Release"
],
"name" : "Extension",
"schemes" : [
"Extension",
"Extension_tvOS",
"Extension_watchOS"
],
"targets" : [
"Extension"
]
}
}
{
"workspace" : {
"name" : "Extension",
"schemes" : [
"Extension"
]
}
}
2026-09-22 04:18:47.405 xcodebuild[642:4105] [MT] IDERunDestination: Supported platforms for the buildables in the current scheme is empty.
Running build ...
env DEVELOPER_DIR=/Applications/Xcode-27.0.0-Release.Candidate.app xcrun xcodebuild -IDEClonedSourcePackagesDirPathOverride=$PWD/.dependencies -skipMacroValidation -skipPackagePluginValidation -derivedDataPath $PWD/.derivedData build -scheme Extension -destination generic/platform=xrOS
Command line invocation:
/Applications/Xcode-27.0.0-Release.Candidate.app/Contents/Developer/usr/bin/xcodebuild -IDEClonedSourcePackagesDirPathOverride=/Users/admin/builder/spi-builder-workspace/.dependencies -skipMacroValidation -skipPackagePluginValidation -derivedDataPath /Users/admin/builder/spi-builder-workspace/.derivedData build -scheme Extension -destination generic/platform=xrOS
Resolve Package Graph
Resolved source packages:
Extension: /Users/admin/builder/spi-builder-workspace
ComputePackagePrebuildTargetDependencyGraph
Prepare packages
CreateBuildRequest
SendProjectDescription
CreateBuildOperation
ComputeTargetDependencyGraph
note: Building targets in dependency order
note: Target dependency graph (2 targets)
Target 'Extension-product' in project 'Extension'
➜ Explicit dependency on target 'Extension' in project 'Extension'
Target 'Extension' in project 'Extension' (no dependencies)
GatherProvisioningInputs
CreateBuildDescription
ExecuteExternalTool /Applications/Xcode-27.0.0-Release.Candidate.app/Contents/Developer/Toolchains/XcodeDefault.xctoolchain/usr/bin/clang -v -E -dM -isysroot /Applications/Xcode-27.0.0-Release.Candidate.app/Contents/Developer/Platforms/XROS.platform/Developer/SDKs/XROS27.0.sdk -x c -c /dev/null
ExecuteExternalTool /Applications/Xcode-27.0.0-Release.Candidate.app/Contents/Developer/Toolchains/XcodeDefault.xctoolchain/usr/bin/swiftc --version
ExecuteExternalTool /Applications/Xcode-27.0.0-Release.Candidate.app/Contents/Developer/Toolchains/XcodeDefault.xctoolchain/usr/bin/ld -version_details
Build description signature: 8b54534b7eb3ee6125bc0f845af8b332
Build description path: /Users/admin/builder/spi-builder-workspace/.derivedData/Build/Intermediates.noindex/XCBuildData/8b54534b7eb3ee6125bc0f845af8b332.xcbuilddata
CreateBuildDirectory /Users/admin/builder/spi-builder-workspace/.derivedData/ModuleCache.noindex
cd /Users/admin/builder/spi-builder-workspace/.swiftpm/xcode
builtin-create-build-directory /Users/admin/builder/spi-builder-workspace/.derivedData/ModuleCache.noindex
CreateBuildDirectory /Users/admin/builder/spi-builder-workspace/.derivedData/SDKExplicitPrecompiledModules
cd /Users/admin/builder/spi-builder-workspace/.swiftpm/xcode
builtin-create-build-directory /Users/admin/builder/spi-builder-workspace/.derivedData/SDKExplicitPrecompiledModules
CreateBuildDirectory /Users/admin/builder/spi-builder-workspace/.derivedData/CompilationCache.noindex
cd /Users/admin/builder/spi-builder-workspace/.swiftpm/xcode
builtin-create-build-directory /Users/admin/builder/spi-builder-workspace/.derivedData/CompilationCache.noindex
ClangStatCache /Applications/Xcode-27.0.0-Release.Candidate.app/Contents/Developer/Toolchains/XcodeDefault.xctoolchain/usr/bin/clang-stat-cache /Applications/Xcode-27.0.0-Release.Candidate.app/Contents/Developer/Platforms/XROS.platform/Developer/SDKs/XROS27.0.sdk /Users/admin/builder/spi-builder-workspace/.derivedData/SDKStatCaches.noindex/xros27.0-24M361-e829b21a6f8c9b70876ba0858053c044735bd543db762f57723cac368afd1ce4.sdkstatcache
cd /Users/admin/builder/spi-builder-workspace/.swiftpm/xcode
/Applications/Xcode-27.0.0-Release.Candidate.app/Contents/Developer/Toolchains/XcodeDefault.xctoolchain/usr/bin/clang-stat-cache /Applications/Xcode-27.0.0-Release.Candidate.app/Contents/Developer/Platforms/XROS.platform/Developer/SDKs/XROS27.0.sdk -o /Users/admin/builder/spi-builder-workspace/.derivedData/SDKStatCaches.noindex/xros27.0-24M361-e829b21a6f8c9b70876ba0858053c044735bd543db762f57723cac368afd1ce4.sdkstatcache
CreateBuildDirectory /Users/admin/builder/spi-builder-workspace/.derivedData/Build/Intermediates.noindex
cd /Users/admin/builder/spi-builder-workspace/.swiftpm/xcode
builtin-create-build-directory /Users/admin/builder/spi-builder-workspace/.derivedData/Build/Intermediates.noindex
CreateBuildDirectory /Users/admin/builder/spi-builder-workspace/.derivedData/Build/Products
cd /Users/admin/builder/spi-builder-workspace/.swiftpm/xcode
builtin-create-build-directory /Users/admin/builder/spi-builder-workspace/.derivedData/Build/Products
CreateBuildDirectory /Users/admin/builder/spi-builder-workspace/.derivedData/Build/Intermediates.noindex/SwiftExplicitPrecompiledModules
cd /Users/admin/builder/spi-builder-workspace/.swiftpm/xcode
builtin-create-build-directory /Users/admin/builder/spi-builder-workspace/.derivedData/Build/Intermediates.noindex/SwiftExplicitPrecompiledModules
CreateBuildDirectory /Users/admin/builder/spi-builder-workspace/.derivedData/Build/Intermediates.noindex/ExplicitPrecompiledModules
cd /Users/admin/builder/spi-builder-workspace/.swiftpm/xcode
builtin-create-build-directory /Users/admin/builder/spi-builder-workspace/.derivedData/Build/Intermediates.noindex/ExplicitPrecompiledModules
CreateBuildDirectory /Users/admin/builder/spi-builder-workspace/.derivedData/Build/Intermediates.noindex/PrecompiledHeaders
cd /Users/admin/builder/spi-builder-workspace/.swiftpm/xcode
builtin-create-build-directory /Users/admin/builder/spi-builder-workspace/.derivedData/Build/Intermediates.noindex/PrecompiledHeaders
CreateBuildDirectory /Users/admin/builder/spi-builder-workspace/.derivedData/Build/Intermediates.noindex/EagerLinkingTBDs/Debug-xros
cd /Users/admin/builder/spi-builder-workspace/.swiftpm/xcode
builtin-create-build-directory /Users/admin/builder/spi-builder-workspace/.derivedData/Build/Intermediates.noindex/EagerLinkingTBDs/Debug-xros
CreateBuildDirectory /Users/admin/builder/spi-builder-workspace/.derivedData/Build/Products/Debug-xros
cd /Users/admin/builder/spi-builder-workspace/.swiftpm/xcode
builtin-create-build-directory /Users/admin/builder/spi-builder-workspace/.derivedData/Build/Products/Debug-xros
CreateBuildDirectory /Users/admin/builder/spi-builder-workspace/.derivedData/Build/Products/Debug-xros/PackageFrameworks
cd /Users/admin/builder/spi-builder-workspace/.swiftpm/xcode
builtin-create-build-directory /Users/admin/builder/spi-builder-workspace/.derivedData/Build/Products/Debug-xros/PackageFrameworks
WriteAuxiliaryFile /Users/admin/builder/spi-builder-workspace/.derivedData/Build/Intermediates.noindex/Extension.build/Debug-xros/Extension-t.build/Extension.DependencyStaticMetadataFileList (in target 'Extension' from project 'Extension')
cd /Users/admin/builder/spi-builder-workspace
write-file /Users/admin/builder/spi-builder-workspace/.derivedData/Build/Intermediates.noindex/Extension.build/Debug-xros/Extension-t.build/Extension.DependencyStaticMetadataFileList
WriteAuxiliaryFile /Users/admin/builder/spi-builder-workspace/.derivedData/Build/Intermediates.noindex/Extension.build/Debug-xros/Extension-t.build/Extension.DependencyMetadataFileList (in target 'Extension' from project 'Extension')
cd /Users/admin/builder/spi-builder-workspace
write-file /Users/admin/builder/spi-builder-workspace/.derivedData/Build/Intermediates.noindex/Extension.build/Debug-xros/Extension-t.build/Extension.DependencyMetadataFileList
WriteAuxiliaryFile /Users/admin/builder/spi-builder-workspace/.derivedData/Build/Intermediates.noindex/Extension.build/Debug-xros/Extension-t.build/Extension.modulemap (in target 'Extension' from project 'Extension')
cd /Users/admin/builder/spi-builder-workspace
write-file /Users/admin/builder/spi-builder-workspace/.derivedData/Build/Intermediates.noindex/Extension.build/Debug-xros/Extension-t.build/Extension.modulemap
WriteAuxiliaryFile /Users/admin/builder/spi-builder-workspace/.derivedData/Build/Intermediates.noindex/Extension.build/Debug-xros/Extension-t.build/Objects-normal/arm64/Extension_const_extract_protocols.json (in target 'Extension' from project 'Extension')
cd /Users/admin/builder/spi-builder-workspace
write-file /Users/admin/builder/spi-builder-workspace/.derivedData/Build/Intermediates.noindex/Extension.build/Debug-xros/Extension-t.build/Objects-normal/arm64/Extension_const_extract_protocols.json
WriteAuxiliaryFile /Users/admin/builder/spi-builder-workspace/.derivedData/Build/Intermediates.noindex/Extension.build/Debug-xros/Extension-t.build/Objects-normal/arm64/Extension.SwiftConstValuesFileList (in target 'Extension' from project 'Extension')
cd /Users/admin/builder/spi-builder-workspace
write-file /Users/admin/builder/spi-builder-workspace/.derivedData/Build/Intermediates.noindex/Extension.build/Debug-xros/Extension-t.build/Objects-normal/arm64/Extension.SwiftConstValuesFileList
WriteAuxiliaryFile /Users/admin/builder/spi-builder-workspace/.derivedData/Build/Intermediates.noindex/Extension.build/Debug-xros/Extension-t.build/Objects-normal/arm64/Extension.SwiftFileList (in target 'Extension' from project 'Extension')
cd /Users/admin/builder/spi-builder-workspace
write-file /Users/admin/builder/spi-builder-workspace/.derivedData/Build/Intermediates.noindex/Extension.build/Debug-xros/Extension-t.build/Objects-normal/arm64/Extension.SwiftFileList
WriteAuxiliaryFile /Users/admin/builder/spi-builder-workspace/.derivedData/Build/Intermediates.noindex/Extension.build/Debug-xros/Extension-t.build/Objects-normal/arm64/Extension-OutputFileMap.json (in target 'Extension' from project 'Extension')
cd /Users/admin/builder/spi-builder-workspace
write-file /Users/admin/builder/spi-builder-workspace/.derivedData/Build/Intermediates.noindex/Extension.build/Debug-xros/Extension-t.build/Objects-normal/arm64/Extension-OutputFileMap.json
WriteAuxiliaryFile /Users/admin/builder/spi-builder-workspace/.derivedData/Build/Intermediates.noindex/Extension.build/Debug-xros/Extension-t.build/Objects-normal/arm64/Extension.LinkFileList (in target 'Extension' from project 'Extension')
cd /Users/admin/builder/spi-builder-workspace
write-file /Users/admin/builder/spi-builder-workspace/.derivedData/Build/Intermediates.noindex/Extension.build/Debug-xros/Extension-t.build/Objects-normal/arm64/Extension.LinkFileList
Copy /Users/admin/builder/spi-builder-workspace/.derivedData/Build/Intermediates.noindex/GeneratedModuleMaps-xros/Extension.modulemap /Users/admin/builder/spi-builder-workspace/.derivedData/Build/Intermediates.noindex/Extension.build/Debug-xros/Extension-t.build/Extension.modulemap (in target 'Extension' from project 'Extension')
cd /Users/admin/builder/spi-builder-workspace
builtin-copy -exclude .DS_Store -exclude CVS -exclude .svn -exclude .git -exclude .hg -resolve-src-symlinks /Users/admin/builder/spi-builder-workspace/.derivedData/Build/Intermediates.noindex/Extension.build/Debug-xros/Extension-t.build/Extension.modulemap /Users/admin/builder/spi-builder-workspace/.derivedData/Build/Intermediates.noindex/GeneratedModuleMaps-xros
SwiftDriver Extension normal arm64 com.apple.xcode.tools.swift.compiler (in target 'Extension' from project 'Extension')
cd /Users/admin/builder/spi-builder-workspace/.swiftpm/xcode
builtin-SwiftDriver -- /Applications/Xcode-27.0.0-Release.Candidate.app/Contents/Developer/Toolchains/XcodeDefault.xctoolchain/usr/bin/swiftc -parse-as-library -module-name Extension -Onone @/Users/admin/builder/spi-builder-workspace/.derivedData/Build/Intermediates.noindex/Extension.build/Debug-xros/Extension-t.build/Objects-normal/arm64/Extension.SwiftFileList -DSWIFT_PACKAGE -DDEBUG -DSWIFT_MODULE_RESOURCE_BUNDLE_UNAVAILABLE -DXcode -plugin-path /Applications/Xcode-27.0.0-Release.Candidate.app/Contents/Developer/Toolchains/XcodeDefault.xctoolchain/usr/lib/swift/host/plugins/testing -enable-experimental-feature DebugDescriptionMacro -sdk /Applications/Xcode-27.0.0-Release.Candidate.app/Contents/Developer/Platforms/XROS.platform/Developer/SDKs/XROS27.0.sdk -target arm64-apple-xros1.0 -g -module-cache-path /Users/admin/builder/spi-builder-workspace/.derivedData/ModuleCache.noindex -Xfrontend -serialize-debugging-options -enable-testing -index-store-path /Users/admin/builder/spi-builder-workspace/.derivedData/Index.noindex/DataStore -Xcc -D_LIBCPP_HARDENING_MODE\=_LIBCPP_HARDENING_MODE_DEBUG -swift-version 5 -I /Users/admin/builder/spi-builder-workspace/.derivedData/Build/Products/Debug-xros -Isystem /Applications/Xcode-27.0.0-Release.Candidate.app/Contents/Developer/Platforms/XROS.platform/Developer/usr/lib -F /Users/admin/builder/spi-builder-workspace/.derivedData/Build/Products/Debug-xros -F /Applications/Xcode-27.0.0-Release.Candidate.app/Contents/Developer/Platforms/XROS.platform/Developer/Library/Frameworks -F /Applications/Xcode-27.0.0-Release.Candidate.app/Contents/Developer/Platforms/XROS.platform/Developer/SDKs/XROS27.0.sdk/Developer/Library/Frameworks -c -j10 -enable-batch-mode -incremental -Xcc -ivfsstatcache -Xcc /Users/admin/builder/spi-builder-workspace/.derivedData/SDKStatCaches.noindex/xros27.0-24M361-e829b21a6f8c9b70876ba0858053c044735bd543db762f57723cac368afd1ce4.sdkstatcache -output-file-map /Users/admin/builder/spi-builder-workspace/.derivedData/Build/Intermediates.noindex/Extension.build/Debug-xros/Extension-t.build/Objects-normal/arm64/Extension-OutputFileMap.json -save-temps -no-color-diagnostics -explicit-module-build -module-cache-path /Users/admin/builder/spi-builder-workspace/.derivedData/Build/Intermediates.noindex/SwiftExplicitPrecompiledModules -clang-scanner-module-cache-path /Users/admin/builder/spi-builder-workspace/.derivedData/ModuleCache.noindex -sdk-module-cache-path /Users/admin/builder/spi-builder-workspace/.derivedData/SDKExplicitPrecompiledModules -emit-dependencies -emit-module -emit-module-path /Users/admin/builder/spi-builder-workspace/.derivedData/Build/Intermediates.noindex/Extension.build/Debug-xros/Extension-t.build/Objects-normal/arm64/Extension.swiftmodule -serialize-diagnostics -dependency-scan-serialize-diagnostics-path /Users/admin/builder/spi-builder-workspace/.derivedData/Build/Intermediates.noindex/Extension.build/Debug-xros/Extension-t.build/Objects-normal/arm64/Extension-dependency-scan.dia -validate-clang-modules-once -clang-build-session-file /Users/admin/builder/spi-builder-workspace/.derivedData/ModuleCache.noindex/Session.modulevalidation -Xcc -fmodules-prune-interval\=86400 -Xcc -fmodules-prune-after\=345600 -emit-const-values -const-gather-protocols-list /Users/admin/builder/spi-builder-workspace/.derivedData/Build/Intermediates.noindex/Extension.build/Debug-xros/Extension-t.build/Objects-normal/arm64/Extension_const_extract_protocols.json -Xcc -I/Users/admin/builder/spi-builder-workspace/.derivedData/Build/Products/Debug-xros/include -Xcc -I/Users/admin/builder/spi-builder-workspace/.derivedData/Build/Intermediates.noindex/Extension.build/Debug-xros/Extension-t.build/DerivedSources-normal/arm64 -Xcc -I/Users/admin/builder/spi-builder-workspace/.derivedData/Build/Intermediates.noindex/Extension.build/Debug-xros/Extension-t.build/DerivedSources/arm64 -Xcc -I/Users/admin/builder/spi-builder-workspace/.derivedData/Build/Intermediates.noindex/Extension.build/Debug-xros/Extension-t.build/DerivedSources -Xcc -DSWIFT_PACKAGE -Xcc -DDEBUG\=1 -emit-objc-header -emit-objc-header-path /Users/admin/builder/spi-builder-workspace/.derivedData/Build/Intermediates.noindex/Extension.build/Debug-xros/Extension-t.build/Objects-normal/arm64/Extension-Swift.h -working-directory /Users/admin/builder/spi-builder-workspace/.swiftpm/xcode -experimental-emit-module-separately -disable-cmo
SwiftExplicitDependencyGeneratePcm arm64 /Users/admin/builder/spi-builder-workspace/.derivedData/SDKExplicitPrecompiledModules/_Builtin_stdbool-5BU2ADS7JXQMYENKQHW9X8XOU.pcm
SwiftExplicitDependencyGeneratePcm arm64 /Users/admin/builder/spi-builder-workspace/.derivedData/SDKExplicitPrecompiledModules/DeveloperToolsSupport-46GOQP8J1QTHLYQSJW81T8UZ3.pcm
SwiftExplicitDependencyGeneratePcm arm64 /Users/admin/builder/spi-builder-workspace/.derivedData/SDKExplicitPrecompiledModules/_SwiftConcurrencyShims-C8XHKSHX96D5YYALNM4W70Z0O.pcm
SwiftExplicitDependencyGeneratePcm arm64 /Users/admin/builder/spi-builder-workspace/.derivedData/SDKExplicitPrecompiledModules/ptrcheck-BXA97MNLI4BB0HF5I8MJE403D.pcm
SwiftExplicitDependencyGeneratePcm arm64 /Users/admin/builder/spi-builder-workspace/.derivedData/SDKExplicitPrecompiledModules/_AvailabilityInternal-1Q8IQP6M38UWSGZ95UCEY2M44.pcm
SwiftExplicitDependencyGeneratePcm arm64 /Users/admin/builder/spi-builder-workspace/.derivedData/SDKExplicitPrecompiledModules/_Builtin_stddef-5NQ9Z1GV07GBSRQGAQCGXGVRI.pcm
SwiftExplicitDependencyGeneratePcm arm64 /Users/admin/builder/spi-builder-workspace/.derivedData/SDKExplicitPrecompiledModules/ptrauth-1WBA714DZSVUL5JQDJ08CLKZ.pcm
SwiftExplicitDependencyGeneratePcm arm64 /Users/admin/builder/spi-builder-workspace/.derivedData/SDKExplicitPrecompiledModules/_Builtin_stdarg-CDA349K2K4US766844K8E0PVA.pcm
SwiftExplicitDependencyGeneratePcm arm64 /Users/admin/builder/spi-builder-workspace/.derivedData/SDKExplicitPrecompiledModules/_Builtin_float-6WKHNW5S40U2QGHXXGETUDIRA.pcm
SwiftExplicitDependencyGeneratePcm arm64 /Users/admin/builder/spi-builder-workspace/.derivedData/SDKExplicitPrecompiledModules/SwiftShims-CI4H5RO9IYFFWQ2COB512Q2S9.pcm
SwiftExplicitDependencyGeneratePcm arm64 /Users/admin/builder/spi-builder-workspace/.derivedData/SDKExplicitPrecompiledModules/_DarwinFoundation1-5RGRVV2TZ6WC4WZW5IXF8NQ04.pcm
SwiftExplicitDependencyGeneratePcm arm64 /Users/admin/builder/spi-builder-workspace/.derivedData/SDKExplicitPrecompiledModules/_DarwinFoundation2-ENTECK156YEWITZRRBTOCE4KR.pcm
SwiftExplicitDependencyGeneratePcm arm64 /Users/admin/builder/spi-builder-workspace/.derivedData/SDKExplicitPrecompiledModules/_Builtin_limits-425JDMN5HPM3D0UEI8LEHP6NM.pcm
SwiftExplicitDependencyGeneratePcm arm64 /Users/admin/builder/spi-builder-workspace/.derivedData/SDKExplicitPrecompiledModules/_Builtin_stdint-8OR6T47OOYJA90ZBO3N1USDE.pcm
SwiftExplicitDependencyGeneratePcm arm64 /Users/admin/builder/spi-builder-workspace/.derivedData/SDKExplicitPrecompiledModules/_Builtin_tgmath-BPYSMHWI520EQRL2HW519ZY7Z.pcm
SwiftExplicitDependencyGeneratePcm arm64 /Users/admin/builder/spi-builder-workspace/.derivedData/SDKExplicitPrecompiledModules/string_h-2GT67HHHHK5CF1V1S31LH0PU2.pcm
SwiftExplicitDependencyGeneratePcm arm64 /Users/admin/builder/spi-builder-workspace/.derivedData/SDKExplicitPrecompiledModules/sys_types-AYM0BHR77VKMWZCO2T0XGV2HF.pcm
SwiftExplicitDependencyGeneratePcm arm64 /Users/admin/builder/spi-builder-workspace/.derivedData/SDKExplicitPrecompiledModules/_Builtin_stdatomic-1VUZPM79PNCAHXVBERD53WRSF.pcm
SwiftExplicitDependencyGeneratePcm arm64 /Users/admin/builder/spi-builder-workspace/.derivedData/SDKExplicitPrecompiledModules/_Builtin_intrinsics-BC5IJI3YI34RQ61ZNVDRDZ6RN.pcm
SwiftExplicitDependencyGeneratePcm arm64 /Users/admin/builder/spi-builder-workspace/.derivedData/SDKExplicitPrecompiledModules/_DarwinFoundation3-9ZHN6JKBS40BBA81RQMV8H0IC.pcm
SwiftExplicitDependencyGeneratePcm arm64 /Users/admin/builder/spi-builder-workspace/.derivedData/SDKExplicitPrecompiledModules/_Builtin_inttypes-11B64KJD36B3YOHBR1BBXBJY8.pcm
SwiftExplicitDependencyGeneratePcm arm64 /Users/admin/builder/spi-builder-workspace/.derivedData/SDKExplicitPrecompiledModules/Darwin-60P5LVNQO3ESRRM5DCJ05PFNK.pcm
SwiftExplicitDependencyGeneratePcm arm64 /Users/admin/builder/spi-builder-workspace/.derivedData/SDKExplicitPrecompiledModules/simd-9XXAB17Y6E4BBPQADD61NZ23.pcm
SwiftExplicitDependencyGeneratePcm arm64 /Users/admin/builder/spi-builder-workspace/.derivedData/SDKExplicitPrecompiledModules/MachO-3XTHY7HWV6RF3KXKYQVHUBUXK.pcm
SwiftExplicitDependencyGeneratePcm arm64 /Users/admin/builder/spi-builder-workspace/.derivedData/SDKExplicitPrecompiledModules/ObjectiveC-26TIBFYCEJZVP216ZZAU1X8KN.pcm
SwiftExplicitDependencyGeneratePcm arm64 /Users/admin/builder/spi-builder-workspace/.derivedData/SDKExplicitPrecompiledModules/os_object-692CJ8BG6RE5H04487EJJOVXW.pcm
SwiftExplicitDependencyGeneratePcm arm64 /Users/admin/builder/spi-builder-workspace/.derivedData/SDKExplicitPrecompiledModules/os_workgroup-4U1VXMWIZD80E7PRUQF2G7P9X.pcm
SwiftExplicitDependencyGeneratePcm arm64 /Users/admin/builder/spi-builder-workspace/.derivedData/SDKExplicitPrecompiledModules/Dispatch-CLT3466HKC22GCKAWSCNG0H7T.pcm
SwiftExplicitDependencyGeneratePcm arm64 /Users/admin/builder/spi-builder-workspace/.derivedData/SDKExplicitPrecompiledModules/Spatial-5E0I2846LO3ZE24CSVR2O57TI.pcm
SwiftExplicitDependencyGeneratePcm arm64 /Users/admin/builder/spi-builder-workspace/.derivedData/SDKExplicitPrecompiledModules/XPC-EP5EU7FNGP4VOA3EDM18P1KHO.pcm
SwiftExplicitDependencyGeneratePcm arm64 /Users/admin/builder/spi-builder-workspace/.derivedData/SDKExplicitPrecompiledModules/CoreFoundation-AVLTZVCXBU2TO75JCN4AGU8XJ.pcm
SwiftExplicitDependencyGeneratePcm arm64 /Users/admin/builder/spi-builder-workspace/.derivedData/SDKExplicitPrecompiledModules/os-1004XEJ3IXOOAU0KL58SM3D0K.pcm
SwiftExplicitDependencyGeneratePcm arm64 /Users/admin/builder/spi-builder-workspace/.derivedData/SDKExplicitPrecompiledModules/Security-8TH2M8WJIQMET4SADWX0N8372.pcm
SwiftExplicitDependencyGeneratePcm arm64 /Users/admin/builder/spi-builder-workspace/.derivedData/SDKExplicitPrecompiledModules/SystemConfiguration-9ZRTM3I7E0VI9U5I2YVCU37YI.pcm
SwiftExplicitDependencyGeneratePcm arm64 /Users/admin/builder/spi-builder-workspace/.derivedData/SDKExplicitPrecompiledModules/CoreGraphics-BFUJ177R223UT2ZI327ZTZY91.pcm
SwiftExplicitDependencyGeneratePcm arm64 /Users/admin/builder/spi-builder-workspace/.derivedData/SDKExplicitPrecompiledModules/CFNetwork-5MI70N1VLDQSWTX4COWLMSIRO.pcm
SwiftExplicitDependencyGeneratePcm arm64 /Users/admin/builder/spi-builder-workspace/.derivedData/SDKExplicitPrecompiledModules/Foundation-8GON1KVEKRN3NOQI8RETBRWJP.pcm
SwiftExplicitDependencyGeneratePcm arm64 /Users/admin/builder/spi-builder-workspace/.derivedData/SDKExplicitPrecompiledModules/CoreText-6F9TY5TEPCCZ1K2KYM4GMEGHD.pcm
SwiftExplicitDependencyGeneratePcm arm64 /Users/admin/builder/spi-builder-workspace/.derivedData/SDKExplicitPrecompiledModules/ImageIO-5CC6COR9KJYI1UBL7CSHLU2OG.pcm
SwiftExplicitDependencyGeneratePcm arm64 /Users/admin/builder/spi-builder-workspace/.derivedData/SDKExplicitPrecompiledModules/DataDetection-BANTQ3WXXGKZJYC0LLB3MD9K0.pcm
SwiftExplicitDependencyGeneratePcm arm64 /Users/admin/builder/spi-builder-workspace/.derivedData/SDKExplicitPrecompiledModules/CoreTransferable-8TBYAKHCX6UC8QQSS7BD8GQK5.pcm
SwiftExplicitDependencyGeneratePcm arm64 /Users/admin/builder/spi-builder-workspace/.derivedData/SDKExplicitPrecompiledModules/UserNotifications-8IIV1V1FPNAPA4LY1Y23LOM2N.pcm
SwiftExplicitDependencyGeneratePcm arm64 /Users/admin/builder/spi-builder-workspace/.derivedData/SDKExplicitPrecompiledModules/UniformTypeIdentifiers-E5KMWDZEKS4QW9RO1KBRDEXV6.pcm
SwiftExplicitDependencyGeneratePcm arm64 /Users/admin/builder/spi-builder-workspace/.derivedData/SDKExplicitPrecompiledModules/FileProvider-C9I28SI56F2SEVH1BCWTKGODO.pcm
SwiftExplicitDependencyGeneratePcm arm64 /Users/admin/builder/spi-builder-workspace/.derivedData/SDKExplicitPrecompiledModules/OSLog-BNGT87TS0GMBFF7TY70HHB69.pcm
SwiftExplicitDependencyGeneratePcm arm64 /Users/admin/builder/spi-builder-workspace/.derivedData/SDKExplicitPrecompiledModules/Symbols-8G2XC01RPQ5HYIZE6JNUT864I.pcm
SwiftExplicitDependencyGeneratePcm arm64 /Users/admin/builder/spi-builder-workspace/.derivedData/SDKExplicitPrecompiledModules/Accessibility-1DR4J4YDVDGAYQTZ0FKZ1PU09.pcm
SwiftExplicitDependencyGeneratePcm arm64 /Users/admin/builder/spi-builder-workspace/.derivedData/SDKExplicitPrecompiledModules/_LocationEssentials-8GQGFVARUE99D8VJX3TINY0VP.pcm
SwiftExplicitDependencyGeneratePcm arm64 /Users/admin/builder/spi-builder-workspace/.derivedData/SDKExplicitPrecompiledModules/UIUtilities-AOVGLUWEAN6CG2UZFNESGSP6C.pcm
SwiftExplicitDependencyGeneratePcm arm64 /Users/admin/builder/spi-builder-workspace/.derivedData/SDKExplicitPrecompiledModules/IOSurface-5FE9U89GVFF9A7X7AGO2R8ENI.pcm
SwiftExplicitDependencyGeneratePcm arm64 /Users/admin/builder/spi-builder-workspace/.derivedData/SDKExplicitPrecompiledModules/CoreLocation-1SN37095DAPVJ068LLP9TBDQX.pcm
SwiftExplicitDependencyGeneratePcm arm64 /Users/admin/builder/spi-builder-workspace/.derivedData/SDKExplicitPrecompiledModules/OpenGLES-56BKSYXNVAP91BYZRWAKQZKGI.pcm
SwiftExplicitDependencyGeneratePcm arm64 /Users/admin/builder/spi-builder-workspace/.derivedData/SDKExplicitPrecompiledModules/Metal-EKNUM9P3PRIBHZK1ZBD6BA2T7.pcm
SwiftExplicitDependencyGeneratePcm arm64 /Users/admin/builder/spi-builder-workspace/.derivedData/SDKExplicitPrecompiledModules/CoreMotion-10LV922UPGE28QX2SOIO7ALIZ.pcm
SwiftExplicitDependencyGeneratePcm arm64 /Users/admin/builder/spi-builder-workspace/.derivedData/SDKExplicitPrecompiledModules/CoreVideo-E12HJSJSLO0YKWYBES11UKJ02.pcm
SwiftExplicitDependencyGeneratePcm arm64 /Users/admin/builder/spi-builder-workspace/.derivedData/SDKExplicitPrecompiledModules/CoreImage-8WF1P230U10QM666EQMNV7OF1.pcm
SwiftExplicitDependencyGeneratePcm arm64 /Users/admin/builder/spi-builder-workspace/.derivedData/SDKExplicitPrecompiledModules/QuartzCore-12T8WVKUNCL1N7VXH87MM4YOB.pcm
SwiftExplicitDependencyGeneratePcm arm64 /Users/admin/builder/spi-builder-workspace/.derivedData/SDKExplicitPrecompiledModules/SwiftUICore-6OBBMA39VFD4CB6SG2PE41FAP.pcm
SwiftExplicitDependencyGeneratePcm arm64 /Users/admin/builder/spi-builder-workspace/.derivedData/SDKExplicitPrecompiledModules/UIKit-2D2PMAAE45TMO6S28UCGCO5BR.pcm
SwiftEmitModule normal arm64 Emitting\ module\ for\ Extension (in target 'Extension' from project 'Extension')
SwiftCompile normal arm64 (in target 'Extension' from project 'Extension')
cd /Users/admin/builder/spi-builder-workspace/.swiftpm/xcode
/Users/admin/builder/spi-builder-workspace/Sources/Foundation/Bundle+Localization.swift:40:15: warning: class 'BundleEx' must restate inherited '@unchecked Sendable' conformance
38 | }
39 |
40 | private class BundleEx: Bundle {
| `- warning: class 'BundleEx' must restate inherited '@unchecked Sendable' conformance
41 | fileprivate override func localizedString(forKey key: String, value: String?, table tableName: String?) -> String {
42 | if let bundle = runTimeBundle {
/Users/admin/builder/spi-builder-workspace/Sources/Foundation/CGFloat+String.swift:4:1: warning: extension declares a conformance of imported type 'CGFloat' to imported protocols 'ExpressibleByStringLiteral', 'ExpressibleByExtendedGraphemeClusterLiteral', 'ExpressibleByUnicodeScalarLiteral'; this will not behave correctly if the owners of 'CoreFoundation' introduce this conformance in the future
2 | import CoreGraphics
3 |
4 | extension CGFloat: ExpressibleByStringLiteral {
| |- warning: extension declares a conformance of imported type 'CGFloat' to imported protocols 'ExpressibleByStringLiteral', 'ExpressibleByExtendedGraphemeClusterLiteral', 'ExpressibleByUnicodeScalarLiteral'; this will not behave correctly if the owners of 'CoreFoundation' introduce this conformance in the future
| `- note: add '@retroactive' to silence this warning
5 | public typealias StringLiteralType = String
6 | public init(stringLiteral value: String) {
/Users/admin/builder/spi-builder-workspace/Sources/Foundation/URL+String.swift:4:1: warning: extension declares a conformance of imported type 'URL' to imported protocols 'ExpressibleByStringLiteral', 'ExpressibleByExtendedGraphemeClusterLiteral', 'ExpressibleByUnicodeScalarLiteral'; this will not behave correctly if the owners of 'Foundation' introduce this conformance in the future
2 | import Foundation
3 |
4 | extension URL: ExpressibleByStringLiteral {
| |- warning: extension declares a conformance of imported type 'URL' to imported protocols 'ExpressibleByStringLiteral', 'ExpressibleByExtendedGraphemeClusterLiteral', 'ExpressibleByUnicodeScalarLiteral'; this will not behave correctly if the owners of 'Foundation' introduce this conformance in the future
| `- note: add '@retroactive' to silence this warning
5 | public typealias StringLiteralType = String
6 | public init(stringLiteral value: String) {
/Users/admin/builder/spi-builder-workspace/Sources/Swift/Float+String.swift:1:1: warning: extension declares a conformance of imported type 'Float' to imported protocols 'ExpressibleByStringLiteral', 'ExpressibleByExtendedGraphemeClusterLiteral', 'ExpressibleByUnicodeScalarLiteral'; this will not behave correctly if the owners of 'Swift' introduce this conformance in the future
1 | extension Float: ExpressibleByStringLiteral {
| |- warning: extension declares a conformance of imported type 'Float' to imported protocols 'ExpressibleByStringLiteral', 'ExpressibleByExtendedGraphemeClusterLiteral', 'ExpressibleByUnicodeScalarLiteral'; this will not behave correctly if the owners of 'Swift' introduce this conformance in the future
| `- note: add '@retroactive' to silence this warning
2 | public typealias StringLiteralType = String
3 | public init(stringLiteral value: String) {
/Users/admin/builder/spi-builder-workspace/Sources/Swift/Int+String.swift:1:1: warning: extension declares a conformance of imported type 'Int' to imported protocols 'ExpressibleByStringLiteral', 'ExpressibleByExtendedGraphemeClusterLiteral', 'ExpressibleByUnicodeScalarLiteral'; this will not behave correctly if the owners of 'Swift' introduce this conformance in the future
1 | extension Int: ExpressibleByStringLiteral {
| |- warning: extension declares a conformance of imported type 'Int' to imported protocols 'ExpressibleByStringLiteral', 'ExpressibleByExtendedGraphemeClusterLiteral', 'ExpressibleByUnicodeScalarLiteral'; this will not behave correctly if the owners of 'Swift' introduce this conformance in the future
| `- note: add '@retroactive' to silence this warning
2 | public typealias StringLiteralType = String
3 | public init(stringLiteral value: String) {
SwiftCompile normal arm64 Compiling\ Int+String.swift,\ String+regex.swift,\ Swift+Association.swift,\ Swift+closuer.swift,\ Swift+log.swift,\ Swift+synchronized.swift /Users/admin/builder/spi-builder-workspace/Sources/Swift/Int+String.swift /Users/admin/builder/spi-builder-workspace/Sources/Swift/String+regex.swift /Users/admin/builder/spi-builder-workspace/Sources/Swift/Swift+Association.swift /Users/admin/builder/spi-builder-workspace/Sources/Swift/Swift+closuer.swift /Users/admin/builder/spi-builder-workspace/Sources/Swift/Swift+log.swift /Users/admin/builder/spi-builder-workspace/Sources/Swift/Swift+synchronized.swift (in target 'Extension' from project 'Extension')
SwiftCompile normal arm64 /Users/admin/builder/spi-builder-workspace/Sources/Swift/Int+String.swift (in target 'Extension' from project 'Extension')
cd /Users/admin/builder/spi-builder-workspace/.swiftpm/xcode
builtin-SwiftPerFileCompile Int+String.swift
SwiftCompile normal arm64 /Users/admin/builder/spi-builder-workspace/Sources/Swift/String+regex.swift (in target 'Extension' from project 'Extension')
cd /Users/admin/builder/spi-builder-workspace/.swiftpm/xcode
builtin-SwiftPerFileCompile String+regex.swift
SwiftCompile normal arm64 /Users/admin/builder/spi-builder-workspace/Sources/Swift/Swift+Association.swift (in target 'Extension' from project 'Extension')
cd /Users/admin/builder/spi-builder-workspace/.swiftpm/xcode
builtin-SwiftPerFileCompile Swift+Association.swift
SwiftCompile normal arm64 /Users/admin/builder/spi-builder-workspace/Sources/Swift/Swift+closuer.swift (in target 'Extension' from project 'Extension')
cd /Users/admin/builder/spi-builder-workspace/.swiftpm/xcode
builtin-SwiftPerFileCompile Swift+closuer.swift
SwiftCompile normal arm64 /Users/admin/builder/spi-builder-workspace/Sources/Swift/Swift+log.swift (in target 'Extension' from project 'Extension')
cd /Users/admin/builder/spi-builder-workspace/.swiftpm/xcode
builtin-SwiftPerFileCompile Swift+log.swift
SwiftCompile normal arm64 /Users/admin/builder/spi-builder-workspace/Sources/Swift/Swift+synchronized.swift (in target 'Extension' from project 'Extension')
cd /Users/admin/builder/spi-builder-workspace/.swiftpm/xcode
builtin-SwiftPerFileCompile Swift+synchronized.swift
/Users/admin/builder/spi-builder-workspace/Sources/Swift/Int+String.swift:1:1: warning: extension declares a conformance of imported type 'Int' to imported protocols 'ExpressibleByStringLiteral', 'ExpressibleByExtendedGraphemeClusterLiteral', 'ExpressibleByUnicodeScalarLiteral'; this will not behave correctly if the owners of 'Swift' introduce this conformance in the future
1 | extension Int: ExpressibleByStringLiteral {
| |- warning: extension declares a conformance of imported type 'Int' to imported protocols 'ExpressibleByStringLiteral', 'ExpressibleByExtendedGraphemeClusterLiteral', 'ExpressibleByUnicodeScalarLiteral'; this will not behave correctly if the owners of 'Swift' introduce this conformance in the future
| `- note: add '@retroactive' to silence this warning
2 | public typealias StringLiteralType = String
3 | public init(stringLiteral value: String) {
SwiftCompile normal arm64 Compiling\ SCNetworkReachability+new.swift,\ SCNetworkReachability+update.swift,\ String+Dictionary.swift,\ String+URLEscaped.swift,\ String+base64.swift,\ URL+Cookie.swift /Users/admin/builder/spi-builder-workspace/Sources/Foundation/SCNetworkReachability/SCNetworkReachability+new.swift /Users/admin/builder/spi-builder-workspace/Sources/Foundation/SCNetworkReachability/SCNetworkReachability+update.swift /Users/admin/builder/spi-builder-workspace/Sources/Foundation/String+Dictionary.swift /Users/admin/builder/spi-builder-workspace/Sources/Foundation/String+URLEscaped.swift /Users/admin/builder/spi-builder-workspace/Sources/Foundation/String+base64.swift /Users/admin/builder/spi-builder-workspace/Sources/Foundation/URL+Cookie.swift (in target 'Extension' from project 'Extension')
SwiftCompile normal arm64 /Users/admin/builder/spi-builder-workspace/Sources/Foundation/SCNetworkReachability/SCNetworkReachability+new.swift (in target 'Extension' from project 'Extension')
cd /Users/admin/builder/spi-builder-workspace/.swiftpm/xcode
builtin-SwiftPerFileCompile SCNetworkReachability+new.swift
SwiftCompile normal arm64 /Users/admin/builder/spi-builder-workspace/Sources/Foundation/SCNetworkReachability/SCNetworkReachability+update.swift (in target 'Extension' from project 'Extension')
cd /Users/admin/builder/spi-builder-workspace/.swiftpm/xcode
builtin-SwiftPerFileCompile SCNetworkReachability+update.swift
SwiftCompile normal arm64 /Users/admin/builder/spi-builder-workspace/Sources/Foundation/String+Dictionary.swift (in target 'Extension' from project 'Extension')
cd /Users/admin/builder/spi-builder-workspace/.swiftpm/xcode
builtin-SwiftPerFileCompile String+Dictionary.swift
SwiftCompile normal arm64 /Users/admin/builder/spi-builder-workspace/Sources/Foundation/String+URLEscaped.swift (in target 'Extension' from project 'Extension')
cd /Users/admin/builder/spi-builder-workspace/.swiftpm/xcode
builtin-SwiftPerFileCompile String+URLEscaped.swift
SwiftCompile normal arm64 /Users/admin/builder/spi-builder-workspace/Sources/Foundation/String+base64.swift (in target 'Extension' from project 'Extension')
cd /Users/admin/builder/spi-builder-workspace/.swiftpm/xcode
builtin-SwiftPerFileCompile String+base64.swift
SwiftCompile normal arm64 /Users/admin/builder/spi-builder-workspace/Sources/Foundation/URL+Cookie.swift (in target 'Extension' from project 'Extension')
cd /Users/admin/builder/spi-builder-workspace/.swiftpm/xcode
builtin-SwiftPerFileCompile URL+Cookie.swift
SwiftCompile normal arm64 Compiling\ Data+MIMEType.swift,\ Dictionary+MIMEType.swift,\ HTTPCookieStorage+setCookie.swift,\ KeyChain.swift,\ Locale+Localization.swift,\ SCNetworkReachability+flags.swift /Users/admin/builder/spi-builder-workspace/Sources/Foundation/Data+MIMEType.swift /Users/admin/builder/spi-builder-workspace/Sources/Foundation/Dictionary+MIMEType.swift /Users/admin/builder/spi-builder-workspace/Sources/Foundation/HTTPCookieStorage+setCookie.swift /Users/admin/builder/spi-builder-workspace/Sources/Foundation/KeyChain.swift /Users/admin/builder/spi-builder-workspace/Sources/Foundation/Locale+Localization.swift /Users/admin/builder/spi-builder-workspace/Sources/Foundation/SCNetworkReachability/SCNetworkReachability+flags.swift (in target 'Extension' from project 'Extension')
SwiftCompile normal arm64 /Users/admin/builder/spi-builder-workspace/Sources/Foundation/Data+MIMEType.swift (in target 'Extension' from project 'Extension')
cd /Users/admin/builder/spi-builder-workspace/.swiftpm/xcode
builtin-SwiftPerFileCompile Data+MIMEType.swift
SwiftCompile normal arm64 /Users/admin/builder/spi-builder-workspace/Sources/Foundation/Dictionary+MIMEType.swift (in target 'Extension' from project 'Extension')
cd /Users/admin/builder/spi-builder-workspace/.swiftpm/xcode
builtin-SwiftPerFileCompile Dictionary+MIMEType.swift
SwiftCompile normal arm64 /Users/admin/builder/spi-builder-workspace/Sources/Foundation/HTTPCookieStorage+setCookie.swift (in target 'Extension' from project 'Extension')
cd /Users/admin/builder/spi-builder-workspace/.swiftpm/xcode
builtin-SwiftPerFileCompile HTTPCookieStorage+setCookie.swift
SwiftCompile normal arm64 /Users/admin/builder/spi-builder-workspace/Sources/Foundation/KeyChain.swift (in target 'Extension' from project 'Extension')
cd /Users/admin/builder/spi-builder-workspace/.swiftpm/xcode
builtin-SwiftPerFileCompile KeyChain.swift
SwiftCompile normal arm64 /Users/admin/builder/spi-builder-workspace/Sources/Foundation/Locale+Localization.swift (in target 'Extension' from project 'Extension')
cd /Users/admin/builder/spi-builder-workspace/.swiftpm/xcode
builtin-SwiftPerFileCompile Locale+Localization.swift
SwiftCompile normal arm64 /Users/admin/builder/spi-builder-workspace/Sources/Foundation/SCNetworkReachability/SCNetworkReachability+flags.swift (in target 'Extension' from project 'Extension')
cd /Users/admin/builder/spi-builder-workspace/.swiftpm/xcode
builtin-SwiftPerFileCompile SCNetworkReachability+flags.swift
SwiftCompile normal arm64 Compiling\ NSString+Size.swift,\ UIApplication+EventTrack.swift,\ UIControl+Event.swift,\ UIFont+SymbolicTraits.swift,\ UINavigationController+Autorotate.swift,\ UIResponder+Keyboard.swift /Users/admin/builder/spi-builder-workspace/Sources/UIKit/NSString+Size.swift /Users/admin/builder/spi-builder-workspace/Sources/UIKit/UIApplication+EventTrack.swift /Users/admin/builder/spi-builder-workspace/Sources/UIKit/UIControl+Event.swift /Users/admin/builder/spi-builder-workspace/Sources/UIKit/UIFont+SymbolicTraits.swift /Users/admin/builder/spi-builder-workspace/Sources/UIKit/UINavigationController+Autorotate.swift /Users/admin/builder/spi-builder-workspace/Sources/UIKit/UIResponder+Keyboard.swift (in target 'Extension' from project 'Extension')
SwiftCompile normal arm64 /Users/admin/builder/spi-builder-workspace/Sources/UIKit/NSString+Size.swift (in target 'Extension' from project 'Extension')
cd /Users/admin/builder/spi-builder-workspace/.swiftpm/xcode
builtin-SwiftPerFileCompile NSString+Size.swift
SwiftCompile normal arm64 /Users/admin/builder/spi-builder-workspace/Sources/UIKit/UIApplication+EventTrack.swift (in target 'Extension' from project 'Extension')
cd /Users/admin/builder/spi-builder-workspace/.swiftpm/xcode
builtin-SwiftPerFileCompile UIApplication+EventTrack.swift
SwiftCompile normal arm64 /Users/admin/builder/spi-builder-workspace/Sources/UIKit/UIControl+Event.swift (in target 'Extension' from project 'Extension')
cd /Users/admin/builder/spi-builder-workspace/.swiftpm/xcode
builtin-SwiftPerFileCompile UIControl+Event.swift
SwiftCompile normal arm64 /Users/admin/builder/spi-builder-workspace/Sources/UIKit/UIFont+SymbolicTraits.swift (in target 'Extension' from project 'Extension')
cd /Users/admin/builder/spi-builder-workspace/.swiftpm/xcode
builtin-SwiftPerFileCompile UIFont+SymbolicTraits.swift
SwiftCompile normal arm64 /Users/admin/builder/spi-builder-workspace/Sources/UIKit/UINavigationController+Autorotate.swift (in target 'Extension' from project 'Extension')
cd /Users/admin/builder/spi-builder-workspace/.swiftpm/xcode
builtin-SwiftPerFileCompile UINavigationController+Autorotate.swift
SwiftCompile normal arm64 /Users/admin/builder/spi-builder-workspace/Sources/UIKit/UIResponder+Keyboard.swift (in target 'Extension' from project 'Extension')
cd /Users/admin/builder/spi-builder-workspace/.swiftpm/xcode
builtin-SwiftPerFileCompile UIResponder+Keyboard.swift
/Users/admin/builder/spi-builder-workspace/Sources/UIKit/UINavigationController+Autorotate.swift:10:51: warning: 'shouldAutorotate' was deprecated in visionOS 1.0: Update supported interface orientations and call setNeedsUpdateOfSupportedInterfaceOrientations to indicate a change. [#DeprecatedDeclaration]
8 | // 兼容iOS旋转问题 http://stackoverflow.com/questions/19817646/autorotation-not-working-in-ios-7-works-fine-in-ios-6
9 | open override var shouldAutorotate: Bool {
10 | if let autoTotate = viewControllers.last?.shouldAutorotate {
| `- warning: 'shouldAutorotate' was deprecated in visionOS 1.0: Update supported interface orientations and call setNeedsUpdateOfSupportedInterfaceOrientations to indicate a change. [#DeprecatedDeclaration]
11 | return autoTotate
12 | } else {
/Users/admin/builder/spi-builder-workspace/Sources/UIKit/UINavigationController+Autorotate.swift:13:26: warning: 'shouldAutorotate' was deprecated in visionOS 1.0: Update supported interface orientations and call setNeedsUpdateOfSupportedInterfaceOrientations to indicate a change. [#DeprecatedDeclaration]
11 | return autoTotate
12 | } else {
13 | return super.shouldAutorotate
| `- warning: 'shouldAutorotate' was deprecated in visionOS 1.0: Update supported interface orientations and call setNeedsUpdateOfSupportedInterfaceOrientations to indicate a change. [#DeprecatedDeclaration]
14 | }
15 | }
[#DeprecatedDeclaration]: <https://docs.swift.org/compiler/documentation/diagnostics/deprecated-declaration>
SwiftCompile normal arm64 Compiling\ UITableView+UIImage.swift,\ UILabel+chainable.swift,\ UIView+chainable.swift,\ WKWebView+contentView.swift,\ WKWebView+input.swift,\ WKWebView+registerScheme.swift /Users/admin/builder/spi-builder-workspace/Sources/UIKit/UITableView+UIImage.swift /Users/admin/builder/spi-builder-workspace/Sources/UIKit/chainable/UILabel+chainable.swift /Users/admin/builder/spi-builder-workspace/Sources/UIKit/chainable/UIView+chainable.swift /Users/admin/builder/spi-builder-workspace/Sources/WebKit/WKWebView+contentView.swift /Users/admin/builder/spi-builder-workspace/Sources/WebKit/WKWebView+input.swift /Users/admin/builder/spi-builder-workspace/Sources/WebKit/WKWebView+registerScheme.swift (in target 'Extension' from project 'Extension')
/Users/admin/builder/spi-builder-workspace/Sources/UIKit/UITableView+UIImage.swift:12:38: error: value of type 'UIView' has no member 'image'
10 | guard let rect = tableHeaderView?.frame else {return nil}
11 | scrollRectToVisible(rect, animated: false)
12 | let image = tableHeaderView?.image
| `- error: value of type 'UIView' has no member 'image'
13 | setContentOffset(offset, animated: false)
14 | return image
/Users/admin/builder/spi-builder-workspace/Sources/UIKit/UITableView+UIImage.swift:20:54: error: value of type 'UITableViewHeaderFooterView' has no member 'image'
18 | let rect = rectForHeader(inSection: section)
19 | scrollRectToVisible(rect, animated: false)
20 | let image = headerView(forSection: section)?.image
| `- error: value of type 'UITableViewHeaderFooterView' has no member 'image'
21 | setContentOffset(offset, animated: false)
22 | return image
/Users/admin/builder/spi-builder-workspace/Sources/UIKit/UITableView+UIImage.swift:27:48: error: cannot call value of non-function type 'UIImage?'
25 | let offset = contentOffset
26 | scrollToRow(at: indexPath, at: UITableView.ScrollPosition.top, animated: false)
27 | let image = cellForRow(at: indexPath)?.image(scale: UIScreen.main.scale)
| `- error: cannot call value of non-function type 'UIImage?'
28 | setContentOffset(offset, animated: false)
29 | return image
/Users/admin/builder/spi-builder-workspace/Sources/UIKit/UITableView+UIImage.swift:35:54: error: value of type 'UITableViewHeaderFooterView' has no member 'image'
33 | let rect = rectForFooter(inSection: section)
34 | scrollRectToVisible(rect, animated: false)
35 | let image = headerView(forSection: section)?.image
| `- error: value of type 'UITableViewHeaderFooterView' has no member 'image'
36 | setContentOffset(offset, animated: false)
37 | return image
/Users/admin/builder/spi-builder-workspace/Sources/UIKit/UITableView+UIImage.swift:43:38: error: value of type 'UIView' has no member 'image'
41 | guard let rect = tableFooterView?.frame else {return nil}
42 | scrollRectToVisible(rect, animated: false)
43 | let image = tableHeaderView?.image
| `- error: value of type 'UIView' has no member 'image'
44 | setContentOffset(offset, animated: false)
45 | return image
/Users/admin/builder/spi-builder-workspace/Sources/UIKit/UITableView+UIImage.swift:102:48: error: 'UIScreen' is unavailable in visionOS
100 | UIGraphicsBeginImageContextWithOptions(CGSize(width: contentSize.width, height: height),
101 | false,
102 | UIScreen.main.scale) // +224.25MB
| `- error: 'UIScreen' is unavailable in visionOS
103 | if let context = UIGraphicsGetCurrentContext() {
104 | render(context: context, section: section, fromRow: start, to: end, withHeader: header, footer: footer)
/Applications/Xcode-27.0.0-Release.Candidate.app/Contents/Developer/Platforms/XROS.platform/Developer/SDKs/XROS27.0.sdk/System/Library/Frameworks/UIKit.framework/Headers/UIScreen.h:54:12: note: 'UIScreen' has been explicitly marked unavailable here
52 |
53 | UIKIT_EXTERN API_AVAILABLE(ios(2.0)) API_UNAVAILABLE(visionos, watchos) NS_SWIFT_UI_ACTOR
54 | @interface UIScreen : NSObject <UITraitEnvironment>
| `- note: 'UIScreen' has been explicitly marked unavailable here
55 |
56 | @property(class, nonatomic, readonly) NSArray<UIScreen *> *screens API_DEPRECATED("Use UIApplication.shared.openSessions to find open sessions with scenes from other screens", ios(3.2, 16.0), visionos(1.0, 1.0)) API_UNAVAILABLE(watchos); // all screens currently attached to the device
Failed frontend command:
/Applications/Xcode-27.0.0-Release.Candidate.app/Contents/Developer/Toolchains/XcodeDefault.xctoolchain/usr/bin/swift-frontend -frontend -c /Users/admin/builder/spi-builder-workspace/Sources/Common/Color/Color+components.swift /Users/admin/builder/spi-builder-workspace/Sources/Common/Color/Color+css.swift /Users/admin/builder/spi-builder-workspace/Sources/Common/Color/Color+hex.swift /Users/admin/builder/spi-builder-workspace/Sources/Common/Color/Color+rgba.swift /Users/admin/builder/spi-builder-workspace/Sources/Common/Color/Color.swift /Users/admin/builder/spi-builder-workspace/Sources/Common/Image/Image+CoreGraphics.swift /Users/admin/builder/spi-builder-workspace/Sources/Common/Image/Image+Process.swift /Users/admin/builder/spi-builder-workspace/Sources/Common/Image/Image+pdf.swift /Users/admin/builder/spi-builder-workspace/Sources/Common/Image/Image.swift /Users/admin/builder/spi-builder-workspace/Sources/Common/View/VIew+UIImage.swift /Users/admin/builder/spi-builder-workspace/Sources/Common/View/View.swift /Users/admin/builder/spi-builder-workspace/Sources/Common/runtime.swift /Users/admin/builder/spi-builder-workspace/Sources/Dispatch/DispatchQueue+once.swift /Users/admin/builder/spi-builder-workspace/Sources/Foundation/Array+JSON.swift /Users/admin/builder/spi-builder-workspace/Sources/Foundation/Array+cookieString.swift /Users/admin/builder/spi-builder-workspace/Sources/Foundation/Bundle+Localization.swift /Users/admin/builder/spi-builder-workspace/Sources/Foundation/CFAbsoluteTime+init.swift /Users/admin/builder/spi-builder-workspace/Sources/Foundation/CGFloat+String.swift /Users/admin/builder/spi-builder-workspace/Sources/Foundation/Data+MIMEType.swift /Users/admin/builder/spi-builder-workspace/Sources/Foundation/Dictionary+MIMEType.swift /Users/admin/builder/spi-builder-workspace/Sources/Foundation/HTTPCookieStorage+setCookie.swift /Users/admin/builder/spi-builder-workspace/Sources/Foundation/KeyChain.swift /Users/admin/builder/spi-builder-workspace/Sources/Foundation/Locale+Localization.swift /Users/admin/builder/spi-builder-workspace/Sources/Foundation/SCNetworkReachability/SCNetworkReachability+flags.swift /Users/admin/builder/spi-builder-workspace/Sources/Foundation/SCNetworkReachability/SCNetworkReachability+new.swift /Users/admin/builder/spi-builder-workspace/Sources/Foundation/SCNetworkReachability/SCNetworkReachability+update.swift /Users/admin/builder/spi-builder-workspace/Sources/Foundation/String+Dictionary.swift /Users/admin/builder/spi-builder-workspace/Sources/Foundation/String+URLEscaped.swift /Users/admin/builder/spi-builder-workspace/Sources/Foundation/String+base64.swift /Users/admin/builder/spi-builder-workspace/Sources/Foundation/URL+Cookie.swift /Users/admin/builder/spi-builder-workspace/Sources/Foundation/URL+String.swift /Users/admin/builder/spi-builder-workspace/Sources/Foundation/URL+query.swift /Users/admin/builder/spi-builder-workspace/Sources/Foundation/UserDefaults+Codable.swift /Users/admin/builder/spi-builder-workspace/Sources/Foundation/UserDefaults+subscript.swift /Users/admin/builder/spi-builder-workspace/Sources/Foundation/chainable/NSAttribute+chainable.swift /Users/admin/builder/spi-builder-workspace/Sources/Swift/Float+String.swift /Users/admin/builder/spi-builder-workspace/Sources/Swift/Int+String.swift /Users/admin/builder/spi-builder-workspace/Sources/Swift/String+regex.swift /Users/admin/builder/spi-builder-workspace/Sources/Swift/Swift+Association.swift /Users/admin/builder/spi-builder-workspace/Sources/Swift/Swift+closuer.swift /Users/admin/builder/spi-builder-workspace/Sources/Swift/Swift+log.swift /Users/admin/builder/spi-builder-workspace/Sources/Swift/Swift+synchronized.swift /Users/admin/builder/spi-builder-workspace/Sources/UIKit/ApplicationMainDelegate.swift /Users/admin/builder/spi-builder-workspace/Sources/UIKit/Array+UIImage.swift /Users/admin/builder/spi-builder-workspace/Sources/UIKit/CGRect+Float.swift /Users/admin/builder/spi-builder-workspace/Sources/UIKit/CGSize+Float.swift /Users/admin/builder/spi-builder-workspace/Sources/UIKit/CGpoint+Float.swift /Users/admin/builder/spi-builder-workspace/Sources/UIKit/NSAttributedString+Content.swift /Users/admin/builder/spi-builder-workspace/Sources/UIKit/NSString+Size.swift /Users/admin/builder/spi-builder-workspace/Sources/UIKit/UIApplication+EventTrack.swift /Users/admin/builder/spi-builder-workspace/Sources/UIKit/UIControl+Event.swift /Users/admin/builder/spi-builder-workspace/Sources/UIKit/UIFont+SymbolicTraits.swift /Users/admin/builder/spi-builder-workspace/Sources/UIKit/UINavigationController+Autorotate.swift /Users/admin/builder/spi-builder-workspace/Sources/UIKit/UIResponder+Keyboard.swift -primary-file /Users/admin/builder/spi-builder-workspace/Sources/UIKit/UITableView+UIImage.swift -primary-file /Users/admin/builder/spi-builder-workspace/Sources/UIKit/chainable/UILabel+chainable.swift -primary-file /Users/admin/builder/spi-builder-workspace/Sources/UIKit/chainable/UIView+chainable.swift -primary-file /Users/admin/builder/spi-builder-workspace/Sources/WebKit/WKWebView+contentView.swift -primary-file /Users/admin/builder/spi-builder-workspace/Sources/WebKit/WKWebView+input.swift -primary-file /Users/admin/builder/spi-builder-workspace/Sources/WebKit/WKWebView+registerScheme.swift -supplementary-output-file-map /Users/admin/builder/spi-builder-workspace/.derivedData/Build/Intermediates.noindex/Extension.build/Debug-xros/Extension-t.build/Objects-normal/arm64/supplementaryOutputs-10 -target arm64-apple-xros1.0 -module-can-import-version CoreGraphics 2049 2049.0.0 -module-can-import-version Dispatch 1605.0.2 0 -module-can-import-version Foundation 5027.0.69 5027.0.69 -module-can-import-version ObjectiveC 973.1 0 -module-can-import-version Security 62460.7.1 62460.7.1 -module-can-import-version SystemConfiguration 1446.0.0 1446.0.0 -module-can-import-version UIKit 9127.0.84.1 9127.0.84 -module-can-import-version WebKit 7625.1.29.14 625.1.29 -disable-cross-import-overlay-search -load-resolved-plugin /Applications/Xcode-27.0.0-Release.Candidate.app/Contents/Developer/Platforms/XROS.platform/Developer/usr/lib/swift/host/plugins/libFoundationMacros.dylib\#/Applications/Xcode-27.0.0-Release.Candidate.app/Contents/Developer/Platforms/XROS.platform/Developer/usr/bin/swift-plugin-server\#FoundationMacros -load-resolved-plugin /Applications/Xcode-27.0.0-Release.Candidate.app/Contents/Developer/Platforms/XROS.platform/Developer/usr/lib/swift/host/plugins/libObservationMacros.dylib\#/Applications/Xcode-27.0.0-Release.Candidate.app/Contents/Developer/Platforms/XROS.platform/Developer/usr/bin/swift-plugin-server\#ObservationMacros -load-resolved-plugin /Applications/Xcode-27.0.0-Release.Candidate.app/Contents/Developer/Platforms/XROS.platform/Developer/usr/lib/swift/host/plugins/libPreviewsMacros.dylib\#/Applications/Xcode-27.0.0-Release.Candidate.app/Contents/Developer/Platforms/XROS.platform/Developer/usr/bin/swift-plugin-server\#PreviewsMacros -load-resolved-plugin /Applications/Xcode-27.0.0-Release.Candidate.app/Contents/Developer/Platforms/XROS.platform/Developer/usr/lib/swift/host/plugins/libSwiftMacros.dylib\#/Applications/Xcode-27.0.0-Release.Candidate.app/Contents/Developer/Platforms/XROS.platform/Developer/usr/bin/swift-plugin-server\#SwiftMacros -load-resolved-plugin /Applications/Xcode-27.0.0-Release.Candidate.app/Contents/Developer/Platforms/XROS.platform/Developer/usr/lib/swift/host/plugins/libSwiftUIMacros.dylib\#/Applications/Xcode-27.0.0-Release.Candidate.app/Contents/Developer/Platforms/XROS.platform/Developer/usr/bin/swift-plugin-server\#SwiftUIMacros -disable-implicit-swift-modules -Xcc -fno-implicit-modules -Xcc -fno-implicit-module-maps -explicit-swift-module-map-file /Users/admin/builder/spi-builder-workspace/.derivedData/Build/Intermediates.noindex/Extension.build/Debug-xros/Extension-t.build/Objects-normal/arm64/Extension-dependencies-1.json -Xllvm -aarch64-use-tbi -enable-objc-interop -stack-check -sdk /Applications/Xcode-27.0.0-Release.Candidate.app/Contents/Developer/Platforms/XROS.platform/Developer/SDKs/XROS27.0.sdk -I /Users/admin/builder/spi-builder-workspace/.derivedData/Build/Products/Debug-xros -Isystem /Applications/Xcode-27.0.0-Release.Candidate.app/Contents/Developer/Platforms/XROS.platform/Developer/usr/lib -F /Users/admin/builder/spi-builder-workspace/.derivedData/Build/Products/Debug-xros -F /Applications/Xcode-27.0.0-Release.Candidate.app/Contents/Developer/Platforms/XROS.platform/Developer/Library/Frameworks -F /Applications/Xcode-27.0.0-Release.Candidate.app/Contents/Developer/Platforms/XROS.platform/Developer/SDKs/XROS27.0.sdk/Developer/Library/Frameworks -module-cache-path /Users/admin/builder/spi-builder-workspace/.derivedData/Build/Intermediates.noindex/SwiftExplicitPrecompiledModules -no-color-diagnostics -Xcc -fno-color-diagnostics -enable-testing -g -debug-info-format\=dwarf -dwarf-version\=4 -swift-version 5 -Onone -D SWIFT_PACKAGE -D DEBUG -D SWIFT_MODULE_RESOURCE_BUNDLE_UNAVAILABLE -D Xcode -serialize-debugging-options -enable-experimental-feature DebugDescriptionMacro -empty-abi-descriptor -validate-clang-modules-once -clang-build-session-file /Users/admin/builder/spi-builder-workspace/.derivedData/ModuleCache.noindex/Session.modulevalidation -Xcc -working-directory -Xcc /Users/admin/builder/spi-builder-workspace/.swiftpm/xcode -enable-anonymous-context-mangled-names -file-compilation-dir /Users/admin/builder/spi-builder-workspace/.swiftpm/xcode -Xcc -D_LIBCPP_HARDENING_MODE\=_LIBCPP_HARDENING_MODE_DEBUG -Xcc -ivfsstatcache -Xcc /Users/admin/builder/spi-builder-workspace/.derivedData/SDKStatCaches.noindex/xros27.0-24M361-e829b21a6f8c9b70876ba0858053c044735bd543db762f57723cac368afd1ce4.sdkstatcache -Xcc -fmodules-prune-interval\=86400 -Xcc -fmodules-prune-after\=345600 -Xcc -I/Users/admin/builder/spi-builder-workspace/.derivedData/Build/Products/Debug-xros/include -Xcc -I/Users/admin/builder/spi-builder-workspace/.derivedData/Build/Intermediates.noindex/Extension.build/Debug-xros/Extension-t.build/DerivedSources-normal/arm64 -Xcc -I/Users/admin/builder/spi-builder-workspace/.derivedData/Build/Intermediates.noindex/Extension.build/Debug-xros/Extension-t.build/DerivedSources/arm64 -Xcc -I/Users/admin/builder/spi-builder-workspace/.derivedData/Build/Intermediates.noindex/Extension.build/Debug-xros/Extension-t.build/DerivedSources -Xcc -DSWIFT_PACKAGE -Xcc -DDEBUG\=1 -no-auto-bridging-header-chaining -module-name Extension -const-gather-protocols-file /Users/admin/builder/spi-builder-workspace/.derivedData/Build/Intermediates.noindex/Extension.build/Debug-xros/Extension-t.build/Objects-normal/arm64/Extension_const_extract_protocols.json -disable-clang-spi -clang-target arm64-apple-xros27.0 -target-sdk-version 27.0 -target-sdk-name xros27.0 -in-process-plugin-server-path /Applications/Xcode-27.0.0-Release.Candidate.app/Contents/Developer/Toolchains/XcodeDefault.xctoolchain/usr/lib/swift/host/libSwiftInProcPluginServer.dylib -parse-as-library -o /Users/admin/builder/spi-builder-workspace/.derivedData/Build/Intermediates.noindex/Extension.build/Debug-xros/Extension-t.build/Objects-normal/arm64/UITableView+UIImage.o -o /Users/admin/builder/spi-builder-workspace/.derivedData/Build/Intermediates.noindex/Extension.build/Debug-xros/Extension-t.build/Objects-normal/arm64/UILabel+chainable.o -o /Users/admin/builder/spi-builder-workspace/.derivedData/Build/Intermediates.noindex/Extension.build/Debug-xros/Extension-t.build/Objects-normal/arm64/UIView+chainable.o -o /Users/admin/builder/spi-builder-workspace/.derivedData/Build/Intermediates.noindex/Extension.build/Debug-xros/Extension-t.build/Objects-normal/arm64/WKWebView+contentView.o -o /Users/admin/builder/spi-builder-workspace/.derivedData/Build/Intermediates.noindex/Extension.build/Debug-xros/Extension-t.build/Objects-normal/arm64/WKWebView+input.o -o /Users/admin/builder/spi-builder-workspace/.derivedData/Build/Intermediates.noindex/Extension.build/Debug-xros/Extension-t.build/Objects-normal/arm64/WKWebView+registerScheme.o -debug-module-path /Users/admin/builder/spi-builder-workspace/.derivedData/Build/Intermediates.noindex/Extension.build/Debug-xros/Extension-t.build/Objects-normal/arm64/Extension.swiftmodule -index-unit-output-path /Extension.build/Debug-xros/Extension-t.build/Objects-normal/arm64/UITableView+UIImage.o -index-unit-output-path /Extension.build/Debug-xros/Extension-t.build/Objects-normal/arm64/UILabel+chainable.o -index-unit-output-path /Extension.build/Debug-xros/Extension-t.build/Objects-normal/arm64/UIView+chainable.o -index-unit-output-path /Extension.build/Debug-xros/Extension-t.build/Objects-normal/arm64/WKWebView+contentView.o -index-unit-output-path /Extension.build/Debug-xros/Extension-t.build/Objects-normal/arm64/WKWebView+input.o -index-unit-output-path /Extension.build/Debug-xros/Extension-t.build/Objects-normal/arm64/WKWebView+registerScheme.o -index-store-path /Users/admin/builder/spi-builder-workspace/.derivedData/Index.noindex/DataStore -index-system-modules
SwiftCompile normal arm64 /Users/admin/builder/spi-builder-workspace/Sources/UIKit/UITableView+UIImage.swift (in target 'Extension' from project 'Extension')
cd /Users/admin/builder/spi-builder-workspace/.swiftpm/xcode
builtin-SwiftPerFileCompile UITableView+UIImage.swift
SwiftCompile normal arm64 /Users/admin/builder/spi-builder-workspace/Sources/UIKit/chainable/UILabel+chainable.swift (in target 'Extension' from project 'Extension')
cd /Users/admin/builder/spi-builder-workspace/.swiftpm/xcode
builtin-SwiftPerFileCompile UILabel+chainable.swift
SwiftCompile normal arm64 /Users/admin/builder/spi-builder-workspace/Sources/UIKit/chainable/UIView+chainable.swift (in target 'Extension' from project 'Extension')
cd /Users/admin/builder/spi-builder-workspace/.swiftpm/xcode
builtin-SwiftPerFileCompile UIView+chainable.swift
SwiftCompile normal arm64 /Users/admin/builder/spi-builder-workspace/Sources/WebKit/WKWebView+contentView.swift (in target 'Extension' from project 'Extension')
cd /Users/admin/builder/spi-builder-workspace/.swiftpm/xcode
builtin-SwiftPerFileCompile WKWebView+contentView.swift
SwiftCompile normal arm64 /Users/admin/builder/spi-builder-workspace/Sources/WebKit/WKWebView+input.swift (in target 'Extension' from project 'Extension')
cd /Users/admin/builder/spi-builder-workspace/.swiftpm/xcode
builtin-SwiftPerFileCompile WKWebView+input.swift
SwiftCompile normal arm64 /Users/admin/builder/spi-builder-workspace/Sources/WebKit/WKWebView+registerScheme.swift (in target 'Extension' from project 'Extension')
cd /Users/admin/builder/spi-builder-workspace/.swiftpm/xcode
builtin-SwiftPerFileCompile WKWebView+registerScheme.swift
SwiftCompile normal arm64 Compiling\ DispatchQueue+once.swift,\ Array+JSON.swift,\ Array+cookieString.swift,\ Bundle+Localization.swift,\ CFAbsoluteTime+init.swift,\ CGFloat+String.swift /Users/admin/builder/spi-builder-workspace/Sources/Dispatch/DispatchQueue+once.swift /Users/admin/builder/spi-builder-workspace/Sources/Foundation/Array+JSON.swift /Users/admin/builder/spi-builder-workspace/Sources/Foundation/Array+cookieString.swift /Users/admin/builder/spi-builder-workspace/Sources/Foundation/Bundle+Localization.swift /Users/admin/builder/spi-builder-workspace/Sources/Foundation/CFAbsoluteTime+init.swift /Users/admin/builder/spi-builder-workspace/Sources/Foundation/CGFloat+String.swift (in target 'Extension' from project 'Extension')
/Users/admin/builder/spi-builder-workspace/Sources/Foundation/Bundle+Localization.swift:40:15: warning: class 'BundleEx' must restate inherited '@unchecked Sendable' conformance
38 | }
39 |
40 | private class BundleEx: Bundle {
| `- warning: class 'BundleEx' must restate inherited '@unchecked Sendable' conformance
41 | fileprivate override func localizedString(forKey key: String, value: String?, table tableName: String?) -> String {
42 | if let bundle = runTimeBundle {
/Users/admin/builder/spi-builder-workspace/Sources/Foundation/CGFloat+String.swift:4:1: warning: extension declares a conformance of imported type 'CGFloat' to imported protocols 'ExpressibleByStringLiteral', 'ExpressibleByExtendedGraphemeClusterLiteral', 'ExpressibleByUnicodeScalarLiteral'; this will not behave correctly if the owners of 'CoreFoundation' introduce this conformance in the future
2 | import CoreGraphics
3 |
4 | extension CGFloat: ExpressibleByStringLiteral {
| |- warning: extension declares a conformance of imported type 'CGFloat' to imported protocols 'ExpressibleByStringLiteral', 'ExpressibleByExtendedGraphemeClusterLiteral', 'ExpressibleByUnicodeScalarLiteral'; this will not behave correctly if the owners of 'CoreFoundation' introduce this conformance in the future
| `- note: add '@retroactive' to silence this warning
5 | public typealias StringLiteralType = String
6 | public init(stringLiteral value: String) {
/Users/admin/builder/spi-builder-workspace/Sources/Foundation/Bundle+Localization.swift:21:42: warning: forming 'UnsafeRawPointer' to an inout variable of type String exposes the internal representation rather than the string contents.
19 | let runTimeBundle = Bundle(path: path)
20 | objc_setAssociatedObject(self,
21 | &AssociatedKeys.languageCode,
| `- warning: forming 'UnsafeRawPointer' to an inout variable of type String exposes the internal representation rather than the string contents.
22 | runTimeBundle,
23 | objc_AssociationPolicy.OBJC_ASSOCIATION_RETAIN_NONATOMIC)
/Users/admin/builder/spi-builder-workspace/Sources/Foundation/Bundle+Localization.swift:36:47: warning: forming 'UnsafeRawPointer' to an inout variable of type String exposes the internal representation rather than the string contents.
34 | }
35 | fileprivate var runTimeBundle: Bundle? {
36 | return objc_getAssociatedObject(self, &AssociatedKeys.languageCode) as? Bundle
| `- warning: forming 'UnsafeRawPointer' to an inout variable of type String exposes the internal representation rather than the string contents.
37 | }
38 | }
SwiftCompile normal arm64 /Users/admin/builder/spi-builder-workspace/Sources/Dispatch/DispatchQueue+once.swift (in target 'Extension' from project 'Extension')
cd /Users/admin/builder/spi-builder-workspace/.swiftpm/xcode
builtin-SwiftPerFileCompile DispatchQueue+once.swift
SwiftCompile normal arm64 /Users/admin/builder/spi-builder-workspace/Sources/Foundation/Array+JSON.swift (in target 'Extension' from project 'Extension')
cd /Users/admin/builder/spi-builder-workspace/.swiftpm/xcode
builtin-SwiftPerFileCompile Array+JSON.swift
SwiftCompile normal arm64 /Users/admin/builder/spi-builder-workspace/Sources/Foundation/Array+cookieString.swift (in target 'Extension' from project 'Extension')
cd /Users/admin/builder/spi-builder-workspace/.swiftpm/xcode
builtin-SwiftPerFileCompile Array+cookieString.swift
SwiftCompile normal arm64 /Users/admin/builder/spi-builder-workspace/Sources/Foundation/Bundle+Localization.swift (in target 'Extension' from project 'Extension')
cd /Users/admin/builder/spi-builder-workspace/.swiftpm/xcode
builtin-SwiftPerFileCompile Bundle+Localization.swift
SwiftCompile normal arm64 /Users/admin/builder/spi-builder-workspace/Sources/Foundation/CFAbsoluteTime+init.swift (in target 'Extension' from project 'Extension')
cd /Users/admin/builder/spi-builder-workspace/.swiftpm/xcode
builtin-SwiftPerFileCompile CFAbsoluteTime+init.swift
SwiftCompile normal arm64 /Users/admin/builder/spi-builder-workspace/Sources/Foundation/CGFloat+String.swift (in target 'Extension' from project 'Extension')
cd /Users/admin/builder/spi-builder-workspace/.swiftpm/xcode
builtin-SwiftPerFileCompile CGFloat+String.swift
SwiftCompile normal arm64 Compiling\ Image+Process.swift,\ Image+pdf.swift,\ Image.swift,\ VIew+UIImage.swift,\ View.swift,\ runtime.swift /Users/admin/builder/spi-builder-workspace/Sources/Common/Image/Image+Process.swift /Users/admin/builder/spi-builder-workspace/Sources/Common/Image/Image+pdf.swift /Users/admin/builder/spi-builder-workspace/Sources/Common/Image/Image.swift /Users/admin/builder/spi-builder-workspace/Sources/Common/View/VIew+UIImage.swift /Users/admin/builder/spi-builder-workspace/Sources/Common/View/View.swift /Users/admin/builder/spi-builder-workspace/Sources/Common/runtime.swift (in target 'Extension' from project 'Extension')
/Users/admin/builder/spi-builder-workspace/Sources/Common/Image/Image+Process.swift:27:61: error: 'UIScreen' is unavailable in visionOS
25 | /// sacale to size
26 | public func image(size: CGSize) -> Image? {
27 | UIGraphicsBeginImageContextWithOptions(size, false, UIScreen.main.scale)
| `- error: 'UIScreen' is unavailable in visionOS
28 | draw(in: CGRect(x: 0, y: 0, width: size.width, height: size.height))
29 | let image = UIGraphicsGetImageFromCurrentImageContext()
/Applications/Xcode-27.0.0-Release.Candidate.app/Contents/Developer/Platforms/XROS.platform/Developer/SDKs/XROS27.0.sdk/System/Library/Frameworks/UIKit.framework/Headers/UIScreen.h:54:12: note: 'UIScreen' has been explicitly marked unavailable here
52 |
53 | UIKIT_EXTERN API_AVAILABLE(ios(2.0)) API_UNAVAILABLE(visionos, watchos) NS_SWIFT_UI_ACTOR
54 | @interface UIScreen : NSObject <UITraitEnvironment>
| `- note: 'UIScreen' has been explicitly marked unavailable here
55 |
56 | @property(class, nonatomic, readonly) NSArray<UIScreen *> *screens API_DEPRECATED("Use UIApplication.shared.openSessions to find open sessions with scenes from other screens", ios(3.2, 16.0), visionos(1.0, 1.0)) API_UNAVAILABLE(watchos); // all screens currently attached to the device
/Users/admin/builder/spi-builder-workspace/Sources/Common/Image/Image+Process.swift:36:61: error: 'UIScreen' is unavailable in visionOS
34 | public func image(radius: CGFloat) -> Image? {
35 | let rect = CGRect(origin: .zero, size: size)
36 | UIGraphicsBeginImageContextWithOptions(size, false, UIScreen.main.scale)
| `- error: 'UIScreen' is unavailable in visionOS
37 | guard let context = UIGraphicsGetCurrentContext() else { return nil }
38 | context.addPath(UIBezierPath(roundedRect: rect, cornerRadius: radius).cgPath)
/Applications/Xcode-27.0.0-Release.Candidate.app/Contents/Developer/Platforms/XROS.platform/Developer/SDKs/XROS27.0.sdk/System/Library/Frameworks/UIKit.framework/Headers/UIScreen.h:54:12: note: 'UIScreen' has been explicitly marked unavailable here
52 |
53 | UIKIT_EXTERN API_AVAILABLE(ios(2.0)) API_UNAVAILABLE(visionos, watchos) NS_SWIFT_UI_ACTOR
54 | @interface UIScreen : NSObject <UITraitEnvironment>
| `- note: 'UIScreen' has been explicitly marked unavailable here
55 |
56 | @property(class, nonatomic, readonly) NSArray<UIScreen *> *screens API_DEPRECATED("Use UIApplication.shared.openSessions to find open sessions with scenes from other screens", ios(3.2, 16.0), visionos(1.0, 1.0)) API_UNAVAILABLE(watchos); // all screens currently attached to the device
/Users/admin/builder/spi-builder-workspace/Sources/Common/Image/Image+pdf.swift:44:27: error: 'UIScreen' is unavailable in visionOS
42 | private final class func image(pdfPage: CGPDFPage, size: CGSize) -> Image? {
43 | let pageFrame = pdfPage.getBoxRect(CGPDFBox.cropBox)
44 | let screenScale = UIScreen.main.scale // pix per bitMap @2x or @3x
| `- error: 'UIScreen' is unavailable in visionOS
45 | guard let context = CGContext(data: nil,
46 | width: Int(size.width * screenScale),
/Applications/Xcode-27.0.0-Release.Candidate.app/Contents/Developer/Platforms/XROS.platform/Developer/SDKs/XROS27.0.sdk/System/Library/Frameworks/UIKit.framework/Headers/UIScreen.h:54:12: note: 'UIScreen' has been explicitly marked unavailable here
52 |
53 | UIKIT_EXTERN API_AVAILABLE(ios(2.0)) API_UNAVAILABLE(visionos, watchos) NS_SWIFT_UI_ACTOR
54 | @interface UIScreen : NSObject <UITraitEnvironment>
| `- note: 'UIScreen' has been explicitly marked unavailable here
55 |
56 | @property(class, nonatomic, readonly) NSArray<UIScreen *> *screens API_DEPRECATED("Use UIApplication.shared.openSessions to find open sessions with scenes from other screens", ios(3.2, 16.0), visionos(1.0, 1.0)) API_UNAVAILABLE(watchos); // all screens currently attached to the device
/Users/admin/builder/spi-builder-workspace/Sources/Common/runtime.swift:15:49: warning: initialization of 'UnsafeMutablePointer<CChar>' (aka 'UnsafeMutablePointer<Int8>') results in a dangling pointer [#TemporaryPointers]
13 | let imp = imp_implementationWithBlock(castedBlock)
14 | classes.forEach({ (cls) in
15 | if class_addMethod(cls, aSelector, imp, UnsafeMutablePointer(mutating: types)) {
| | |- note: implicit argument conversion from 'String' to 'UnsafePointer<CChar>' (aka 'UnsafePointer<Int8>') produces a pointer valid only for the duration of the call to 'init(mutating:)'
| | `- note: use the 'withCString' method on String in order to explicitly convert argument to pointer valid for a defined scope
| `- warning: initialization of 'UnsafeMutablePointer<CChar>' (aka 'UnsafeMutablePointer<Int8>') results in a dangling pointer [#TemporaryPointers]
16 | } else { class_replaceMethod(cls, aSelector, imp, UnsafeMutablePointer(mutating: types)) }
17 | })
/Users/admin/builder/spi-builder-workspace/Sources/Common/runtime.swift:16:59: warning: initialization of 'UnsafeMutablePointer<CChar>' (aka 'UnsafeMutablePointer<Int8>') results in a dangling pointer [#TemporaryPointers]
14 | classes.forEach({ (cls) in
15 | if class_addMethod(cls, aSelector, imp, UnsafeMutablePointer(mutating: types)) {
16 | } else { class_replaceMethod(cls, aSelector, imp, UnsafeMutablePointer(mutating: types)) }
| | |- note: implicit argument conversion from 'String' to 'UnsafePointer<CChar>' (aka 'UnsafePointer<Int8>') produces a pointer valid only for the duration of the call to 'init(mutating:)'
| | `- note: use the 'withCString' method on String in order to explicitly convert argument to pointer valid for a defined scope
| `- warning: initialization of 'UnsafeMutablePointer<CChar>' (aka 'UnsafeMutablePointer<Int8>') results in a dangling pointer [#TemporaryPointers]
17 | })
18 | return aSelector
[#TemporaryPointers]: <https://docs.swift.org/compiler/documentation/diagnostics/temporary-pointers>
SwiftCompile normal arm64 /Users/admin/builder/spi-builder-workspace/Sources/Common/Image/Image+Process.swift (in target 'Extension' from project 'Extension')
cd /Users/admin/builder/spi-builder-workspace/.swiftpm/xcode
builtin-SwiftPerFileCompile Image+Process.swift
SwiftCompile normal arm64 /Users/admin/builder/spi-builder-workspace/Sources/Common/Image/Image+pdf.swift (in target 'Extension' from project 'Extension')
cd /Users/admin/builder/spi-builder-workspace/.swiftpm/xcode
builtin-SwiftPerFileCompile Image+pdf.swift
SwiftCompile normal arm64 /Users/admin/builder/spi-builder-workspace/Sources/Common/Image/Image.swift (in target 'Extension' from project 'Extension')
cd /Users/admin/builder/spi-builder-workspace/.swiftpm/xcode
builtin-SwiftPerFileCompile Image.swift
SwiftCompile normal arm64 /Users/admin/builder/spi-builder-workspace/Sources/Common/View/VIew+UIImage.swift (in target 'Extension' from project 'Extension')
cd /Users/admin/builder/spi-builder-workspace/.swiftpm/xcode
builtin-SwiftPerFileCompile VIew+UIImage.swift
SwiftCompile normal arm64 /Users/admin/builder/spi-builder-workspace/Sources/Common/View/View.swift (in target 'Extension' from project 'Extension')
cd /Users/admin/builder/spi-builder-workspace/.swiftpm/xcode
builtin-SwiftPerFileCompile View.swift
SwiftCompile normal arm64 /Users/admin/builder/spi-builder-workspace/Sources/Common/runtime.swift (in target 'Extension' from project 'Extension')
cd /Users/admin/builder/spi-builder-workspace/.swiftpm/xcode
builtin-SwiftPerFileCompile runtime.swift
SwiftCompile normal arm64 Compiling\ Color+components.swift,\ Color+css.swift,\ Color+hex.swift,\ Color+rgba.swift,\ Color.swift,\ Image+CoreGraphics.swift /Users/admin/builder/spi-builder-workspace/Sources/Common/Color/Color+components.swift /Users/admin/builder/spi-builder-workspace/Sources/Common/Color/Color+css.swift /Users/admin/builder/spi-builder-workspace/Sources/Common/Color/Color+hex.swift /Users/admin/builder/spi-builder-workspace/Sources/Common/Color/Color+rgba.swift /Users/admin/builder/spi-builder-workspace/Sources/Common/Color/Color.swift /Users/admin/builder/spi-builder-workspace/Sources/Common/Image/Image+CoreGraphics.swift (in target 'Extension' from project 'Extension')
/Users/admin/builder/spi-builder-workspace/Sources/Common/Color/Color+hex.swift:27:41: warning: 'scanHexInt32' was deprecated in visionOS 1.0 [#DeprecatedDeclaration]
25 | let fulHex = lenght == 2 ? subString : subString + subString
26 | var hexComponent: UInt32 = 0
27 | Scanner(string: String(fulHex)).scanHexInt32(&hexComponent)
| `- warning: 'scanHexInt32' was deprecated in visionOS 1.0 [#DeprecatedDeclaration]
28 | return CGFloat(hexComponent) / 255.0
29 | }
/Users/admin/builder/spi-builder-workspace/Sources/Common/Image/Image+CoreGraphics.swift:10:62: error: 'UIScreen' is unavailable in visionOS
8 | /// render image with Core Graphics or UIBezierPath code
9 | public class func image(render:() -> Void, size: CGSize, opaque: Bool) -> Image? {
10 | UIGraphicsBeginImageContextWithOptions(size, opaque, UIScreen.main.scale)
| `- error: 'UIScreen' is unavailable in visionOS
11 | render()
12 | let image = UIGraphicsGetImageFromCurrentImageContext()
/Applications/Xcode-27.0.0-Release.Candidate.app/Contents/Developer/Platforms/XROS.platform/Developer/SDKs/XROS27.0.sdk/System/Library/Frameworks/UIKit.framework/Headers/UIScreen.h:54:12: note: 'UIScreen' has been explicitly marked unavailable here
52 |
53 | UIKIT_EXTERN API_AVAILABLE(ios(2.0)) API_UNAVAILABLE(visionos, watchos) NS_SWIFT_UI_ACTOR
54 | @interface UIScreen : NSObject <UITraitEnvironment>
| `- note: 'UIScreen' has been explicitly marked unavailable here
55 |
56 | @property(class, nonatomic, readonly) NSArray<UIScreen *> *screens API_DEPRECATED("Use UIApplication.shared.openSessions to find open sessions with scenes from other screens", ios(3.2, 16.0), visionos(1.0, 1.0)) API_UNAVAILABLE(watchos); // all screens currently attached to the device
[#DeprecatedDeclaration]: <https://docs.swift.org/compiler/documentation/diagnostics/deprecated-declaration>
Failed frontend command:
/Applications/Xcode-27.0.0-Release.Candidate.app/Contents/Developer/Toolchains/XcodeDefault.xctoolchain/usr/bin/swift-frontend -frontend -c -primary-file /Users/admin/builder/spi-builder-workspace/Sources/Common/Color/Color+components.swift -primary-file /Users/admin/builder/spi-builder-workspace/Sources/Common/Color/Color+css.swift -primary-file /Users/admin/builder/spi-builder-workspace/Sources/Common/Color/Color+hex.swift -primary-file /Users/admin/builder/spi-builder-workspace/Sources/Common/Color/Color+rgba.swift -primary-file /Users/admin/builder/spi-builder-workspace/Sources/Common/Color/Color.swift -primary-file /Users/admin/builder/spi-builder-workspace/Sources/Common/Image/Image+CoreGraphics.swift /Users/admin/builder/spi-builder-workspace/Sources/Common/Image/Image+Process.swift /Users/admin/builder/spi-builder-workspace/Sources/Common/Image/Image+pdf.swift /Users/admin/builder/spi-builder-workspace/Sources/Common/Image/Image.swift /Users/admin/builder/spi-builder-workspace/Sources/Common/View/VIew+UIImage.swift /Users/admin/builder/spi-builder-workspace/Sources/Common/View/View.swift /Users/admin/builder/spi-builder-workspace/Sources/Common/runtime.swift /Users/admin/builder/spi-builder-workspace/Sources/Dispatch/DispatchQueue+once.swift /Users/admin/builder/spi-builder-workspace/Sources/Foundation/Array+JSON.swift /Users/admin/builder/spi-builder-workspace/Sources/Foundation/Array+cookieString.swift /Users/admin/builder/spi-builder-workspace/Sources/Foundation/Bundle+Localization.swift /Users/admin/builder/spi-builder-workspace/Sources/Foundation/CFAbsoluteTime+init.swift /Users/admin/builder/spi-builder-workspace/Sources/Foundation/CGFloat+String.swift /Users/admin/builder/spi-builder-workspace/Sources/Foundation/Data+MIMEType.swift /Users/admin/builder/spi-builder-workspace/Sources/Foundation/Dictionary+MIMEType.swift /Users/admin/builder/spi-builder-workspace/Sources/Foundation/HTTPCookieStorage+setCookie.swift /Users/admin/builder/spi-builder-workspace/Sources/Foundation/KeyChain.swift /Users/admin/builder/spi-builder-workspace/Sources/Foundation/Locale+Localization.swift /Users/admin/builder/spi-builder-workspace/Sources/Foundation/SCNetworkReachability/SCNetworkReachability+flags.swift /Users/admin/builder/spi-builder-workspace/Sources/Foundation/SCNetworkReachability/SCNetworkReachability+new.swift /Users/admin/builder/spi-builder-workspace/Sources/Foundation/SCNetworkReachability/SCNetworkReachability+update.swift /Users/admin/builder/spi-builder-workspace/Sources/Foundation/String+Dictionary.swift /Users/admin/builder/spi-builder-workspace/Sources/Foundation/String+URLEscaped.swift /Users/admin/builder/spi-builder-workspace/Sources/Foundation/String+base64.swift /Users/admin/builder/spi-builder-workspace/Sources/Foundation/URL+Cookie.swift /Users/admin/builder/spi-builder-workspace/Sources/Foundation/URL+String.swift /Users/admin/builder/spi-builder-workspace/Sources/Foundation/URL+query.swift /Users/admin/builder/spi-builder-workspace/Sources/Foundation/UserDefaults+Codable.swift /Users/admin/builder/spi-builder-workspace/Sources/Foundation/UserDefaults+subscript.swift /Users/admin/builder/spi-builder-workspace/Sources/Foundation/chainable/NSAttribute+chainable.swift /Users/admin/builder/spi-builder-workspace/Sources/Swift/Float+String.swift /Users/admin/builder/spi-builder-workspace/Sources/Swift/Int+String.swift /Users/admin/builder/spi-builder-workspace/Sources/Swift/String+regex.swift /Users/admin/builder/spi-builder-workspace/Sources/Swift/Swift+Association.swift /Users/admin/builder/spi-builder-workspace/Sources/Swift/Swift+closuer.swift /Users/admin/builder/spi-builder-workspace/Sources/Swift/Swift+log.swift /Users/admin/builder/spi-builder-workspace/Sources/Swift/Swift+synchronized.swift /Users/admin/builder/spi-builder-workspace/Sources/UIKit/ApplicationMainDelegate.swift /Users/admin/builder/spi-builder-workspace/Sources/UIKit/Array+UIImage.swift /Users/admin/builder/spi-builder-workspace/Sources/UIKit/CGRect+Float.swift /Users/admin/builder/spi-builder-workspace/Sources/UIKit/CGSize+Float.swift /Users/admin/builder/spi-builder-workspace/Sources/UIKit/CGpoint+Float.swift /Users/admin/builder/spi-builder-workspace/Sources/UIKit/NSAttributedString+Content.swift /Users/admin/builder/spi-builder-workspace/Sources/UIKit/NSString+Size.swift /Users/admin/builder/spi-builder-workspace/Sources/UIKit/UIApplication+EventTrack.swift /Users/admin/builder/spi-builder-workspace/Sources/UIKit/UIControl+Event.swift /Users/admin/builder/spi-builder-workspace/Sources/UIKit/UIFont+SymbolicTraits.swift /Users/admin/builder/spi-builder-workspace/Sources/UIKit/UINavigationController+Autorotate.swift /Users/admin/builder/spi-builder-workspace/Sources/UIKit/UIResponder+Keyboard.swift /Users/admin/builder/spi-builder-workspace/Sources/UIKit/UITableView+UIImage.swift /Users/admin/builder/spi-builder-workspace/Sources/UIKit/chainable/UILabel+chainable.swift /Users/admin/builder/spi-builder-workspace/Sources/UIKit/chainable/UIView+chainable.swift /Users/admin/builder/spi-builder-workspace/Sources/WebKit/WKWebView+contentView.swift /Users/admin/builder/spi-builder-workspace/Sources/WebKit/WKWebView+input.swift /Users/admin/builder/spi-builder-workspace/Sources/WebKit/WKWebView+registerScheme.swift -supplementary-output-file-map /Users/admin/builder/spi-builder-workspace/.derivedData/Build/Intermediates.noindex/Extension.build/Debug-xros/Extension-t.build/Objects-normal/arm64/supplementaryOutputs-1 -target arm64-apple-xros1.0 -module-can-import-version CoreGraphics 2049 2049.0.0 -module-can-import-version Dispatch 1605.0.2 0 -module-can-import-version Foundation 5027.0.69 5027.0.69 -module-can-import-version ObjectiveC 973.1 0 -module-can-import-version Security 62460.7.1 62460.7.1 -module-can-import-version SystemConfiguration 1446.0.0 1446.0.0 -module-can-import-version UIKit 9127.0.84.1 9127.0.84 -module-can-import-version WebKit 7625.1.29.14 625.1.29 -disable-cross-import-overlay-search -load-resolved-plugin /Applications/Xcode-27.0.0-Release.Candidate.app/Contents/Developer/Platforms/XROS.platform/Developer/usr/lib/swift/host/plugins/libFoundationMacros.dylib\#/Applications/Xcode-27.0.0-Release.Candidate.app/Contents/Developer/Platforms/XROS.platform/Developer/usr/bin/swift-plugin-server\#FoundationMacros -load-resolved-plugin /Applications/Xcode-27.0.0-Release.Candidate.app/Contents/Developer/Platforms/XROS.platform/Developer/usr/lib/swift/host/plugins/libObservationMacros.dylib\#/Applications/Xcode-27.0.0-Release.Candidate.app/Contents/Developer/Platforms/XROS.platform/Developer/usr/bin/swift-plugin-server\#ObservationMacros -load-resolved-plugin /Applications/Xcode-27.0.0-Release.Candidate.app/Contents/Developer/Platforms/XROS.platform/Developer/usr/lib/swift/host/plugins/libPreviewsMacros.dylib\#/Applications/Xcode-27.0.0-Release.Candidate.app/Contents/Developer/Platforms/XROS.platform/Developer/usr/bin/swift-plugin-server\#PreviewsMacros -load-resolved-plugin /Applications/Xcode-27.0.0-Release.Candidate.app/Contents/Developer/Platforms/XROS.platform/Developer/usr/lib/swift/host/plugins/libSwiftMacros.dylib\#/Applications/Xcode-27.0.0-Release.Candidate.app/Contents/Developer/Platforms/XROS.platform/Developer/usr/bin/swift-plugin-server\#SwiftMacros -load-resolved-plugin /Applications/Xcode-27.0.0-Release.Candidate.app/Contents/Developer/Platforms/XROS.platform/Developer/usr/lib/swift/host/plugins/libSwiftUIMacros.dylib\#/Applications/Xcode-27.0.0-Release.Candidate.app/Contents/Developer/Platforms/XROS.platform/Developer/usr/bin/swift-plugin-server\#SwiftUIMacros -disable-implicit-swift-modules -Xcc -fno-implicit-modules -Xcc -fno-implicit-module-maps -explicit-swift-module-map-file /Users/admin/builder/spi-builder-workspace/.derivedData/Build/Intermediates.noindex/Extension.build/Debug-xros/Extension-t.build/Objects-normal/arm64/Extension-dependencies-1.json -Xllvm -aarch64-use-tbi -enable-objc-interop -stack-check -sdk /Applications/Xcode-27.0.0-Release.Candidate.app/Contents/Developer/Platforms/XROS.platform/Developer/SDKs/XROS27.0.sdk -I /Users/admin/builder/spi-builder-workspace/.derivedData/Build/Products/Debug-xros -Isystem /Applications/Xcode-27.0.0-Release.Candidate.app/Contents/Developer/Platforms/XROS.platform/Developer/usr/lib -F /Users/admin/builder/spi-builder-workspace/.derivedData/Build/Products/Debug-xros -F /Applications/Xcode-27.0.0-Release.Candidate.app/Contents/Developer/Platforms/XROS.platform/Developer/Library/Frameworks -F /Applications/Xcode-27.0.0-Release.Candidate.app/Contents/Developer/Platforms/XROS.platform/Developer/SDKs/XROS27.0.sdk/Developer/Library/Frameworks -module-cache-path /Users/admin/builder/spi-builder-workspace/.derivedData/Build/Intermediates.noindex/SwiftExplicitPrecompiledModules -no-color-diagnostics -Xcc -fno-color-diagnostics -enable-testing -g -debug-info-format\=dwarf -dwarf-version\=4 -swift-version 5 -Onone -D SWIFT_PACKAGE -D DEBUG -D SWIFT_MODULE_RESOURCE_BUNDLE_UNAVAILABLE -D Xcode -serialize-debugging-options -enable-experimental-feature DebugDescriptionMacro -empty-abi-descriptor -validate-clang-modules-once -clang-build-session-file /Users/admin/builder/spi-builder-workspace/.derivedData/ModuleCache.noindex/Session.modulevalidation -Xcc -working-directory -Xcc /Users/admin/builder/spi-builder-workspace/.swiftpm/xcode -enable-anonymous-context-mangled-names -file-compilation-dir /Users/admin/builder/spi-builder-workspace/.swiftpm/xcode -Xcc -D_LIBCPP_HARDENING_MODE\=_LIBCPP_HARDENING_MODE_DEBUG -Xcc -ivfsstatcache -Xcc /Users/admin/builder/spi-builder-workspace/.derivedData/SDKStatCaches.noindex/xros27.0-24M361-e829b21a6f8c9b70876ba0858053c044735bd543db762f57723cac368afd1ce4.sdkstatcache -Xcc -fmodules-prune-interval\=86400 -Xcc -fmodules-prune-after\=345600 -Xcc -I/Users/admin/builder/spi-builder-workspace/.derivedData/Build/Products/Debug-xros/include -Xcc -I/Users/admin/builder/spi-builder-workspace/.derivedData/Build/Intermediates.noindex/Extension.build/Debug-xros/Extension-t.build/DerivedSources-normal/arm64 -Xcc -I/Users/admin/builder/spi-builder-workspace/.derivedData/Build/Intermediates.noindex/Extension.build/Debug-xros/Extension-t.build/DerivedSources/arm64 -Xcc -I/Users/admin/builder/spi-builder-workspace/.derivedData/Build/Intermediates.noindex/Extension.build/Debug-xros/Extension-t.build/DerivedSources -Xcc -DSWIFT_PACKAGE -Xcc -DDEBUG\=1 -no-auto-bridging-header-chaining -module-name Extension -const-gather-protocols-file /Users/admin/builder/spi-builder-workspace/.derivedData/Build/Intermediates.noindex/Extension.build/Debug-xros/Extension-t.build/Objects-normal/arm64/Extension_const_extract_protocols.json -disable-clang-spi -clang-target arm64-apple-xros27.0 -target-sdk-version 27.0 -target-sdk-name xros27.0 -in-process-plugin-server-path /Applications/Xcode-27.0.0-Release.Candidate.app/Contents/Developer/Toolchains/XcodeDefault.xctoolchain/usr/lib/swift/host/libSwiftInProcPluginServer.dylib -parse-as-library -o /Users/admin/builder/spi-builder-workspace/.derivedData/Build/Intermediates.noindex/Extension.build/Debug-xros/Extension-t.build/Objects-normal/arm64/Color+components.o -o /Users/admin/builder/spi-builder-workspace/.derivedData/Build/Intermediates.noindex/Extension.build/Debug-xros/Extension-t.build/Objects-normal/arm64/Color+css.o -o /Users/admin/builder/spi-builder-workspace/.derivedData/Build/Intermediates.noindex/Extension.build/Debug-xros/Extension-t.build/Objects-normal/arm64/Color+hex.o -o /Users/admin/builder/spi-builder-workspace/.derivedData/Build/Intermediates.noindex/Extension.build/Debug-xros/Extension-t.build/Objects-normal/arm64/Color+rgba.o -o /Users/admin/builder/spi-builder-workspace/.derivedData/Build/Intermediates.noindex/Extension.build/Debug-xros/Extension-t.build/Objects-normal/arm64/Color.o -o /Users/admin/builder/spi-builder-workspace/.derivedData/Build/Intermediates.noindex/Extension.build/Debug-xros/Extension-t.build/Objects-normal/arm64/Image+CoreGraphics.o -debug-module-path /Users/admin/builder/spi-builder-workspace/.derivedData/Build/Intermediates.noindex/Extension.build/Debug-xros/Extension-t.build/Objects-normal/arm64/Extension.swiftmodule -index-unit-output-path /Extension.build/Debug-xros/Extension-t.build/Objects-normal/arm64/Color+components.o -index-unit-output-path /Extension.build/Debug-xros/Extension-t.build/Objects-normal/arm64/Color+css.o -index-unit-output-path /Extension.build/Debug-xros/Extension-t.build/Objects-normal/arm64/Color+hex.o -index-unit-output-path /Extension.build/Debug-xros/Extension-t.build/Objects-normal/arm64/Color+rgba.o -index-unit-output-path /Extension.build/Debug-xros/Extension-t.build/Objects-normal/arm64/Color.o -index-unit-output-path /Extension.build/Debug-xros/Extension-t.build/Objects-normal/arm64/Image+CoreGraphics.o -index-store-path /Users/admin/builder/spi-builder-workspace/.derivedData/Index.noindex/DataStore -index-system-modules
SwiftCompile normal arm64 /Users/admin/builder/spi-builder-workspace/Sources/Common/Color/Color+components.swift (in target 'Extension' from project 'Extension')
cd /Users/admin/builder/spi-builder-workspace/.swiftpm/xcode
builtin-SwiftPerFileCompile Color+components.swift
SwiftCompile normal arm64 /Users/admin/builder/spi-builder-workspace/Sources/Common/Color/Color+css.swift (in target 'Extension' from project 'Extension')
cd /Users/admin/builder/spi-builder-workspace/.swiftpm/xcode
builtin-SwiftPerFileCompile Color+css.swift
SwiftCompile normal arm64 /Users/admin/builder/spi-builder-workspace/Sources/Common/Color/Color+hex.swift (in target 'Extension' from project 'Extension')
cd /Users/admin/builder/spi-builder-workspace/.swiftpm/xcode
builtin-SwiftPerFileCompile Color+hex.swift
SwiftCompile normal arm64 /Users/admin/builder/spi-builder-workspace/Sources/Common/Color/Color+rgba.swift (in target 'Extension' from project 'Extension')
cd /Users/admin/builder/spi-builder-workspace/.swiftpm/xcode
builtin-SwiftPerFileCompile Color+rgba.swift
SwiftCompile normal arm64 /Users/admin/builder/spi-builder-workspace/Sources/Common/Color/Color.swift (in target 'Extension' from project 'Extension')
cd /Users/admin/builder/spi-builder-workspace/.swiftpm/xcode
builtin-SwiftPerFileCompile Color.swift
SwiftCompile normal arm64 /Users/admin/builder/spi-builder-workspace/Sources/Common/Image/Image+CoreGraphics.swift (in target 'Extension' from project 'Extension')
cd /Users/admin/builder/spi-builder-workspace/.swiftpm/xcode
builtin-SwiftPerFileCompile Image+CoreGraphics.swift
SwiftCompile normal arm64 Compiling\ URL+String.swift,\ URL+query.swift,\ UserDefaults+Codable.swift,\ UserDefaults+subscript.swift,\ NSAttribute+chainable.swift,\ Float+String.swift /Users/admin/builder/spi-builder-workspace/Sources/Foundation/URL+String.swift /Users/admin/builder/spi-builder-workspace/Sources/Foundation/URL+query.swift /Users/admin/builder/spi-builder-workspace/Sources/Foundation/UserDefaults+Codable.swift /Users/admin/builder/spi-builder-workspace/Sources/Foundation/UserDefaults+subscript.swift /Users/admin/builder/spi-builder-workspace/Sources/Foundation/chainable/NSAttribute+chainable.swift /Users/admin/builder/spi-builder-workspace/Sources/Swift/Float+String.swift (in target 'Extension' from project 'Extension')
SwiftCompile normal arm64 /Users/admin/builder/spi-builder-workspace/Sources/Foundation/URL+String.swift (in target 'Extension' from project 'Extension')
cd /Users/admin/builder/spi-builder-workspace/.swiftpm/xcode
builtin-SwiftPerFileCompile URL+String.swift
SwiftCompile normal arm64 /Users/admin/builder/spi-builder-workspace/Sources/Foundation/URL+query.swift (in target 'Extension' from project 'Extension')
cd /Users/admin/builder/spi-builder-workspace/.swiftpm/xcode
builtin-SwiftPerFileCompile URL+query.swift
SwiftCompile normal arm64 /Users/admin/builder/spi-builder-workspace/Sources/Foundation/UserDefaults+Codable.swift (in target 'Extension' from project 'Extension')
cd /Users/admin/builder/spi-builder-workspace/.swiftpm/xcode
builtin-SwiftPerFileCompile UserDefaults+Codable.swift
SwiftCompile normal arm64 /Users/admin/builder/spi-builder-workspace/Sources/Foundation/UserDefaults+subscript.swift (in target 'Extension' from project 'Extension')
cd /Users/admin/builder/spi-builder-workspace/.swiftpm/xcode
builtin-SwiftPerFileCompile UserDefaults+subscript.swift
SwiftCompile normal arm64 /Users/admin/builder/spi-builder-workspace/Sources/Foundation/chainable/NSAttribute+chainable.swift (in target 'Extension' from project 'Extension')
cd /Users/admin/builder/spi-builder-workspace/.swiftpm/xcode
builtin-SwiftPerFileCompile NSAttribute+chainable.swift
SwiftCompile normal arm64 /Users/admin/builder/spi-builder-workspace/Sources/Swift/Float+String.swift (in target 'Extension' from project 'Extension')
cd /Users/admin/builder/spi-builder-workspace/.swiftpm/xcode
builtin-SwiftPerFileCompile Float+String.swift
/Users/admin/builder/spi-builder-workspace/Sources/Foundation/URL+String.swift:4:1: warning: extension declares a conformance of imported type 'URL' to imported protocols 'ExpressibleByStringLiteral', 'ExpressibleByExtendedGraphemeClusterLiteral', 'ExpressibleByUnicodeScalarLiteral'; this will not behave correctly if the owners of 'Foundation' introduce this conformance in the future
2 | import Foundation
3 |
4 | extension URL: ExpressibleByStringLiteral {
| |- warning: extension declares a conformance of imported type 'URL' to imported protocols 'ExpressibleByStringLiteral', 'ExpressibleByExtendedGraphemeClusterLiteral', 'ExpressibleByUnicodeScalarLiteral'; this will not behave correctly if the owners of 'Foundation' introduce this conformance in the future
| `- note: add '@retroactive' to silence this warning
5 | public typealias StringLiteralType = String
6 | public init(stringLiteral value: String) {
/Users/admin/builder/spi-builder-workspace/Sources/Foundation/chainable/NSAttribute+chainable.swift:68:23: warning: 'obliqueness' was deprecated in visionOS 1.0: This attribute is not supported with TextKit 2 [#DeprecatedDeclaration]
66 | }
67 | public func obliqueness(_ value: CGFloat) -> Self {
68 | addAttribute(.obliqueness, value: value, range: range); return self
| `- warning: 'obliqueness' was deprecated in visionOS 1.0: This attribute is not supported with TextKit 2 [#DeprecatedDeclaration]
69 | }
70 | public func expansion(_ value: CGFloat) -> Self {
/Users/admin/builder/spi-builder-workspace/Sources/Foundation/chainable/NSAttribute+chainable.swift:71:23: warning: 'expansion' was deprecated in visionOS 1.0: This attribute is not supported with TextKit 2 [#DeprecatedDeclaration]
69 | }
70 | public func expansion(_ value: CGFloat) -> Self {
71 | addAttribute(.expansion, value: value, range: range); return self
| `- warning: 'expansion' was deprecated in visionOS 1.0: This attribute is not supported with TextKit 2 [#DeprecatedDeclaration]
72 | }
73 | public func writingDirection(_ value: [CGFloat]) -> Self {
/Users/admin/builder/spi-builder-workspace/Sources/Foundation/chainable/NSAttribute+chainable.swift:77:23: warning: 'verticalGlyphForm' was deprecated in visionOS 1.0: This attribute is not supported with TextKit 2 [#DeprecatedDeclaration]
75 | }
76 | public func verticalGlyphForm(_ value: Int) -> Self {
77 | addAttribute(.verticalGlyphForm, value: value, range: range); return self
| `- warning: 'verticalGlyphForm' was deprecated in visionOS 1.0: This attribute is not supported with TextKit 2 [#DeprecatedDeclaration]
78 | }
79 | }
/Users/admin/builder/spi-builder-workspace/Sources/Swift/Float+String.swift:1:1: warning: extension declares a conformance of imported type 'Float' to imported protocols 'ExpressibleByStringLiteral', 'ExpressibleByExtendedGraphemeClusterLiteral', 'ExpressibleByUnicodeScalarLiteral'; this will not behave correctly if the owners of 'Swift' introduce this conformance in the future
1 | extension Float: ExpressibleByStringLiteral {
| |- warning: extension declares a conformance of imported type 'Float' to imported protocols 'ExpressibleByStringLiteral', 'ExpressibleByExtendedGraphemeClusterLiteral', 'ExpressibleByUnicodeScalarLiteral'; this will not behave correctly if the owners of 'Swift' introduce this conformance in the future
| `- note: add '@retroactive' to silence this warning
2 | public typealias StringLiteralType = String
3 | public init(stringLiteral value: String) {
[#DeprecatedDeclaration]: <https://docs.swift.org/compiler/documentation/diagnostics/deprecated-declaration>
SwiftCompile normal arm64 Compiling\ ApplicationMainDelegate.swift,\ Array+UIImage.swift,\ CGRect+Float.swift,\ CGSize+Float.swift,\ CGpoint+Float.swift,\ NSAttributedString+Content.swift /Users/admin/builder/spi-builder-workspace/Sources/UIKit/ApplicationMainDelegate.swift /Users/admin/builder/spi-builder-workspace/Sources/UIKit/Array+UIImage.swift /Users/admin/builder/spi-builder-workspace/Sources/UIKit/CGRect+Float.swift /Users/admin/builder/spi-builder-workspace/Sources/UIKit/CGSize+Float.swift /Users/admin/builder/spi-builder-workspace/Sources/UIKit/CGpoint+Float.swift /Users/admin/builder/spi-builder-workspace/Sources/UIKit/NSAttributedString+Content.swift (in target 'Extension' from project 'Extension')
/Users/admin/builder/spi-builder-workspace/Sources/UIKit/Array+UIImage.swift:17:61: error: 'UIScreen' is unavailable in visionOS
15 | size.height += CGFloat(Swift.max(0, count - 1)) * space
16 | var image: UIImage?
17 | UIGraphicsBeginImageContextWithOptions(size, false, UIScreen.main.scale)
| `- error: 'UIScreen' is unavailable in visionOS
18 | if let color = backgroundColor {
19 | let path = UIBezierPath(rect: CGRect(origin: CGPoint.zero, size: size))
/Applications/Xcode-27.0.0-Release.Candidate.app/Contents/Developer/Platforms/XROS.platform/Developer/SDKs/XROS27.0.sdk/System/Library/Frameworks/UIKit.framework/Headers/UIScreen.h:54:12: note: 'UIScreen' has been explicitly marked unavailable here
52 |
53 | UIKIT_EXTERN API_AVAILABLE(ios(2.0)) API_UNAVAILABLE(visionos, watchos) NS_SWIFT_UI_ACTOR
54 | @interface UIScreen : NSObject <UITraitEnvironment>
| `- note: 'UIScreen' has been explicitly marked unavailable here
55 |
56 | @property(class, nonatomic, readonly) NSArray<UIScreen *> *screens API_DEPRECATED("Use UIApplication.shared.openSessions to find open sessions with scenes from other screens", ios(3.2, 16.0), visionos(1.0, 1.0)) API_UNAVAILABLE(watchos); // all screens currently attached to the device
Failed frontend command:
/Applications/Xcode-27.0.0-Release.Candidate.app/Contents/Developer/Toolchains/XcodeDefault.xctoolchain/usr/bin/swift-frontend -frontend -c /Users/admin/builder/spi-builder-workspace/Sources/Common/Color/Color+components.swift /Users/admin/builder/spi-builder-workspace/Sources/Common/Color/Color+css.swift /Users/admin/builder/spi-builder-workspace/Sources/Common/Color/Color+hex.swift /Users/admin/builder/spi-builder-workspace/Sources/Common/Color/Color+rgba.swift /Users/admin/builder/spi-builder-workspace/Sources/Common/Color/Color.swift /Users/admin/builder/spi-builder-workspace/Sources/Common/Image/Image+CoreGraphics.swift /Users/admin/builder/spi-builder-workspace/Sources/Common/Image/Image+Process.swift /Users/admin/builder/spi-builder-workspace/Sources/Common/Image/Image+pdf.swift /Users/admin/builder/spi-builder-workspace/Sources/Common/Image/Image.swift /Users/admin/builder/spi-builder-workspace/Sources/Common/View/VIew+UIImage.swift /Users/admin/builder/spi-builder-workspace/Sources/Common/View/View.swift /Users/admin/builder/spi-builder-workspace/Sources/Common/runtime.swift /Users/admin/builder/spi-builder-workspace/Sources/Dispatch/DispatchQueue+once.swift /Users/admin/builder/spi-builder-workspace/Sources/Foundation/Array+JSON.swift /Users/admin/builder/spi-builder-workspace/Sources/Foundation/Array+cookieString.swift /Users/admin/builder/spi-builder-workspace/Sources/Foundation/Bundle+Localization.swift /Users/admin/builder/spi-builder-workspace/Sources/Foundation/CFAbsoluteTime+init.swift /Users/admin/builder/spi-builder-workspace/Sources/Foundation/CGFloat+String.swift /Users/admin/builder/spi-builder-workspace/Sources/Foundation/Data+MIMEType.swift /Users/admin/builder/spi-builder-workspace/Sources/Foundation/Dictionary+MIMEType.swift /Users/admin/builder/spi-builder-workspace/Sources/Foundation/HTTPCookieStorage+setCookie.swift /Users/admin/builder/spi-builder-workspace/Sources/Foundation/KeyChain.swift /Users/admin/builder/spi-builder-workspace/Sources/Foundation/Locale+Localization.swift /Users/admin/builder/spi-builder-workspace/Sources/Foundation/SCNetworkReachability/SCNetworkReachability+flags.swift /Users/admin/builder/spi-builder-workspace/Sources/Foundation/SCNetworkReachability/SCNetworkReachability+new.swift /Users/admin/builder/spi-builder-workspace/Sources/Foundation/SCNetworkReachability/SCNetworkReachability+update.swift /Users/admin/builder/spi-builder-workspace/Sources/Foundation/String+Dictionary.swift /Users/admin/builder/spi-builder-workspace/Sources/Foundation/String+URLEscaped.swift /Users/admin/builder/spi-builder-workspace/Sources/Foundation/String+base64.swift /Users/admin/builder/spi-builder-workspace/Sources/Foundation/URL+Cookie.swift /Users/admin/builder/spi-builder-workspace/Sources/Foundation/URL+String.swift /Users/admin/builder/spi-builder-workspace/Sources/Foundation/URL+query.swift /Users/admin/builder/spi-builder-workspace/Sources/Foundation/UserDefaults+Codable.swift /Users/admin/builder/spi-builder-workspace/Sources/Foundation/UserDefaults+subscript.swift /Users/admin/builder/spi-builder-workspace/Sources/Foundation/chainable/NSAttribute+chainable.swift /Users/admin/builder/spi-builder-workspace/Sources/Swift/Float+String.swift /Users/admin/builder/spi-builder-workspace/Sources/Swift/Int+String.swift /Users/admin/builder/spi-builder-workspace/Sources/Swift/String+regex.swift /Users/admin/builder/spi-builder-workspace/Sources/Swift/Swift+Association.swift /Users/admin/builder/spi-builder-workspace/Sources/Swift/Swift+closuer.swift /Users/admin/builder/spi-builder-workspace/Sources/Swift/Swift+log.swift /Users/admin/builder/spi-builder-workspace/Sources/Swift/Swift+synchronized.swift -primary-file /Users/admin/builder/spi-builder-workspace/Sources/UIKit/ApplicationMainDelegate.swift -primary-file /Users/admin/builder/spi-builder-workspace/Sources/UIKit/Array+UIImage.swift -primary-file /Users/admin/builder/spi-builder-workspace/Sources/UIKit/CGRect+Float.swift -primary-file /Users/admin/builder/spi-builder-workspace/Sources/UIKit/CGSize+Float.swift -primary-file /Users/admin/builder/spi-builder-workspace/Sources/UIKit/CGpoint+Float.swift -primary-file /Users/admin/builder/spi-builder-workspace/Sources/UIKit/NSAttributedString+Content.swift /Users/admin/builder/spi-builder-workspace/Sources/UIKit/NSString+Size.swift /Users/admin/builder/spi-builder-workspace/Sources/UIKit/UIApplication+EventTrack.swift /Users/admin/builder/spi-builder-workspace/Sources/UIKit/UIControl+Event.swift /Users/admin/builder/spi-builder-workspace/Sources/UIKit/UIFont+SymbolicTraits.swift /Users/admin/builder/spi-builder-workspace/Sources/UIKit/UINavigationController+Autorotate.swift /Users/admin/builder/spi-builder-workspace/Sources/UIKit/UIResponder+Keyboard.swift /Users/admin/builder/spi-builder-workspace/Sources/UIKit/UITableView+UIImage.swift /Users/admin/builder/spi-builder-workspace/Sources/UIKit/chainable/UILabel+chainable.swift /Users/admin/builder/spi-builder-workspace/Sources/UIKit/chainable/UIView+chainable.swift /Users/admin/builder/spi-builder-workspace/Sources/WebKit/WKWebView+contentView.swift /Users/admin/builder/spi-builder-workspace/Sources/WebKit/WKWebView+input.swift /Users/admin/builder/spi-builder-workspace/Sources/WebKit/WKWebView+registerScheme.swift -supplementary-output-file-map /Users/admin/builder/spi-builder-workspace/.derivedData/Build/Intermediates.noindex/Extension.build/Debug-xros/Extension-t.build/Objects-normal/arm64/supplementaryOutputs-8 -target arm64-apple-xros1.0 -module-can-import-version CoreGraphics 2049 2049.0.0 -module-can-import-version Dispatch 1605.0.2 0 -module-can-import-version Foundation 5027.0.69 5027.0.69 -module-can-import-version ObjectiveC 973.1 0 -module-can-import-version Security 62460.7.1 62460.7.1 -module-can-import-version SystemConfiguration 1446.0.0 1446.0.0 -module-can-import-version UIKit 9127.0.84.1 9127.0.84 -module-can-import-version WebKit 7625.1.29.14 625.1.29 -disable-cross-import-overlay-search -load-resolved-plugin /Applications/Xcode-27.0.0-Release.Candidate.app/Contents/Developer/Platforms/XROS.platform/Developer/usr/lib/swift/host/plugins/libFoundationMacros.dylib\#/Applications/Xcode-27.0.0-Release.Candidate.app/Contents/Developer/Platforms/XROS.platform/Developer/usr/bin/swift-plugin-server\#FoundationMacros -load-resolved-plugin /Applications/Xcode-27.0.0-Release.Candidate.app/Contents/Developer/Platforms/XROS.platform/Developer/usr/lib/swift/host/plugins/libObservationMacros.dylib\#/Applications/Xcode-27.0.0-Release.Candidate.app/Contents/Developer/Platforms/XROS.platform/Developer/usr/bin/swift-plugin-server\#ObservationMacros -load-resolved-plugin /Applications/Xcode-27.0.0-Release.Candidate.app/Contents/Developer/Platforms/XROS.platform/Developer/usr/lib/swift/host/plugins/libPreviewsMacros.dylib\#/Applications/Xcode-27.0.0-Release.Candidate.app/Contents/Developer/Platforms/XROS.platform/Developer/usr/bin/swift-plugin-server\#PreviewsMacros -load-resolved-plugin /Applications/Xcode-27.0.0-Release.Candidate.app/Contents/Developer/Platforms/XROS.platform/Developer/usr/lib/swift/host/plugins/libSwiftMacros.dylib\#/Applications/Xcode-27.0.0-Release.Candidate.app/Contents/Developer/Platforms/XROS.platform/Developer/usr/bin/swift-plugin-server\#SwiftMacros -load-resolved-plugin /Applications/Xcode-27.0.0-Release.Candidate.app/Contents/Developer/Platforms/XROS.platform/Developer/usr/lib/swift/host/plugins/libSwiftUIMacros.dylib\#/Applications/Xcode-27.0.0-Release.Candidate.app/Contents/Developer/Platforms/XROS.platform/Developer/usr/bin/swift-plugin-server\#SwiftUIMacros -disable-implicit-swift-modules -Xcc -fno-implicit-modules -Xcc -fno-implicit-module-maps -explicit-swift-module-map-file /Users/admin/builder/spi-builder-workspace/.derivedData/Build/Intermediates.noindex/Extension.build/Debug-xros/Extension-t.build/Objects-normal/arm64/Extension-dependencies-1.json -Xllvm -aarch64-use-tbi -enable-objc-interop -stack-check -sdk /Applications/Xcode-27.0.0-Release.Candidate.app/Contents/Developer/Platforms/XROS.platform/Developer/SDKs/XROS27.0.sdk -I /Users/admin/builder/spi-builder-workspace/.derivedData/Build/Products/Debug-xros -Isystem /Applications/Xcode-27.0.0-Release.Candidate.app/Contents/Developer/Platforms/XROS.platform/Developer/usr/lib -F /Users/admin/builder/spi-builder-workspace/.derivedData/Build/Products/Debug-xros -F /Applications/Xcode-27.0.0-Release.Candidate.app/Contents/Developer/Platforms/XROS.platform/Developer/Library/Frameworks -F /Applications/Xcode-27.0.0-Release.Candidate.app/Contents/Developer/Platforms/XROS.platform/Developer/SDKs/XROS27.0.sdk/Developer/Library/Frameworks -module-cache-path /Users/admin/builder/spi-builder-workspace/.derivedData/Build/Intermediates.noindex/SwiftExplicitPrecompiledModules -no-color-diagnostics -Xcc -fno-color-diagnostics -enable-testing -g -debug-info-format\=dwarf -dwarf-version\=4 -swift-version 5 -Onone -D SWIFT_PACKAGE -D DEBUG -D SWIFT_MODULE_RESOURCE_BUNDLE_UNAVAILABLE -D Xcode -serialize-debugging-options -enable-experimental-feature DebugDescriptionMacro -empty-abi-descriptor -validate-clang-modules-once -clang-build-session-file /Users/admin/builder/spi-builder-workspace/.derivedData/ModuleCache.noindex/Session.modulevalidation -Xcc -working-directory -Xcc /Users/admin/builder/spi-builder-workspace/.swiftpm/xcode -enable-anonymous-context-mangled-names -file-compilation-dir /Users/admin/builder/spi-builder-workspace/.swiftpm/xcode -Xcc -D_LIBCPP_HARDENING_MODE\=_LIBCPP_HARDENING_MODE_DEBUG -Xcc -ivfsstatcache -Xcc /Users/admin/builder/spi-builder-workspace/.derivedData/SDKStatCaches.noindex/xros27.0-24M361-e829b21a6f8c9b70876ba0858053c044735bd543db762f57723cac368afd1ce4.sdkstatcache -Xcc -fmodules-prune-interval\=86400 -Xcc -fmodules-prune-after\=345600 -Xcc -I/Users/admin/builder/spi-builder-workspace/.derivedData/Build/Products/Debug-xros/include -Xcc -I/Users/admin/builder/spi-builder-workspace/.derivedData/Build/Intermediates.noindex/Extension.build/Debug-xros/Extension-t.build/DerivedSources-normal/arm64 -Xcc -I/Users/admin/builder/spi-builder-workspace/.derivedData/Build/Intermediates.noindex/Extension.build/Debug-xros/Extension-t.build/DerivedSources/arm64 -Xcc -I/Users/admin/builder/spi-builder-workspace/.derivedData/Build/Intermediates.noindex/Extension.build/Debug-xros/Extension-t.build/DerivedSources -Xcc -DSWIFT_PACKAGE -Xcc -DDEBUG\=1 -no-auto-bridging-header-chaining -module-name Extension -const-gather-protocols-file /Users/admin/builder/spi-builder-workspace/.derivedData/Build/Intermediates.noindex/Extension.build/Debug-xros/Extension-t.build/Objects-normal/arm64/Extension_const_extract_protocols.json -disable-clang-spi -clang-target arm64-apple-xros27.0 -target-sdk-version 27.0 -target-sdk-name xros27.0 -in-process-plugin-server-path /Applications/Xcode-27.0.0-Release.Candidate.app/Contents/Developer/Toolchains/XcodeDefault.xctoolchain/usr/lib/swift/host/libSwiftInProcPluginServer.dylib -parse-as-library -o /Users/admin/builder/spi-builder-workspace/.derivedData/Build/Intermediates.noindex/Extension.build/Debug-xros/Extension-t.build/Objects-normal/arm64/ApplicationMainDelegate.o -o /Users/admin/builder/spi-builder-workspace/.derivedData/Build/Intermediates.noindex/Extension.build/Debug-xros/Extension-t.build/Objects-normal/arm64/Array+UIImage.o -o /Users/admin/builder/spi-builder-workspace/.derivedData/Build/Intermediates.noindex/Extension.build/Debug-xros/Extension-t.build/Objects-normal/arm64/CGRect+Float.o -o /Users/admin/builder/spi-builder-workspace/.derivedData/Build/Intermediates.noindex/Extension.build/Debug-xros/Extension-t.build/Objects-normal/arm64/CGSize+Float.o -o /Users/admin/builder/spi-builder-workspace/.derivedData/Build/Intermediates.noindex/Extension.build/Debug-xros/Extension-t.build/Objects-normal/arm64/CGpoint+Float.o -o /Users/admin/builder/spi-builder-workspace/.derivedData/Build/Intermediates.noindex/Extension.build/Debug-xros/Extension-t.build/Objects-normal/arm64/NSAttributedString+Content.o -debug-module-path /Users/admin/builder/spi-builder-workspace/.derivedData/Build/Intermediates.noindex/Extension.build/Debug-xros/Extension-t.build/Objects-normal/arm64/Extension.swiftmodule -index-unit-output-path /Extension.build/Debug-xros/Extension-t.build/Objects-normal/arm64/ApplicationMainDelegate.o -index-unit-output-path /Extension.build/Debug-xros/Extension-t.build/Objects-normal/arm64/Array+UIImage.o -index-unit-output-path /Extension.build/Debug-xros/Extension-t.build/Objects-normal/arm64/CGRect+Float.o -index-unit-output-path /Extension.build/Debug-xros/Extension-t.build/Objects-normal/arm64/CGSize+Float.o -index-unit-output-path /Extension.build/Debug-xros/Extension-t.build/Objects-normal/arm64/CGpoint+Float.o -index-unit-output-path /Extension.build/Debug-xros/Extension-t.build/Objects-normal/arm64/NSAttributedString+Content.o -index-store-path /Users/admin/builder/spi-builder-workspace/.derivedData/Index.noindex/DataStore -index-system-modules
SwiftCompile normal arm64 /Users/admin/builder/spi-builder-workspace/Sources/UIKit/ApplicationMainDelegate.swift (in target 'Extension' from project 'Extension')
cd /Users/admin/builder/spi-builder-workspace/.swiftpm/xcode
builtin-SwiftPerFileCompile ApplicationMainDelegate.swift
SwiftCompile normal arm64 /Users/admin/builder/spi-builder-workspace/Sources/UIKit/Array+UIImage.swift (in target 'Extension' from project 'Extension')
cd /Users/admin/builder/spi-builder-workspace/.swiftpm/xcode
builtin-SwiftPerFileCompile Array+UIImage.swift
SwiftCompile normal arm64 /Users/admin/builder/spi-builder-workspace/Sources/UIKit/CGRect+Float.swift (in target 'Extension' from project 'Extension')
cd /Users/admin/builder/spi-builder-workspace/.swiftpm/xcode
builtin-SwiftPerFileCompile CGRect+Float.swift
SwiftCompile normal arm64 /Users/admin/builder/spi-builder-workspace/Sources/UIKit/CGSize+Float.swift (in target 'Extension' from project 'Extension')
cd /Users/admin/builder/spi-builder-workspace/.swiftpm/xcode
builtin-SwiftPerFileCompile CGSize+Float.swift
SwiftCompile normal arm64 /Users/admin/builder/spi-builder-workspace/Sources/UIKit/CGpoint+Float.swift (in target 'Extension' from project 'Extension')
cd /Users/admin/builder/spi-builder-workspace/.swiftpm/xcode
builtin-SwiftPerFileCompile CGpoint+Float.swift
SwiftCompile normal arm64 /Users/admin/builder/spi-builder-workspace/Sources/UIKit/NSAttributedString+Content.swift (in target 'Extension' from project 'Extension')
cd /Users/admin/builder/spi-builder-workspace/.swiftpm/xcode
builtin-SwiftPerFileCompile NSAttributedString+Content.swift
SwiftDriverJobDiscovery normal arm64 Emitting module for Extension (in target 'Extension' from project 'Extension')
SwiftDriver\ Compilation\ Requirements Extension normal arm64 com.apple.xcode.tools.swift.compiler (in target 'Extension' from project 'Extension')
cd /Users/admin/builder/spi-builder-workspace/.swiftpm/xcode
builtin-Swift-Compilation-Requirements -- /Applications/Xcode-27.0.0-Release.Candidate.app/Contents/Developer/Toolchains/XcodeDefault.xctoolchain/usr/bin/swiftc -parse-as-library -module-name Extension -Onone @/Users/admin/builder/spi-builder-workspace/.derivedData/Build/Intermediates.noindex/Extension.build/Debug-xros/Extension-t.build/Objects-normal/arm64/Extension.SwiftFileList -DSWIFT_PACKAGE -DDEBUG -DSWIFT_MODULE_RESOURCE_BUNDLE_UNAVAILABLE -DXcode -plugin-path /Applications/Xcode-27.0.0-Release.Candidate.app/Contents/Developer/Toolchains/XcodeDefault.xctoolchain/usr/lib/swift/host/plugins/testing -enable-experimental-feature DebugDescriptionMacro -sdk /Applications/Xcode-27.0.0-Release.Candidate.app/Contents/Developer/Platforms/XROS.platform/Developer/SDKs/XROS27.0.sdk -target arm64-apple-xros1.0 -g -module-cache-path /Users/admin/builder/spi-builder-workspace/.derivedData/ModuleCache.noindex -Xfrontend -serialize-debugging-options -enable-testing -index-store-path /Users/admin/builder/spi-builder-workspace/.derivedData/Index.noindex/DataStore -Xcc -D_LIBCPP_HARDENING_MODE\=_LIBCPP_HARDENING_MODE_DEBUG -swift-version 5 -I /Users/admin/builder/spi-builder-workspace/.derivedData/Build/Products/Debug-xros -Isystem /Applications/Xcode-27.0.0-Release.Candidate.app/Contents/Developer/Platforms/XROS.platform/Developer/usr/lib -F /Users/admin/builder/spi-builder-workspace/.derivedData/Build/Products/Debug-xros -F /Applications/Xcode-27.0.0-Release.Candidate.app/Contents/Developer/Platforms/XROS.platform/Developer/Library/Frameworks -F /Applications/Xcode-27.0.0-Release.Candidate.app/Contents/Developer/Platforms/XROS.platform/Developer/SDKs/XROS27.0.sdk/Developer/Library/Frameworks -c -j10 -enable-batch-mode -incremental -Xcc -ivfsstatcache -Xcc /Users/admin/builder/spi-builder-workspace/.derivedData/SDKStatCaches.noindex/xros27.0-24M361-e829b21a6f8c9b70876ba0858053c044735bd543db762f57723cac368afd1ce4.sdkstatcache -output-file-map /Users/admin/builder/spi-builder-workspace/.derivedData/Build/Intermediates.noindex/Extension.build/Debug-xros/Extension-t.build/Objects-normal/arm64/Extension-OutputFileMap.json -save-temps -no-color-diagnostics -explicit-module-build -module-cache-path /Users/admin/builder/spi-builder-workspace/.derivedData/Build/Intermediates.noindex/SwiftExplicitPrecompiledModules -clang-scanner-module-cache-path /Users/admin/builder/spi-builder-workspace/.derivedData/ModuleCache.noindex -sdk-module-cache-path /Users/admin/builder/spi-builder-workspace/.derivedData/SDKExplicitPrecompiledModules -emit-dependencies -emit-module -emit-module-path /Users/admin/builder/spi-builder-workspace/.derivedData/Build/Intermediates.noindex/Extension.build/Debug-xros/Extension-t.build/Objects-normal/arm64/Extension.swiftmodule -serialize-diagnostics -dependency-scan-serialize-diagnostics-path /Users/admin/builder/spi-builder-workspace/.derivedData/Build/Intermediates.noindex/Extension.build/Debug-xros/Extension-t.build/Objects-normal/arm64/Extension-dependency-scan.dia -validate-clang-modules-once -clang-build-session-file /Users/admin/builder/spi-builder-workspace/.derivedData/ModuleCache.noindex/Session.modulevalidation -Xcc -fmodules-prune-interval\=86400 -Xcc -fmodules-prune-after\=345600 -emit-const-values -const-gather-protocols-list /Users/admin/builder/spi-builder-workspace/.derivedData/Build/Intermediates.noindex/Extension.build/Debug-xros/Extension-t.build/Objects-normal/arm64/Extension_const_extract_protocols.json -Xcc -I/Users/admin/builder/spi-builder-workspace/.derivedData/Build/Products/Debug-xros/include -Xcc -I/Users/admin/builder/spi-builder-workspace/.derivedData/Build/Intermediates.noindex/Extension.build/Debug-xros/Extension-t.build/DerivedSources-normal/arm64 -Xcc -I/Users/admin/builder/spi-builder-workspace/.derivedData/Build/Intermediates.noindex/Extension.build/Debug-xros/Extension-t.build/DerivedSources/arm64 -Xcc -I/Users/admin/builder/spi-builder-workspace/.derivedData/Build/Intermediates.noindex/Extension.build/Debug-xros/Extension-t.build/DerivedSources -Xcc -DSWIFT_PACKAGE -Xcc -DDEBUG\=1 -emit-objc-header -emit-objc-header-path /Users/admin/builder/spi-builder-workspace/.derivedData/Build/Intermediates.noindex/Extension.build/Debug-xros/Extension-t.build/Objects-normal/arm64/Extension-Swift.h -working-directory /Users/admin/builder/spi-builder-workspace/.swiftpm/xcode -experimental-emit-module-separately -disable-cmo
SwiftDriverJobDiscovery normal arm64 Compiling Data+MIMEType.swift, Dictionary+MIMEType.swift, HTTPCookieStorage+setCookie.swift, KeyChain.swift, Locale+Localization.swift, SCNetworkReachability+flags.swift (in target 'Extension' from project 'Extension')
SwiftMergeGeneratedHeaders /Users/admin/builder/spi-builder-workspace/.derivedData/Build/Intermediates.noindex/GeneratedModuleMaps-xros/Extension-Swift.h /Users/admin/builder/spi-builder-workspace/.derivedData/Build/Intermediates.noindex/Extension.build/Debug-xros/Extension-t.build/Objects-normal/arm64/Extension-Swift.h (in target 'Extension' from project 'Extension')
cd /Users/admin/builder/spi-builder-workspace
builtin-swiftHeaderTool -arch arm64 /Users/admin/builder/spi-builder-workspace/.derivedData/Build/Intermediates.noindex/Extension.build/Debug-xros/Extension-t.build/Objects-normal/arm64/Extension-Swift.h -o /Users/admin/builder/spi-builder-workspace/.derivedData/Build/Intermediates.noindex/GeneratedModuleMaps-xros/Extension-Swift.h
Copy /Users/admin/builder/spi-builder-workspace/.derivedData/Build/Products/Debug-xros/Extension.swiftmodule/arm64-apple-xros.swiftmodule /Users/admin/builder/spi-builder-workspace/.derivedData/Build/Intermediates.noindex/Extension.build/Debug-xros/Extension-t.build/Objects-normal/arm64/Extension.swiftmodule (in target 'Extension' from project 'Extension')
cd /Users/admin/builder/spi-builder-workspace
builtin-copy -exclude .DS_Store -exclude CVS -exclude .svn -exclude .git -exclude .hg -resolve-src-symlinks -rename /Users/admin/builder/spi-builder-workspace/.derivedData/Build/Intermediates.noindex/Extension.build/Debug-xros/Extension-t.build/Objects-normal/arm64/Extension.swiftmodule /Users/admin/builder/spi-builder-workspace/.derivedData/Build/Products/Debug-xros/Extension.swiftmodule/arm64-apple-xros.swiftmodule
Copy /Users/admin/builder/spi-builder-workspace/.derivedData/Build/Products/Debug-xros/Extension.swiftmodule/arm64-apple-xros.swiftdoc /Users/admin/builder/spi-builder-workspace/.derivedData/Build/Intermediates.noindex/Extension.build/Debug-xros/Extension-t.build/Objects-normal/arm64/Extension.swiftdoc (in target 'Extension' from project 'Extension')
cd /Users/admin/builder/spi-builder-workspace
builtin-copy -exclude .DS_Store -exclude CVS -exclude .svn -exclude .git -exclude .hg -resolve-src-symlinks -rename /Users/admin/builder/spi-builder-workspace/.derivedData/Build/Intermediates.noindex/Extension.build/Debug-xros/Extension-t.build/Objects-normal/arm64/Extension.swiftdoc /Users/admin/builder/spi-builder-workspace/.derivedData/Build/Products/Debug-xros/Extension.swiftmodule/arm64-apple-xros.swiftdoc
Copy /Users/admin/builder/spi-builder-workspace/.derivedData/Build/Products/Debug-xros/Extension.swiftmodule/arm64-apple-xros.abi.json /Users/admin/builder/spi-builder-workspace/.derivedData/Build/Intermediates.noindex/Extension.build/Debug-xros/Extension-t.build/Objects-normal/arm64/Extension.abi.json (in target 'Extension' from project 'Extension')
cd /Users/admin/builder/spi-builder-workspace
builtin-copy -exclude .DS_Store -exclude CVS -exclude .svn -exclude .git -exclude .hg -resolve-src-symlinks -rename /Users/admin/builder/spi-builder-workspace/.derivedData/Build/Intermediates.noindex/Extension.build/Debug-xros/Extension-t.build/Objects-normal/arm64/Extension.abi.json /Users/admin/builder/spi-builder-workspace/.derivedData/Build/Products/Debug-xros/Extension.swiftmodule/arm64-apple-xros.abi.json
Copy /Users/admin/builder/spi-builder-workspace/.derivedData/Build/Products/Debug-xros/Extension.swiftmodule/Project/arm64-apple-xros.swiftsourceinfo /Users/admin/builder/spi-builder-workspace/.derivedData/Build/Intermediates.noindex/Extension.build/Debug-xros/Extension-t.build/Objects-normal/arm64/Extension.swiftsourceinfo (in target 'Extension' from project 'Extension')
cd /Users/admin/builder/spi-builder-workspace
builtin-copy -exclude .DS_Store -exclude CVS -exclude .svn -exclude .git -exclude .hg -resolve-src-symlinks -rename /Users/admin/builder/spi-builder-workspace/.derivedData/Build/Intermediates.noindex/Extension.build/Debug-xros/Extension-t.build/Objects-normal/arm64/Extension.swiftsourceinfo /Users/admin/builder/spi-builder-workspace/.derivedData/Build/Products/Debug-xros/Extension.swiftmodule/Project/arm64-apple-xros.swiftsourceinfo
SwiftDriverJobDiscovery normal arm64 Compiling SCNetworkReachability+new.swift, SCNetworkReachability+update.swift, String+Dictionary.swift, String+URLEscaped.swift, String+base64.swift, URL+Cookie.swift (in target 'Extension' from project 'Extension')
SwiftDriverJobDiscovery normal arm64 Compiling Int+String.swift, String+regex.swift, Swift+Association.swift, Swift+closuer.swift, Swift+log.swift, Swift+synchronized.swift (in target 'Extension' from project 'Extension')
SwiftDriverJobDiscovery normal arm64 Compiling DispatchQueue+once.swift, Array+JSON.swift, Array+cookieString.swift, Bundle+Localization.swift, CFAbsoluteTime+init.swift, CGFloat+String.swift (in target 'Extension' from project 'Extension')
PruneExplicitPrecompiledModules /Users/admin/builder/spi-builder-workspace/.derivedData/Build/Intermediates.noindex/SwiftExplicitPrecompiledModules
PruneExplicitPrecompiledModules /Users/admin/builder/spi-builder-workspace/.derivedData/SDKExplicitPrecompiledModules
PruneExplicitPrecompiledModules /Users/admin/builder/spi-builder-workspace/.derivedData/Build/Intermediates.noindex/ExplicitPrecompiledModules
2026-09-22 04:18:49.085 xcodebuild[651:4284] [MT] IDERunDestination: Supported platforms for the buildables in the current scheme is empty.
** BUILD FAILED **
The following build commands failed:
SwiftCompile normal arm64 Compiling\ UITableView+UIImage.swift,\ UILabel+chainable.swift,\ UIView+chainable.swift,\ WKWebView+contentView.swift,\ WKWebView+input.swift,\ WKWebView+registerScheme.swift /Users/admin/builder/spi-builder-workspace/Sources/UIKit/UITableView+UIImage.swift /Users/admin/builder/spi-builder-workspace/Sources/UIKit/chainable/UILabel+chainable.swift /Users/admin/builder/spi-builder-workspace/Sources/UIKit/chainable/UIView+chainable.swift /Users/admin/builder/spi-builder-workspace/Sources/WebKit/WKWebView+contentView.swift /Users/admin/builder/spi-builder-workspace/Sources/WebKit/WKWebView+input.swift /Users/admin/builder/spi-builder-workspace/Sources/WebKit/WKWebView+registerScheme.swift (in target 'Extension' from project 'Extension')
SwiftCompile normal arm64 /Users/admin/builder/spi-builder-workspace/Sources/UIKit/UITableView+UIImage.swift (in target 'Extension' from project 'Extension')
SwiftCompile normal arm64 Compiling\ Color+components.swift,\ Color+css.swift,\ Color+hex.swift,\ Color+rgba.swift,\ Color.swift,\ Image+CoreGraphics.swift /Users/admin/builder/spi-builder-workspace/Sources/Common/Color/Color+components.swift /Users/admin/builder/spi-builder-workspace/Sources/Common/Color/Color+css.swift /Users/admin/builder/spi-builder-workspace/Sources/Common/Color/Color+hex.swift /Users/admin/builder/spi-builder-workspace/Sources/Common/Color/Color+rgba.swift /Users/admin/builder/spi-builder-workspace/Sources/Common/Color/Color.swift /Users/admin/builder/spi-builder-workspace/Sources/Common/Image/Image+CoreGraphics.swift (in target 'Extension' from project 'Extension')
SwiftCompile normal arm64 /Users/admin/builder/spi-builder-workspace/Sources/Common/Image/Image+CoreGraphics.swift (in target 'Extension' from project 'Extension')
SwiftCompile normal arm64 Compiling\ ApplicationMainDelegate.swift,\ Array+UIImage.swift,\ CGRect+Float.swift,\ CGSize+Float.swift,\ CGpoint+Float.swift,\ NSAttributedString+Content.swift /Users/admin/builder/spi-builder-workspace/Sources/UIKit/ApplicationMainDelegate.swift /Users/admin/builder/spi-builder-workspace/Sources/UIKit/Array+UIImage.swift /Users/admin/builder/spi-builder-workspace/Sources/UIKit/CGRect+Float.swift /Users/admin/builder/spi-builder-workspace/Sources/UIKit/CGSize+Float.swift /Users/admin/builder/spi-builder-workspace/Sources/UIKit/CGpoint+Float.swift /Users/admin/builder/spi-builder-workspace/Sources/UIKit/NSAttributedString+Content.swift (in target 'Extension' from project 'Extension')
SwiftCompile normal arm64 /Users/admin/builder/spi-builder-workspace/Sources/UIKit/Array+UIImage.swift (in target 'Extension' from project 'Extension')
Building workspace Extension with scheme Extension
(7 failures)
Command line invocation:
/Applications/Xcode-27.0.0-Release.Candidate.app/Contents/Developer/usr/bin/xcodebuild -IDEClonedSourcePackagesDirPathOverride=/Users/admin/builder/spi-builder-workspace/.dependencies -resolvePackageDependencies
Resolve Package Graph
Resolved source packages:
Extension: /Users/admin/builder/spi-builder-workspace
resolved source packages: Extension
2026-09-22 04:18:59.239 xcodebuild[745:4711] [MT] IDERunDestination: Supported platforms for the buildables in the current scheme is empty.
{
"dependencies" : [
],
"manifest_display_name" : "Extension",
"name" : "Extension",
"path" : "/Users/admin/builder/spi-builder-workspace",
"platforms" : [
{
"name" : "ios",
"version" : "8.0"
},
{
"name" : "macos",
"version" : "10.10"
},
{
"name" : "tvos",
"version" : "9.0"
},
{
"name" : "watchos",
"version" : "2.0"
}
],
"products" : [
{
"name" : "Extension",
"targets" : [
"Extension"
],
"type" : {
"library" : [
"automatic"
]
}
}
],
"swift_languages_versions" : [
"5"
],
"targets" : [
{
"c99name" : "Extension",
"module_type" : "SwiftTarget",
"name" : "Extension",
"path" : "Sources",
"product_memberships" : [
"Extension"
],
"sources" : [
"Common/Color/Color+components.swift",
"Common/Color/Color+css.swift",
"Common/Color/Color+hex.swift",
"Common/Color/Color+rgba.swift",
"Common/Color/Color.swift",
"Common/Image/Image+CoreGraphics.swift",
"Common/Image/Image+Process.swift",
"Common/Image/Image+pdf.swift",
"Common/Image/Image.swift",
"Common/View/VIew+UIImage.swift",
"Common/View/View.swift",
"Common/runtime.swift",
"Dispatch/DispatchQueue+once.swift",
"Foundation/Array+JSON.swift",
"Foundation/Array+cookieString.swift",
"Foundation/Bundle+Localization.swift",
"Foundation/CFAbsoluteTime+init.swift",
"Foundation/CGFloat+String.swift",
"Foundation/Data+MIMEType.swift",
"Foundation/Dictionary+MIMEType.swift",
"Foundation/HTTPCookieStorage+setCookie.swift",
"Foundation/KeyChain.swift",
"Foundation/Locale+Localization.swift",
"Foundation/SCNetworkReachability/SCNetworkReachability+flags.swift",
"Foundation/SCNetworkReachability/SCNetworkReachability+new.swift",
"Foundation/SCNetworkReachability/SCNetworkReachability+update.swift",
"Foundation/String+Dictionary.swift",
"Foundation/String+URLEscaped.swift",
"Foundation/String+base64.swift",
"Foundation/URL+Cookie.swift",
"Foundation/URL+String.swift",
"Foundation/URL+query.swift",
"Foundation/UserDefaults+Codable.swift",
"Foundation/UserDefaults+subscript.swift",
"Foundation/chainable/NSAttribute+chainable.swift",
"Swift/Float+String.swift",
"Swift/Int+String.swift",
"Swift/String+regex.swift",
"Swift/Swift+Association.swift",
"Swift/Swift+closuer.swift",
"Swift/Swift+log.swift",
"Swift/Swift+synchronized.swift",
"UIKit/ApplicationMainDelegate.swift",
"UIKit/Array+UIImage.swift",
"UIKit/CGRect+Float.swift",
"UIKit/CGSize+Float.swift",
"UIKit/CGpoint+Float.swift",
"UIKit/NSAttributedString+Content.swift",
"UIKit/NSString+Size.swift",
"UIKit/UIApplication+EventTrack.swift",
"UIKit/UIControl+Event.swift",
"UIKit/UIFont+SymbolicTraits.swift",
"UIKit/UINavigationController+Autorotate.swift",
"UIKit/UIResponder+Keyboard.swift",
"UIKit/UITableView+UIImage.swift",
"UIKit/chainable/UILabel+chainable.swift",
"UIKit/chainable/UIView+chainable.swift",
"WebKit/WKWebView+contentView.swift",
"WebKit/WKWebView+input.swift",
"WebKit/WKWebView+registerScheme.swift"
],
"type" : "library"
}
],
"tools_version" : "5.0"
}
{
"workspace" : {
"name" : "Extension",
"schemes" : [
"Extension"
]
}
}
2026-09-22 04:19:00.436 xcodebuild[753:4781] [MT] IDERunDestination: Supported platforms for the buildables in the current scheme is empty.
Running build ...
env DEVELOPER_DIR=/Applications/Xcode-27.0.0-Release.Candidate.app xcrun xcodebuild -IDEClonedSourcePackagesDirPathOverride=$PWD/.dependencies -skipMacroValidation -skipPackagePluginValidation -derivedDataPath $PWD/.derivedData build -scheme Extension -destination generic/platform=xrOS
Command line invocation:
/Applications/Xcode-27.0.0-Release.Candidate.app/Contents/Developer/usr/bin/xcodebuild -IDEClonedSourcePackagesDirPathOverride=/Users/admin/builder/spi-builder-workspace/.dependencies -skipMacroValidation -skipPackagePluginValidation -derivedDataPath /Users/admin/builder/spi-builder-workspace/.derivedData build -scheme Extension -destination generic/platform=xrOS
Resolve Package Graph
Resolved source packages:
Extension: /Users/admin/builder/spi-builder-workspace
ComputePackagePrebuildTargetDependencyGraph
Prepare packages
CreateBuildRequest
SendProjectDescription
CreateBuildOperation
ComputeTargetDependencyGraph
note: Building targets in dependency order
note: Target dependency graph (2 targets)
Target 'Extension-product' in project 'Extension'
➜ Explicit dependency on target 'Extension' in project 'Extension'
Target 'Extension' in project 'Extension' (no dependencies)
GatherProvisioningInputs
CreateBuildDescription
ClangStatCache /Applications/Xcode-27.0.0-Release.Candidate.app/Contents/Developer/Toolchains/XcodeDefault.xctoolchain/usr/bin/clang-stat-cache /Applications/Xcode-27.0.0-Release.Candidate.app/Contents/Developer/Platforms/XROS.platform/Developer/SDKs/XROS27.0.sdk /Users/admin/builder/spi-builder-workspace/.derivedData/SDKStatCaches.noindex/xros27.0-24M361-e829b21a6f8c9b70876ba0858053c044735bd543db762f57723cac368afd1ce4.sdkstatcache
cd /Users/admin/builder/spi-builder-workspace/.swiftpm/xcode
/Applications/Xcode-27.0.0-Release.Candidate.app/Contents/Developer/Toolchains/XcodeDefault.xctoolchain/usr/bin/clang-stat-cache /Applications/Xcode-27.0.0-Release.Candidate.app/Contents/Developer/Platforms/XROS.platform/Developer/SDKs/XROS27.0.sdk -o /Users/admin/builder/spi-builder-workspace/.derivedData/SDKStatCaches.noindex/xros27.0-24M361-e829b21a6f8c9b70876ba0858053c044735bd543db762f57723cac368afd1ce4.sdkstatcache
SwiftDriver Extension normal arm64 com.apple.xcode.tools.swift.compiler (in target 'Extension' from project 'Extension')
cd /Users/admin/builder/spi-builder-workspace/.swiftpm/xcode
builtin-SwiftDriver -- /Applications/Xcode-27.0.0-Release.Candidate.app/Contents/Developer/Toolchains/XcodeDefault.xctoolchain/usr/bin/swiftc -parse-as-library -module-name Extension -Onone @/Users/admin/builder/spi-builder-workspace/.derivedData/Build/Intermediates.noindex/Extension.build/Debug-xros/Extension-t.build/Objects-normal/arm64/Extension.SwiftFileList -DSWIFT_PACKAGE -DDEBUG -DSWIFT_MODULE_RESOURCE_BUNDLE_UNAVAILABLE -DXcode -plugin-path /Applications/Xcode-27.0.0-Release.Candidate.app/Contents/Developer/Toolchains/XcodeDefault.xctoolchain/usr/lib/swift/host/plugins/testing -enable-experimental-feature DebugDescriptionMacro -sdk /Applications/Xcode-27.0.0-Release.Candidate.app/Contents/Developer/Platforms/XROS.platform/Developer/SDKs/XROS27.0.sdk -target arm64-apple-xros1.0 -g -module-cache-path /Users/admin/builder/spi-builder-workspace/.derivedData/ModuleCache.noindex -Xfrontend -serialize-debugging-options -enable-testing -index-store-path /Users/admin/builder/spi-builder-workspace/.derivedData/Index.noindex/DataStore -Xcc -D_LIBCPP_HARDENING_MODE\=_LIBCPP_HARDENING_MODE_DEBUG -swift-version 5 -I /Users/admin/builder/spi-builder-workspace/.derivedData/Build/Products/Debug-xros -Isystem /Applications/Xcode-27.0.0-Release.Candidate.app/Contents/Developer/Platforms/XROS.platform/Developer/usr/lib -F /Users/admin/builder/spi-builder-workspace/.derivedData/Build/Products/Debug-xros -F /Applications/Xcode-27.0.0-Release.Candidate.app/Contents/Developer/Platforms/XROS.platform/Developer/Library/Frameworks -F /Applications/Xcode-27.0.0-Release.Candidate.app/Contents/Developer/Platforms/XROS.platform/Developer/SDKs/XROS27.0.sdk/Developer/Library/Frameworks -c -j10 -enable-batch-mode -incremental -Xcc -ivfsstatcache -Xcc /Users/admin/builder/spi-builder-workspace/.derivedData/SDKStatCaches.noindex/xros27.0-24M361-e829b21a6f8c9b70876ba0858053c044735bd543db762f57723cac368afd1ce4.sdkstatcache -output-file-map /Users/admin/builder/spi-builder-workspace/.derivedData/Build/Intermediates.noindex/Extension.build/Debug-xros/Extension-t.build/Objects-normal/arm64/Extension-OutputFileMap.json -save-temps -no-color-diagnostics -explicit-module-build -module-cache-path /Users/admin/builder/spi-builder-workspace/.derivedData/Build/Intermediates.noindex/SwiftExplicitPrecompiledModules -clang-scanner-module-cache-path /Users/admin/builder/spi-builder-workspace/.derivedData/ModuleCache.noindex -sdk-module-cache-path /Users/admin/builder/spi-builder-workspace/.derivedData/SDKExplicitPrecompiledModules -emit-dependencies -emit-module -emit-module-path /Users/admin/builder/spi-builder-workspace/.derivedData/Build/Intermediates.noindex/Extension.build/Debug-xros/Extension-t.build/Objects-normal/arm64/Extension.swiftmodule -serialize-diagnostics -dependency-scan-serialize-diagnostics-path /Users/admin/builder/spi-builder-workspace/.derivedData/Build/Intermediates.noindex/Extension.build/Debug-xros/Extension-t.build/Objects-normal/arm64/Extension-dependency-scan.dia -validate-clang-modules-once -clang-build-session-file /Users/admin/builder/spi-builder-workspace/.derivedData/ModuleCache.noindex/Session.modulevalidation -Xcc -fmodules-prune-interval\=86400 -Xcc -fmodules-prune-after\=345600 -emit-const-values -const-gather-protocols-list /Users/admin/builder/spi-builder-workspace/.derivedData/Build/Intermediates.noindex/Extension.build/Debug-xros/Extension-t.build/Objects-normal/arm64/Extension_const_extract_protocols.json -Xcc -I/Users/admin/builder/spi-builder-workspace/.derivedData/Build/Products/Debug-xros/include -Xcc -I/Users/admin/builder/spi-builder-workspace/.derivedData/Build/Intermediates.noindex/Extension.build/Debug-xros/Extension-t.build/DerivedSources-normal/arm64 -Xcc -I/Users/admin/builder/spi-builder-workspace/.derivedData/Build/Intermediates.noindex/Extension.build/Debug-xros/Extension-t.build/DerivedSources/arm64 -Xcc -I/Users/admin/builder/spi-builder-workspace/.derivedData/Build/Intermediates.noindex/Extension.build/Debug-xros/Extension-t.build/DerivedSources -Xcc -DSWIFT_PACKAGE -Xcc -DDEBUG\=1 -emit-objc-header -emit-objc-header-path /Users/admin/builder/spi-builder-workspace/.derivedData/Build/Intermediates.noindex/Extension.build/Debug-xros/Extension-t.build/Objects-normal/arm64/Extension-Swift.h -working-directory /Users/admin/builder/spi-builder-workspace/.swiftpm/xcode -experimental-emit-module-separately -disable-cmo
SwiftCompile normal arm64 Compiling\ Color+components.swift,\ Color+css.swift,\ Color+hex.swift,\ Color+rgba.swift /Users/admin/builder/spi-builder-workspace/Sources/Common/Color/Color+components.swift /Users/admin/builder/spi-builder-workspace/Sources/Common/Color/Color+css.swift /Users/admin/builder/spi-builder-workspace/Sources/Common/Color/Color+hex.swift /Users/admin/builder/spi-builder-workspace/Sources/Common/Color/Color+rgba.swift (in target 'Extension' from project 'Extension')
SwiftCompile normal arm64 /Users/admin/builder/spi-builder-workspace/Sources/Common/Color/Color+components.swift (in target 'Extension' from project 'Extension')
cd /Users/admin/builder/spi-builder-workspace/.swiftpm/xcode
builtin-SwiftPerFileCompile Color+components.swift
SwiftCompile normal arm64 /Users/admin/builder/spi-builder-workspace/Sources/Common/Color/Color+css.swift (in target 'Extension' from project 'Extension')
cd /Users/admin/builder/spi-builder-workspace/.swiftpm/xcode
builtin-SwiftPerFileCompile Color+css.swift
SwiftCompile normal arm64 /Users/admin/builder/spi-builder-workspace/Sources/Common/Color/Color+hex.swift (in target 'Extension' from project 'Extension')
cd /Users/admin/builder/spi-builder-workspace/.swiftpm/xcode
builtin-SwiftPerFileCompile Color+hex.swift
SwiftCompile normal arm64 /Users/admin/builder/spi-builder-workspace/Sources/Common/Color/Color+rgba.swift (in target 'Extension' from project 'Extension')
cd /Users/admin/builder/spi-builder-workspace/.swiftpm/xcode
builtin-SwiftPerFileCompile Color+rgba.swift
SwiftCompile normal arm64 Compiling\ URL+String.swift,\ URL+query.swift,\ UserDefaults+Codable.swift,\ UserDefaults+subscript.swift /Users/admin/builder/spi-builder-workspace/Sources/Foundation/URL+String.swift /Users/admin/builder/spi-builder-workspace/Sources/Foundation/URL+query.swift /Users/admin/builder/spi-builder-workspace/Sources/Foundation/UserDefaults+Codable.swift /Users/admin/builder/spi-builder-workspace/Sources/Foundation/UserDefaults+subscript.swift (in target 'Extension' from project 'Extension')
/Users/admin/builder/spi-builder-workspace/Sources/Foundation/URL+String.swift:4:1: warning: extension declares a conformance of imported type 'URL' to imported protocols 'ExpressibleByStringLiteral', 'ExpressibleByExtendedGraphemeClusterLiteral', 'ExpressibleByUnicodeScalarLiteral'; this will not behave correctly if the owners of 'Foundation' introduce this conformance in the future
2 | import Foundation
3 |
4 | extension URL: ExpressibleByStringLiteral {
| |- warning: extension declares a conformance of imported type 'URL' to imported protocols 'ExpressibleByStringLiteral', 'ExpressibleByExtendedGraphemeClusterLiteral', 'ExpressibleByUnicodeScalarLiteral'; this will not behave correctly if the owners of 'Foundation' introduce this conformance in the future
| `- note: add '@retroactive' to silence this warning
5 | public typealias StringLiteralType = String
6 | public init(stringLiteral value: String) {
SwiftCompile normal arm64 /Users/admin/builder/spi-builder-workspace/Sources/Foundation/URL+String.swift (in target 'Extension' from project 'Extension')
cd /Users/admin/builder/spi-builder-workspace/.swiftpm/xcode
builtin-SwiftPerFileCompile URL+String.swift
SwiftCompile normal arm64 /Users/admin/builder/spi-builder-workspace/Sources/Foundation/URL+query.swift (in target 'Extension' from project 'Extension')
cd /Users/admin/builder/spi-builder-workspace/.swiftpm/xcode
builtin-SwiftPerFileCompile URL+query.swift
SwiftCompile normal arm64 /Users/admin/builder/spi-builder-workspace/Sources/Foundation/UserDefaults+Codable.swift (in target 'Extension' from project 'Extension')
cd /Users/admin/builder/spi-builder-workspace/.swiftpm/xcode
builtin-SwiftPerFileCompile UserDefaults+Codable.swift
SwiftCompile normal arm64 /Users/admin/builder/spi-builder-workspace/Sources/Foundation/UserDefaults+subscript.swift (in target 'Extension' from project 'Extension')
cd /Users/admin/builder/spi-builder-workspace/.swiftpm/xcode
builtin-SwiftPerFileCompile UserDefaults+subscript.swift
SwiftCompile normal arm64 Compiling\ CGRect+Float.swift,\ CGSize+Float.swift,\ CGpoint+Float.swift,\ NSAttributedString+Content.swift /Users/admin/builder/spi-builder-workspace/Sources/UIKit/CGRect+Float.swift /Users/admin/builder/spi-builder-workspace/Sources/UIKit/CGSize+Float.swift /Users/admin/builder/spi-builder-workspace/Sources/UIKit/CGpoint+Float.swift /Users/admin/builder/spi-builder-workspace/Sources/UIKit/NSAttributedString+Content.swift (in target 'Extension' from project 'Extension')
SwiftCompile normal arm64 /Users/admin/builder/spi-builder-workspace/Sources/UIKit/CGRect+Float.swift (in target 'Extension' from project 'Extension')
cd /Users/admin/builder/spi-builder-workspace/.swiftpm/xcode
builtin-SwiftPerFileCompile CGRect+Float.swift
SwiftCompile normal arm64 /Users/admin/builder/spi-builder-workspace/Sources/UIKit/CGSize+Float.swift (in target 'Extension' from project 'Extension')
cd /Users/admin/builder/spi-builder-workspace/.swiftpm/xcode
builtin-SwiftPerFileCompile CGSize+Float.swift
SwiftCompile normal arm64 /Users/admin/builder/spi-builder-workspace/Sources/UIKit/CGpoint+Float.swift (in target 'Extension' from project 'Extension')
cd /Users/admin/builder/spi-builder-workspace/.swiftpm/xcode
builtin-SwiftPerFileCompile CGpoint+Float.swift
SwiftCompile normal arm64 /Users/admin/builder/spi-builder-workspace/Sources/UIKit/NSAttributedString+Content.swift (in target 'Extension' from project 'Extension')
cd /Users/admin/builder/spi-builder-workspace/.swiftpm/xcode
builtin-SwiftPerFileCompile NSAttributedString+Content.swift
SwiftCompile normal arm64 Compiling\ Color.swift,\ Image+CoreGraphics.swift,\ Image+Process.swift,\ Image+pdf.swift /Users/admin/builder/spi-builder-workspace/Sources/Common/Color/Color.swift /Users/admin/builder/spi-builder-workspace/Sources/Common/Image/Image+CoreGraphics.swift /Users/admin/builder/spi-builder-workspace/Sources/Common/Image/Image+Process.swift /Users/admin/builder/spi-builder-workspace/Sources/Common/Image/Image+pdf.swift (in target 'Extension' from project 'Extension')
/Users/admin/builder/spi-builder-workspace/Sources/Common/Image/Image+CoreGraphics.swift:10:62: error: 'UIScreen' is unavailable in visionOS
8 | /// render image with Core Graphics or UIBezierPath code
9 | public class func image(render:() -> Void, size: CGSize, opaque: Bool) -> Image? {
10 | UIGraphicsBeginImageContextWithOptions(size, opaque, UIScreen.main.scale)
| `- error: 'UIScreen' is unavailable in visionOS
11 | render()
12 | let image = UIGraphicsGetImageFromCurrentImageContext()
/Applications/Xcode-27.0.0-Release.Candidate.app/Contents/Developer/Platforms/XROS.platform/Developer/SDKs/XROS27.0.sdk/System/Library/Frameworks/UIKit.framework/Headers/UIScreen.h:54:12: note: 'UIScreen' has been explicitly marked unavailable here
52 |
53 | UIKIT_EXTERN API_AVAILABLE(ios(2.0)) API_UNAVAILABLE(visionos, watchos) NS_SWIFT_UI_ACTOR
54 | @interface UIScreen : NSObject <UITraitEnvironment>
| `- note: 'UIScreen' has been explicitly marked unavailable here
55 |
56 | @property(class, nonatomic, readonly) NSArray<UIScreen *> *screens API_DEPRECATED("Use UIApplication.shared.openSessions to find open sessions with scenes from other screens", ios(3.2, 16.0), visionos(1.0, 1.0)) API_UNAVAILABLE(watchos); // all screens currently attached to the device
/Users/admin/builder/spi-builder-workspace/Sources/Common/Image/Image+Process.swift:27:61: error: 'UIScreen' is unavailable in visionOS
25 | /// sacale to size
26 | public func image(size: CGSize) -> Image? {
27 | UIGraphicsBeginImageContextWithOptions(size, false, UIScreen.main.scale)
| `- error: 'UIScreen' is unavailable in visionOS
28 | draw(in: CGRect(x: 0, y: 0, width: size.width, height: size.height))
29 | let image = UIGraphicsGetImageFromCurrentImageContext()
/Applications/Xcode-27.0.0-Release.Candidate.app/Contents/Developer/Platforms/XROS.platform/Developer/SDKs/XROS27.0.sdk/System/Library/Frameworks/UIKit.framework/Headers/UIScreen.h:54:12: note: 'UIScreen' has been explicitly marked unavailable here
52 |
53 | UIKIT_EXTERN API_AVAILABLE(ios(2.0)) API_UNAVAILABLE(visionos, watchos) NS_SWIFT_UI_ACTOR
54 | @interface UIScreen : NSObject <UITraitEnvironment>
| `- note: 'UIScreen' has been explicitly marked unavailable here
55 |
56 | @property(class, nonatomic, readonly) NSArray<UIScreen *> *screens API_DEPRECATED("Use UIApplication.shared.openSessions to find open sessions with scenes from other screens", ios(3.2, 16.0), visionos(1.0, 1.0)) API_UNAVAILABLE(watchos); // all screens currently attached to the device
/Users/admin/builder/spi-builder-workspace/Sources/Common/Image/Image+Process.swift:36:61: error: 'UIScreen' is unavailable in visionOS
34 | public func image(radius: CGFloat) -> Image? {
35 | let rect = CGRect(origin: .zero, size: size)
36 | UIGraphicsBeginImageContextWithOptions(size, false, UIScreen.main.scale)
| `- error: 'UIScreen' is unavailable in visionOS
37 | guard let context = UIGraphicsGetCurrentContext() else { return nil }
38 | context.addPath(UIBezierPath(roundedRect: rect, cornerRadius: radius).cgPath)
/Applications/Xcode-27.0.0-Release.Candidate.app/Contents/Developer/Platforms/XROS.platform/Developer/SDKs/XROS27.0.sdk/System/Library/Frameworks/UIKit.framework/Headers/UIScreen.h:54:12: note: 'UIScreen' has been explicitly marked unavailable here
52 |
53 | UIKIT_EXTERN API_AVAILABLE(ios(2.0)) API_UNAVAILABLE(visionos, watchos) NS_SWIFT_UI_ACTOR
54 | @interface UIScreen : NSObject <UITraitEnvironment>
| `- note: 'UIScreen' has been explicitly marked unavailable here
55 |
56 | @property(class, nonatomic, readonly) NSArray<UIScreen *> *screens API_DEPRECATED("Use UIApplication.shared.openSessions to find open sessions with scenes from other screens", ios(3.2, 16.0), visionos(1.0, 1.0)) API_UNAVAILABLE(watchos); // all screens currently attached to the device
/Users/admin/builder/spi-builder-workspace/Sources/Common/Image/Image+pdf.swift:44:27: error: 'UIScreen' is unavailable in visionOS
42 | private final class func image(pdfPage: CGPDFPage, size: CGSize) -> Image? {
43 | let pageFrame = pdfPage.getBoxRect(CGPDFBox.cropBox)
44 | let screenScale = UIScreen.main.scale // pix per bitMap @2x or @3x
| `- error: 'UIScreen' is unavailable in visionOS
45 | guard let context = CGContext(data: nil,
46 | width: Int(size.width * screenScale),
/Applications/Xcode-27.0.0-Release.Candidate.app/Contents/Developer/Platforms/XROS.platform/Developer/SDKs/XROS27.0.sdk/System/Library/Frameworks/UIKit.framework/Headers/UIScreen.h:54:12: note: 'UIScreen' has been explicitly marked unavailable here
52 |
53 | UIKIT_EXTERN API_AVAILABLE(ios(2.0)) API_UNAVAILABLE(visionos, watchos) NS_SWIFT_UI_ACTOR
54 | @interface UIScreen : NSObject <UITraitEnvironment>
| `- note: 'UIScreen' has been explicitly marked unavailable here
55 |
56 | @property(class, nonatomic, readonly) NSArray<UIScreen *> *screens API_DEPRECATED("Use UIApplication.shared.openSessions to find open sessions with scenes from other screens", ios(3.2, 16.0), visionos(1.0, 1.0)) API_UNAVAILABLE(watchos); // all screens currently attached to the device
Failed frontend command:
/Applications/Xcode-27.0.0-Release.Candidate.app/Contents/Developer/Toolchains/XcodeDefault.xctoolchain/usr/bin/swift-frontend -frontend -c /Users/admin/builder/spi-builder-workspace/Sources/Common/Color/Color+components.swift /Users/admin/builder/spi-builder-workspace/Sources/Common/Color/Color+css.swift /Users/admin/builder/spi-builder-workspace/Sources/Common/Color/Color+hex.swift /Users/admin/builder/spi-builder-workspace/Sources/Common/Color/Color+rgba.swift -primary-file /Users/admin/builder/spi-builder-workspace/Sources/Common/Color/Color.swift -primary-file /Users/admin/builder/spi-builder-workspace/Sources/Common/Image/Image+CoreGraphics.swift -primary-file /Users/admin/builder/spi-builder-workspace/Sources/Common/Image/Image+Process.swift -primary-file /Users/admin/builder/spi-builder-workspace/Sources/Common/Image/Image+pdf.swift /Users/admin/builder/spi-builder-workspace/Sources/Common/Image/Image.swift /Users/admin/builder/spi-builder-workspace/Sources/Common/View/VIew+UIImage.swift /Users/admin/builder/spi-builder-workspace/Sources/Common/View/View.swift /Users/admin/builder/spi-builder-workspace/Sources/Common/runtime.swift /Users/admin/builder/spi-builder-workspace/Sources/Dispatch/DispatchQueue+once.swift /Users/admin/builder/spi-builder-workspace/Sources/Foundation/Array+JSON.swift /Users/admin/builder/spi-builder-workspace/Sources/Foundation/Array+cookieString.swift /Users/admin/builder/spi-builder-workspace/Sources/Foundation/Bundle+Localization.swift /Users/admin/builder/spi-builder-workspace/Sources/Foundation/CFAbsoluteTime+init.swift /Users/admin/builder/spi-builder-workspace/Sources/Foundation/CGFloat+String.swift /Users/admin/builder/spi-builder-workspace/Sources/Foundation/Data+MIMEType.swift /Users/admin/builder/spi-builder-workspace/Sources/Foundation/Dictionary+MIMEType.swift /Users/admin/builder/spi-builder-workspace/Sources/Foundation/HTTPCookieStorage+setCookie.swift /Users/admin/builder/spi-builder-workspace/Sources/Foundation/KeyChain.swift /Users/admin/builder/spi-builder-workspace/Sources/Foundation/Locale+Localization.swift /Users/admin/builder/spi-builder-workspace/Sources/Foundation/SCNetworkReachability/SCNetworkReachability+flags.swift /Users/admin/builder/spi-builder-workspace/Sources/Foundation/SCNetworkReachability/SCNetworkReachability+new.swift /Users/admin/builder/spi-builder-workspace/Sources/Foundation/SCNetworkReachability/SCNetworkReachability+update.swift /Users/admin/builder/spi-builder-workspace/Sources/Foundation/String+Dictionary.swift /Users/admin/builder/spi-builder-workspace/Sources/Foundation/String+URLEscaped.swift /Users/admin/builder/spi-builder-workspace/Sources/Foundation/String+base64.swift /Users/admin/builder/spi-builder-workspace/Sources/Foundation/URL+Cookie.swift /Users/admin/builder/spi-builder-workspace/Sources/Foundation/URL+String.swift /Users/admin/builder/spi-builder-workspace/Sources/Foundation/URL+query.swift /Users/admin/builder/spi-builder-workspace/Sources/Foundation/UserDefaults+Codable.swift /Users/admin/builder/spi-builder-workspace/Sources/Foundation/UserDefaults+subscript.swift /Users/admin/builder/spi-builder-workspace/Sources/Foundation/chainable/NSAttribute+chainable.swift /Users/admin/builder/spi-builder-workspace/Sources/Swift/Float+String.swift /Users/admin/builder/spi-builder-workspace/Sources/Swift/Int+String.swift /Users/admin/builder/spi-builder-workspace/Sources/Swift/String+regex.swift /Users/admin/builder/spi-builder-workspace/Sources/Swift/Swift+Association.swift /Users/admin/builder/spi-builder-workspace/Sources/Swift/Swift+closuer.swift /Users/admin/builder/spi-builder-workspace/Sources/Swift/Swift+log.swift /Users/admin/builder/spi-builder-workspace/Sources/Swift/Swift+synchronized.swift /Users/admin/builder/spi-builder-workspace/Sources/UIKit/ApplicationMainDelegate.swift /Users/admin/builder/spi-builder-workspace/Sources/UIKit/Array+UIImage.swift /Users/admin/builder/spi-builder-workspace/Sources/UIKit/CGRect+Float.swift /Users/admin/builder/spi-builder-workspace/Sources/UIKit/CGSize+Float.swift /Users/admin/builder/spi-builder-workspace/Sources/UIKit/CGpoint+Float.swift /Users/admin/builder/spi-builder-workspace/Sources/UIKit/NSAttributedString+Content.swift /Users/admin/builder/spi-builder-workspace/Sources/UIKit/NSString+Size.swift /Users/admin/builder/spi-builder-workspace/Sources/UIKit/UIApplication+EventTrack.swift /Users/admin/builder/spi-builder-workspace/Sources/UIKit/UIControl+Event.swift /Users/admin/builder/spi-builder-workspace/Sources/UIKit/UIFont+SymbolicTraits.swift /Users/admin/builder/spi-builder-workspace/Sources/UIKit/UINavigationController+Autorotate.swift /Users/admin/builder/spi-builder-workspace/Sources/UIKit/UIResponder+Keyboard.swift /Users/admin/builder/spi-builder-workspace/Sources/UIKit/UITableView+UIImage.swift /Users/admin/builder/spi-builder-workspace/Sources/UIKit/chainable/UILabel+chainable.swift /Users/admin/builder/spi-builder-workspace/Sources/UIKit/chainable/UIView+chainable.swift /Users/admin/builder/spi-builder-workspace/Sources/WebKit/WKWebView+contentView.swift /Users/admin/builder/spi-builder-workspace/Sources/WebKit/WKWebView+input.swift /Users/admin/builder/spi-builder-workspace/Sources/WebKit/WKWebView+registerScheme.swift -supplementary-output-file-map /Users/admin/builder/spi-builder-workspace/.derivedData/Build/Intermediates.noindex/Extension.build/Debug-xros/Extension-t.build/Objects-normal/arm64/supplementaryOutputs-2 -target arm64-apple-xros1.0 -module-can-import-version CoreGraphics 2049 2049.0.0 -module-can-import-version Dispatch 1605.0.2 0 -module-can-import-version Foundation 5027.0.69 5027.0.69 -module-can-import-version ObjectiveC 973.1 0 -module-can-import-version Security 62460.7.1 62460.7.1 -module-can-import-version SystemConfiguration 1446.0.0 1446.0.0 -module-can-import-version UIKit 9127.0.84.1 9127.0.84 -module-can-import-version WebKit 7625.1.29.14 625.1.29 -disable-cross-import-overlay-search -load-resolved-plugin /Applications/Xcode-27.0.0-Release.Candidate.app/Contents/Developer/Platforms/XROS.platform/Developer/usr/lib/swift/host/plugins/libFoundationMacros.dylib\#/Applications/Xcode-27.0.0-Release.Candidate.app/Contents/Developer/Platforms/XROS.platform/Developer/usr/bin/swift-plugin-server\#FoundationMacros -load-resolved-plugin /Applications/Xcode-27.0.0-Release.Candidate.app/Contents/Developer/Platforms/XROS.platform/Developer/usr/lib/swift/host/plugins/libObservationMacros.dylib\#/Applications/Xcode-27.0.0-Release.Candidate.app/Contents/Developer/Platforms/XROS.platform/Developer/usr/bin/swift-plugin-server\#ObservationMacros -load-resolved-plugin /Applications/Xcode-27.0.0-Release.Candidate.app/Contents/Developer/Platforms/XROS.platform/Developer/usr/lib/swift/host/plugins/libPreviewsMacros.dylib\#/Applications/Xcode-27.0.0-Release.Candidate.app/Contents/Developer/Platforms/XROS.platform/Developer/usr/bin/swift-plugin-server\#PreviewsMacros -load-resolved-plugin /Applications/Xcode-27.0.0-Release.Candidate.app/Contents/Developer/Platforms/XROS.platform/Developer/usr/lib/swift/host/plugins/libSwiftMacros.dylib\#/Applications/Xcode-27.0.0-Release.Candidate.app/Contents/Developer/Platforms/XROS.platform/Developer/usr/bin/swift-plugin-server\#SwiftMacros -load-resolved-plugin /Applications/Xcode-27.0.0-Release.Candidate.app/Contents/Developer/Platforms/XROS.platform/Developer/usr/lib/swift/host/plugins/libSwiftUIMacros.dylib\#/Applications/Xcode-27.0.0-Release.Candidate.app/Contents/Developer/Platforms/XROS.platform/Developer/usr/bin/swift-plugin-server\#SwiftUIMacros -disable-implicit-swift-modules -Xcc -fno-implicit-modules -Xcc -fno-implicit-module-maps -explicit-swift-module-map-file /Users/admin/builder/spi-builder-workspace/.derivedData/Build/Intermediates.noindex/Extension.build/Debug-xros/Extension-t.build/Objects-normal/arm64/Extension-dependencies-1.json -Xllvm -aarch64-use-tbi -enable-objc-interop -stack-check -sdk /Applications/Xcode-27.0.0-Release.Candidate.app/Contents/Developer/Platforms/XROS.platform/Developer/SDKs/XROS27.0.sdk -I /Users/admin/builder/spi-builder-workspace/.derivedData/Build/Products/Debug-xros -Isystem /Applications/Xcode-27.0.0-Release.Candidate.app/Contents/Developer/Platforms/XROS.platform/Developer/usr/lib -F /Users/admin/builder/spi-builder-workspace/.derivedData/Build/Products/Debug-xros -F /Applications/Xcode-27.0.0-Release.Candidate.app/Contents/Developer/Platforms/XROS.platform/Developer/Library/Frameworks -F /Applications/Xcode-27.0.0-Release.Candidate.app/Contents/Developer/Platforms/XROS.platform/Developer/SDKs/XROS27.0.sdk/Developer/Library/Frameworks -module-cache-path /Users/admin/builder/spi-builder-workspace/.derivedData/Build/Intermediates.noindex/SwiftExplicitPrecompiledModules -no-color-diagnostics -Xcc -fno-color-diagnostics -enable-testing -g -debug-info-format\=dwarf -dwarf-version\=4 -swift-version 5 -Onone -D SWIFT_PACKAGE -D DEBUG -D SWIFT_MODULE_RESOURCE_BUNDLE_UNAVAILABLE -D Xcode -serialize-debugging-options -enable-experimental-feature DebugDescriptionMacro -empty-abi-descriptor -validate-clang-modules-once -clang-build-session-file /Users/admin/builder/spi-builder-workspace/.derivedData/ModuleCache.noindex/Session.modulevalidation -Xcc -working-directory -Xcc /Users/admin/builder/spi-builder-workspace/.swiftpm/xcode -enable-anonymous-context-mangled-names -file-compilation-dir /Users/admin/builder/spi-builder-workspace/.swiftpm/xcode -Xcc -D_LIBCPP_HARDENING_MODE\=_LIBCPP_HARDENING_MODE_DEBUG -Xcc -ivfsstatcache -Xcc /Users/admin/builder/spi-builder-workspace/.derivedData/SDKStatCaches.noindex/xros27.0-24M361-e829b21a6f8c9b70876ba0858053c044735bd543db762f57723cac368afd1ce4.sdkstatcache -Xcc -fmodules-prune-interval\=86400 -Xcc -fmodules-prune-after\=345600 -Xcc -I/Users/admin/builder/spi-builder-workspace/.derivedData/Build/Products/Debug-xros/include -Xcc -I/Users/admin/builder/spi-builder-workspace/.derivedData/Build/Intermediates.noindex/Extension.build/Debug-xros/Extension-t.build/DerivedSources-normal/arm64 -Xcc -I/Users/admin/builder/spi-builder-workspace/.derivedData/Build/Intermediates.noindex/Extension.build/Debug-xros/Extension-t.build/DerivedSources/arm64 -Xcc -I/Users/admin/builder/spi-builder-workspace/.derivedData/Build/Intermediates.noindex/Extension.build/Debug-xros/Extension-t.build/DerivedSources -Xcc -DSWIFT_PACKAGE -Xcc -DDEBUG\=1 -no-auto-bridging-header-chaining -module-name Extension -const-gather-protocols-file /Users/admin/builder/spi-builder-workspace/.derivedData/Build/Intermediates.noindex/Extension.build/Debug-xros/Extension-t.build/Objects-normal/arm64/Extension_const_extract_protocols.json -disable-clang-spi -clang-target arm64-apple-xros27.0 -target-sdk-version 27.0 -target-sdk-name xros27.0 -in-process-plugin-server-path /Applications/Xcode-27.0.0-Release.Candidate.app/Contents/Developer/Toolchains/XcodeDefault.xctoolchain/usr/lib/swift/host/libSwiftInProcPluginServer.dylib -parse-as-library -o /Users/admin/builder/spi-builder-workspace/.derivedData/Build/Intermediates.noindex/Extension.build/Debug-xros/Extension-t.build/Objects-normal/arm64/Color.o -o /Users/admin/builder/spi-builder-workspace/.derivedData/Build/Intermediates.noindex/Extension.build/Debug-xros/Extension-t.build/Objects-normal/arm64/Image+CoreGraphics.o -o /Users/admin/builder/spi-builder-workspace/.derivedData/Build/Intermediates.noindex/Extension.build/Debug-xros/Extension-t.build/Objects-normal/arm64/Image+Process.o -o /Users/admin/builder/spi-builder-workspace/.derivedData/Build/Intermediates.noindex/Extension.build/Debug-xros/Extension-t.build/Objects-normal/arm64/Image+pdf.o -debug-module-path /Users/admin/builder/spi-builder-workspace/.derivedData/Build/Intermediates.noindex/Extension.build/Debug-xros/Extension-t.build/Objects-normal/arm64/Extension.swiftmodule -index-unit-output-path /Extension.build/Debug-xros/Extension-t.build/Objects-normal/arm64/Color.o -index-unit-output-path /Extension.build/Debug-xros/Extension-t.build/Objects-normal/arm64/Image+CoreGraphics.o -index-unit-output-path /Extension.build/Debug-xros/Extension-t.build/Objects-normal/arm64/Image+Process.o -index-unit-output-path /Extension.build/Debug-xros/Extension-t.build/Objects-normal/arm64/Image+pdf.o -index-store-path /Users/admin/builder/spi-builder-workspace/.derivedData/Index.noindex/DataStore -index-system-modules
SwiftCompile normal arm64 /Users/admin/builder/spi-builder-workspace/Sources/Common/Color/Color.swift (in target 'Extension' from project 'Extension')
cd /Users/admin/builder/spi-builder-workspace/.swiftpm/xcode
builtin-SwiftPerFileCompile Color.swift
SwiftCompile normal arm64 /Users/admin/builder/spi-builder-workspace/Sources/Common/Image/Image+CoreGraphics.swift (in target 'Extension' from project 'Extension')
cd /Users/admin/builder/spi-builder-workspace/.swiftpm/xcode
builtin-SwiftPerFileCompile Image+CoreGraphics.swift
SwiftCompile normal arm64 /Users/admin/builder/spi-builder-workspace/Sources/Common/Image/Image+Process.swift (in target 'Extension' from project 'Extension')
cd /Users/admin/builder/spi-builder-workspace/.swiftpm/xcode
builtin-SwiftPerFileCompile Image+Process.swift
SwiftCompile normal arm64 /Users/admin/builder/spi-builder-workspace/Sources/Common/Image/Image+pdf.swift (in target 'Extension' from project 'Extension')
cd /Users/admin/builder/spi-builder-workspace/.swiftpm/xcode
builtin-SwiftPerFileCompile Image+pdf.swift
SwiftCompile normal arm64 Compiling\ Image.swift,\ VIew+UIImage.swift,\ View.swift,\ runtime.swift /Users/admin/builder/spi-builder-workspace/Sources/Common/Image/Image.swift /Users/admin/builder/spi-builder-workspace/Sources/Common/View/VIew+UIImage.swift /Users/admin/builder/spi-builder-workspace/Sources/Common/View/View.swift /Users/admin/builder/spi-builder-workspace/Sources/Common/runtime.swift (in target 'Extension' from project 'Extension')
SwiftCompile normal arm64 /Users/admin/builder/spi-builder-workspace/Sources/Common/Image/Image.swift (in target 'Extension' from project 'Extension')
cd /Users/admin/builder/spi-builder-workspace/.swiftpm/xcode
builtin-SwiftPerFileCompile Image.swift
SwiftCompile normal arm64 /Users/admin/builder/spi-builder-workspace/Sources/Common/View/VIew+UIImage.swift (in target 'Extension' from project 'Extension')
cd /Users/admin/builder/spi-builder-workspace/.swiftpm/xcode
builtin-SwiftPerFileCompile VIew+UIImage.swift
SwiftCompile normal arm64 /Users/admin/builder/spi-builder-workspace/Sources/Common/View/View.swift (in target 'Extension' from project 'Extension')
cd /Users/admin/builder/spi-builder-workspace/.swiftpm/xcode
builtin-SwiftPerFileCompile View.swift
SwiftCompile normal arm64 /Users/admin/builder/spi-builder-workspace/Sources/Common/runtime.swift (in target 'Extension' from project 'Extension')
cd /Users/admin/builder/spi-builder-workspace/.swiftpm/xcode
builtin-SwiftPerFileCompile runtime.swift
/Users/admin/builder/spi-builder-workspace/Sources/Common/runtime.swift:15:49: warning: initialization of 'UnsafeMutablePointer<CChar>' (aka 'UnsafeMutablePointer<Int8>') results in a dangling pointer [#TemporaryPointers]
13 | let imp = imp_implementationWithBlock(castedBlock)
14 | classes.forEach({ (cls) in
15 | if class_addMethod(cls, aSelector, imp, UnsafeMutablePointer(mutating: types)) {
| | |- note: implicit argument conversion from 'String' to 'UnsafePointer<CChar>' (aka 'UnsafePointer<Int8>') produces a pointer valid only for the duration of the call to 'init(mutating:)'
| | `- note: use the 'withCString' method on String in order to explicitly convert argument to pointer valid for a defined scope
| `- warning: initialization of 'UnsafeMutablePointer<CChar>' (aka 'UnsafeMutablePointer<Int8>') results in a dangling pointer [#TemporaryPointers]
16 | } else { class_replaceMethod(cls, aSelector, imp, UnsafeMutablePointer(mutating: types)) }
17 | })
SwiftEmitModule normal arm64 Emitting\ module\ for\ Extension (in target 'Extension' from project 'Extension')
/Users/admin/builder/spi-builder-workspace/Sources/Foundation/Bundle+Localization.swift:40:15: warning: class 'BundleEx' must restate inherited '@unchecked Sendable' conformance
38 | }
39 |
40 | private class BundleEx: Bundle {
| `- warning: class 'BundleEx' must restate inherited '@unchecked Sendable' conformance
41 | fileprivate override func localizedString(forKey key: String, value: String?, table tableName: String?) -> String {
42 | if let bundle = runTimeBundle {
/Users/admin/builder/spi-builder-workspace/Sources/Foundation/CGFloat+String.swift:4:1: warning: extension declares a conformance of imported type 'CGFloat' to imported protocols 'ExpressibleByStringLiteral', 'ExpressibleByExtendedGraphemeClusterLiteral', 'ExpressibleByUnicodeScalarLiteral'; this will not behave correctly if the owners of 'CoreFoundation' introduce this conformance in the future
2 | import CoreGraphics
3 |
4 | extension CGFloat: ExpressibleByStringLiteral {
| |- warning: extension declares a conformance of imported type 'CGFloat' to imported protocols 'ExpressibleByStringLiteral', 'ExpressibleByExtendedGraphemeClusterLiteral', 'ExpressibleByUnicodeScalarLiteral'; this will not behave correctly if the owners of 'CoreFoundation' introduce this conformance in the future
| `- note: add '@retroactive' to silence this warning
5 | public typealias StringLiteralType = String
6 | public init(stringLiteral value: String) {
/Users/admin/builder/spi-builder-workspace/Sources/Foundation/URL+String.swift:4:1: warning: extension declares a conformance of imported type 'URL' to imported protocols 'ExpressibleByStringLiteral', 'ExpressibleByExtendedGraphemeClusterLiteral', 'ExpressibleByUnicodeScalarLiteral'; this will not behave correctly if the owners of 'Foundation' introduce this conformance in the future
2 | import Foundation
3 |
4 | extension URL: ExpressibleByStringLiteral {
| |- warning: extension declares a conformance of imported type 'URL' to imported protocols 'ExpressibleByStringLiteral', 'ExpressibleByExtendedGraphemeClusterLiteral', 'ExpressibleByUnicodeScalarLiteral'; this will not behave correctly if the owners of 'Foundation' introduce this conformance in the future
| `- note: add '@retroactive' to silence this warning
5 | public typealias StringLiteralType = String
6 | public init(stringLiteral value: String) {
/Users/admin/builder/spi-builder-workspace/Sources/Swift/Float+String.swift:1:1: warning: extension declares a conformance of imported type 'Float' to imported protocols 'ExpressibleByStringLiteral', 'ExpressibleByExtendedGraphemeClusterLiteral', 'ExpressibleByUnicodeScalarLiteral'; this will not behave correctly if the owners of 'Swift' introduce this conformance in the future
1 | extension Float: ExpressibleByStringLiteral {
| |- warning: extension declares a conformance of imported type 'Float' to imported protocols 'ExpressibleByStringLiteral', 'ExpressibleByExtendedGraphemeClusterLiteral', 'ExpressibleByUnicodeScalarLiteral'; this will not behave correctly if the owners of 'Swift' introduce this conformance in the future
| `- note: add '@retroactive' to silence this warning
2 | public typealias StringLiteralType = String
3 | public init(stringLiteral value: String) {
SwiftCompile normal arm64 (in target 'Extension' from project 'Extension')
cd /Users/admin/builder/spi-builder-workspace/.swiftpm/xcode
SwiftCompile normal arm64 Compiling\ WKWebView+contentView.swift,\ WKWebView+input.swift,\ WKWebView+registerScheme.swift /Users/admin/builder/spi-builder-workspace/Sources/WebKit/WKWebView+contentView.swift /Users/admin/builder/spi-builder-workspace/Sources/WebKit/WKWebView+input.swift /Users/admin/builder/spi-builder-workspace/Sources/WebKit/WKWebView+registerScheme.swift (in target 'Extension' from project 'Extension')
SwiftCompile normal arm64 /Users/admin/builder/spi-builder-workspace/Sources/WebKit/WKWebView+contentView.swift (in target 'Extension' from project 'Extension')
cd /Users/admin/builder/spi-builder-workspace/.swiftpm/xcode
builtin-SwiftPerFileCompile WKWebView+contentView.swift
SwiftCompile normal arm64 /Users/admin/builder/spi-builder-workspace/Sources/WebKit/WKWebView+input.swift (in target 'Extension' from project 'Extension')
cd /Users/admin/builder/spi-builder-workspace/.swiftpm/xcode
builtin-SwiftPerFileCompile WKWebView+input.swift
SwiftCompile normal arm64 /Users/admin/builder/spi-builder-workspace/Sources/WebKit/WKWebView+registerScheme.swift (in target 'Extension' from project 'Extension')
cd /Users/admin/builder/spi-builder-workspace/.swiftpm/xcode
builtin-SwiftPerFileCompile WKWebView+registerScheme.swift
SwiftCompile normal arm64 Compiling\ NSString+Size.swift,\ UIApplication+EventTrack.swift,\ UIControl+Event.swift /Users/admin/builder/spi-builder-workspace/Sources/UIKit/NSString+Size.swift /Users/admin/builder/spi-builder-workspace/Sources/UIKit/UIApplication+EventTrack.swift /Users/admin/builder/spi-builder-workspace/Sources/UIKit/UIControl+Event.swift (in target 'Extension' from project 'Extension')
SwiftCompile normal arm64 /Users/admin/builder/spi-builder-workspace/Sources/UIKit/NSString+Size.swift (in target 'Extension' from project 'Extension')
cd /Users/admin/builder/spi-builder-workspace/.swiftpm/xcode
builtin-SwiftPerFileCompile NSString+Size.swift
SwiftCompile normal arm64 /Users/admin/builder/spi-builder-workspace/Sources/UIKit/UIApplication+EventTrack.swift (in target 'Extension' from project 'Extension')
cd /Users/admin/builder/spi-builder-workspace/.swiftpm/xcode
builtin-SwiftPerFileCompile UIApplication+EventTrack.swift
SwiftCompile normal arm64 /Users/admin/builder/spi-builder-workspace/Sources/UIKit/UIControl+Event.swift (in target 'Extension' from project 'Extension')
cd /Users/admin/builder/spi-builder-workspace/.swiftpm/xcode
builtin-SwiftPerFileCompile UIControl+Event.swift
SwiftCompile normal arm64 Compiling\ UIFont+SymbolicTraits.swift,\ UINavigationController+Autorotate.swift,\ UIResponder+Keyboard.swift /Users/admin/builder/spi-builder-workspace/Sources/UIKit/UIFont+SymbolicTraits.swift /Users/admin/builder/spi-builder-workspace/Sources/UIKit/UINavigationController+Autorotate.swift /Users/admin/builder/spi-builder-workspace/Sources/UIKit/UIResponder+Keyboard.swift (in target 'Extension' from project 'Extension')
/Users/admin/builder/spi-builder-workspace/Sources/UIKit/UINavigationController+Autorotate.swift:10:51: warning: 'shouldAutorotate' was deprecated in visionOS 1.0: Update supported interface orientations and call setNeedsUpdateOfSupportedInterfaceOrientations to indicate a change. [#DeprecatedDeclaration]
8 | // 兼容iOS旋转问题 http://stackoverflow.com/questions/19817646/autorotation-not-working-in-ios-7-works-fine-in-ios-6
9 | open override var shouldAutorotate: Bool {
10 | if let autoTotate = viewControllers.last?.shouldAutorotate {
| `- warning: 'shouldAutorotate' was deprecated in visionOS 1.0: Update supported interface orientations and call setNeedsUpdateOfSupportedInterfaceOrientations to indicate a change. [#DeprecatedDeclaration]
11 | return autoTotate
12 | } else {
/Users/admin/builder/spi-builder-workspace/Sources/UIKit/UINavigationController+Autorotate.swift:13:26: warning: 'shouldAutorotate' was deprecated in visionOS 1.0: Update supported interface orientations and call setNeedsUpdateOfSupportedInterfaceOrientations to indicate a change. [#DeprecatedDeclaration]
11 | return autoTotate
12 | } else {
13 | return super.shouldAutorotate
| `- warning: 'shouldAutorotate' was deprecated in visionOS 1.0: Update supported interface orientations and call setNeedsUpdateOfSupportedInterfaceOrientations to indicate a change. [#DeprecatedDeclaration]
14 | }
15 | }
[#DeprecatedDeclaration]: <https://docs.swift.org/compiler/documentation/diagnostics/deprecated-declaration>
SwiftCompile normal arm64 /Users/admin/builder/spi-builder-workspace/Sources/UIKit/UIFont+SymbolicTraits.swift (in target 'Extension' from project 'Extension')
cd /Users/admin/builder/spi-builder-workspace/.swiftpm/xcode
builtin-SwiftPerFileCompile UIFont+SymbolicTraits.swift
SwiftCompile normal arm64 /Users/admin/builder/spi-builder-workspace/Sources/UIKit/UINavigationController+Autorotate.swift (in target 'Extension' from project 'Extension')
cd /Users/admin/builder/spi-builder-workspace/.swiftpm/xcode
builtin-SwiftPerFileCompile UINavigationController+Autorotate.swift
SwiftCompile normal arm64 /Users/admin/builder/spi-builder-workspace/Sources/UIKit/UIResponder+Keyboard.swift (in target 'Extension' from project 'Extension')
cd /Users/admin/builder/spi-builder-workspace/.swiftpm/xcode
builtin-SwiftPerFileCompile UIResponder+Keyboard.swift
SwiftCompile normal arm64 Compiling\ UITableView+UIImage.swift,\ UILabel+chainable.swift,\ UIView+chainable.swift /Users/admin/builder/spi-builder-workspace/Sources/UIKit/UITableView+UIImage.swift /Users/admin/builder/spi-builder-workspace/Sources/UIKit/chainable/UILabel+chainable.swift /Users/admin/builder/spi-builder-workspace/Sources/UIKit/chainable/UIView+chainable.swift (in target 'Extension' from project 'Extension')
/Users/admin/builder/spi-builder-workspace/Sources/UIKit/UITableView+UIImage.swift:12:38: error: value of type 'UIView' has no member 'image'
10 | guard let rect = tableHeaderView?.frame else {return nil}
11 | scrollRectToVisible(rect, animated: false)
12 | let image = tableHeaderView?.image
| `- error: value of type 'UIView' has no member 'image'
13 | setContentOffset(offset, animated: false)
14 | return image
/Users/admin/builder/spi-builder-workspace/Sources/UIKit/UITableView+UIImage.swift:20:54: error: value of type 'UITableViewHeaderFooterView' has no member 'image'
18 | let rect = rectForHeader(inSection: section)
19 | scrollRectToVisible(rect, animated: false)
20 | let image = headerView(forSection: section)?.image
| `- error: value of type 'UITableViewHeaderFooterView' has no member 'image'
21 | setContentOffset(offset, animated: false)
22 | return image
/Users/admin/builder/spi-builder-workspace/Sources/UIKit/UITableView+UIImage.swift:27:48: error: cannot call value of non-function type 'UIImage?'
25 | let offset = contentOffset
26 | scrollToRow(at: indexPath, at: UITableView.ScrollPosition.top, animated: false)
27 | let image = cellForRow(at: indexPath)?.image(scale: UIScreen.main.scale)
| `- error: cannot call value of non-function type 'UIImage?'
28 | setContentOffset(offset, animated: false)
29 | return image
/Users/admin/builder/spi-builder-workspace/Sources/UIKit/UITableView+UIImage.swift:35:54: error: value of type 'UITableViewHeaderFooterView' has no member 'image'
33 | let rect = rectForFooter(inSection: section)
34 | scrollRectToVisible(rect, animated: false)
35 | let image = headerView(forSection: section)?.image
| `- error: value of type 'UITableViewHeaderFooterView' has no member 'image'
36 | setContentOffset(offset, animated: false)
37 | return image
/Users/admin/builder/spi-builder-workspace/Sources/UIKit/UITableView+UIImage.swift:43:38: error: value of type 'UIView' has no member 'image'
41 | guard let rect = tableFooterView?.frame else {return nil}
42 | scrollRectToVisible(rect, animated: false)
43 | let image = tableHeaderView?.image
| `- error: value of type 'UIView' has no member 'image'
44 | setContentOffset(offset, animated: false)
45 | return image
SwiftCompile normal arm64 /Users/admin/builder/spi-builder-workspace/Sources/UIKit/UITableView+UIImage.swift (in target 'Extension' from project 'Extension')
cd /Users/admin/builder/spi-builder-workspace/.swiftpm/xcode
builtin-SwiftPerFileCompile UITableView+UIImage.swift
SwiftCompile normal arm64 /Users/admin/builder/spi-builder-workspace/Sources/UIKit/chainable/UILabel+chainable.swift (in target 'Extension' from project 'Extension')
cd /Users/admin/builder/spi-builder-workspace/.swiftpm/xcode
builtin-SwiftPerFileCompile UILabel+chainable.swift
SwiftCompile normal arm64 /Users/admin/builder/spi-builder-workspace/Sources/UIKit/chainable/UIView+chainable.swift (in target 'Extension' from project 'Extension')
cd /Users/admin/builder/spi-builder-workspace/.swiftpm/xcode
builtin-SwiftPerFileCompile UIView+chainable.swift
SwiftCompile normal arm64 Compiling\ NSAttribute+chainable.swift,\ Float+String.swift,\ ApplicationMainDelegate.swift,\ Array+UIImage.swift /Users/admin/builder/spi-builder-workspace/Sources/Foundation/chainable/NSAttribute+chainable.swift /Users/admin/builder/spi-builder-workspace/Sources/Swift/Float+String.swift /Users/admin/builder/spi-builder-workspace/Sources/UIKit/ApplicationMainDelegate.swift /Users/admin/builder/spi-builder-workspace/Sources/UIKit/Array+UIImage.swift (in target 'Extension' from project 'Extension')
SwiftCompile normal arm64 /Users/admin/builder/spi-builder-workspace/Sources/Foundation/chainable/NSAttribute+chainable.swift (in target 'Extension' from project 'Extension')
cd /Users/admin/builder/spi-builder-workspace/.swiftpm/xcode
builtin-SwiftPerFileCompile NSAttribute+chainable.swift
SwiftCompile normal arm64 /Users/admin/builder/spi-builder-workspace/Sources/Swift/Float+String.swift (in target 'Extension' from project 'Extension')
cd /Users/admin/builder/spi-builder-workspace/.swiftpm/xcode
builtin-SwiftPerFileCompile Float+String.swift
SwiftCompile normal arm64 /Users/admin/builder/spi-builder-workspace/Sources/UIKit/ApplicationMainDelegate.swift (in target 'Extension' from project 'Extension')
cd /Users/admin/builder/spi-builder-workspace/.swiftpm/xcode
builtin-SwiftPerFileCompile ApplicationMainDelegate.swift
SwiftCompile normal arm64 /Users/admin/builder/spi-builder-workspace/Sources/UIKit/Array+UIImage.swift (in target 'Extension' from project 'Extension')
cd /Users/admin/builder/spi-builder-workspace/.swiftpm/xcode
builtin-SwiftPerFileCompile Array+UIImage.swift
SwiftDriverJobDiscovery normal arm64 Compiling WKWebView+contentView.swift, WKWebView+input.swift, WKWebView+registerScheme.swift (in target 'Extension' from project 'Extension')
SwiftDriverJobDiscovery normal arm64 Compiling URL+String.swift, URL+query.swift, UserDefaults+Codable.swift, UserDefaults+subscript.swift (in target 'Extension' from project 'Extension')
SwiftDriverJobDiscovery normal arm64 Compiling CGRect+Float.swift, CGSize+Float.swift, CGpoint+Float.swift, NSAttributedString+Content.swift (in target 'Extension' from project 'Extension')
SwiftDriverJobDiscovery normal arm64 Compiling UIFont+SymbolicTraits.swift, UINavigationController+Autorotate.swift, UIResponder+Keyboard.swift (in target 'Extension' from project 'Extension')
SwiftCompile normal arm64 Compiling\ URL+Cookie.swift /Users/admin/builder/spi-builder-workspace/Sources/Foundation/URL+Cookie.swift (in target 'Extension' from project 'Extension')
SwiftCompile normal arm64 /Users/admin/builder/spi-builder-workspace/Sources/Foundation/URL+Cookie.swift (in target 'Extension' from project 'Extension')
cd /Users/admin/builder/spi-builder-workspace/.swiftpm/xcode
builtin-SwiftPerFileCompile URL+Cookie.swift
SwiftCompile normal arm64 Compiling\ HTTPCookieStorage+setCookie.swift /Users/admin/builder/spi-builder-workspace/Sources/Foundation/HTTPCookieStorage+setCookie.swift (in target 'Extension' from project 'Extension')
SwiftCompile normal arm64 /Users/admin/builder/spi-builder-workspace/Sources/Foundation/HTTPCookieStorage+setCookie.swift (in target 'Extension' from project 'Extension')
cd /Users/admin/builder/spi-builder-workspace/.swiftpm/xcode
builtin-SwiftPerFileCompile HTTPCookieStorage+setCookie.swift
SwiftCompile normal arm64 Compiling\ Bundle+Localization.swift /Users/admin/builder/spi-builder-workspace/Sources/Foundation/Bundle+Localization.swift (in target 'Extension' from project 'Extension')
SwiftCompile normal arm64 /Users/admin/builder/spi-builder-workspace/Sources/Foundation/Bundle+Localization.swift (in target 'Extension' from project 'Extension')
cd /Users/admin/builder/spi-builder-workspace/.swiftpm/xcode
builtin-SwiftPerFileCompile Bundle+Localization.swift
PruneExplicitPrecompiledModules /Users/admin/builder/spi-builder-workspace/.derivedData/Build/Intermediates.noindex/ExplicitPrecompiledModules
PruneExplicitPrecompiledModules /Users/admin/builder/spi-builder-workspace/.derivedData/Build/Intermediates.noindex/SwiftExplicitPrecompiledModules
PruneExplicitPrecompiledModules /Users/admin/builder/spi-builder-workspace/.derivedData/SDKExplicitPrecompiledModules
2026-09-22 04:19:01.412 xcodebuild[754:4805] [MT] IDERunDestination: Supported platforms for the buildables in the current scheme is empty.
** BUILD FAILED **
The following build commands failed:
SwiftCompile normal arm64 Compiling\ Color.swift,\ Image+CoreGraphics.swift,\ Image+Process.swift,\ Image+pdf.swift /Users/admin/builder/spi-builder-workspace/Sources/Common/Color/Color.swift /Users/admin/builder/spi-builder-workspace/Sources/Common/Image/Image+CoreGraphics.swift /Users/admin/builder/spi-builder-workspace/Sources/Common/Image/Image+Process.swift /Users/admin/builder/spi-builder-workspace/Sources/Common/Image/Image+pdf.swift (in target 'Extension' from project 'Extension')
SwiftCompile normal arm64 /Users/admin/builder/spi-builder-workspace/Sources/Common/Image/Image+CoreGraphics.swift (in target 'Extension' from project 'Extension')
SwiftCompile normal arm64 /Users/admin/builder/spi-builder-workspace/Sources/Common/Image/Image+Process.swift (in target 'Extension' from project 'Extension')
SwiftCompile normal arm64 /Users/admin/builder/spi-builder-workspace/Sources/Common/Image/Image+pdf.swift (in target 'Extension' from project 'Extension')
Building workspace Extension with scheme Extension
(5 failures)
BUILD FAILURE 6.4 visionOS