Build Information
Failed to build DivKitBinaryCompatibilityFacade, reference main (147655), with Swift 6.4 for watchOS using Xcode 27.0 on 24 Sep 2026 13:19:58 UTC.
Build Command
env DEVELOPER_DIR=/Applications/Xcode-27.0.0-Release.Candidate.app xcrun xcodebuild -IDEClonedSourcePackagesDirPathOverride=$PWD/.dependencies -skipMacroValidation -skipPackagePluginValidation -derivedDataPath $PWD/.derivedData build -scheme DivKitBinaryCompatibilityFacade -destination generic/platform=watchOSBuild Log
SwiftExplicitDependencyGeneratePcm arm64 /Users/admin/builder/spi-builder-workspace/.derivedData/SDKExplicitPrecompiledModules/os_object-6KYGGZ4DPVZ3BBAZ6QICZN8LI.pcm
SwiftExplicitDependencyGeneratePcm arm64_32 /Users/admin/builder/spi-builder-workspace/.derivedData/SDKExplicitPrecompiledModules/os_object-CTXVQBCWDOH6JHUXIFDUOWFRL.pcm
SwiftExplicitDependencyGeneratePcm arm64 /Users/admin/builder/spi-builder-workspace/.derivedData/SDKExplicitPrecompiledModules/os_workgroup-AHE7ULDQBKER38CYPIKDTZF4M.pcm
SwiftExplicitDependencyGeneratePcm arm64_32 /Users/admin/builder/spi-builder-workspace/.derivedData/SDKExplicitPrecompiledModules/os_workgroup-9L9R05BT5LTFRZ2NM68BZTVV2.pcm
SwiftExplicitDependencyGeneratePcm arm64_32 /Users/admin/builder/spi-builder-workspace/.derivedData/SDKExplicitPrecompiledModules/Dispatch-CGIMI9KQKHNRQHR2IECIPRG14.pcm
SwiftExplicitDependencyGeneratePcm arm64 /Users/admin/builder/spi-builder-workspace/.derivedData/SDKExplicitPrecompiledModules/Dispatch-39VR0G01IUJ09PQKMFGOHXZ4L.pcm
SwiftExplicitDependencyGeneratePcm arm64_32 /Users/admin/builder/spi-builder-workspace/.derivedData/SDKExplicitPrecompiledModules/CoreFoundation-76B9WJP9MDYT33HZQVSNNZQZD.pcm
SwiftExplicitDependencyGeneratePcm arm64_32 /Users/admin/builder/spi-builder-workspace/.derivedData/SDKExplicitPrecompiledModules/XPC-7SLKI45KYLKXH9QET2WYS3UZ4.pcm
SwiftExplicitDependencyGeneratePcm arm64 /Users/admin/builder/spi-builder-workspace/.derivedData/SDKExplicitPrecompiledModules/CoreFoundation-59XKO8YNRGGYNC5U5LK8B4EM.pcm
SwiftExplicitDependencyGeneratePcm arm64 /Users/admin/builder/spi-builder-workspace/.derivedData/SDKExplicitPrecompiledModules/XPC-650JAZBTM6I0OMHYO6CKM0CWJ.pcm
SwiftExplicitDependencyGeneratePcm arm64_32 /Users/admin/builder/spi-builder-workspace/.derivedData/SDKExplicitPrecompiledModules/os-D9NWGT7PQGY2OD43XMA2KGLJK.pcm
SwiftExplicitDependencyGeneratePcm arm64 /Users/admin/builder/spi-builder-workspace/.derivedData/SDKExplicitPrecompiledModules/os-6BCTB8I5DCBBKFJ0Y0G4WQDDJ.pcm
SwiftExplicitDependencyGeneratePcm arm64_32 /Users/admin/builder/spi-builder-workspace/.derivedData/SDKExplicitPrecompiledModules/CoreGraphics-A4WOQTM8SYZAQP223LI6RRPEK.pcm
SwiftExplicitDependencyGeneratePcm arm64_32 /Users/admin/builder/spi-builder-workspace/.derivedData/SDKExplicitPrecompiledModules/Security-1W411BS4UH2UNMNII2341429S.pcm
SwiftExplicitDependencyGeneratePcm arm64 /Users/admin/builder/spi-builder-workspace/.derivedData/SDKExplicitPrecompiledModules/Security-69WNGEAVQP55EDBQHP3BLE8QU.pcm
SwiftExplicitDependencyGeneratePcm arm64 /Users/admin/builder/spi-builder-workspace/.derivedData/SDKExplicitPrecompiledModules/CoreGraphics-5488DA9QVJJ7QOFXPYOYIYFUX.pcm
SwiftExplicitDependencyGeneratePcm arm64_32 /Users/admin/builder/spi-builder-workspace/.derivedData/SDKExplicitPrecompiledModules/Foundation-AIQ30TCDC2B0LBUU6FPQZ0HWI.pcm
SwiftExplicitDependencyGeneratePcm arm64 /Users/admin/builder/spi-builder-workspace/.derivedData/SDKExplicitPrecompiledModules/Foundation-B3IXODHI7VO4VRX2RWRXLVJZT.pcm
SwiftExplicitDependencyGeneratePcm arm64_32 /Users/admin/builder/spi-builder-workspace/.derivedData/SDKExplicitPrecompiledModules/OSLog-DXCLJ0K1EEBRV5MFYJOV1HIUX.pcm
SwiftExplicitDependencyGeneratePcm arm64 /Users/admin/builder/spi-builder-workspace/.derivedData/SDKExplicitPrecompiledModules/OSLog-ESJZZ70KT229YQNKF5CWYQVLA.pcm
SwiftEmitModule normal arm64_32 Emitting\ module\ for\ VGSLFundamentals (in target 'VGSLFundamentals' from project 'vgsl')
SwiftCompile normal arm64_32 (in target 'VGSLFundamentals' from project 'vgsl')
cd /Users/admin/builder/spi-builder-workspace/.swiftpm/xcode
SwiftCompile normal arm64_32 Compiling\ Observer.swift,\ Either.swift,\ Future.swift,\ FutureExtensions.swift,\ Promise.swift,\ KeyValueDirectStoringSupporting.swift,\ KeyValueStorage.swift,\ SettingProperty.swift,\ SingleValueCoder.swift,\ weakify.swift /Users/admin/builder/spi-builder-workspace/.dependencies/checkouts/vgsl/VGSLFundamentals/reactive/observing/Observer.swift /Users/admin/builder/spi-builder-workspace/.dependencies/checkouts/vgsl/VGSLFundamentals/reactive/promises/Either.swift /Users/admin/builder/spi-builder-workspace/.dependencies/checkouts/vgsl/VGSLFundamentals/reactive/promises/Future.swift /Users/admin/builder/spi-builder-workspace/.dependencies/checkouts/vgsl/VGSLFundamentals/reactive/promises/FutureExtensions.swift /Users/admin/builder/spi-builder-workspace/.dependencies/checkouts/vgsl/VGSLFundamentals/reactive/promises/Promise.swift /Users/admin/builder/spi-builder-workspace/.dependencies/checkouts/vgsl/VGSLFundamentals/storage/KeyValueDirectStoringSupporting.swift /Users/admin/builder/spi-builder-workspace/.dependencies/checkouts/vgsl/VGSLFundamentals/storage/KeyValueStorage.swift /Users/admin/builder/spi-builder-workspace/.dependencies/checkouts/vgsl/VGSLFundamentals/storage/SettingProperty.swift /Users/admin/builder/spi-builder-workspace/.dependencies/checkouts/vgsl/VGSLFundamentals/storage/SingleValueCoder.swift /Users/admin/builder/spi-builder-workspace/.dependencies/checkouts/vgsl/VGSLFundamentals/weakify.swift (in target 'VGSLFundamentals' from project 'vgsl')
SwiftCompile normal arm64_32 /Users/admin/builder/spi-builder-workspace/.dependencies/checkouts/vgsl/VGSLFundamentals/reactive/observing/Observer.swift (in target 'VGSLFundamentals' from project 'vgsl')
cd /Users/admin/builder/spi-builder-workspace/.swiftpm/xcode
builtin-SwiftPerFileCompile Observer.swift
SwiftCompile normal arm64_32 /Users/admin/builder/spi-builder-workspace/.dependencies/checkouts/vgsl/VGSLFundamentals/reactive/promises/Either.swift (in target 'VGSLFundamentals' from project 'vgsl')
cd /Users/admin/builder/spi-builder-workspace/.swiftpm/xcode
builtin-SwiftPerFileCompile Either.swift
SwiftCompile normal arm64_32 /Users/admin/builder/spi-builder-workspace/.dependencies/checkouts/vgsl/VGSLFundamentals/reactive/promises/Future.swift (in target 'VGSLFundamentals' from project 'vgsl')
cd /Users/admin/builder/spi-builder-workspace/.swiftpm/xcode
builtin-SwiftPerFileCompile Future.swift
SwiftCompile normal arm64_32 /Users/admin/builder/spi-builder-workspace/.dependencies/checkouts/vgsl/VGSLFundamentals/reactive/promises/FutureExtensions.swift (in target 'VGSLFundamentals' from project 'vgsl')
cd /Users/admin/builder/spi-builder-workspace/.swiftpm/xcode
builtin-SwiftPerFileCompile FutureExtensions.swift
SwiftCompile normal arm64_32 /Users/admin/builder/spi-builder-workspace/.dependencies/checkouts/vgsl/VGSLFundamentals/reactive/promises/Promise.swift (in target 'VGSLFundamentals' from project 'vgsl')
cd /Users/admin/builder/spi-builder-workspace/.swiftpm/xcode
builtin-SwiftPerFileCompile Promise.swift
SwiftCompile normal arm64_32 /Users/admin/builder/spi-builder-workspace/.dependencies/checkouts/vgsl/VGSLFundamentals/storage/KeyValueDirectStoringSupporting.swift (in target 'VGSLFundamentals' from project 'vgsl')
cd /Users/admin/builder/spi-builder-workspace/.swiftpm/xcode
builtin-SwiftPerFileCompile KeyValueDirectStoringSupporting.swift
SwiftCompile normal arm64_32 /Users/admin/builder/spi-builder-workspace/.dependencies/checkouts/vgsl/VGSLFundamentals/storage/KeyValueStorage.swift (in target 'VGSLFundamentals' from project 'vgsl')
cd /Users/admin/builder/spi-builder-workspace/.swiftpm/xcode
builtin-SwiftPerFileCompile KeyValueStorage.swift
SwiftCompile normal arm64_32 /Users/admin/builder/spi-builder-workspace/.dependencies/checkouts/vgsl/VGSLFundamentals/storage/SettingProperty.swift (in target 'VGSLFundamentals' from project 'vgsl')
cd /Users/admin/builder/spi-builder-workspace/.swiftpm/xcode
builtin-SwiftPerFileCompile SettingProperty.swift
SwiftCompile normal arm64_32 /Users/admin/builder/spi-builder-workspace/.dependencies/checkouts/vgsl/VGSLFundamentals/storage/SingleValueCoder.swift (in target 'VGSLFundamentals' from project 'vgsl')
cd /Users/admin/builder/spi-builder-workspace/.swiftpm/xcode
builtin-SwiftPerFileCompile SingleValueCoder.swift
SwiftCompile normal arm64_32 /Users/admin/builder/spi-builder-workspace/.dependencies/checkouts/vgsl/VGSLFundamentals/weakify.swift (in target 'VGSLFundamentals' from project 'vgsl')
cd /Users/admin/builder/spi-builder-workspace/.swiftpm/xcode
builtin-SwiftPerFileCompile weakify.swift
SwiftCompile normal arm64_32 Compiling\ ArrayExtensions.swift,\ CollectionExtensions.swift,\ DictionaryExtensions.swift,\ EncodableExtensions.swift,\ HTTPURLResponse+Extensions.swift,\ IndexSetExtensions.swift,\ LazyExtensions.swift,\ NSArrayExtensions.swift,\ NotificationCenter+Signal.swift,\ OptionalExtensions.swift,\ RangeExtensions.swift /Users/admin/builder/spi-builder-workspace/.dependencies/checkouts/vgsl/VGSLFundamentals/extensions/ArrayExtensions.swift /Users/admin/builder/spi-builder-workspace/.dependencies/checkouts/vgsl/VGSLFundamentals/extensions/CollectionExtensions.swift /Users/admin/builder/spi-builder-workspace/.dependencies/checkouts/vgsl/VGSLFundamentals/extensions/DictionaryExtensions.swift /Users/admin/builder/spi-builder-workspace/.dependencies/checkouts/vgsl/VGSLFundamentals/extensions/EncodableExtensions.swift /Users/admin/builder/spi-builder-workspace/.dependencies/checkouts/vgsl/VGSLFundamentals/extensions/HTTPURLResponse+Extensions.swift /Users/admin/builder/spi-builder-workspace/.dependencies/checkouts/vgsl/VGSLFundamentals/extensions/IndexSetExtensions.swift /Users/admin/builder/spi-builder-workspace/.dependencies/checkouts/vgsl/VGSLFundamentals/extensions/LazyExtensions.swift /Users/admin/builder/spi-builder-workspace/.dependencies/checkouts/vgsl/VGSLFundamentals/extensions/NSArrayExtensions.swift /Users/admin/builder/spi-builder-workspace/.dependencies/checkouts/vgsl/VGSLFundamentals/extensions/NotificationCenter+Signal.swift /Users/admin/builder/spi-builder-workspace/.dependencies/checkouts/vgsl/VGSLFundamentals/extensions/OptionalExtensions.swift /Users/admin/builder/spi-builder-workspace/.dependencies/checkouts/vgsl/VGSLFundamentals/extensions/RangeExtensions.swift (in target 'VGSLFundamentals' from project 'vgsl')
SwiftCompile normal arm64_32 /Users/admin/builder/spi-builder-workspace/.dependencies/checkouts/vgsl/VGSLFundamentals/extensions/ArrayExtensions.swift (in target 'VGSLFundamentals' from project 'vgsl')
cd /Users/admin/builder/spi-builder-workspace/.swiftpm/xcode
builtin-SwiftPerFileCompile ArrayExtensions.swift
SwiftCompile normal arm64_32 /Users/admin/builder/spi-builder-workspace/.dependencies/checkouts/vgsl/VGSLFundamentals/extensions/CollectionExtensions.swift (in target 'VGSLFundamentals' from project 'vgsl')
cd /Users/admin/builder/spi-builder-workspace/.swiftpm/xcode
builtin-SwiftPerFileCompile CollectionExtensions.swift
SwiftCompile normal arm64_32 /Users/admin/builder/spi-builder-workspace/.dependencies/checkouts/vgsl/VGSLFundamentals/extensions/DictionaryExtensions.swift (in target 'VGSLFundamentals' from project 'vgsl')
cd /Users/admin/builder/spi-builder-workspace/.swiftpm/xcode
builtin-SwiftPerFileCompile DictionaryExtensions.swift
SwiftCompile normal arm64_32 /Users/admin/builder/spi-builder-workspace/.dependencies/checkouts/vgsl/VGSLFundamentals/extensions/EncodableExtensions.swift (in target 'VGSLFundamentals' from project 'vgsl')
cd /Users/admin/builder/spi-builder-workspace/.swiftpm/xcode
builtin-SwiftPerFileCompile EncodableExtensions.swift
SwiftCompile normal arm64_32 /Users/admin/builder/spi-builder-workspace/.dependencies/checkouts/vgsl/VGSLFundamentals/extensions/HTTPURLResponse+Extensions.swift (in target 'VGSLFundamentals' from project 'vgsl')
cd /Users/admin/builder/spi-builder-workspace/.swiftpm/xcode
builtin-SwiftPerFileCompile HTTPURLResponse+Extensions.swift
SwiftCompile normal arm64_32 /Users/admin/builder/spi-builder-workspace/.dependencies/checkouts/vgsl/VGSLFundamentals/extensions/IndexSetExtensions.swift (in target 'VGSLFundamentals' from project 'vgsl')
cd /Users/admin/builder/spi-builder-workspace/.swiftpm/xcode
builtin-SwiftPerFileCompile IndexSetExtensions.swift
SwiftCompile normal arm64_32 /Users/admin/builder/spi-builder-workspace/.dependencies/checkouts/vgsl/VGSLFundamentals/extensions/LazyExtensions.swift (in target 'VGSLFundamentals' from project 'vgsl')
cd /Users/admin/builder/spi-builder-workspace/.swiftpm/xcode
builtin-SwiftPerFileCompile LazyExtensions.swift
SwiftCompile normal arm64_32 /Users/admin/builder/spi-builder-workspace/.dependencies/checkouts/vgsl/VGSLFundamentals/extensions/NSArrayExtensions.swift (in target 'VGSLFundamentals' from project 'vgsl')
cd /Users/admin/builder/spi-builder-workspace/.swiftpm/xcode
builtin-SwiftPerFileCompile NSArrayExtensions.swift
SwiftCompile normal arm64_32 /Users/admin/builder/spi-builder-workspace/.dependencies/checkouts/vgsl/VGSLFundamentals/extensions/NotificationCenter+Signal.swift (in target 'VGSLFundamentals' from project 'vgsl')
cd /Users/admin/builder/spi-builder-workspace/.swiftpm/xcode
builtin-SwiftPerFileCompile NotificationCenter+Signal.swift
SwiftCompile normal arm64_32 /Users/admin/builder/spi-builder-workspace/.dependencies/checkouts/vgsl/VGSLFundamentals/extensions/OptionalExtensions.swift (in target 'VGSLFundamentals' from project 'vgsl')
cd /Users/admin/builder/spi-builder-workspace/.swiftpm/xcode
builtin-SwiftPerFileCompile OptionalExtensions.swift
SwiftCompile normal arm64_32 /Users/admin/builder/spi-builder-workspace/.dependencies/checkouts/vgsl/VGSLFundamentals/extensions/RangeExtensions.swift (in target 'VGSLFundamentals' from project 'vgsl')
cd /Users/admin/builder/spi-builder-workspace/.swiftpm/xcode
builtin-SwiftPerFileCompile RangeExtensions.swift
SwiftCompile normal arm64_32 Compiling\ Functions.swift,\ InvalidArgumentError.swift,\ JSONDictionaryExtensions.swift,\ JSONObject.swift,\ LoginWithSourcePerformer.swift,\ Memoization.swift,\ Modifier.swift,\ NSTimerExtensions.swift,\ OAuthToken.swift,\ OSInfo.swift,\ OSVersion.swift /Users/admin/builder/spi-builder-workspace/.dependencies/checkouts/vgsl/VGSLFundamentals/Functions.swift /Users/admin/builder/spi-builder-workspace/.dependencies/checkouts/vgsl/VGSLFundamentals/InvalidArgumentError.swift /Users/admin/builder/spi-builder-workspace/.dependencies/checkouts/vgsl/VGSLFundamentals/JSONDictionaryExtensions.swift /Users/admin/builder/spi-builder-workspace/.dependencies/checkouts/vgsl/VGSLFundamentals/JSONObject.swift /Users/admin/builder/spi-builder-workspace/.dependencies/checkouts/vgsl/VGSLFundamentals/LoginWithSourcePerformer.swift /Users/admin/builder/spi-builder-workspace/.dependencies/checkouts/vgsl/VGSLFundamentals/Memoization.swift /Users/admin/builder/spi-builder-workspace/.dependencies/checkouts/vgsl/VGSLFundamentals/Modifier.swift /Users/admin/builder/spi-builder-workspace/.dependencies/checkouts/vgsl/VGSLFundamentals/NSTimerExtensions.swift /Users/admin/builder/spi-builder-workspace/.dependencies/checkouts/vgsl/VGSLFundamentals/OAuthToken.swift /Users/admin/builder/spi-builder-workspace/.dependencies/checkouts/vgsl/VGSLFundamentals/OSInfo.swift /Users/admin/builder/spi-builder-workspace/.dependencies/checkouts/vgsl/VGSLFundamentals/OSVersion.swift (in target 'VGSLFundamentals' from project 'vgsl')
SwiftCompile normal arm64_32 /Users/admin/builder/spi-builder-workspace/.dependencies/checkouts/vgsl/VGSLFundamentals/Functions.swift (in target 'VGSLFundamentals' from project 'vgsl')
cd /Users/admin/builder/spi-builder-workspace/.swiftpm/xcode
builtin-SwiftPerFileCompile Functions.swift
SwiftCompile normal arm64_32 /Users/admin/builder/spi-builder-workspace/.dependencies/checkouts/vgsl/VGSLFundamentals/InvalidArgumentError.swift (in target 'VGSLFundamentals' from project 'vgsl')
cd /Users/admin/builder/spi-builder-workspace/.swiftpm/xcode
builtin-SwiftPerFileCompile InvalidArgumentError.swift
SwiftCompile normal arm64_32 /Users/admin/builder/spi-builder-workspace/.dependencies/checkouts/vgsl/VGSLFundamentals/JSONDictionaryExtensions.swift (in target 'VGSLFundamentals' from project 'vgsl')
cd /Users/admin/builder/spi-builder-workspace/.swiftpm/xcode
builtin-SwiftPerFileCompile JSONDictionaryExtensions.swift
SwiftCompile normal arm64_32 /Users/admin/builder/spi-builder-workspace/.dependencies/checkouts/vgsl/VGSLFundamentals/JSONObject.swift (in target 'VGSLFundamentals' from project 'vgsl')
cd /Users/admin/builder/spi-builder-workspace/.swiftpm/xcode
builtin-SwiftPerFileCompile JSONObject.swift
SwiftCompile normal arm64_32 /Users/admin/builder/spi-builder-workspace/.dependencies/checkouts/vgsl/VGSLFundamentals/LoginWithSourcePerformer.swift (in target 'VGSLFundamentals' from project 'vgsl')
cd /Users/admin/builder/spi-builder-workspace/.swiftpm/xcode
builtin-SwiftPerFileCompile LoginWithSourcePerformer.swift
SwiftCompile normal arm64_32 /Users/admin/builder/spi-builder-workspace/.dependencies/checkouts/vgsl/VGSLFundamentals/Memoization.swift (in target 'VGSLFundamentals' from project 'vgsl')
cd /Users/admin/builder/spi-builder-workspace/.swiftpm/xcode
builtin-SwiftPerFileCompile Memoization.swift
SwiftCompile normal arm64_32 /Users/admin/builder/spi-builder-workspace/.dependencies/checkouts/vgsl/VGSLFundamentals/Modifier.swift (in target 'VGSLFundamentals' from project 'vgsl')
cd /Users/admin/builder/spi-builder-workspace/.swiftpm/xcode
builtin-SwiftPerFileCompile Modifier.swift
SwiftCompile normal arm64_32 /Users/admin/builder/spi-builder-workspace/.dependencies/checkouts/vgsl/VGSLFundamentals/NSTimerExtensions.swift (in target 'VGSLFundamentals' from project 'vgsl')
cd /Users/admin/builder/spi-builder-workspace/.swiftpm/xcode
builtin-SwiftPerFileCompile NSTimerExtensions.swift
SwiftCompile normal arm64_32 /Users/admin/builder/spi-builder-workspace/.dependencies/checkouts/vgsl/VGSLFundamentals/OAuthToken.swift (in target 'VGSLFundamentals' from project 'vgsl')
cd /Users/admin/builder/spi-builder-workspace/.swiftpm/xcode
builtin-SwiftPerFileCompile OAuthToken.swift
SwiftCompile normal arm64_32 /Users/admin/builder/spi-builder-workspace/.dependencies/checkouts/vgsl/VGSLFundamentals/OSInfo.swift (in target 'VGSLFundamentals' from project 'vgsl')
cd /Users/admin/builder/spi-builder-workspace/.swiftpm/xcode
builtin-SwiftPerFileCompile OSInfo.swift
SwiftCompile normal arm64_32 /Users/admin/builder/spi-builder-workspace/.dependencies/checkouts/vgsl/VGSLFundamentals/OSVersion.swift (in target 'VGSLFundamentals' from project 'vgsl')
cd /Users/admin/builder/spi-builder-workspace/.swiftpm/xcode
builtin-SwiftPerFileCompile OSVersion.swift
SwiftCompile normal arm64_32 Compiling\ ObjectsReusability.swift,\ PersistentStorage.swift,\ Property+Storage.swift,\ Radix.swift,\ Resetting.swift,\ Tagged.swift,\ Time.swift,\ UrlOpener.swift,\ WeakCollection.swift,\ Zip3.swift,\ Cache.swift /Users/admin/builder/spi-builder-workspace/.dependencies/checkouts/vgsl/VGSLFundamentals/ObjectsReusability.swift /Users/admin/builder/spi-builder-workspace/.dependencies/checkouts/vgsl/VGSLFundamentals/PersistentStorage.swift /Users/admin/builder/spi-builder-workspace/.dependencies/checkouts/vgsl/VGSLFundamentals/Property+Storage.swift /Users/admin/builder/spi-builder-workspace/.dependencies/checkouts/vgsl/VGSLFundamentals/Radix.swift /Users/admin/builder/spi-builder-workspace/.dependencies/checkouts/vgsl/VGSLFundamentals/Resetting.swift /Users/admin/builder/spi-builder-workspace/.dependencies/checkouts/vgsl/VGSLFundamentals/Tagged.swift /Users/admin/builder/spi-builder-workspace/.dependencies/checkouts/vgsl/VGSLFundamentals/Time.swift /Users/admin/builder/spi-builder-workspace/.dependencies/checkouts/vgsl/VGSLFundamentals/UrlOpener.swift /Users/admin/builder/spi-builder-workspace/.dependencies/checkouts/vgsl/VGSLFundamentals/WeakCollection.swift /Users/admin/builder/spi-builder-workspace/.dependencies/checkouts/vgsl/VGSLFundamentals/Zip3.swift /Users/admin/builder/spi-builder-workspace/.dependencies/checkouts/vgsl/VGSLFundamentals/cache/Cache.swift (in target 'VGSLFundamentals' from project 'vgsl')
SwiftCompile normal arm64_32 /Users/admin/builder/spi-builder-workspace/.dependencies/checkouts/vgsl/VGSLFundamentals/ObjectsReusability.swift (in target 'VGSLFundamentals' from project 'vgsl')
cd /Users/admin/builder/spi-builder-workspace/.swiftpm/xcode
builtin-SwiftPerFileCompile ObjectsReusability.swift
SwiftCompile normal arm64_32 /Users/admin/builder/spi-builder-workspace/.dependencies/checkouts/vgsl/VGSLFundamentals/PersistentStorage.swift (in target 'VGSLFundamentals' from project 'vgsl')
cd /Users/admin/builder/spi-builder-workspace/.swiftpm/xcode
builtin-SwiftPerFileCompile PersistentStorage.swift
SwiftCompile normal arm64_32 /Users/admin/builder/spi-builder-workspace/.dependencies/checkouts/vgsl/VGSLFundamentals/Property+Storage.swift (in target 'VGSLFundamentals' from project 'vgsl')
cd /Users/admin/builder/spi-builder-workspace/.swiftpm/xcode
builtin-SwiftPerFileCompile Property+Storage.swift
SwiftCompile normal arm64_32 /Users/admin/builder/spi-builder-workspace/.dependencies/checkouts/vgsl/VGSLFundamentals/Radix.swift (in target 'VGSLFundamentals' from project 'vgsl')
cd /Users/admin/builder/spi-builder-workspace/.swiftpm/xcode
builtin-SwiftPerFileCompile Radix.swift
SwiftCompile normal arm64_32 /Users/admin/builder/spi-builder-workspace/.dependencies/checkouts/vgsl/VGSLFundamentals/Resetting.swift (in target 'VGSLFundamentals' from project 'vgsl')
cd /Users/admin/builder/spi-builder-workspace/.swiftpm/xcode
builtin-SwiftPerFileCompile Resetting.swift
SwiftCompile normal arm64_32 /Users/admin/builder/spi-builder-workspace/.dependencies/checkouts/vgsl/VGSLFundamentals/Tagged.swift (in target 'VGSLFundamentals' from project 'vgsl')
cd /Users/admin/builder/spi-builder-workspace/.swiftpm/xcode
builtin-SwiftPerFileCompile Tagged.swift
SwiftCompile normal arm64_32 /Users/admin/builder/spi-builder-workspace/.dependencies/checkouts/vgsl/VGSLFundamentals/Time.swift (in target 'VGSLFundamentals' from project 'vgsl')
cd /Users/admin/builder/spi-builder-workspace/.swiftpm/xcode
builtin-SwiftPerFileCompile Time.swift
SwiftCompile normal arm64_32 /Users/admin/builder/spi-builder-workspace/.dependencies/checkouts/vgsl/VGSLFundamentals/UrlOpener.swift (in target 'VGSLFundamentals' from project 'vgsl')
cd /Users/admin/builder/spi-builder-workspace/.swiftpm/xcode
builtin-SwiftPerFileCompile UrlOpener.swift
SwiftCompile normal arm64_32 /Users/admin/builder/spi-builder-workspace/.dependencies/checkouts/vgsl/VGSLFundamentals/WeakCollection.swift (in target 'VGSLFundamentals' from project 'vgsl')
cd /Users/admin/builder/spi-builder-workspace/.swiftpm/xcode
builtin-SwiftPerFileCompile WeakCollection.swift
SwiftCompile normal arm64_32 /Users/admin/builder/spi-builder-workspace/.dependencies/checkouts/vgsl/VGSLFundamentals/Zip3.swift (in target 'VGSLFundamentals' from project 'vgsl')
cd /Users/admin/builder/spi-builder-workspace/.swiftpm/xcode
builtin-SwiftPerFileCompile Zip3.swift
SwiftCompile normal arm64_32 /Users/admin/builder/spi-builder-workspace/.dependencies/checkouts/vgsl/VGSLFundamentals/cache/Cache.swift (in target 'VGSLFundamentals' from project 'vgsl')
cd /Users/admin/builder/spi-builder-workspace/.swiftpm/xcode
builtin-SwiftPerFileCompile Cache.swift
SwiftCompile normal arm64_32 Compiling\ ResultExtensions.swift,\ SequenceExtensions.swift,\ SetExtensions.swift,\ StringExtensions+Foundation.swift,\ StringExtensions.swift,\ TupleExtensions.swift,\ URLExtensions.swift,\ UnsignedIntegerExtensions.swift,\ LocalResourceURLProviding.swift,\ URLResourceRequesting.swift /Users/admin/builder/spi-builder-workspace/.dependencies/checkouts/vgsl/VGSLFundamentals/extensions/ResultExtensions.swift /Users/admin/builder/spi-builder-workspace/.dependencies/checkouts/vgsl/VGSLFundamentals/extensions/SequenceExtensions.swift /Users/admin/builder/spi-builder-workspace/.dependencies/checkouts/vgsl/VGSLFundamentals/extensions/SetExtensions.swift /Users/admin/builder/spi-builder-workspace/.dependencies/checkouts/vgsl/VGSLFundamentals/extensions/StringExtensions+Foundation.swift /Users/admin/builder/spi-builder-workspace/.dependencies/checkouts/vgsl/VGSLFundamentals/extensions/StringExtensions.swift /Users/admin/builder/spi-builder-workspace/.dependencies/checkouts/vgsl/VGSLFundamentals/extensions/TupleExtensions.swift /Users/admin/builder/spi-builder-workspace/.dependencies/checkouts/vgsl/VGSLFundamentals/extensions/URLExtensions.swift /Users/admin/builder/spi-builder-workspace/.dependencies/checkouts/vgsl/VGSLFundamentals/extensions/UnsignedIntegerExtensions.swift /Users/admin/builder/spi-builder-workspace/.dependencies/checkouts/vgsl/VGSLFundamentals/networking/LocalResourceURLProviding.swift /Users/admin/builder/spi-builder-workspace/.dependencies/checkouts/vgsl/VGSLFundamentals/networking/URLResourceRequesting.swift (in target 'VGSLFundamentals' from project 'vgsl')
SwiftCompile normal arm64_32 /Users/admin/builder/spi-builder-workspace/.dependencies/checkouts/vgsl/VGSLFundamentals/extensions/ResultExtensions.swift (in target 'VGSLFundamentals' from project 'vgsl')
cd /Users/admin/builder/spi-builder-workspace/.swiftpm/xcode
builtin-SwiftPerFileCompile ResultExtensions.swift
SwiftCompile normal arm64_32 /Users/admin/builder/spi-builder-workspace/.dependencies/checkouts/vgsl/VGSLFundamentals/extensions/SequenceExtensions.swift (in target 'VGSLFundamentals' from project 'vgsl')
cd /Users/admin/builder/spi-builder-workspace/.swiftpm/xcode
builtin-SwiftPerFileCompile SequenceExtensions.swift
SwiftCompile normal arm64_32 /Users/admin/builder/spi-builder-workspace/.dependencies/checkouts/vgsl/VGSLFundamentals/extensions/SetExtensions.swift (in target 'VGSLFundamentals' from project 'vgsl')
cd /Users/admin/builder/spi-builder-workspace/.swiftpm/xcode
builtin-SwiftPerFileCompile SetExtensions.swift
SwiftCompile normal arm64_32 /Users/admin/builder/spi-builder-workspace/.dependencies/checkouts/vgsl/VGSLFundamentals/extensions/StringExtensions+Foundation.swift (in target 'VGSLFundamentals' from project 'vgsl')
cd /Users/admin/builder/spi-builder-workspace/.swiftpm/xcode
builtin-SwiftPerFileCompile StringExtensions+Foundation.swift
SwiftCompile normal arm64_32 /Users/admin/builder/spi-builder-workspace/.dependencies/checkouts/vgsl/VGSLFundamentals/extensions/StringExtensions.swift (in target 'VGSLFundamentals' from project 'vgsl')
cd /Users/admin/builder/spi-builder-workspace/.swiftpm/xcode
builtin-SwiftPerFileCompile StringExtensions.swift
SwiftCompile normal arm64_32 /Users/admin/builder/spi-builder-workspace/.dependencies/checkouts/vgsl/VGSLFundamentals/extensions/TupleExtensions.swift (in target 'VGSLFundamentals' from project 'vgsl')
cd /Users/admin/builder/spi-builder-workspace/.swiftpm/xcode
builtin-SwiftPerFileCompile TupleExtensions.swift
SwiftCompile normal arm64_32 /Users/admin/builder/spi-builder-workspace/.dependencies/checkouts/vgsl/VGSLFundamentals/extensions/URLExtensions.swift (in target 'VGSLFundamentals' from project 'vgsl')
cd /Users/admin/builder/spi-builder-workspace/.swiftpm/xcode
builtin-SwiftPerFileCompile URLExtensions.swift
SwiftCompile normal arm64_32 /Users/admin/builder/spi-builder-workspace/.dependencies/checkouts/vgsl/VGSLFundamentals/extensions/UnsignedIntegerExtensions.swift (in target 'VGSLFundamentals' from project 'vgsl')
cd /Users/admin/builder/spi-builder-workspace/.swiftpm/xcode
builtin-SwiftPerFileCompile UnsignedIntegerExtensions.swift
SwiftCompile normal arm64_32 /Users/admin/builder/spi-builder-workspace/.dependencies/checkouts/vgsl/VGSLFundamentals/networking/LocalResourceURLProviding.swift (in target 'VGSLFundamentals' from project 'vgsl')
cd /Users/admin/builder/spi-builder-workspace/.swiftpm/xcode
builtin-SwiftPerFileCompile LocalResourceURLProviding.swift
SwiftCompile normal arm64_32 /Users/admin/builder/spi-builder-workspace/.dependencies/checkouts/vgsl/VGSLFundamentals/networking/URLResourceRequesting.swift (in target 'VGSLFundamentals' from project 'vgsl')
cd /Users/admin/builder/spi-builder-workspace/.swiftpm/xcode
builtin-SwiftPerFileCompile URLResourceRequesting.swift
SwiftCompile normal arm64_32 Compiling\ resource_bundle_accessor.swift,\ Action.swift,\ Archivable.swift,\ ArrayBuilder.swift,\ CFCasting.swift,\ Clamp.swift,\ Combine.swift,\ CompletionAccumulating.swift,\ CompletionAccumulator.swift,\ EqualByReference.swift,\ FloatingPointComparison.swift /Users/admin/builder/spi-builder-workspace/.derivedData/Build/Intermediates.noindex/vgsl.build/Debug-watchos/VGSLFundamentals-t.build/DerivedSources/resource_bundle_accessor.swift /Users/admin/builder/spi-builder-workspace/.dependencies/checkouts/vgsl/VGSLFundamentals/Action.swift /Users/admin/builder/spi-builder-workspace/.dependencies/checkouts/vgsl/VGSLFundamentals/Archivable.swift /Users/admin/builder/spi-builder-workspace/.dependencies/checkouts/vgsl/VGSLFundamentals/ArrayBuilder.swift /Users/admin/builder/spi-builder-workspace/.dependencies/checkouts/vgsl/VGSLFundamentals/CFCasting.swift /Users/admin/builder/spi-builder-workspace/.dependencies/checkouts/vgsl/VGSLFundamentals/Clamp.swift /Users/admin/builder/spi-builder-workspace/.dependencies/checkouts/vgsl/VGSLFundamentals/Combine.swift /Users/admin/builder/spi-builder-workspace/.dependencies/checkouts/vgsl/VGSLFundamentals/Completions/CompletionAccumulating.swift /Users/admin/builder/spi-builder-workspace/.dependencies/checkouts/vgsl/VGSLFundamentals/Completions/CompletionAccumulator.swift /Users/admin/builder/spi-builder-workspace/.dependencies/checkouts/vgsl/VGSLFundamentals/EqualByReference.swift /Users/admin/builder/spi-builder-workspace/.dependencies/checkouts/vgsl/VGSLFundamentals/FloatingPointComparison.swift (in target 'VGSLFundamentals' from project 'vgsl')
SwiftCompile normal arm64_32 /Users/admin/builder/spi-builder-workspace/.derivedData/Build/Intermediates.noindex/vgsl.build/Debug-watchos/VGSLFundamentals-t.build/DerivedSources/resource_bundle_accessor.swift (in target 'VGSLFundamentals' from project 'vgsl')
cd /Users/admin/builder/spi-builder-workspace/.swiftpm/xcode
builtin-SwiftPerFileCompile resource_bundle_accessor.swift
SwiftCompile normal arm64_32 /Users/admin/builder/spi-builder-workspace/.dependencies/checkouts/vgsl/VGSLFundamentals/Action.swift (in target 'VGSLFundamentals' from project 'vgsl')
cd /Users/admin/builder/spi-builder-workspace/.swiftpm/xcode
builtin-SwiftPerFileCompile Action.swift
SwiftCompile normal arm64_32 /Users/admin/builder/spi-builder-workspace/.dependencies/checkouts/vgsl/VGSLFundamentals/Archivable.swift (in target 'VGSLFundamentals' from project 'vgsl')
cd /Users/admin/builder/spi-builder-workspace/.swiftpm/xcode
builtin-SwiftPerFileCompile Archivable.swift
SwiftCompile normal arm64_32 /Users/admin/builder/spi-builder-workspace/.dependencies/checkouts/vgsl/VGSLFundamentals/ArrayBuilder.swift (in target 'VGSLFundamentals' from project 'vgsl')
cd /Users/admin/builder/spi-builder-workspace/.swiftpm/xcode
builtin-SwiftPerFileCompile ArrayBuilder.swift
SwiftCompile normal arm64_32 /Users/admin/builder/spi-builder-workspace/.dependencies/checkouts/vgsl/VGSLFundamentals/CFCasting.swift (in target 'VGSLFundamentals' from project 'vgsl')
cd /Users/admin/builder/spi-builder-workspace/.swiftpm/xcode
builtin-SwiftPerFileCompile CFCasting.swift
SwiftCompile normal arm64_32 /Users/admin/builder/spi-builder-workspace/.dependencies/checkouts/vgsl/VGSLFundamentals/Clamp.swift (in target 'VGSLFundamentals' from project 'vgsl')
cd /Users/admin/builder/spi-builder-workspace/.swiftpm/xcode
builtin-SwiftPerFileCompile Clamp.swift
SwiftCompile normal arm64_32 /Users/admin/builder/spi-builder-workspace/.dependencies/checkouts/vgsl/VGSLFundamentals/Combine.swift (in target 'VGSLFundamentals' from project 'vgsl')
cd /Users/admin/builder/spi-builder-workspace/.swiftpm/xcode
builtin-SwiftPerFileCompile Combine.swift
SwiftCompile normal arm64_32 /Users/admin/builder/spi-builder-workspace/.dependencies/checkouts/vgsl/VGSLFundamentals/Completions/CompletionAccumulating.swift (in target 'VGSLFundamentals' from project 'vgsl')
cd /Users/admin/builder/spi-builder-workspace/.swiftpm/xcode
builtin-SwiftPerFileCompile CompletionAccumulating.swift
SwiftCompile normal arm64_32 /Users/admin/builder/spi-builder-workspace/.dependencies/checkouts/vgsl/VGSLFundamentals/Completions/CompletionAccumulator.swift (in target 'VGSLFundamentals' from project 'vgsl')
cd /Users/admin/builder/spi-builder-workspace/.swiftpm/xcode
builtin-SwiftPerFileCompile CompletionAccumulator.swift
SwiftCompile normal arm64_32 /Users/admin/builder/spi-builder-workspace/.dependencies/checkouts/vgsl/VGSLFundamentals/EqualByReference.swift (in target 'VGSLFundamentals' from project 'vgsl')
cd /Users/admin/builder/spi-builder-workspace/.swiftpm/xcode
builtin-SwiftPerFileCompile EqualByReference.swift
SwiftCompile normal arm64_32 /Users/admin/builder/spi-builder-workspace/.dependencies/checkouts/vgsl/VGSLFundamentals/FloatingPointComparison.swift (in target 'VGSLFundamentals' from project 'vgsl')
cd /Users/admin/builder/spi-builder-workspace/.swiftpm/xcode
builtin-SwiftPerFileCompile FloatingPointComparison.swift
SwiftCompile normal arm64_32 Compiling\ CacheContent.swift,\ CacheFactory.swift,\ CacheKey.swift,\ CacheRecord.swift,\ CacheStorage.swift,\ DiskCache.swift,\ LRUCacheStorage.swift,\ LRUMemoization.swift,\ LinkedListOrderedDictionary.swift,\ OrderedDictionary.swift,\ ParameterizedDiskCache.swift /Users/admin/builder/spi-builder-workspace/.dependencies/checkouts/vgsl/VGSLFundamentals/cache/CacheContent.swift /Users/admin/builder/spi-builder-workspace/.dependencies/checkouts/vgsl/VGSLFundamentals/cache/CacheFactory.swift /Users/admin/builder/spi-builder-workspace/.dependencies/checkouts/vgsl/VGSLFundamentals/cache/CacheKey.swift /Users/admin/builder/spi-builder-workspace/.dependencies/checkouts/vgsl/VGSLFundamentals/cache/CacheRecord.swift /Users/admin/builder/spi-builder-workspace/.dependencies/checkouts/vgsl/VGSLFundamentals/cache/CacheStorage.swift /Users/admin/builder/spi-builder-workspace/.dependencies/checkouts/vgsl/VGSLFundamentals/cache/DiskCache.swift /Users/admin/builder/spi-builder-workspace/.dependencies/checkouts/vgsl/VGSLFundamentals/cache/LRUCacheStorage.swift /Users/admin/builder/spi-builder-workspace/.dependencies/checkouts/vgsl/VGSLFundamentals/cache/LRUMemoization.swift /Users/admin/builder/spi-builder-workspace/.dependencies/checkouts/vgsl/VGSLFundamentals/cache/LinkedListOrderedDictionary.swift /Users/admin/builder/spi-builder-workspace/.dependencies/checkouts/vgsl/VGSLFundamentals/cache/OrderedDictionary.swift /Users/admin/builder/spi-builder-workspace/.dependencies/checkouts/vgsl/VGSLFundamentals/cache/ParameterizedDiskCache.swift (in target 'VGSLFundamentals' from project 'vgsl')
SwiftCompile normal arm64_32 /Users/admin/builder/spi-builder-workspace/.dependencies/checkouts/vgsl/VGSLFundamentals/cache/CacheContent.swift (in target 'VGSLFundamentals' from project 'vgsl')
cd /Users/admin/builder/spi-builder-workspace/.swiftpm/xcode
builtin-SwiftPerFileCompile CacheContent.swift
SwiftCompile normal arm64_32 /Users/admin/builder/spi-builder-workspace/.dependencies/checkouts/vgsl/VGSLFundamentals/cache/CacheFactory.swift (in target 'VGSLFundamentals' from project 'vgsl')
cd /Users/admin/builder/spi-builder-workspace/.swiftpm/xcode
builtin-SwiftPerFileCompile CacheFactory.swift
SwiftCompile normal arm64_32 /Users/admin/builder/spi-builder-workspace/.dependencies/checkouts/vgsl/VGSLFundamentals/cache/CacheKey.swift (in target 'VGSLFundamentals' from project 'vgsl')
cd /Users/admin/builder/spi-builder-workspace/.swiftpm/xcode
builtin-SwiftPerFileCompile CacheKey.swift
SwiftCompile normal arm64_32 /Users/admin/builder/spi-builder-workspace/.dependencies/checkouts/vgsl/VGSLFundamentals/cache/CacheRecord.swift (in target 'VGSLFundamentals' from project 'vgsl')
cd /Users/admin/builder/spi-builder-workspace/.swiftpm/xcode
builtin-SwiftPerFileCompile CacheRecord.swift
SwiftCompile normal arm64_32 /Users/admin/builder/spi-builder-workspace/.dependencies/checkouts/vgsl/VGSLFundamentals/cache/CacheStorage.swift (in target 'VGSLFundamentals' from project 'vgsl')
cd /Users/admin/builder/spi-builder-workspace/.swiftpm/xcode
builtin-SwiftPerFileCompile CacheStorage.swift
SwiftCompile normal arm64_32 /Users/admin/builder/spi-builder-workspace/.dependencies/checkouts/vgsl/VGSLFundamentals/cache/DiskCache.swift (in target 'VGSLFundamentals' from project 'vgsl')
cd /Users/admin/builder/spi-builder-workspace/.swiftpm/xcode
builtin-SwiftPerFileCompile DiskCache.swift
SwiftCompile normal arm64_32 /Users/admin/builder/spi-builder-workspace/.dependencies/checkouts/vgsl/VGSLFundamentals/cache/LRUCacheStorage.swift (in target 'VGSLFundamentals' from project 'vgsl')
cd /Users/admin/builder/spi-builder-workspace/.swiftpm/xcode
builtin-SwiftPerFileCompile LRUCacheStorage.swift
SwiftCompile normal arm64_32 /Users/admin/builder/spi-builder-workspace/.dependencies/checkouts/vgsl/VGSLFundamentals/cache/LRUMemoization.swift (in target 'VGSLFundamentals' from project 'vgsl')
cd /Users/admin/builder/spi-builder-workspace/.swiftpm/xcode
builtin-SwiftPerFileCompile LRUMemoization.swift
SwiftCompile normal arm64_32 /Users/admin/builder/spi-builder-workspace/.dependencies/checkouts/vgsl/VGSLFundamentals/cache/LinkedListOrderedDictionary.swift (in target 'VGSLFundamentals' from project 'vgsl')
cd /Users/admin/builder/spi-builder-workspace/.swiftpm/xcode
builtin-SwiftPerFileCompile LinkedListOrderedDictionary.swift
SwiftCompile normal arm64_32 /Users/admin/builder/spi-builder-workspace/.dependencies/checkouts/vgsl/VGSLFundamentals/cache/OrderedDictionary.swift (in target 'VGSLFundamentals' from project 'vgsl')
cd /Users/admin/builder/spi-builder-workspace/.swiftpm/xcode
builtin-SwiftPerFileCompile OrderedDictionary.swift
SwiftCompile normal arm64_32 /Users/admin/builder/spi-builder-workspace/.dependencies/checkouts/vgsl/VGSLFundamentals/cache/ParameterizedDiskCache.swift (in target 'VGSLFundamentals' from project 'vgsl')
cd /Users/admin/builder/spi-builder-workspace/.swiftpm/xcode
builtin-SwiftPerFileCompile ParameterizedDiskCache.swift
SwiftCompile normal arm64_32 Compiling\ NonEmpty+Array.swift,\ NonEmpty+Set.swift,\ NonEmpty+String.swift,\ NonEmpty.swift,\ FileManaging.swift,\ Cancellable.swift,\ DebugInfo.swift,\ Lazy.swift,\ Property.swift,\ ResettableLazy.swift /Users/admin/builder/spi-builder-workspace/.dependencies/checkouts/vgsl/VGSLFundamentals/nonempty/NonEmpty+Array.swift /Users/admin/builder/spi-builder-workspace/.dependencies/checkouts/vgsl/VGSLFundamentals/nonempty/NonEmpty+Set.swift /Users/admin/builder/spi-builder-workspace/.dependencies/checkouts/vgsl/VGSLFundamentals/nonempty/NonEmpty+String.swift /Users/admin/builder/spi-builder-workspace/.dependencies/checkouts/vgsl/VGSLFundamentals/nonempty/NonEmpty.swift /Users/admin/builder/spi-builder-workspace/.dependencies/checkouts/vgsl/VGSLFundamentals/os/FileManaging.swift /Users/admin/builder/spi-builder-workspace/.dependencies/checkouts/vgsl/VGSLFundamentals/reactive/Cancellable.swift /Users/admin/builder/spi-builder-workspace/.dependencies/checkouts/vgsl/VGSLFundamentals/reactive/DebugInfo.swift /Users/admin/builder/spi-builder-workspace/.dependencies/checkouts/vgsl/VGSLFundamentals/reactive/Lazy.swift /Users/admin/builder/spi-builder-workspace/.dependencies/checkouts/vgsl/VGSLFundamentals/reactive/Property.swift /Users/admin/builder/spi-builder-workspace/.dependencies/checkouts/vgsl/VGSLFundamentals/reactive/ResettableLazy.swift (in target 'VGSLFundamentals' from project 'vgsl')
SwiftCompile normal arm64_32 /Users/admin/builder/spi-builder-workspace/.dependencies/checkouts/vgsl/VGSLFundamentals/nonempty/NonEmpty+Array.swift (in target 'VGSLFundamentals' from project 'vgsl')
cd /Users/admin/builder/spi-builder-workspace/.swiftpm/xcode
builtin-SwiftPerFileCompile NonEmpty+Array.swift
SwiftCompile normal arm64_32 /Users/admin/builder/spi-builder-workspace/.dependencies/checkouts/vgsl/VGSLFundamentals/nonempty/NonEmpty+Set.swift (in target 'VGSLFundamentals' from project 'vgsl')
cd /Users/admin/builder/spi-builder-workspace/.swiftpm/xcode
builtin-SwiftPerFileCompile NonEmpty+Set.swift
SwiftCompile normal arm64_32 /Users/admin/builder/spi-builder-workspace/.dependencies/checkouts/vgsl/VGSLFundamentals/nonempty/NonEmpty+String.swift (in target 'VGSLFundamentals' from project 'vgsl')
cd /Users/admin/builder/spi-builder-workspace/.swiftpm/xcode
builtin-SwiftPerFileCompile NonEmpty+String.swift
SwiftCompile normal arm64_32 /Users/admin/builder/spi-builder-workspace/.dependencies/checkouts/vgsl/VGSLFundamentals/nonempty/NonEmpty.swift (in target 'VGSLFundamentals' from project 'vgsl')
cd /Users/admin/builder/spi-builder-workspace/.swiftpm/xcode
builtin-SwiftPerFileCompile NonEmpty.swift
SwiftCompile normal arm64_32 /Users/admin/builder/spi-builder-workspace/.dependencies/checkouts/vgsl/VGSLFundamentals/os/FileManaging.swift (in target 'VGSLFundamentals' from project 'vgsl')
cd /Users/admin/builder/spi-builder-workspace/.swiftpm/xcode
builtin-SwiftPerFileCompile FileManaging.swift
SwiftCompile normal arm64_32 /Users/admin/builder/spi-builder-workspace/.dependencies/checkouts/vgsl/VGSLFundamentals/reactive/Cancellable.swift (in target 'VGSLFundamentals' from project 'vgsl')
cd /Users/admin/builder/spi-builder-workspace/.swiftpm/xcode
builtin-SwiftPerFileCompile Cancellable.swift
SwiftCompile normal arm64_32 /Users/admin/builder/spi-builder-workspace/.dependencies/checkouts/vgsl/VGSLFundamentals/reactive/DebugInfo.swift (in target 'VGSLFundamentals' from project 'vgsl')
cd /Users/admin/builder/spi-builder-workspace/.swiftpm/xcode
builtin-SwiftPerFileCompile DebugInfo.swift
SwiftCompile normal arm64_32 /Users/admin/builder/spi-builder-workspace/.dependencies/checkouts/vgsl/VGSLFundamentals/reactive/Lazy.swift (in target 'VGSLFundamentals' from project 'vgsl')
cd /Users/admin/builder/spi-builder-workspace/.swiftpm/xcode
builtin-SwiftPerFileCompile Lazy.swift
SwiftCompile normal arm64_32 /Users/admin/builder/spi-builder-workspace/.dependencies/checkouts/vgsl/VGSLFundamentals/reactive/Property.swift (in target 'VGSLFundamentals' from project 'vgsl')
cd /Users/admin/builder/spi-builder-workspace/.swiftpm/xcode
builtin-SwiftPerFileCompile Property.swift
SwiftCompile normal arm64_32 /Users/admin/builder/spi-builder-workspace/.dependencies/checkouts/vgsl/VGSLFundamentals/reactive/ResettableLazy.swift (in target 'VGSLFundamentals' from project 'vgsl')
cd /Users/admin/builder/spi-builder-workspace/.swiftpm/xcode
builtin-SwiftPerFileCompile ResettableLazy.swift
SwiftCompile normal arm64_32 Compiling\ SafeDecodable.swift,\ SizedItem.swift,\ AllocatedUnfairLock.swift,\ AnyAsyncSequence.swift,\ Atomic.swift,\ GCD.swift,\ RWLock.swift,\ ThreadExtensions.swift,\ AsyncOperation.swift,\ MainQueue.swift,\ OperationQueue.swift /Users/admin/builder/spi-builder-workspace/.dependencies/checkouts/vgsl/VGSLFundamentals/cache/SafeDecodable.swift /Users/admin/builder/spi-builder-workspace/.dependencies/checkouts/vgsl/VGSLFundamentals/cache/SizedItem.swift /Users/admin/builder/spi-builder-workspace/.dependencies/checkouts/vgsl/VGSLFundamentals/concurrency/AllocatedUnfairLock.swift /Users/admin/builder/spi-builder-workspace/.dependencies/checkouts/vgsl/VGSLFundamentals/concurrency/AnyAsyncSequence.swift /Users/admin/builder/spi-builder-workspace/.dependencies/checkouts/vgsl/VGSLFundamentals/concurrency/Atomic.swift /Users/admin/builder/spi-builder-workspace/.dependencies/checkouts/vgsl/VGSLFundamentals/concurrency/GCD.swift /Users/admin/builder/spi-builder-workspace/.dependencies/checkouts/vgsl/VGSLFundamentals/concurrency/RWLock.swift /Users/admin/builder/spi-builder-workspace/.dependencies/checkouts/vgsl/VGSLFundamentals/concurrency/ThreadExtensions.swift /Users/admin/builder/spi-builder-workspace/.dependencies/checkouts/vgsl/VGSLFundamentals/concurrency/operations/AsyncOperation.swift /Users/admin/builder/spi-builder-workspace/.dependencies/checkouts/vgsl/VGSLFundamentals/concurrency/operations/MainQueue.swift /Users/admin/builder/spi-builder-workspace/.dependencies/checkouts/vgsl/VGSLFundamentals/concurrency/operations/OperationQueue.swift (in target 'VGSLFundamentals' from project 'vgsl')
SwiftCompile normal arm64_32 /Users/admin/builder/spi-builder-workspace/.dependencies/checkouts/vgsl/VGSLFundamentals/cache/SafeDecodable.swift (in target 'VGSLFundamentals' from project 'vgsl')
cd /Users/admin/builder/spi-builder-workspace/.swiftpm/xcode
builtin-SwiftPerFileCompile SafeDecodable.swift
SwiftCompile normal arm64_32 /Users/admin/builder/spi-builder-workspace/.dependencies/checkouts/vgsl/VGSLFundamentals/cache/SizedItem.swift (in target 'VGSLFundamentals' from project 'vgsl')
cd /Users/admin/builder/spi-builder-workspace/.swiftpm/xcode
builtin-SwiftPerFileCompile SizedItem.swift
SwiftCompile normal arm64_32 /Users/admin/builder/spi-builder-workspace/.dependencies/checkouts/vgsl/VGSLFundamentals/concurrency/AllocatedUnfairLock.swift (in target 'VGSLFundamentals' from project 'vgsl')
cd /Users/admin/builder/spi-builder-workspace/.swiftpm/xcode
builtin-SwiftPerFileCompile AllocatedUnfairLock.swift
SwiftCompile normal arm64_32 /Users/admin/builder/spi-builder-workspace/.dependencies/checkouts/vgsl/VGSLFundamentals/concurrency/AnyAsyncSequence.swift (in target 'VGSLFundamentals' from project 'vgsl')
cd /Users/admin/builder/spi-builder-workspace/.swiftpm/xcode
builtin-SwiftPerFileCompile AnyAsyncSequence.swift
SwiftCompile normal arm64_32 /Users/admin/builder/spi-builder-workspace/.dependencies/checkouts/vgsl/VGSLFundamentals/concurrency/Atomic.swift (in target 'VGSLFundamentals' from project 'vgsl')
cd /Users/admin/builder/spi-builder-workspace/.swiftpm/xcode
builtin-SwiftPerFileCompile Atomic.swift
SwiftCompile normal arm64_32 /Users/admin/builder/spi-builder-workspace/.dependencies/checkouts/vgsl/VGSLFundamentals/concurrency/GCD.swift (in target 'VGSLFundamentals' from project 'vgsl')
cd /Users/admin/builder/spi-builder-workspace/.swiftpm/xcode
builtin-SwiftPerFileCompile GCD.swift
SwiftCompile normal arm64_32 /Users/admin/builder/spi-builder-workspace/.dependencies/checkouts/vgsl/VGSLFundamentals/concurrency/RWLock.swift (in target 'VGSLFundamentals' from project 'vgsl')
cd /Users/admin/builder/spi-builder-workspace/.swiftpm/xcode
builtin-SwiftPerFileCompile RWLock.swift
SwiftCompile normal arm64_32 /Users/admin/builder/spi-builder-workspace/.dependencies/checkouts/vgsl/VGSLFundamentals/concurrency/ThreadExtensions.swift (in target 'VGSLFundamentals' from project 'vgsl')
cd /Users/admin/builder/spi-builder-workspace/.swiftpm/xcode
builtin-SwiftPerFileCompile ThreadExtensions.swift
SwiftCompile normal arm64_32 /Users/admin/builder/spi-builder-workspace/.dependencies/checkouts/vgsl/VGSLFundamentals/concurrency/operations/AsyncOperation.swift (in target 'VGSLFundamentals' from project 'vgsl')
cd /Users/admin/builder/spi-builder-workspace/.swiftpm/xcode
builtin-SwiftPerFileCompile AsyncOperation.swift
SwiftCompile normal arm64_32 /Users/admin/builder/spi-builder-workspace/.dependencies/checkouts/vgsl/VGSLFundamentals/concurrency/operations/MainQueue.swift (in target 'VGSLFundamentals' from project 'vgsl')
cd /Users/admin/builder/spi-builder-workspace/.swiftpm/xcode
builtin-SwiftPerFileCompile MainQueue.swift
SwiftCompile normal arm64_32 /Users/admin/builder/spi-builder-workspace/.dependencies/checkouts/vgsl/VGSLFundamentals/concurrency/operations/OperationQueue.swift (in target 'VGSLFundamentals' from project 'vgsl')
cd /Users/admin/builder/spi-builder-workspace/.swiftpm/xcode
builtin-SwiftPerFileCompile OperationQueue.swift
SwiftEmitModule normal arm64 Emitting\ module\ for\ VGSLFundamentals (in target 'VGSLFundamentals' from project 'vgsl')
SwiftCompile normal arm64 (in target 'VGSLFundamentals' from project 'vgsl')
cd /Users/admin/builder/spi-builder-workspace/.swiftpm/xcode
SwiftDriverJobDiscovery normal arm64_32 Emitting module for VGSLFundamentals (in target 'VGSLFundamentals' from project 'vgsl')
SwiftDriver\ Compilation\ Requirements VGSLFundamentals normal arm64_32 com.apple.xcode.tools.swift.compiler (in target 'VGSLFundamentals' from project 'vgsl')
cd /Users/admin/builder/spi-builder-workspace/.swiftpm/xcode
builtin-Swift-Compilation-Requirements -- /Applications/Xcode-27.0.0-Release.Candidate.app/Contents/Developer/Toolchains/XcodeDefault.xctoolchain/usr/bin/swiftc -parse-as-library -module-name VGSLFundamentals -Onone @/Users/admin/builder/spi-builder-workspace/.derivedData/Build/Intermediates.noindex/vgsl.build/Debug-watchos/VGSLFundamentals-t.build/Objects-normal/arm64_32/VGSLFundamentals.SwiftFileList -DSWIFT_PACKAGE -DDEBUG -DSWIFT_MODULE_RESOURCE_BUNDLE_AVAILABLE -DXcode -enable-experimental-feature AccessLevelOnImport -plugin-path /Applications/Xcode-27.0.0-Release.Candidate.app/Contents/Developer/Toolchains/XcodeDefault.xctoolchain/usr/lib/swift/host/plugins/testing -enable-experimental-feature DebugDescriptionMacro -sdk /Applications/Xcode-27.0.0-Release.Candidate.app/Contents/Developer/Platforms/WatchOS.platform/Developer/SDKs/WatchOS27.0.sdk -target arm64_32-apple-watchos9.0 -g -module-cache-path /Users/admin/builder/spi-builder-workspace/.derivedData/ModuleCache.noindex -Xfrontend -serialize-debugging-options -enable-testing -suppress-warnings -index-store-path /Users/admin/builder/spi-builder-workspace/.derivedData/Index.noindex/DataStore -Xcc -D_LIBCPP_HARDENING_MODE\=_LIBCPP_HARDENING_MODE_DEBUG -swift-version 6 -I /Users/admin/builder/spi-builder-workspace/.derivedData/Build/Products/Debug-watchos -Isystem /Applications/Xcode-27.0.0-Release.Candidate.app/Contents/Developer/Platforms/WatchOS.platform/Developer/usr/lib -F /Users/admin/builder/spi-builder-workspace/.derivedData/Build/Products/Debug-watchos -F /Applications/Xcode-27.0.0-Release.Candidate.app/Contents/Developer/Platforms/WatchOS.platform/Developer/Library/Frameworks -F /Applications/Xcode-27.0.0-Release.Candidate.app/Contents/Developer/Platforms/WatchOS.platform/Developer/SDKs/WatchOS27.0.sdk/Developer/Library/Frameworks -c -j10 -enable-batch-mode -incremental -Xcc -ivfsstatcache -Xcc /Users/admin/builder/spi-builder-workspace/.derivedData/SDKStatCaches.noindex/watchos27.0-24R360-e829b21a6f8c9b70876ba0858053c04477534ef55a1706bf4c1112bbb242f0a2.sdkstatcache -output-file-map /Users/admin/builder/spi-builder-workspace/.derivedData/Build/Intermediates.noindex/vgsl.build/Debug-watchos/VGSLFundamentals-t.build/Objects-normal/arm64_32/VGSLFundamentals-OutputFileMap.json -save-temps -no-color-diagnostics -explicit-module-build -module-cache-path /Users/admin/builder/spi-builder-workspace/.derivedData/Build/Intermediates.noindex/SwiftExplicitPrecompiledModules -clang-scanner-module-cache-path /Users/admin/builder/spi-builder-workspace/.derivedData/ModuleCache.noindex -sdk-module-cache-path /Users/admin/builder/spi-builder-workspace/.derivedData/SDKExplicitPrecompiledModules -emit-dependencies -emit-module -emit-module-path /Users/admin/builder/spi-builder-workspace/.derivedData/Build/Intermediates.noindex/vgsl.build/Debug-watchos/VGSLFundamentals-t.build/Objects-normal/arm64_32/VGSLFundamentals.swiftmodule -serialize-diagnostics -dependency-scan-serialize-diagnostics-path /Users/admin/builder/spi-builder-workspace/.derivedData/Build/Intermediates.noindex/vgsl.build/Debug-watchos/VGSLFundamentals-t.build/Objects-normal/arm64_32/VGSLFundamentals-dependency-scan.dia -user-module-version 7.25.4 -validate-clang-modules-once -clang-build-session-file /Users/admin/builder/spi-builder-workspace/.derivedData/ModuleCache.noindex/Session.modulevalidation -Xcc -fmodules-prune-interval\=86400 -Xcc -fmodules-prune-after\=345600 -package-name vgsl -emit-const-values -const-gather-protocols-list /Users/admin/builder/spi-builder-workspace/.derivedData/Build/Intermediates.noindex/vgsl.build/Debug-watchos/VGSLFundamentals-t.build/Objects-normal/arm64_32/VGSLFundamentals_const_extract_protocols.json -Xcc -I/Users/admin/builder/spi-builder-workspace/.derivedData/Build/Products/Debug-watchos/include -Xcc -I/Users/admin/builder/spi-builder-workspace/.derivedData/Build/Intermediates.noindex/vgsl.build/Debug-watchos/VGSLFundamentals-t.build/DerivedSources-normal/arm64_32 -Xcc -I/Users/admin/builder/spi-builder-workspace/.derivedData/Build/Intermediates.noindex/vgsl.build/Debug-watchos/VGSLFundamentals-t.build/DerivedSources/arm64_32 -Xcc -I/Users/admin/builder/spi-builder-workspace/.derivedData/Build/Intermediates.noindex/vgsl.build/Debug-watchos/VGSLFundamentals-t.build/DerivedSources -Xcc -DSWIFT_PACKAGE -Xcc -DDEBUG\=1 -emit-objc-header -emit-objc-header-path /Users/admin/builder/spi-builder-workspace/.derivedData/Build/Intermediates.noindex/vgsl.build/Debug-watchos/VGSLFundamentals-t.build/Objects-normal/arm64_32/VGSLFundamentals-Swift.h -working-directory /Users/admin/builder/spi-builder-workspace/.swiftpm/xcode -experimental-emit-module-separately -disable-cmo
SwiftDriverJobDiscovery normal arm64_32 Compiling ObjectsReusability.swift, PersistentStorage.swift, Property+Storage.swift, Radix.swift, Resetting.swift, Tagged.swift, Time.swift, UrlOpener.swift, WeakCollection.swift, Zip3.swift, Cache.swift (in target 'VGSLFundamentals' from project 'vgsl')
SwiftCompile normal arm64 Compiling\ ResultExtensions.swift,\ SequenceExtensions.swift,\ SetExtensions.swift,\ StringExtensions+Foundation.swift,\ StringExtensions.swift,\ TupleExtensions.swift,\ URLExtensions.swift,\ UnsignedIntegerExtensions.swift,\ LocalResourceURLProviding.swift,\ URLResourceRequesting.swift /Users/admin/builder/spi-builder-workspace/.dependencies/checkouts/vgsl/VGSLFundamentals/extensions/ResultExtensions.swift /Users/admin/builder/spi-builder-workspace/.dependencies/checkouts/vgsl/VGSLFundamentals/extensions/SequenceExtensions.swift /Users/admin/builder/spi-builder-workspace/.dependencies/checkouts/vgsl/VGSLFundamentals/extensions/SetExtensions.swift /Users/admin/builder/spi-builder-workspace/.dependencies/checkouts/vgsl/VGSLFundamentals/extensions/StringExtensions+Foundation.swift /Users/admin/builder/spi-builder-workspace/.dependencies/checkouts/vgsl/VGSLFundamentals/extensions/StringExtensions.swift /Users/admin/builder/spi-builder-workspace/.dependencies/checkouts/vgsl/VGSLFundamentals/extensions/TupleExtensions.swift /Users/admin/builder/spi-builder-workspace/.dependencies/checkouts/vgsl/VGSLFundamentals/extensions/URLExtensions.swift /Users/admin/builder/spi-builder-workspace/.dependencies/checkouts/vgsl/VGSLFundamentals/extensions/UnsignedIntegerExtensions.swift /Users/admin/builder/spi-builder-workspace/.dependencies/checkouts/vgsl/VGSLFundamentals/networking/LocalResourceURLProviding.swift /Users/admin/builder/spi-builder-workspace/.dependencies/checkouts/vgsl/VGSLFundamentals/networking/URLResourceRequesting.swift (in target 'VGSLFundamentals' from project 'vgsl')
SwiftCompile normal arm64 /Users/admin/builder/spi-builder-workspace/.dependencies/checkouts/vgsl/VGSLFundamentals/extensions/ResultExtensions.swift (in target 'VGSLFundamentals' from project 'vgsl')
cd /Users/admin/builder/spi-builder-workspace/.swiftpm/xcode
builtin-SwiftPerFileCompile ResultExtensions.swift
SwiftCompile normal arm64 /Users/admin/builder/spi-builder-workspace/.dependencies/checkouts/vgsl/VGSLFundamentals/extensions/SequenceExtensions.swift (in target 'VGSLFundamentals' from project 'vgsl')
cd /Users/admin/builder/spi-builder-workspace/.swiftpm/xcode
builtin-SwiftPerFileCompile SequenceExtensions.swift
SwiftCompile normal arm64 /Users/admin/builder/spi-builder-workspace/.dependencies/checkouts/vgsl/VGSLFundamentals/extensions/SetExtensions.swift (in target 'VGSLFundamentals' from project 'vgsl')
cd /Users/admin/builder/spi-builder-workspace/.swiftpm/xcode
builtin-SwiftPerFileCompile SetExtensions.swift
SwiftCompile normal arm64 /Users/admin/builder/spi-builder-workspace/.dependencies/checkouts/vgsl/VGSLFundamentals/extensions/StringExtensions+Foundation.swift (in target 'VGSLFundamentals' from project 'vgsl')
cd /Users/admin/builder/spi-builder-workspace/.swiftpm/xcode
builtin-SwiftPerFileCompile StringExtensions+Foundation.swift
SwiftCompile normal arm64 /Users/admin/builder/spi-builder-workspace/.dependencies/checkouts/vgsl/VGSLFundamentals/extensions/StringExtensions.swift (in target 'VGSLFundamentals' from project 'vgsl')
cd /Users/admin/builder/spi-builder-workspace/.swiftpm/xcode
builtin-SwiftPerFileCompile StringExtensions.swift
SwiftCompile normal arm64 /Users/admin/builder/spi-builder-workspace/.dependencies/checkouts/vgsl/VGSLFundamentals/extensions/TupleExtensions.swift (in target 'VGSLFundamentals' from project 'vgsl')
cd /Users/admin/builder/spi-builder-workspace/.swiftpm/xcode
builtin-SwiftPerFileCompile TupleExtensions.swift
SwiftCompile normal arm64 /Users/admin/builder/spi-builder-workspace/.dependencies/checkouts/vgsl/VGSLFundamentals/extensions/URLExtensions.swift (in target 'VGSLFundamentals' from project 'vgsl')
cd /Users/admin/builder/spi-builder-workspace/.swiftpm/xcode
builtin-SwiftPerFileCompile URLExtensions.swift
SwiftCompile normal arm64 /Users/admin/builder/spi-builder-workspace/.dependencies/checkouts/vgsl/VGSLFundamentals/extensions/UnsignedIntegerExtensions.swift (in target 'VGSLFundamentals' from project 'vgsl')
cd /Users/admin/builder/spi-builder-workspace/.swiftpm/xcode
builtin-SwiftPerFileCompile UnsignedIntegerExtensions.swift
SwiftCompile normal arm64 /Users/admin/builder/spi-builder-workspace/.dependencies/checkouts/vgsl/VGSLFundamentals/networking/LocalResourceURLProviding.swift (in target 'VGSLFundamentals' from project 'vgsl')
cd /Users/admin/builder/spi-builder-workspace/.swiftpm/xcode
builtin-SwiftPerFileCompile LocalResourceURLProviding.swift
SwiftCompile normal arm64 /Users/admin/builder/spi-builder-workspace/.dependencies/checkouts/vgsl/VGSLFundamentals/networking/URLResourceRequesting.swift (in target 'VGSLFundamentals' from project 'vgsl')
cd /Users/admin/builder/spi-builder-workspace/.swiftpm/xcode
builtin-SwiftPerFileCompile URLResourceRequesting.swift
SwiftCompile normal arm64 Compiling\ CacheContent.swift,\ CacheFactory.swift,\ CacheKey.swift,\ CacheRecord.swift,\ CacheStorage.swift,\ DiskCache.swift,\ LRUCacheStorage.swift,\ LRUMemoization.swift,\ LinkedListOrderedDictionary.swift,\ OrderedDictionary.swift,\ ParameterizedDiskCache.swift /Users/admin/builder/spi-builder-workspace/.dependencies/checkouts/vgsl/VGSLFundamentals/cache/CacheContent.swift /Users/admin/builder/spi-builder-workspace/.dependencies/checkouts/vgsl/VGSLFundamentals/cache/CacheFactory.swift /Users/admin/builder/spi-builder-workspace/.dependencies/checkouts/vgsl/VGSLFundamentals/cache/CacheKey.swift /Users/admin/builder/spi-builder-workspace/.dependencies/checkouts/vgsl/VGSLFundamentals/cache/CacheRecord.swift /Users/admin/builder/spi-builder-workspace/.dependencies/checkouts/vgsl/VGSLFundamentals/cache/CacheStorage.swift /Users/admin/builder/spi-builder-workspace/.dependencies/checkouts/vgsl/VGSLFundamentals/cache/DiskCache.swift /Users/admin/builder/spi-builder-workspace/.dependencies/checkouts/vgsl/VGSLFundamentals/cache/LRUCacheStorage.swift /Users/admin/builder/spi-builder-workspace/.dependencies/checkouts/vgsl/VGSLFundamentals/cache/LRUMemoization.swift /Users/admin/builder/spi-builder-workspace/.dependencies/checkouts/vgsl/VGSLFundamentals/cache/LinkedListOrderedDictionary.swift /Users/admin/builder/spi-builder-workspace/.dependencies/checkouts/vgsl/VGSLFundamentals/cache/OrderedDictionary.swift /Users/admin/builder/spi-builder-workspace/.dependencies/checkouts/vgsl/VGSLFundamentals/cache/ParameterizedDiskCache.swift (in target 'VGSLFundamentals' from project 'vgsl')
SwiftCompile normal arm64 /Users/admin/builder/spi-builder-workspace/.dependencies/checkouts/vgsl/VGSLFundamentals/cache/CacheContent.swift (in target 'VGSLFundamentals' from project 'vgsl')
cd /Users/admin/builder/spi-builder-workspace/.swiftpm/xcode
builtin-SwiftPerFileCompile CacheContent.swift
SwiftCompile normal arm64 /Users/admin/builder/spi-builder-workspace/.dependencies/checkouts/vgsl/VGSLFundamentals/cache/CacheFactory.swift (in target 'VGSLFundamentals' from project 'vgsl')
cd /Users/admin/builder/spi-builder-workspace/.swiftpm/xcode
builtin-SwiftPerFileCompile CacheFactory.swift
SwiftCompile normal arm64 /Users/admin/builder/spi-builder-workspace/.dependencies/checkouts/vgsl/VGSLFundamentals/cache/CacheKey.swift (in target 'VGSLFundamentals' from project 'vgsl')
cd /Users/admin/builder/spi-builder-workspace/.swiftpm/xcode
builtin-SwiftPerFileCompile CacheKey.swift
SwiftCompile normal arm64 /Users/admin/builder/spi-builder-workspace/.dependencies/checkouts/vgsl/VGSLFundamentals/cache/CacheRecord.swift (in target 'VGSLFundamentals' from project 'vgsl')
cd /Users/admin/builder/spi-builder-workspace/.swiftpm/xcode
builtin-SwiftPerFileCompile CacheRecord.swift
SwiftCompile normal arm64 /Users/admin/builder/spi-builder-workspace/.dependencies/checkouts/vgsl/VGSLFundamentals/cache/CacheStorage.swift (in target 'VGSLFundamentals' from project 'vgsl')
cd /Users/admin/builder/spi-builder-workspace/.swiftpm/xcode
builtin-SwiftPerFileCompile CacheStorage.swift
SwiftCompile normal arm64 /Users/admin/builder/spi-builder-workspace/.dependencies/checkouts/vgsl/VGSLFundamentals/cache/DiskCache.swift (in target 'VGSLFundamentals' from project 'vgsl')
cd /Users/admin/builder/spi-builder-workspace/.swiftpm/xcode
builtin-SwiftPerFileCompile DiskCache.swift
SwiftCompile normal arm64 /Users/admin/builder/spi-builder-workspace/.dependencies/checkouts/vgsl/VGSLFundamentals/cache/LRUCacheStorage.swift (in target 'VGSLFundamentals' from project 'vgsl')
cd /Users/admin/builder/spi-builder-workspace/.swiftpm/xcode
builtin-SwiftPerFileCompile LRUCacheStorage.swift
SwiftCompile normal arm64 /Users/admin/builder/spi-builder-workspace/.dependencies/checkouts/vgsl/VGSLFundamentals/cache/LRUMemoization.swift (in target 'VGSLFundamentals' from project 'vgsl')
cd /Users/admin/builder/spi-builder-workspace/.swiftpm/xcode
builtin-SwiftPerFileCompile LRUMemoization.swift
SwiftCompile normal arm64 /Users/admin/builder/spi-builder-workspace/.dependencies/checkouts/vgsl/VGSLFundamentals/cache/LinkedListOrderedDictionary.swift (in target 'VGSLFundamentals' from project 'vgsl')
cd /Users/admin/builder/spi-builder-workspace/.swiftpm/xcode
builtin-SwiftPerFileCompile LinkedListOrderedDictionary.swift
SwiftCompile normal arm64 /Users/admin/builder/spi-builder-workspace/.dependencies/checkouts/vgsl/VGSLFundamentals/cache/OrderedDictionary.swift (in target 'VGSLFundamentals' from project 'vgsl')
cd /Users/admin/builder/spi-builder-workspace/.swiftpm/xcode
builtin-SwiftPerFileCompile OrderedDictionary.swift
SwiftCompile normal arm64 /Users/admin/builder/spi-builder-workspace/.dependencies/checkouts/vgsl/VGSLFundamentals/cache/ParameterizedDiskCache.swift (in target 'VGSLFundamentals' from project 'vgsl')
cd /Users/admin/builder/spi-builder-workspace/.swiftpm/xcode
builtin-SwiftPerFileCompile ParameterizedDiskCache.swift
SwiftCompile normal arm64 Compiling\ NonEmpty+Array.swift,\ NonEmpty+Set.swift,\ NonEmpty+String.swift,\ NonEmpty.swift,\ FileManaging.swift,\ Cancellable.swift,\ DebugInfo.swift,\ Lazy.swift,\ Property.swift,\ ResettableLazy.swift /Users/admin/builder/spi-builder-workspace/.dependencies/checkouts/vgsl/VGSLFundamentals/nonempty/NonEmpty+Array.swift /Users/admin/builder/spi-builder-workspace/.dependencies/checkouts/vgsl/VGSLFundamentals/nonempty/NonEmpty+Set.swift /Users/admin/builder/spi-builder-workspace/.dependencies/checkouts/vgsl/VGSLFundamentals/nonempty/NonEmpty+String.swift /Users/admin/builder/spi-builder-workspace/.dependencies/checkouts/vgsl/VGSLFundamentals/nonempty/NonEmpty.swift /Users/admin/builder/spi-builder-workspace/.dependencies/checkouts/vgsl/VGSLFundamentals/os/FileManaging.swift /Users/admin/builder/spi-builder-workspace/.dependencies/checkouts/vgsl/VGSLFundamentals/reactive/Cancellable.swift /Users/admin/builder/spi-builder-workspace/.dependencies/checkouts/vgsl/VGSLFundamentals/reactive/DebugInfo.swift /Users/admin/builder/spi-builder-workspace/.dependencies/checkouts/vgsl/VGSLFundamentals/reactive/Lazy.swift /Users/admin/builder/spi-builder-workspace/.dependencies/checkouts/vgsl/VGSLFundamentals/reactive/Property.swift /Users/admin/builder/spi-builder-workspace/.dependencies/checkouts/vgsl/VGSLFundamentals/reactive/ResettableLazy.swift (in target 'VGSLFundamentals' from project 'vgsl')
SwiftCompile normal arm64 /Users/admin/builder/spi-builder-workspace/.dependencies/checkouts/vgsl/VGSLFundamentals/nonempty/NonEmpty+Array.swift (in target 'VGSLFundamentals' from project 'vgsl')
cd /Users/admin/builder/spi-builder-workspace/.swiftpm/xcode
builtin-SwiftPerFileCompile NonEmpty+Array.swift
SwiftCompile normal arm64 /Users/admin/builder/spi-builder-workspace/.dependencies/checkouts/vgsl/VGSLFundamentals/nonempty/NonEmpty+Set.swift (in target 'VGSLFundamentals' from project 'vgsl')
cd /Users/admin/builder/spi-builder-workspace/.swiftpm/xcode
builtin-SwiftPerFileCompile NonEmpty+Set.swift
SwiftCompile normal arm64 /Users/admin/builder/spi-builder-workspace/.dependencies/checkouts/vgsl/VGSLFundamentals/nonempty/NonEmpty+String.swift (in target 'VGSLFundamentals' from project 'vgsl')
cd /Users/admin/builder/spi-builder-workspace/.swiftpm/xcode
builtin-SwiftPerFileCompile NonEmpty+String.swift
SwiftCompile normal arm64 /Users/admin/builder/spi-builder-workspace/.dependencies/checkouts/vgsl/VGSLFundamentals/nonempty/NonEmpty.swift (in target 'VGSLFundamentals' from project 'vgsl')
cd /Users/admin/builder/spi-builder-workspace/.swiftpm/xcode
builtin-SwiftPerFileCompile NonEmpty.swift
SwiftCompile normal arm64 /Users/admin/builder/spi-builder-workspace/.dependencies/checkouts/vgsl/VGSLFundamentals/os/FileManaging.swift (in target 'VGSLFundamentals' from project 'vgsl')
cd /Users/admin/builder/spi-builder-workspace/.swiftpm/xcode
builtin-SwiftPerFileCompile FileManaging.swift
SwiftCompile normal arm64 /Users/admin/builder/spi-builder-workspace/.dependencies/checkouts/vgsl/VGSLFundamentals/reactive/Cancellable.swift (in target 'VGSLFundamentals' from project 'vgsl')
cd /Users/admin/builder/spi-builder-workspace/.swiftpm/xcode
builtin-SwiftPerFileCompile Cancellable.swift
SwiftCompile normal arm64 /Users/admin/builder/spi-builder-workspace/.dependencies/checkouts/vgsl/VGSLFundamentals/reactive/DebugInfo.swift (in target 'VGSLFundamentals' from project 'vgsl')
cd /Users/admin/builder/spi-builder-workspace/.swiftpm/xcode
builtin-SwiftPerFileCompile DebugInfo.swift
SwiftCompile normal arm64 /Users/admin/builder/spi-builder-workspace/.dependencies/checkouts/vgsl/VGSLFundamentals/reactive/Lazy.swift (in target 'VGSLFundamentals' from project 'vgsl')
cd /Users/admin/builder/spi-builder-workspace/.swiftpm/xcode
builtin-SwiftPerFileCompile Lazy.swift
SwiftCompile normal arm64 /Users/admin/builder/spi-builder-workspace/.dependencies/checkouts/vgsl/VGSLFundamentals/reactive/Property.swift (in target 'VGSLFundamentals' from project 'vgsl')
cd /Users/admin/builder/spi-builder-workspace/.swiftpm/xcode
builtin-SwiftPerFileCompile Property.swift
SwiftCompile normal arm64 /Users/admin/builder/spi-builder-workspace/.dependencies/checkouts/vgsl/VGSLFundamentals/reactive/ResettableLazy.swift (in target 'VGSLFundamentals' from project 'vgsl')
cd /Users/admin/builder/spi-builder-workspace/.swiftpm/xcode
builtin-SwiftPerFileCompile ResettableLazy.swift
SwiftCompile normal arm64 Compiling\ Result.swift,\ Signal+CombineLatest.swift,\ Signal.swift,\ SignalPipe.swift,\ Variable.swift,\ AutodisposePool.swift,\ Disposable.swift,\ ObservableProperty.swift,\ ObservableVariable.swift,\ ObservableVariableConnection.swift /Users/admin/builder/spi-builder-workspace/.dependencies/checkouts/vgsl/VGSLFundamentals/reactive/Result.swift /Users/admin/builder/spi-builder-workspace/.dependencies/checkouts/vgsl/VGSLFundamentals/reactive/Signal+CombineLatest.swift /Users/admin/builder/spi-builder-workspace/.dependencies/checkouts/vgsl/VGSLFundamentals/reactive/Signal.swift /Users/admin/builder/spi-builder-workspace/.dependencies/checkouts/vgsl/VGSLFundamentals/reactive/SignalPipe.swift /Users/admin/builder/spi-builder-workspace/.dependencies/checkouts/vgsl/VGSLFundamentals/reactive/Variable.swift /Users/admin/builder/spi-builder-workspace/.dependencies/checkouts/vgsl/VGSLFundamentals/reactive/disposable/AutodisposePool.swift /Users/admin/builder/spi-builder-workspace/.dependencies/checkouts/vgsl/VGSLFundamentals/reactive/disposable/Disposable.swift /Users/admin/builder/spi-builder-workspace/.dependencies/checkouts/vgsl/VGSLFundamentals/reactive/observing/ObservableProperty.swift /Users/admin/builder/spi-builder-workspace/.dependencies/checkouts/vgsl/VGSLFundamentals/reactive/observing/ObservableVariable.swift /Users/admin/builder/spi-builder-workspace/.dependencies/checkouts/vgsl/VGSLFundamentals/reactive/observing/ObservableVariableConnection.swift (in target 'VGSLFundamentals' from project 'vgsl')
SwiftCompile normal arm64 /Users/admin/builder/spi-builder-workspace/.dependencies/checkouts/vgsl/VGSLFundamentals/reactive/Result.swift (in target 'VGSLFundamentals' from project 'vgsl')
cd /Users/admin/builder/spi-builder-workspace/.swiftpm/xcode
builtin-SwiftPerFileCompile Result.swift
SwiftCompile normal arm64 /Users/admin/builder/spi-builder-workspace/.dependencies/checkouts/vgsl/VGSLFundamentals/reactive/Signal+CombineLatest.swift (in target 'VGSLFundamentals' from project 'vgsl')
cd /Users/admin/builder/spi-builder-workspace/.swiftpm/xcode
builtin-SwiftPerFileCompile Signal+CombineLatest.swift
SwiftCompile normal arm64 /Users/admin/builder/spi-builder-workspace/.dependencies/checkouts/vgsl/VGSLFundamentals/reactive/Signal.swift (in target 'VGSLFundamentals' from project 'vgsl')
cd /Users/admin/builder/spi-builder-workspace/.swiftpm/xcode
builtin-SwiftPerFileCompile Signal.swift
SwiftCompile normal arm64 /Users/admin/builder/spi-builder-workspace/.dependencies/checkouts/vgsl/VGSLFundamentals/reactive/SignalPipe.swift (in target 'VGSLFundamentals' from project 'vgsl')
cd /Users/admin/builder/spi-builder-workspace/.swiftpm/xcode
builtin-SwiftPerFileCompile SignalPipe.swift
SwiftCompile normal arm64 /Users/admin/builder/spi-builder-workspace/.dependencies/checkouts/vgsl/VGSLFundamentals/reactive/Variable.swift (in target 'VGSLFundamentals' from project 'vgsl')
cd /Users/admin/builder/spi-builder-workspace/.swiftpm/xcode
builtin-SwiftPerFileCompile Variable.swift
SwiftCompile normal arm64 /Users/admin/builder/spi-builder-workspace/.dependencies/checkouts/vgsl/VGSLFundamentals/reactive/disposable/AutodisposePool.swift (in target 'VGSLFundamentals' from project 'vgsl')
cd /Users/admin/builder/spi-builder-workspace/.swiftpm/xcode
builtin-SwiftPerFileCompile AutodisposePool.swift
SwiftCompile normal arm64 /Users/admin/builder/spi-builder-workspace/.dependencies/checkouts/vgsl/VGSLFundamentals/reactive/disposable/Disposable.swift (in target 'VGSLFundamentals' from project 'vgsl')
cd /Users/admin/builder/spi-builder-workspace/.swiftpm/xcode
builtin-SwiftPerFileCompile Disposable.swift
SwiftCompile normal arm64 /Users/admin/builder/spi-builder-workspace/.dependencies/checkouts/vgsl/VGSLFundamentals/reactive/observing/ObservableProperty.swift (in target 'VGSLFundamentals' from project 'vgsl')
cd /Users/admin/builder/spi-builder-workspace/.swiftpm/xcode
builtin-SwiftPerFileCompile ObservableProperty.swift
SwiftCompile normal arm64 /Users/admin/builder/spi-builder-workspace/.dependencies/checkouts/vgsl/VGSLFundamentals/reactive/observing/ObservableVariable.swift (in target 'VGSLFundamentals' from project 'vgsl')
cd /Users/admin/builder/spi-builder-workspace/.swiftpm/xcode
builtin-SwiftPerFileCompile ObservableVariable.swift
SwiftCompile normal arm64 /Users/admin/builder/spi-builder-workspace/.dependencies/checkouts/vgsl/VGSLFundamentals/reactive/observing/ObservableVariableConnection.swift (in target 'VGSLFundamentals' from project 'vgsl')
cd /Users/admin/builder/spi-builder-workspace/.swiftpm/xcode
builtin-SwiftPerFileCompile ObservableVariableConnection.swift
SwiftDriverJobDiscovery normal arm64_32 Compiling Observer.swift, Either.swift, Future.swift, FutureExtensions.swift, Promise.swift, KeyValueDirectStoringSupporting.swift, KeyValueStorage.swift, SettingProperty.swift, SingleValueCoder.swift, weakify.swift (in target 'VGSLFundamentals' from project 'vgsl')
SwiftCompile normal arm64 Compiling\ ArrayExtensions.swift,\ CollectionExtensions.swift,\ DictionaryExtensions.swift,\ EncodableExtensions.swift,\ HTTPURLResponse+Extensions.swift,\ IndexSetExtensions.swift,\ LazyExtensions.swift,\ NSArrayExtensions.swift,\ NotificationCenter+Signal.swift,\ OptionalExtensions.swift,\ RangeExtensions.swift /Users/admin/builder/spi-builder-workspace/.dependencies/checkouts/vgsl/VGSLFundamentals/extensions/ArrayExtensions.swift /Users/admin/builder/spi-builder-workspace/.dependencies/checkouts/vgsl/VGSLFundamentals/extensions/CollectionExtensions.swift /Users/admin/builder/spi-builder-workspace/.dependencies/checkouts/vgsl/VGSLFundamentals/extensions/DictionaryExtensions.swift /Users/admin/builder/spi-builder-workspace/.dependencies/checkouts/vgsl/VGSLFundamentals/extensions/EncodableExtensions.swift /Users/admin/builder/spi-builder-workspace/.dependencies/checkouts/vgsl/VGSLFundamentals/extensions/HTTPURLResponse+Extensions.swift /Users/admin/builder/spi-builder-workspace/.dependencies/checkouts/vgsl/VGSLFundamentals/extensions/IndexSetExtensions.swift /Users/admin/builder/spi-builder-workspace/.dependencies/checkouts/vgsl/VGSLFundamentals/extensions/LazyExtensions.swift /Users/admin/builder/spi-builder-workspace/.dependencies/checkouts/vgsl/VGSLFundamentals/extensions/NSArrayExtensions.swift /Users/admin/builder/spi-builder-workspace/.dependencies/checkouts/vgsl/VGSLFundamentals/extensions/NotificationCenter+Signal.swift /Users/admin/builder/spi-builder-workspace/.dependencies/checkouts/vgsl/VGSLFundamentals/extensions/OptionalExtensions.swift /Users/admin/builder/spi-builder-workspace/.dependencies/checkouts/vgsl/VGSLFundamentals/extensions/RangeExtensions.swift (in target 'VGSLFundamentals' from project 'vgsl')
SwiftCompile normal arm64 /Users/admin/builder/spi-builder-workspace/.dependencies/checkouts/vgsl/VGSLFundamentals/extensions/ArrayExtensions.swift (in target 'VGSLFundamentals' from project 'vgsl')
cd /Users/admin/builder/spi-builder-workspace/.swiftpm/xcode
builtin-SwiftPerFileCompile ArrayExtensions.swift
SwiftCompile normal arm64 /Users/admin/builder/spi-builder-workspace/.dependencies/checkouts/vgsl/VGSLFundamentals/extensions/CollectionExtensions.swift (in target 'VGSLFundamentals' from project 'vgsl')
cd /Users/admin/builder/spi-builder-workspace/.swiftpm/xcode
builtin-SwiftPerFileCompile CollectionExtensions.swift
SwiftCompile normal arm64 /Users/admin/builder/spi-builder-workspace/.dependencies/checkouts/vgsl/VGSLFundamentals/extensions/DictionaryExtensions.swift (in target 'VGSLFundamentals' from project 'vgsl')
cd /Users/admin/builder/spi-builder-workspace/.swiftpm/xcode
builtin-SwiftPerFileCompile DictionaryExtensions.swift
SwiftCompile normal arm64 /Users/admin/builder/spi-builder-workspace/.dependencies/checkouts/vgsl/VGSLFundamentals/extensions/EncodableExtensions.swift (in target 'VGSLFundamentals' from project 'vgsl')
cd /Users/admin/builder/spi-builder-workspace/.swiftpm/xcode
builtin-SwiftPerFileCompile EncodableExtensions.swift
SwiftCompile normal arm64 /Users/admin/builder/spi-builder-workspace/.dependencies/checkouts/vgsl/VGSLFundamentals/extensions/HTTPURLResponse+Extensions.swift (in target 'VGSLFundamentals' from project 'vgsl')
cd /Users/admin/builder/spi-builder-workspace/.swiftpm/xcode
builtin-SwiftPerFileCompile HTTPURLResponse+Extensions.swift
SwiftCompile normal arm64 /Users/admin/builder/spi-builder-workspace/.dependencies/checkouts/vgsl/VGSLFundamentals/extensions/IndexSetExtensions.swift (in target 'VGSLFundamentals' from project 'vgsl')
cd /Users/admin/builder/spi-builder-workspace/.swiftpm/xcode
builtin-SwiftPerFileCompile IndexSetExtensions.swift
SwiftCompile normal arm64 /Users/admin/builder/spi-builder-workspace/.dependencies/checkouts/vgsl/VGSLFundamentals/extensions/LazyExtensions.swift (in target 'VGSLFundamentals' from project 'vgsl')
cd /Users/admin/builder/spi-builder-workspace/.swiftpm/xcode
builtin-SwiftPerFileCompile LazyExtensions.swift
SwiftCompile normal arm64 /Users/admin/builder/spi-builder-workspace/.dependencies/checkouts/vgsl/VGSLFundamentals/extensions/NSArrayExtensions.swift (in target 'VGSLFundamentals' from project 'vgsl')
cd /Users/admin/builder/spi-builder-workspace/.swiftpm/xcode
builtin-SwiftPerFileCompile NSArrayExtensions.swift
SwiftCompile normal arm64 /Users/admin/builder/spi-builder-workspace/.dependencies/checkouts/vgsl/VGSLFundamentals/extensions/NotificationCenter+Signal.swift (in target 'VGSLFundamentals' from project 'vgsl')
cd /Users/admin/builder/spi-builder-workspace/.swiftpm/xcode
builtin-SwiftPerFileCompile NotificationCenter+Signal.swift
SwiftCompile normal arm64 /Users/admin/builder/spi-builder-workspace/.dependencies/checkouts/vgsl/VGSLFundamentals/extensions/OptionalExtensions.swift (in target 'VGSLFundamentals' from project 'vgsl')
cd /Users/admin/builder/spi-builder-workspace/.swiftpm/xcode
builtin-SwiftPerFileCompile OptionalExtensions.swift
SwiftCompile normal arm64 /Users/admin/builder/spi-builder-workspace/.dependencies/checkouts/vgsl/VGSLFundamentals/extensions/RangeExtensions.swift (in target 'VGSLFundamentals' from project 'vgsl')
cd /Users/admin/builder/spi-builder-workspace/.swiftpm/xcode
builtin-SwiftPerFileCompile RangeExtensions.swift
SwiftCompile normal arm64 Compiling\ Observer.swift,\ Either.swift,\ Future.swift,\ FutureExtensions.swift,\ Promise.swift,\ KeyValueDirectStoringSupporting.swift,\ KeyValueStorage.swift,\ SettingProperty.swift,\ SingleValueCoder.swift,\ weakify.swift /Users/admin/builder/spi-builder-workspace/.dependencies/checkouts/vgsl/VGSLFundamentals/reactive/observing/Observer.swift /Users/admin/builder/spi-builder-workspace/.dependencies/checkouts/vgsl/VGSLFundamentals/reactive/promises/Either.swift /Users/admin/builder/spi-builder-workspace/.dependencies/checkouts/vgsl/VGSLFundamentals/reactive/promises/Future.swift /Users/admin/builder/spi-builder-workspace/.dependencies/checkouts/vgsl/VGSLFundamentals/reactive/promises/FutureExtensions.swift /Users/admin/builder/spi-builder-workspace/.dependencies/checkouts/vgsl/VGSLFundamentals/reactive/promises/Promise.swift /Users/admin/builder/spi-builder-workspace/.dependencies/checkouts/vgsl/VGSLFundamentals/storage/KeyValueDirectStoringSupporting.swift /Users/admin/builder/spi-builder-workspace/.dependencies/checkouts/vgsl/VGSLFundamentals/storage/KeyValueStorage.swift /Users/admin/builder/spi-builder-workspace/.dependencies/checkouts/vgsl/VGSLFundamentals/storage/SettingProperty.swift /Users/admin/builder/spi-builder-workspace/.dependencies/checkouts/vgsl/VGSLFundamentals/storage/SingleValueCoder.swift /Users/admin/builder/spi-builder-workspace/.dependencies/checkouts/vgsl/VGSLFundamentals/weakify.swift (in target 'VGSLFundamentals' from project 'vgsl')
SwiftCompile normal arm64 /Users/admin/builder/spi-builder-workspace/.dependencies/checkouts/vgsl/VGSLFundamentals/reactive/observing/Observer.swift (in target 'VGSLFundamentals' from project 'vgsl')
cd /Users/admin/builder/spi-builder-workspace/.swiftpm/xcode
builtin-SwiftPerFileCompile Observer.swift
SwiftCompile normal arm64 /Users/admin/builder/spi-builder-workspace/.dependencies/checkouts/vgsl/VGSLFundamentals/reactive/promises/Either.swift (in target 'VGSLFundamentals' from project 'vgsl')
cd /Users/admin/builder/spi-builder-workspace/.swiftpm/xcode
builtin-SwiftPerFileCompile Either.swift
SwiftCompile normal arm64 /Users/admin/builder/spi-builder-workspace/.dependencies/checkouts/vgsl/VGSLFundamentals/reactive/promises/Future.swift (in target 'VGSLFundamentals' from project 'vgsl')
cd /Users/admin/builder/spi-builder-workspace/.swiftpm/xcode
builtin-SwiftPerFileCompile Future.swift
SwiftCompile normal arm64 /Users/admin/builder/spi-builder-workspace/.dependencies/checkouts/vgsl/VGSLFundamentals/reactive/promises/FutureExtensions.swift (in target 'VGSLFundamentals' from project 'vgsl')
cd /Users/admin/builder/spi-builder-workspace/.swiftpm/xcode
builtin-SwiftPerFileCompile FutureExtensions.swift
SwiftCompile normal arm64 /Users/admin/builder/spi-builder-workspace/.dependencies/checkouts/vgsl/VGSLFundamentals/reactive/promises/Promise.swift (in target 'VGSLFundamentals' from project 'vgsl')
cd /Users/admin/builder/spi-builder-workspace/.swiftpm/xcode
builtin-SwiftPerFileCompile Promise.swift
SwiftCompile normal arm64 /Users/admin/builder/spi-builder-workspace/.dependencies/checkouts/vgsl/VGSLFundamentals/storage/KeyValueDirectStoringSupporting.swift (in target 'VGSLFundamentals' from project 'vgsl')
cd /Users/admin/builder/spi-builder-workspace/.swiftpm/xcode
builtin-SwiftPerFileCompile KeyValueDirectStoringSupporting.swift
SwiftCompile normal arm64 /Users/admin/builder/spi-builder-workspace/.dependencies/checkouts/vgsl/VGSLFundamentals/storage/KeyValueStorage.swift (in target 'VGSLFundamentals' from project 'vgsl')
cd /Users/admin/builder/spi-builder-workspace/.swiftpm/xcode
builtin-SwiftPerFileCompile KeyValueStorage.swift
SwiftCompile normal arm64 /Users/admin/builder/spi-builder-workspace/.dependencies/checkouts/vgsl/VGSLFundamentals/storage/SettingProperty.swift (in target 'VGSLFundamentals' from project 'vgsl')
cd /Users/admin/builder/spi-builder-workspace/.swiftpm/xcode
builtin-SwiftPerFileCompile SettingProperty.swift
SwiftCompile normal arm64 /Users/admin/builder/spi-builder-workspace/.dependencies/checkouts/vgsl/VGSLFundamentals/storage/SingleValueCoder.swift (in target 'VGSLFundamentals' from project 'vgsl')
cd /Users/admin/builder/spi-builder-workspace/.swiftpm/xcode
builtin-SwiftPerFileCompile SingleValueCoder.swift
SwiftCompile normal arm64 /Users/admin/builder/spi-builder-workspace/.dependencies/checkouts/vgsl/VGSLFundamentals/weakify.swift (in target 'VGSLFundamentals' from project 'vgsl')
cd /Users/admin/builder/spi-builder-workspace/.swiftpm/xcode
builtin-SwiftPerFileCompile weakify.swift
SwiftDriverJobDiscovery normal arm64_32 Compiling ArrayExtensions.swift, CollectionExtensions.swift, DictionaryExtensions.swift, EncodableExtensions.swift, HTTPURLResponse+Extensions.swift, IndexSetExtensions.swift, LazyExtensions.swift, NSArrayExtensions.swift, NotificationCenter+Signal.swift, OptionalExtensions.swift, RangeExtensions.swift (in target 'VGSLFundamentals' from project 'vgsl')
SwiftDriverJobDiscovery normal arm64_32 Compiling CacheContent.swift, CacheFactory.swift, CacheKey.swift, CacheRecord.swift, CacheStorage.swift, DiskCache.swift, LRUCacheStorage.swift, LRUMemoization.swift, LinkedListOrderedDictionary.swift, OrderedDictionary.swift, ParameterizedDiskCache.swift (in target 'VGSLFundamentals' from project 'vgsl')
SwiftCompile normal arm64 Compiling\ Functions.swift,\ InvalidArgumentError.swift,\ JSONDictionaryExtensions.swift,\ JSONObject.swift,\ LoginWithSourcePerformer.swift,\ Memoization.swift,\ Modifier.swift,\ NSTimerExtensions.swift,\ OAuthToken.swift,\ OSInfo.swift,\ OSVersion.swift /Users/admin/builder/spi-builder-workspace/.dependencies/checkouts/vgsl/VGSLFundamentals/Functions.swift /Users/admin/builder/spi-builder-workspace/.dependencies/checkouts/vgsl/VGSLFundamentals/InvalidArgumentError.swift /Users/admin/builder/spi-builder-workspace/.dependencies/checkouts/vgsl/VGSLFundamentals/JSONDictionaryExtensions.swift /Users/admin/builder/spi-builder-workspace/.dependencies/checkouts/vgsl/VGSLFundamentals/JSONObject.swift /Users/admin/builder/spi-builder-workspace/.dependencies/checkouts/vgsl/VGSLFundamentals/LoginWithSourcePerformer.swift /Users/admin/builder/spi-builder-workspace/.dependencies/checkouts/vgsl/VGSLFundamentals/Memoization.swift /Users/admin/builder/spi-builder-workspace/.dependencies/checkouts/vgsl/VGSLFundamentals/Modifier.swift /Users/admin/builder/spi-builder-workspace/.dependencies/checkouts/vgsl/VGSLFundamentals/NSTimerExtensions.swift /Users/admin/builder/spi-builder-workspace/.dependencies/checkouts/vgsl/VGSLFundamentals/OAuthToken.swift /Users/admin/builder/spi-builder-workspace/.dependencies/checkouts/vgsl/VGSLFundamentals/OSInfo.swift /Users/admin/builder/spi-builder-workspace/.dependencies/checkouts/vgsl/VGSLFundamentals/OSVersion.swift (in target 'VGSLFundamentals' from project 'vgsl')
SwiftCompile normal arm64 /Users/admin/builder/spi-builder-workspace/.dependencies/checkouts/vgsl/VGSLFundamentals/Functions.swift (in target 'VGSLFundamentals' from project 'vgsl')
cd /Users/admin/builder/spi-builder-workspace/.swiftpm/xcode
builtin-SwiftPerFileCompile Functions.swift
SwiftCompile normal arm64 /Users/admin/builder/spi-builder-workspace/.dependencies/checkouts/vgsl/VGSLFundamentals/InvalidArgumentError.swift (in target 'VGSLFundamentals' from project 'vgsl')
cd /Users/admin/builder/spi-builder-workspace/.swiftpm/xcode
builtin-SwiftPerFileCompile InvalidArgumentError.swift
SwiftCompile normal arm64 /Users/admin/builder/spi-builder-workspace/.dependencies/checkouts/vgsl/VGSLFundamentals/JSONDictionaryExtensions.swift (in target 'VGSLFundamentals' from project 'vgsl')
cd /Users/admin/builder/spi-builder-workspace/.swiftpm/xcode
builtin-SwiftPerFileCompile JSONDictionaryExtensions.swift
SwiftCompile normal arm64 /Users/admin/builder/spi-builder-workspace/.dependencies/checkouts/vgsl/VGSLFundamentals/JSONObject.swift (in target 'VGSLFundamentals' from project 'vgsl')
cd /Users/admin/builder/spi-builder-workspace/.swiftpm/xcode
builtin-SwiftPerFileCompile JSONObject.swift
SwiftCompile normal arm64 /Users/admin/builder/spi-builder-workspace/.dependencies/checkouts/vgsl/VGSLFundamentals/LoginWithSourcePerformer.swift (in target 'VGSLFundamentals' from project 'vgsl')
cd /Users/admin/builder/spi-builder-workspace/.swiftpm/xcode
builtin-SwiftPerFileCompile LoginWithSourcePerformer.swift
SwiftCompile normal arm64 /Users/admin/builder/spi-builder-workspace/.dependencies/checkouts/vgsl/VGSLFundamentals/Memoization.swift (in target 'VGSLFundamentals' from project 'vgsl')
cd /Users/admin/builder/spi-builder-workspace/.swiftpm/xcode
builtin-SwiftPerFileCompile Memoization.swift
SwiftCompile normal arm64 /Users/admin/builder/spi-builder-workspace/.dependencies/checkouts/vgsl/VGSLFundamentals/Modifier.swift (in target 'VGSLFundamentals' from project 'vgsl')
cd /Users/admin/builder/spi-builder-workspace/.swiftpm/xcode
builtin-SwiftPerFileCompile Modifier.swift
SwiftCompile normal arm64 /Users/admin/builder/spi-builder-workspace/.dependencies/checkouts/vgsl/VGSLFundamentals/NSTimerExtensions.swift (in target 'VGSLFundamentals' from project 'vgsl')
cd /Users/admin/builder/spi-builder-workspace/.swiftpm/xcode
builtin-SwiftPerFileCompile NSTimerExtensions.swift
SwiftCompile normal arm64 /Users/admin/builder/spi-builder-workspace/.dependencies/checkouts/vgsl/VGSLFundamentals/OAuthToken.swift (in target 'VGSLFundamentals' from project 'vgsl')
cd /Users/admin/builder/spi-builder-workspace/.swiftpm/xcode
builtin-SwiftPerFileCompile OAuthToken.swift
SwiftCompile normal arm64 /Users/admin/builder/spi-builder-workspace/.dependencies/checkouts/vgsl/VGSLFundamentals/OSInfo.swift (in target 'VGSLFundamentals' from project 'vgsl')
cd /Users/admin/builder/spi-builder-workspace/.swiftpm/xcode
builtin-SwiftPerFileCompile OSInfo.swift
SwiftCompile normal arm64 /Users/admin/builder/spi-builder-workspace/.dependencies/checkouts/vgsl/VGSLFundamentals/OSVersion.swift (in target 'VGSLFundamentals' from project 'vgsl')
cd /Users/admin/builder/spi-builder-workspace/.swiftpm/xcode
builtin-SwiftPerFileCompile OSVersion.swift
SwiftCompile normal arm64 Compiling\ resource_bundle_accessor.swift,\ Action.swift,\ Archivable.swift,\ ArrayBuilder.swift,\ CFCasting.swift,\ Clamp.swift,\ Combine.swift,\ CompletionAccumulating.swift,\ CompletionAccumulator.swift,\ EqualByReference.swift,\ FloatingPointComparison.swift /Users/admin/builder/spi-builder-workspace/.derivedData/Build/Intermediates.noindex/vgsl.build/Debug-watchos/VGSLFundamentals-t.build/DerivedSources/resource_bundle_accessor.swift /Users/admin/builder/spi-builder-workspace/.dependencies/checkouts/vgsl/VGSLFundamentals/Action.swift /Users/admin/builder/spi-builder-workspace/.dependencies/checkouts/vgsl/VGSLFundamentals/Archivable.swift /Users/admin/builder/spi-builder-workspace/.dependencies/checkouts/vgsl/VGSLFundamentals/ArrayBuilder.swift /Users/admin/builder/spi-builder-workspace/.dependencies/checkouts/vgsl/VGSLFundamentals/CFCasting.swift /Users/admin/builder/spi-builder-workspace/.dependencies/checkouts/vgsl/VGSLFundamentals/Clamp.swift /Users/admin/builder/spi-builder-workspace/.dependencies/checkouts/vgsl/VGSLFundamentals/Combine.swift /Users/admin/builder/spi-builder-workspace/.dependencies/checkouts/vgsl/VGSLFundamentals/Completions/CompletionAccumulating.swift /Users/admin/builder/spi-builder-workspace/.dependencies/checkouts/vgsl/VGSLFundamentals/Completions/CompletionAccumulator.swift /Users/admin/builder/spi-builder-workspace/.dependencies/checkouts/vgsl/VGSLFundamentals/EqualByReference.swift /Users/admin/builder/spi-builder-workspace/.dependencies/checkouts/vgsl/VGSLFundamentals/FloatingPointComparison.swift (in target 'VGSLFundamentals' from project 'vgsl')
SwiftCompile normal arm64 /Users/admin/builder/spi-builder-workspace/.derivedData/Build/Intermediates.noindex/vgsl.build/Debug-watchos/VGSLFundamentals-t.build/DerivedSources/resource_bundle_accessor.swift (in target 'VGSLFundamentals' from project 'vgsl')
cd /Users/admin/builder/spi-builder-workspace/.swiftpm/xcode
builtin-SwiftPerFileCompile resource_bundle_accessor.swift
SwiftCompile normal arm64 /Users/admin/builder/spi-builder-workspace/.dependencies/checkouts/vgsl/VGSLFundamentals/Action.swift (in target 'VGSLFundamentals' from project 'vgsl')
cd /Users/admin/builder/spi-builder-workspace/.swiftpm/xcode
builtin-SwiftPerFileCompile Action.swift
SwiftCompile normal arm64 /Users/admin/builder/spi-builder-workspace/.dependencies/checkouts/vgsl/VGSLFundamentals/Archivable.swift (in target 'VGSLFundamentals' from project 'vgsl')
cd /Users/admin/builder/spi-builder-workspace/.swiftpm/xcode
builtin-SwiftPerFileCompile Archivable.swift
SwiftCompile normal arm64 /Users/admin/builder/spi-builder-workspace/.dependencies/checkouts/vgsl/VGSLFundamentals/ArrayBuilder.swift (in target 'VGSLFundamentals' from project 'vgsl')
cd /Users/admin/builder/spi-builder-workspace/.swiftpm/xcode
builtin-SwiftPerFileCompile ArrayBuilder.swift
SwiftCompile normal arm64 /Users/admin/builder/spi-builder-workspace/.dependencies/checkouts/vgsl/VGSLFundamentals/CFCasting.swift (in target 'VGSLFundamentals' from project 'vgsl')
cd /Users/admin/builder/spi-builder-workspace/.swiftpm/xcode
builtin-SwiftPerFileCompile CFCasting.swift
SwiftCompile normal arm64 /Users/admin/builder/spi-builder-workspace/.dependencies/checkouts/vgsl/VGSLFundamentals/Clamp.swift (in target 'VGSLFundamentals' from project 'vgsl')
cd /Users/admin/builder/spi-builder-workspace/.swiftpm/xcode
builtin-SwiftPerFileCompile Clamp.swift
SwiftCompile normal arm64 /Users/admin/builder/spi-builder-workspace/.dependencies/checkouts/vgsl/VGSLFundamentals/Combine.swift (in target 'VGSLFundamentals' from project 'vgsl')
cd /Users/admin/builder/spi-builder-workspace/.swiftpm/xcode
builtin-SwiftPerFileCompile Combine.swift
SwiftCompile normal arm64 /Users/admin/builder/spi-builder-workspace/.dependencies/checkouts/vgsl/VGSLFundamentals/Completions/CompletionAccumulating.swift (in target 'VGSLFundamentals' from project 'vgsl')
cd /Users/admin/builder/spi-builder-workspace/.swiftpm/xcode
builtin-SwiftPerFileCompile CompletionAccumulating.swift
SwiftCompile normal arm64 /Users/admin/builder/spi-builder-workspace/.dependencies/checkouts/vgsl/VGSLFundamentals/Completions/CompletionAccumulator.swift (in target 'VGSLFundamentals' from project 'vgsl')
cd /Users/admin/builder/spi-builder-workspace/.swiftpm/xcode
builtin-SwiftPerFileCompile CompletionAccumulator.swift
SwiftCompile normal arm64 /Users/admin/builder/spi-builder-workspace/.dependencies/checkouts/vgsl/VGSLFundamentals/EqualByReference.swift (in target 'VGSLFundamentals' from project 'vgsl')
cd /Users/admin/builder/spi-builder-workspace/.swiftpm/xcode
builtin-SwiftPerFileCompile EqualByReference.swift
SwiftCompile normal arm64 /Users/admin/builder/spi-builder-workspace/.dependencies/checkouts/vgsl/VGSLFundamentals/FloatingPointComparison.swift (in target 'VGSLFundamentals' from project 'vgsl')
cd /Users/admin/builder/spi-builder-workspace/.swiftpm/xcode
builtin-SwiftPerFileCompile FloatingPointComparison.swift
SwiftCompile normal arm64 Compiling\ ObjectsReusability.swift,\ PersistentStorage.swift,\ Property+Storage.swift,\ Radix.swift,\ Resetting.swift,\ Tagged.swift,\ Time.swift,\ UrlOpener.swift,\ WeakCollection.swift,\ Zip3.swift,\ Cache.swift /Users/admin/builder/spi-builder-workspace/.dependencies/checkouts/vgsl/VGSLFundamentals/ObjectsReusability.swift /Users/admin/builder/spi-builder-workspace/.dependencies/checkouts/vgsl/VGSLFundamentals/PersistentStorage.swift /Users/admin/builder/spi-builder-workspace/.dependencies/checkouts/vgsl/VGSLFundamentals/Property+Storage.swift /Users/admin/builder/spi-builder-workspace/.dependencies/checkouts/vgsl/VGSLFundamentals/Radix.swift /Users/admin/builder/spi-builder-workspace/.dependencies/checkouts/vgsl/VGSLFundamentals/Resetting.swift /Users/admin/builder/spi-builder-workspace/.dependencies/checkouts/vgsl/VGSLFundamentals/Tagged.swift /Users/admin/builder/spi-builder-workspace/.dependencies/checkouts/vgsl/VGSLFundamentals/Time.swift /Users/admin/builder/spi-builder-workspace/.dependencies/checkouts/vgsl/VGSLFundamentals/UrlOpener.swift /Users/admin/builder/spi-builder-workspace/.dependencies/checkouts/vgsl/VGSLFundamentals/WeakCollection.swift /Users/admin/builder/spi-builder-workspace/.dependencies/checkouts/vgsl/VGSLFundamentals/Zip3.swift /Users/admin/builder/spi-builder-workspace/.dependencies/checkouts/vgsl/VGSLFundamentals/cache/Cache.swift (in target 'VGSLFundamentals' from project 'vgsl')
SwiftCompile normal arm64 /Users/admin/builder/spi-builder-workspace/.dependencies/checkouts/vgsl/VGSLFundamentals/ObjectsReusability.swift (in target 'VGSLFundamentals' from project 'vgsl')
cd /Users/admin/builder/spi-builder-workspace/.swiftpm/xcode
builtin-SwiftPerFileCompile ObjectsReusability.swift
SwiftCompile normal arm64 /Users/admin/builder/spi-builder-workspace/.dependencies/checkouts/vgsl/VGSLFundamentals/PersistentStorage.swift (in target 'VGSLFundamentals' from project 'vgsl')
cd /Users/admin/builder/spi-builder-workspace/.swiftpm/xcode
builtin-SwiftPerFileCompile PersistentStorage.swift
SwiftCompile normal arm64 /Users/admin/builder/spi-builder-workspace/.dependencies/checkouts/vgsl/VGSLFundamentals/Property+Storage.swift (in target 'VGSLFundamentals' from project 'vgsl')
cd /Users/admin/builder/spi-builder-workspace/.swiftpm/xcode
builtin-SwiftPerFileCompile Property+Storage.swift
SwiftCompile normal arm64 /Users/admin/builder/spi-builder-workspace/.dependencies/checkouts/vgsl/VGSLFundamentals/Radix.swift (in target 'VGSLFundamentals' from project 'vgsl')
cd /Users/admin/builder/spi-builder-workspace/.swiftpm/xcode
builtin-SwiftPerFileCompile Radix.swift
SwiftCompile normal arm64 /Users/admin/builder/spi-builder-workspace/.dependencies/checkouts/vgsl/VGSLFundamentals/Resetting.swift (in target 'VGSLFundamentals' from project 'vgsl')
cd /Users/admin/builder/spi-builder-workspace/.swiftpm/xcode
builtin-SwiftPerFileCompile Resetting.swift
SwiftCompile normal arm64 /Users/admin/builder/spi-builder-workspace/.dependencies/checkouts/vgsl/VGSLFundamentals/Tagged.swift (in target 'VGSLFundamentals' from project 'vgsl')
cd /Users/admin/builder/spi-builder-workspace/.swiftpm/xcode
builtin-SwiftPerFileCompile Tagged.swift
SwiftCompile normal arm64 /Users/admin/builder/spi-builder-workspace/.dependencies/checkouts/vgsl/VGSLFundamentals/Time.swift (in target 'VGSLFundamentals' from project 'vgsl')
cd /Users/admin/builder/spi-builder-workspace/.swiftpm/xcode
builtin-SwiftPerFileCompile Time.swift
SwiftCompile normal arm64 /Users/admin/builder/spi-builder-workspace/.dependencies/checkouts/vgsl/VGSLFundamentals/UrlOpener.swift (in target 'VGSLFundamentals' from project 'vgsl')
cd /Users/admin/builder/spi-builder-workspace/.swiftpm/xcode
builtin-SwiftPerFileCompile UrlOpener.swift
SwiftCompile normal arm64 /Users/admin/builder/spi-builder-workspace/.dependencies/checkouts/vgsl/VGSLFundamentals/WeakCollection.swift (in target 'VGSLFundamentals' from project 'vgsl')
cd /Users/admin/builder/spi-builder-workspace/.swiftpm/xcode
builtin-SwiftPerFileCompile WeakCollection.swift
SwiftCompile normal arm64 /Users/admin/builder/spi-builder-workspace/.dependencies/checkouts/vgsl/VGSLFundamentals/Zip3.swift (in target 'VGSLFundamentals' from project 'vgsl')
cd /Users/admin/builder/spi-builder-workspace/.swiftpm/xcode
builtin-SwiftPerFileCompile Zip3.swift
SwiftCompile normal arm64 /Users/admin/builder/spi-builder-workspace/.dependencies/checkouts/vgsl/VGSLFundamentals/cache/Cache.swift (in target 'VGSLFundamentals' from project 'vgsl')
cd /Users/admin/builder/spi-builder-workspace/.swiftpm/xcode
builtin-SwiftPerFileCompile Cache.swift
SwiftDriverJobDiscovery normal arm64_32 Compiling ResultExtensions.swift, SequenceExtensions.swift, SetExtensions.swift, StringExtensions+Foundation.swift, StringExtensions.swift, TupleExtensions.swift, URLExtensions.swift, UnsignedIntegerExtensions.swift, LocalResourceURLProviding.swift, URLResourceRequesting.swift (in target 'VGSLFundamentals' from project 'vgsl')
SwiftDriverJobDiscovery normal arm64_32 Compiling Functions.swift, InvalidArgumentError.swift, JSONDictionaryExtensions.swift, JSONObject.swift, LoginWithSourcePerformer.swift, Memoization.swift, Modifier.swift, NSTimerExtensions.swift, OAuthToken.swift, OSInfo.swift, OSVersion.swift (in target 'VGSLFundamentals' from project 'vgsl')
SwiftDriverJobDiscovery normal arm64_32 Compiling NonEmpty+Array.swift, NonEmpty+Set.swift, NonEmpty+String.swift, NonEmpty.swift, FileManaging.swift, Cancellable.swift, DebugInfo.swift, Lazy.swift, Property.swift, ResettableLazy.swift (in target 'VGSLFundamentals' from project 'vgsl')
SwiftCompile normal arm64 Compiling\ SafeDecodable.swift,\ SizedItem.swift,\ AllocatedUnfairLock.swift,\ AnyAsyncSequence.swift,\ Atomic.swift,\ GCD.swift,\ RWLock.swift,\ ThreadExtensions.swift,\ AsyncOperation.swift,\ MainQueue.swift,\ OperationQueue.swift /Users/admin/builder/spi-builder-workspace/.dependencies/checkouts/vgsl/VGSLFundamentals/cache/SafeDecodable.swift /Users/admin/builder/spi-builder-workspace/.dependencies/checkouts/vgsl/VGSLFundamentals/cache/SizedItem.swift /Users/admin/builder/spi-builder-workspace/.dependencies/checkouts/vgsl/VGSLFundamentals/concurrency/AllocatedUnfairLock.swift /Users/admin/builder/spi-builder-workspace/.dependencies/checkouts/vgsl/VGSLFundamentals/concurrency/AnyAsyncSequence.swift /Users/admin/builder/spi-builder-workspace/.dependencies/checkouts/vgsl/VGSLFundamentals/concurrency/Atomic.swift /Users/admin/builder/spi-builder-workspace/.dependencies/checkouts/vgsl/VGSLFundamentals/concurrency/GCD.swift /Users/admin/builder/spi-builder-workspace/.dependencies/checkouts/vgsl/VGSLFundamentals/concurrency/RWLock.swift /Users/admin/builder/spi-builder-workspace/.dependencies/checkouts/vgsl/VGSLFundamentals/concurrency/ThreadExtensions.swift /Users/admin/builder/spi-builder-workspace/.dependencies/checkouts/vgsl/VGSLFundamentals/concurrency/operations/AsyncOperation.swift /Users/admin/builder/spi-builder-workspace/.dependencies/checkouts/vgsl/VGSLFundamentals/concurrency/operations/MainQueue.swift /Users/admin/builder/spi-builder-workspace/.dependencies/checkouts/vgsl/VGSLFundamentals/concurrency/operations/OperationQueue.swift (in target 'VGSLFundamentals' from project 'vgsl')
SwiftCompile normal arm64 /Users/admin/builder/spi-builder-workspace/.dependencies/checkouts/vgsl/VGSLFundamentals/cache/SafeDecodable.swift (in target 'VGSLFundamentals' from project 'vgsl')
cd /Users/admin/builder/spi-builder-workspace/.swiftpm/xcode
builtin-SwiftPerFileCompile SafeDecodable.swift
SwiftCompile normal arm64 /Users/admin/builder/spi-builder-workspace/.dependencies/checkouts/vgsl/VGSLFundamentals/cache/SizedItem.swift (in target 'VGSLFundamentals' from project 'vgsl')
cd /Users/admin/builder/spi-builder-workspace/.swiftpm/xcode
builtin-SwiftPerFileCompile SizedItem.swift
SwiftCompile normal arm64 /Users/admin/builder/spi-builder-workspace/.dependencies/checkouts/vgsl/VGSLFundamentals/concurrency/AllocatedUnfairLock.swift (in target 'VGSLFundamentals' from project 'vgsl')
cd /Users/admin/builder/spi-builder-workspace/.swiftpm/xcode
builtin-SwiftPerFileCompile AllocatedUnfairLock.swift
SwiftCompile normal arm64 /Users/admin/builder/spi-builder-workspace/.dependencies/checkouts/vgsl/VGSLFundamentals/concurrency/AnyAsyncSequence.swift (in target 'VGSLFundamentals' from project 'vgsl')
cd /Users/admin/builder/spi-builder-workspace/.swiftpm/xcode
builtin-SwiftPerFileCompile AnyAsyncSequence.swift
SwiftCompile normal arm64 /Users/admin/builder/spi-builder-workspace/.dependencies/checkouts/vgsl/VGSLFundamentals/concurrency/Atomic.swift (in target 'VGSLFundamentals' from project 'vgsl')
cd /Users/admin/builder/spi-builder-workspace/.swiftpm/xcode
builtin-SwiftPerFileCompile Atomic.swift
SwiftCompile normal arm64 /Users/admin/builder/spi-builder-workspace/.dependencies/checkouts/vgsl/VGSLFundamentals/concurrency/GCD.swift (in target 'VGSLFundamentals' from project 'vgsl')
cd /Users/admin/builder/spi-builder-workspace/.swiftpm/xcode
builtin-SwiftPerFileCompile GCD.swift
SwiftCompile normal arm64 /Users/admin/builder/spi-builder-workspace/.dependencies/checkouts/vgsl/VGSLFundamentals/concurrency/RWLock.swift (in target 'VGSLFundamentals' from project 'vgsl')
cd /Users/admin/builder/spi-builder-workspace/.swiftpm/xcode
builtin-SwiftPerFileCompile RWLock.swift
SwiftCompile normal arm64 /Users/admin/builder/spi-builder-workspace/.dependencies/checkouts/vgsl/VGSLFundamentals/concurrency/ThreadExtensions.swift (in target 'VGSLFundamentals' from project 'vgsl')
cd /Users/admin/builder/spi-builder-workspace/.swiftpm/xcode
builtin-SwiftPerFileCompile ThreadExtensions.swift
SwiftCompile normal arm64 /Users/admin/builder/spi-builder-workspace/.dependencies/checkouts/vgsl/VGSLFundamentals/concurrency/operations/AsyncOperation.swift (in target 'VGSLFundamentals' from project 'vgsl')
cd /Users/admin/builder/spi-builder-workspace/.swiftpm/xcode
builtin-SwiftPerFileCompile AsyncOperation.swift
SwiftCompile normal arm64 /Users/admin/builder/spi-builder-workspace/.dependencies/checkouts/vgsl/VGSLFundamentals/concurrency/operations/MainQueue.swift (in target 'VGSLFundamentals' from project 'vgsl')
cd /Users/admin/builder/spi-builder-workspace/.swiftpm/xcode
builtin-SwiftPerFileCompile MainQueue.swift
SwiftCompile normal arm64 /Users/admin/builder/spi-builder-workspace/.dependencies/checkouts/vgsl/VGSLFundamentals/concurrency/operations/OperationQueue.swift (in target 'VGSLFundamentals' from project 'vgsl')
cd /Users/admin/builder/spi-builder-workspace/.swiftpm/xcode
builtin-SwiftPerFileCompile OperationQueue.swift
SwiftDriverJobDiscovery normal arm64_32 Compiling SafeDecodable.swift, SizedItem.swift, AllocatedUnfairLock.swift, AnyAsyncSequence.swift, Atomic.swift, GCD.swift, RWLock.swift, ThreadExtensions.swift, AsyncOperation.swift, MainQueue.swift, OperationQueue.swift (in target 'VGSLFundamentals' from project 'vgsl')
SwiftDriverJobDiscovery normal arm64_32 Compiling resource_bundle_accessor.swift, Action.swift, Archivable.swift, ArrayBuilder.swift, CFCasting.swift, Clamp.swift, Combine.swift, CompletionAccumulating.swift, CompletionAccumulator.swift, EqualByReference.swift, FloatingPointComparison.swift (in target 'VGSLFundamentals' from project 'vgsl')
SwiftDriverJobDiscovery normal arm64 Emitting module for VGSLFundamentals (in target 'VGSLFundamentals' from project 'vgsl')
SwiftDriverJobDiscovery normal arm64 Compiling ArrayExtensions.swift, CollectionExtensions.swift, DictionaryExtensions.swift, EncodableExtensions.swift, HTTPURLResponse+Extensions.swift, IndexSetExtensions.swift, LazyExtensions.swift, NSArrayExtensions.swift, NotificationCenter+Signal.swift, OptionalExtensions.swift, RangeExtensions.swift (in target 'VGSLFundamentals' from project 'vgsl')
SwiftDriver\ Compilation\ Requirements VGSLFundamentals normal arm64 com.apple.xcode.tools.swift.compiler (in target 'VGSLFundamentals' from project 'vgsl')
cd /Users/admin/builder/spi-builder-workspace/.swiftpm/xcode
builtin-Swift-Compilation-Requirements -- /Applications/Xcode-27.0.0-Release.Candidate.app/Contents/Developer/Toolchains/XcodeDefault.xctoolchain/usr/bin/swiftc -parse-as-library -module-name VGSLFundamentals -Onone @/Users/admin/builder/spi-builder-workspace/.derivedData/Build/Intermediates.noindex/vgsl.build/Debug-watchos/VGSLFundamentals-t.build/Objects-normal/arm64/VGSLFundamentals.SwiftFileList -DSWIFT_PACKAGE -DDEBUG -DSWIFT_MODULE_RESOURCE_BUNDLE_AVAILABLE -DXcode -enable-experimental-feature AccessLevelOnImport -plugin-path /Applications/Xcode-27.0.0-Release.Candidate.app/Contents/Developer/Toolchains/XcodeDefault.xctoolchain/usr/lib/swift/host/plugins/testing -enable-experimental-feature DebugDescriptionMacro -sdk /Applications/Xcode-27.0.0-Release.Candidate.app/Contents/Developer/Platforms/WatchOS.platform/Developer/SDKs/WatchOS27.0.sdk -target arm64-apple-watchos9.0 -g -module-cache-path /Users/admin/builder/spi-builder-workspace/.derivedData/ModuleCache.noindex -Xfrontend -serialize-debugging-options -enable-testing -suppress-warnings -index-store-path /Users/admin/builder/spi-builder-workspace/.derivedData/Index.noindex/DataStore -Xcc -D_LIBCPP_HARDENING_MODE\=_LIBCPP_HARDENING_MODE_DEBUG -swift-version 6 -I /Users/admin/builder/spi-builder-workspace/.derivedData/Build/Products/Debug-watchos -Isystem /Applications/Xcode-27.0.0-Release.Candidate.app/Contents/Developer/Platforms/WatchOS.platform/Developer/usr/lib -F /Users/admin/builder/spi-builder-workspace/.derivedData/Build/Products/Debug-watchos -F /Applications/Xcode-27.0.0-Release.Candidate.app/Contents/Developer/Platforms/WatchOS.platform/Developer/Library/Frameworks -F /Applications/Xcode-27.0.0-Release.Candidate.app/Contents/Developer/Platforms/WatchOS.platform/Developer/SDKs/WatchOS27.0.sdk/Developer/Library/Frameworks -c -j10 -enable-batch-mode -incremental -Xcc -ivfsstatcache -Xcc /Users/admin/builder/spi-builder-workspace/.derivedData/SDKStatCaches.noindex/watchos27.0-24R360-e829b21a6f8c9b70876ba0858053c04477534ef55a1706bf4c1112bbb242f0a2.sdkstatcache -output-file-map /Users/admin/builder/spi-builder-workspace/.derivedData/Build/Intermediates.noindex/vgsl.build/Debug-watchos/VGSLFundamentals-t.build/Objects-normal/arm64/VGSLFundamentals-OutputFileMap.json -save-temps -no-color-diagnostics -explicit-module-build -module-cache-path /Users/admin/builder/spi-builder-workspace/.derivedData/Build/Intermediates.noindex/SwiftExplicitPrecompiledModules -clang-scanner-module-cache-path /Users/admin/builder/spi-builder-workspace/.derivedData/ModuleCache.noindex -sdk-module-cache-path /Users/admin/builder/spi-builder-workspace/.derivedData/SDKExplicitPrecompiledModules -emit-dependencies -emit-module -emit-module-path /Users/admin/builder/spi-builder-workspace/.derivedData/Build/Intermediates.noindex/vgsl.build/Debug-watchos/VGSLFundamentals-t.build/Objects-normal/arm64/VGSLFundamentals.swiftmodule -serialize-diagnostics -dependency-scan-serialize-diagnostics-path /Users/admin/builder/spi-builder-workspace/.derivedData/Build/Intermediates.noindex/vgsl.build/Debug-watchos/VGSLFundamentals-t.build/Objects-normal/arm64/VGSLFundamentals-dependency-scan.dia -user-module-version 7.25.4 -validate-clang-modules-once -clang-build-session-file /Users/admin/builder/spi-builder-workspace/.derivedData/ModuleCache.noindex/Session.modulevalidation -Xcc -fmodules-prune-interval\=86400 -Xcc -fmodules-prune-after\=345600 -package-name vgsl -emit-const-values -const-gather-protocols-list /Users/admin/builder/spi-builder-workspace/.derivedData/Build/Intermediates.noindex/vgsl.build/Debug-watchos/VGSLFundamentals-t.build/Objects-normal/arm64/VGSLFundamentals_const_extract_protocols.json -Xcc -I/Users/admin/builder/spi-builder-workspace/.derivedData/Build/Products/Debug-watchos/include -Xcc -I/Users/admin/builder/spi-builder-workspace/.derivedData/Build/Intermediates.noindex/vgsl.build/Debug-watchos/VGSLFundamentals-t.build/DerivedSources-normal/arm64 -Xcc -I/Users/admin/builder/spi-builder-workspace/.derivedData/Build/Intermediates.noindex/vgsl.build/Debug-watchos/VGSLFundamentals-t.build/DerivedSources/arm64 -Xcc -I/Users/admin/builder/spi-builder-workspace/.derivedData/Build/Intermediates.noindex/vgsl.build/Debug-watchos/VGSLFundamentals-t.build/DerivedSources -Xcc -DSWIFT_PACKAGE -Xcc -DDEBUG\=1 -emit-objc-header -emit-objc-header-path /Users/admin/builder/spi-builder-workspace/.derivedData/Build/Intermediates.noindex/vgsl.build/Debug-watchos/VGSLFundamentals-t.build/Objects-normal/arm64/VGSLFundamentals-Swift.h -working-directory /Users/admin/builder/spi-builder-workspace/.swiftpm/xcode -experimental-emit-module-separately -disable-cmo
Copy /Users/admin/builder/spi-builder-workspace/.derivedData/Build/Products/Debug-watchos/VGSLFundamentals.swiftmodule/arm64_32-apple-watchos.swiftmodule /Users/admin/builder/spi-builder-workspace/.derivedData/Build/Intermediates.noindex/vgsl.build/Debug-watchos/VGSLFundamentals-t.build/Objects-normal/arm64_32/VGSLFundamentals.swiftmodule (in target 'VGSLFundamentals' from project 'vgsl')
cd /Users/admin/builder/spi-builder-workspace/.dependencies/checkouts/vgsl
builtin-copy -exclude .DS_Store -exclude CVS -exclude .svn -exclude .git -exclude .hg -resolve-src-symlinks -rename /Users/admin/builder/spi-builder-workspace/.derivedData/Build/Intermediates.noindex/vgsl.build/Debug-watchos/VGSLFundamentals-t.build/Objects-normal/arm64_32/VGSLFundamentals.swiftmodule /Users/admin/builder/spi-builder-workspace/.derivedData/Build/Products/Debug-watchos/VGSLFundamentals.swiftmodule/arm64_32-apple-watchos.swiftmodule
Copy /Users/admin/builder/spi-builder-workspace/.derivedData/Build/Products/Debug-watchos/VGSLFundamentals.swiftmodule/arm64_32-apple-watchos.swiftdoc /Users/admin/builder/spi-builder-workspace/.derivedData/Build/Intermediates.noindex/vgsl.build/Debug-watchos/VGSLFundamentals-t.build/Objects-normal/arm64_32/VGSLFundamentals.swiftdoc (in target 'VGSLFundamentals' from project 'vgsl')
cd /Users/admin/builder/spi-builder-workspace/.dependencies/checkouts/vgsl
builtin-copy -exclude .DS_Store -exclude CVS -exclude .svn -exclude .git -exclude .hg -resolve-src-symlinks -rename /Users/admin/builder/spi-builder-workspace/.derivedData/Build/Intermediates.noindex/vgsl.build/Debug-watchos/VGSLFundamentals-t.build/Objects-normal/arm64_32/VGSLFundamentals.swiftdoc /Users/admin/builder/spi-builder-workspace/.derivedData/Build/Products/Debug-watchos/VGSLFundamentals.swiftmodule/arm64_32-apple-watchos.swiftdoc
SwiftMergeGeneratedHeaders /Users/admin/builder/spi-builder-workspace/.derivedData/Build/Intermediates.noindex/GeneratedModuleMaps-watchos/VGSLFundamentals-Swift.h /Users/admin/builder/spi-builder-workspace/.derivedData/Build/Intermediates.noindex/vgsl.build/Debug-watchos/VGSLFundamentals-t.build/Objects-normal/arm64/VGSLFundamentals-Swift.h /Users/admin/builder/spi-builder-workspace/.derivedData/Build/Intermediates.noindex/vgsl.build/Debug-watchos/VGSLFundamentals-t.build/Objects-normal/arm64_32/VGSLFundamentals-Swift.h (in target 'VGSLFundamentals' from project 'vgsl')
cd /Users/admin/builder/spi-builder-workspace/.dependencies/checkouts/vgsl
builtin-swiftHeaderTool -arch arm64 /Users/admin/builder/spi-builder-workspace/.derivedData/Build/Intermediates.noindex/vgsl.build/Debug-watchos/VGSLFundamentals-t.build/Objects-normal/arm64/VGSLFundamentals-Swift.h -arch arm64_32 /Users/admin/builder/spi-builder-workspace/.derivedData/Build/Intermediates.noindex/vgsl.build/Debug-watchos/VGSLFundamentals-t.build/Objects-normal/arm64_32/VGSLFundamentals-Swift.h -o /Users/admin/builder/spi-builder-workspace/.derivedData/Build/Intermediates.noindex/GeneratedModuleMaps-watchos/VGSLFundamentals-Swift.h
Copy /Users/admin/builder/spi-builder-workspace/.derivedData/Build/Products/Debug-watchos/VGSLFundamentals.swiftmodule/arm64_32-apple-watchos.abi.json /Users/admin/builder/spi-builder-workspace/.derivedData/Build/Intermediates.noindex/vgsl.build/Debug-watchos/VGSLFundamentals-t.build/Objects-normal/arm64_32/VGSLFundamentals.abi.json (in target 'VGSLFundamentals' from project 'vgsl')
cd /Users/admin/builder/spi-builder-workspace/.dependencies/checkouts/vgsl
builtin-copy -exclude .DS_Store -exclude CVS -exclude .svn -exclude .git -exclude .hg -resolve-src-symlinks -rename /Users/admin/builder/spi-builder-workspace/.derivedData/Build/Intermediates.noindex/vgsl.build/Debug-watchos/VGSLFundamentals-t.build/Objects-normal/arm64_32/VGSLFundamentals.abi.json /Users/admin/builder/spi-builder-workspace/.derivedData/Build/Products/Debug-watchos/VGSLFundamentals.swiftmodule/arm64_32-apple-watchos.abi.json
Copy /Users/admin/builder/spi-builder-workspace/.derivedData/Build/Products/Debug-watchos/VGSLFundamentals.swiftmodule/arm64-apple-watchos.swiftmodule /Users/admin/builder/spi-builder-workspace/.derivedData/Build/Intermediates.noindex/vgsl.build/Debug-watchos/VGSLFundamentals-t.build/Objects-normal/arm64/VGSLFundamentals.swiftmodule (in target 'VGSLFundamentals' from project 'vgsl')
cd /Users/admin/builder/spi-builder-workspace/.dependencies/checkouts/vgsl
builtin-copy -exclude .DS_Store -exclude CVS -exclude .svn -exclude .git -exclude .hg -resolve-src-symlinks -rename /Users/admin/builder/spi-builder-workspace/.derivedData/Build/Intermediates.noindex/vgsl.build/Debug-watchos/VGSLFundamentals-t.build/Objects-normal/arm64/VGSLFundamentals.swiftmodule /Users/admin/builder/spi-builder-workspace/.derivedData/Build/Products/Debug-watchos/VGSLFundamentals.swiftmodule/arm64-apple-watchos.swiftmodule
SwiftDriverJobDiscovery normal arm64 Compiling Observer.swift, Either.swift, Future.swift, FutureExtensions.swift, Promise.swift, KeyValueDirectStoringSupporting.swift, KeyValueStorage.swift, SettingProperty.swift, SingleValueCoder.swift, weakify.swift (in target 'VGSLFundamentals' from project 'vgsl')
Copy /Users/admin/builder/spi-builder-workspace/.derivedData/Build/Products/Debug-watchos/VGSLFundamentals.swiftmodule/arm64-apple-watchos.swiftdoc /Users/admin/builder/spi-builder-workspace/.derivedData/Build/Intermediates.noindex/vgsl.build/Debug-watchos/VGSLFundamentals-t.build/Objects-normal/arm64/VGSLFundamentals.swiftdoc (in target 'VGSLFundamentals' from project 'vgsl')
cd /Users/admin/builder/spi-builder-workspace/.dependencies/checkouts/vgsl
builtin-copy -exclude .DS_Store -exclude CVS -exclude .svn -exclude .git -exclude .hg -resolve-src-symlinks -rename /Users/admin/builder/spi-builder-workspace/.derivedData/Build/Intermediates.noindex/vgsl.build/Debug-watchos/VGSLFundamentals-t.build/Objects-normal/arm64/VGSLFundamentals.swiftdoc /Users/admin/builder/spi-builder-workspace/.derivedData/Build/Products/Debug-watchos/VGSLFundamentals.swiftmodule/arm64-apple-watchos.swiftdoc
Copy /Users/admin/builder/spi-builder-workspace/.derivedData/Build/Products/Debug-watchos/VGSLFundamentals.swiftmodule/arm64-apple-watchos.abi.json /Users/admin/builder/spi-builder-workspace/.derivedData/Build/Intermediates.noindex/vgsl.build/Debug-watchos/VGSLFundamentals-t.build/Objects-normal/arm64/VGSLFundamentals.abi.json (in target 'VGSLFundamentals' from project 'vgsl')
cd /Users/admin/builder/spi-builder-workspace/.dependencies/checkouts/vgsl
builtin-copy -exclude .DS_Store -exclude CVS -exclude .svn -exclude .git -exclude .hg -resolve-src-symlinks -rename /Users/admin/builder/spi-builder-workspace/.derivedData/Build/Intermediates.noindex/vgsl.build/Debug-watchos/VGSLFundamentals-t.build/Objects-normal/arm64/VGSLFundamentals.abi.json /Users/admin/builder/spi-builder-workspace/.derivedData/Build/Products/Debug-watchos/VGSLFundamentals.swiftmodule/arm64-apple-watchos.abi.json
Copy /Users/admin/builder/spi-builder-workspace/.derivedData/Build/Products/Debug-watchos/VGSLFundamentals.swiftmodule/Project/arm64_32-apple-watchos.swiftsourceinfo /Users/admin/builder/spi-builder-workspace/.derivedData/Build/Intermediates.noindex/vgsl.build/Debug-watchos/VGSLFundamentals-t.build/Objects-normal/arm64_32/VGSLFundamentals.swiftsourceinfo (in target 'VGSLFundamentals' from project 'vgsl')
cd /Users/admin/builder/spi-builder-workspace/.dependencies/checkouts/vgsl
builtin-copy -exclude .DS_Store -exclude CVS -exclude .svn -exclude .git -exclude .hg -resolve-src-symlinks -rename /Users/admin/builder/spi-builder-workspace/.derivedData/Build/Intermediates.noindex/vgsl.build/Debug-watchos/VGSLFundamentals-t.build/Objects-normal/arm64_32/VGSLFundamentals.swiftsourceinfo /Users/admin/builder/spi-builder-workspace/.derivedData/Build/Products/Debug-watchos/VGSLFundamentals.swiftmodule/Project/arm64_32-apple-watchos.swiftsourceinfo
Copy /Users/admin/builder/spi-builder-workspace/.derivedData/Build/Products/Debug-watchos/VGSLFundamentals.swiftmodule/Project/arm64-apple-watchos.swiftsourceinfo /Users/admin/builder/spi-builder-workspace/.derivedData/Build/Intermediates.noindex/vgsl.build/Debug-watchos/VGSLFundamentals-t.build/Objects-normal/arm64/VGSLFundamentals.swiftsourceinfo (in target 'VGSLFundamentals' from project 'vgsl')
cd /Users/admin/builder/spi-builder-workspace/.dependencies/checkouts/vgsl
builtin-copy -exclude .DS_Store -exclude CVS -exclude .svn -exclude .git -exclude .hg -resolve-src-symlinks -rename /Users/admin/builder/spi-builder-workspace/.derivedData/Build/Intermediates.noindex/vgsl.build/Debug-watchos/VGSLFundamentals-t.build/Objects-normal/arm64/VGSLFundamentals.swiftsourceinfo /Users/admin/builder/spi-builder-workspace/.derivedData/Build/Products/Debug-watchos/VGSLFundamentals.swiftmodule/Project/arm64-apple-watchos.swiftsourceinfo
SwiftCompile normal arm64_32 Compiling\ Result.swift,\ Signal+CombineLatest.swift,\ Signal.swift,\ SignalPipe.swift,\ Variable.swift,\ AutodisposePool.swift,\ Disposable.swift,\ ObservableProperty.swift,\ ObservableVariable.swift,\ ObservableVariableConnection.swift /Users/admin/builder/spi-builder-workspace/.dependencies/checkouts/vgsl/VGSLFundamentals/reactive/Result.swift /Users/admin/builder/spi-builder-workspace/.dependencies/checkouts/vgsl/VGSLFundamentals/reactive/Signal+CombineLatest.swift /Users/admin/builder/spi-builder-workspace/.dependencies/checkouts/vgsl/VGSLFundamentals/reactive/Signal.swift /Users/admin/builder/spi-builder-workspace/.dependencies/checkouts/vgsl/VGSLFundamentals/reactive/SignalPipe.swift /Users/admin/builder/spi-builder-workspace/.dependencies/checkouts/vgsl/VGSLFundamentals/reactive/Variable.swift /Users/admin/builder/spi-builder-workspace/.dependencies/checkouts/vgsl/VGSLFundamentals/reactive/disposable/AutodisposePool.swift /Users/admin/builder/spi-builder-workspace/.dependencies/checkouts/vgsl/VGSLFundamentals/reactive/disposable/Disposable.swift /Users/admin/builder/spi-builder-workspace/.dependencies/checkouts/vgsl/VGSLFundamentals/reactive/observing/ObservableProperty.swift /Users/admin/builder/spi-builder-workspace/.dependencies/checkouts/vgsl/VGSLFundamentals/reactive/observing/ObservableVariable.swift /Users/admin/builder/spi-builder-workspace/.dependencies/checkouts/vgsl/VGSLFundamentals/reactive/observing/ObservableVariableConnection.swift (in target 'VGSLFundamentals' from project 'vgsl')
SwiftCompile normal arm64_32 /Users/admin/builder/spi-builder-workspace/.dependencies/checkouts/vgsl/VGSLFundamentals/reactive/Result.swift (in target 'VGSLFundamentals' from project 'vgsl')
cd /Users/admin/builder/spi-builder-workspace/.swiftpm/xcode
builtin-SwiftPerFileCompile Result.swift
SwiftCompile normal arm64_32 /Users/admin/builder/spi-builder-workspace/.dependencies/checkouts/vgsl/VGSLFundamentals/reactive/Signal+CombineLatest.swift (in target 'VGSLFundamentals' from project 'vgsl')
cd /Users/admin/builder/spi-builder-workspace/.swiftpm/xcode
builtin-SwiftPerFileCompile Signal+CombineLatest.swift
SwiftCompile normal arm64_32 /Users/admin/builder/spi-builder-workspace/.dependencies/checkouts/vgsl/VGSLFundamentals/reactive/Signal.swift (in target 'VGSLFundamentals' from project 'vgsl')
cd /Users/admin/builder/spi-builder-workspace/.swiftpm/xcode
builtin-SwiftPerFileCompile Signal.swift
SwiftCompile normal arm64_32 /Users/admin/builder/spi-builder-workspace/.dependencies/checkouts/vgsl/VGSLFundamentals/reactive/SignalPipe.swift (in target 'VGSLFundamentals' from project 'vgsl')
cd /Users/admin/builder/spi-builder-workspace/.swiftpm/xcode
builtin-SwiftPerFileCompile SignalPipe.swift
SwiftCompile normal arm64_32 /Users/admin/builder/spi-builder-workspace/.dependencies/checkouts/vgsl/VGSLFundamentals/reactive/Variable.swift (in target 'VGSLFundamentals' from project 'vgsl')
cd /Users/admin/builder/spi-builder-workspace/.swiftpm/xcode
builtin-SwiftPerFileCompile Variable.swift
SwiftCompile normal arm64_32 /Users/admin/builder/spi-builder-workspace/.dependencies/checkouts/vgsl/VGSLFundamentals/reactive/disposable/AutodisposePool.swift (in target 'VGSLFundamentals' from project 'vgsl')
cd /Users/admin/builder/spi-builder-workspace/.swiftpm/xcode
builtin-SwiftPerFileCompile AutodisposePool.swift
SwiftCompile normal arm64_32 /Users/admin/builder/spi-builder-workspace/.dependencies/checkouts/vgsl/VGSLFundamentals/reactive/disposable/Disposable.swift (in target 'VGSLFundamentals' from project 'vgsl')
cd /Users/admin/builder/spi-builder-workspace/.swiftpm/xcode
builtin-SwiftPerFileCompile Disposable.swift
SwiftCompile normal arm64_32 /Users/admin/builder/spi-builder-workspace/.dependencies/checkouts/vgsl/VGSLFundamentals/reactive/observing/ObservableProperty.swift (in target 'VGSLFundamentals' from project 'vgsl')
cd /Users/admin/builder/spi-builder-workspace/.swiftpm/xcode
builtin-SwiftPerFileCompile ObservableProperty.swift
SwiftCompile normal arm64_32 /Users/admin/builder/spi-builder-workspace/.dependencies/checkouts/vgsl/VGSLFundamentals/reactive/observing/ObservableVariable.swift (in target 'VGSLFundamentals' from project 'vgsl')
cd /Users/admin/builder/spi-builder-workspace/.swiftpm/xcode
builtin-SwiftPerFileCompile ObservableVariable.swift
SwiftCompile normal arm64_32 /Users/admin/builder/spi-builder-workspace/.dependencies/checkouts/vgsl/VGSLFundamentals/reactive/observing/ObservableVariableConnection.swift (in target 'VGSLFundamentals' from project 'vgsl')
cd /Users/admin/builder/spi-builder-workspace/.swiftpm/xcode
builtin-SwiftPerFileCompile ObservableVariableConnection.swift
SwiftDriverJobDiscovery normal arm64 Compiling resource_bundle_accessor.swift, Action.swift, Archivable.swift, ArrayBuilder.swift, CFCasting.swift, Clamp.swift, Combine.swift, CompletionAccumulating.swift, CompletionAccumulator.swift, EqualByReference.swift, FloatingPointComparison.swift (in target 'VGSLFundamentals' from project 'vgsl')
SwiftDriverJobDiscovery normal arm64 Compiling ObjectsReusability.swift, PersistentStorage.swift, Property+Storage.swift, Radix.swift, Resetting.swift, Tagged.swift, Time.swift, UrlOpener.swift, WeakCollection.swift, Zip3.swift, Cache.swift (in target 'VGSLFundamentals' from project 'vgsl')
SwiftDriverJobDiscovery normal arm64 Compiling NonEmpty+Array.swift, NonEmpty+Set.swift, NonEmpty+String.swift, NonEmpty.swift, FileManaging.swift, Cancellable.swift, DebugInfo.swift, Lazy.swift, Property.swift, ResettableLazy.swift (in target 'VGSLFundamentals' from project 'vgsl')
SwiftDriverJobDiscovery normal arm64 Compiling SafeDecodable.swift, SizedItem.swift, AllocatedUnfairLock.swift, AnyAsyncSequence.swift, Atomic.swift, GCD.swift, RWLock.swift, ThreadExtensions.swift, AsyncOperation.swift, MainQueue.swift, OperationQueue.swift (in target 'VGSLFundamentals' from project 'vgsl')
SwiftDriverJobDiscovery normal arm64 Compiling Functions.swift, InvalidArgumentError.swift, JSONDictionaryExtensions.swift, JSONObject.swift, LoginWithSourcePerformer.swift, Memoization.swift, Modifier.swift, NSTimerExtensions.swift, OAuthToken.swift, OSInfo.swift, OSVersion.swift (in target 'VGSLFundamentals' from project 'vgsl')
SwiftDriverJobDiscovery normal arm64 Compiling ResultExtensions.swift, SequenceExtensions.swift, SetExtensions.swift, StringExtensions+Foundation.swift, StringExtensions.swift, TupleExtensions.swift, URLExtensions.swift, UnsignedIntegerExtensions.swift, LocalResourceURLProviding.swift, URLResourceRequesting.swift (in target 'VGSLFundamentals' from project 'vgsl')
SwiftDriverJobDiscovery normal arm64 Compiling Result.swift, Signal+CombineLatest.swift, Signal.swift, SignalPipe.swift, Variable.swift, AutodisposePool.swift, Disposable.swift, ObservableProperty.swift, ObservableVariable.swift, ObservableVariableConnection.swift (in target 'VGSLFundamentals' from project 'vgsl')
SwiftDriverJobDiscovery normal arm64 Compiling CacheContent.swift, CacheFactory.swift, CacheKey.swift, CacheRecord.swift, CacheStorage.swift, DiskCache.swift, LRUCacheStorage.swift, LRUMemoization.swift, LinkedListOrderedDictionary.swift, OrderedDictionary.swift, ParameterizedDiskCache.swift (in target 'VGSLFundamentals' from project 'vgsl')
SwiftDriver\ Compilation VGSLFundamentals normal arm64 com.apple.xcode.tools.swift.compiler (in target 'VGSLFundamentals' from project 'vgsl')
cd /Users/admin/builder/spi-builder-workspace/.swiftpm/xcode
builtin-Swift-Compilation -- /Applications/Xcode-27.0.0-Release.Candidate.app/Contents/Developer/Toolchains/XcodeDefault.xctoolchain/usr/bin/swiftc -parse-as-library -module-name VGSLFundamentals -Onone @/Users/admin/builder/spi-builder-workspace/.derivedData/Build/Intermediates.noindex/vgsl.build/Debug-watchos/VGSLFundamentals-t.build/Objects-normal/arm64/VGSLFundamentals.SwiftFileList -DSWIFT_PACKAGE -DDEBUG -DSWIFT_MODULE_RESOURCE_BUNDLE_AVAILABLE -DXcode -enable-experimental-feature AccessLevelOnImport -plugin-path /Applications/Xcode-27.0.0-Release.Candidate.app/Contents/Developer/Toolchains/XcodeDefault.xctoolchain/usr/lib/swift/host/plugins/testing -enable-experimental-feature DebugDescriptionMacro -sdk /Applications/Xcode-27.0.0-Release.Candidate.app/Contents/Developer/Platforms/WatchOS.platform/Developer/SDKs/WatchOS27.0.sdk -target arm64-apple-watchos9.0 -g -module-cache-path /Users/admin/builder/spi-builder-workspace/.derivedData/ModuleCache.noindex -Xfrontend -serialize-debugging-options -enable-testing -suppress-warnings -index-store-path /Users/admin/builder/spi-builder-workspace/.derivedData/Index.noindex/DataStore -Xcc -D_LIBCPP_HARDENING_MODE\=_LIBCPP_HARDENING_MODE_DEBUG -swift-version 6 -I /Users/admin/builder/spi-builder-workspace/.derivedData/Build/Products/Debug-watchos -Isystem /Applications/Xcode-27.0.0-Release.Candidate.app/Contents/Developer/Platforms/WatchOS.platform/Developer/usr/lib -F /Users/admin/builder/spi-builder-workspace/.derivedData/Build/Products/Debug-watchos -F /Applications/Xcode-27.0.0-Release.Candidate.app/Contents/Developer/Platforms/WatchOS.platform/Developer/Library/Frameworks -F /Applications/Xcode-27.0.0-Release.Candidate.app/Contents/Developer/Platforms/WatchOS.platform/Developer/SDKs/WatchOS27.0.sdk/Developer/Library/Frameworks -c -j10 -enable-batch-mode -incremental -Xcc -ivfsstatcache -Xcc /Users/admin/builder/spi-builder-workspace/.derivedData/SDKStatCaches.noindex/watchos27.0-24R360-e829b21a6f8c9b70876ba0858053c04477534ef55a1706bf4c1112bbb242f0a2.sdkstatcache -output-file-map /Users/admin/builder/spi-builder-workspace/.derivedData/Build/Intermediates.noindex/vgsl.build/Debug-watchos/VGSLFundamentals-t.build/Objects-normal/arm64/VGSLFundamentals-OutputFileMap.json -save-temps -no-color-diagnostics -explicit-module-build -module-cache-path /Users/admin/builder/spi-builder-workspace/.derivedData/Build/Intermediates.noindex/SwiftExplicitPrecompiledModules -clang-scanner-module-cache-path /Users/admin/builder/spi-builder-workspace/.derivedData/ModuleCache.noindex -sdk-module-cache-path /Users/admin/builder/spi-builder-workspace/.derivedData/SDKExplicitPrecompiledModules -emit-dependencies -emit-module -emit-module-path /Users/admin/builder/spi-builder-workspace/.derivedData/Build/Intermediates.noindex/vgsl.build/Debug-watchos/VGSLFundamentals-t.build/Objects-normal/arm64/VGSLFundamentals.swiftmodule -serialize-diagnostics -dependency-scan-serialize-diagnostics-path /Users/admin/builder/spi-builder-workspace/.derivedData/Build/Intermediates.noindex/vgsl.build/Debug-watchos/VGSLFundamentals-t.build/Objects-normal/arm64/VGSLFundamentals-dependency-scan.dia -user-module-version 7.25.4 -validate-clang-modules-once -clang-build-session-file /Users/admin/builder/spi-builder-workspace/.derivedData/ModuleCache.noindex/Session.modulevalidation -Xcc -fmodules-prune-interval\=86400 -Xcc -fmodules-prune-after\=345600 -package-name vgsl -emit-const-values -const-gather-protocols-list /Users/admin/builder/spi-builder-workspace/.derivedData/Build/Intermediates.noindex/vgsl.build/Debug-watchos/VGSLFundamentals-t.build/Objects-normal/arm64/VGSLFundamentals_const_extract_protocols.json -Xcc -I/Users/admin/builder/spi-builder-workspace/.derivedData/Build/Products/Debug-watchos/include -Xcc -I/Users/admin/builder/spi-builder-workspace/.derivedData/Build/Intermediates.noindex/vgsl.build/Debug-watchos/VGSLFundamentals-t.build/DerivedSources-normal/arm64 -Xcc -I/Users/admin/builder/spi-builder-workspace/.derivedData/Build/Intermediates.noindex/vgsl.build/Debug-watchos/VGSLFundamentals-t.build/DerivedSources/arm64 -Xcc -I/Users/admin/builder/spi-builder-workspace/.derivedData/Build/Intermediates.noindex/vgsl.build/Debug-watchos/VGSLFundamentals-t.build/DerivedSources -Xcc -DSWIFT_PACKAGE -Xcc -DDEBUG\=1 -emit-objc-header -emit-objc-header-path /Users/admin/builder/spi-builder-workspace/.derivedData/Build/Intermediates.noindex/vgsl.build/Debug-watchos/VGSLFundamentals-t.build/Objects-normal/arm64/VGSLFundamentals-Swift.h -working-directory /Users/admin/builder/spi-builder-workspace/.swiftpm/xcode -experimental-emit-module-separately -disable-cmo
SwiftDriver VGSLUI normal arm64 com.apple.xcode.tools.swift.compiler (in target 'VGSLUI' from project 'vgsl')
cd /Users/admin/builder/spi-builder-workspace/.swiftpm/xcode
builtin-SwiftDriver -- /Applications/Xcode-27.0.0-Release.Candidate.app/Contents/Developer/Toolchains/XcodeDefault.xctoolchain/usr/bin/swiftc -parse-as-library -module-name VGSLUI -Onone @/Users/admin/builder/spi-builder-workspace/.derivedData/Build/Intermediates.noindex/vgsl.build/Debug-watchos/VGSLUI-t.build/Objects-normal/arm64/VGSLUI.SwiftFileList -DSWIFT_PACKAGE -DDEBUG -DSWIFT_MODULE_RESOURCE_BUNDLE_UNAVAILABLE -DXcode -enable-experimental-feature AccessLevelOnImport -plugin-path /Applications/Xcode-27.0.0-Release.Candidate.app/Contents/Developer/Toolchains/XcodeDefault.xctoolchain/usr/lib/swift/host/plugins/testing -enable-experimental-feature DebugDescriptionMacro -sdk /Applications/Xcode-27.0.0-Release.Candidate.app/Contents/Developer/Platforms/WatchOS.platform/Developer/SDKs/WatchOS27.0.sdk -target arm64-apple-watchos9.0 -g -module-cache-path /Users/admin/builder/spi-builder-workspace/.derivedData/ModuleCache.noindex -Xfrontend -serialize-debugging-options -enable-testing -suppress-warnings -index-store-path /Users/admin/builder/spi-builder-workspace/.derivedData/Index.noindex/DataStore -Xcc -D_LIBCPP_HARDENING_MODE\=_LIBCPP_HARDENING_MODE_DEBUG -swift-version 6 -I /Users/admin/builder/spi-builder-workspace/.derivedData/Build/Products/Debug-watchos -Isystem /Applications/Xcode-27.0.0-Release.Candidate.app/Contents/Developer/Platforms/WatchOS.platform/Developer/usr/lib -F /Users/admin/builder/spi-builder-workspace/.derivedData/Build/Products/Debug-watchos/PackageFrameworks -F /Users/admin/builder/spi-builder-workspace/.derivedData/Build/Products/Debug-watchos -F /Applications/Xcode-27.0.0-Release.Candidate.app/Contents/Developer/Platforms/WatchOS.platform/Developer/Library/Frameworks -F /Applications/Xcode-27.0.0-Release.Candidate.app/Contents/Developer/Platforms/WatchOS.platform/Developer/SDKs/WatchOS27.0.sdk/Developer/Library/Frameworks -c -j10 -enable-batch-mode -incremental -Xcc -ivfsstatcache -Xcc /Users/admin/builder/spi-builder-workspace/.derivedData/SDKStatCaches.noindex/watchos27.0-24R360-e829b21a6f8c9b70876ba0858053c04477534ef55a1706bf4c1112bbb242f0a2.sdkstatcache -output-file-map /Users/admin/builder/spi-builder-workspace/.derivedData/Build/Intermediates.noindex/vgsl.build/Debug-watchos/VGSLUI-t.build/Objects-normal/arm64/VGSLUI-OutputFileMap.json -save-temps -no-color-diagnostics -explicit-module-build -module-cache-path /Users/admin/builder/spi-builder-workspace/.derivedData/Build/Intermediates.noindex/SwiftExplicitPrecompiledModules -clang-scanner-module-cache-path /Users/admin/builder/spi-builder-workspace/.derivedData/ModuleCache.noindex -sdk-module-cache-path /Users/admin/builder/spi-builder-workspace/.derivedData/SDKExplicitPrecompiledModules -emit-dependencies -emit-module -emit-module-path /Users/admin/builder/spi-builder-workspace/.derivedData/Build/Intermediates.noindex/vgsl.build/Debug-watchos/VGSLUI-t.build/Objects-normal/arm64/VGSLUI.swiftmodule -serialize-diagnostics -dependency-scan-serialize-diagnostics-path /Users/admin/builder/spi-builder-workspace/.derivedData/Build/Intermediates.noindex/vgsl.build/Debug-watchos/VGSLUI-t.build/Objects-normal/arm64/VGSLUI-dependency-scan.dia -user-module-version 7.25.4 -validate-clang-modules-once -clang-build-session-file /Users/admin/builder/spi-builder-workspace/.derivedData/ModuleCache.noindex/Session.modulevalidation -Xcc -fmodules-prune-interval\=86400 -Xcc -fmodules-prune-after\=345600 -package-name vgsl -emit-const-values -const-gather-protocols-list /Users/admin/builder/spi-builder-workspace/.derivedData/Build/Intermediates.noindex/vgsl.build/Debug-watchos/VGSLUI-t.build/Objects-normal/arm64/VGSLUI_const_extract_protocols.json -Xcc -I/Users/admin/builder/spi-builder-workspace/.derivedData/Build/Products/Debug-watchos/include -Xcc -I/Users/admin/builder/spi-builder-workspace/.derivedData/Build/Intermediates.noindex/vgsl.build/Debug-watchos/VGSLUI-t.build/DerivedSources-normal/arm64 -Xcc -I/Users/admin/builder/spi-builder-workspace/.derivedData/Build/Intermediates.noindex/vgsl.build/Debug-watchos/VGSLUI-t.build/DerivedSources/arm64 -Xcc -I/Users/admin/builder/spi-builder-workspace/.derivedData/Build/Intermediates.noindex/vgsl.build/Debug-watchos/VGSLUI-t.build/DerivedSources -Xcc -DSWIFT_PACKAGE -Xcc -DDEBUG\=1 -emit-objc-header -emit-objc-header-path /Users/admin/builder/spi-builder-workspace/.derivedData/Build/Intermediates.noindex/vgsl.build/Debug-watchos/VGSLUI-t.build/Objects-normal/arm64/VGSLUI-Swift.h -working-directory /Users/admin/builder/spi-builder-workspace/.swiftpm/xcode -experimental-emit-module-separately -disable-cmo
/Users/admin/builder/spi-builder-workspace/.dependencies/checkouts/vgsl/VGSLUI/typo/FontExtensions.swift:79:8: error: Unsupported OS (in target 'VGSLUI' from project 'vgsl')
/Users/admin/builder/spi-builder-workspace/.dependencies/checkouts/vgsl/VGSLUI/MetalImageView.swift:4:8: error: Unable to resolve module dependency: 'MetalKit' (in target 'VGSLUI' from project 'vgsl')
note: A dependency of main module 'VGSLUI'
/Users/admin/builder/spi-builder-workspace/.dependencies/checkouts/vgsl/VGSLUI/RemoteImageView.swift:4:8: error: Unable to resolve module dependency: 'CoreImage' (in target 'VGSLUI' from project 'vgsl')
note: A dependency of main module 'VGSLUI'
/Users/admin/builder/spi-builder-workspace/.dependencies/checkouts/vgsl/VGSLUI/RemoteImageView.swift:5:8: note: Also imported here
/Users/admin/builder/spi-builder-workspace/.dependencies/checkouts/vgsl/VGSLUI/extensions/CGColorExtensions.swift:4:8: note: Also imported here
/Users/admin/builder/spi-builder-workspace/.dependencies/checkouts/vgsl/VGSLUI/filters/EquatableImageFilter.swift:3:8: note: Also imported here
/Users/admin/builder/spi-builder-workspace/.dependencies/checkouts/vgsl/VGSLUI/filters/ImageBlur.swift:3:8: note: Also imported here
/Users/admin/builder/spi-builder-workspace/.dependencies/checkouts/vgsl/VGSLUI/filters/ImageComposer.swift:3:8: note: Also imported here
/Users/admin/builder/spi-builder-workspace/.dependencies/checkouts/vgsl/VGSLUI/filters/ImageCrop.swift:3:8: note: Also imported here
/Users/admin/builder/spi-builder-workspace/.dependencies/checkouts/vgsl/VGSLUI/filters/ImageFilters.swift:3:8: note: Also imported here
/Users/admin/builder/spi-builder-workspace/.dependencies/checkouts/vgsl/VGSLUI/filters/ImageGenerator.swift:3:8: note: Also imported here
/Users/admin/builder/spi-builder-workspace/.dependencies/checkouts/vgsl/VGSLUI/types/color/RGBAColorExtensions.swift:4:8: note: Also imported here
/Users/admin/builder/spi-builder-workspace/.dependencies/checkouts/vgsl/VGSLUI/extensions/UIDeviceExtensions.swift:4:8: error: Unable to resolve module dependency: 'CoreHaptics' (in target 'VGSLUI' from project 'vgsl')
note: A dependency of main module 'VGSLUI'
/Users/admin/builder/spi-builder-workspace/.dependencies/checkouts/vgsl/VGSLUI/types/PhysicalFeedbackGenerator.swift:6:17: error: Unable to resolve module dependency: 'AudioToolbox' (in target 'VGSLUI' from project 'vgsl')
note: A dependency of main module 'VGSLUI'
/Users/admin/builder/spi-builder-workspace/.dependencies/checkouts/vgsl/VGSLUI/MetalImageView.swift:4:8: note: A dependency of main module 'VGSLUI'
import MetalKit
^ (in target 'VGSLUI' from project 'vgsl')
/Users/admin/builder/spi-builder-workspace/.dependencies/checkouts/vgsl/VGSLUI/RemoteImageView.swift:4:8: note: A dependency of main module 'VGSLUI'
import CoreImage
^ (in target 'VGSLUI' from project 'vgsl')
/Users/admin/builder/spi-builder-workspace/.dependencies/checkouts/vgsl/VGSLUI/RemoteImageView.swift:5:8: note: Also imported here
import CoreImage.CIFilterBuiltins
^ (in target 'VGSLUI' from project 'vgsl')
/Users/admin/builder/spi-builder-workspace/.dependencies/checkouts/vgsl/VGSLUI/extensions/CGColorExtensions.swift:4:8: note: Also imported here
import CoreImage
^ (in target 'VGSLUI' from project 'vgsl')
/Users/admin/builder/spi-builder-workspace/.dependencies/checkouts/vgsl/VGSLUI/filters/EquatableImageFilter.swift:3:8: note: Also imported here
import CoreImage
^ (in target 'VGSLUI' from project 'vgsl')
/Users/admin/builder/spi-builder-workspace/.dependencies/checkouts/vgsl/VGSLUI/filters/ImageBlur.swift:3:8: note: Also imported here
import CoreImage
^ (in target 'VGSLUI' from project 'vgsl')
/Users/admin/builder/spi-builder-workspace/.dependencies/checkouts/vgsl/VGSLUI/filters/ImageComposer.swift:3:8: note: Also imported here
import CoreImage
^ (in target 'VGSLUI' from project 'vgsl')
/Users/admin/builder/spi-builder-workspace/.dependencies/checkouts/vgsl/VGSLUI/filters/ImageCrop.swift:3:8: note: Also imported here
import CoreImage
^ (in target 'VGSLUI' from project 'vgsl')
/Users/admin/builder/spi-builder-workspace/.dependencies/checkouts/vgsl/VGSLUI/filters/ImageFilters.swift:3:8: note: Also imported here
import CoreImage
^ (in target 'VGSLUI' from project 'vgsl')
/Users/admin/builder/spi-builder-workspace/.dependencies/checkouts/vgsl/VGSLUI/filters/ImageGenerator.swift:3:8: note: Also imported here
import CoreImage
^ (in target 'VGSLUI' from project 'vgsl')
/Users/admin/builder/spi-builder-workspace/.dependencies/checkouts/vgsl/VGSLUI/types/color/RGBAColorExtensions.swift:4:8: note: Also imported here
import CoreImage
^ (in target 'VGSLUI' from project 'vgsl')
/Users/admin/builder/spi-builder-workspace/.dependencies/checkouts/vgsl/VGSLUI/extensions/UIDeviceExtensions.swift:4:8: note: A dependency of main module 'VGSLUI'
import CoreHaptics
^ (in target 'VGSLUI' from project 'vgsl')
/Users/admin/builder/spi-builder-workspace/.dependencies/checkouts/vgsl/VGSLUI/types/PhysicalFeedbackGenerator.swift:6:17: note: A dependency of main module 'VGSLUI'
internal import AudioToolbox
^ (in target 'VGSLUI' from project 'vgsl')
SwiftDriver VGSLUI normal arm64_32 com.apple.xcode.tools.swift.compiler (in target 'VGSLUI' from project 'vgsl')
cd /Users/admin/builder/spi-builder-workspace/.swiftpm/xcode
builtin-SwiftDriver -- /Applications/Xcode-27.0.0-Release.Candidate.app/Contents/Developer/Toolchains/XcodeDefault.xctoolchain/usr/bin/swiftc -parse-as-library -module-name VGSLUI -Onone @/Users/admin/builder/spi-builder-workspace/.derivedData/Build/Intermediates.noindex/vgsl.build/Debug-watchos/VGSLUI-t.build/Objects-normal/arm64_32/VGSLUI.SwiftFileList -DSWIFT_PACKAGE -DDEBUG -DSWIFT_MODULE_RESOURCE_BUNDLE_UNAVAILABLE -DXcode -enable-experimental-feature AccessLevelOnImport -plugin-path /Applications/Xcode-27.0.0-Release.Candidate.app/Contents/Developer/Toolchains/XcodeDefault.xctoolchain/usr/lib/swift/host/plugins/testing -enable-experimental-feature DebugDescriptionMacro -sdk /Applications/Xcode-27.0.0-Release.Candidate.app/Contents/Developer/Platforms/WatchOS.platform/Developer/SDKs/WatchOS27.0.sdk -target arm64_32-apple-watchos9.0 -g -module-cache-path /Users/admin/builder/spi-builder-workspace/.derivedData/ModuleCache.noindex -Xfrontend -serialize-debugging-options -enable-testing -suppress-warnings -index-store-path /Users/admin/builder/spi-builder-workspace/.derivedData/Index.noindex/DataStore -Xcc -D_LIBCPP_HARDENING_MODE\=_LIBCPP_HARDENING_MODE_DEBUG -swift-version 6 -I /Users/admin/builder/spi-builder-workspace/.derivedData/Build/Products/Debug-watchos -Isystem /Applications/Xcode-27.0.0-Release.Candidate.app/Contents/Developer/Platforms/WatchOS.platform/Developer/usr/lib -F /Users/admin/builder/spi-builder-workspace/.derivedData/Build/Products/Debug-watchos/PackageFrameworks -F /Users/admin/builder/spi-builder-workspace/.derivedData/Build/Products/Debug-watchos -F /Applications/Xcode-27.0.0-Release.Candidate.app/Contents/Developer/Platforms/WatchOS.platform/Developer/Library/Frameworks -F /Applications/Xcode-27.0.0-Release.Candidate.app/Contents/Developer/Platforms/WatchOS.platform/Developer/SDKs/WatchOS27.0.sdk/Developer/Library/Frameworks -c -j10 -enable-batch-mode -incremental -Xcc -ivfsstatcache -Xcc /Users/admin/builder/spi-builder-workspace/.derivedData/SDKStatCaches.noindex/watchos27.0-24R360-e829b21a6f8c9b70876ba0858053c04477534ef55a1706bf4c1112bbb242f0a2.sdkstatcache -output-file-map /Users/admin/builder/spi-builder-workspace/.derivedData/Build/Intermediates.noindex/vgsl.build/Debug-watchos/VGSLUI-t.build/Objects-normal/arm64_32/VGSLUI-OutputFileMap.json -save-temps -no-color-diagnostics -explicit-module-build -module-cache-path /Users/admin/builder/spi-builder-workspace/.derivedData/Build/Intermediates.noindex/SwiftExplicitPrecompiledModules -clang-scanner-module-cache-path /Users/admin/builder/spi-builder-workspace/.derivedData/ModuleCache.noindex -sdk-module-cache-path /Users/admin/builder/spi-builder-workspace/.derivedData/SDKExplicitPrecompiledModules -emit-dependencies -emit-module -emit-module-path /Users/admin/builder/spi-builder-workspace/.derivedData/Build/Intermediates.noindex/vgsl.build/Debug-watchos/VGSLUI-t.build/Objects-normal/arm64_32/VGSLUI.swiftmodule -serialize-diagnostics -dependency-scan-serialize-diagnostics-path /Users/admin/builder/spi-builder-workspace/.derivedData/Build/Intermediates.noindex/vgsl.build/Debug-watchos/VGSLUI-t.build/Objects-normal/arm64_32/VGSLUI-dependency-scan.dia -user-module-version 7.25.4 -validate-clang-modules-once -clang-build-session-file /Users/admin/builder/spi-builder-workspace/.derivedData/ModuleCache.noindex/Session.modulevalidation -Xcc -fmodules-prune-interval\=86400 -Xcc -fmodules-prune-after\=345600 -package-name vgsl -emit-const-values -const-gather-protocols-list /Users/admin/builder/spi-builder-workspace/.derivedData/Build/Intermediates.noindex/vgsl.build/Debug-watchos/VGSLUI-t.build/Objects-normal/arm64_32/VGSLUI_const_extract_protocols.json -Xcc -I/Users/admin/builder/spi-builder-workspace/.derivedData/Build/Products/Debug-watchos/include -Xcc -I/Users/admin/builder/spi-builder-workspace/.derivedData/Build/Intermediates.noindex/vgsl.build/Debug-watchos/VGSLUI-t.build/DerivedSources-normal/arm64_32 -Xcc -I/Users/admin/builder/spi-builder-workspace/.derivedData/Build/Intermediates.noindex/vgsl.build/Debug-watchos/VGSLUI-t.build/DerivedSources/arm64_32 -Xcc -I/Users/admin/builder/spi-builder-workspace/.derivedData/Build/Intermediates.noindex/vgsl.build/Debug-watchos/VGSLUI-t.build/DerivedSources -Xcc -DSWIFT_PACKAGE -Xcc -DDEBUG\=1 -emit-objc-header -emit-objc-header-path /Users/admin/builder/spi-builder-workspace/.derivedData/Build/Intermediates.noindex/vgsl.build/Debug-watchos/VGSLUI-t.build/Objects-normal/arm64_32/VGSLUI-Swift.h -working-directory /Users/admin/builder/spi-builder-workspace/.swiftpm/xcode -experimental-emit-module-separately -disable-cmo
/Users/admin/builder/spi-builder-workspace/.dependencies/checkouts/vgsl/VGSLUI/typo/FontExtensions.swift:79:8: error: Unsupported OS (in target 'VGSLUI' from project 'vgsl')
/Users/admin/builder/spi-builder-workspace/.dependencies/checkouts/vgsl/VGSLUI/MetalImageView.swift:4:8: error: Unable to resolve module dependency: 'MetalKit' (in target 'VGSLUI' from project 'vgsl')
note: A dependency of main module 'VGSLUI'
/Users/admin/builder/spi-builder-workspace/.dependencies/checkouts/vgsl/VGSLUI/RemoteImageView.swift:4:8: error: Unable to resolve module dependency: 'CoreImage' (in target 'VGSLUI' from project 'vgsl')
note: A dependency of main module 'VGSLUI'
/Users/admin/builder/spi-builder-workspace/.dependencies/checkouts/vgsl/VGSLUI/RemoteImageView.swift:5:8: note: Also imported here
/Users/admin/builder/spi-builder-workspace/.dependencies/checkouts/vgsl/VGSLUI/extensions/CGColorExtensions.swift:4:8: note: Also imported here
/Users/admin/builder/spi-builder-workspace/.dependencies/checkouts/vgsl/VGSLUI/filters/EquatableImageFilter.swift:3:8: note: Also imported here
/Users/admin/builder/spi-builder-workspace/.dependencies/checkouts/vgsl/VGSLUI/filters/ImageBlur.swift:3:8: note: Also imported here
/Users/admin/builder/spi-builder-workspace/.dependencies/checkouts/vgsl/VGSLUI/filters/ImageComposer.swift:3:8: note: Also imported here
/Users/admin/builder/spi-builder-workspace/.dependencies/checkouts/vgsl/VGSLUI/filters/ImageCrop.swift:3:8: note: Also imported here
/Users/admin/builder/spi-builder-workspace/.dependencies/checkouts/vgsl/VGSLUI/filters/ImageFilters.swift:3:8: note: Also imported here
/Users/admin/builder/spi-builder-workspace/.dependencies/checkouts/vgsl/VGSLUI/filters/ImageGenerator.swift:3:8: note: Also imported here
/Users/admin/builder/spi-builder-workspace/.dependencies/checkouts/vgsl/VGSLUI/types/color/RGBAColorExtensions.swift:4:8: note: Also imported here
/Users/admin/builder/spi-builder-workspace/.dependencies/checkouts/vgsl/VGSLUI/extensions/UIDeviceExtensions.swift:4:8: error: Unable to resolve module dependency: 'CoreHaptics' (in target 'VGSLUI' from project 'vgsl')
note: A dependency of main module 'VGSLUI'
/Users/admin/builder/spi-builder-workspace/.dependencies/checkouts/vgsl/VGSLUI/types/PhysicalFeedbackGenerator.swift:6:17: error: Unable to resolve module dependency: 'AudioToolbox' (in target 'VGSLUI' from project 'vgsl')
note: A dependency of main module 'VGSLUI'
/Users/admin/builder/spi-builder-workspace/.dependencies/checkouts/vgsl/VGSLUI/MetalImageView.swift:4:8: note: A dependency of main module 'VGSLUI'
import MetalKit
^ (in target 'VGSLUI' from project 'vgsl')
/Users/admin/builder/spi-builder-workspace/.dependencies/checkouts/vgsl/VGSLUI/RemoteImageView.swift:4:8: note: A dependency of main module 'VGSLUI'
import CoreImage
^ (in target 'VGSLUI' from project 'vgsl')
/Users/admin/builder/spi-builder-workspace/.dependencies/checkouts/vgsl/VGSLUI/RemoteImageView.swift:5:8: note: Also imported here
import CoreImage.CIFilterBuiltins
^ (in target 'VGSLUI' from project 'vgsl')
/Users/admin/builder/spi-builder-workspace/.dependencies/checkouts/vgsl/VGSLUI/extensions/CGColorExtensions.swift:4:8: note: Also imported here
import CoreImage
^ (in target 'VGSLUI' from project 'vgsl')
/Users/admin/builder/spi-builder-workspace/.dependencies/checkouts/vgsl/VGSLUI/filters/EquatableImageFilter.swift:3:8: note: Also imported here
import CoreImage
^ (in target 'VGSLUI' from project 'vgsl')
/Users/admin/builder/spi-builder-workspace/.dependencies/checkouts/vgsl/VGSLUI/filters/ImageBlur.swift:3:8: note: Also imported here
import CoreImage
^ (in target 'VGSLUI' from project 'vgsl')
/Users/admin/builder/spi-builder-workspace/.dependencies/checkouts/vgsl/VGSLUI/filters/ImageComposer.swift:3:8: note: Also imported here
import CoreImage
^ (in target 'VGSLUI' from project 'vgsl')
/Users/admin/builder/spi-builder-workspace/.dependencies/checkouts/vgsl/VGSLUI/filters/ImageCrop.swift:3:8: note: Also imported here
import CoreImage
^ (in target 'VGSLUI' from project 'vgsl')
/Users/admin/builder/spi-builder-workspace/.dependencies/checkouts/vgsl/VGSLUI/filters/ImageFilters.swift:3:8: note: Also imported here
import CoreImage
^ (in target 'VGSLUI' from project 'vgsl')
/Users/admin/builder/spi-builder-workspace/.dependencies/checkouts/vgsl/VGSLUI/filters/ImageGenerator.swift:3:8: note: Also imported here
import CoreImage
^ (in target 'VGSLUI' from project 'vgsl')
/Users/admin/builder/spi-builder-workspace/.dependencies/checkouts/vgsl/VGSLUI/types/color/RGBAColorExtensions.swift:4:8: note: Also imported here
import CoreImage
^ (in target 'VGSLUI' from project 'vgsl')
/Users/admin/builder/spi-builder-workspace/.dependencies/checkouts/vgsl/VGSLUI/extensions/UIDeviceExtensions.swift:4:8: note: A dependency of main module 'VGSLUI'
import CoreHaptics
^ (in target 'VGSLUI' from project 'vgsl')
/Users/admin/builder/spi-builder-workspace/.dependencies/checkouts/vgsl/VGSLUI/types/PhysicalFeedbackGenerator.swift:6:17: note: A dependency of main module 'VGSLUI'
internal import AudioToolbox
^ (in target 'VGSLUI' from project 'vgsl')
Ld /Users/admin/builder/spi-builder-workspace/.derivedData/Build/Intermediates.noindex/vgsl.build/Debug-watchos/VGSLFundamentals-t.build/Objects-normal/arm64/Binary/VGSLFundamentals.o normal arm64 (in target 'VGSLFundamentals' from project 'vgsl')
cd /Users/admin/builder/spi-builder-workspace/.dependencies/checkouts/vgsl
/Applications/Xcode-27.0.0-Release.Candidate.app/Contents/Developer/Toolchains/XcodeDefault.xctoolchain/usr/bin/clang -Xlinker -reproducible -target arm64-apple-watchos9.0 -r -isysroot /Applications/Xcode-27.0.0-Release.Candidate.app/Contents/Developer/Platforms/WatchOS.platform/Developer/SDKs/WatchOS27.0.sdk -O0 -w -Xlinker -no_warn_duplicate_libraries -F/Users/admin/builder/spi-builder-workspace/.derivedData/Build/Intermediates.noindex/EagerLinkingTBDs/Debug-watchos -F/Users/admin/builder/spi-builder-workspace/.derivedData/Build/Products/Debug-watchos -iframework /Applications/Xcode-27.0.0-Release.Candidate.app/Contents/Developer/Platforms/WatchOS.platform/Developer/Library/Frameworks -iframework /Applications/Xcode-27.0.0-Release.Candidate.app/Contents/Developer/Platforms/WatchOS.platform/Developer/SDKs/WatchOS27.0.sdk/Developer/Library/Frameworks -filelist /Users/admin/builder/spi-builder-workspace/.derivedData/Build/Intermediates.noindex/vgsl.build/Debug-watchos/VGSLFundamentals-t.build/Objects-normal/arm64/VGSLFundamentals.LinkFileList -nostdlib -Xlinker -object_path_lto -Xlinker /Users/admin/builder/spi-builder-workspace/.derivedData/Build/Intermediates.noindex/vgsl.build/Debug-watchos/VGSLFundamentals-t.build/Objects-normal/arm64/VGSLFundamentals_lto.o -Xlinker -no_deduplicate -Xlinker -dependency_info -Xlinker /Users/admin/builder/spi-builder-workspace/.derivedData/Build/Intermediates.noindex/vgsl.build/Debug-watchos/VGSLFundamentals-t.build/Objects-normal/arm64/VGSLFundamentals_dependency_info.dat -fobjc-link-runtime -L/Applications/Xcode-27.0.0-Release.Candidate.app/Contents/Developer/Toolchains/XcodeDefault.xctoolchain/usr/lib/swift/watchos -L/usr/lib/swift -Xlinker -add_ast_path -Xlinker /Users/admin/builder/spi-builder-workspace/.derivedData/Build/Intermediates.noindex/vgsl.build/Debug-watchos/VGSLFundamentals-t.build/Objects-normal/arm64/VGSLFundamentals.swiftmodule -o /Users/admin/builder/spi-builder-workspace/.derivedData/Build/Intermediates.noindex/vgsl.build/Debug-watchos/VGSLFundamentals-t.build/Objects-normal/arm64/Binary/VGSLFundamentals.o
SwiftDriverJobDiscovery normal arm64_32 Compiling Result.swift, Signal+CombineLatest.swift, Signal.swift, SignalPipe.swift, Variable.swift, AutodisposePool.swift, Disposable.swift, ObservableProperty.swift, ObservableVariable.swift, ObservableVariableConnection.swift (in target 'VGSLFundamentals' from project 'vgsl')
SwiftDriver\ Compilation VGSLFundamentals normal arm64_32 com.apple.xcode.tools.swift.compiler (in target 'VGSLFundamentals' from project 'vgsl')
cd /Users/admin/builder/spi-builder-workspace/.swiftpm/xcode
builtin-Swift-Compilation -- /Applications/Xcode-27.0.0-Release.Candidate.app/Contents/Developer/Toolchains/XcodeDefault.xctoolchain/usr/bin/swiftc -parse-as-library -module-name VGSLFundamentals -Onone @/Users/admin/builder/spi-builder-workspace/.derivedData/Build/Intermediates.noindex/vgsl.build/Debug-watchos/VGSLFundamentals-t.build/Objects-normal/arm64_32/VGSLFundamentals.SwiftFileList -DSWIFT_PACKAGE -DDEBUG -DSWIFT_MODULE_RESOURCE_BUNDLE_AVAILABLE -DXcode -enable-experimental-feature AccessLevelOnImport -plugin-path /Applications/Xcode-27.0.0-Release.Candidate.app/Contents/Developer/Toolchains/XcodeDefault.xctoolchain/usr/lib/swift/host/plugins/testing -enable-experimental-feature DebugDescriptionMacro -sdk /Applications/Xcode-27.0.0-Release.Candidate.app/Contents/Developer/Platforms/WatchOS.platform/Developer/SDKs/WatchOS27.0.sdk -target arm64_32-apple-watchos9.0 -g -module-cache-path /Users/admin/builder/spi-builder-workspace/.derivedData/ModuleCache.noindex -Xfrontend -serialize-debugging-options -enable-testing -suppress-warnings -index-store-path /Users/admin/builder/spi-builder-workspace/.derivedData/Index.noindex/DataStore -Xcc -D_LIBCPP_HARDENING_MODE\=_LIBCPP_HARDENING_MODE_DEBUG -swift-version 6 -I /Users/admin/builder/spi-builder-workspace/.derivedData/Build/Products/Debug-watchos -Isystem /Applications/Xcode-27.0.0-Release.Candidate.app/Contents/Developer/Platforms/WatchOS.platform/Developer/usr/lib -F /Users/admin/builder/spi-builder-workspace/.derivedData/Build/Products/Debug-watchos -F /Applications/Xcode-27.0.0-Release.Candidate.app/Contents/Developer/Platforms/WatchOS.platform/Developer/Library/Frameworks -F /Applications/Xcode-27.0.0-Release.Candidate.app/Contents/Developer/Platforms/WatchOS.platform/Developer/SDKs/WatchOS27.0.sdk/Developer/Library/Frameworks -c -j10 -enable-batch-mode -incremental -Xcc -ivfsstatcache -Xcc /Users/admin/builder/spi-builder-workspace/.derivedData/SDKStatCaches.noindex/watchos27.0-24R360-e829b21a6f8c9b70876ba0858053c04477534ef55a1706bf4c1112bbb242f0a2.sdkstatcache -output-file-map /Users/admin/builder/spi-builder-workspace/.derivedData/Build/Intermediates.noindex/vgsl.build/Debug-watchos/VGSLFundamentals-t.build/Objects-normal/arm64_32/VGSLFundamentals-OutputFileMap.json -save-temps -no-color-diagnostics -explicit-module-build -module-cache-path /Users/admin/builder/spi-builder-workspace/.derivedData/Build/Intermediates.noindex/SwiftExplicitPrecompiledModules -clang-scanner-module-cache-path /Users/admin/builder/spi-builder-workspace/.derivedData/ModuleCache.noindex -sdk-module-cache-path /Users/admin/builder/spi-builder-workspace/.derivedData/SDKExplicitPrecompiledModules -emit-dependencies -emit-module -emit-module-path /Users/admin/builder/spi-builder-workspace/.derivedData/Build/Intermediates.noindex/vgsl.build/Debug-watchos/VGSLFundamentals-t.build/Objects-normal/arm64_32/VGSLFundamentals.swiftmodule -serialize-diagnostics -dependency-scan-serialize-diagnostics-path /Users/admin/builder/spi-builder-workspace/.derivedData/Build/Intermediates.noindex/vgsl.build/Debug-watchos/VGSLFundamentals-t.build/Objects-normal/arm64_32/VGSLFundamentals-dependency-scan.dia -user-module-version 7.25.4 -validate-clang-modules-once -clang-build-session-file /Users/admin/builder/spi-builder-workspace/.derivedData/ModuleCache.noindex/Session.modulevalidation -Xcc -fmodules-prune-interval\=86400 -Xcc -fmodules-prune-after\=345600 -package-name vgsl -emit-const-values -const-gather-protocols-list /Users/admin/builder/spi-builder-workspace/.derivedData/Build/Intermediates.noindex/vgsl.build/Debug-watchos/VGSLFundamentals-t.build/Objects-normal/arm64_32/VGSLFundamentals_const_extract_protocols.json -Xcc -I/Users/admin/builder/spi-builder-workspace/.derivedData/Build/Products/Debug-watchos/include -Xcc -I/Users/admin/builder/spi-builder-workspace/.derivedData/Build/Intermediates.noindex/vgsl.build/Debug-watchos/VGSLFundamentals-t.build/DerivedSources-normal/arm64_32 -Xcc -I/Users/admin/builder/spi-builder-workspace/.derivedData/Build/Intermediates.noindex/vgsl.build/Debug-watchos/VGSLFundamentals-t.build/DerivedSources/arm64_32 -Xcc -I/Users/admin/builder/spi-builder-workspace/.derivedData/Build/Intermediates.noindex/vgsl.build/Debug-watchos/VGSLFundamentals-t.build/DerivedSources -Xcc -DSWIFT_PACKAGE -Xcc -DDEBUG\=1 -emit-objc-header -emit-objc-header-path /Users/admin/builder/spi-builder-workspace/.derivedData/Build/Intermediates.noindex/vgsl.build/Debug-watchos/VGSLFundamentals-t.build/Objects-normal/arm64_32/VGSLFundamentals-Swift.h -working-directory /Users/admin/builder/spi-builder-workspace/.swiftpm/xcode -experimental-emit-module-separately -disable-cmo
Ld /Users/admin/builder/spi-builder-workspace/.derivedData/Build/Intermediates.noindex/vgsl.build/Debug-watchos/VGSLFundamentals-t.build/Objects-normal/arm64_32/Binary/VGSLFundamentals.o normal arm64_32 (in target 'VGSLFundamentals' from project 'vgsl')
cd /Users/admin/builder/spi-builder-workspace/.dependencies/checkouts/vgsl
/Applications/Xcode-27.0.0-Release.Candidate.app/Contents/Developer/Toolchains/XcodeDefault.xctoolchain/usr/bin/clang -Xlinker -reproducible -target arm64_32-apple-watchos9.0 -r -isysroot /Applications/Xcode-27.0.0-Release.Candidate.app/Contents/Developer/Platforms/WatchOS.platform/Developer/SDKs/WatchOS27.0.sdk -O0 -w -Xlinker -no_warn_duplicate_libraries -F/Users/admin/builder/spi-builder-workspace/.derivedData/Build/Intermediates.noindex/EagerLinkingTBDs/Debug-watchos -F/Users/admin/builder/spi-builder-workspace/.derivedData/Build/Products/Debug-watchos -iframework /Applications/Xcode-27.0.0-Release.Candidate.app/Contents/Developer/Platforms/WatchOS.platform/Developer/Library/Frameworks -iframework /Applications/Xcode-27.0.0-Release.Candidate.app/Contents/Developer/Platforms/WatchOS.platform/Developer/SDKs/WatchOS27.0.sdk/Developer/Library/Frameworks -filelist /Users/admin/builder/spi-builder-workspace/.derivedData/Build/Intermediates.noindex/vgsl.build/Debug-watchos/VGSLFundamentals-t.build/Objects-normal/arm64_32/VGSLFundamentals.LinkFileList -nostdlib -Xlinker -object_path_lto -Xlinker /Users/admin/builder/spi-builder-workspace/.derivedData/Build/Intermediates.noindex/vgsl.build/Debug-watchos/VGSLFundamentals-t.build/Objects-normal/arm64_32/VGSLFundamentals_lto.o -Xlinker -no_deduplicate -Xlinker -dependency_info -Xlinker /Users/admin/builder/spi-builder-workspace/.derivedData/Build/Intermediates.noindex/vgsl.build/Debug-watchos/VGSLFundamentals-t.build/Objects-normal/arm64_32/VGSLFundamentals_dependency_info.dat -fobjc-link-runtime -L/Applications/Xcode-27.0.0-Release.Candidate.app/Contents/Developer/Toolchains/XcodeDefault.xctoolchain/usr/lib/swift/watchos -L/usr/lib/swift -Xlinker -add_ast_path -Xlinker /Users/admin/builder/spi-builder-workspace/.derivedData/Build/Intermediates.noindex/vgsl.build/Debug-watchos/VGSLFundamentals-t.build/Objects-normal/arm64_32/VGSLFundamentals.swiftmodule -o /Users/admin/builder/spi-builder-workspace/.derivedData/Build/Intermediates.noindex/vgsl.build/Debug-watchos/VGSLFundamentals-t.build/Objects-normal/arm64_32/Binary/VGSLFundamentals.o
CreateUniversalBinary /Users/admin/builder/spi-builder-workspace/.derivedData/Build/Products/Debug-watchos/VGSLFundamentals.o normal arm64\ arm64_32 (in target 'VGSLFundamentals' from project 'vgsl')
cd /Users/admin/builder/spi-builder-workspace/.dependencies/checkouts/vgsl
/Applications/Xcode-27.0.0-Release.Candidate.app/Contents/Developer/Toolchains/XcodeDefault.xctoolchain/usr/bin/lipo -create /Users/admin/builder/spi-builder-workspace/.derivedData/Build/Intermediates.noindex/vgsl.build/Debug-watchos/VGSLFundamentals-t.build/Objects-normal/arm64/Binary/VGSLFundamentals.o /Users/admin/builder/spi-builder-workspace/.derivedData/Build/Intermediates.noindex/vgsl.build/Debug-watchos/VGSLFundamentals-t.build/Objects-normal/arm64_32/Binary/VGSLFundamentals.o -output /Users/admin/builder/spi-builder-workspace/.derivedData/Build/Products/Debug-watchos/VGSLFundamentals.o
ExtractAppIntentsMetadata (in target 'VGSLFundamentals' from project 'vgsl')
cd /Users/admin/builder/spi-builder-workspace/.dependencies/checkouts/vgsl
/Applications/Xcode-27.0.0-Release.Candidate.app/Contents/Developer/Toolchains/XcodeDefault.xctoolchain/usr/bin/appintentsmetadataprocessor --toolchain-dir /var/run/com.apple.security.cryptexd/mnt/com.apple.MobileAsset.MetalToolchain-v27.1.266.1.Afgw1a/Metal.xctoolchain --module-name VGSLFundamentals --sdk-root /Applications/Xcode-27.0.0-Release.Candidate.app/Contents/Developer/Platforms/WatchOS.platform/Developer/SDKs/WatchOS27.0.sdk --xcode-version 27A266a --platform-family watchOS --deployment-target 9.0 --bundle-identifier vgsl.VGSLFundamentals --output /Users/admin/builder/spi-builder-workspace/.derivedData/Build/Products/Debug-watchos/VGSLFundamentals.appintents --target-triple arm64-apple-watchos9.0 --target-triple arm64_32-apple-watchos9.0 --binary-file /Users/admin/builder/spi-builder-workspace/.derivedData/Build/Products/Debug-watchos/VGSLFundamentals.o --dependency-file /Users/admin/builder/spi-builder-workspace/.derivedData/Build/Intermediates.noindex/vgsl.build/Debug-watchos/VGSLFundamentals-t.build/Objects-normal/arm64/VGSLFundamentals_dependency_info.dat --dependency-file /Users/admin/builder/spi-builder-workspace/.derivedData/Build/Intermediates.noindex/vgsl.build/Debug-watchos/VGSLFundamentals-t.build/Objects-normal/arm64_32/VGSLFundamentals_dependency_info.dat --stringsdata-file /Users/admin/builder/spi-builder-workspace/.derivedData/Build/Intermediates.noindex/vgsl.build/Debug-watchos/VGSLFundamentals-t.build/Objects-normal/arm64/ExtractedAppShortcutsMetadata.stringsdata --stringsdata-file /Users/admin/builder/spi-builder-workspace/.derivedData/Build/Intermediates.noindex/vgsl.build/Debug-watchos/VGSLFundamentals-t.build/Objects-normal/arm64_32/ExtractedAppShortcutsMetadata.stringsdata --source-file-list /Users/admin/builder/spi-builder-workspace/.derivedData/Build/Intermediates.noindex/vgsl.build/Debug-watchos/VGSLFundamentals-t.build/Objects-normal/arm64/VGSLFundamentals.SwiftFileList --source-file-list /Users/admin/builder/spi-builder-workspace/.derivedData/Build/Intermediates.noindex/vgsl.build/Debug-watchos/VGSLFundamentals-t.build/Objects-normal/arm64_32/VGSLFundamentals.SwiftFileList --metadata-file-list /Users/admin/builder/spi-builder-workspace/.derivedData/Build/Intermediates.noindex/vgsl.build/Debug-watchos/VGSLFundamentals-t.build/VGSLFundamentals.DependencyMetadataFileList --static-metadata-file-list /Users/admin/builder/spi-builder-workspace/.derivedData/Build/Intermediates.noindex/vgsl.build/Debug-watchos/VGSLFundamentals-t.build/VGSLFundamentals.DependencyStaticMetadataFileList --swift-const-vals-list /Users/admin/builder/spi-builder-workspace/.derivedData/Build/Intermediates.noindex/vgsl.build/Debug-watchos/VGSLFundamentals-t.build/Objects-normal/arm64/VGSLFundamentals.SwiftConstValuesFileList --swift-const-vals-list /Users/admin/builder/spi-builder-workspace/.derivedData/Build/Intermediates.noindex/vgsl.build/Debug-watchos/VGSLFundamentals-t.build/Objects-normal/arm64_32/VGSLFundamentals.SwiftConstValuesFileList --force --compile-time-extraction --deployment-aware-processing --no-app-shortcuts-localization
PruneExplicitPrecompiledModules /Users/admin/builder/spi-builder-workspace/.derivedData/Build/Intermediates.noindex/SwiftExplicitPrecompiledModules
PruneExplicitPrecompiledModules /Users/admin/builder/spi-builder-workspace/.derivedData/SDKExplicitPrecompiledModules
PruneExplicitPrecompiledModules /Users/admin/builder/spi-builder-workspace/.derivedData/Build/Intermediates.noindex/ExplicitPrecompiledModules
2026-09-24 09:19:40.148 xcodebuild[796:4749] [MT] IDERunDestination: Supported platforms for the buildables in the current scheme is empty.
** BUILD FAILED **
The following build commands failed:
SwiftDriver VGSLUI normal arm64 com.apple.xcode.tools.swift.compiler (in target 'VGSLUI' from project 'vgsl')
SwiftDriver VGSLUI normal arm64_32 com.apple.xcode.tools.swift.compiler (in target 'VGSLUI' from project 'vgsl')
Building workspace DivKitBinaryCompatibilityFacade with scheme DivKitBinaryCompatibilityFacade
(3 failures)
Command line invocation:
/Applications/Xcode-27.0.0-Release.Candidate.app/Contents/Developer/usr/bin/xcodebuild -IDEClonedSourcePackagesDirPathOverride=/Users/admin/builder/spi-builder-workspace/.dependencies -resolvePackageDependencies
Resolve Package Graph
Resolved source packages:
cmark-gfm: https://github.com/swiftlang/swift-cmark.git @ 0.9.0
DivKitBinaryCompatibilityFacade: /Users/admin/builder/spi-builder-workspace
swift-markdown: https://github.com/apple/swift-markdown.git @ 0.6.0
vgsl: https://github.com/yandex/vgsl.git @ 7.25.4
DivKit: https://github.com/divkit/divkit-ios.git @ 32.61.0
resolved source packages: cmark-gfm, DivKitBinaryCompatibilityFacade, swift-markdown, vgsl, DivKit
2026-09-24 09:19:51.716 xcodebuild[934:5697] [MT] IDERunDestination: Supported platforms for the buildables in the current scheme is empty.
{
"dependencies" : [
{
"identity" : "divkit-ios",
"requirement" : {
"range" : [
{
"lower_bound" : "32.14.0-0",
"upper_bound" : "33.0.0"
}
]
},
"type" : "sourceControl",
"url" : "https://github.com/divkit/divkit-ios.git"
}
],
"manifest_display_name" : "DivKitBinaryCompatibilityFacade",
"name" : "DivKitBinaryCompatibilityFacade",
"path" : "/Users/admin/builder/spi-builder-workspace",
"platforms" : [
{
"name" : "ios",
"version" : "13.0"
}
],
"products" : [
{
"name" : "DivKitBinaryCompatibilityFacade",
"targets" : [
"DivKitBinaryCompatibilityFacade"
],
"type" : {
"library" : [
"automatic"
]
}
}
],
"targets" : [
{
"c99name" : "DivKitBinaryCompatibilityFacade",
"module_type" : "SwiftTarget",
"name" : "DivKitBinaryCompatibilityFacade",
"path" : "DivKitBinaryCompatibilityFacade",
"product_dependencies" : [
"DivKit"
],
"product_memberships" : [
"DivKitBinaryCompatibilityFacade"
],
"sources" : [
"ContentViewFactory.swift",
"CustomWrapperBlock.swift",
"CustomWrapperBlockView.swift",
"DivKitBinaryCompatibilityFacade.swift",
"DivProperties.swift",
"FacadeCustomBlockFactory.swift",
"FacadeExtensionHandler.swift",
"FontProviding.swift",
"LocalImageProviding.swift",
"UrlHandling.swift",
"VisibilityAwareReporter.swift",
"WrapperViewConfigurator.swift"
],
"type" : "library"
}
],
"tools_version" : "5.9"
}
{
"workspace" : {
"name" : "DivKitBinaryCompatibilityFacade",
"schemes" : [
"DivKitBinaryCompatibilityFacade"
]
}
}
2026-09-24 09:19:53.969 xcodebuild[942:5773] [MT] IDERunDestination: Supported platforms for the buildables in the current scheme is empty.
Running build ...
env DEVELOPER_DIR=/Applications/Xcode-27.0.0-Release.Candidate.app xcrun xcodebuild -IDEClonedSourcePackagesDirPathOverride=$PWD/.dependencies -skipMacroValidation -skipPackagePluginValidation -derivedDataPath $PWD/.derivedData build -scheme DivKitBinaryCompatibilityFacade -destination generic/platform=watchOS
Command line invocation:
/Applications/Xcode-27.0.0-Release.Candidate.app/Contents/Developer/usr/bin/xcodebuild -IDEClonedSourcePackagesDirPathOverride=/Users/admin/builder/spi-builder-workspace/.dependencies -skipMacroValidation -skipPackagePluginValidation -derivedDataPath /Users/admin/builder/spi-builder-workspace/.derivedData build -scheme DivKitBinaryCompatibilityFacade -destination generic/platform=watchOS
Resolve Package Graph
Resolved source packages:
DivKit: https://github.com/divkit/divkit-ios.git @ 32.61.0
cmark-gfm: https://github.com/swiftlang/swift-cmark.git @ 0.9.0
swift-markdown: https://github.com/apple/swift-markdown.git @ 0.6.0
vgsl: https://github.com/yandex/vgsl.git @ 7.25.4
DivKitBinaryCompatibilityFacade: /Users/admin/builder/spi-builder-workspace
ComputePackagePrebuildTargetDependencyGraph
Prepare packages
CreateBuildRequest
SendProjectDescription
CreateBuildOperation
ComputeTargetDependencyGraph
note: Building targets in dependency order
note: Target dependency graph (13 targets)
Target 'DivKitBinaryCompatibilityFacade-product' in project 'DivKitBinaryCompatibilityFacade'
➜ Explicit dependency on target 'DivKitBinaryCompatibilityFacade' in project 'DivKitBinaryCompatibilityFacade'
➜ Explicit dependency on target 'DivKit-product' in project 'DivKit'
Target 'DivKitBinaryCompatibilityFacade' in project 'DivKitBinaryCompatibilityFacade'
➜ Explicit dependency on target 'DivKit-product' in project 'DivKit'
Target 'DivKit-product' in project 'DivKit'
➜ Explicit dependency on target 'DivKit' in project 'DivKit'
➜ Explicit dependency on target 'LayoutKitInterface' in project 'DivKit'
➜ Explicit dependency on target 'LayoutKit' in project 'DivKit'
➜ Explicit dependency on target 'Serialization' in project 'DivKit'
➜ Explicit dependency on target 'VGSL-product' in project 'vgsl'
Target 'DivKit' in project 'DivKit'
➜ Explicit dependency on target 'LayoutKitInterface' in project 'DivKit'
➜ Explicit dependency on target 'LayoutKit' in project 'DivKit'
➜ Explicit dependency on target 'Serialization' in project 'DivKit'
➜ Explicit dependency on target 'VGSL-product' in project 'vgsl'
Target 'Serialization' in project 'DivKit'
➜ Explicit dependency on target 'VGSL-product' in project 'vgsl'
Target 'LayoutKit' in project 'DivKit'
➜ Explicit dependency on target 'LayoutKitInterface' in project 'DivKit'
➜ Explicit dependency on target 'VGSL-product' in project 'vgsl'
Target 'LayoutKitInterface' in project 'DivKit'
➜ Explicit dependency on target 'VGSL-product' in project 'vgsl'
Target 'VGSL-product' in project 'vgsl'
➜ Explicit dependency on target 'VGSL' in project 'vgsl'
➜ Explicit dependency on target 'VGSLFundamentals' in project 'vgsl'
➜ Explicit dependency on target 'VGSLUI' in project 'vgsl'
➜ Explicit dependency on target 'VGSLNetworking' in project 'vgsl'
Target 'VGSL' in project 'vgsl'
➜ Explicit dependency on target 'VGSLFundamentals' in project 'vgsl'
➜ Explicit dependency on target 'VGSLUI' in project 'vgsl'
➜ Explicit dependency on target 'VGSLNetworking' in project 'vgsl'
Target 'VGSLNetworking' in project 'vgsl'
➜ Explicit dependency on target 'VGSLFundamentals' in project 'vgsl'
➜ Explicit dependency on target 'VGSLUI' in project 'vgsl'
Target 'VGSLUI' in project 'vgsl'
➜ Explicit dependency on target 'VGSLFundamentals' in project 'vgsl'
Target 'VGSLFundamentals' in project 'vgsl'
➜ Explicit dependency on target 'vgsl_VGSLFundamentals' in project 'vgsl'
Target 'vgsl_VGSLFundamentals' in project 'vgsl' (no dependencies)
GatherProvisioningInputs
CreateBuildDescription
ClangStatCache /Applications/Xcode-27.0.0-Release.Candidate.app/Contents/Developer/Toolchains/XcodeDefault.xctoolchain/usr/bin/clang-stat-cache /Applications/Xcode-27.0.0-Release.Candidate.app/Contents/Developer/Platforms/WatchOS.platform/Developer/SDKs/WatchOS27.0.sdk /Users/admin/builder/spi-builder-workspace/.derivedData/SDKStatCaches.noindex/watchos27.0-24R360-e829b21a6f8c9b70876ba0858053c04477534ef55a1706bf4c1112bbb242f0a2.sdkstatcache
cd /Users/admin/builder/spi-builder-workspace/.swiftpm/xcode
/Applications/Xcode-27.0.0-Release.Candidate.app/Contents/Developer/Toolchains/XcodeDefault.xctoolchain/usr/bin/clang-stat-cache /Applications/Xcode-27.0.0-Release.Candidate.app/Contents/Developer/Platforms/WatchOS.platform/Developer/SDKs/WatchOS27.0.sdk -o /Users/admin/builder/spi-builder-workspace/.derivedData/SDKStatCaches.noindex/watchos27.0-24R360-e829b21a6f8c9b70876ba0858053c04477534ef55a1706bf4c1112bbb242f0a2.sdkstatcache
SwiftDriver VGSLUI normal arm64 com.apple.xcode.tools.swift.compiler (in target 'VGSLUI' from project 'vgsl')
cd /Users/admin/builder/spi-builder-workspace/.swiftpm/xcode
builtin-SwiftDriver -- /Applications/Xcode-27.0.0-Release.Candidate.app/Contents/Developer/Toolchains/XcodeDefault.xctoolchain/usr/bin/swiftc -parse-as-library -module-name VGSLUI -Onone @/Users/admin/builder/spi-builder-workspace/.derivedData/Build/Intermediates.noindex/vgsl.build/Debug-watchos/VGSLUI-t.build/Objects-normal/arm64/VGSLUI.SwiftFileList -DSWIFT_PACKAGE -DDEBUG -DSWIFT_MODULE_RESOURCE_BUNDLE_UNAVAILABLE -DXcode -enable-experimental-feature AccessLevelOnImport -plugin-path /Applications/Xcode-27.0.0-Release.Candidate.app/Contents/Developer/Toolchains/XcodeDefault.xctoolchain/usr/lib/swift/host/plugins/testing -enable-experimental-feature DebugDescriptionMacro -sdk /Applications/Xcode-27.0.0-Release.Candidate.app/Contents/Developer/Platforms/WatchOS.platform/Developer/SDKs/WatchOS27.0.sdk -target arm64-apple-watchos9.0 -g -module-cache-path /Users/admin/builder/spi-builder-workspace/.derivedData/ModuleCache.noindex -Xfrontend -serialize-debugging-options -enable-testing -suppress-warnings -index-store-path /Users/admin/builder/spi-builder-workspace/.derivedData/Index.noindex/DataStore -Xcc -D_LIBCPP_HARDENING_MODE\=_LIBCPP_HARDENING_MODE_DEBUG -swift-version 6 -I /Users/admin/builder/spi-builder-workspace/.derivedData/Build/Products/Debug-watchos -Isystem /Applications/Xcode-27.0.0-Release.Candidate.app/Contents/Developer/Platforms/WatchOS.platform/Developer/usr/lib -F /Users/admin/builder/spi-builder-workspace/.derivedData/Build/Products/Debug-watchos/PackageFrameworks -F /Users/admin/builder/spi-builder-workspace/.derivedData/Build/Products/Debug-watchos -F /Applications/Xcode-27.0.0-Release.Candidate.app/Contents/Developer/Platforms/WatchOS.platform/Developer/Library/Frameworks -F /Applications/Xcode-27.0.0-Release.Candidate.app/Contents/Developer/Platforms/WatchOS.platform/Developer/SDKs/WatchOS27.0.sdk/Developer/Library/Frameworks -c -j10 -enable-batch-mode -incremental -Xcc -ivfsstatcache -Xcc /Users/admin/builder/spi-builder-workspace/.derivedData/SDKStatCaches.noindex/watchos27.0-24R360-e829b21a6f8c9b70876ba0858053c04477534ef55a1706bf4c1112bbb242f0a2.sdkstatcache -output-file-map /Users/admin/builder/spi-builder-workspace/.derivedData/Build/Intermediates.noindex/vgsl.build/Debug-watchos/VGSLUI-t.build/Objects-normal/arm64/VGSLUI-OutputFileMap.json -save-temps -no-color-diagnostics -explicit-module-build -module-cache-path /Users/admin/builder/spi-builder-workspace/.derivedData/Build/Intermediates.noindex/SwiftExplicitPrecompiledModules -clang-scanner-module-cache-path /Users/admin/builder/spi-builder-workspace/.derivedData/ModuleCache.noindex -sdk-module-cache-path /Users/admin/builder/spi-builder-workspace/.derivedData/SDKExplicitPrecompiledModules -emit-dependencies -emit-module -emit-module-path /Users/admin/builder/spi-builder-workspace/.derivedData/Build/Intermediates.noindex/vgsl.build/Debug-watchos/VGSLUI-t.build/Objects-normal/arm64/VGSLUI.swiftmodule -serialize-diagnostics -dependency-scan-serialize-diagnostics-path /Users/admin/builder/spi-builder-workspace/.derivedData/Build/Intermediates.noindex/vgsl.build/Debug-watchos/VGSLUI-t.build/Objects-normal/arm64/VGSLUI-dependency-scan.dia -user-module-version 7.25.4 -validate-clang-modules-once -clang-build-session-file /Users/admin/builder/spi-builder-workspace/.derivedData/ModuleCache.noindex/Session.modulevalidation -Xcc -fmodules-prune-interval\=86400 -Xcc -fmodules-prune-after\=345600 -package-name vgsl -emit-const-values -const-gather-protocols-list /Users/admin/builder/spi-builder-workspace/.derivedData/Build/Intermediates.noindex/vgsl.build/Debug-watchos/VGSLUI-t.build/Objects-normal/arm64/VGSLUI_const_extract_protocols.json -Xcc -I/Users/admin/builder/spi-builder-workspace/.derivedData/Build/Products/Debug-watchos/include -Xcc -I/Users/admin/builder/spi-builder-workspace/.derivedData/Build/Intermediates.noindex/vgsl.build/Debug-watchos/VGSLUI-t.build/DerivedSources-normal/arm64 -Xcc -I/Users/admin/builder/spi-builder-workspace/.derivedData/Build/Intermediates.noindex/vgsl.build/Debug-watchos/VGSLUI-t.build/DerivedSources/arm64 -Xcc -I/Users/admin/builder/spi-builder-workspace/.derivedData/Build/Intermediates.noindex/vgsl.build/Debug-watchos/VGSLUI-t.build/DerivedSources -Xcc -DSWIFT_PACKAGE -Xcc -DDEBUG\=1 -emit-objc-header -emit-objc-header-path /Users/admin/builder/spi-builder-workspace/.derivedData/Build/Intermediates.noindex/vgsl.build/Debug-watchos/VGSLUI-t.build/Objects-normal/arm64/VGSLUI-Swift.h -working-directory /Users/admin/builder/spi-builder-workspace/.swiftpm/xcode -experimental-emit-module-separately -disable-cmo
/Users/admin/builder/spi-builder-workspace/.dependencies/checkouts/vgsl/VGSLUI/typo/FontExtensions.swift:79:8: error: Unsupported OS (in target 'VGSLUI' from project 'vgsl')
/Users/admin/builder/spi-builder-workspace/.dependencies/checkouts/vgsl/VGSLUI/MetalImageView.swift:4:8: error: Unable to resolve module dependency: 'MetalKit' (in target 'VGSLUI' from project 'vgsl')
note: A dependency of main module 'VGSLUI'
/Users/admin/builder/spi-builder-workspace/.dependencies/checkouts/vgsl/VGSLUI/RemoteImageView.swift:4:8: error: Unable to resolve module dependency: 'CoreImage' (in target 'VGSLUI' from project 'vgsl')
note: A dependency of main module 'VGSLUI'
/Users/admin/builder/spi-builder-workspace/.dependencies/checkouts/vgsl/VGSLUI/RemoteImageView.swift:5:8: note: Also imported here
/Users/admin/builder/spi-builder-workspace/.dependencies/checkouts/vgsl/VGSLUI/extensions/CGColorExtensions.swift:4:8: note: Also imported here
/Users/admin/builder/spi-builder-workspace/.dependencies/checkouts/vgsl/VGSLUI/filters/EquatableImageFilter.swift:3:8: note: Also imported here
/Users/admin/builder/spi-builder-workspace/.dependencies/checkouts/vgsl/VGSLUI/filters/ImageBlur.swift:3:8: note: Also imported here
/Users/admin/builder/spi-builder-workspace/.dependencies/checkouts/vgsl/VGSLUI/filters/ImageComposer.swift:3:8: note: Also imported here
/Users/admin/builder/spi-builder-workspace/.dependencies/checkouts/vgsl/VGSLUI/filters/ImageCrop.swift:3:8: note: Also imported here
/Users/admin/builder/spi-builder-workspace/.dependencies/checkouts/vgsl/VGSLUI/filters/ImageFilters.swift:3:8: note: Also imported here
/Users/admin/builder/spi-builder-workspace/.dependencies/checkouts/vgsl/VGSLUI/filters/ImageGenerator.swift:3:8: note: Also imported here
/Users/admin/builder/spi-builder-workspace/.dependencies/checkouts/vgsl/VGSLUI/types/color/RGBAColorExtensions.swift:4:8: note: Also imported here
/Users/admin/builder/spi-builder-workspace/.dependencies/checkouts/vgsl/VGSLUI/extensions/UIDeviceExtensions.swift:4:8: error: Unable to resolve module dependency: 'CoreHaptics' (in target 'VGSLUI' from project 'vgsl')
note: A dependency of main module 'VGSLUI'
/Users/admin/builder/spi-builder-workspace/.dependencies/checkouts/vgsl/VGSLUI/types/PhysicalFeedbackGenerator.swift:6:17: error: Unable to resolve module dependency: 'AudioToolbox' (in target 'VGSLUI' from project 'vgsl')
note: A dependency of main module 'VGSLUI'
/Users/admin/builder/spi-builder-workspace/.dependencies/checkouts/vgsl/VGSLUI/MetalImageView.swift:4:8: note: A dependency of main module 'VGSLUI'
import MetalKit
^ (in target 'VGSLUI' from project 'vgsl')
/Users/admin/builder/spi-builder-workspace/.dependencies/checkouts/vgsl/VGSLUI/RemoteImageView.swift:4:8: note: A dependency of main module 'VGSLUI'
import CoreImage
^ (in target 'VGSLUI' from project 'vgsl')
/Users/admin/builder/spi-builder-workspace/.dependencies/checkouts/vgsl/VGSLUI/RemoteImageView.swift:5:8: note: Also imported here
import CoreImage.CIFilterBuiltins
^ (in target 'VGSLUI' from project 'vgsl')
/Users/admin/builder/spi-builder-workspace/.dependencies/checkouts/vgsl/VGSLUI/extensions/CGColorExtensions.swift:4:8: note: Also imported here
import CoreImage
^ (in target 'VGSLUI' from project 'vgsl')
/Users/admin/builder/spi-builder-workspace/.dependencies/checkouts/vgsl/VGSLUI/filters/EquatableImageFilter.swift:3:8: note: Also imported here
import CoreImage
^ (in target 'VGSLUI' from project 'vgsl')
/Users/admin/builder/spi-builder-workspace/.dependencies/checkouts/vgsl/VGSLUI/filters/ImageBlur.swift:3:8: note: Also imported here
import CoreImage
^ (in target 'VGSLUI' from project 'vgsl')
/Users/admin/builder/spi-builder-workspace/.dependencies/checkouts/vgsl/VGSLUI/filters/ImageComposer.swift:3:8: note: Also imported here
import CoreImage
^ (in target 'VGSLUI' from project 'vgsl')
/Users/admin/builder/spi-builder-workspace/.dependencies/checkouts/vgsl/VGSLUI/filters/ImageCrop.swift:3:8: note: Also imported here
import CoreImage
^ (in target 'VGSLUI' from project 'vgsl')
/Users/admin/builder/spi-builder-workspace/.dependencies/checkouts/vgsl/VGSLUI/filters/ImageFilters.swift:3:8: note: Also imported here
import CoreImage
^ (in target 'VGSLUI' from project 'vgsl')
/Users/admin/builder/spi-builder-workspace/.dependencies/checkouts/vgsl/VGSLUI/filters/ImageGenerator.swift:3:8: note: Also imported here
import CoreImage
^ (in target 'VGSLUI' from project 'vgsl')
/Users/admin/builder/spi-builder-workspace/.dependencies/checkouts/vgsl/VGSLUI/types/color/RGBAColorExtensions.swift:4:8: note: Also imported here
import CoreImage
^ (in target 'VGSLUI' from project 'vgsl')
/Users/admin/builder/spi-builder-workspace/.dependencies/checkouts/vgsl/VGSLUI/extensions/UIDeviceExtensions.swift:4:8: note: A dependency of main module 'VGSLUI'
import CoreHaptics
^ (in target 'VGSLUI' from project 'vgsl')
/Users/admin/builder/spi-builder-workspace/.dependencies/checkouts/vgsl/VGSLUI/types/PhysicalFeedbackGenerator.swift:6:17: note: A dependency of main module 'VGSLUI'
internal import AudioToolbox
^ (in target 'VGSLUI' from project 'vgsl')
SwiftDriver VGSLUI normal arm64_32 com.apple.xcode.tools.swift.compiler (in target 'VGSLUI' from project 'vgsl')
cd /Users/admin/builder/spi-builder-workspace/.swiftpm/xcode
builtin-SwiftDriver -- /Applications/Xcode-27.0.0-Release.Candidate.app/Contents/Developer/Toolchains/XcodeDefault.xctoolchain/usr/bin/swiftc -parse-as-library -module-name VGSLUI -Onone @/Users/admin/builder/spi-builder-workspace/.derivedData/Build/Intermediates.noindex/vgsl.build/Debug-watchos/VGSLUI-t.build/Objects-normal/arm64_32/VGSLUI.SwiftFileList -DSWIFT_PACKAGE -DDEBUG -DSWIFT_MODULE_RESOURCE_BUNDLE_UNAVAILABLE -DXcode -enable-experimental-feature AccessLevelOnImport -plugin-path /Applications/Xcode-27.0.0-Release.Candidate.app/Contents/Developer/Toolchains/XcodeDefault.xctoolchain/usr/lib/swift/host/plugins/testing -enable-experimental-feature DebugDescriptionMacro -sdk /Applications/Xcode-27.0.0-Release.Candidate.app/Contents/Developer/Platforms/WatchOS.platform/Developer/SDKs/WatchOS27.0.sdk -target arm64_32-apple-watchos9.0 -g -module-cache-path /Users/admin/builder/spi-builder-workspace/.derivedData/ModuleCache.noindex -Xfrontend -serialize-debugging-options -enable-testing -suppress-warnings -index-store-path /Users/admin/builder/spi-builder-workspace/.derivedData/Index.noindex/DataStore -Xcc -D_LIBCPP_HARDENING_MODE\=_LIBCPP_HARDENING_MODE_DEBUG -swift-version 6 -I /Users/admin/builder/spi-builder-workspace/.derivedData/Build/Products/Debug-watchos -Isystem /Applications/Xcode-27.0.0-Release.Candidate.app/Contents/Developer/Platforms/WatchOS.platform/Developer/usr/lib -F /Users/admin/builder/spi-builder-workspace/.derivedData/Build/Products/Debug-watchos/PackageFrameworks -F /Users/admin/builder/spi-builder-workspace/.derivedData/Build/Products/Debug-watchos -F /Applications/Xcode-27.0.0-Release.Candidate.app/Contents/Developer/Platforms/WatchOS.platform/Developer/Library/Frameworks -F /Applications/Xcode-27.0.0-Release.Candidate.app/Contents/Developer/Platforms/WatchOS.platform/Developer/SDKs/WatchOS27.0.sdk/Developer/Library/Frameworks -c -j10 -enable-batch-mode -incremental -Xcc -ivfsstatcache -Xcc /Users/admin/builder/spi-builder-workspace/.derivedData/SDKStatCaches.noindex/watchos27.0-24R360-e829b21a6f8c9b70876ba0858053c04477534ef55a1706bf4c1112bbb242f0a2.sdkstatcache -output-file-map /Users/admin/builder/spi-builder-workspace/.derivedData/Build/Intermediates.noindex/vgsl.build/Debug-watchos/VGSLUI-t.build/Objects-normal/arm64_32/VGSLUI-OutputFileMap.json -save-temps -no-color-diagnostics -explicit-module-build -module-cache-path /Users/admin/builder/spi-builder-workspace/.derivedData/Build/Intermediates.noindex/SwiftExplicitPrecompiledModules -clang-scanner-module-cache-path /Users/admin/builder/spi-builder-workspace/.derivedData/ModuleCache.noindex -sdk-module-cache-path /Users/admin/builder/spi-builder-workspace/.derivedData/SDKExplicitPrecompiledModules -emit-dependencies -emit-module -emit-module-path /Users/admin/builder/spi-builder-workspace/.derivedData/Build/Intermediates.noindex/vgsl.build/Debug-watchos/VGSLUI-t.build/Objects-normal/arm64_32/VGSLUI.swiftmodule -serialize-diagnostics -dependency-scan-serialize-diagnostics-path /Users/admin/builder/spi-builder-workspace/.derivedData/Build/Intermediates.noindex/vgsl.build/Debug-watchos/VGSLUI-t.build/Objects-normal/arm64_32/VGSLUI-dependency-scan.dia -user-module-version 7.25.4 -validate-clang-modules-once -clang-build-session-file /Users/admin/builder/spi-builder-workspace/.derivedData/ModuleCache.noindex/Session.modulevalidation -Xcc -fmodules-prune-interval\=86400 -Xcc -fmodules-prune-after\=345600 -package-name vgsl -emit-const-values -const-gather-protocols-list /Users/admin/builder/spi-builder-workspace/.derivedData/Build/Intermediates.noindex/vgsl.build/Debug-watchos/VGSLUI-t.build/Objects-normal/arm64_32/VGSLUI_const_extract_protocols.json -Xcc -I/Users/admin/builder/spi-builder-workspace/.derivedData/Build/Products/Debug-watchos/include -Xcc -I/Users/admin/builder/spi-builder-workspace/.derivedData/Build/Intermediates.noindex/vgsl.build/Debug-watchos/VGSLUI-t.build/DerivedSources-normal/arm64_32 -Xcc -I/Users/admin/builder/spi-builder-workspace/.derivedData/Build/Intermediates.noindex/vgsl.build/Debug-watchos/VGSLUI-t.build/DerivedSources/arm64_32 -Xcc -I/Users/admin/builder/spi-builder-workspace/.derivedData/Build/Intermediates.noindex/vgsl.build/Debug-watchos/VGSLUI-t.build/DerivedSources -Xcc -DSWIFT_PACKAGE -Xcc -DDEBUG\=1 -emit-objc-header -emit-objc-header-path /Users/admin/builder/spi-builder-workspace/.derivedData/Build/Intermediates.noindex/vgsl.build/Debug-watchos/VGSLUI-t.build/Objects-normal/arm64_32/VGSLUI-Swift.h -working-directory /Users/admin/builder/spi-builder-workspace/.swiftpm/xcode -experimental-emit-module-separately -disable-cmo
/Users/admin/builder/spi-builder-workspace/.dependencies/checkouts/vgsl/VGSLUI/typo/FontExtensions.swift:79:8: error: Unsupported OS (in target 'VGSLUI' from project 'vgsl')
/Users/admin/builder/spi-builder-workspace/.dependencies/checkouts/vgsl/VGSLUI/MetalImageView.swift:4:8: error: Unable to resolve module dependency: 'MetalKit' (in target 'VGSLUI' from project 'vgsl')
note: A dependency of main module 'VGSLUI'
/Users/admin/builder/spi-builder-workspace/.dependencies/checkouts/vgsl/VGSLUI/RemoteImageView.swift:4:8: error: Unable to resolve module dependency: 'CoreImage' (in target 'VGSLUI' from project 'vgsl')
note: A dependency of main module 'VGSLUI'
/Users/admin/builder/spi-builder-workspace/.dependencies/checkouts/vgsl/VGSLUI/RemoteImageView.swift:5:8: note: Also imported here
/Users/admin/builder/spi-builder-workspace/.dependencies/checkouts/vgsl/VGSLUI/extensions/CGColorExtensions.swift:4:8: note: Also imported here
/Users/admin/builder/spi-builder-workspace/.dependencies/checkouts/vgsl/VGSLUI/filters/EquatableImageFilter.swift:3:8: note: Also imported here
/Users/admin/builder/spi-builder-workspace/.dependencies/checkouts/vgsl/VGSLUI/filters/ImageBlur.swift:3:8: note: Also imported here
/Users/admin/builder/spi-builder-workspace/.dependencies/checkouts/vgsl/VGSLUI/filters/ImageComposer.swift:3:8: note: Also imported here
/Users/admin/builder/spi-builder-workspace/.dependencies/checkouts/vgsl/VGSLUI/filters/ImageCrop.swift:3:8: note: Also imported here
/Users/admin/builder/spi-builder-workspace/.dependencies/checkouts/vgsl/VGSLUI/filters/ImageFilters.swift:3:8: note: Also imported here
/Users/admin/builder/spi-builder-workspace/.dependencies/checkouts/vgsl/VGSLUI/filters/ImageGenerator.swift:3:8: note: Also imported here
/Users/admin/builder/spi-builder-workspace/.dependencies/checkouts/vgsl/VGSLUI/types/color/RGBAColorExtensions.swift:4:8: note: Also imported here
/Users/admin/builder/spi-builder-workspace/.dependencies/checkouts/vgsl/VGSLUI/extensions/UIDeviceExtensions.swift:4:8: error: Unable to resolve module dependency: 'CoreHaptics' (in target 'VGSLUI' from project 'vgsl')
note: A dependency of main module 'VGSLUI'
/Users/admin/builder/spi-builder-workspace/.dependencies/checkouts/vgsl/VGSLUI/types/PhysicalFeedbackGenerator.swift:6:17: error: Unable to resolve module dependency: 'AudioToolbox' (in target 'VGSLUI' from project 'vgsl')
note: A dependency of main module 'VGSLUI'
/Users/admin/builder/spi-builder-workspace/.dependencies/checkouts/vgsl/VGSLUI/MetalImageView.swift:4:8: note: A dependency of main module 'VGSLUI'
import MetalKit
^ (in target 'VGSLUI' from project 'vgsl')
/Users/admin/builder/spi-builder-workspace/.dependencies/checkouts/vgsl/VGSLUI/RemoteImageView.swift:4:8: note: A dependency of main module 'VGSLUI'
import CoreImage
^ (in target 'VGSLUI' from project 'vgsl')
/Users/admin/builder/spi-builder-workspace/.dependencies/checkouts/vgsl/VGSLUI/RemoteImageView.swift:5:8: note: Also imported here
import CoreImage.CIFilterBuiltins
^ (in target 'VGSLUI' from project 'vgsl')
/Users/admin/builder/spi-builder-workspace/.dependencies/checkouts/vgsl/VGSLUI/extensions/CGColorExtensions.swift:4:8: note: Also imported here
import CoreImage
^ (in target 'VGSLUI' from project 'vgsl')
/Users/admin/builder/spi-builder-workspace/.dependencies/checkouts/vgsl/VGSLUI/filters/EquatableImageFilter.swift:3:8: note: Also imported here
import CoreImage
^ (in target 'VGSLUI' from project 'vgsl')
/Users/admin/builder/spi-builder-workspace/.dependencies/checkouts/vgsl/VGSLUI/filters/ImageBlur.swift:3:8: note: Also imported here
import CoreImage
^ (in target 'VGSLUI' from project 'vgsl')
/Users/admin/builder/spi-builder-workspace/.dependencies/checkouts/vgsl/VGSLUI/filters/ImageComposer.swift:3:8: note: Also imported here
import CoreImage
^ (in target 'VGSLUI' from project 'vgsl')
/Users/admin/builder/spi-builder-workspace/.dependencies/checkouts/vgsl/VGSLUI/filters/ImageCrop.swift:3:8: note: Also imported here
import CoreImage
^ (in target 'VGSLUI' from project 'vgsl')
/Users/admin/builder/spi-builder-workspace/.dependencies/checkouts/vgsl/VGSLUI/filters/ImageFilters.swift:3:8: note: Also imported here
import CoreImage
^ (in target 'VGSLUI' from project 'vgsl')
/Users/admin/builder/spi-builder-workspace/.dependencies/checkouts/vgsl/VGSLUI/filters/ImageGenerator.swift:3:8: note: Also imported here
import CoreImage
^ (in target 'VGSLUI' from project 'vgsl')
/Users/admin/builder/spi-builder-workspace/.dependencies/checkouts/vgsl/VGSLUI/types/color/RGBAColorExtensions.swift:4:8: note: Also imported here
import CoreImage
^ (in target 'VGSLUI' from project 'vgsl')
/Users/admin/builder/spi-builder-workspace/.dependencies/checkouts/vgsl/VGSLUI/extensions/UIDeviceExtensions.swift:4:8: note: A dependency of main module 'VGSLUI'
import CoreHaptics
^ (in target 'VGSLUI' from project 'vgsl')
/Users/admin/builder/spi-builder-workspace/.dependencies/checkouts/vgsl/VGSLUI/types/PhysicalFeedbackGenerator.swift:6:17: note: A dependency of main module 'VGSLUI'
internal import AudioToolbox
^ (in target 'VGSLUI' from project 'vgsl')
ExtractAppIntentsMetadata (in target 'VGSLFundamentals' from project 'vgsl')
cd /Users/admin/builder/spi-builder-workspace/.dependencies/checkouts/vgsl
/Applications/Xcode-27.0.0-Release.Candidate.app/Contents/Developer/Toolchains/XcodeDefault.xctoolchain/usr/bin/appintentsmetadataprocessor --toolchain-dir /var/run/com.apple.security.cryptexd/mnt/com.apple.MobileAsset.MetalToolchain-v27.1.266.1.Afgw1a/Metal.xctoolchain --module-name VGSLFundamentals --sdk-root /Applications/Xcode-27.0.0-Release.Candidate.app/Contents/Developer/Platforms/WatchOS.platform/Developer/SDKs/WatchOS27.0.sdk --xcode-version 27A266a --platform-family watchOS --deployment-target 9.0 --bundle-identifier vgsl.VGSLFundamentals --output /Users/admin/builder/spi-builder-workspace/.derivedData/Build/Products/Debug-watchos/VGSLFundamentals.appintents --target-triple arm64-apple-watchos9.0 --target-triple arm64_32-apple-watchos9.0 --binary-file /Users/admin/builder/spi-builder-workspace/.derivedData/Build/Products/Debug-watchos/VGSLFundamentals.o --dependency-file /Users/admin/builder/spi-builder-workspace/.derivedData/Build/Intermediates.noindex/vgsl.build/Debug-watchos/VGSLFundamentals-t.build/Objects-normal/arm64/VGSLFundamentals_dependency_info.dat --dependency-file /Users/admin/builder/spi-builder-workspace/.derivedData/Build/Intermediates.noindex/vgsl.build/Debug-watchos/VGSLFundamentals-t.build/Objects-normal/arm64_32/VGSLFundamentals_dependency_info.dat --stringsdata-file /Users/admin/builder/spi-builder-workspace/.derivedData/Build/Intermediates.noindex/vgsl.build/Debug-watchos/VGSLFundamentals-t.build/Objects-normal/arm64/ExtractedAppShortcutsMetadata.stringsdata --stringsdata-file /Users/admin/builder/spi-builder-workspace/.derivedData/Build/Intermediates.noindex/vgsl.build/Debug-watchos/VGSLFundamentals-t.build/Objects-normal/arm64_32/ExtractedAppShortcutsMetadata.stringsdata --source-file-list /Users/admin/builder/spi-builder-workspace/.derivedData/Build/Intermediates.noindex/vgsl.build/Debug-watchos/VGSLFundamentals-t.build/Objects-normal/arm64/VGSLFundamentals.SwiftFileList --source-file-list /Users/admin/builder/spi-builder-workspace/.derivedData/Build/Intermediates.noindex/vgsl.build/Debug-watchos/VGSLFundamentals-t.build/Objects-normal/arm64_32/VGSLFundamentals.SwiftFileList --metadata-file-list /Users/admin/builder/spi-builder-workspace/.derivedData/Build/Intermediates.noindex/vgsl.build/Debug-watchos/VGSLFundamentals-t.build/VGSLFundamentals.DependencyMetadataFileList --static-metadata-file-list /Users/admin/builder/spi-builder-workspace/.derivedData/Build/Intermediates.noindex/vgsl.build/Debug-watchos/VGSLFundamentals-t.build/VGSLFundamentals.DependencyStaticMetadataFileList --swift-const-vals-list /Users/admin/builder/spi-builder-workspace/.derivedData/Build/Intermediates.noindex/vgsl.build/Debug-watchos/VGSLFundamentals-t.build/Objects-normal/arm64/VGSLFundamentals.SwiftConstValuesFileList --swift-const-vals-list /Users/admin/builder/spi-builder-workspace/.derivedData/Build/Intermediates.noindex/vgsl.build/Debug-watchos/VGSLFundamentals-t.build/Objects-normal/arm64_32/VGSLFundamentals.SwiftConstValuesFileList --force --compile-time-extraction --deployment-aware-processing --no-app-shortcuts-localization
2026-09-24 09:19:57.553 appintentsmetadataprocessor[946:5846] Starting appintentsmetadataprocessor export
2026-09-24 09:19:57.649 appintentsmetadataprocessor[946:5846] Extracted no relevant App Intents symbols, skipping writing output
PruneExplicitPrecompiledModules /Users/admin/builder/spi-builder-workspace/.derivedData/Build/Intermediates.noindex/ExplicitPrecompiledModules
PruneExplicitPrecompiledModules /Users/admin/builder/spi-builder-workspace/.derivedData/SDKExplicitPrecompiledModules
PruneExplicitPrecompiledModules /Users/admin/builder/spi-builder-workspace/.derivedData/Build/Intermediates.noindex/SwiftExplicitPrecompiledModules
2026-09-24 09:19:55.982 xcodebuild[943:5801] [MT] IDERunDestination: Supported platforms for the buildables in the current scheme is empty.
** BUILD FAILED **
The following build commands failed:
SwiftDriver VGSLUI normal arm64 com.apple.xcode.tools.swift.compiler (in target 'VGSLUI' from project 'vgsl')
SwiftDriver VGSLUI normal arm64_32 com.apple.xcode.tools.swift.compiler (in target 'VGSLUI' from project 'vgsl')
Building workspace DivKitBinaryCompatibilityFacade with scheme DivKitBinaryCompatibilityFacade
(3 failures)
BUILD FAILURE 6.4 watchOS