Build Information
Failed to build CompassCardDownloader, reference main (b7aa9c), with Swift 6.4 for watchOS using Xcode 27.0 on 23 Sep 2026 14:39:14 UTC.
Build Command
env DEVELOPER_DIR=/Applications/Xcode-27.0.0-Release.Candidate.app xcrun xcodebuild -IDEClonedSourcePackagesDirPathOverride=$PWD/.dependencies -skipMacroValidation -skipPackagePluginValidation -derivedDataPath $PWD/.derivedData build -scheme CompassCardDownloader -destination generic/platform=watchOSBuild Log
========================================
RunAll
========================================
Builder version: 5.1.0
Interrupt handler set up.
========================================
Checkout
========================================
Clone URL: https://github.com/Nef10/CompassCardDownloader.git
Reference: main
Initialized empty Git repository in /Users/admin/builder/spi-builder-workspace/.git/
From https://github.com/Nef10/CompassCardDownloader
* branch main -> FETCH_HEAD
* [new branch] main -> origin/main
HEAD is now at b7aa9c0 Archive repository
Cloned https://github.com/Nef10/CompassCardDownloader.git
Revision (git rev-parse @):
b7aa9c094df385ef4acadaa598e87c5302bdceb9
SUCCESS checkout https://github.com/Nef10/CompassCardDownloader.git at main
========================================
Build
========================================
Selected platform: watchOS
Swift version: 6.4
Building package at path: $PWD
https://github.com/Nef10/CompassCardDownloader.git
Command line invocation:
/Applications/Xcode-27.0.0-Release.Candidate.app/Contents/Developer/usr/bin/xcodebuild -IDEClonedSourcePackagesDirPathOverride=/Users/admin/builder/spi-builder-workspace/.dependencies -resolvePackageDependencies
Resolve Package Graph
Fetching from https://github.com/Nef10/SwiftScraper.git
Creating working copy of package ‘SwiftScraper’
Checking out 0.7.0 of package ‘SwiftScraper’
Resolve Package Graph
Resolved source packages:
SwiftScraper: https://github.com/Nef10/SwiftScraper.git @ 0.7.0
CompassCardDownloader: /Users/admin/builder/spi-builder-workspace
resolved source packages: SwiftScraper, CompassCardDownloader
2026-09-23 10:38:23.821 xcodebuild[526:2998] [MT] IDERunDestination: Supported platforms for the buildables in the current scheme is empty.
{
"dependencies" : [
{
"identity" : "swiftscraper",
"requirement" : {
"exact" : [
"0.7.0"
]
},
"type" : "sourceControl",
"url" : "https://github.com/Nef10/SwiftScraper.git"
}
],
"manifest_display_name" : "CompassCardDownloader",
"name" : "CompassCardDownloader",
"path" : "/Users/admin/builder/spi-builder-workspace",
"platforms" : [
{
"name" : "ios",
"version" : "14.0"
},
{
"name" : "macos",
"version" : "11.0"
}
],
"products" : [
{
"name" : "CompassCardDownloader",
"targets" : [
"CompassCardDownloader"
],
"type" : {
"library" : [
"automatic"
]
}
}
],
"targets" : [
{
"c99name" : "CompassCardDownloaderTests",
"module_type" : "SwiftTarget",
"name" : "CompassCardDownloaderTests",
"path" : "Tests/CompassCardDownloaderTests",
"sources" : [
"CompassCardDownloaderTests.swift"
],
"target_dependencies" : [
"CompassCardDownloader"
],
"type" : "test"
},
{
"c99name" : "CompassCardDownloader",
"module_type" : "SwiftTarget",
"name" : "CompassCardDownloader",
"path" : "Sources/CompassCardDownloader",
"product_dependencies" : [
"SwiftScraper"
],
"product_memberships" : [
"CompassCardDownloader"
],
"resources" : [
{
"path" : "/Users/admin/builder/spi-builder-workspace/Sources/CompassCardDownloader/Resources/CompassCardDownload.js",
"rule" : {
"process" : {
}
}
}
],
"sources" : [
"CompassCardDownloader.swift",
"CompassCardDownloaderDelegate.swift"
],
"type" : "library"
}
],
"tools_version" : "5.3"
}
{
"workspace" : {
"name" : "CompassCardDownloader",
"schemes" : [
"CompassCardDownloader"
]
}
}
2026-09-23 10:39:05.053 xcodebuild[681:4246] [MT] IDERunDestination: Supported platforms for the buildables in the current scheme is empty.
Running build ...
env DEVELOPER_DIR=/Applications/Xcode-27.0.0-Release.Candidate.app xcrun xcodebuild -IDEClonedSourcePackagesDirPathOverride=$PWD/.dependencies -skipMacroValidation -skipPackagePluginValidation -derivedDataPath $PWD/.derivedData build -scheme CompassCardDownloader -destination generic/platform=watchOS
Command line invocation:
/Applications/Xcode-27.0.0-Release.Candidate.app/Contents/Developer/usr/bin/xcodebuild -IDEClonedSourcePackagesDirPathOverride=/Users/admin/builder/spi-builder-workspace/.dependencies -skipMacroValidation -skipPackagePluginValidation -derivedDataPath /Users/admin/builder/spi-builder-workspace/.derivedData build -scheme CompassCardDownloader -destination generic/platform=watchOS
Resolve Package Graph
Resolve Package Graph
Resolved source packages:
SwiftScraper: https://github.com/Nef10/SwiftScraper.git @ 0.7.0
CompassCardDownloader: /Users/admin/builder/spi-builder-workspace
ComputePackagePrebuildTargetDependencyGraph
Prepare packages
CreateBuildRequest
SendProjectDescription
CreateBuildOperation
ComputeTargetDependencyGraph
note: Building targets in dependency order
note: Target dependency graph (6 targets)
Target 'CompassCardDownloader-product' in project 'CompassCardDownloader'
➜ Explicit dependency on target 'CompassCardDownloader' in project 'CompassCardDownloader'
➜ Explicit dependency on target 'CompassCardDownloader_CompassCardDownloader' in project 'CompassCardDownloader'
➜ Explicit dependency on target 'SwiftScraper-product' in project 'SwiftScraper'
Target 'CompassCardDownloader' in project 'CompassCardDownloader'
➜ Explicit dependency on target 'CompassCardDownloader_CompassCardDownloader' in project 'CompassCardDownloader'
➜ Explicit dependency on target 'SwiftScraper-product' in project 'SwiftScraper'
Target 'SwiftScraper-product' in project 'SwiftScraper'
➜ Explicit dependency on target 'SwiftScraper' in project 'SwiftScraper'
➜ Explicit dependency on target 'SwiftScraper_SwiftScraper' in project 'SwiftScraper'
Target 'SwiftScraper' in project 'SwiftScraper'
➜ Explicit dependency on target 'SwiftScraper_SwiftScraper' in project 'SwiftScraper'
Target 'SwiftScraper_SwiftScraper' in project 'SwiftScraper' (no dependencies)
Target 'CompassCardDownloader_CompassCardDownloader' in project 'CompassCardDownloader' (no dependencies)
GatherProvisioningInputs
CreateBuildDescription
ExecuteExternalTool /Applications/Xcode-27.0.0-Release.Candidate.app/Contents/Developer/Toolchains/XcodeDefault.xctoolchain/usr/bin/clang -v -E -dM -isysroot /Applications/Xcode-27.0.0-Release.Candidate.app/Contents/Developer/Platforms/WatchOS.platform/Developer/SDKs/WatchOS27.0.sdk -x c -c /dev/null
ExecuteExternalTool /Applications/Xcode-27.0.0-Release.Candidate.app/Contents/Developer/Toolchains/XcodeDefault.xctoolchain/usr/bin/swiftc --version
ExecuteExternalTool /Applications/Xcode-27.0.0-Release.Candidate.app/Contents/Developer/Toolchains/XcodeDefault.xctoolchain/usr/bin/ld -version_details
Build description signature: 127343171a6ae713f8a925904e889645
Build description path: /Users/admin/builder/spi-builder-workspace/.derivedData/Build/Intermediates.noindex/XCBuildData/127343171a6ae713f8a925904e889645.xcbuilddata
CreateBuildDirectory /Users/admin/builder/spi-builder-workspace/.derivedData/ModuleCache.noindex
cd /Users/admin/builder/spi-builder-workspace/.swiftpm/xcode
builtin-create-build-directory /Users/admin/builder/spi-builder-workspace/.derivedData/ModuleCache.noindex
CreateBuildDirectory /Users/admin/builder/spi-builder-workspace/.derivedData/SDKExplicitPrecompiledModules
cd /Users/admin/builder/spi-builder-workspace/.swiftpm/xcode
builtin-create-build-directory /Users/admin/builder/spi-builder-workspace/.derivedData/SDKExplicitPrecompiledModules
CreateBuildDirectory /Users/admin/builder/spi-builder-workspace/.derivedData/CompilationCache.noindex
cd /Users/admin/builder/spi-builder-workspace/.swiftpm/xcode
builtin-create-build-directory /Users/admin/builder/spi-builder-workspace/.derivedData/CompilationCache.noindex
CreateBuildDirectory /Users/admin/builder/spi-builder-workspace/.derivedData/Build/Products
cd /Users/admin/builder/spi-builder-workspace/.swiftpm/xcode
builtin-create-build-directory /Users/admin/builder/spi-builder-workspace/.derivedData/Build/Products
ClangStatCache /Applications/Xcode-27.0.0-Release.Candidate.app/Contents/Developer/Toolchains/XcodeDefault.xctoolchain/usr/bin/clang-stat-cache /Applications/Xcode-27.0.0-Release.Candidate.app/Contents/Developer/Platforms/WatchOS.platform/Developer/SDKs/WatchOS27.0.sdk /Users/admin/builder/spi-builder-workspace/.derivedData/SDKStatCaches.noindex/watchos27.0-24R360-e829b21a6f8c9b70876ba0858053c04477534ef55a1706bf4c1112bbb242f0a2.sdkstatcache
cd /Users/admin/builder/spi-builder-workspace/.swiftpm/xcode
/Applications/Xcode-27.0.0-Release.Candidate.app/Contents/Developer/Toolchains/XcodeDefault.xctoolchain/usr/bin/clang-stat-cache /Applications/Xcode-27.0.0-Release.Candidate.app/Contents/Developer/Platforms/WatchOS.platform/Developer/SDKs/WatchOS27.0.sdk -o /Users/admin/builder/spi-builder-workspace/.derivedData/SDKStatCaches.noindex/watchos27.0-24R360-e829b21a6f8c9b70876ba0858053c04477534ef55a1706bf4c1112bbb242f0a2.sdkstatcache
CreateBuildDirectory /Users/admin/builder/spi-builder-workspace/.derivedData/Build/Intermediates.noindex
cd /Users/admin/builder/spi-builder-workspace/.swiftpm/xcode
builtin-create-build-directory /Users/admin/builder/spi-builder-workspace/.derivedData/Build/Intermediates.noindex
CreateBuildDirectory /Users/admin/builder/spi-builder-workspace/.derivedData/Build/Intermediates.noindex/SwiftExplicitPrecompiledModules
cd /Users/admin/builder/spi-builder-workspace/.swiftpm/xcode
builtin-create-build-directory /Users/admin/builder/spi-builder-workspace/.derivedData/Build/Intermediates.noindex/SwiftExplicitPrecompiledModules
CreateBuildDirectory /Users/admin/builder/spi-builder-workspace/.derivedData/Build/Intermediates.noindex/ExplicitPrecompiledModules
cd /Users/admin/builder/spi-builder-workspace/.swiftpm/xcode
builtin-create-build-directory /Users/admin/builder/spi-builder-workspace/.derivedData/Build/Intermediates.noindex/ExplicitPrecompiledModules
CreateBuildDirectory /Users/admin/builder/spi-builder-workspace/.derivedData/Build/Intermediates.noindex/PrecompiledHeaders
cd /Users/admin/builder/spi-builder-workspace/.swiftpm/xcode
builtin-create-build-directory /Users/admin/builder/spi-builder-workspace/.derivedData/Build/Intermediates.noindex/PrecompiledHeaders
CreateBuildDirectory /Users/admin/builder/spi-builder-workspace/.derivedData/Build/Products/Debug-watchos
cd /Users/admin/builder/spi-builder-workspace/.swiftpm/xcode
builtin-create-build-directory /Users/admin/builder/spi-builder-workspace/.derivedData/Build/Products/Debug-watchos
CreateBuildDirectory /Users/admin/builder/spi-builder-workspace/.derivedData/Build/Intermediates.noindex/EagerLinkingTBDs/Debug-watchos
cd /Users/admin/builder/spi-builder-workspace/.swiftpm/xcode
builtin-create-build-directory /Users/admin/builder/spi-builder-workspace/.derivedData/Build/Intermediates.noindex/EagerLinkingTBDs/Debug-watchos
CreateBuildDirectory /Users/admin/builder/spi-builder-workspace/.derivedData/Build/Products/Debug-watchos/PackageFrameworks
cd /Users/admin/builder/spi-builder-workspace/.swiftpm/xcode
builtin-create-build-directory /Users/admin/builder/spi-builder-workspace/.derivedData/Build/Products/Debug-watchos/PackageFrameworks
WriteAuxiliaryFile /Users/admin/builder/spi-builder-workspace/.derivedData/Build/Intermediates.noindex/SwiftScraper.build/Debug-watchos/SwiftScraper_SwiftScraper-b.build/SwiftScraper_SwiftScraper.DependencyStaticMetadataFileList (in target 'SwiftScraper_SwiftScraper' from project 'SwiftScraper')
cd /Users/admin/builder/spi-builder-workspace/.dependencies/checkouts/SwiftScraper
write-file /Users/admin/builder/spi-builder-workspace/.derivedData/Build/Intermediates.noindex/SwiftScraper.build/Debug-watchos/SwiftScraper_SwiftScraper-b.build/SwiftScraper_SwiftScraper.DependencyStaticMetadataFileList
WriteAuxiliaryFile /Users/admin/builder/spi-builder-workspace/.derivedData/Build/Intermediates.noindex/SwiftScraper.build/Debug-watchos/SwiftScraper_SwiftScraper-b.build/SwiftScraper_SwiftScraper.DependencyMetadataFileList (in target 'SwiftScraper_SwiftScraper' from project 'SwiftScraper')
cd /Users/admin/builder/spi-builder-workspace/.dependencies/checkouts/SwiftScraper
write-file /Users/admin/builder/spi-builder-workspace/.derivedData/Build/Intermediates.noindex/SwiftScraper.build/Debug-watchos/SwiftScraper_SwiftScraper-b.build/SwiftScraper_SwiftScraper.DependencyMetadataFileList
WriteAuxiliaryFile /Users/admin/builder/spi-builder-workspace/.derivedData/Build/Intermediates.noindex/SwiftScraper.build/Debug-watchos/SwiftScraper-t.build/SwiftScraper.modulemap (in target 'SwiftScraper' from project 'SwiftScraper')
cd /Users/admin/builder/spi-builder-workspace/.dependencies/checkouts/SwiftScraper
write-file /Users/admin/builder/spi-builder-workspace/.derivedData/Build/Intermediates.noindex/SwiftScraper.build/Debug-watchos/SwiftScraper-t.build/SwiftScraper.modulemap
WriteAuxiliaryFile /Users/admin/builder/spi-builder-workspace/.derivedData/Build/Intermediates.noindex/SwiftScraper.build/Debug-watchos/SwiftScraper-t.build/SwiftScraper.DependencyStaticMetadataFileList (in target 'SwiftScraper' from project 'SwiftScraper')
cd /Users/admin/builder/spi-builder-workspace/.dependencies/checkouts/SwiftScraper
write-file /Users/admin/builder/spi-builder-workspace/.derivedData/Build/Intermediates.noindex/SwiftScraper.build/Debug-watchos/SwiftScraper-t.build/SwiftScraper.DependencyStaticMetadataFileList
WriteAuxiliaryFile /Users/admin/builder/spi-builder-workspace/.derivedData/Build/Intermediates.noindex/SwiftScraper.build/Debug-watchos/SwiftScraper_SwiftScraper-b.build/empty-SwiftScraper_SwiftScraper.plist (in target 'SwiftScraper_SwiftScraper' from project 'SwiftScraper')
cd /Users/admin/builder/spi-builder-workspace/.dependencies/checkouts/SwiftScraper
write-file /Users/admin/builder/spi-builder-workspace/.derivedData/Build/Intermediates.noindex/SwiftScraper.build/Debug-watchos/SwiftScraper_SwiftScraper-b.build/empty-SwiftScraper_SwiftScraper.plist
WriteAuxiliaryFile /Users/admin/builder/spi-builder-workspace/.derivedData/Build/Intermediates.noindex/SwiftScraper.build/Debug-watchos/SwiftScraper-t.build/Objects-normal/arm64_32/SwiftScraper_const_extract_protocols.json (in target 'SwiftScraper' from project 'SwiftScraper')
cd /Users/admin/builder/spi-builder-workspace/.dependencies/checkouts/SwiftScraper
write-file /Users/admin/builder/spi-builder-workspace/.derivedData/Build/Intermediates.noindex/SwiftScraper.build/Debug-watchos/SwiftScraper-t.build/Objects-normal/arm64_32/SwiftScraper_const_extract_protocols.json
WriteAuxiliaryFile /Users/admin/builder/spi-builder-workspace/.derivedData/Build/Intermediates.noindex/SwiftScraper.build/Debug-watchos/SwiftScraper-t.build/Objects-normal/arm64_32/SwiftScraper.LinkFileList (in target 'SwiftScraper' from project 'SwiftScraper')
cd /Users/admin/builder/spi-builder-workspace/.dependencies/checkouts/SwiftScraper
write-file /Users/admin/builder/spi-builder-workspace/.derivedData/Build/Intermediates.noindex/SwiftScraper.build/Debug-watchos/SwiftScraper-t.build/Objects-normal/arm64_32/SwiftScraper.LinkFileList
WriteAuxiliaryFile /Users/admin/builder/spi-builder-workspace/.derivedData/Build/Intermediates.noindex/SwiftScraper.build/Debug-watchos/SwiftScraper-t.build/Objects-normal/arm64_32/SwiftScraper-OutputFileMap.json (in target 'SwiftScraper' from project 'SwiftScraper')
cd /Users/admin/builder/spi-builder-workspace/.dependencies/checkouts/SwiftScraper
write-file /Users/admin/builder/spi-builder-workspace/.derivedData/Build/Intermediates.noindex/SwiftScraper.build/Debug-watchos/SwiftScraper-t.build/Objects-normal/arm64_32/SwiftScraper-OutputFileMap.json
WriteAuxiliaryFile /Users/admin/builder/spi-builder-workspace/.derivedData/Build/Intermediates.noindex/SwiftScraper.build/Debug-watchos/SwiftScraper-t.build/Objects-normal/arm64/SwiftScraper_const_extract_protocols.json (in target 'SwiftScraper' from project 'SwiftScraper')
cd /Users/admin/builder/spi-builder-workspace/.dependencies/checkouts/SwiftScraper
write-file /Users/admin/builder/spi-builder-workspace/.derivedData/Build/Intermediates.noindex/SwiftScraper.build/Debug-watchos/SwiftScraper-t.build/Objects-normal/arm64/SwiftScraper_const_extract_protocols.json
WriteAuxiliaryFile /Users/admin/builder/spi-builder-workspace/.derivedData/Build/Intermediates.noindex/SwiftScraper.build/Debug-watchos/SwiftScraper-t.build/SwiftScraper.DependencyMetadataFileList (in target 'SwiftScraper' from project 'SwiftScraper')
cd /Users/admin/builder/spi-builder-workspace/.dependencies/checkouts/SwiftScraper
write-file /Users/admin/builder/spi-builder-workspace/.derivedData/Build/Intermediates.noindex/SwiftScraper.build/Debug-watchos/SwiftScraper-t.build/SwiftScraper.DependencyMetadataFileList
WriteAuxiliaryFile /Users/admin/builder/spi-builder-workspace/.derivedData/Build/Intermediates.noindex/SwiftScraper.build/Debug-watchos/SwiftScraper-t.build/Objects-normal/arm64_32/SwiftScraper.SwiftFileList (in target 'SwiftScraper' from project 'SwiftScraper')
cd /Users/admin/builder/spi-builder-workspace/.dependencies/checkouts/SwiftScraper
write-file /Users/admin/builder/spi-builder-workspace/.derivedData/Build/Intermediates.noindex/SwiftScraper.build/Debug-watchos/SwiftScraper-t.build/Objects-normal/arm64_32/SwiftScraper.SwiftFileList
WriteAuxiliaryFile /Users/admin/builder/spi-builder-workspace/.derivedData/Build/Intermediates.noindex/SwiftScraper.build/Debug-watchos/SwiftScraper-t.build/Objects-normal/arm64_32/SwiftScraper.SwiftConstValuesFileList (in target 'SwiftScraper' from project 'SwiftScraper')
cd /Users/admin/builder/spi-builder-workspace/.dependencies/checkouts/SwiftScraper
write-file /Users/admin/builder/spi-builder-workspace/.derivedData/Build/Intermediates.noindex/SwiftScraper.build/Debug-watchos/SwiftScraper-t.build/Objects-normal/arm64_32/SwiftScraper.SwiftConstValuesFileList
WriteAuxiliaryFile /Users/admin/builder/spi-builder-workspace/.derivedData/Build/Intermediates.noindex/SwiftScraper.build/Debug-watchos/SwiftScraper-t.build/Objects-normal/arm64/SwiftScraper.SwiftFileList (in target 'SwiftScraper' from project 'SwiftScraper')
cd /Users/admin/builder/spi-builder-workspace/.dependencies/checkouts/SwiftScraper
write-file /Users/admin/builder/spi-builder-workspace/.derivedData/Build/Intermediates.noindex/SwiftScraper.build/Debug-watchos/SwiftScraper-t.build/Objects-normal/arm64/SwiftScraper.SwiftFileList
WriteAuxiliaryFile /Users/admin/builder/spi-builder-workspace/.derivedData/Build/Intermediates.noindex/SwiftScraper.build/Debug-watchos/SwiftScraper-t.build/Objects-normal/arm64/SwiftScraper.SwiftConstValuesFileList (in target 'SwiftScraper' from project 'SwiftScraper')
cd /Users/admin/builder/spi-builder-workspace/.dependencies/checkouts/SwiftScraper
write-file /Users/admin/builder/spi-builder-workspace/.derivedData/Build/Intermediates.noindex/SwiftScraper.build/Debug-watchos/SwiftScraper-t.build/Objects-normal/arm64/SwiftScraper.SwiftConstValuesFileList
WriteAuxiliaryFile /Users/admin/builder/spi-builder-workspace/.derivedData/Build/Intermediates.noindex/SwiftScraper.build/Debug-watchos/SwiftScraper-t.build/Objects-normal/arm64/SwiftScraper.LinkFileList (in target 'SwiftScraper' from project 'SwiftScraper')
cd /Users/admin/builder/spi-builder-workspace/.dependencies/checkouts/SwiftScraper
write-file /Users/admin/builder/spi-builder-workspace/.derivedData/Build/Intermediates.noindex/SwiftScraper.build/Debug-watchos/SwiftScraper-t.build/Objects-normal/arm64/SwiftScraper.LinkFileList
WriteAuxiliaryFile /Users/admin/builder/spi-builder-workspace/.derivedData/Build/Intermediates.noindex/SwiftScraper.build/Debug-watchos/SwiftScraper-t.build/Objects-normal/arm64/SwiftScraper-OutputFileMap.json (in target 'SwiftScraper' from project 'SwiftScraper')
cd /Users/admin/builder/spi-builder-workspace/.dependencies/checkouts/SwiftScraper
write-file /Users/admin/builder/spi-builder-workspace/.derivedData/Build/Intermediates.noindex/SwiftScraper.build/Debug-watchos/SwiftScraper-t.build/Objects-normal/arm64/SwiftScraper-OutputFileMap.json
WriteAuxiliaryFile /Users/admin/builder/spi-builder-workspace/.derivedData/Build/Intermediates.noindex/SwiftScraper.build/Debug-watchos/SwiftScraper-t.build/DerivedSources/resource_bundle_accessor.swift (in target 'SwiftScraper' from project 'SwiftScraper')
cd /Users/admin/builder/spi-builder-workspace/.dependencies/checkouts/SwiftScraper
write-file /Users/admin/builder/spi-builder-workspace/.derivedData/Build/Intermediates.noindex/SwiftScraper.build/Debug-watchos/SwiftScraper-t.build/DerivedSources/resource_bundle_accessor.swift
Copy /Users/admin/builder/spi-builder-workspace/.derivedData/Build/Intermediates.noindex/GeneratedModuleMaps-watchos/SwiftScraper.modulemap /Users/admin/builder/spi-builder-workspace/.derivedData/Build/Intermediates.noindex/SwiftScraper.build/Debug-watchos/SwiftScraper-t.build/SwiftScraper.modulemap (in target 'SwiftScraper' from project 'SwiftScraper')
cd /Users/admin/builder/spi-builder-workspace/.dependencies/checkouts/SwiftScraper
builtin-copy -exclude .DS_Store -exclude CVS -exclude .svn -exclude .git -exclude .hg -resolve-src-symlinks /Users/admin/builder/spi-builder-workspace/.derivedData/Build/Intermediates.noindex/SwiftScraper.build/Debug-watchos/SwiftScraper-t.build/SwiftScraper.modulemap /Users/admin/builder/spi-builder-workspace/.derivedData/Build/Intermediates.noindex/GeneratedModuleMaps-watchos
WriteAuxiliaryFile /Users/admin/builder/spi-builder-workspace/.derivedData/Build/Intermediates.noindex/CompassCardDownloader.build/Debug-watchos/CompassCardDownloader_CompassCardDownloader-b.build/CompassCardDownloader_CompassCardDownloader.DependencyStaticMetadataFileList (in target 'CompassCardDownloader_CompassCardDownloader' from project 'CompassCardDownloader')
cd /Users/admin/builder/spi-builder-workspace
write-file /Users/admin/builder/spi-builder-workspace/.derivedData/Build/Intermediates.noindex/CompassCardDownloader.build/Debug-watchos/CompassCardDownloader_CompassCardDownloader-b.build/CompassCardDownloader_CompassCardDownloader.DependencyStaticMetadataFileList
WriteAuxiliaryFile /Users/admin/builder/spi-builder-workspace/.derivedData/Build/Intermediates.noindex/CompassCardDownloader.build/Debug-watchos/CompassCardDownloader_CompassCardDownloader-b.build/empty-CompassCardDownloader_CompassCardDownloader.plist (in target 'CompassCardDownloader_CompassCardDownloader' from project 'CompassCardDownloader')
cd /Users/admin/builder/spi-builder-workspace
write-file /Users/admin/builder/spi-builder-workspace/.derivedData/Build/Intermediates.noindex/CompassCardDownloader.build/Debug-watchos/CompassCardDownloader_CompassCardDownloader-b.build/empty-CompassCardDownloader_CompassCardDownloader.plist
WriteAuxiliaryFile /Users/admin/builder/spi-builder-workspace/.derivedData/Build/Intermediates.noindex/CompassCardDownloader.build/Debug-watchos/CompassCardDownloader_CompassCardDownloader-b.build/CompassCardDownloader_CompassCardDownloader.DependencyMetadataFileList (in target 'CompassCardDownloader_CompassCardDownloader' from project 'CompassCardDownloader')
cd /Users/admin/builder/spi-builder-workspace
write-file /Users/admin/builder/spi-builder-workspace/.derivedData/Build/Intermediates.noindex/CompassCardDownloader.build/Debug-watchos/CompassCardDownloader_CompassCardDownloader-b.build/CompassCardDownloader_CompassCardDownloader.DependencyMetadataFileList
WriteAuxiliaryFile /Users/admin/builder/spi-builder-workspace/.derivedData/Build/Intermediates.noindex/CompassCardDownloader.build/Debug-watchos/CompassCardDownloader-t.build/Objects-normal/arm64_32/CompassCardDownloader_const_extract_protocols.json (in target 'CompassCardDownloader' from project 'CompassCardDownloader')
cd /Users/admin/builder/spi-builder-workspace
write-file /Users/admin/builder/spi-builder-workspace/.derivedData/Build/Intermediates.noindex/CompassCardDownloader.build/Debug-watchos/CompassCardDownloader-t.build/Objects-normal/arm64_32/CompassCardDownloader_const_extract_protocols.json
WriteAuxiliaryFile /Users/admin/builder/spi-builder-workspace/.derivedData/Build/Intermediates.noindex/CompassCardDownloader.build/Debug-watchos/CompassCardDownloader-t.build/Objects-normal/arm64_32/CompassCardDownloader.SwiftFileList (in target 'CompassCardDownloader' from project 'CompassCardDownloader')
cd /Users/admin/builder/spi-builder-workspace
write-file /Users/admin/builder/spi-builder-workspace/.derivedData/Build/Intermediates.noindex/CompassCardDownloader.build/Debug-watchos/CompassCardDownloader-t.build/Objects-normal/arm64_32/CompassCardDownloader.SwiftFileList
WriteAuxiliaryFile /Users/admin/builder/spi-builder-workspace/.derivedData/Build/Intermediates.noindex/CompassCardDownloader.build/Debug-watchos/CompassCardDownloader-t.build/Objects-normal/arm64_32/CompassCardDownloader.SwiftConstValuesFileList (in target 'CompassCardDownloader' from project 'CompassCardDownloader')
cd /Users/admin/builder/spi-builder-workspace
write-file /Users/admin/builder/spi-builder-workspace/.derivedData/Build/Intermediates.noindex/CompassCardDownloader.build/Debug-watchos/CompassCardDownloader-t.build/Objects-normal/arm64_32/CompassCardDownloader.SwiftConstValuesFileList
WriteAuxiliaryFile /Users/admin/builder/spi-builder-workspace/.derivedData/Build/Intermediates.noindex/CompassCardDownloader.build/Debug-watchos/CompassCardDownloader-t.build/Objects-normal/arm64_32/CompassCardDownloader.LinkFileList (in target 'CompassCardDownloader' from project 'CompassCardDownloader')
cd /Users/admin/builder/spi-builder-workspace
write-file /Users/admin/builder/spi-builder-workspace/.derivedData/Build/Intermediates.noindex/CompassCardDownloader.build/Debug-watchos/CompassCardDownloader-t.build/Objects-normal/arm64_32/CompassCardDownloader.LinkFileList
WriteAuxiliaryFile /Users/admin/builder/spi-builder-workspace/.derivedData/Build/Intermediates.noindex/CompassCardDownloader.build/Debug-watchos/CompassCardDownloader-t.build/Objects-normal/arm64_32/CompassCardDownloader-OutputFileMap.json (in target 'CompassCardDownloader' from project 'CompassCardDownloader')
cd /Users/admin/builder/spi-builder-workspace
write-file /Users/admin/builder/spi-builder-workspace/.derivedData/Build/Intermediates.noindex/CompassCardDownloader.build/Debug-watchos/CompassCardDownloader-t.build/Objects-normal/arm64_32/CompassCardDownloader-OutputFileMap.json
WriteAuxiliaryFile /Users/admin/builder/spi-builder-workspace/.derivedData/Build/Intermediates.noindex/CompassCardDownloader.build/Debug-watchos/CompassCardDownloader-t.build/Objects-normal/arm64/CompassCardDownloader_const_extract_protocols.json (in target 'CompassCardDownloader' from project 'CompassCardDownloader')
cd /Users/admin/builder/spi-builder-workspace
write-file /Users/admin/builder/spi-builder-workspace/.derivedData/Build/Intermediates.noindex/CompassCardDownloader.build/Debug-watchos/CompassCardDownloader-t.build/Objects-normal/arm64/CompassCardDownloader_const_extract_protocols.json
WriteAuxiliaryFile /Users/admin/builder/spi-builder-workspace/.derivedData/Build/Intermediates.noindex/CompassCardDownloader.build/Debug-watchos/CompassCardDownloader-t.build/Objects-normal/arm64/CompassCardDownloader.SwiftConstValuesFileList (in target 'CompassCardDownloader' from project 'CompassCardDownloader')
cd /Users/admin/builder/spi-builder-workspace
write-file /Users/admin/builder/spi-builder-workspace/.derivedData/Build/Intermediates.noindex/CompassCardDownloader.build/Debug-watchos/CompassCardDownloader-t.build/Objects-normal/arm64/CompassCardDownloader.SwiftConstValuesFileList
WriteAuxiliaryFile /Users/admin/builder/spi-builder-workspace/.derivedData/Build/Intermediates.noindex/CompassCardDownloader.build/Debug-watchos/CompassCardDownloader-t.build/Objects-normal/arm64/CompassCardDownloader.SwiftFileList (in target 'CompassCardDownloader' from project 'CompassCardDownloader')
cd /Users/admin/builder/spi-builder-workspace
write-file /Users/admin/builder/spi-builder-workspace/.derivedData/Build/Intermediates.noindex/CompassCardDownloader.build/Debug-watchos/CompassCardDownloader-t.build/Objects-normal/arm64/CompassCardDownloader.SwiftFileList
WriteAuxiliaryFile /Users/admin/builder/spi-builder-workspace/.derivedData/Build/Intermediates.noindex/CompassCardDownloader.build/Debug-watchos/CompassCardDownloader-t.build/Objects-normal/arm64/CompassCardDownloader.LinkFileList (in target 'CompassCardDownloader' from project 'CompassCardDownloader')
cd /Users/admin/builder/spi-builder-workspace
write-file /Users/admin/builder/spi-builder-workspace/.derivedData/Build/Intermediates.noindex/CompassCardDownloader.build/Debug-watchos/CompassCardDownloader-t.build/Objects-normal/arm64/CompassCardDownloader.LinkFileList
WriteAuxiliaryFile /Users/admin/builder/spi-builder-workspace/.derivedData/Build/Intermediates.noindex/CompassCardDownloader.build/Debug-watchos/CompassCardDownloader-t.build/Objects-normal/arm64/CompassCardDownloader-OutputFileMap.json (in target 'CompassCardDownloader' from project 'CompassCardDownloader')
cd /Users/admin/builder/spi-builder-workspace
write-file /Users/admin/builder/spi-builder-workspace/.derivedData/Build/Intermediates.noindex/CompassCardDownloader.build/Debug-watchos/CompassCardDownloader-t.build/Objects-normal/arm64/CompassCardDownloader-OutputFileMap.json
WriteAuxiliaryFile /Users/admin/builder/spi-builder-workspace/.derivedData/Build/Intermediates.noindex/CompassCardDownloader.build/Debug-watchos/CompassCardDownloader-t.build/DerivedSources/resource_bundle_accessor.swift (in target 'CompassCardDownloader' from project 'CompassCardDownloader')
cd /Users/admin/builder/spi-builder-workspace
write-file /Users/admin/builder/spi-builder-workspace/.derivedData/Build/Intermediates.noindex/CompassCardDownloader.build/Debug-watchos/CompassCardDownloader-t.build/DerivedSources/resource_bundle_accessor.swift
WriteAuxiliaryFile /Users/admin/builder/spi-builder-workspace/.derivedData/Build/Intermediates.noindex/CompassCardDownloader.build/Debug-watchos/CompassCardDownloader-t.build/CompassCardDownloader.DependencyStaticMetadataFileList (in target 'CompassCardDownloader' from project 'CompassCardDownloader')
cd /Users/admin/builder/spi-builder-workspace
write-file /Users/admin/builder/spi-builder-workspace/.derivedData/Build/Intermediates.noindex/CompassCardDownloader.build/Debug-watchos/CompassCardDownloader-t.build/CompassCardDownloader.DependencyStaticMetadataFileList
WriteAuxiliaryFile /Users/admin/builder/spi-builder-workspace/.derivedData/Build/Intermediates.noindex/CompassCardDownloader.build/Debug-watchos/CompassCardDownloader-t.build/CompassCardDownloader.modulemap (in target 'CompassCardDownloader' from project 'CompassCardDownloader')
cd /Users/admin/builder/spi-builder-workspace
write-file /Users/admin/builder/spi-builder-workspace/.derivedData/Build/Intermediates.noindex/CompassCardDownloader.build/Debug-watchos/CompassCardDownloader-t.build/CompassCardDownloader.modulemap
WriteAuxiliaryFile /Users/admin/builder/spi-builder-workspace/.derivedData/Build/Intermediates.noindex/CompassCardDownloader.build/Debug-watchos/CompassCardDownloader-t.build/CompassCardDownloader.DependencyMetadataFileList (in target 'CompassCardDownloader' from project 'CompassCardDownloader')
cd /Users/admin/builder/spi-builder-workspace
write-file /Users/admin/builder/spi-builder-workspace/.derivedData/Build/Intermediates.noindex/CompassCardDownloader.build/Debug-watchos/CompassCardDownloader-t.build/CompassCardDownloader.DependencyMetadataFileList
MkDir /Users/admin/builder/spi-builder-workspace/.derivedData/Build/Products/Debug-watchos/SwiftScraper_SwiftScraper.bundle (in target 'SwiftScraper_SwiftScraper' from project 'SwiftScraper')
cd /Users/admin/builder/spi-builder-workspace/.dependencies/checkouts/SwiftScraper
/bin/mkdir -p /Users/admin/builder/spi-builder-workspace/.derivedData/Build/Products/Debug-watchos/SwiftScraper_SwiftScraper.bundle
MkDir /Users/admin/builder/spi-builder-workspace/.derivedData/Build/Products/Debug-watchos/CompassCardDownloader_CompassCardDownloader.bundle (in target 'CompassCardDownloader_CompassCardDownloader' from project 'CompassCardDownloader')
cd /Users/admin/builder/spi-builder-workspace
/bin/mkdir -p /Users/admin/builder/spi-builder-workspace/.derivedData/Build/Products/Debug-watchos/CompassCardDownloader_CompassCardDownloader.bundle
Copy /Users/admin/builder/spi-builder-workspace/.derivedData/Build/Intermediates.noindex/GeneratedModuleMaps-watchos/CompassCardDownloader.modulemap /Users/admin/builder/spi-builder-workspace/.derivedData/Build/Intermediates.noindex/CompassCardDownloader.build/Debug-watchos/CompassCardDownloader-t.build/CompassCardDownloader.modulemap (in target 'CompassCardDownloader' from project 'CompassCardDownloader')
cd /Users/admin/builder/spi-builder-workspace
builtin-copy -exclude .DS_Store -exclude CVS -exclude .svn -exclude .git -exclude .hg -resolve-src-symlinks /Users/admin/builder/spi-builder-workspace/.derivedData/Build/Intermediates.noindex/CompassCardDownloader.build/Debug-watchos/CompassCardDownloader-t.build/CompassCardDownloader.modulemap /Users/admin/builder/spi-builder-workspace/.derivedData/Build/Intermediates.noindex/GeneratedModuleMaps-watchos
CpResource /Users/admin/builder/spi-builder-workspace/.derivedData/Build/Products/Debug-watchos/SwiftScraper_SwiftScraper.bundle/SwiftScraper.js /Users/admin/builder/spi-builder-workspace/.dependencies/checkouts/SwiftScraper/Sources/SwiftScraper/Resources/SwiftScraper.js (in target 'SwiftScraper_SwiftScraper' from project 'SwiftScraper')
cd /Users/admin/builder/spi-builder-workspace/.dependencies/checkouts/SwiftScraper
builtin-copy -exclude .DS_Store -exclude CVS -exclude .svn -exclude .git -exclude .hg -resolve-src-symlinks /Users/admin/builder/spi-builder-workspace/.dependencies/checkouts/SwiftScraper/Sources/SwiftScraper/Resources/SwiftScraper.js /Users/admin/builder/spi-builder-workspace/.derivedData/Build/Products/Debug-watchos/SwiftScraper_SwiftScraper.bundle
ProcessInfoPlistFile /Users/admin/builder/spi-builder-workspace/.derivedData/Build/Products/Debug-watchos/SwiftScraper_SwiftScraper.bundle/Info.plist /Users/admin/builder/spi-builder-workspace/.derivedData/Build/Intermediates.noindex/SwiftScraper.build/Debug-watchos/SwiftScraper_SwiftScraper-b.build/empty-SwiftScraper_SwiftScraper.plist (in target 'SwiftScraper_SwiftScraper' from project 'SwiftScraper')
cd /Users/admin/builder/spi-builder-workspace/.dependencies/checkouts/SwiftScraper
builtin-infoPlistUtility /Users/admin/builder/spi-builder-workspace/.derivedData/Build/Intermediates.noindex/SwiftScraper.build/Debug-watchos/SwiftScraper_SwiftScraper-b.build/empty-SwiftScraper_SwiftScraper.plist -producttype com.apple.product-type.bundle -expandbuildsettings -format binary -platform watchos -o /Users/admin/builder/spi-builder-workspace/.derivedData/Build/Products/Debug-watchos/SwiftScraper_SwiftScraper.bundle/Info.plist
ProcessInfoPlistFile /Users/admin/builder/spi-builder-workspace/.derivedData/Build/Products/Debug-watchos/CompassCardDownloader_CompassCardDownloader.bundle/Info.plist /Users/admin/builder/spi-builder-workspace/.derivedData/Build/Intermediates.noindex/CompassCardDownloader.build/Debug-watchos/CompassCardDownloader_CompassCardDownloader-b.build/empty-CompassCardDownloader_CompassCardDownloader.plist (in target 'CompassCardDownloader_CompassCardDownloader' from project 'CompassCardDownloader')
cd /Users/admin/builder/spi-builder-workspace
builtin-infoPlistUtility /Users/admin/builder/spi-builder-workspace/.derivedData/Build/Intermediates.noindex/CompassCardDownloader.build/Debug-watchos/CompassCardDownloader_CompassCardDownloader-b.build/empty-CompassCardDownloader_CompassCardDownloader.plist -producttype com.apple.product-type.bundle -expandbuildsettings -format binary -platform watchos -o /Users/admin/builder/spi-builder-workspace/.derivedData/Build/Products/Debug-watchos/CompassCardDownloader_CompassCardDownloader.bundle/Info.plist
CpResource /Users/admin/builder/spi-builder-workspace/.derivedData/Build/Products/Debug-watchos/CompassCardDownloader_CompassCardDownloader.bundle/CompassCardDownload.js /Users/admin/builder/spi-builder-workspace/Sources/CompassCardDownloader/Resources/CompassCardDownload.js (in target 'CompassCardDownloader_CompassCardDownloader' from project 'CompassCardDownloader')
cd /Users/admin/builder/spi-builder-workspace
builtin-copy -exclude .DS_Store -exclude CVS -exclude .svn -exclude .git -exclude .hg -resolve-src-symlinks /Users/admin/builder/spi-builder-workspace/Sources/CompassCardDownloader/Resources/CompassCardDownload.js /Users/admin/builder/spi-builder-workspace/.derivedData/Build/Products/Debug-watchos/CompassCardDownloader_CompassCardDownloader.bundle
RegisterExecutionPolicyException /Users/admin/builder/spi-builder-workspace/.derivedData/Build/Products/Debug-watchos/SwiftScraper_SwiftScraper.bundle (in target 'SwiftScraper_SwiftScraper' from project 'SwiftScraper')
cd /Users/admin/builder/spi-builder-workspace/.dependencies/checkouts/SwiftScraper
builtin-RegisterExecutionPolicyException /Users/admin/builder/spi-builder-workspace/.derivedData/Build/Products/Debug-watchos/SwiftScraper_SwiftScraper.bundle
RegisterExecutionPolicyException /Users/admin/builder/spi-builder-workspace/.derivedData/Build/Products/Debug-watchos/CompassCardDownloader_CompassCardDownloader.bundle (in target 'CompassCardDownloader_CompassCardDownloader' from project 'CompassCardDownloader')
cd /Users/admin/builder/spi-builder-workspace
builtin-RegisterExecutionPolicyException /Users/admin/builder/spi-builder-workspace/.derivedData/Build/Products/Debug-watchos/CompassCardDownloader_CompassCardDownloader.bundle
Touch /Users/admin/builder/spi-builder-workspace/.derivedData/Build/Products/Debug-watchos/SwiftScraper_SwiftScraper.bundle (in target 'SwiftScraper_SwiftScraper' from project 'SwiftScraper')
cd /Users/admin/builder/spi-builder-workspace/.dependencies/checkouts/SwiftScraper
/usr/bin/touch -c /Users/admin/builder/spi-builder-workspace/.derivedData/Build/Products/Debug-watchos/SwiftScraper_SwiftScraper.bundle
Touch /Users/admin/builder/spi-builder-workspace/.derivedData/Build/Products/Debug-watchos/CompassCardDownloader_CompassCardDownloader.bundle (in target 'CompassCardDownloader_CompassCardDownloader' from project 'CompassCardDownloader')
cd /Users/admin/builder/spi-builder-workspace
/usr/bin/touch -c /Users/admin/builder/spi-builder-workspace/.derivedData/Build/Products/Debug-watchos/CompassCardDownloader_CompassCardDownloader.bundle
SwiftDriver SwiftScraper normal arm64_32 com.apple.xcode.tools.swift.compiler (in target 'SwiftScraper' from project 'SwiftScraper')
cd /Users/admin/builder/spi-builder-workspace/.swiftpm/xcode
builtin-SwiftDriver -- /Applications/Xcode-27.0.0-Release.Candidate.app/Contents/Developer/Toolchains/XcodeDefault.xctoolchain/usr/bin/swiftc -parse-as-library -module-name SwiftScraper -Onone @/Users/admin/builder/spi-builder-workspace/.derivedData/Build/Intermediates.noindex/SwiftScraper.build/Debug-watchos/SwiftScraper-t.build/Objects-normal/arm64_32/SwiftScraper.SwiftFileList -DSWIFT_PACKAGE -DDEBUG -DSWIFT_MODULE_RESOURCE_BUNDLE_AVAILABLE -DXcode -plugin-path /Applications/Xcode-27.0.0-Release.Candidate.app/Contents/Developer/Toolchains/XcodeDefault.xctoolchain/usr/lib/swift/host/plugins/testing -enable-experimental-feature DebugDescriptionMacro -sdk /Applications/Xcode-27.0.0-Release.Candidate.app/Contents/Developer/Platforms/WatchOS.platform/Developer/SDKs/WatchOS27.0.sdk -target arm64_32-apple-watchos9.0 -g -module-cache-path /Users/admin/builder/spi-builder-workspace/.derivedData/ModuleCache.noindex -Xfrontend -serialize-debugging-options -profile-coverage-mapping -profile-generate -enable-testing -suppress-warnings -index-store-path /Users/admin/builder/spi-builder-workspace/.derivedData/Index.noindex/DataStore -Xcc -D_LIBCPP_HARDENING_MODE\=_LIBCPP_HARDENING_MODE_DEBUG -swift-version 5 -I /Users/admin/builder/spi-builder-workspace/.derivedData/Build/Products/Debug-watchos -Isystem /Applications/Xcode-27.0.0-Release.Candidate.app/Contents/Developer/Platforms/WatchOS.platform/Developer/usr/lib -F /Users/admin/builder/spi-builder-workspace/.derivedData/Build/Products/Debug-watchos -F /Applications/Xcode-27.0.0-Release.Candidate.app/Contents/Developer/Platforms/WatchOS.platform/Developer/Library/Frameworks -F /Applications/Xcode-27.0.0-Release.Candidate.app/Contents/Developer/Platforms/WatchOS.platform/Developer/SDKs/WatchOS27.0.sdk/Developer/Library/Frameworks -c -j10 -enable-batch-mode -incremental -Xcc -ivfsstatcache -Xcc /Users/admin/builder/spi-builder-workspace/.derivedData/SDKStatCaches.noindex/watchos27.0-24R360-e829b21a6f8c9b70876ba0858053c04477534ef55a1706bf4c1112bbb242f0a2.sdkstatcache -output-file-map /Users/admin/builder/spi-builder-workspace/.derivedData/Build/Intermediates.noindex/SwiftScraper.build/Debug-watchos/SwiftScraper-t.build/Objects-normal/arm64_32/SwiftScraper-OutputFileMap.json -save-temps -no-color-diagnostics -explicit-module-build -module-cache-path /Users/admin/builder/spi-builder-workspace/.derivedData/Build/Intermediates.noindex/SwiftExplicitPrecompiledModules -clang-scanner-module-cache-path /Users/admin/builder/spi-builder-workspace/.derivedData/ModuleCache.noindex -sdk-module-cache-path /Users/admin/builder/spi-builder-workspace/.derivedData/SDKExplicitPrecompiledModules -emit-dependencies -emit-module -emit-module-path /Users/admin/builder/spi-builder-workspace/.derivedData/Build/Intermediates.noindex/SwiftScraper.build/Debug-watchos/SwiftScraper-t.build/Objects-normal/arm64_32/SwiftScraper.swiftmodule -serialize-diagnostics -dependency-scan-serialize-diagnostics-path /Users/admin/builder/spi-builder-workspace/.derivedData/Build/Intermediates.noindex/SwiftScraper.build/Debug-watchos/SwiftScraper-t.build/Objects-normal/arm64_32/SwiftScraper-dependency-scan.dia -validate-clang-modules-once -clang-build-session-file /Users/admin/builder/spi-builder-workspace/.derivedData/ModuleCache.noindex/Session.modulevalidation -Xcc -fmodules-prune-interval\=86400 -Xcc -fmodules-prune-after\=345600 -emit-const-values -const-gather-protocols-list /Users/admin/builder/spi-builder-workspace/.derivedData/Build/Intermediates.noindex/SwiftScraper.build/Debug-watchos/SwiftScraper-t.build/Objects-normal/arm64_32/SwiftScraper_const_extract_protocols.json -Xcc -I/Users/admin/builder/spi-builder-workspace/.derivedData/Build/Products/Debug-watchos/include -Xcc -I/Users/admin/builder/spi-builder-workspace/.derivedData/Build/Intermediates.noindex/SwiftScraper.build/Debug-watchos/SwiftScraper-t.build/DerivedSources-normal/arm64_32 -Xcc -I/Users/admin/builder/spi-builder-workspace/.derivedData/Build/Intermediates.noindex/SwiftScraper.build/Debug-watchos/SwiftScraper-t.build/DerivedSources/arm64_32 -Xcc -I/Users/admin/builder/spi-builder-workspace/.derivedData/Build/Intermediates.noindex/SwiftScraper.build/Debug-watchos/SwiftScraper-t.build/DerivedSources -Xcc -DSWIFT_PACKAGE -Xcc -DDEBUG\=1 -emit-objc-header -emit-objc-header-path /Users/admin/builder/spi-builder-workspace/.derivedData/Build/Intermediates.noindex/SwiftScraper.build/Debug-watchos/SwiftScraper-t.build/Objects-normal/arm64_32/SwiftScraper-Swift.h -working-directory /Users/admin/builder/spi-builder-workspace/.swiftpm/xcode -experimental-emit-module-separately -disable-cmo
/Users/admin/builder/spi-builder-workspace/.dependencies/checkouts/SwiftScraper/Sources/SwiftScraper/Browser.swift:11:8: error: Unable to resolve module dependency: 'WebKit' (in target 'SwiftScraper' from project 'SwiftScraper')
note: A dependency of main module 'SwiftScraper'
/Users/admin/builder/spi-builder-workspace/.dependencies/checkouts/SwiftScraper/Sources/SwiftScraper/Steps/DownloadStep.swift:9:8: note: Also imported here
/Users/admin/builder/spi-builder-workspace/.dependencies/checkouts/SwiftScraper/Sources/SwiftScraper/Browser.swift:11:8: note: A dependency of main module 'SwiftScraper'
import WebKit
^ (in target 'SwiftScraper' from project 'SwiftScraper')
/Users/admin/builder/spi-builder-workspace/.dependencies/checkouts/SwiftScraper/Sources/SwiftScraper/Steps/DownloadStep.swift:9:8: note: Also imported here
import WebKit
^ (in target 'SwiftScraper' from project 'SwiftScraper')
SwiftDriver SwiftScraper normal arm64 com.apple.xcode.tools.swift.compiler (in target 'SwiftScraper' from project 'SwiftScraper')
cd /Users/admin/builder/spi-builder-workspace/.swiftpm/xcode
builtin-SwiftDriver -- /Applications/Xcode-27.0.0-Release.Candidate.app/Contents/Developer/Toolchains/XcodeDefault.xctoolchain/usr/bin/swiftc -parse-as-library -module-name SwiftScraper -Onone @/Users/admin/builder/spi-builder-workspace/.derivedData/Build/Intermediates.noindex/SwiftScraper.build/Debug-watchos/SwiftScraper-t.build/Objects-normal/arm64/SwiftScraper.SwiftFileList -DSWIFT_PACKAGE -DDEBUG -DSWIFT_MODULE_RESOURCE_BUNDLE_AVAILABLE -DXcode -plugin-path /Applications/Xcode-27.0.0-Release.Candidate.app/Contents/Developer/Toolchains/XcodeDefault.xctoolchain/usr/lib/swift/host/plugins/testing -enable-experimental-feature DebugDescriptionMacro -sdk /Applications/Xcode-27.0.0-Release.Candidate.app/Contents/Developer/Platforms/WatchOS.platform/Developer/SDKs/WatchOS27.0.sdk -target arm64-apple-watchos9.0 -g -module-cache-path /Users/admin/builder/spi-builder-workspace/.derivedData/ModuleCache.noindex -Xfrontend -serialize-debugging-options -profile-coverage-mapping -profile-generate -enable-testing -suppress-warnings -index-store-path /Users/admin/builder/spi-builder-workspace/.derivedData/Index.noindex/DataStore -Xcc -D_LIBCPP_HARDENING_MODE\=_LIBCPP_HARDENING_MODE_DEBUG -swift-version 5 -I /Users/admin/builder/spi-builder-workspace/.derivedData/Build/Products/Debug-watchos -Isystem /Applications/Xcode-27.0.0-Release.Candidate.app/Contents/Developer/Platforms/WatchOS.platform/Developer/usr/lib -F /Users/admin/builder/spi-builder-workspace/.derivedData/Build/Products/Debug-watchos -F /Applications/Xcode-27.0.0-Release.Candidate.app/Contents/Developer/Platforms/WatchOS.platform/Developer/Library/Frameworks -F /Applications/Xcode-27.0.0-Release.Candidate.app/Contents/Developer/Platforms/WatchOS.platform/Developer/SDKs/WatchOS27.0.sdk/Developer/Library/Frameworks -c -j10 -enable-batch-mode -incremental -Xcc -ivfsstatcache -Xcc /Users/admin/builder/spi-builder-workspace/.derivedData/SDKStatCaches.noindex/watchos27.0-24R360-e829b21a6f8c9b70876ba0858053c04477534ef55a1706bf4c1112bbb242f0a2.sdkstatcache -output-file-map /Users/admin/builder/spi-builder-workspace/.derivedData/Build/Intermediates.noindex/SwiftScraper.build/Debug-watchos/SwiftScraper-t.build/Objects-normal/arm64/SwiftScraper-OutputFileMap.json -save-temps -no-color-diagnostics -explicit-module-build -module-cache-path /Users/admin/builder/spi-builder-workspace/.derivedData/Build/Intermediates.noindex/SwiftExplicitPrecompiledModules -clang-scanner-module-cache-path /Users/admin/builder/spi-builder-workspace/.derivedData/ModuleCache.noindex -sdk-module-cache-path /Users/admin/builder/spi-builder-workspace/.derivedData/SDKExplicitPrecompiledModules -emit-dependencies -emit-module -emit-module-path /Users/admin/builder/spi-builder-workspace/.derivedData/Build/Intermediates.noindex/SwiftScraper.build/Debug-watchos/SwiftScraper-t.build/Objects-normal/arm64/SwiftScraper.swiftmodule -serialize-diagnostics -dependency-scan-serialize-diagnostics-path /Users/admin/builder/spi-builder-workspace/.derivedData/Build/Intermediates.noindex/SwiftScraper.build/Debug-watchos/SwiftScraper-t.build/Objects-normal/arm64/SwiftScraper-dependency-scan.dia -validate-clang-modules-once -clang-build-session-file /Users/admin/builder/spi-builder-workspace/.derivedData/ModuleCache.noindex/Session.modulevalidation -Xcc -fmodules-prune-interval\=86400 -Xcc -fmodules-prune-after\=345600 -emit-const-values -const-gather-protocols-list /Users/admin/builder/spi-builder-workspace/.derivedData/Build/Intermediates.noindex/SwiftScraper.build/Debug-watchos/SwiftScraper-t.build/Objects-normal/arm64/SwiftScraper_const_extract_protocols.json -Xcc -I/Users/admin/builder/spi-builder-workspace/.derivedData/Build/Products/Debug-watchos/include -Xcc -I/Users/admin/builder/spi-builder-workspace/.derivedData/Build/Intermediates.noindex/SwiftScraper.build/Debug-watchos/SwiftScraper-t.build/DerivedSources-normal/arm64 -Xcc -I/Users/admin/builder/spi-builder-workspace/.derivedData/Build/Intermediates.noindex/SwiftScraper.build/Debug-watchos/SwiftScraper-t.build/DerivedSources/arm64 -Xcc -I/Users/admin/builder/spi-builder-workspace/.derivedData/Build/Intermediates.noindex/SwiftScraper.build/Debug-watchos/SwiftScraper-t.build/DerivedSources -Xcc -DSWIFT_PACKAGE -Xcc -DDEBUG\=1 -emit-objc-header -emit-objc-header-path /Users/admin/builder/spi-builder-workspace/.derivedData/Build/Intermediates.noindex/SwiftScraper.build/Debug-watchos/SwiftScraper-t.build/Objects-normal/arm64/SwiftScraper-Swift.h -working-directory /Users/admin/builder/spi-builder-workspace/.swiftpm/xcode -experimental-emit-module-separately -disable-cmo
/Users/admin/builder/spi-builder-workspace/.dependencies/checkouts/SwiftScraper/Sources/SwiftScraper/Browser.swift:11:8: error: Unable to resolve module dependency: 'WebKit' (in target 'SwiftScraper' from project 'SwiftScraper')
note: A dependency of main module 'SwiftScraper'
/Users/admin/builder/spi-builder-workspace/.dependencies/checkouts/SwiftScraper/Sources/SwiftScraper/Steps/DownloadStep.swift:9:8: note: Also imported here
/Users/admin/builder/spi-builder-workspace/.dependencies/checkouts/SwiftScraper/Sources/SwiftScraper/Browser.swift:11:8: note: A dependency of main module 'SwiftScraper'
import WebKit
^ (in target 'SwiftScraper' from project 'SwiftScraper')
/Users/admin/builder/spi-builder-workspace/.dependencies/checkouts/SwiftScraper/Sources/SwiftScraper/Steps/DownloadStep.swift:9:8: note: Also imported here
import WebKit
^ (in target 'SwiftScraper' from project 'SwiftScraper')
PruneExplicitPrecompiledModules /Users/admin/builder/spi-builder-workspace/.derivedData/SDKExplicitPrecompiledModules
PruneExplicitPrecompiledModules /Users/admin/builder/spi-builder-workspace/.derivedData/Build/Intermediates.noindex/ExplicitPrecompiledModules
PruneExplicitPrecompiledModules /Users/admin/builder/spi-builder-workspace/.derivedData/Build/Intermediates.noindex/SwiftExplicitPrecompiledModules
2026-09-23 10:39:07.352 xcodebuild[682:4290] [MT] IDERunDestination: Supported platforms for the buildables in the current scheme is empty.
** BUILD FAILED **
The following build commands failed:
SwiftDriver SwiftScraper normal arm64_32 com.apple.xcode.tools.swift.compiler (in target 'SwiftScraper' from project 'SwiftScraper')
SwiftDriver SwiftScraper normal arm64 com.apple.xcode.tools.swift.compiler (in target 'SwiftScraper' from project 'SwiftScraper')
Building workspace CompassCardDownloader with scheme CompassCardDownloader
(3 failures)
Command line invocation:
/Applications/Xcode-27.0.0-Release.Candidate.app/Contents/Developer/usr/bin/xcodebuild -IDEClonedSourcePackagesDirPathOverride=/Users/admin/builder/spi-builder-workspace/.dependencies -resolvePackageDependencies
Resolve Package Graph
Resolved source packages:
SwiftScraper: https://github.com/Nef10/SwiftScraper.git @ 0.7.0
CompassCardDownloader: /Users/admin/builder/spi-builder-workspace
resolved source packages: SwiftScraper, CompassCardDownloader
2026-09-23 10:39:11.350 xcodebuild[707:4581] [MT] IDERunDestination: Supported platforms for the buildables in the current scheme is empty.
{
"dependencies" : [
{
"identity" : "swiftscraper",
"requirement" : {
"exact" : [
"0.7.0"
]
},
"type" : "sourceControl",
"url" : "https://github.com/Nef10/SwiftScraper.git"
}
],
"manifest_display_name" : "CompassCardDownloader",
"name" : "CompassCardDownloader",
"path" : "/Users/admin/builder/spi-builder-workspace",
"platforms" : [
{
"name" : "ios",
"version" : "14.0"
},
{
"name" : "macos",
"version" : "11.0"
}
],
"products" : [
{
"name" : "CompassCardDownloader",
"targets" : [
"CompassCardDownloader"
],
"type" : {
"library" : [
"automatic"
]
}
}
],
"targets" : [
{
"c99name" : "CompassCardDownloaderTests",
"module_type" : "SwiftTarget",
"name" : "CompassCardDownloaderTests",
"path" : "Tests/CompassCardDownloaderTests",
"sources" : [
"CompassCardDownloaderTests.swift"
],
"target_dependencies" : [
"CompassCardDownloader"
],
"type" : "test"
},
{
"c99name" : "CompassCardDownloader",
"module_type" : "SwiftTarget",
"name" : "CompassCardDownloader",
"path" : "Sources/CompassCardDownloader",
"product_dependencies" : [
"SwiftScraper"
],
"product_memberships" : [
"CompassCardDownloader"
],
"resources" : [
{
"path" : "/Users/admin/builder/spi-builder-workspace/Sources/CompassCardDownloader/Resources/CompassCardDownload.js",
"rule" : {
"process" : {
}
}
}
],
"sources" : [
"CompassCardDownloader.swift",
"CompassCardDownloaderDelegate.swift"
],
"type" : "library"
}
],
"tools_version" : "5.3"
}
{
"workspace" : {
"name" : "CompassCardDownloader",
"schemes" : [
"CompassCardDownloader"
]
}
}
2026-09-23 10:39:12.644 xcodebuild[715:4657] [MT] IDERunDestination: Supported platforms for the buildables in the current scheme is empty.
Running build ...
env DEVELOPER_DIR=/Applications/Xcode-27.0.0-Release.Candidate.app xcrun xcodebuild -IDEClonedSourcePackagesDirPathOverride=$PWD/.dependencies -skipMacroValidation -skipPackagePluginValidation -derivedDataPath $PWD/.derivedData build -scheme CompassCardDownloader -destination generic/platform=watchOS
Command line invocation:
/Applications/Xcode-27.0.0-Release.Candidate.app/Contents/Developer/usr/bin/xcodebuild -IDEClonedSourcePackagesDirPathOverride=/Users/admin/builder/spi-builder-workspace/.dependencies -skipMacroValidation -skipPackagePluginValidation -derivedDataPath /Users/admin/builder/spi-builder-workspace/.derivedData build -scheme CompassCardDownloader -destination generic/platform=watchOS
Resolve Package Graph
Resolved source packages:
SwiftScraper: https://github.com/Nef10/SwiftScraper.git @ 0.7.0
CompassCardDownloader: /Users/admin/builder/spi-builder-workspace
ComputePackagePrebuildTargetDependencyGraph
Prepare packages
CreateBuildRequest
SendProjectDescription
CreateBuildOperation
ComputeTargetDependencyGraph
note: Building targets in dependency order
note: Target dependency graph (6 targets)
Target 'CompassCardDownloader-product' in project 'CompassCardDownloader'
➜ Explicit dependency on target 'CompassCardDownloader' in project 'CompassCardDownloader'
➜ Explicit dependency on target 'CompassCardDownloader_CompassCardDownloader' in project 'CompassCardDownloader'
➜ Explicit dependency on target 'SwiftScraper-product' in project 'SwiftScraper'
Target 'CompassCardDownloader' in project 'CompassCardDownloader'
➜ Explicit dependency on target 'CompassCardDownloader_CompassCardDownloader' in project 'CompassCardDownloader'
➜ Explicit dependency on target 'SwiftScraper-product' in project 'SwiftScraper'
Target 'SwiftScraper-product' in project 'SwiftScraper'
➜ Explicit dependency on target 'SwiftScraper' in project 'SwiftScraper'
➜ Explicit dependency on target 'SwiftScraper_SwiftScraper' in project 'SwiftScraper'
Target 'SwiftScraper' in project 'SwiftScraper'
➜ Explicit dependency on target 'SwiftScraper_SwiftScraper' in project 'SwiftScraper'
Target 'SwiftScraper_SwiftScraper' in project 'SwiftScraper' (no dependencies)
Target 'CompassCardDownloader_CompassCardDownloader' in project 'CompassCardDownloader' (no dependencies)
GatherProvisioningInputs
CreateBuildDescription
ClangStatCache /Applications/Xcode-27.0.0-Release.Candidate.app/Contents/Developer/Toolchains/XcodeDefault.xctoolchain/usr/bin/clang-stat-cache /Applications/Xcode-27.0.0-Release.Candidate.app/Contents/Developer/Platforms/WatchOS.platform/Developer/SDKs/WatchOS27.0.sdk /Users/admin/builder/spi-builder-workspace/.derivedData/SDKStatCaches.noindex/watchos27.0-24R360-e829b21a6f8c9b70876ba0858053c04477534ef55a1706bf4c1112bbb242f0a2.sdkstatcache
cd /Users/admin/builder/spi-builder-workspace/.swiftpm/xcode
/Applications/Xcode-27.0.0-Release.Candidate.app/Contents/Developer/Toolchains/XcodeDefault.xctoolchain/usr/bin/clang-stat-cache /Applications/Xcode-27.0.0-Release.Candidate.app/Contents/Developer/Platforms/WatchOS.platform/Developer/SDKs/WatchOS27.0.sdk -o /Users/admin/builder/spi-builder-workspace/.derivedData/SDKStatCaches.noindex/watchos27.0-24R360-e829b21a6f8c9b70876ba0858053c04477534ef55a1706bf4c1112bbb242f0a2.sdkstatcache
SwiftDriver SwiftScraper normal arm64_32 com.apple.xcode.tools.swift.compiler (in target 'SwiftScraper' from project 'SwiftScraper')
cd /Users/admin/builder/spi-builder-workspace/.swiftpm/xcode
builtin-SwiftDriver -- /Applications/Xcode-27.0.0-Release.Candidate.app/Contents/Developer/Toolchains/XcodeDefault.xctoolchain/usr/bin/swiftc -parse-as-library -module-name SwiftScraper -Onone @/Users/admin/builder/spi-builder-workspace/.derivedData/Build/Intermediates.noindex/SwiftScraper.build/Debug-watchos/SwiftScraper-t.build/Objects-normal/arm64_32/SwiftScraper.SwiftFileList -DSWIFT_PACKAGE -DDEBUG -DSWIFT_MODULE_RESOURCE_BUNDLE_AVAILABLE -DXcode -plugin-path /Applications/Xcode-27.0.0-Release.Candidate.app/Contents/Developer/Toolchains/XcodeDefault.xctoolchain/usr/lib/swift/host/plugins/testing -enable-experimental-feature DebugDescriptionMacro -sdk /Applications/Xcode-27.0.0-Release.Candidate.app/Contents/Developer/Platforms/WatchOS.platform/Developer/SDKs/WatchOS27.0.sdk -target arm64_32-apple-watchos9.0 -g -module-cache-path /Users/admin/builder/spi-builder-workspace/.derivedData/ModuleCache.noindex -Xfrontend -serialize-debugging-options -profile-coverage-mapping -profile-generate -enable-testing -suppress-warnings -index-store-path /Users/admin/builder/spi-builder-workspace/.derivedData/Index.noindex/DataStore -Xcc -D_LIBCPP_HARDENING_MODE\=_LIBCPP_HARDENING_MODE_DEBUG -swift-version 5 -I /Users/admin/builder/spi-builder-workspace/.derivedData/Build/Products/Debug-watchos -Isystem /Applications/Xcode-27.0.0-Release.Candidate.app/Contents/Developer/Platforms/WatchOS.platform/Developer/usr/lib -F /Users/admin/builder/spi-builder-workspace/.derivedData/Build/Products/Debug-watchos -F /Applications/Xcode-27.0.0-Release.Candidate.app/Contents/Developer/Platforms/WatchOS.platform/Developer/Library/Frameworks -F /Applications/Xcode-27.0.0-Release.Candidate.app/Contents/Developer/Platforms/WatchOS.platform/Developer/SDKs/WatchOS27.0.sdk/Developer/Library/Frameworks -c -j10 -enable-batch-mode -incremental -Xcc -ivfsstatcache -Xcc /Users/admin/builder/spi-builder-workspace/.derivedData/SDKStatCaches.noindex/watchos27.0-24R360-e829b21a6f8c9b70876ba0858053c04477534ef55a1706bf4c1112bbb242f0a2.sdkstatcache -output-file-map /Users/admin/builder/spi-builder-workspace/.derivedData/Build/Intermediates.noindex/SwiftScraper.build/Debug-watchos/SwiftScraper-t.build/Objects-normal/arm64_32/SwiftScraper-OutputFileMap.json -save-temps -no-color-diagnostics -explicit-module-build -module-cache-path /Users/admin/builder/spi-builder-workspace/.derivedData/Build/Intermediates.noindex/SwiftExplicitPrecompiledModules -clang-scanner-module-cache-path /Users/admin/builder/spi-builder-workspace/.derivedData/ModuleCache.noindex -sdk-module-cache-path /Users/admin/builder/spi-builder-workspace/.derivedData/SDKExplicitPrecompiledModules -emit-dependencies -emit-module -emit-module-path /Users/admin/builder/spi-builder-workspace/.derivedData/Build/Intermediates.noindex/SwiftScraper.build/Debug-watchos/SwiftScraper-t.build/Objects-normal/arm64_32/SwiftScraper.swiftmodule -serialize-diagnostics -dependency-scan-serialize-diagnostics-path /Users/admin/builder/spi-builder-workspace/.derivedData/Build/Intermediates.noindex/SwiftScraper.build/Debug-watchos/SwiftScraper-t.build/Objects-normal/arm64_32/SwiftScraper-dependency-scan.dia -validate-clang-modules-once -clang-build-session-file /Users/admin/builder/spi-builder-workspace/.derivedData/ModuleCache.noindex/Session.modulevalidation -Xcc -fmodules-prune-interval\=86400 -Xcc -fmodules-prune-after\=345600 -emit-const-values -const-gather-protocols-list /Users/admin/builder/spi-builder-workspace/.derivedData/Build/Intermediates.noindex/SwiftScraper.build/Debug-watchos/SwiftScraper-t.build/Objects-normal/arm64_32/SwiftScraper_const_extract_protocols.json -Xcc -I/Users/admin/builder/spi-builder-workspace/.derivedData/Build/Products/Debug-watchos/include -Xcc -I/Users/admin/builder/spi-builder-workspace/.derivedData/Build/Intermediates.noindex/SwiftScraper.build/Debug-watchos/SwiftScraper-t.build/DerivedSources-normal/arm64_32 -Xcc -I/Users/admin/builder/spi-builder-workspace/.derivedData/Build/Intermediates.noindex/SwiftScraper.build/Debug-watchos/SwiftScraper-t.build/DerivedSources/arm64_32 -Xcc -I/Users/admin/builder/spi-builder-workspace/.derivedData/Build/Intermediates.noindex/SwiftScraper.build/Debug-watchos/SwiftScraper-t.build/DerivedSources -Xcc -DSWIFT_PACKAGE -Xcc -DDEBUG\=1 -emit-objc-header -emit-objc-header-path /Users/admin/builder/spi-builder-workspace/.derivedData/Build/Intermediates.noindex/SwiftScraper.build/Debug-watchos/SwiftScraper-t.build/Objects-normal/arm64_32/SwiftScraper-Swift.h -working-directory /Users/admin/builder/spi-builder-workspace/.swiftpm/xcode -experimental-emit-module-separately -disable-cmo
/Users/admin/builder/spi-builder-workspace/.dependencies/checkouts/SwiftScraper/Sources/SwiftScraper/Browser.swift:11:8: error: Unable to resolve module dependency: 'WebKit' (in target 'SwiftScraper' from project 'SwiftScraper')
note: A dependency of main module 'SwiftScraper'
/Users/admin/builder/spi-builder-workspace/.dependencies/checkouts/SwiftScraper/Sources/SwiftScraper/Steps/DownloadStep.swift:9:8: note: Also imported here
/Users/admin/builder/spi-builder-workspace/.dependencies/checkouts/SwiftScraper/Sources/SwiftScraper/Browser.swift:11:8: note: A dependency of main module 'SwiftScraper'
import WebKit
^ (in target 'SwiftScraper' from project 'SwiftScraper')
/Users/admin/builder/spi-builder-workspace/.dependencies/checkouts/SwiftScraper/Sources/SwiftScraper/Steps/DownloadStep.swift:9:8: note: Also imported here
import WebKit
^ (in target 'SwiftScraper' from project 'SwiftScraper')
SwiftDriver SwiftScraper normal arm64 com.apple.xcode.tools.swift.compiler (in target 'SwiftScraper' from project 'SwiftScraper')
cd /Users/admin/builder/spi-builder-workspace/.swiftpm/xcode
builtin-SwiftDriver -- /Applications/Xcode-27.0.0-Release.Candidate.app/Contents/Developer/Toolchains/XcodeDefault.xctoolchain/usr/bin/swiftc -parse-as-library -module-name SwiftScraper -Onone @/Users/admin/builder/spi-builder-workspace/.derivedData/Build/Intermediates.noindex/SwiftScraper.build/Debug-watchos/SwiftScraper-t.build/Objects-normal/arm64/SwiftScraper.SwiftFileList -DSWIFT_PACKAGE -DDEBUG -DSWIFT_MODULE_RESOURCE_BUNDLE_AVAILABLE -DXcode -plugin-path /Applications/Xcode-27.0.0-Release.Candidate.app/Contents/Developer/Toolchains/XcodeDefault.xctoolchain/usr/lib/swift/host/plugins/testing -enable-experimental-feature DebugDescriptionMacro -sdk /Applications/Xcode-27.0.0-Release.Candidate.app/Contents/Developer/Platforms/WatchOS.platform/Developer/SDKs/WatchOS27.0.sdk -target arm64-apple-watchos9.0 -g -module-cache-path /Users/admin/builder/spi-builder-workspace/.derivedData/ModuleCache.noindex -Xfrontend -serialize-debugging-options -profile-coverage-mapping -profile-generate -enable-testing -suppress-warnings -index-store-path /Users/admin/builder/spi-builder-workspace/.derivedData/Index.noindex/DataStore -Xcc -D_LIBCPP_HARDENING_MODE\=_LIBCPP_HARDENING_MODE_DEBUG -swift-version 5 -I /Users/admin/builder/spi-builder-workspace/.derivedData/Build/Products/Debug-watchos -Isystem /Applications/Xcode-27.0.0-Release.Candidate.app/Contents/Developer/Platforms/WatchOS.platform/Developer/usr/lib -F /Users/admin/builder/spi-builder-workspace/.derivedData/Build/Products/Debug-watchos -F /Applications/Xcode-27.0.0-Release.Candidate.app/Contents/Developer/Platforms/WatchOS.platform/Developer/Library/Frameworks -F /Applications/Xcode-27.0.0-Release.Candidate.app/Contents/Developer/Platforms/WatchOS.platform/Developer/SDKs/WatchOS27.0.sdk/Developer/Library/Frameworks -c -j10 -enable-batch-mode -incremental -Xcc -ivfsstatcache -Xcc /Users/admin/builder/spi-builder-workspace/.derivedData/SDKStatCaches.noindex/watchos27.0-24R360-e829b21a6f8c9b70876ba0858053c04477534ef55a1706bf4c1112bbb242f0a2.sdkstatcache -output-file-map /Users/admin/builder/spi-builder-workspace/.derivedData/Build/Intermediates.noindex/SwiftScraper.build/Debug-watchos/SwiftScraper-t.build/Objects-normal/arm64/SwiftScraper-OutputFileMap.json -save-temps -no-color-diagnostics -explicit-module-build -module-cache-path /Users/admin/builder/spi-builder-workspace/.derivedData/Build/Intermediates.noindex/SwiftExplicitPrecompiledModules -clang-scanner-module-cache-path /Users/admin/builder/spi-builder-workspace/.derivedData/ModuleCache.noindex -sdk-module-cache-path /Users/admin/builder/spi-builder-workspace/.derivedData/SDKExplicitPrecompiledModules -emit-dependencies -emit-module -emit-module-path /Users/admin/builder/spi-builder-workspace/.derivedData/Build/Intermediates.noindex/SwiftScraper.build/Debug-watchos/SwiftScraper-t.build/Objects-normal/arm64/SwiftScraper.swiftmodule -serialize-diagnostics -dependency-scan-serialize-diagnostics-path /Users/admin/builder/spi-builder-workspace/.derivedData/Build/Intermediates.noindex/SwiftScraper.build/Debug-watchos/SwiftScraper-t.build/Objects-normal/arm64/SwiftScraper-dependency-scan.dia -validate-clang-modules-once -clang-build-session-file /Users/admin/builder/spi-builder-workspace/.derivedData/ModuleCache.noindex/Session.modulevalidation -Xcc -fmodules-prune-interval\=86400 -Xcc -fmodules-prune-after\=345600 -emit-const-values -const-gather-protocols-list /Users/admin/builder/spi-builder-workspace/.derivedData/Build/Intermediates.noindex/SwiftScraper.build/Debug-watchos/SwiftScraper-t.build/Objects-normal/arm64/SwiftScraper_const_extract_protocols.json -Xcc -I/Users/admin/builder/spi-builder-workspace/.derivedData/Build/Products/Debug-watchos/include -Xcc -I/Users/admin/builder/spi-builder-workspace/.derivedData/Build/Intermediates.noindex/SwiftScraper.build/Debug-watchos/SwiftScraper-t.build/DerivedSources-normal/arm64 -Xcc -I/Users/admin/builder/spi-builder-workspace/.derivedData/Build/Intermediates.noindex/SwiftScraper.build/Debug-watchos/SwiftScraper-t.build/DerivedSources/arm64 -Xcc -I/Users/admin/builder/spi-builder-workspace/.derivedData/Build/Intermediates.noindex/SwiftScraper.build/Debug-watchos/SwiftScraper-t.build/DerivedSources -Xcc -DSWIFT_PACKAGE -Xcc -DDEBUG\=1 -emit-objc-header -emit-objc-header-path /Users/admin/builder/spi-builder-workspace/.derivedData/Build/Intermediates.noindex/SwiftScraper.build/Debug-watchos/SwiftScraper-t.build/Objects-normal/arm64/SwiftScraper-Swift.h -working-directory /Users/admin/builder/spi-builder-workspace/.swiftpm/xcode -experimental-emit-module-separately -disable-cmo
/Users/admin/builder/spi-builder-workspace/.dependencies/checkouts/SwiftScraper/Sources/SwiftScraper/Browser.swift:11:8: error: Unable to resolve module dependency: 'WebKit' (in target 'SwiftScraper' from project 'SwiftScraper')
note: A dependency of main module 'SwiftScraper'
/Users/admin/builder/spi-builder-workspace/.dependencies/checkouts/SwiftScraper/Sources/SwiftScraper/Steps/DownloadStep.swift:9:8: note: Also imported here
/Users/admin/builder/spi-builder-workspace/.dependencies/checkouts/SwiftScraper/Sources/SwiftScraper/Browser.swift:11:8: note: A dependency of main module 'SwiftScraper'
import WebKit
^ (in target 'SwiftScraper' from project 'SwiftScraper')
/Users/admin/builder/spi-builder-workspace/.dependencies/checkouts/SwiftScraper/Sources/SwiftScraper/Steps/DownloadStep.swift:9:8: note: Also imported here
import WebKit
^ (in target 'SwiftScraper' from project 'SwiftScraper')
PruneExplicitPrecompiledModules /Users/admin/builder/spi-builder-workspace/.derivedData/Build/Intermediates.noindex/ExplicitPrecompiledModules
PruneExplicitPrecompiledModules /Users/admin/builder/spi-builder-workspace/.derivedData/Build/Intermediates.noindex/SwiftExplicitPrecompiledModules
PruneExplicitPrecompiledModules /Users/admin/builder/spi-builder-workspace/.derivedData/SDKExplicitPrecompiledModules
2026-09-23 10:39:13.682 xcodebuild[716:4685] [MT] IDERunDestination: Supported platforms for the buildables in the current scheme is empty.
** BUILD FAILED **
The following build commands failed:
SwiftDriver SwiftScraper normal arm64_32 com.apple.xcode.tools.swift.compiler (in target 'SwiftScraper' from project 'SwiftScraper')
SwiftDriver SwiftScraper normal arm64 com.apple.xcode.tools.swift.compiler (in target 'SwiftScraper' from project 'SwiftScraper')
Building workspace CompassCardDownloader with scheme CompassCardDownloader
(3 failures)
BUILD FAILURE 6.4 watchOS