Build Information
Failed to build Portal, reference 6.1.0 (8cd3ff), with Swift 6.2 for Android on 15 Aug 2026 20:44:00 UTC.
Build Command
bash -c docker run --pull=always --rm -v "checkouts-53886769-0":/host -w "$PWD" -e JAVA_HOME="/root/.sdkman/candidates/java/current" -e SPI_BUILD="1" -e SPI_PROCESSING="1" registry.gitlab.com/saguaro1/spi-images:android-6.2-latest swift build --swift-sdk aarch64-unknown-linux-android28 2>&1Build Log
========================================
RunAll
========================================
Builder version: 5.0.1
Interrupt handler set up.
========================================
Checkout
========================================
Clone URL: https://github.com/Aeastr/Portal.git
Reference: 6.1.0
Initialized empty Git repository in /host/spi-builder-workspace/.git/
hint: Using 'master' as the name for the initial branch. This default branch name
hint: is subject to change. To configure the initial branch name to use in all
hint: of your new repositories, which will suppress this warning, call:
hint:
hint: git config --global init.defaultBranch <name>
hint:
hint: Names commonly chosen instead of 'master' are 'main', 'trunk' and
hint: 'development'. The just-created branch can be renamed via this command:
hint:
hint: git branch -m <name>
From https://github.com/Aeastr/Portal
* tag 6.1.0 -> FETCH_HEAD
HEAD is now at 8cd3ffe Merge pull request #72 from Aeastr/docs/asyncimage-portal-example
Cloned https://github.com/Aeastr/Portal.git
Revision (git rev-parse @):
8cd3ffe221988f4a4c57a7c9d47f45617589a199
SUCCESS checkout https://github.com/Aeastr/Portal.git at 6.1.0
========================================
Build
========================================
Selected platform: android
Swift version: 6.2
Building package at path: $PWD
https://github.com/Aeastr/Portal.git
Running build ...
bash -c docker run --pull=always --rm -v "checkouts-53886769-0":/host -w "$PWD" -e JAVA_HOME="/root/.sdkman/candidates/java/current" -e SPI_BUILD="1" -e SPI_PROCESSING="1" registry.gitlab.com/saguaro1/spi-images:android-6.2-latest swift build --swift-sdk aarch64-unknown-linux-android28 2>&1
android-6.2-latest: Pulling from saguaro1/spi-images
Digest: sha256:573917aa137cc6f081a4f3d2a0330bac24553e9cd713cd758adf65046f5c6b90
Status: Image is up to date for registry.gitlab.com/saguaro1/spi-images:android-6.2-latest
Fetching https://github.com/Aeastr/Chronicle.git
Fetching https://github.com/Aeastr/UIPortalBridge.git
[1/375] Fetching chronicle
[95/401] Fetching chronicle, uiportalbridge
Fetched https://github.com/Aeastr/UIPortalBridge.git from cache (0.47s)
Fetched https://github.com/Aeastr/Chronicle.git from cache (0.48s)
Computing version for https://github.com/Aeastr/UIPortalBridge.git
Computed https://github.com/Aeastr/UIPortalBridge.git at 1.0.0 (0.61s)
Fetching https://github.com/Aeastr/Obfuscate.git
[1/87] Fetching obfuscate
Fetched https://github.com/Aeastr/Obfuscate.git from cache (0.40s)
Computing version for https://github.com/Aeastr/Chronicle.git
Computed https://github.com/Aeastr/Chronicle.git at 3.0.2 (0.54s)
Fetching https://github.com/apple/swift-log.git
[1/7954] Fetching swift-log
Fetched https://github.com/apple/swift-log.git from cache (0.49s)
Computing version for https://github.com/Aeastr/Obfuscate.git
Computed https://github.com/Aeastr/Obfuscate.git at 1.4.0 (0.64s)
Fetching https://github.com/swiftlang/swift-syntax
[1/76471] Fetching swift-syntax
Fetched https://github.com/swiftlang/swift-syntax from cache (2.83s)
Computing version for https://github.com/swiftlang/swift-syntax
Computed https://github.com/swiftlang/swift-syntax at 600.0.1 (3.79s)
Computing version for https://github.com/apple/swift-log.git
Computed https://github.com/apple/swift-log.git at 1.15.0 (0.18s)
Creating working copy for https://github.com/swiftlang/swift-syntax
Working copy of https://github.com/swiftlang/swift-syntax resolved at 600.0.1
Creating working copy for https://github.com/apple/swift-log.git
Working copy of https://github.com/apple/swift-log.git resolved at 1.15.0
Creating working copy for https://github.com/Aeastr/Obfuscate.git
Working copy of https://github.com/Aeastr/Obfuscate.git resolved at 1.4.0
Creating working copy for https://github.com/Aeastr/Chronicle.git
Working copy of https://github.com/Aeastr/Chronicle.git resolved at 3.0.2
Creating working copy for https://github.com/Aeastr/UIPortalBridge.git
Working copy of https://github.com/Aeastr/UIPortalBridge.git resolved at 1.0.0
Downloading package prebuilt https://download.swift.org/prebuilts/swift-syntax/600.0.1/swift-6.2-RELEASE-MacroSupport-ubuntu_jammy_x86_64.tar.gz
Downloaded https://download.swift.org/prebuilts/swift-syntax/600.0.1/swift-6.2-RELEASE-MacroSupport-ubuntu_jammy_x86_64.tar.gz (0.22s)
Building for debugging...
[0/12] Write sources
[8/12] Write swift-version--11D90AFD9DD3AB2.txt
[10/23] Compiling ObfuscateMacro ObfuscateMacro.swift
[11/23] Compiling ObfuscateMacro ObfuscatedString.swift
[12/23] Emitting module ObfuscateMacro
[13/24] Wrapping AST for ObfuscateMacro for debugging
[14/24] Write Objects.LinkFileList
[15/24] Linking ObfuscateMacro-tool
[17/26] Compiling Chronicle Tag.swift
/host/spi-builder-workspace/.build/checkouts/Chronicle/Sources/Chronicle/LogLevel.swift:11:8: error: no such module 'os'
9 | import OSLog
10 | #else
11 | import os
| `- error: no such module 'os'
12 | #endif
13 | import SwiftUI
[18/26] Emitting module Obfuscate
[19/26] Compiling Obfuscate Obfuscate.swift
error: emit-module command failed with exit code 1 (use -v to see invocation)
[20/27] Emitting module Chronicle
/host/spi-builder-workspace/.build/checkouts/Chronicle/Sources/Chronicle/LogLevel.swift:11:8: error: no such module 'os'
9 | import OSLog
10 | #else
11 | import os
| `- error: no such module 'os'
12 | #endif
13 | import SwiftUI
[21/27] Compiling Chronicle LogEntry.swift
/host/spi-builder-workspace/.build/checkouts/Chronicle/Sources/Chronicle/LogLevel.swift:11:8: error: no such module 'os'
9 | import OSLog
10 | #else
11 | import os
| `- error: no such module 'os'
12 | #endif
13 | import SwiftUI
[22/27] Compiling Chronicle LogLevel.swift
/host/spi-builder-workspace/.build/checkouts/Chronicle/Sources/Chronicle/LogLevel.swift:11:8: error: no such module 'os'
9 | import OSLog
10 | #else
11 | import os
| `- error: no such module 'os'
12 | #endif
13 | import SwiftUI
[23/27] Compiling Chronicle LogEventSink.swift
/host/spi-builder-workspace/.build/checkouts/Chronicle/Sources/Chronicle/LogLevel.swift:11:8: error: no such module 'os'
9 | import OSLog
10 | #else
11 | import os
| `- error: no such module 'os'
12 | #endif
13 | import SwiftUI
[24/27] Compiling Chronicle LogMetadata.swift
/host/spi-builder-workspace/.build/checkouts/Chronicle/Sources/Chronicle/LogLevel.swift:11:8: error: no such module 'os'
9 | import OSLog
10 | #else
11 | import os
| `- error: no such module 'os'
12 | #endif
13 | import SwiftUI
[25/27] Compiling Chronicle LogOutputOptions.swift
/host/spi-builder-workspace/.build/checkouts/Chronicle/Sources/Chronicle/LogLevel.swift:11:8: error: no such module 'os'
9 | import OSLog
10 | #else
11 | import os
| `- error: no such module 'os'
12 | #endif
13 | import SwiftUI
[26/27] Compiling Chronicle Logger.swift
/host/spi-builder-workspace/.build/checkouts/Chronicle/Sources/Chronicle/LogLevel.swift:11:8: error: no such module 'os'
9 | import OSLog
10 | #else
11 | import os
| `- error: no such module 'os'
12 | #endif
13 | import SwiftUI
BUILD FAILURE 6.2 android