Build Information
Failed to build WWJavaScriptContext, reference 1.1.0 (6e5756), with Swift 6.4 for watchOS using Xcode 27.0 on 22 Sep 2026 01:15:00 UTC.
Build Command
env DEVELOPER_DIR=/Applications/Xcode-27.0.0-Release.Candidate.app xcrun xcodebuild -IDEClonedSourcePackagesDirPathOverride=$PWD/.dependencies -skipMacroValidation -skipPackagePluginValidation -derivedDataPath $PWD/.derivedData build -scheme WWJavaScriptContext -destination generic/platform=watchOSBuild Log
========================================
RunAll
========================================
Builder version: 5.1.0
Interrupt handler set up.
========================================
Checkout
========================================
Clone URL: https://github.com/William-Weng/WWJavaScriptContext.git
Reference: 1.1.0
Initialized empty Git repository in /Users/admin/builder/spi-builder-workspace/.git/
From https://github.com/William-Weng/WWJavaScriptContext
* tag 1.1.0 -> FETCH_HEAD
HEAD is now at 6e57565 - iOS 15 / Swift 5.6
Cloned https://github.com/William-Weng/WWJavaScriptContext.git
Revision (git rev-parse @):
6e575659f75d2c50be7ad25ebdae6c9d8f1b164a
SUCCESS checkout https://github.com/William-Weng/WWJavaScriptContext.git at 1.1.0
========================================
Build
========================================
Selected platform: watchOS
Swift version: 6.4
Building package at path: $PWD
https://github.com/William-Weng/WWJavaScriptContext.git
Command line invocation:
/Applications/Xcode-27.0.0-Release.Candidate.app/Contents/Developer/usr/bin/xcodebuild -IDEClonedSourcePackagesDirPathOverride=/Users/admin/builder/spi-builder-workspace/.dependencies -resolvePackageDependencies
Resolve Package Graph
Resolve Package Graph
Resolved source packages:
WWJavaScriptContext: /Users/admin/builder/spi-builder-workspace
resolved source packages: WWJavaScriptContext
2026-09-21 21:14:11.570 xcodebuild[524:2994] [MT] IDERunDestination: Supported platforms for the buildables in the current scheme is empty.
{
"dependencies" : [
],
"manifest_display_name" : "WWJavaScriptContext",
"name" : "WWJavaScriptContext",
"path" : "/Users/admin/builder/spi-builder-workspace",
"platforms" : [
{
"name" : "ios",
"version" : "15.0"
}
],
"products" : [
{
"name" : "WWJavaScriptContext",
"targets" : [
"WWJavaScriptContext"
],
"type" : {
"library" : [
"automatic"
]
}
}
],
"swift_languages_versions" : [
"5"
],
"targets" : [
{
"c99name" : "WWJavaScriptContext",
"module_type" : "SwiftTarget",
"name" : "WWJavaScriptContext",
"path" : "Sources/WWJavaScriptContext",
"product_memberships" : [
"WWJavaScriptContext"
],
"resources" : [
{
"path" : "/Users/admin/builder/spi-builder-workspace/Sources/WWJavaScriptContext/Privacy",
"rule" : {
"copy" : {
}
}
}
],
"sources" : [
"JavaScriptContext.swift"
],
"type" : "library"
}
],
"tools_version" : "5.7"
}
{
"workspace" : {
"name" : "WWJavaScriptContext",
"schemes" : [
"WWJavaScriptContext"
]
}
}
2026-09-21 21:14:52.527 xcodebuild[622:3925] [MT] IDERunDestination: Supported platforms for the buildables in the current scheme is empty.
Running build ...
env DEVELOPER_DIR=/Applications/Xcode-27.0.0-Release.Candidate.app xcrun xcodebuild -IDEClonedSourcePackagesDirPathOverride=$PWD/.dependencies -skipMacroValidation -skipPackagePluginValidation -derivedDataPath $PWD/.derivedData build -scheme WWJavaScriptContext -destination generic/platform=watchOS
Command line invocation:
/Applications/Xcode-27.0.0-Release.Candidate.app/Contents/Developer/usr/bin/xcodebuild -IDEClonedSourcePackagesDirPathOverride=/Users/admin/builder/spi-builder-workspace/.dependencies -skipMacroValidation -skipPackagePluginValidation -derivedDataPath /Users/admin/builder/spi-builder-workspace/.derivedData build -scheme WWJavaScriptContext -destination generic/platform=watchOS
Resolve Package Graph
Resolved source packages:
WWJavaScriptContext: /Users/admin/builder/spi-builder-workspace
ComputePackagePrebuildTargetDependencyGraph
Prepare packages
CreateBuildRequest
SendProjectDescription
CreateBuildOperation
ComputeTargetDependencyGraph
note: Building targets in dependency order
note: Target dependency graph (3 targets)
Target 'WWJavaScriptContext-product' in project 'WWJavaScriptContext'
➜ Explicit dependency on target 'WWJavaScriptContext' in project 'WWJavaScriptContext'
➜ Explicit dependency on target 'WWJavaScriptContext_WWJavaScriptContext' in project 'WWJavaScriptContext'
Target 'WWJavaScriptContext' in project 'WWJavaScriptContext'
➜ Explicit dependency on target 'WWJavaScriptContext_WWJavaScriptContext' in project 'WWJavaScriptContext'
Target 'WWJavaScriptContext_WWJavaScriptContext' in project 'WWJavaScriptContext' (no dependencies)
GatherProvisioningInputs
CreateBuildDescription
ExecuteExternalTool /Applications/Xcode-27.0.0-Release.Candidate.app/Contents/Developer/Toolchains/XcodeDefault.xctoolchain/usr/bin/clang -v -E -dM -isysroot /Applications/Xcode-27.0.0-Release.Candidate.app/Contents/Developer/Platforms/WatchOS.platform/Developer/SDKs/WatchOS27.0.sdk -x c -c /dev/null
ExecuteExternalTool /Applications/Xcode-27.0.0-Release.Candidate.app/Contents/Developer/Toolchains/XcodeDefault.xctoolchain/usr/bin/swiftc --version
ExecuteExternalTool /Applications/Xcode-27.0.0-Release.Candidate.app/Contents/Developer/Toolchains/XcodeDefault.xctoolchain/usr/bin/ld -version_details
Build description signature: f1142a87773b3334111a66ba74a3cccd
Build description path: /Users/admin/builder/spi-builder-workspace/.derivedData/Build/Intermediates.noindex/XCBuildData/f1142a87773b3334111a66ba74a3cccd.xcbuilddata
CreateBuildDirectory /Users/admin/builder/spi-builder-workspace/.derivedData/ModuleCache.noindex
cd /Users/admin/builder/spi-builder-workspace/.swiftpm/xcode
builtin-create-build-directory /Users/admin/builder/spi-builder-workspace/.derivedData/ModuleCache.noindex
CreateBuildDirectory /Users/admin/builder/spi-builder-workspace/.derivedData/SDKExplicitPrecompiledModules
cd /Users/admin/builder/spi-builder-workspace/.swiftpm/xcode
builtin-create-build-directory /Users/admin/builder/spi-builder-workspace/.derivedData/SDKExplicitPrecompiledModules
CreateBuildDirectory /Users/admin/builder/spi-builder-workspace/.derivedData/CompilationCache.noindex
cd /Users/admin/builder/spi-builder-workspace/.swiftpm/xcode
builtin-create-build-directory /Users/admin/builder/spi-builder-workspace/.derivedData/CompilationCache.noindex
CreateBuildDirectory /Users/admin/builder/spi-builder-workspace/.derivedData/Build/Products
cd /Users/admin/builder/spi-builder-workspace/.swiftpm/xcode
builtin-create-build-directory /Users/admin/builder/spi-builder-workspace/.derivedData/Build/Products
CreateBuildDirectory /Users/admin/builder/spi-builder-workspace/.derivedData/Build/Intermediates.noindex
cd /Users/admin/builder/spi-builder-workspace/.swiftpm/xcode
builtin-create-build-directory /Users/admin/builder/spi-builder-workspace/.derivedData/Build/Intermediates.noindex
ClangStatCache /Applications/Xcode-27.0.0-Release.Candidate.app/Contents/Developer/Toolchains/XcodeDefault.xctoolchain/usr/bin/clang-stat-cache /Applications/Xcode-27.0.0-Release.Candidate.app/Contents/Developer/Platforms/WatchOS.platform/Developer/SDKs/WatchOS27.0.sdk /Users/admin/builder/spi-builder-workspace/.derivedData/SDKStatCaches.noindex/watchos27.0-24R360-e829b21a6f8c9b70876ba0858053c04477534ef55a1706bf4c1112bbb242f0a2.sdkstatcache
cd /Users/admin/builder/spi-builder-workspace/.swiftpm/xcode
/Applications/Xcode-27.0.0-Release.Candidate.app/Contents/Developer/Toolchains/XcodeDefault.xctoolchain/usr/bin/clang-stat-cache /Applications/Xcode-27.0.0-Release.Candidate.app/Contents/Developer/Platforms/WatchOS.platform/Developer/SDKs/WatchOS27.0.sdk -o /Users/admin/builder/spi-builder-workspace/.derivedData/SDKStatCaches.noindex/watchos27.0-24R360-e829b21a6f8c9b70876ba0858053c04477534ef55a1706bf4c1112bbb242f0a2.sdkstatcache
CreateBuildDirectory /Users/admin/builder/spi-builder-workspace/.derivedData/Build/Products/Debug-watchos
cd /Users/admin/builder/spi-builder-workspace/.swiftpm/xcode
builtin-create-build-directory /Users/admin/builder/spi-builder-workspace/.derivedData/Build/Products/Debug-watchos
CreateBuildDirectory /Users/admin/builder/spi-builder-workspace/.derivedData/Build/Intermediates.noindex/SwiftExplicitPrecompiledModules
cd /Users/admin/builder/spi-builder-workspace/.swiftpm/xcode
builtin-create-build-directory /Users/admin/builder/spi-builder-workspace/.derivedData/Build/Intermediates.noindex/SwiftExplicitPrecompiledModules
CreateBuildDirectory /Users/admin/builder/spi-builder-workspace/.derivedData/Build/Intermediates.noindex/PrecompiledHeaders
cd /Users/admin/builder/spi-builder-workspace/.swiftpm/xcode
builtin-create-build-directory /Users/admin/builder/spi-builder-workspace/.derivedData/Build/Intermediates.noindex/PrecompiledHeaders
CreateBuildDirectory /Users/admin/builder/spi-builder-workspace/.derivedData/Build/Intermediates.noindex/ExplicitPrecompiledModules
cd /Users/admin/builder/spi-builder-workspace/.swiftpm/xcode
builtin-create-build-directory /Users/admin/builder/spi-builder-workspace/.derivedData/Build/Intermediates.noindex/ExplicitPrecompiledModules
CreateBuildDirectory /Users/admin/builder/spi-builder-workspace/.derivedData/Build/Intermediates.noindex/EagerLinkingTBDs/Debug-watchos
cd /Users/admin/builder/spi-builder-workspace/.swiftpm/xcode
builtin-create-build-directory /Users/admin/builder/spi-builder-workspace/.derivedData/Build/Intermediates.noindex/EagerLinkingTBDs/Debug-watchos
CreateBuildDirectory /Users/admin/builder/spi-builder-workspace/.derivedData/Build/Products/Debug-watchos/PackageFrameworks
cd /Users/admin/builder/spi-builder-workspace/.swiftpm/xcode
builtin-create-build-directory /Users/admin/builder/spi-builder-workspace/.derivedData/Build/Products/Debug-watchos/PackageFrameworks
MkDir /Users/admin/builder/spi-builder-workspace/.derivedData/Build/Products/Debug-watchos/WWJavaScriptContext_WWJavaScriptContext.bundle (in target 'WWJavaScriptContext_WWJavaScriptContext' from project 'WWJavaScriptContext')
cd /Users/admin/builder/spi-builder-workspace
/bin/mkdir -p /Users/admin/builder/spi-builder-workspace/.derivedData/Build/Products/Debug-watchos/WWJavaScriptContext_WWJavaScriptContext.bundle
WriteAuxiliaryFile /Users/admin/builder/spi-builder-workspace/.derivedData/Build/Intermediates.noindex/WWJavaScriptContext.build/Debug-watchos/WWJavaScriptContext_WWJavaScriptContext-b.build/WWJavaScriptContext_WWJavaScriptContext.DependencyMetadataFileList (in target 'WWJavaScriptContext_WWJavaScriptContext' from project 'WWJavaScriptContext')
cd /Users/admin/builder/spi-builder-workspace
write-file /Users/admin/builder/spi-builder-workspace/.derivedData/Build/Intermediates.noindex/WWJavaScriptContext.build/Debug-watchos/WWJavaScriptContext_WWJavaScriptContext-b.build/WWJavaScriptContext_WWJavaScriptContext.DependencyMetadataFileList
WriteAuxiliaryFile /Users/admin/builder/spi-builder-workspace/.derivedData/Build/Intermediates.noindex/WWJavaScriptContext.build/Debug-watchos/WWJavaScriptContext_WWJavaScriptContext-b.build/WWJavaScriptContext_WWJavaScriptContext.DependencyStaticMetadataFileList (in target 'WWJavaScriptContext_WWJavaScriptContext' from project 'WWJavaScriptContext')
cd /Users/admin/builder/spi-builder-workspace
write-file /Users/admin/builder/spi-builder-workspace/.derivedData/Build/Intermediates.noindex/WWJavaScriptContext.build/Debug-watchos/WWJavaScriptContext_WWJavaScriptContext-b.build/WWJavaScriptContext_WWJavaScriptContext.DependencyStaticMetadataFileList
WriteAuxiliaryFile /Users/admin/builder/spi-builder-workspace/.derivedData/Build/Intermediates.noindex/WWJavaScriptContext.build/Debug-watchos/WWJavaScriptContext_WWJavaScriptContext-b.build/empty-WWJavaScriptContext_WWJavaScriptContext.plist (in target 'WWJavaScriptContext_WWJavaScriptContext' from project 'WWJavaScriptContext')
cd /Users/admin/builder/spi-builder-workspace
write-file /Users/admin/builder/spi-builder-workspace/.derivedData/Build/Intermediates.noindex/WWJavaScriptContext.build/Debug-watchos/WWJavaScriptContext_WWJavaScriptContext-b.build/empty-WWJavaScriptContext_WWJavaScriptContext.plist
WriteAuxiliaryFile /Users/admin/builder/spi-builder-workspace/.derivedData/Build/Intermediates.noindex/WWJavaScriptContext.build/Debug-watchos/WWJavaScriptContext-t.build/WWJavaScriptContext.modulemap (in target 'WWJavaScriptContext' from project 'WWJavaScriptContext')
cd /Users/admin/builder/spi-builder-workspace
write-file /Users/admin/builder/spi-builder-workspace/.derivedData/Build/Intermediates.noindex/WWJavaScriptContext.build/Debug-watchos/WWJavaScriptContext-t.build/WWJavaScriptContext.modulemap
WriteAuxiliaryFile /Users/admin/builder/spi-builder-workspace/.derivedData/Build/Intermediates.noindex/WWJavaScriptContext.build/Debug-watchos/WWJavaScriptContext-t.build/WWJavaScriptContext.DependencyMetadataFileList (in target 'WWJavaScriptContext' from project 'WWJavaScriptContext')
cd /Users/admin/builder/spi-builder-workspace
write-file /Users/admin/builder/spi-builder-workspace/.derivedData/Build/Intermediates.noindex/WWJavaScriptContext.build/Debug-watchos/WWJavaScriptContext-t.build/WWJavaScriptContext.DependencyMetadataFileList
WriteAuxiliaryFile /Users/admin/builder/spi-builder-workspace/.derivedData/Build/Intermediates.noindex/WWJavaScriptContext.build/Debug-watchos/WWJavaScriptContext-t.build/WWJavaScriptContext.DependencyStaticMetadataFileList (in target 'WWJavaScriptContext' from project 'WWJavaScriptContext')
cd /Users/admin/builder/spi-builder-workspace
write-file /Users/admin/builder/spi-builder-workspace/.derivedData/Build/Intermediates.noindex/WWJavaScriptContext.build/Debug-watchos/WWJavaScriptContext-t.build/WWJavaScriptContext.DependencyStaticMetadataFileList
WriteAuxiliaryFile /Users/admin/builder/spi-builder-workspace/.derivedData/Build/Intermediates.noindex/WWJavaScriptContext.build/Debug-watchos/WWJavaScriptContext-t.build/Objects-normal/arm64_32/WWJavaScriptContext.SwiftConstValuesFileList (in target 'WWJavaScriptContext' from project 'WWJavaScriptContext')
cd /Users/admin/builder/spi-builder-workspace
write-file /Users/admin/builder/spi-builder-workspace/.derivedData/Build/Intermediates.noindex/WWJavaScriptContext.build/Debug-watchos/WWJavaScriptContext-t.build/Objects-normal/arm64_32/WWJavaScriptContext.SwiftConstValuesFileList
WriteAuxiliaryFile /Users/admin/builder/spi-builder-workspace/.derivedData/Build/Intermediates.noindex/WWJavaScriptContext.build/Debug-watchos/WWJavaScriptContext-t.build/Objects-normal/arm64_32/WWJavaScriptContext.SwiftFileList (in target 'WWJavaScriptContext' from project 'WWJavaScriptContext')
cd /Users/admin/builder/spi-builder-workspace
write-file /Users/admin/builder/spi-builder-workspace/.derivedData/Build/Intermediates.noindex/WWJavaScriptContext.build/Debug-watchos/WWJavaScriptContext-t.build/Objects-normal/arm64_32/WWJavaScriptContext.SwiftFileList
WriteAuxiliaryFile /Users/admin/builder/spi-builder-workspace/.derivedData/Build/Intermediates.noindex/WWJavaScriptContext.build/Debug-watchos/WWJavaScriptContext-t.build/Objects-normal/arm64_32/WWJavaScriptContext_const_extract_protocols.json (in target 'WWJavaScriptContext' from project 'WWJavaScriptContext')
cd /Users/admin/builder/spi-builder-workspace
write-file /Users/admin/builder/spi-builder-workspace/.derivedData/Build/Intermediates.noindex/WWJavaScriptContext.build/Debug-watchos/WWJavaScriptContext-t.build/Objects-normal/arm64_32/WWJavaScriptContext_const_extract_protocols.json
WriteAuxiliaryFile /Users/admin/builder/spi-builder-workspace/.derivedData/Build/Intermediates.noindex/WWJavaScriptContext.build/Debug-watchos/WWJavaScriptContext-t.build/Objects-normal/arm64_32/WWJavaScriptContext.LinkFileList (in target 'WWJavaScriptContext' from project 'WWJavaScriptContext')
cd /Users/admin/builder/spi-builder-workspace
write-file /Users/admin/builder/spi-builder-workspace/.derivedData/Build/Intermediates.noindex/WWJavaScriptContext.build/Debug-watchos/WWJavaScriptContext-t.build/Objects-normal/arm64_32/WWJavaScriptContext.LinkFileList
WriteAuxiliaryFile /Users/admin/builder/spi-builder-workspace/.derivedData/Build/Intermediates.noindex/WWJavaScriptContext.build/Debug-watchos/WWJavaScriptContext-t.build/Objects-normal/arm64_32/WWJavaScriptContext-OutputFileMap.json (in target 'WWJavaScriptContext' from project 'WWJavaScriptContext')
cd /Users/admin/builder/spi-builder-workspace
write-file /Users/admin/builder/spi-builder-workspace/.derivedData/Build/Intermediates.noindex/WWJavaScriptContext.build/Debug-watchos/WWJavaScriptContext-t.build/Objects-normal/arm64_32/WWJavaScriptContext-OutputFileMap.json
WriteAuxiliaryFile /Users/admin/builder/spi-builder-workspace/.derivedData/Build/Intermediates.noindex/WWJavaScriptContext.build/Debug-watchos/WWJavaScriptContext-t.build/Objects-normal/arm64/WWJavaScriptContext.SwiftFileList (in target 'WWJavaScriptContext' from project 'WWJavaScriptContext')
cd /Users/admin/builder/spi-builder-workspace
write-file /Users/admin/builder/spi-builder-workspace/.derivedData/Build/Intermediates.noindex/WWJavaScriptContext.build/Debug-watchos/WWJavaScriptContext-t.build/Objects-normal/arm64/WWJavaScriptContext.SwiftFileList
WriteAuxiliaryFile /Users/admin/builder/spi-builder-workspace/.derivedData/Build/Intermediates.noindex/WWJavaScriptContext.build/Debug-watchos/WWJavaScriptContext-t.build/Objects-normal/arm64/WWJavaScriptContext.SwiftConstValuesFileList (in target 'WWJavaScriptContext' from project 'WWJavaScriptContext')
cd /Users/admin/builder/spi-builder-workspace
write-file /Users/admin/builder/spi-builder-workspace/.derivedData/Build/Intermediates.noindex/WWJavaScriptContext.build/Debug-watchos/WWJavaScriptContext-t.build/Objects-normal/arm64/WWJavaScriptContext.SwiftConstValuesFileList
WriteAuxiliaryFile /Users/admin/builder/spi-builder-workspace/.derivedData/Build/Intermediates.noindex/WWJavaScriptContext.build/Debug-watchos/WWJavaScriptContext-t.build/Objects-normal/arm64/WWJavaScriptContext_const_extract_protocols.json (in target 'WWJavaScriptContext' from project 'WWJavaScriptContext')
cd /Users/admin/builder/spi-builder-workspace
write-file /Users/admin/builder/spi-builder-workspace/.derivedData/Build/Intermediates.noindex/WWJavaScriptContext.build/Debug-watchos/WWJavaScriptContext-t.build/Objects-normal/arm64/WWJavaScriptContext_const_extract_protocols.json
WriteAuxiliaryFile /Users/admin/builder/spi-builder-workspace/.derivedData/Build/Intermediates.noindex/WWJavaScriptContext.build/Debug-watchos/WWJavaScriptContext-t.build/Objects-normal/arm64/WWJavaScriptContext.LinkFileList (in target 'WWJavaScriptContext' from project 'WWJavaScriptContext')
cd /Users/admin/builder/spi-builder-workspace
write-file /Users/admin/builder/spi-builder-workspace/.derivedData/Build/Intermediates.noindex/WWJavaScriptContext.build/Debug-watchos/WWJavaScriptContext-t.build/Objects-normal/arm64/WWJavaScriptContext.LinkFileList
WriteAuxiliaryFile /Users/admin/builder/spi-builder-workspace/.derivedData/Build/Intermediates.noindex/WWJavaScriptContext.build/Debug-watchos/WWJavaScriptContext-t.build/Objects-normal/arm64/WWJavaScriptContext-OutputFileMap.json (in target 'WWJavaScriptContext' from project 'WWJavaScriptContext')
cd /Users/admin/builder/spi-builder-workspace
write-file /Users/admin/builder/spi-builder-workspace/.derivedData/Build/Intermediates.noindex/WWJavaScriptContext.build/Debug-watchos/WWJavaScriptContext-t.build/Objects-normal/arm64/WWJavaScriptContext-OutputFileMap.json
Copy /Users/admin/builder/spi-builder-workspace/.derivedData/Build/Intermediates.noindex/GeneratedModuleMaps-watchos/WWJavaScriptContext.modulemap /Users/admin/builder/spi-builder-workspace/.derivedData/Build/Intermediates.noindex/WWJavaScriptContext.build/Debug-watchos/WWJavaScriptContext-t.build/WWJavaScriptContext.modulemap (in target 'WWJavaScriptContext' from project 'WWJavaScriptContext')
cd /Users/admin/builder/spi-builder-workspace
builtin-copy -exclude .DS_Store -exclude CVS -exclude .svn -exclude .git -exclude .hg -resolve-src-symlinks /Users/admin/builder/spi-builder-workspace/.derivedData/Build/Intermediates.noindex/WWJavaScriptContext.build/Debug-watchos/WWJavaScriptContext-t.build/WWJavaScriptContext.modulemap /Users/admin/builder/spi-builder-workspace/.derivedData/Build/Intermediates.noindex/GeneratedModuleMaps-watchos
WriteAuxiliaryFile /Users/admin/builder/spi-builder-workspace/.derivedData/Build/Intermediates.noindex/WWJavaScriptContext.build/Debug-watchos/WWJavaScriptContext-t.build/DerivedSources/resource_bundle_accessor.swift (in target 'WWJavaScriptContext' from project 'WWJavaScriptContext')
cd /Users/admin/builder/spi-builder-workspace
write-file /Users/admin/builder/spi-builder-workspace/.derivedData/Build/Intermediates.noindex/WWJavaScriptContext.build/Debug-watchos/WWJavaScriptContext-t.build/DerivedSources/resource_bundle_accessor.swift
ProcessInfoPlistFile /Users/admin/builder/spi-builder-workspace/.derivedData/Build/Products/Debug-watchos/WWJavaScriptContext_WWJavaScriptContext.bundle/Info.plist /Users/admin/builder/spi-builder-workspace/.derivedData/Build/Intermediates.noindex/WWJavaScriptContext.build/Debug-watchos/WWJavaScriptContext_WWJavaScriptContext-b.build/empty-WWJavaScriptContext_WWJavaScriptContext.plist (in target 'WWJavaScriptContext_WWJavaScriptContext' from project 'WWJavaScriptContext')
cd /Users/admin/builder/spi-builder-workspace
builtin-infoPlistUtility /Users/admin/builder/spi-builder-workspace/.derivedData/Build/Intermediates.noindex/WWJavaScriptContext.build/Debug-watchos/WWJavaScriptContext_WWJavaScriptContext-b.build/empty-WWJavaScriptContext_WWJavaScriptContext.plist -producttype com.apple.product-type.bundle -expandbuildsettings -format binary -platform watchos -o /Users/admin/builder/spi-builder-workspace/.derivedData/Build/Products/Debug-watchos/WWJavaScriptContext_WWJavaScriptContext.bundle/Info.plist
CpResource /Users/admin/builder/spi-builder-workspace/.derivedData/Build/Products/Debug-watchos/WWJavaScriptContext_WWJavaScriptContext.bundle/Privacy /Users/admin/builder/spi-builder-workspace/Sources/WWJavaScriptContext/Privacy (in target 'WWJavaScriptContext_WWJavaScriptContext' from project 'WWJavaScriptContext')
cd /Users/admin/builder/spi-builder-workspace
builtin-copy -exclude .DS_Store -exclude CVS -exclude .svn -exclude .git -exclude .hg -resolve-src-symlinks /Users/admin/builder/spi-builder-workspace/Sources/WWJavaScriptContext/Privacy /Users/admin/builder/spi-builder-workspace/.derivedData/Build/Products/Debug-watchos/WWJavaScriptContext_WWJavaScriptContext.bundle
RegisterExecutionPolicyException /Users/admin/builder/spi-builder-workspace/.derivedData/Build/Products/Debug-watchos/WWJavaScriptContext_WWJavaScriptContext.bundle (in target 'WWJavaScriptContext_WWJavaScriptContext' from project 'WWJavaScriptContext')
cd /Users/admin/builder/spi-builder-workspace
builtin-RegisterExecutionPolicyException /Users/admin/builder/spi-builder-workspace/.derivedData/Build/Products/Debug-watchos/WWJavaScriptContext_WWJavaScriptContext.bundle
Touch /Users/admin/builder/spi-builder-workspace/.derivedData/Build/Products/Debug-watchos/WWJavaScriptContext_WWJavaScriptContext.bundle (in target 'WWJavaScriptContext_WWJavaScriptContext' from project 'WWJavaScriptContext')
cd /Users/admin/builder/spi-builder-workspace
/usr/bin/touch -c /Users/admin/builder/spi-builder-workspace/.derivedData/Build/Products/Debug-watchos/WWJavaScriptContext_WWJavaScriptContext.bundle
SwiftDriver WWJavaScriptContext normal arm64_32 com.apple.xcode.tools.swift.compiler (in target 'WWJavaScriptContext' from project 'WWJavaScriptContext')
cd /Users/admin/builder/spi-builder-workspace/.swiftpm/xcode
builtin-SwiftDriver -- /Applications/Xcode-27.0.0-Release.Candidate.app/Contents/Developer/Toolchains/XcodeDefault.xctoolchain/usr/bin/swiftc -parse-as-library -module-name WWJavaScriptContext -Onone @/Users/admin/builder/spi-builder-workspace/.derivedData/Build/Intermediates.noindex/WWJavaScriptContext.build/Debug-watchos/WWJavaScriptContext-t.build/Objects-normal/arm64_32/WWJavaScriptContext.SwiftFileList -DSWIFT_PACKAGE -DDEBUG -DSWIFT_MODULE_RESOURCE_BUNDLE_AVAILABLE -DXcode -plugin-path /Applications/Xcode-27.0.0-Release.Candidate.app/Contents/Developer/Toolchains/XcodeDefault.xctoolchain/usr/lib/swift/host/plugins/testing -enable-experimental-feature DebugDescriptionMacro -sdk /Applications/Xcode-27.0.0-Release.Candidate.app/Contents/Developer/Platforms/WatchOS.platform/Developer/SDKs/WatchOS27.0.sdk -target arm64_32-apple-watchos9.0 -g -module-cache-path /Users/admin/builder/spi-builder-workspace/.derivedData/ModuleCache.noindex -Xfrontend -serialize-debugging-options -enable-testing -index-store-path /Users/admin/builder/spi-builder-workspace/.derivedData/Index.noindex/DataStore -Xcc -D_LIBCPP_HARDENING_MODE\=_LIBCPP_HARDENING_MODE_DEBUG -swift-version 5 -I /Users/admin/builder/spi-builder-workspace/.derivedData/Build/Products/Debug-watchos -Isystem /Applications/Xcode-27.0.0-Release.Candidate.app/Contents/Developer/Platforms/WatchOS.platform/Developer/usr/lib -F /Users/admin/builder/spi-builder-workspace/.derivedData/Build/Products/Debug-watchos -F /Applications/Xcode-27.0.0-Release.Candidate.app/Contents/Developer/Platforms/WatchOS.platform/Developer/Library/Frameworks -F /Applications/Xcode-27.0.0-Release.Candidate.app/Contents/Developer/Platforms/WatchOS.platform/Developer/SDKs/WatchOS27.0.sdk/Developer/Library/Frameworks -c -j10 -enable-batch-mode -incremental -Xcc -ivfsstatcache -Xcc /Users/admin/builder/spi-builder-workspace/.derivedData/SDKStatCaches.noindex/watchos27.0-24R360-e829b21a6f8c9b70876ba0858053c04477534ef55a1706bf4c1112bbb242f0a2.sdkstatcache -output-file-map /Users/admin/builder/spi-builder-workspace/.derivedData/Build/Intermediates.noindex/WWJavaScriptContext.build/Debug-watchos/WWJavaScriptContext-t.build/Objects-normal/arm64_32/WWJavaScriptContext-OutputFileMap.json -save-temps -no-color-diagnostics -explicit-module-build -module-cache-path /Users/admin/builder/spi-builder-workspace/.derivedData/Build/Intermediates.noindex/SwiftExplicitPrecompiledModules -clang-scanner-module-cache-path /Users/admin/builder/spi-builder-workspace/.derivedData/ModuleCache.noindex -sdk-module-cache-path /Users/admin/builder/spi-builder-workspace/.derivedData/SDKExplicitPrecompiledModules -emit-dependencies -emit-module -emit-module-path /Users/admin/builder/spi-builder-workspace/.derivedData/Build/Intermediates.noindex/WWJavaScriptContext.build/Debug-watchos/WWJavaScriptContext-t.build/Objects-normal/arm64_32/WWJavaScriptContext.swiftmodule -serialize-diagnostics -dependency-scan-serialize-diagnostics-path /Users/admin/builder/spi-builder-workspace/.derivedData/Build/Intermediates.noindex/WWJavaScriptContext.build/Debug-watchos/WWJavaScriptContext-t.build/Objects-normal/arm64_32/WWJavaScriptContext-dependency-scan.dia -validate-clang-modules-once -clang-build-session-file /Users/admin/builder/spi-builder-workspace/.derivedData/ModuleCache.noindex/Session.modulevalidation -Xcc -fmodules-prune-interval\=86400 -Xcc -fmodules-prune-after\=345600 -emit-const-values -const-gather-protocols-list /Users/admin/builder/spi-builder-workspace/.derivedData/Build/Intermediates.noindex/WWJavaScriptContext.build/Debug-watchos/WWJavaScriptContext-t.build/Objects-normal/arm64_32/WWJavaScriptContext_const_extract_protocols.json -Xcc -I/Users/admin/builder/spi-builder-workspace/.derivedData/Build/Products/Debug-watchos/include -Xcc -I/Users/admin/builder/spi-builder-workspace/.derivedData/Build/Intermediates.noindex/WWJavaScriptContext.build/Debug-watchos/WWJavaScriptContext-t.build/DerivedSources-normal/arm64_32 -Xcc -I/Users/admin/builder/spi-builder-workspace/.derivedData/Build/Intermediates.noindex/WWJavaScriptContext.build/Debug-watchos/WWJavaScriptContext-t.build/DerivedSources/arm64_32 -Xcc -I/Users/admin/builder/spi-builder-workspace/.derivedData/Build/Intermediates.noindex/WWJavaScriptContext.build/Debug-watchos/WWJavaScriptContext-t.build/DerivedSources -Xcc -DSWIFT_PACKAGE -Xcc -DDEBUG\=1 -emit-objc-header -emit-objc-header-path /Users/admin/builder/spi-builder-workspace/.derivedData/Build/Intermediates.noindex/WWJavaScriptContext.build/Debug-watchos/WWJavaScriptContext-t.build/Objects-normal/arm64_32/WWJavaScriptContext-Swift.h -working-directory /Users/admin/builder/spi-builder-workspace/.swiftpm/xcode -experimental-emit-module-separately -disable-cmo
/Users/admin/builder/spi-builder-workspace/Sources/WWJavaScriptContext/JavaScriptContext.swift:9:8: error: Unable to resolve module dependency: 'JavaScriptCore' (in target 'WWJavaScriptContext' from project 'WWJavaScriptContext')
note: A dependency of main module 'WWJavaScriptContext'
/Users/admin/builder/spi-builder-workspace/Sources/WWJavaScriptContext/JavaScriptContext.swift:9:8: note: A dependency of main module 'WWJavaScriptContext'
import JavaScriptCore
^ (in target 'WWJavaScriptContext' from project 'WWJavaScriptContext')
SwiftDriver WWJavaScriptContext normal arm64 com.apple.xcode.tools.swift.compiler (in target 'WWJavaScriptContext' from project 'WWJavaScriptContext')
cd /Users/admin/builder/spi-builder-workspace/.swiftpm/xcode
builtin-SwiftDriver -- /Applications/Xcode-27.0.0-Release.Candidate.app/Contents/Developer/Toolchains/XcodeDefault.xctoolchain/usr/bin/swiftc -parse-as-library -module-name WWJavaScriptContext -Onone @/Users/admin/builder/spi-builder-workspace/.derivedData/Build/Intermediates.noindex/WWJavaScriptContext.build/Debug-watchos/WWJavaScriptContext-t.build/Objects-normal/arm64/WWJavaScriptContext.SwiftFileList -DSWIFT_PACKAGE -DDEBUG -DSWIFT_MODULE_RESOURCE_BUNDLE_AVAILABLE -DXcode -plugin-path /Applications/Xcode-27.0.0-Release.Candidate.app/Contents/Developer/Toolchains/XcodeDefault.xctoolchain/usr/lib/swift/host/plugins/testing -enable-experimental-feature DebugDescriptionMacro -sdk /Applications/Xcode-27.0.0-Release.Candidate.app/Contents/Developer/Platforms/WatchOS.platform/Developer/SDKs/WatchOS27.0.sdk -target arm64-apple-watchos9.0 -g -module-cache-path /Users/admin/builder/spi-builder-workspace/.derivedData/ModuleCache.noindex -Xfrontend -serialize-debugging-options -enable-testing -index-store-path /Users/admin/builder/spi-builder-workspace/.derivedData/Index.noindex/DataStore -Xcc -D_LIBCPP_HARDENING_MODE\=_LIBCPP_HARDENING_MODE_DEBUG -swift-version 5 -I /Users/admin/builder/spi-builder-workspace/.derivedData/Build/Products/Debug-watchos -Isystem /Applications/Xcode-27.0.0-Release.Candidate.app/Contents/Developer/Platforms/WatchOS.platform/Developer/usr/lib -F /Users/admin/builder/spi-builder-workspace/.derivedData/Build/Products/Debug-watchos -F /Applications/Xcode-27.0.0-Release.Candidate.app/Contents/Developer/Platforms/WatchOS.platform/Developer/Library/Frameworks -F /Applications/Xcode-27.0.0-Release.Candidate.app/Contents/Developer/Platforms/WatchOS.platform/Developer/SDKs/WatchOS27.0.sdk/Developer/Library/Frameworks -c -j10 -enable-batch-mode -incremental -Xcc -ivfsstatcache -Xcc /Users/admin/builder/spi-builder-workspace/.derivedData/SDKStatCaches.noindex/watchos27.0-24R360-e829b21a6f8c9b70876ba0858053c04477534ef55a1706bf4c1112bbb242f0a2.sdkstatcache -output-file-map /Users/admin/builder/spi-builder-workspace/.derivedData/Build/Intermediates.noindex/WWJavaScriptContext.build/Debug-watchos/WWJavaScriptContext-t.build/Objects-normal/arm64/WWJavaScriptContext-OutputFileMap.json -save-temps -no-color-diagnostics -explicit-module-build -module-cache-path /Users/admin/builder/spi-builder-workspace/.derivedData/Build/Intermediates.noindex/SwiftExplicitPrecompiledModules -clang-scanner-module-cache-path /Users/admin/builder/spi-builder-workspace/.derivedData/ModuleCache.noindex -sdk-module-cache-path /Users/admin/builder/spi-builder-workspace/.derivedData/SDKExplicitPrecompiledModules -emit-dependencies -emit-module -emit-module-path /Users/admin/builder/spi-builder-workspace/.derivedData/Build/Intermediates.noindex/WWJavaScriptContext.build/Debug-watchos/WWJavaScriptContext-t.build/Objects-normal/arm64/WWJavaScriptContext.swiftmodule -serialize-diagnostics -dependency-scan-serialize-diagnostics-path /Users/admin/builder/spi-builder-workspace/.derivedData/Build/Intermediates.noindex/WWJavaScriptContext.build/Debug-watchos/WWJavaScriptContext-t.build/Objects-normal/arm64/WWJavaScriptContext-dependency-scan.dia -validate-clang-modules-once -clang-build-session-file /Users/admin/builder/spi-builder-workspace/.derivedData/ModuleCache.noindex/Session.modulevalidation -Xcc -fmodules-prune-interval\=86400 -Xcc -fmodules-prune-after\=345600 -emit-const-values -const-gather-protocols-list /Users/admin/builder/spi-builder-workspace/.derivedData/Build/Intermediates.noindex/WWJavaScriptContext.build/Debug-watchos/WWJavaScriptContext-t.build/Objects-normal/arm64/WWJavaScriptContext_const_extract_protocols.json -Xcc -I/Users/admin/builder/spi-builder-workspace/.derivedData/Build/Products/Debug-watchos/include -Xcc -I/Users/admin/builder/spi-builder-workspace/.derivedData/Build/Intermediates.noindex/WWJavaScriptContext.build/Debug-watchos/WWJavaScriptContext-t.build/DerivedSources-normal/arm64 -Xcc -I/Users/admin/builder/spi-builder-workspace/.derivedData/Build/Intermediates.noindex/WWJavaScriptContext.build/Debug-watchos/WWJavaScriptContext-t.build/DerivedSources/arm64 -Xcc -I/Users/admin/builder/spi-builder-workspace/.derivedData/Build/Intermediates.noindex/WWJavaScriptContext.build/Debug-watchos/WWJavaScriptContext-t.build/DerivedSources -Xcc -DSWIFT_PACKAGE -Xcc -DDEBUG\=1 -emit-objc-header -emit-objc-header-path /Users/admin/builder/spi-builder-workspace/.derivedData/Build/Intermediates.noindex/WWJavaScriptContext.build/Debug-watchos/WWJavaScriptContext-t.build/Objects-normal/arm64/WWJavaScriptContext-Swift.h -working-directory /Users/admin/builder/spi-builder-workspace/.swiftpm/xcode -experimental-emit-module-separately -disable-cmo
/Users/admin/builder/spi-builder-workspace/Sources/WWJavaScriptContext/JavaScriptContext.swift:9:8: error: Unable to resolve module dependency: 'JavaScriptCore' (in target 'WWJavaScriptContext' from project 'WWJavaScriptContext')
note: A dependency of main module 'WWJavaScriptContext'
/Users/admin/builder/spi-builder-workspace/Sources/WWJavaScriptContext/JavaScriptContext.swift:9:8: note: A dependency of main module 'WWJavaScriptContext'
import JavaScriptCore
^ (in target 'WWJavaScriptContext' from project 'WWJavaScriptContext')
PruneExplicitPrecompiledModules /Users/admin/builder/spi-builder-workspace/.derivedData/SDKExplicitPrecompiledModules
PruneExplicitPrecompiledModules /Users/admin/builder/spi-builder-workspace/.derivedData/Build/Intermediates.noindex/SwiftExplicitPrecompiledModules
PruneExplicitPrecompiledModules /Users/admin/builder/spi-builder-workspace/.derivedData/Build/Intermediates.noindex/ExplicitPrecompiledModules
2026-09-21 21:14:54.139 xcodebuild[655:4186] [MT] IDERunDestination: Supported platforms for the buildables in the current scheme is empty.
** BUILD FAILED **
The following build commands failed:
SwiftDriver WWJavaScriptContext normal arm64_32 com.apple.xcode.tools.swift.compiler (in target 'WWJavaScriptContext' from project 'WWJavaScriptContext')
SwiftDriver WWJavaScriptContext normal arm64 com.apple.xcode.tools.swift.compiler (in target 'WWJavaScriptContext' from project 'WWJavaScriptContext')
Building workspace WWJavaScriptContext with scheme WWJavaScriptContext
(3 failures)
Command line invocation:
/Applications/Xcode-27.0.0-Release.Candidate.app/Contents/Developer/usr/bin/xcodebuild -IDEClonedSourcePackagesDirPathOverride=/Users/admin/builder/spi-builder-workspace/.dependencies -resolvePackageDependencies
Resolve Package Graph
Resolved source packages:
WWJavaScriptContext: /Users/admin/builder/spi-builder-workspace
resolved source packages: WWJavaScriptContext
2026-09-21 21:14:57.091 xcodebuild[674:4392] [MT] IDERunDestination: Supported platforms for the buildables in the current scheme is empty.
{
"dependencies" : [
],
"manifest_display_name" : "WWJavaScriptContext",
"name" : "WWJavaScriptContext",
"path" : "/Users/admin/builder/spi-builder-workspace",
"platforms" : [
{
"name" : "ios",
"version" : "15.0"
}
],
"products" : [
{
"name" : "WWJavaScriptContext",
"targets" : [
"WWJavaScriptContext"
],
"type" : {
"library" : [
"automatic"
]
}
}
],
"swift_languages_versions" : [
"5"
],
"targets" : [
{
"c99name" : "WWJavaScriptContext",
"module_type" : "SwiftTarget",
"name" : "WWJavaScriptContext",
"path" : "Sources/WWJavaScriptContext",
"product_memberships" : [
"WWJavaScriptContext"
],
"resources" : [
{
"path" : "/Users/admin/builder/spi-builder-workspace/Sources/WWJavaScriptContext/Privacy",
"rule" : {
"copy" : {
}
}
}
],
"sources" : [
"JavaScriptContext.swift"
],
"type" : "library"
}
],
"tools_version" : "5.7"
}
{
"workspace" : {
"name" : "WWJavaScriptContext",
"schemes" : [
"WWJavaScriptContext"
]
}
}
2026-09-21 21:14:58.353 xcodebuild[682:4451] [MT] IDERunDestination: Supported platforms for the buildables in the current scheme is empty.
Running build ...
env DEVELOPER_DIR=/Applications/Xcode-27.0.0-Release.Candidate.app xcrun xcodebuild -IDEClonedSourcePackagesDirPathOverride=$PWD/.dependencies -skipMacroValidation -skipPackagePluginValidation -derivedDataPath $PWD/.derivedData build -scheme WWJavaScriptContext -destination generic/platform=watchOS
Command line invocation:
/Applications/Xcode-27.0.0-Release.Candidate.app/Contents/Developer/usr/bin/xcodebuild -IDEClonedSourcePackagesDirPathOverride=/Users/admin/builder/spi-builder-workspace/.dependencies -skipMacroValidation -skipPackagePluginValidation -derivedDataPath /Users/admin/builder/spi-builder-workspace/.derivedData build -scheme WWJavaScriptContext -destination generic/platform=watchOS
Resolve Package Graph
Resolved source packages:
WWJavaScriptContext: /Users/admin/builder/spi-builder-workspace
ComputePackagePrebuildTargetDependencyGraph
Prepare packages
CreateBuildRequest
SendProjectDescription
CreateBuildOperation
ComputeTargetDependencyGraph
note: Building targets in dependency order
note: Target dependency graph (3 targets)
Target 'WWJavaScriptContext-product' in project 'WWJavaScriptContext'
➜ Explicit dependency on target 'WWJavaScriptContext' in project 'WWJavaScriptContext'
➜ Explicit dependency on target 'WWJavaScriptContext_WWJavaScriptContext' in project 'WWJavaScriptContext'
Target 'WWJavaScriptContext' in project 'WWJavaScriptContext'
➜ Explicit dependency on target 'WWJavaScriptContext_WWJavaScriptContext' in project 'WWJavaScriptContext'
Target 'WWJavaScriptContext_WWJavaScriptContext' in project 'WWJavaScriptContext' (no dependencies)
GatherProvisioningInputs
CreateBuildDescription
ClangStatCache /Applications/Xcode-27.0.0-Release.Candidate.app/Contents/Developer/Toolchains/XcodeDefault.xctoolchain/usr/bin/clang-stat-cache /Applications/Xcode-27.0.0-Release.Candidate.app/Contents/Developer/Platforms/WatchOS.platform/Developer/SDKs/WatchOS27.0.sdk /Users/admin/builder/spi-builder-workspace/.derivedData/SDKStatCaches.noindex/watchos27.0-24R360-e829b21a6f8c9b70876ba0858053c04477534ef55a1706bf4c1112bbb242f0a2.sdkstatcache
cd /Users/admin/builder/spi-builder-workspace/.swiftpm/xcode
/Applications/Xcode-27.0.0-Release.Candidate.app/Contents/Developer/Toolchains/XcodeDefault.xctoolchain/usr/bin/clang-stat-cache /Applications/Xcode-27.0.0-Release.Candidate.app/Contents/Developer/Platforms/WatchOS.platform/Developer/SDKs/WatchOS27.0.sdk -o /Users/admin/builder/spi-builder-workspace/.derivedData/SDKStatCaches.noindex/watchos27.0-24R360-e829b21a6f8c9b70876ba0858053c04477534ef55a1706bf4c1112bbb242f0a2.sdkstatcache
SwiftDriver WWJavaScriptContext normal arm64_32 com.apple.xcode.tools.swift.compiler (in target 'WWJavaScriptContext' from project 'WWJavaScriptContext')
cd /Users/admin/builder/spi-builder-workspace/.swiftpm/xcode
builtin-SwiftDriver -- /Applications/Xcode-27.0.0-Release.Candidate.app/Contents/Developer/Toolchains/XcodeDefault.xctoolchain/usr/bin/swiftc -parse-as-library -module-name WWJavaScriptContext -Onone @/Users/admin/builder/spi-builder-workspace/.derivedData/Build/Intermediates.noindex/WWJavaScriptContext.build/Debug-watchos/WWJavaScriptContext-t.build/Objects-normal/arm64_32/WWJavaScriptContext.SwiftFileList -DSWIFT_PACKAGE -DDEBUG -DSWIFT_MODULE_RESOURCE_BUNDLE_AVAILABLE -DXcode -plugin-path /Applications/Xcode-27.0.0-Release.Candidate.app/Contents/Developer/Toolchains/XcodeDefault.xctoolchain/usr/lib/swift/host/plugins/testing -enable-experimental-feature DebugDescriptionMacro -sdk /Applications/Xcode-27.0.0-Release.Candidate.app/Contents/Developer/Platforms/WatchOS.platform/Developer/SDKs/WatchOS27.0.sdk -target arm64_32-apple-watchos9.0 -g -module-cache-path /Users/admin/builder/spi-builder-workspace/.derivedData/ModuleCache.noindex -Xfrontend -serialize-debugging-options -enable-testing -index-store-path /Users/admin/builder/spi-builder-workspace/.derivedData/Index.noindex/DataStore -Xcc -D_LIBCPP_HARDENING_MODE\=_LIBCPP_HARDENING_MODE_DEBUG -swift-version 5 -I /Users/admin/builder/spi-builder-workspace/.derivedData/Build/Products/Debug-watchos -Isystem /Applications/Xcode-27.0.0-Release.Candidate.app/Contents/Developer/Platforms/WatchOS.platform/Developer/usr/lib -F /Users/admin/builder/spi-builder-workspace/.derivedData/Build/Products/Debug-watchos -F /Applications/Xcode-27.0.0-Release.Candidate.app/Contents/Developer/Platforms/WatchOS.platform/Developer/Library/Frameworks -F /Applications/Xcode-27.0.0-Release.Candidate.app/Contents/Developer/Platforms/WatchOS.platform/Developer/SDKs/WatchOS27.0.sdk/Developer/Library/Frameworks -c -j10 -enable-batch-mode -incremental -Xcc -ivfsstatcache -Xcc /Users/admin/builder/spi-builder-workspace/.derivedData/SDKStatCaches.noindex/watchos27.0-24R360-e829b21a6f8c9b70876ba0858053c04477534ef55a1706bf4c1112bbb242f0a2.sdkstatcache -output-file-map /Users/admin/builder/spi-builder-workspace/.derivedData/Build/Intermediates.noindex/WWJavaScriptContext.build/Debug-watchos/WWJavaScriptContext-t.build/Objects-normal/arm64_32/WWJavaScriptContext-OutputFileMap.json -save-temps -no-color-diagnostics -explicit-module-build -module-cache-path /Users/admin/builder/spi-builder-workspace/.derivedData/Build/Intermediates.noindex/SwiftExplicitPrecompiledModules -clang-scanner-module-cache-path /Users/admin/builder/spi-builder-workspace/.derivedData/ModuleCache.noindex -sdk-module-cache-path /Users/admin/builder/spi-builder-workspace/.derivedData/SDKExplicitPrecompiledModules -emit-dependencies -emit-module -emit-module-path /Users/admin/builder/spi-builder-workspace/.derivedData/Build/Intermediates.noindex/WWJavaScriptContext.build/Debug-watchos/WWJavaScriptContext-t.build/Objects-normal/arm64_32/WWJavaScriptContext.swiftmodule -serialize-diagnostics -dependency-scan-serialize-diagnostics-path /Users/admin/builder/spi-builder-workspace/.derivedData/Build/Intermediates.noindex/WWJavaScriptContext.build/Debug-watchos/WWJavaScriptContext-t.build/Objects-normal/arm64_32/WWJavaScriptContext-dependency-scan.dia -validate-clang-modules-once -clang-build-session-file /Users/admin/builder/spi-builder-workspace/.derivedData/ModuleCache.noindex/Session.modulevalidation -Xcc -fmodules-prune-interval\=86400 -Xcc -fmodules-prune-after\=345600 -emit-const-values -const-gather-protocols-list /Users/admin/builder/spi-builder-workspace/.derivedData/Build/Intermediates.noindex/WWJavaScriptContext.build/Debug-watchos/WWJavaScriptContext-t.build/Objects-normal/arm64_32/WWJavaScriptContext_const_extract_protocols.json -Xcc -I/Users/admin/builder/spi-builder-workspace/.derivedData/Build/Products/Debug-watchos/include -Xcc -I/Users/admin/builder/spi-builder-workspace/.derivedData/Build/Intermediates.noindex/WWJavaScriptContext.build/Debug-watchos/WWJavaScriptContext-t.build/DerivedSources-normal/arm64_32 -Xcc -I/Users/admin/builder/spi-builder-workspace/.derivedData/Build/Intermediates.noindex/WWJavaScriptContext.build/Debug-watchos/WWJavaScriptContext-t.build/DerivedSources/arm64_32 -Xcc -I/Users/admin/builder/spi-builder-workspace/.derivedData/Build/Intermediates.noindex/WWJavaScriptContext.build/Debug-watchos/WWJavaScriptContext-t.build/DerivedSources -Xcc -DSWIFT_PACKAGE -Xcc -DDEBUG\=1 -emit-objc-header -emit-objc-header-path /Users/admin/builder/spi-builder-workspace/.derivedData/Build/Intermediates.noindex/WWJavaScriptContext.build/Debug-watchos/WWJavaScriptContext-t.build/Objects-normal/arm64_32/WWJavaScriptContext-Swift.h -working-directory /Users/admin/builder/spi-builder-workspace/.swiftpm/xcode -experimental-emit-module-separately -disable-cmo
/Users/admin/builder/spi-builder-workspace/Sources/WWJavaScriptContext/JavaScriptContext.swift:9:8: error: Unable to resolve module dependency: 'JavaScriptCore' (in target 'WWJavaScriptContext' from project 'WWJavaScriptContext')
note: A dependency of main module 'WWJavaScriptContext'
/Users/admin/builder/spi-builder-workspace/Sources/WWJavaScriptContext/JavaScriptContext.swift:9:8: note: A dependency of main module 'WWJavaScriptContext'
import JavaScriptCore
^ (in target 'WWJavaScriptContext' from project 'WWJavaScriptContext')
SwiftDriver WWJavaScriptContext normal arm64 com.apple.xcode.tools.swift.compiler (in target 'WWJavaScriptContext' from project 'WWJavaScriptContext')
cd /Users/admin/builder/spi-builder-workspace/.swiftpm/xcode
builtin-SwiftDriver -- /Applications/Xcode-27.0.0-Release.Candidate.app/Contents/Developer/Toolchains/XcodeDefault.xctoolchain/usr/bin/swiftc -parse-as-library -module-name WWJavaScriptContext -Onone @/Users/admin/builder/spi-builder-workspace/.derivedData/Build/Intermediates.noindex/WWJavaScriptContext.build/Debug-watchos/WWJavaScriptContext-t.build/Objects-normal/arm64/WWJavaScriptContext.SwiftFileList -DSWIFT_PACKAGE -DDEBUG -DSWIFT_MODULE_RESOURCE_BUNDLE_AVAILABLE -DXcode -plugin-path /Applications/Xcode-27.0.0-Release.Candidate.app/Contents/Developer/Toolchains/XcodeDefault.xctoolchain/usr/lib/swift/host/plugins/testing -enable-experimental-feature DebugDescriptionMacro -sdk /Applications/Xcode-27.0.0-Release.Candidate.app/Contents/Developer/Platforms/WatchOS.platform/Developer/SDKs/WatchOS27.0.sdk -target arm64-apple-watchos9.0 -g -module-cache-path /Users/admin/builder/spi-builder-workspace/.derivedData/ModuleCache.noindex -Xfrontend -serialize-debugging-options -enable-testing -index-store-path /Users/admin/builder/spi-builder-workspace/.derivedData/Index.noindex/DataStore -Xcc -D_LIBCPP_HARDENING_MODE\=_LIBCPP_HARDENING_MODE_DEBUG -swift-version 5 -I /Users/admin/builder/spi-builder-workspace/.derivedData/Build/Products/Debug-watchos -Isystem /Applications/Xcode-27.0.0-Release.Candidate.app/Contents/Developer/Platforms/WatchOS.platform/Developer/usr/lib -F /Users/admin/builder/spi-builder-workspace/.derivedData/Build/Products/Debug-watchos -F /Applications/Xcode-27.0.0-Release.Candidate.app/Contents/Developer/Platforms/WatchOS.platform/Developer/Library/Frameworks -F /Applications/Xcode-27.0.0-Release.Candidate.app/Contents/Developer/Platforms/WatchOS.platform/Developer/SDKs/WatchOS27.0.sdk/Developer/Library/Frameworks -c -j10 -enable-batch-mode -incremental -Xcc -ivfsstatcache -Xcc /Users/admin/builder/spi-builder-workspace/.derivedData/SDKStatCaches.noindex/watchos27.0-24R360-e829b21a6f8c9b70876ba0858053c04477534ef55a1706bf4c1112bbb242f0a2.sdkstatcache -output-file-map /Users/admin/builder/spi-builder-workspace/.derivedData/Build/Intermediates.noindex/WWJavaScriptContext.build/Debug-watchos/WWJavaScriptContext-t.build/Objects-normal/arm64/WWJavaScriptContext-OutputFileMap.json -save-temps -no-color-diagnostics -explicit-module-build -module-cache-path /Users/admin/builder/spi-builder-workspace/.derivedData/Build/Intermediates.noindex/SwiftExplicitPrecompiledModules -clang-scanner-module-cache-path /Users/admin/builder/spi-builder-workspace/.derivedData/ModuleCache.noindex -sdk-module-cache-path /Users/admin/builder/spi-builder-workspace/.derivedData/SDKExplicitPrecompiledModules -emit-dependencies -emit-module -emit-module-path /Users/admin/builder/spi-builder-workspace/.derivedData/Build/Intermediates.noindex/WWJavaScriptContext.build/Debug-watchos/WWJavaScriptContext-t.build/Objects-normal/arm64/WWJavaScriptContext.swiftmodule -serialize-diagnostics -dependency-scan-serialize-diagnostics-path /Users/admin/builder/spi-builder-workspace/.derivedData/Build/Intermediates.noindex/WWJavaScriptContext.build/Debug-watchos/WWJavaScriptContext-t.build/Objects-normal/arm64/WWJavaScriptContext-dependency-scan.dia -validate-clang-modules-once -clang-build-session-file /Users/admin/builder/spi-builder-workspace/.derivedData/ModuleCache.noindex/Session.modulevalidation -Xcc -fmodules-prune-interval\=86400 -Xcc -fmodules-prune-after\=345600 -emit-const-values -const-gather-protocols-list /Users/admin/builder/spi-builder-workspace/.derivedData/Build/Intermediates.noindex/WWJavaScriptContext.build/Debug-watchos/WWJavaScriptContext-t.build/Objects-normal/arm64/WWJavaScriptContext_const_extract_protocols.json -Xcc -I/Users/admin/builder/spi-builder-workspace/.derivedData/Build/Products/Debug-watchos/include -Xcc -I/Users/admin/builder/spi-builder-workspace/.derivedData/Build/Intermediates.noindex/WWJavaScriptContext.build/Debug-watchos/WWJavaScriptContext-t.build/DerivedSources-normal/arm64 -Xcc -I/Users/admin/builder/spi-builder-workspace/.derivedData/Build/Intermediates.noindex/WWJavaScriptContext.build/Debug-watchos/WWJavaScriptContext-t.build/DerivedSources/arm64 -Xcc -I/Users/admin/builder/spi-builder-workspace/.derivedData/Build/Intermediates.noindex/WWJavaScriptContext.build/Debug-watchos/WWJavaScriptContext-t.build/DerivedSources -Xcc -DSWIFT_PACKAGE -Xcc -DDEBUG\=1 -emit-objc-header -emit-objc-header-path /Users/admin/builder/spi-builder-workspace/.derivedData/Build/Intermediates.noindex/WWJavaScriptContext.build/Debug-watchos/WWJavaScriptContext-t.build/Objects-normal/arm64/WWJavaScriptContext-Swift.h -working-directory /Users/admin/builder/spi-builder-workspace/.swiftpm/xcode -experimental-emit-module-separately -disable-cmo
/Users/admin/builder/spi-builder-workspace/Sources/WWJavaScriptContext/JavaScriptContext.swift:9:8: error: Unable to resolve module dependency: 'JavaScriptCore' (in target 'WWJavaScriptContext' from project 'WWJavaScriptContext')
note: A dependency of main module 'WWJavaScriptContext'
/Users/admin/builder/spi-builder-workspace/Sources/WWJavaScriptContext/JavaScriptContext.swift:9:8: note: A dependency of main module 'WWJavaScriptContext'
import JavaScriptCore
^ (in target 'WWJavaScriptContext' from project 'WWJavaScriptContext')
PruneExplicitPrecompiledModules /Users/admin/builder/spi-builder-workspace/.derivedData/SDKExplicitPrecompiledModules
PruneExplicitPrecompiledModules /Users/admin/builder/spi-builder-workspace/.derivedData/Build/Intermediates.noindex/ExplicitPrecompiledModules
PruneExplicitPrecompiledModules /Users/admin/builder/spi-builder-workspace/.derivedData/Build/Intermediates.noindex/SwiftExplicitPrecompiledModules
2026-09-21 21:14:59.318 xcodebuild[683:4477] [MT] IDERunDestination: Supported platforms for the buildables in the current scheme is empty.
** BUILD FAILED **
The following build commands failed:
SwiftDriver WWJavaScriptContext normal arm64_32 com.apple.xcode.tools.swift.compiler (in target 'WWJavaScriptContext' from project 'WWJavaScriptContext')
SwiftDriver WWJavaScriptContext normal arm64 com.apple.xcode.tools.swift.compiler (in target 'WWJavaScriptContext' from project 'WWJavaScriptContext')
Building workspace WWJavaScriptContext with scheme WWJavaScriptContext
(3 failures)
BUILD FAILURE 6.4 watchOS