The Swift Package Index logo.Swift Package Index

Build Information

Failed to build Docsloth, reference 1.1.0 (2a14ce), with Swift 6.4 for visionOS using Xcode 27.0 on 23 Sep 2026 14:22:38 UTC.

Build Command

env DEVELOPER_DIR=/Applications/Xcode-27.0.0-Release.Candidate.app xcrun xcodebuild -IDEClonedSourcePackagesDirPathOverride=$PWD/.dependencies -skipMacroValidation -skipPackagePluginValidation -derivedDataPath $PWD/.derivedData build -scheme Docsloth-Package -destination generic/platform=xrOS

Build Log

SwiftDriverJobDiscovery normal arm64 Compiling DocslothLogger.swift (in target 'DocslothCore' from project 'Docsloth')
SwiftEmitModule normal arm64 Emitting\ module\ for\ DocslothMarkdownItGFMCJKFriendly (in target 'DocslothMarkdownItGFMCJKFriendly' from project 'Docsloth')
SwiftCompile normal arm64 (in target 'DocslothMarkdownItGFMCJKFriendly' from project 'Docsloth')
    cd /Users/admin/builder/spi-builder-workspace/.swiftpm/xcode

SwiftCompile normal arm64 Compiling\ MarkdownIt.swift /Users/admin/builder/spi-builder-workspace/Sources/MarkdownItGFMCJKFriendly/MarkdownIt.swift (in target 'DocslothMarkdownItGFMCJKFriendly' from project 'Docsloth')
SwiftCompile normal arm64 /Users/admin/builder/spi-builder-workspace/Sources/MarkdownItGFMCJKFriendly/MarkdownIt.swift (in target 'DocslothMarkdownItGFMCJKFriendly' from project 'Docsloth')
    cd /Users/admin/builder/spi-builder-workspace/.swiftpm/xcode
    builtin-SwiftPerFileCompile MarkdownIt.swift
SwiftDriverJobDiscovery normal arm64 Compiling JavaScriptEngine.swift (in target 'DocslothCore' from project 'Docsloth')
SwiftCompile normal arm64 Compiling\ resource_bundle_accessor.swift /Users/admin/builder/spi-builder-workspace/.derivedData/Build/Intermediates.noindex/Docsloth.build/Debug-xros/DocslothMarkdownItGFMCJKFriendly-t.build/DerivedSources/resource_bundle_accessor.swift (in target 'DocslothMarkdownItGFMCJKFriendly' from project 'Docsloth')
SwiftCompile normal arm64 /Users/admin/builder/spi-builder-workspace/.derivedData/Build/Intermediates.noindex/Docsloth.build/Debug-xros/DocslothMarkdownItGFMCJKFriendly-t.build/DerivedSources/resource_bundle_accessor.swift (in target 'DocslothMarkdownItGFMCJKFriendly' from project 'Docsloth')
    cd /Users/admin/builder/spi-builder-workspace/.swiftpm/xcode
    builtin-SwiftPerFileCompile resource_bundle_accessor.swift
SwiftDriverJobDiscovery normal arm64 Compiling MarkdownItBase.swift (in target 'DocslothMarkdownItShared' from project 'Docsloth')
SwiftDriverJobDiscovery normal arm64 Compiling DocslothHTMLConvertible.swift (in target 'DocslothCore' from project 'Docsloth')
SwiftDriver DocslothMarkdownIt normal arm64 com.apple.xcode.tools.swift.compiler (in target 'DocslothMarkdownIt' from project 'Docsloth')
    cd /Users/admin/builder/spi-builder-workspace/.swiftpm/xcode
    builtin-SwiftDriver -- /Applications/Xcode-27.0.0-Release.Candidate.app/Contents/Developer/Toolchains/XcodeDefault.xctoolchain/usr/bin/swiftc -parse-as-library -module-name DocslothMarkdownIt -Onone @/Users/admin/builder/spi-builder-workspace/.derivedData/Build/Intermediates.noindex/Docsloth.build/Debug-xros/DocslothMarkdownIt-t.build/Objects-normal/arm64/DocslothMarkdownIt.SwiftFileList -DSWIFT_PACKAGE -DDEBUG -DSWIFT_MODULE_RESOURCE_BUNDLE_AVAILABLE -DXcode -plugin-path /Applications/Xcode-27.0.0-Release.Candidate.app/Contents/Developer/Toolchains/XcodeDefault.xctoolchain/usr/lib/swift/host/plugins/testing -enable-experimental-feature DebugDescriptionMacro -sdk /Applications/Xcode-27.0.0-Release.Candidate.app/Contents/Developer/Platforms/XROS.platform/Developer/SDKs/XROS27.0.sdk -target arm64-apple-xros1.0 -g -module-cache-path /Users/admin/builder/spi-builder-workspace/.derivedData/ModuleCache.noindex -Xfrontend -serialize-debugging-options -profile-coverage-mapping -profile-generate -enable-testing -index-store-path /Users/admin/builder/spi-builder-workspace/.derivedData/Index.noindex/DataStore -Xcc -D_LIBCPP_HARDENING_MODE\=_LIBCPP_HARDENING_MODE_DEBUG -swift-version 6 -I /Users/admin/builder/spi-builder-workspace/.derivedData/Build/Products/Debug-xros -Isystem /Applications/Xcode-27.0.0-Release.Candidate.app/Contents/Developer/Platforms/XROS.platform/Developer/usr/lib -F /Users/admin/builder/spi-builder-workspace/.derivedData/Build/Products/Debug-xros/PackageFrameworks -F /Users/admin/builder/spi-builder-workspace/.derivedData/Build/Products/Debug-xros -F /Applications/Xcode-27.0.0-Release.Candidate.app/Contents/Developer/Platforms/XROS.platform/Developer/Library/Frameworks -F /Applications/Xcode-27.0.0-Release.Candidate.app/Contents/Developer/Platforms/XROS.platform/Developer/SDKs/XROS27.0.sdk/Developer/Library/Frameworks -c -j10 -enable-batch-mode -incremental -Xcc -ivfsstatcache -Xcc /Users/admin/builder/spi-builder-workspace/.derivedData/SDKStatCaches.noindex/xros27.0-24M361-e829b21a6f8c9b70876ba0858053c044735bd543db762f57723cac368afd1ce4.sdkstatcache -output-file-map /Users/admin/builder/spi-builder-workspace/.derivedData/Build/Intermediates.noindex/Docsloth.build/Debug-xros/DocslothMarkdownIt-t.build/Objects-normal/arm64/DocslothMarkdownIt-OutputFileMap.json -save-temps -no-color-diagnostics -explicit-module-build -module-cache-path /Users/admin/builder/spi-builder-workspace/.derivedData/Build/Intermediates.noindex/SwiftExplicitPrecompiledModules -clang-scanner-module-cache-path /Users/admin/builder/spi-builder-workspace/.derivedData/ModuleCache.noindex -sdk-module-cache-path /Users/admin/builder/spi-builder-workspace/.derivedData/SDKExplicitPrecompiledModules -emit-dependencies -emit-module -emit-module-path /Users/admin/builder/spi-builder-workspace/.derivedData/Build/Intermediates.noindex/Docsloth.build/Debug-xros/DocslothMarkdownIt-t.build/Objects-normal/arm64/DocslothMarkdownIt.swiftmodule -serialize-diagnostics -dependency-scan-serialize-diagnostics-path /Users/admin/builder/spi-builder-workspace/.derivedData/Build/Intermediates.noindex/Docsloth.build/Debug-xros/DocslothMarkdownIt-t.build/Objects-normal/arm64/DocslothMarkdownIt-dependency-scan.dia -validate-clang-modules-once -clang-build-session-file /Users/admin/builder/spi-builder-workspace/.derivedData/ModuleCache.noindex/Session.modulevalidation -Xcc -fmodules-prune-interval\=86400 -Xcc -fmodules-prune-after\=345600 -package-name spi_builder_workspace -emit-const-values -const-gather-protocols-list /Users/admin/builder/spi-builder-workspace/.derivedData/Build/Intermediates.noindex/Docsloth.build/Debug-xros/DocslothMarkdownIt-t.build/Objects-normal/arm64/DocslothMarkdownIt_const_extract_protocols.json -Xcc -I/Users/admin/builder/spi-builder-workspace/.derivedData/Build/Products/Debug-xros/include -Xcc -I/Users/admin/builder/spi-builder-workspace/.derivedData/Build/Intermediates.noindex/Docsloth.build/Debug-xros/DocslothMarkdownIt-t.build/DerivedSources-normal/arm64 -Xcc -I/Users/admin/builder/spi-builder-workspace/.derivedData/Build/Intermediates.noindex/Docsloth.build/Debug-xros/DocslothMarkdownIt-t.build/DerivedSources/arm64 -Xcc -I/Users/admin/builder/spi-builder-workspace/.derivedData/Build/Intermediates.noindex/Docsloth.build/Debug-xros/DocslothMarkdownIt-t.build/DerivedSources -Xcc -DSWIFT_PACKAGE -Xcc -DDEBUG\=1 -emit-objc-header -emit-objc-header-path /Users/admin/builder/spi-builder-workspace/.derivedData/Build/Intermediates.noindex/Docsloth.build/Debug-xros/DocslothMarkdownIt-t.build/Objects-normal/arm64/DocslothMarkdownIt-Swift.h -working-directory /Users/admin/builder/spi-builder-workspace/.swiftpm/xcode -experimental-emit-module-separately -disable-cmo
SwiftDriverJobDiscovery normal arm64 Compiling JSONValue.swift (in target 'DocslothCore' from project 'Docsloth')
SwiftDriver\ Compilation DocslothCore normal arm64 com.apple.xcode.tools.swift.compiler (in target 'DocslothCore' from project 'Docsloth')
    cd /Users/admin/builder/spi-builder-workspace/.swiftpm/xcode
    builtin-Swift-Compilation -- /Applications/Xcode-27.0.0-Release.Candidate.app/Contents/Developer/Toolchains/XcodeDefault.xctoolchain/usr/bin/swiftc -parse-as-library -module-name DocslothCore -Onone @/Users/admin/builder/spi-builder-workspace/.derivedData/Build/Intermediates.noindex/Docsloth.build/Debug-xros/DocslothCore-t.build/Objects-normal/arm64/DocslothCore.SwiftFileList -DSWIFT_PACKAGE -DDEBUG -DSWIFT_MODULE_RESOURCE_BUNDLE_UNAVAILABLE -DXcode -plugin-path /Applications/Xcode-27.0.0-Release.Candidate.app/Contents/Developer/Toolchains/XcodeDefault.xctoolchain/usr/lib/swift/host/plugins/testing -enable-experimental-feature DebugDescriptionMacro -sdk /Applications/Xcode-27.0.0-Release.Candidate.app/Contents/Developer/Platforms/XROS.platform/Developer/SDKs/XROS27.0.sdk -target arm64-apple-xros1.0 -g -module-cache-path /Users/admin/builder/spi-builder-workspace/.derivedData/ModuleCache.noindex -Xfrontend -serialize-debugging-options -profile-coverage-mapping -profile-generate -enable-testing -index-store-path /Users/admin/builder/spi-builder-workspace/.derivedData/Index.noindex/DataStore -Xcc -D_LIBCPP_HARDENING_MODE\=_LIBCPP_HARDENING_MODE_DEBUG -swift-version 6 -I /Users/admin/builder/spi-builder-workspace/.derivedData/Build/Products/Debug-xros -Isystem /Applications/Xcode-27.0.0-Release.Candidate.app/Contents/Developer/Platforms/XROS.platform/Developer/usr/lib -F /Users/admin/builder/spi-builder-workspace/.derivedData/Build/Products/Debug-xros -F /Applications/Xcode-27.0.0-Release.Candidate.app/Contents/Developer/Platforms/XROS.platform/Developer/Library/Frameworks -F /Applications/Xcode-27.0.0-Release.Candidate.app/Contents/Developer/Platforms/XROS.platform/Developer/SDKs/XROS27.0.sdk/Developer/Library/Frameworks -c -j10 -enable-batch-mode -incremental -Xcc -ivfsstatcache -Xcc /Users/admin/builder/spi-builder-workspace/.derivedData/SDKStatCaches.noindex/xros27.0-24M361-e829b21a6f8c9b70876ba0858053c044735bd543db762f57723cac368afd1ce4.sdkstatcache -output-file-map /Users/admin/builder/spi-builder-workspace/.derivedData/Build/Intermediates.noindex/Docsloth.build/Debug-xros/DocslothCore-t.build/Objects-normal/arm64/DocslothCore-OutputFileMap.json -save-temps -no-color-diagnostics -explicit-module-build -module-cache-path /Users/admin/builder/spi-builder-workspace/.derivedData/Build/Intermediates.noindex/SwiftExplicitPrecompiledModules -clang-scanner-module-cache-path /Users/admin/builder/spi-builder-workspace/.derivedData/ModuleCache.noindex -sdk-module-cache-path /Users/admin/builder/spi-builder-workspace/.derivedData/SDKExplicitPrecompiledModules -emit-dependencies -emit-module -emit-module-path /Users/admin/builder/spi-builder-workspace/.derivedData/Build/Intermediates.noindex/Docsloth.build/Debug-xros/DocslothCore-t.build/Objects-normal/arm64/DocslothCore.swiftmodule -serialize-diagnostics -dependency-scan-serialize-diagnostics-path /Users/admin/builder/spi-builder-workspace/.derivedData/Build/Intermediates.noindex/Docsloth.build/Debug-xros/DocslothCore-t.build/Objects-normal/arm64/DocslothCore-dependency-scan.dia -validate-clang-modules-once -clang-build-session-file /Users/admin/builder/spi-builder-workspace/.derivedData/ModuleCache.noindex/Session.modulevalidation -Xcc -fmodules-prune-interval\=86400 -Xcc -fmodules-prune-after\=345600 -package-name spi_builder_workspace -emit-const-values -const-gather-protocols-list /Users/admin/builder/spi-builder-workspace/.derivedData/Build/Intermediates.noindex/Docsloth.build/Debug-xros/DocslothCore-t.build/Objects-normal/arm64/DocslothCore_const_extract_protocols.json -Xcc -I/Users/admin/builder/spi-builder-workspace/.derivedData/Build/Products/Debug-xros/include -Xcc -I/Users/admin/builder/spi-builder-workspace/.derivedData/Build/Intermediates.noindex/Docsloth.build/Debug-xros/DocslothCore-t.build/DerivedSources-normal/arm64 -Xcc -I/Users/admin/builder/spi-builder-workspace/.derivedData/Build/Intermediates.noindex/Docsloth.build/Debug-xros/DocslothCore-t.build/DerivedSources/arm64 -Xcc -I/Users/admin/builder/spi-builder-workspace/.derivedData/Build/Intermediates.noindex/Docsloth.build/Debug-xros/DocslothCore-t.build/DerivedSources -Xcc -DSWIFT_PACKAGE -Xcc -DDEBUG\=1 -emit-objc-header -emit-objc-header-path /Users/admin/builder/spi-builder-workspace/.derivedData/Build/Intermediates.noindex/Docsloth.build/Debug-xros/DocslothCore-t.build/Objects-normal/arm64/DocslothCore-Swift.h -working-directory /Users/admin/builder/spi-builder-workspace/.swiftpm/xcode -experimental-emit-module-separately -disable-cmo
SwiftExplicitDependencyGeneratePcm arm64 /Users/admin/builder/spi-builder-workspace/.derivedData/SDKExplicitPrecompiledModules/DataDetection-7LQD8Z3LW2FUEO4CR6TGECXW0.pcm
SwiftExplicitDependencyGeneratePcm arm64 /Users/admin/builder/spi-builder-workspace/.derivedData/SDKExplicitPrecompiledModules/CoreMIDI-3PXS069A7G7J69W6C2O4U64TR.pcm
Ld /Users/admin/builder/spi-builder-workspace/.derivedData/Build/Products/Debug-xros/DocslothCore.o normal (in target 'DocslothCore' from project 'Docsloth')
    cd /Users/admin/builder/spi-builder-workspace
    /Applications/Xcode-27.0.0-Release.Candidate.app/Contents/Developer/Toolchains/XcodeDefault.xctoolchain/usr/bin/clang -Xlinker -reproducible -target arm64-apple-xros1.0 -r -isysroot /Applications/Xcode-27.0.0-Release.Candidate.app/Contents/Developer/Platforms/XROS.platform/Developer/SDKs/XROS27.0.sdk -O0 -Xlinker -no_warn_duplicate_libraries -F/Users/admin/builder/spi-builder-workspace/.derivedData/Build/Intermediates.noindex/EagerLinkingTBDs/Debug-xros -F/Users/admin/builder/spi-builder-workspace/.derivedData/Build/Products/Debug-xros -iframework /Applications/Xcode-27.0.0-Release.Candidate.app/Contents/Developer/Platforms/XROS.platform/Developer/Library/Frameworks -iframework /Applications/Xcode-27.0.0-Release.Candidate.app/Contents/Developer/Platforms/XROS.platform/Developer/SDKs/XROS27.0.sdk/Developer/Library/Frameworks -filelist /Users/admin/builder/spi-builder-workspace/.derivedData/Build/Intermediates.noindex/Docsloth.build/Debug-xros/DocslothCore-t.build/Objects-normal/arm64/DocslothCore.LinkFileList -nostdlib -Xlinker -object_path_lto -Xlinker /Users/admin/builder/spi-builder-workspace/.derivedData/Build/Intermediates.noindex/Docsloth.build/Debug-xros/DocslothCore-t.build/Objects-normal/arm64/DocslothCore_lto.o -Xlinker -no_deduplicate -Xlinker -debug_variant -Xlinker -dependency_info -Xlinker /Users/admin/builder/spi-builder-workspace/.derivedData/Build/Intermediates.noindex/Docsloth.build/Debug-xros/DocslothCore-t.build/Objects-normal/arm64/DocslothCore_dependency_info.dat -fobjc-link-runtime -L/Applications/Xcode-27.0.0-Release.Candidate.app/Contents/Developer/Toolchains/XcodeDefault.xctoolchain/usr/lib/swift/xros -L/usr/lib/swift -Xlinker -add_ast_path -Xlinker /Users/admin/builder/spi-builder-workspace/.derivedData/Build/Intermediates.noindex/Docsloth.build/Debug-xros/DocslothCore-t.build/Objects-normal/arm64/DocslothCore.swiftmodule -o /Users/admin/builder/spi-builder-workspace/.derivedData/Build/Products/Debug-xros/DocslothCore.o
SwiftDriverJobDiscovery normal arm64 Compiling MarkdownItOptions.swift (in target 'DocslothMarkdownItShared' from project 'Docsloth')
SwiftExplicitDependencyGeneratePcm arm64 /Users/admin/builder/spi-builder-workspace/.derivedData/SDKExplicitPrecompiledModules/_LocationEssentials-32JNDL0Y7WK6X17R1HPKJCQEE.pcm
SwiftDriverJobDiscovery normal arm64 Compiling resource_bundle_accessor.swift (in target 'DocslothAsciidoctor' from project 'Docsloth')
SwiftExplicitDependencyGeneratePcm arm64 /Users/admin/builder/spi-builder-workspace/.derivedData/SDKExplicitPrecompiledModules/CoreData-5V8622D8G59RJKITQSAST89GC.pcm
SwiftExplicitDependencyGeneratePcm arm64 /Users/admin/builder/spi-builder-workspace/.derivedData/SDKExplicitPrecompiledModules/ImageIO-IAKQMD68GVR7DW77YOHGK8X7.pcm
SwiftDriverJobDiscovery normal arm64 Emitting module for DocslothMarkdownItGFMCJKFriendly (in target 'DocslothMarkdownItGFMCJKFriendly' from project 'Docsloth')
SwiftDriver\ Compilation\ Requirements DocslothMarkdownItGFMCJKFriendly normal arm64 com.apple.xcode.tools.swift.compiler (in target 'DocslothMarkdownItGFMCJKFriendly' from project 'Docsloth')
    cd /Users/admin/builder/spi-builder-workspace/.swiftpm/xcode
    builtin-Swift-Compilation-Requirements -- /Applications/Xcode-27.0.0-Release.Candidate.app/Contents/Developer/Toolchains/XcodeDefault.xctoolchain/usr/bin/swiftc -parse-as-library -module-name DocslothMarkdownItGFMCJKFriendly -Onone @/Users/admin/builder/spi-builder-workspace/.derivedData/Build/Intermediates.noindex/Docsloth.build/Debug-xros/DocslothMarkdownItGFMCJKFriendly-t.build/Objects-normal/arm64/DocslothMarkdownItGFMCJKFriendly.SwiftFileList -DSWIFT_PACKAGE -DDEBUG -DSWIFT_MODULE_RESOURCE_BUNDLE_AVAILABLE -DXcode -plugin-path /Applications/Xcode-27.0.0-Release.Candidate.app/Contents/Developer/Toolchains/XcodeDefault.xctoolchain/usr/lib/swift/host/plugins/testing -enable-experimental-feature DebugDescriptionMacro -sdk /Applications/Xcode-27.0.0-Release.Candidate.app/Contents/Developer/Platforms/XROS.platform/Developer/SDKs/XROS27.0.sdk -target arm64-apple-xros1.0 -g -module-cache-path /Users/admin/builder/spi-builder-workspace/.derivedData/ModuleCache.noindex -Xfrontend -serialize-debugging-options -profile-coverage-mapping -profile-generate -enable-testing -index-store-path /Users/admin/builder/spi-builder-workspace/.derivedData/Index.noindex/DataStore -Xcc -D_LIBCPP_HARDENING_MODE\=_LIBCPP_HARDENING_MODE_DEBUG -swift-version 6 -I /Users/admin/builder/spi-builder-workspace/.derivedData/Build/Products/Debug-xros -Isystem /Applications/Xcode-27.0.0-Release.Candidate.app/Contents/Developer/Platforms/XROS.platform/Developer/usr/lib -F /Users/admin/builder/spi-builder-workspace/.derivedData/Build/Products/Debug-xros/PackageFrameworks -F /Users/admin/builder/spi-builder-workspace/.derivedData/Build/Products/Debug-xros -F /Applications/Xcode-27.0.0-Release.Candidate.app/Contents/Developer/Platforms/XROS.platform/Developer/Library/Frameworks -F /Applications/Xcode-27.0.0-Release.Candidate.app/Contents/Developer/Platforms/XROS.platform/Developer/SDKs/XROS27.0.sdk/Developer/Library/Frameworks -c -j10 -enable-batch-mode -incremental -Xcc -ivfsstatcache -Xcc /Users/admin/builder/spi-builder-workspace/.derivedData/SDKStatCaches.noindex/xros27.0-24M361-e829b21a6f8c9b70876ba0858053c044735bd543db762f57723cac368afd1ce4.sdkstatcache -output-file-map /Users/admin/builder/spi-builder-workspace/.derivedData/Build/Intermediates.noindex/Docsloth.build/Debug-xros/DocslothMarkdownItGFMCJKFriendly-t.build/Objects-normal/arm64/DocslothMarkdownItGFMCJKFriendly-OutputFileMap.json -save-temps -no-color-diagnostics -explicit-module-build -module-cache-path /Users/admin/builder/spi-builder-workspace/.derivedData/Build/Intermediates.noindex/SwiftExplicitPrecompiledModules -clang-scanner-module-cache-path /Users/admin/builder/spi-builder-workspace/.derivedData/ModuleCache.noindex -sdk-module-cache-path /Users/admin/builder/spi-builder-workspace/.derivedData/SDKExplicitPrecompiledModules -emit-dependencies -emit-module -emit-module-path /Users/admin/builder/spi-builder-workspace/.derivedData/Build/Intermediates.noindex/Docsloth.build/Debug-xros/DocslothMarkdownItGFMCJKFriendly-t.build/Objects-normal/arm64/DocslothMarkdownItGFMCJKFriendly.swiftmodule -serialize-diagnostics -dependency-scan-serialize-diagnostics-path /Users/admin/builder/spi-builder-workspace/.derivedData/Build/Intermediates.noindex/Docsloth.build/Debug-xros/DocslothMarkdownItGFMCJKFriendly-t.build/Objects-normal/arm64/DocslothMarkdownItGFMCJKFriendly-dependency-scan.dia -validate-clang-modules-once -clang-build-session-file /Users/admin/builder/spi-builder-workspace/.derivedData/ModuleCache.noindex/Session.modulevalidation -Xcc -fmodules-prune-interval\=86400 -Xcc -fmodules-prune-after\=345600 -package-name spi_builder_workspace -emit-const-values -const-gather-protocols-list /Users/admin/builder/spi-builder-workspace/.derivedData/Build/Intermediates.noindex/Docsloth.build/Debug-xros/DocslothMarkdownItGFMCJKFriendly-t.build/Objects-normal/arm64/DocslothMarkdownItGFMCJKFriendly_const_extract_protocols.json -Xcc -I/Users/admin/builder/spi-builder-workspace/.derivedData/Build/Products/Debug-xros/include -Xcc -I/Users/admin/builder/spi-builder-workspace/.derivedData/Build/Intermediates.noindex/Docsloth.build/Debug-xros/DocslothMarkdownItGFMCJKFriendly-t.build/DerivedSources-normal/arm64 -Xcc -I/Users/admin/builder/spi-builder-workspace/.derivedData/Build/Intermediates.noindex/Docsloth.build/Debug-xros/DocslothMarkdownItGFMCJKFriendly-t.build/DerivedSources/arm64 -Xcc -I/Users/admin/builder/spi-builder-workspace/.derivedData/Build/Intermediates.noindex/Docsloth.build/Debug-xros/DocslothMarkdownItGFMCJKFriendly-t.build/DerivedSources -Xcc -DSWIFT_PACKAGE -Xcc -DDEBUG\=1 -emit-objc-header -emit-objc-header-path /Users/admin/builder/spi-builder-workspace/.derivedData/Build/Intermediates.noindex/Docsloth.build/Debug-xros/DocslothMarkdownItGFMCJKFriendly-t.build/Objects-normal/arm64/DocslothMarkdownItGFMCJKFriendly-Swift.h -working-directory /Users/admin/builder/spi-builder-workspace/.swiftpm/xcode -experimental-emit-module-separately -disable-cmo
SwiftExplicitDependencyGeneratePcm arm64 /Users/admin/builder/spi-builder-workspace/.derivedData/SDKExplicitPrecompiledModules/DeveloperToolsSupport-194HZPFNNCEHRVXIO6O8L9S0O.pcm
SwiftExplicitDependencyGeneratePcm arm64 /Users/admin/builder/spi-builder-workspace/.derivedData/SDKExplicitPrecompiledModules/ShaderGraph-60HTPBNDVX0CX5JIAYFVTA9L4.pcm
SwiftExplicitDependencyGeneratePcm arm64 /Users/admin/builder/spi-builder-workspace/.derivedData/SDKExplicitPrecompiledModules/Accessibility-8QB8DU95K5GFNCPAUIMZLHBIU.pcm
SwiftDriverJobDiscovery normal arm64 Compiling MarkdownIt.swift (in target 'DocslothMarkdownItGFMCJKFriendly' from project 'Docsloth')
SwiftMergeGeneratedHeaders /Users/admin/builder/spi-builder-workspace/.derivedData/Build/Intermediates.noindex/GeneratedModuleMaps-xros/DocslothMarkdownItGFMCJKFriendly-Swift.h /Users/admin/builder/spi-builder-workspace/.derivedData/Build/Intermediates.noindex/Docsloth.build/Debug-xros/DocslothMarkdownItGFMCJKFriendly-t.build/Objects-normal/arm64/DocslothMarkdownItGFMCJKFriendly-Swift.h (in target 'DocslothMarkdownItGFMCJKFriendly' from project 'Docsloth')
    cd /Users/admin/builder/spi-builder-workspace
    builtin-swiftHeaderTool -arch arm64 /Users/admin/builder/spi-builder-workspace/.derivedData/Build/Intermediates.noindex/Docsloth.build/Debug-xros/DocslothMarkdownItGFMCJKFriendly-t.build/Objects-normal/arm64/DocslothMarkdownItGFMCJKFriendly-Swift.h -o /Users/admin/builder/spi-builder-workspace/.derivedData/Build/Intermediates.noindex/GeneratedModuleMaps-xros/DocslothMarkdownItGFMCJKFriendly-Swift.h
SwiftDriverJobDiscovery normal arm64 Compiling resource_bundle_accessor.swift (in target 'DocslothMarkdownItGFMCJKFriendly' from project 'Docsloth')
Copy /Users/admin/builder/spi-builder-workspace/.derivedData/Build/Products/Debug-xros/DocslothMarkdownItGFMCJKFriendly.swiftmodule/arm64-apple-xros.swiftmodule /Users/admin/builder/spi-builder-workspace/.derivedData/Build/Intermediates.noindex/Docsloth.build/Debug-xros/DocslothMarkdownItGFMCJKFriendly-t.build/Objects-normal/arm64/DocslothMarkdownItGFMCJKFriendly.swiftmodule (in target 'DocslothMarkdownItGFMCJKFriendly' from project 'Docsloth')
    cd /Users/admin/builder/spi-builder-workspace
    builtin-copy -exclude .DS_Store -exclude CVS -exclude .svn -exclude .git -exclude .hg -resolve-src-symlinks -rename /Users/admin/builder/spi-builder-workspace/.derivedData/Build/Intermediates.noindex/Docsloth.build/Debug-xros/DocslothMarkdownItGFMCJKFriendly-t.build/Objects-normal/arm64/DocslothMarkdownItGFMCJKFriendly.swiftmodule /Users/admin/builder/spi-builder-workspace/.derivedData/Build/Products/Debug-xros/DocslothMarkdownItGFMCJKFriendly.swiftmodule/arm64-apple-xros.swiftmodule
Copy /Users/admin/builder/spi-builder-workspace/.derivedData/Build/Products/Debug-xros/DocslothMarkdownItGFMCJKFriendly.swiftmodule/arm64-apple-xros.swiftdoc /Users/admin/builder/spi-builder-workspace/.derivedData/Build/Intermediates.noindex/Docsloth.build/Debug-xros/DocslothMarkdownItGFMCJKFriendly-t.build/Objects-normal/arm64/DocslothMarkdownItGFMCJKFriendly.swiftdoc (in target 'DocslothMarkdownItGFMCJKFriendly' from project 'Docsloth')
    cd /Users/admin/builder/spi-builder-workspace
    builtin-copy -exclude .DS_Store -exclude CVS -exclude .svn -exclude .git -exclude .hg -resolve-src-symlinks -rename /Users/admin/builder/spi-builder-workspace/.derivedData/Build/Intermediates.noindex/Docsloth.build/Debug-xros/DocslothMarkdownItGFMCJKFriendly-t.build/Objects-normal/arm64/DocslothMarkdownItGFMCJKFriendly.swiftdoc /Users/admin/builder/spi-builder-workspace/.derivedData/Build/Products/Debug-xros/DocslothMarkdownItGFMCJKFriendly.swiftmodule/arm64-apple-xros.swiftdoc
Copy /Users/admin/builder/spi-builder-workspace/.derivedData/Build/Products/Debug-xros/DocslothMarkdownItGFMCJKFriendly.swiftmodule/arm64-apple-xros.abi.json /Users/admin/builder/spi-builder-workspace/.derivedData/Build/Intermediates.noindex/Docsloth.build/Debug-xros/DocslothMarkdownItGFMCJKFriendly-t.build/Objects-normal/arm64/DocslothMarkdownItGFMCJKFriendly.abi.json (in target 'DocslothMarkdownItGFMCJKFriendly' from project 'Docsloth')
    cd /Users/admin/builder/spi-builder-workspace
    builtin-copy -exclude .DS_Store -exclude CVS -exclude .svn -exclude .git -exclude .hg -resolve-src-symlinks -rename /Users/admin/builder/spi-builder-workspace/.derivedData/Build/Intermediates.noindex/Docsloth.build/Debug-xros/DocslothMarkdownItGFMCJKFriendly-t.build/Objects-normal/arm64/DocslothMarkdownItGFMCJKFriendly.abi.json /Users/admin/builder/spi-builder-workspace/.derivedData/Build/Products/Debug-xros/DocslothMarkdownItGFMCJKFriendly.swiftmodule/arm64-apple-xros.abi.json
Copy /Users/admin/builder/spi-builder-workspace/.derivedData/Build/Products/Debug-xros/DocslothMarkdownItGFMCJKFriendly.swiftmodule/Project/arm64-apple-xros.swiftsourceinfo /Users/admin/builder/spi-builder-workspace/.derivedData/Build/Intermediates.noindex/Docsloth.build/Debug-xros/DocslothMarkdownItGFMCJKFriendly-t.build/Objects-normal/arm64/DocslothMarkdownItGFMCJKFriendly.swiftsourceinfo (in target 'DocslothMarkdownItGFMCJKFriendly' from project 'Docsloth')
    cd /Users/admin/builder/spi-builder-workspace
    builtin-copy -exclude .DS_Store -exclude CVS -exclude .svn -exclude .git -exclude .hg -resolve-src-symlinks -rename /Users/admin/builder/spi-builder-workspace/.derivedData/Build/Intermediates.noindex/Docsloth.build/Debug-xros/DocslothMarkdownItGFMCJKFriendly-t.build/Objects-normal/arm64/DocslothMarkdownItGFMCJKFriendly.swiftsourceinfo /Users/admin/builder/spi-builder-workspace/.derivedData/Build/Products/Debug-xros/DocslothMarkdownItGFMCJKFriendly.swiftmodule/Project/arm64-apple-xros.swiftsourceinfo
SwiftEmitModule normal arm64 Emitting\ module\ for\ DocslothMarkdownItGFM (in target 'DocslothMarkdownItGFM' from project 'Docsloth')
SwiftCompile normal arm64 (in target 'DocslothMarkdownItGFM' from project 'Docsloth')
    cd /Users/admin/builder/spi-builder-workspace/.swiftpm/xcode

SwiftExplicitDependencyGeneratePcm arm64 /Users/admin/builder/spi-builder-workspace/.derivedData/SDKExplicitPrecompiledModules/UserNotifications-6JIY9EEYAYYTJITYYQZF42LAH.pcm
SwiftExplicitDependencyGeneratePcm arm64 /Users/admin/builder/spi-builder-workspace/.derivedData/SDKExplicitPrecompiledModules/_Builtin_tgmath-6A504NZTD9420A66PPDYUHISN.pcm
SwiftExplicitDependencyGeneratePcm arm64 /Users/admin/builder/spi-builder-workspace/.derivedData/SDKExplicitPrecompiledModules/CoreLocation-E62WUNIY48I4BO5WNB3SVVIP8.pcm
SwiftExplicitDependencyGeneratePcm arm64 /Users/admin/builder/spi-builder-workspace/.derivedData/SDKExplicitPrecompiledModules/UniformTypeIdentifiers-9BPZRHV9PRGRSU35W243D89CW.pcm
SwiftExplicitDependencyGeneratePcm arm64 /Users/admin/builder/spi-builder-workspace/.derivedData/SDKExplicitPrecompiledModules/IOSurface-2D5KLETWRIPRMLT8HCRTTINH3.pcm
SwiftExplicitDependencyGeneratePcm arm64 /Users/admin/builder/spi-builder-workspace/.derivedData/SDKExplicitPrecompiledModules/dnssd-3O0RNR51LL3EG0N1T07ZFMALS.pcm
SwiftExplicitDependencyGeneratePcm arm64 /Users/admin/builder/spi-builder-workspace/.derivedData/SDKExplicitPrecompiledModules/LocalAuthentication-DY23D7R1X7DY7BV7FZ6NHSR9L.pcm
SwiftExplicitDependencyGeneratePcm arm64 /Users/admin/builder/spi-builder-workspace/.derivedData/SDKExplicitPrecompiledModules/BackgroundAssets-6UYXRJZK0LMRWN1RHG2N5NKA6.pcm
SwiftEmitModule normal arm64 Emitting\ module\ for\ DocslothMarkdownIt (in target 'DocslothMarkdownIt' from project 'Docsloth')
SwiftCompile normal arm64 (in target 'DocslothMarkdownIt' from project 'Docsloth')
    cd /Users/admin/builder/spi-builder-workspace/.swiftpm/xcode

SwiftExplicitDependencyGeneratePcm arm64 /Users/admin/builder/spi-builder-workspace/.derivedData/SDKExplicitPrecompiledModules/ExtensionFoundation-BU61P2CEAMM06XGJDUB248XC8.pcm
SwiftExplicitDependencyGeneratePcm arm64 /Users/admin/builder/spi-builder-workspace/.derivedData/SDKExplicitPrecompiledModules/UIUtilities-F3U0HSZMZSXCP772P753OT1G5.pcm
SwiftExplicitDependencyGeneratePcm arm64 /Users/admin/builder/spi-builder-workspace/.derivedData/SDKExplicitPrecompiledModules/CoreAudioTypes-312R5U71UD8UC735GBX55K3US.pcm
SwiftExplicitDependencyGeneratePcm arm64 /Users/admin/builder/spi-builder-workspace/.derivedData/SDKExplicitPrecompiledModules/CoreMotion-DCVNRIJ2COFK7QG37YNW48EGV.pcm
SwiftExplicitDependencyGeneratePcm arm64 /Users/admin/builder/spi-builder-workspace/.derivedData/SDKExplicitPrecompiledModules/OpenGLES-CKJ9EEPIRPNP44Q12R6YOKS1E.pcm
SwiftExplicitDependencyGeneratePcm arm64 /Users/admin/builder/spi-builder-workspace/.derivedData/SDKExplicitPrecompiledModules/Metal-CAKGHYH5ACDACD017V00QOQC9.pcm
SwiftDriverJobDiscovery normal arm64 Emitting module for DocslothMarkdownItGFM (in target 'DocslothMarkdownItGFM' from project 'Docsloth')
SwiftDriver\ Compilation\ Requirements DocslothMarkdownItGFM normal arm64 com.apple.xcode.tools.swift.compiler (in target 'DocslothMarkdownItGFM' from project 'Docsloth')
    cd /Users/admin/builder/spi-builder-workspace/.swiftpm/xcode
    builtin-Swift-Compilation-Requirements -- /Applications/Xcode-27.0.0-Release.Candidate.app/Contents/Developer/Toolchains/XcodeDefault.xctoolchain/usr/bin/swiftc -parse-as-library -module-name DocslothMarkdownItGFM -Onone @/Users/admin/builder/spi-builder-workspace/.derivedData/Build/Intermediates.noindex/Docsloth.build/Debug-xros/DocslothMarkdownItGFM-t.build/Objects-normal/arm64/DocslothMarkdownItGFM.SwiftFileList -DSWIFT_PACKAGE -DDEBUG -DSWIFT_MODULE_RESOURCE_BUNDLE_AVAILABLE -DXcode -plugin-path /Applications/Xcode-27.0.0-Release.Candidate.app/Contents/Developer/Toolchains/XcodeDefault.xctoolchain/usr/lib/swift/host/plugins/testing -enable-experimental-feature DebugDescriptionMacro -sdk /Applications/Xcode-27.0.0-Release.Candidate.app/Contents/Developer/Platforms/XROS.platform/Developer/SDKs/XROS27.0.sdk -target arm64-apple-xros1.0 -g -module-cache-path /Users/admin/builder/spi-builder-workspace/.derivedData/ModuleCache.noindex -Xfrontend -serialize-debugging-options -profile-coverage-mapping -profile-generate -enable-testing -index-store-path /Users/admin/builder/spi-builder-workspace/.derivedData/Index.noindex/DataStore -Xcc -D_LIBCPP_HARDENING_MODE\=_LIBCPP_HARDENING_MODE_DEBUG -swift-version 6 -I /Users/admin/builder/spi-builder-workspace/.derivedData/Build/Products/Debug-xros -Isystem /Applications/Xcode-27.0.0-Release.Candidate.app/Contents/Developer/Platforms/XROS.platform/Developer/usr/lib -F /Users/admin/builder/spi-builder-workspace/.derivedData/Build/Products/Debug-xros/PackageFrameworks -F /Users/admin/builder/spi-builder-workspace/.derivedData/Build/Products/Debug-xros -F /Applications/Xcode-27.0.0-Release.Candidate.app/Contents/Developer/Platforms/XROS.platform/Developer/Library/Frameworks -F /Applications/Xcode-27.0.0-Release.Candidate.app/Contents/Developer/Platforms/XROS.platform/Developer/SDKs/XROS27.0.sdk/Developer/Library/Frameworks -c -j10 -enable-batch-mode -incremental -Xcc -ivfsstatcache -Xcc /Users/admin/builder/spi-builder-workspace/.derivedData/SDKStatCaches.noindex/xros27.0-24M361-e829b21a6f8c9b70876ba0858053c044735bd543db762f57723cac368afd1ce4.sdkstatcache -output-file-map /Users/admin/builder/spi-builder-workspace/.derivedData/Build/Intermediates.noindex/Docsloth.build/Debug-xros/DocslothMarkdownItGFM-t.build/Objects-normal/arm64/DocslothMarkdownItGFM-OutputFileMap.json -save-temps -no-color-diagnostics -explicit-module-build -module-cache-path /Users/admin/builder/spi-builder-workspace/.derivedData/Build/Intermediates.noindex/SwiftExplicitPrecompiledModules -clang-scanner-module-cache-path /Users/admin/builder/spi-builder-workspace/.derivedData/ModuleCache.noindex -sdk-module-cache-path /Users/admin/builder/spi-builder-workspace/.derivedData/SDKExplicitPrecompiledModules -emit-dependencies -emit-module -emit-module-path /Users/admin/builder/spi-builder-workspace/.derivedData/Build/Intermediates.noindex/Docsloth.build/Debug-xros/DocslothMarkdownItGFM-t.build/Objects-normal/arm64/DocslothMarkdownItGFM.swiftmodule -serialize-diagnostics -dependency-scan-serialize-diagnostics-path /Users/admin/builder/spi-builder-workspace/.derivedData/Build/Intermediates.noindex/Docsloth.build/Debug-xros/DocslothMarkdownItGFM-t.build/Objects-normal/arm64/DocslothMarkdownItGFM-dependency-scan.dia -validate-clang-modules-once -clang-build-session-file /Users/admin/builder/spi-builder-workspace/.derivedData/ModuleCache.noindex/Session.modulevalidation -Xcc -fmodules-prune-interval\=86400 -Xcc -fmodules-prune-after\=345600 -package-name spi_builder_workspace -emit-const-values -const-gather-protocols-list /Users/admin/builder/spi-builder-workspace/.derivedData/Build/Intermediates.noindex/Docsloth.build/Debug-xros/DocslothMarkdownItGFM-t.build/Objects-normal/arm64/DocslothMarkdownItGFM_const_extract_protocols.json -Xcc -I/Users/admin/builder/spi-builder-workspace/.derivedData/Build/Products/Debug-xros/include -Xcc -I/Users/admin/builder/spi-builder-workspace/.derivedData/Build/Intermediates.noindex/Docsloth.build/Debug-xros/DocslothMarkdownItGFM-t.build/DerivedSources-normal/arm64 -Xcc -I/Users/admin/builder/spi-builder-workspace/.derivedData/Build/Intermediates.noindex/Docsloth.build/Debug-xros/DocslothMarkdownItGFM-t.build/DerivedSources/arm64 -Xcc -I/Users/admin/builder/spi-builder-workspace/.derivedData/Build/Intermediates.noindex/Docsloth.build/Debug-xros/DocslothMarkdownItGFM-t.build/DerivedSources -Xcc -DSWIFT_PACKAGE -Xcc -DDEBUG\=1 -emit-objc-header -emit-objc-header-path /Users/admin/builder/spi-builder-workspace/.derivedData/Build/Intermediates.noindex/Docsloth.build/Debug-xros/DocslothMarkdownItGFM-t.build/Objects-normal/arm64/DocslothMarkdownItGFM-Swift.h -working-directory /Users/admin/builder/spi-builder-workspace/.swiftpm/xcode -experimental-emit-module-separately -disable-cmo
SwiftExplicitDependencyGeneratePcm arm64 /Users/admin/builder/spi-builder-workspace/.derivedData/SDKExplicitPrecompiledModules/FileProvider-C1CJK6EJC5IUBTWZU8FS47OM3.pcm
SwiftMergeGeneratedHeaders /Users/admin/builder/spi-builder-workspace/.derivedData/Build/Intermediates.noindex/GeneratedModuleMaps-xros/DocslothMarkdownItGFM-Swift.h /Users/admin/builder/spi-builder-workspace/.derivedData/Build/Intermediates.noindex/Docsloth.build/Debug-xros/DocslothMarkdownItGFM-t.build/Objects-normal/arm64/DocslothMarkdownItGFM-Swift.h (in target 'DocslothMarkdownItGFM' from project 'Docsloth')
    cd /Users/admin/builder/spi-builder-workspace
    builtin-swiftHeaderTool -arch arm64 /Users/admin/builder/spi-builder-workspace/.derivedData/Build/Intermediates.noindex/Docsloth.build/Debug-xros/DocslothMarkdownItGFM-t.build/Objects-normal/arm64/DocslothMarkdownItGFM-Swift.h -o /Users/admin/builder/spi-builder-workspace/.derivedData/Build/Intermediates.noindex/GeneratedModuleMaps-xros/DocslothMarkdownItGFM-Swift.h
Copy /Users/admin/builder/spi-builder-workspace/.derivedData/Build/Products/Debug-xros/DocslothMarkdownItGFM.swiftmodule/arm64-apple-xros.swiftmodule /Users/admin/builder/spi-builder-workspace/.derivedData/Build/Intermediates.noindex/Docsloth.build/Debug-xros/DocslothMarkdownItGFM-t.build/Objects-normal/arm64/DocslothMarkdownItGFM.swiftmodule (in target 'DocslothMarkdownItGFM' from project 'Docsloth')
    cd /Users/admin/builder/spi-builder-workspace
    builtin-copy -exclude .DS_Store -exclude CVS -exclude .svn -exclude .git -exclude .hg -resolve-src-symlinks -rename /Users/admin/builder/spi-builder-workspace/.derivedData/Build/Intermediates.noindex/Docsloth.build/Debug-xros/DocslothMarkdownItGFM-t.build/Objects-normal/arm64/DocslothMarkdownItGFM.swiftmodule /Users/admin/builder/spi-builder-workspace/.derivedData/Build/Products/Debug-xros/DocslothMarkdownItGFM.swiftmodule/arm64-apple-xros.swiftmodule
Copy /Users/admin/builder/spi-builder-workspace/.derivedData/Build/Products/Debug-xros/DocslothMarkdownItGFM.swiftmodule/arm64-apple-xros.swiftdoc /Users/admin/builder/spi-builder-workspace/.derivedData/Build/Intermediates.noindex/Docsloth.build/Debug-xros/DocslothMarkdownItGFM-t.build/Objects-normal/arm64/DocslothMarkdownItGFM.swiftdoc (in target 'DocslothMarkdownItGFM' from project 'Docsloth')
    cd /Users/admin/builder/spi-builder-workspace
    builtin-copy -exclude .DS_Store -exclude CVS -exclude .svn -exclude .git -exclude .hg -resolve-src-symlinks -rename /Users/admin/builder/spi-builder-workspace/.derivedData/Build/Intermediates.noindex/Docsloth.build/Debug-xros/DocslothMarkdownItGFM-t.build/Objects-normal/arm64/DocslothMarkdownItGFM.swiftdoc /Users/admin/builder/spi-builder-workspace/.derivedData/Build/Products/Debug-xros/DocslothMarkdownItGFM.swiftmodule/arm64-apple-xros.swiftdoc
Copy /Users/admin/builder/spi-builder-workspace/.derivedData/Build/Products/Debug-xros/DocslothMarkdownItGFM.swiftmodule/arm64-apple-xros.abi.json /Users/admin/builder/spi-builder-workspace/.derivedData/Build/Intermediates.noindex/Docsloth.build/Debug-xros/DocslothMarkdownItGFM-t.build/Objects-normal/arm64/DocslothMarkdownItGFM.abi.json (in target 'DocslothMarkdownItGFM' from project 'Docsloth')
    cd /Users/admin/builder/spi-builder-workspace
    builtin-copy -exclude .DS_Store -exclude CVS -exclude .svn -exclude .git -exclude .hg -resolve-src-symlinks -rename /Users/admin/builder/spi-builder-workspace/.derivedData/Build/Intermediates.noindex/Docsloth.build/Debug-xros/DocslothMarkdownItGFM-t.build/Objects-normal/arm64/DocslothMarkdownItGFM.abi.json /Users/admin/builder/spi-builder-workspace/.derivedData/Build/Products/Debug-xros/DocslothMarkdownItGFM.swiftmodule/arm64-apple-xros.abi.json
Copy /Users/admin/builder/spi-builder-workspace/.derivedData/Build/Products/Debug-xros/DocslothMarkdownItGFM.swiftmodule/Project/arm64-apple-xros.swiftsourceinfo /Users/admin/builder/spi-builder-workspace/.derivedData/Build/Intermediates.noindex/Docsloth.build/Debug-xros/DocslothMarkdownItGFM-t.build/Objects-normal/arm64/DocslothMarkdownItGFM.swiftsourceinfo (in target 'DocslothMarkdownItGFM' from project 'Docsloth')
    cd /Users/admin/builder/spi-builder-workspace
    builtin-copy -exclude .DS_Store -exclude CVS -exclude .svn -exclude .git -exclude .hg -resolve-src-symlinks -rename /Users/admin/builder/spi-builder-workspace/.derivedData/Build/Intermediates.noindex/Docsloth.build/Debug-xros/DocslothMarkdownItGFM-t.build/Objects-normal/arm64/DocslothMarkdownItGFM.swiftsourceinfo /Users/admin/builder/spi-builder-workspace/.derivedData/Build/Products/Debug-xros/DocslothMarkdownItGFM.swiftmodule/Project/arm64-apple-xros.swiftsourceinfo
SwiftExplicitDependencyGeneratePcm arm64 /Users/admin/builder/spi-builder-workspace/.derivedData/SDKExplicitPrecompiledModules/_Builtin_intrinsics-3111M8ALPD4YFW0NUUUBCM0JD.pcm
SwiftExplicitDependencyGeneratePcm arm64 /Users/admin/builder/spi-builder-workspace/.derivedData/SDKExplicitPrecompiledModules/OSLog-3CTW8AFBZNTJNTYU2CNXR306R.pcm
SwiftExplicitDependencyGeneratePcm arm64 /Users/admin/builder/spi-builder-workspace/.derivedData/SDKExplicitPrecompiledModules/CoreTransferable-EFMTSDPFE8WPPM5HOZ47P0KQO.pcm
SwiftExplicitDependencyGeneratePcm arm64 /Users/admin/builder/spi-builder-workspace/.derivedData/SDKExplicitPrecompiledModules/CoreText-3Q9AYRR8Y0RMYX4VGST56EDCZ.pcm
SwiftExplicitDependencyGeneratePcm arm64 /Users/admin/builder/spi-builder-workspace/.derivedData/SDKExplicitPrecompiledModules/CoreAudio-BNVVZ0H6VD0B9Q2N4KZUSB6RB.pcm
SwiftDriverJobDiscovery normal arm64 Compiling Asciidoctor.swift (in target 'DocslothAsciidoctor' from project 'Docsloth')
SwiftExplicitDependencyGeneratePcm arm64 /Users/admin/builder/spi-builder-workspace/.derivedData/SDKExplicitPrecompiledModules/AudioToolbox-BIB990ZQT6Y2YX7R0HKENKU6T.pcm
SwiftExplicitDependencyGeneratePcm arm64 /Users/admin/builder/spi-builder-workspace/.derivedData/SDKExplicitPrecompiledModules/Symbols-ECOU17NNJUYRSDVSZI1SX0DNL.pcm
SwiftDriverJobDiscovery normal arm64 Emitting module for DocslothMarkdownIt (in target 'DocslothMarkdownIt' from project 'Docsloth')
SwiftDriver\ Compilation\ Requirements DocslothMarkdownIt normal arm64 com.apple.xcode.tools.swift.compiler (in target 'DocslothMarkdownIt' from project 'Docsloth')
    cd /Users/admin/builder/spi-builder-workspace/.swiftpm/xcode
    builtin-Swift-Compilation-Requirements -- /Applications/Xcode-27.0.0-Release.Candidate.app/Contents/Developer/Toolchains/XcodeDefault.xctoolchain/usr/bin/swiftc -parse-as-library -module-name DocslothMarkdownIt -Onone @/Users/admin/builder/spi-builder-workspace/.derivedData/Build/Intermediates.noindex/Docsloth.build/Debug-xros/DocslothMarkdownIt-t.build/Objects-normal/arm64/DocslothMarkdownIt.SwiftFileList -DSWIFT_PACKAGE -DDEBUG -DSWIFT_MODULE_RESOURCE_BUNDLE_AVAILABLE -DXcode -plugin-path /Applications/Xcode-27.0.0-Release.Candidate.app/Contents/Developer/Toolchains/XcodeDefault.xctoolchain/usr/lib/swift/host/plugins/testing -enable-experimental-feature DebugDescriptionMacro -sdk /Applications/Xcode-27.0.0-Release.Candidate.app/Contents/Developer/Platforms/XROS.platform/Developer/SDKs/XROS27.0.sdk -target arm64-apple-xros1.0 -g -module-cache-path /Users/admin/builder/spi-builder-workspace/.derivedData/ModuleCache.noindex -Xfrontend -serialize-debugging-options -profile-coverage-mapping -profile-generate -enable-testing -index-store-path /Users/admin/builder/spi-builder-workspace/.derivedData/Index.noindex/DataStore -Xcc -D_LIBCPP_HARDENING_MODE\=_LIBCPP_HARDENING_MODE_DEBUG -swift-version 6 -I /Users/admin/builder/spi-builder-workspace/.derivedData/Build/Products/Debug-xros -Isystem /Applications/Xcode-27.0.0-Release.Candidate.app/Contents/Developer/Platforms/XROS.platform/Developer/usr/lib -F /Users/admin/builder/spi-builder-workspace/.derivedData/Build/Products/Debug-xros/PackageFrameworks -F /Users/admin/builder/spi-builder-workspace/.derivedData/Build/Products/Debug-xros -F /Applications/Xcode-27.0.0-Release.Candidate.app/Contents/Developer/Platforms/XROS.platform/Developer/Library/Frameworks -F /Applications/Xcode-27.0.0-Release.Candidate.app/Contents/Developer/Platforms/XROS.platform/Developer/SDKs/XROS27.0.sdk/Developer/Library/Frameworks -c -j10 -enable-batch-mode -incremental -Xcc -ivfsstatcache -Xcc /Users/admin/builder/spi-builder-workspace/.derivedData/SDKStatCaches.noindex/xros27.0-24M361-e829b21a6f8c9b70876ba0858053c044735bd543db762f57723cac368afd1ce4.sdkstatcache -output-file-map /Users/admin/builder/spi-builder-workspace/.derivedData/Build/Intermediates.noindex/Docsloth.build/Debug-xros/DocslothMarkdownIt-t.build/Objects-normal/arm64/DocslothMarkdownIt-OutputFileMap.json -save-temps -no-color-diagnostics -explicit-module-build -module-cache-path /Users/admin/builder/spi-builder-workspace/.derivedData/Build/Intermediates.noindex/SwiftExplicitPrecompiledModules -clang-scanner-module-cache-path /Users/admin/builder/spi-builder-workspace/.derivedData/ModuleCache.noindex -sdk-module-cache-path /Users/admin/builder/spi-builder-workspace/.derivedData/SDKExplicitPrecompiledModules -emit-dependencies -emit-module -emit-module-path /Users/admin/builder/spi-builder-workspace/.derivedData/Build/Intermediates.noindex/Docsloth.build/Debug-xros/DocslothMarkdownIt-t.build/Objects-normal/arm64/DocslothMarkdownIt.swiftmodule -serialize-diagnostics -dependency-scan-serialize-diagnostics-path /Users/admin/builder/spi-builder-workspace/.derivedData/Build/Intermediates.noindex/Docsloth.build/Debug-xros/DocslothMarkdownIt-t.build/Objects-normal/arm64/DocslothMarkdownIt-dependency-scan.dia -validate-clang-modules-once -clang-build-session-file /Users/admin/builder/spi-builder-workspace/.derivedData/ModuleCache.noindex/Session.modulevalidation -Xcc -fmodules-prune-interval\=86400 -Xcc -fmodules-prune-after\=345600 -package-name spi_builder_workspace -emit-const-values -const-gather-protocols-list /Users/admin/builder/spi-builder-workspace/.derivedData/Build/Intermediates.noindex/Docsloth.build/Debug-xros/DocslothMarkdownIt-t.build/Objects-normal/arm64/DocslothMarkdownIt_const_extract_protocols.json -Xcc -I/Users/admin/builder/spi-builder-workspace/.derivedData/Build/Products/Debug-xros/include -Xcc -I/Users/admin/builder/spi-builder-workspace/.derivedData/Build/Intermediates.noindex/Docsloth.build/Debug-xros/DocslothMarkdownIt-t.build/DerivedSources-normal/arm64 -Xcc -I/Users/admin/builder/spi-builder-workspace/.derivedData/Build/Intermediates.noindex/Docsloth.build/Debug-xros/DocslothMarkdownIt-t.build/DerivedSources/arm64 -Xcc -I/Users/admin/builder/spi-builder-workspace/.derivedData/Build/Intermediates.noindex/Docsloth.build/Debug-xros/DocslothMarkdownIt-t.build/DerivedSources -Xcc -DSWIFT_PACKAGE -Xcc -DDEBUG\=1 -emit-objc-header -emit-objc-header-path /Users/admin/builder/spi-builder-workspace/.derivedData/Build/Intermediates.noindex/Docsloth.build/Debug-xros/DocslothMarkdownIt-t.build/Objects-normal/arm64/DocslothMarkdownIt-Swift.h -working-directory /Users/admin/builder/spi-builder-workspace/.swiftpm/xcode -experimental-emit-module-separately -disable-cmo
SwiftExplicitDependencyGeneratePcm arm64 /Users/admin/builder/spi-builder-workspace/.derivedData/SDKExplicitPrecompiledModules/Network-59OXS1WBU0E96MTVI1BQ4Y8O0.pcm
SwiftMergeGeneratedHeaders /Users/admin/builder/spi-builder-workspace/.derivedData/Build/Intermediates.noindex/GeneratedModuleMaps-xros/DocslothMarkdownIt-Swift.h /Users/admin/builder/spi-builder-workspace/.derivedData/Build/Intermediates.noindex/Docsloth.build/Debug-xros/DocslothMarkdownIt-t.build/Objects-normal/arm64/DocslothMarkdownIt-Swift.h (in target 'DocslothMarkdownIt' from project 'Docsloth')
    cd /Users/admin/builder/spi-builder-workspace
    builtin-swiftHeaderTool -arch arm64 /Users/admin/builder/spi-builder-workspace/.derivedData/Build/Intermediates.noindex/Docsloth.build/Debug-xros/DocslothMarkdownIt-t.build/Objects-normal/arm64/DocslothMarkdownIt-Swift.h -o /Users/admin/builder/spi-builder-workspace/.derivedData/Build/Intermediates.noindex/GeneratedModuleMaps-xros/DocslothMarkdownIt-Swift.h
Copy /Users/admin/builder/spi-builder-workspace/.derivedData/Build/Products/Debug-xros/DocslothMarkdownIt.swiftmodule/arm64-apple-xros.swiftmodule /Users/admin/builder/spi-builder-workspace/.derivedData/Build/Intermediates.noindex/Docsloth.build/Debug-xros/DocslothMarkdownIt-t.build/Objects-normal/arm64/DocslothMarkdownIt.swiftmodule (in target 'DocslothMarkdownIt' from project 'Docsloth')
    cd /Users/admin/builder/spi-builder-workspace
    builtin-copy -exclude .DS_Store -exclude CVS -exclude .svn -exclude .git -exclude .hg -resolve-src-symlinks -rename /Users/admin/builder/spi-builder-workspace/.derivedData/Build/Intermediates.noindex/Docsloth.build/Debug-xros/DocslothMarkdownIt-t.build/Objects-normal/arm64/DocslothMarkdownIt.swiftmodule /Users/admin/builder/spi-builder-workspace/.derivedData/Build/Products/Debug-xros/DocslothMarkdownIt.swiftmodule/arm64-apple-xros.swiftmodule
Copy /Users/admin/builder/spi-builder-workspace/.derivedData/Build/Products/Debug-xros/DocslothMarkdownIt.swiftmodule/arm64-apple-xros.swiftdoc /Users/admin/builder/spi-builder-workspace/.derivedData/Build/Intermediates.noindex/Docsloth.build/Debug-xros/DocslothMarkdownIt-t.build/Objects-normal/arm64/DocslothMarkdownIt.swiftdoc (in target 'DocslothMarkdownIt' from project 'Docsloth')
    cd /Users/admin/builder/spi-builder-workspace
    builtin-copy -exclude .DS_Store -exclude CVS -exclude .svn -exclude .git -exclude .hg -resolve-src-symlinks -rename /Users/admin/builder/spi-builder-workspace/.derivedData/Build/Intermediates.noindex/Docsloth.build/Debug-xros/DocslothMarkdownIt-t.build/Objects-normal/arm64/DocslothMarkdownIt.swiftdoc /Users/admin/builder/spi-builder-workspace/.derivedData/Build/Products/Debug-xros/DocslothMarkdownIt.swiftmodule/arm64-apple-xros.swiftdoc
Copy /Users/admin/builder/spi-builder-workspace/.derivedData/Build/Products/Debug-xros/DocslothMarkdownIt.swiftmodule/arm64-apple-xros.abi.json /Users/admin/builder/spi-builder-workspace/.derivedData/Build/Intermediates.noindex/Docsloth.build/Debug-xros/DocslothMarkdownIt-t.build/Objects-normal/arm64/DocslothMarkdownIt.abi.json (in target 'DocslothMarkdownIt' from project 'Docsloth')
    cd /Users/admin/builder/spi-builder-workspace
    builtin-copy -exclude .DS_Store -exclude CVS -exclude .svn -exclude .git -exclude .hg -resolve-src-symlinks -rename /Users/admin/builder/spi-builder-workspace/.derivedData/Build/Intermediates.noindex/Docsloth.build/Debug-xros/DocslothMarkdownIt-t.build/Objects-normal/arm64/DocslothMarkdownIt.abi.json /Users/admin/builder/spi-builder-workspace/.derivedData/Build/Products/Debug-xros/DocslothMarkdownIt.swiftmodule/arm64-apple-xros.abi.json
Copy /Users/admin/builder/spi-builder-workspace/.derivedData/Build/Products/Debug-xros/DocslothMarkdownIt.swiftmodule/Project/arm64-apple-xros.swiftsourceinfo /Users/admin/builder/spi-builder-workspace/.derivedData/Build/Intermediates.noindex/Docsloth.build/Debug-xros/DocslothMarkdownIt-t.build/Objects-normal/arm64/DocslothMarkdownIt.swiftsourceinfo (in target 'DocslothMarkdownIt' from project 'Docsloth')
    cd /Users/admin/builder/spi-builder-workspace
    builtin-copy -exclude .DS_Store -exclude CVS -exclude .svn -exclude .git -exclude .hg -resolve-src-symlinks -rename /Users/admin/builder/spi-builder-workspace/.derivedData/Build/Intermediates.noindex/Docsloth.build/Debug-xros/DocslothMarkdownIt-t.build/Objects-normal/arm64/DocslothMarkdownIt.swiftsourceinfo /Users/admin/builder/spi-builder-workspace/.derivedData/Build/Products/Debug-xros/DocslothMarkdownIt.swiftmodule/Project/arm64-apple-xros.swiftsourceinfo
SwiftDriver\ Compilation DocslothMarkdownItShared normal arm64 com.apple.xcode.tools.swift.compiler (in target 'DocslothMarkdownItShared' from project 'Docsloth')
    cd /Users/admin/builder/spi-builder-workspace/.swiftpm/xcode
    builtin-Swift-Compilation -- /Applications/Xcode-27.0.0-Release.Candidate.app/Contents/Developer/Toolchains/XcodeDefault.xctoolchain/usr/bin/swiftc -parse-as-library -module-name DocslothMarkdownItShared -Onone @/Users/admin/builder/spi-builder-workspace/.derivedData/Build/Intermediates.noindex/Docsloth.build/Debug-xros/DocslothMarkdownItShared-t.build/Objects-normal/arm64/DocslothMarkdownItShared.SwiftFileList -DSWIFT_PACKAGE -DDEBUG -DSWIFT_MODULE_RESOURCE_BUNDLE_UNAVAILABLE -DXcode -plugin-path /Applications/Xcode-27.0.0-Release.Candidate.app/Contents/Developer/Toolchains/XcodeDefault.xctoolchain/usr/lib/swift/host/plugins/testing -enable-experimental-feature DebugDescriptionMacro -sdk /Applications/Xcode-27.0.0-Release.Candidate.app/Contents/Developer/Platforms/XROS.platform/Developer/SDKs/XROS27.0.sdk -target arm64-apple-xros1.0 -g -module-cache-path /Users/admin/builder/spi-builder-workspace/.derivedData/ModuleCache.noindex -Xfrontend -serialize-debugging-options -profile-coverage-mapping -profile-generate -enable-testing -index-store-path /Users/admin/builder/spi-builder-workspace/.derivedData/Index.noindex/DataStore -Xcc -D_LIBCPP_HARDENING_MODE\=_LIBCPP_HARDENING_MODE_DEBUG -swift-version 6 -I /Users/admin/builder/spi-builder-workspace/.derivedData/Build/Products/Debug-xros -Isystem /Applications/Xcode-27.0.0-Release.Candidate.app/Contents/Developer/Platforms/XROS.platform/Developer/usr/lib -F /Users/admin/builder/spi-builder-workspace/.derivedData/Build/Products/Debug-xros/PackageFrameworks -F /Users/admin/builder/spi-builder-workspace/.derivedData/Build/Products/Debug-xros -F /Applications/Xcode-27.0.0-Release.Candidate.app/Contents/Developer/Platforms/XROS.platform/Developer/Library/Frameworks -F /Applications/Xcode-27.0.0-Release.Candidate.app/Contents/Developer/Platforms/XROS.platform/Developer/SDKs/XROS27.0.sdk/Developer/Library/Frameworks -c -j10 -enable-batch-mode -incremental -Xcc -ivfsstatcache -Xcc /Users/admin/builder/spi-builder-workspace/.derivedData/SDKStatCaches.noindex/xros27.0-24M361-e829b21a6f8c9b70876ba0858053c044735bd543db762f57723cac368afd1ce4.sdkstatcache -output-file-map /Users/admin/builder/spi-builder-workspace/.derivedData/Build/Intermediates.noindex/Docsloth.build/Debug-xros/DocslothMarkdownItShared-t.build/Objects-normal/arm64/DocslothMarkdownItShared-OutputFileMap.json -save-temps -no-color-diagnostics -explicit-module-build -module-cache-path /Users/admin/builder/spi-builder-workspace/.derivedData/Build/Intermediates.noindex/SwiftExplicitPrecompiledModules -clang-scanner-module-cache-path /Users/admin/builder/spi-builder-workspace/.derivedData/ModuleCache.noindex -sdk-module-cache-path /Users/admin/builder/spi-builder-workspace/.derivedData/SDKExplicitPrecompiledModules -emit-dependencies -emit-module -emit-module-path /Users/admin/builder/spi-builder-workspace/.derivedData/Build/Intermediates.noindex/Docsloth.build/Debug-xros/DocslothMarkdownItShared-t.build/Objects-normal/arm64/DocslothMarkdownItShared.swiftmodule -serialize-diagnostics -dependency-scan-serialize-diagnostics-path /Users/admin/builder/spi-builder-workspace/.derivedData/Build/Intermediates.noindex/Docsloth.build/Debug-xros/DocslothMarkdownItShared-t.build/Objects-normal/arm64/DocslothMarkdownItShared-dependency-scan.dia -validate-clang-modules-once -clang-build-session-file /Users/admin/builder/spi-builder-workspace/.derivedData/ModuleCache.noindex/Session.modulevalidation -Xcc -fmodules-prune-interval\=86400 -Xcc -fmodules-prune-after\=345600 -package-name spi_builder_workspace -emit-const-values -const-gather-protocols-list /Users/admin/builder/spi-builder-workspace/.derivedData/Build/Intermediates.noindex/Docsloth.build/Debug-xros/DocslothMarkdownItShared-t.build/Objects-normal/arm64/DocslothMarkdownItShared_const_extract_protocols.json -Xcc -I/Users/admin/builder/spi-builder-workspace/.derivedData/Build/Products/Debug-xros/include -Xcc -I/Users/admin/builder/spi-builder-workspace/.derivedData/Build/Intermediates.noindex/Docsloth.build/Debug-xros/DocslothMarkdownItShared-t.build/DerivedSources-normal/arm64 -Xcc -I/Users/admin/builder/spi-builder-workspace/.derivedData/Build/Intermediates.noindex/Docsloth.build/Debug-xros/DocslothMarkdownItShared-t.build/DerivedSources/arm64 -Xcc -I/Users/admin/builder/spi-builder-workspace/.derivedData/Build/Intermediates.noindex/Docsloth.build/Debug-xros/DocslothMarkdownItShared-t.build/DerivedSources -Xcc -DSWIFT_PACKAGE -Xcc -DDEBUG\=1 -emit-objc-header -emit-objc-header-path /Users/admin/builder/spi-builder-workspace/.derivedData/Build/Intermediates.noindex/Docsloth.build/Debug-xros/DocslothMarkdownItShared-t.build/Objects-normal/arm64/DocslothMarkdownItShared-Swift.h -working-directory /Users/admin/builder/spi-builder-workspace/.swiftpm/xcode -experimental-emit-module-separately -disable-cmo
SwiftDriver\ Compilation DocslothMarkdownItGFMCJKFriendly normal arm64 com.apple.xcode.tools.swift.compiler (in target 'DocslothMarkdownItGFMCJKFriendly' from project 'Docsloth')
    cd /Users/admin/builder/spi-builder-workspace/.swiftpm/xcode
    builtin-Swift-Compilation -- /Applications/Xcode-27.0.0-Release.Candidate.app/Contents/Developer/Toolchains/XcodeDefault.xctoolchain/usr/bin/swiftc -parse-as-library -module-name DocslothMarkdownItGFMCJKFriendly -Onone @/Users/admin/builder/spi-builder-workspace/.derivedData/Build/Intermediates.noindex/Docsloth.build/Debug-xros/DocslothMarkdownItGFMCJKFriendly-t.build/Objects-normal/arm64/DocslothMarkdownItGFMCJKFriendly.SwiftFileList -DSWIFT_PACKAGE -DDEBUG -DSWIFT_MODULE_RESOURCE_BUNDLE_AVAILABLE -DXcode -plugin-path /Applications/Xcode-27.0.0-Release.Candidate.app/Contents/Developer/Toolchains/XcodeDefault.xctoolchain/usr/lib/swift/host/plugins/testing -enable-experimental-feature DebugDescriptionMacro -sdk /Applications/Xcode-27.0.0-Release.Candidate.app/Contents/Developer/Platforms/XROS.platform/Developer/SDKs/XROS27.0.sdk -target arm64-apple-xros1.0 -g -module-cache-path /Users/admin/builder/spi-builder-workspace/.derivedData/ModuleCache.noindex -Xfrontend -serialize-debugging-options -profile-coverage-mapping -profile-generate -enable-testing -index-store-path /Users/admin/builder/spi-builder-workspace/.derivedData/Index.noindex/DataStore -Xcc -D_LIBCPP_HARDENING_MODE\=_LIBCPP_HARDENING_MODE_DEBUG -swift-version 6 -I /Users/admin/builder/spi-builder-workspace/.derivedData/Build/Products/Debug-xros -Isystem /Applications/Xcode-27.0.0-Release.Candidate.app/Contents/Developer/Platforms/XROS.platform/Developer/usr/lib -F /Users/admin/builder/spi-builder-workspace/.derivedData/Build/Products/Debug-xros/PackageFrameworks -F /Users/admin/builder/spi-builder-workspace/.derivedData/Build/Products/Debug-xros -F /Applications/Xcode-27.0.0-Release.Candidate.app/Contents/Developer/Platforms/XROS.platform/Developer/Library/Frameworks -F /Applications/Xcode-27.0.0-Release.Candidate.app/Contents/Developer/Platforms/XROS.platform/Developer/SDKs/XROS27.0.sdk/Developer/Library/Frameworks -c -j10 -enable-batch-mode -incremental -Xcc -ivfsstatcache -Xcc /Users/admin/builder/spi-builder-workspace/.derivedData/SDKStatCaches.noindex/xros27.0-24M361-e829b21a6f8c9b70876ba0858053c044735bd543db762f57723cac368afd1ce4.sdkstatcache -output-file-map /Users/admin/builder/spi-builder-workspace/.derivedData/Build/Intermediates.noindex/Docsloth.build/Debug-xros/DocslothMarkdownItGFMCJKFriendly-t.build/Objects-normal/arm64/DocslothMarkdownItGFMCJKFriendly-OutputFileMap.json -save-temps -no-color-diagnostics -explicit-module-build -module-cache-path /Users/admin/builder/spi-builder-workspace/.derivedData/Build/Intermediates.noindex/SwiftExplicitPrecompiledModules -clang-scanner-module-cache-path /Users/admin/builder/spi-builder-workspace/.derivedData/ModuleCache.noindex -sdk-module-cache-path /Users/admin/builder/spi-builder-workspace/.derivedData/SDKExplicitPrecompiledModules -emit-dependencies -emit-module -emit-module-path /Users/admin/builder/spi-builder-workspace/.derivedData/Build/Intermediates.noindex/Docsloth.build/Debug-xros/DocslothMarkdownItGFMCJKFriendly-t.build/Objects-normal/arm64/DocslothMarkdownItGFMCJKFriendly.swiftmodule -serialize-diagnostics -dependency-scan-serialize-diagnostics-path /Users/admin/builder/spi-builder-workspace/.derivedData/Build/Intermediates.noindex/Docsloth.build/Debug-xros/DocslothMarkdownItGFMCJKFriendly-t.build/Objects-normal/arm64/DocslothMarkdownItGFMCJKFriendly-dependency-scan.dia -validate-clang-modules-once -clang-build-session-file /Users/admin/builder/spi-builder-workspace/.derivedData/ModuleCache.noindex/Session.modulevalidation -Xcc -fmodules-prune-interval\=86400 -Xcc -fmodules-prune-after\=345600 -package-name spi_builder_workspace -emit-const-values -const-gather-protocols-list /Users/admin/builder/spi-builder-workspace/.derivedData/Build/Intermediates.noindex/Docsloth.build/Debug-xros/DocslothMarkdownItGFMCJKFriendly-t.build/Objects-normal/arm64/DocslothMarkdownItGFMCJKFriendly_const_extract_protocols.json -Xcc -I/Users/admin/builder/spi-builder-workspace/.derivedData/Build/Products/Debug-xros/include -Xcc -I/Users/admin/builder/spi-builder-workspace/.derivedData/Build/Intermediates.noindex/Docsloth.build/Debug-xros/DocslothMarkdownItGFMCJKFriendly-t.build/DerivedSources-normal/arm64 -Xcc -I/Users/admin/builder/spi-builder-workspace/.derivedData/Build/Intermediates.noindex/Docsloth.build/Debug-xros/DocslothMarkdownItGFMCJKFriendly-t.build/DerivedSources/arm64 -Xcc -I/Users/admin/builder/spi-builder-workspace/.derivedData/Build/Intermediates.noindex/Docsloth.build/Debug-xros/DocslothMarkdownItGFMCJKFriendly-t.build/DerivedSources -Xcc -DSWIFT_PACKAGE -Xcc -DDEBUG\=1 -emit-objc-header -emit-objc-header-path /Users/admin/builder/spi-builder-workspace/.derivedData/Build/Intermediates.noindex/Docsloth.build/Debug-xros/DocslothMarkdownItGFMCJKFriendly-t.build/Objects-normal/arm64/DocslothMarkdownItGFMCJKFriendly-Swift.h -working-directory /Users/admin/builder/spi-builder-workspace/.swiftpm/xcode -experimental-emit-module-separately -disable-cmo
SwiftCompile normal arm64 Compiling\ resource_bundle_accessor.swift /Users/admin/builder/spi-builder-workspace/.derivedData/Build/Intermediates.noindex/Docsloth.build/Debug-xros/DocslothMarkdownItGFM-t.build/DerivedSources/resource_bundle_accessor.swift (in target 'DocslothMarkdownItGFM' from project 'Docsloth')
SwiftCompile normal arm64 /Users/admin/builder/spi-builder-workspace/.derivedData/Build/Intermediates.noindex/Docsloth.build/Debug-xros/DocslothMarkdownItGFM-t.build/DerivedSources/resource_bundle_accessor.swift (in target 'DocslothMarkdownItGFM' from project 'Docsloth')
    cd /Users/admin/builder/spi-builder-workspace/.swiftpm/xcode
    builtin-SwiftPerFileCompile resource_bundle_accessor.swift
SwiftCompile normal arm64 Compiling\ MarkdownIt.swift /Users/admin/builder/spi-builder-workspace/Sources/MarkdownItGFM/MarkdownIt.swift (in target 'DocslothMarkdownItGFM' from project 'Docsloth')
SwiftCompile normal arm64 /Users/admin/builder/spi-builder-workspace/Sources/MarkdownItGFM/MarkdownIt.swift (in target 'DocslothMarkdownItGFM' from project 'Docsloth')
    cd /Users/admin/builder/spi-builder-workspace/.swiftpm/xcode
    builtin-SwiftPerFileCompile MarkdownIt.swift
SwiftCompile normal arm64 Compiling\ resource_bundle_accessor.swift /Users/admin/builder/spi-builder-workspace/.derivedData/Build/Intermediates.noindex/Docsloth.build/Debug-xros/DocslothMarkdownIt-t.build/DerivedSources/resource_bundle_accessor.swift (in target 'DocslothMarkdownIt' from project 'Docsloth')
SwiftCompile normal arm64 /Users/admin/builder/spi-builder-workspace/.derivedData/Build/Intermediates.noindex/Docsloth.build/Debug-xros/DocslothMarkdownIt-t.build/DerivedSources/resource_bundle_accessor.swift (in target 'DocslothMarkdownIt' from project 'Docsloth')
    cd /Users/admin/builder/spi-builder-workspace/.swiftpm/xcode
    builtin-SwiftPerFileCompile resource_bundle_accessor.swift
SwiftCompile normal arm64 Compiling\ MarkdownIt.swift /Users/admin/builder/spi-builder-workspace/Sources/MarkdownIt/MarkdownIt.swift (in target 'DocslothMarkdownIt' from project 'Docsloth')
SwiftCompile normal arm64 /Users/admin/builder/spi-builder-workspace/Sources/MarkdownIt/MarkdownIt.swift (in target 'DocslothMarkdownIt' from project 'Docsloth')
    cd /Users/admin/builder/spi-builder-workspace/.swiftpm/xcode
    builtin-SwiftPerFileCompile MarkdownIt.swift
SwiftDriver\ Compilation DocslothAsciidoctor normal arm64 com.apple.xcode.tools.swift.compiler (in target 'DocslothAsciidoctor' from project 'Docsloth')
    cd /Users/admin/builder/spi-builder-workspace/.swiftpm/xcode
    builtin-Swift-Compilation -- /Applications/Xcode-27.0.0-Release.Candidate.app/Contents/Developer/Toolchains/XcodeDefault.xctoolchain/usr/bin/swiftc -parse-as-library -module-name DocslothAsciidoctor -Onone @/Users/admin/builder/spi-builder-workspace/.derivedData/Build/Intermediates.noindex/Docsloth.build/Debug-xros/DocslothAsciidoctor-t.build/Objects-normal/arm64/DocslothAsciidoctor.SwiftFileList -DSWIFT_PACKAGE -DDEBUG -DSWIFT_MODULE_RESOURCE_BUNDLE_AVAILABLE -DXcode -plugin-path /Applications/Xcode-27.0.0-Release.Candidate.app/Contents/Developer/Toolchains/XcodeDefault.xctoolchain/usr/lib/swift/host/plugins/testing -enable-experimental-feature DebugDescriptionMacro -sdk /Applications/Xcode-27.0.0-Release.Candidate.app/Contents/Developer/Platforms/XROS.platform/Developer/SDKs/XROS27.0.sdk -target arm64-apple-xros1.0 -g -module-cache-path /Users/admin/builder/spi-builder-workspace/.derivedData/ModuleCache.noindex -Xfrontend -serialize-debugging-options -profile-coverage-mapping -profile-generate -enable-testing -index-store-path /Users/admin/builder/spi-builder-workspace/.derivedData/Index.noindex/DataStore -Xcc -D_LIBCPP_HARDENING_MODE\=_LIBCPP_HARDENING_MODE_DEBUG -swift-version 6 -I /Users/admin/builder/spi-builder-workspace/.derivedData/Build/Products/Debug-xros -Isystem /Applications/Xcode-27.0.0-Release.Candidate.app/Contents/Developer/Platforms/XROS.platform/Developer/usr/lib -F /Users/admin/builder/spi-builder-workspace/.derivedData/Build/Products/Debug-xros/PackageFrameworks -F /Users/admin/builder/spi-builder-workspace/.derivedData/Build/Products/Debug-xros -F /Applications/Xcode-27.0.0-Release.Candidate.app/Contents/Developer/Platforms/XROS.platform/Developer/Library/Frameworks -F /Applications/Xcode-27.0.0-Release.Candidate.app/Contents/Developer/Platforms/XROS.platform/Developer/SDKs/XROS27.0.sdk/Developer/Library/Frameworks -c -j10 -enable-batch-mode -incremental -Xcc -ivfsstatcache -Xcc /Users/admin/builder/spi-builder-workspace/.derivedData/SDKStatCaches.noindex/xros27.0-24M361-e829b21a6f8c9b70876ba0858053c044735bd543db762f57723cac368afd1ce4.sdkstatcache -output-file-map /Users/admin/builder/spi-builder-workspace/.derivedData/Build/Intermediates.noindex/Docsloth.build/Debug-xros/DocslothAsciidoctor-t.build/Objects-normal/arm64/DocslothAsciidoctor-OutputFileMap.json -save-temps -no-color-diagnostics -explicit-module-build -module-cache-path /Users/admin/builder/spi-builder-workspace/.derivedData/Build/Intermediates.noindex/SwiftExplicitPrecompiledModules -clang-scanner-module-cache-path /Users/admin/builder/spi-builder-workspace/.derivedData/ModuleCache.noindex -sdk-module-cache-path /Users/admin/builder/spi-builder-workspace/.derivedData/SDKExplicitPrecompiledModules -emit-dependencies -emit-module -emit-module-path /Users/admin/builder/spi-builder-workspace/.derivedData/Build/Intermediates.noindex/Docsloth.build/Debug-xros/DocslothAsciidoctor-t.build/Objects-normal/arm64/DocslothAsciidoctor.swiftmodule -serialize-diagnostics -dependency-scan-serialize-diagnostics-path /Users/admin/builder/spi-builder-workspace/.derivedData/Build/Intermediates.noindex/Docsloth.build/Debug-xros/DocslothAsciidoctor-t.build/Objects-normal/arm64/DocslothAsciidoctor-dependency-scan.dia -validate-clang-modules-once -clang-build-session-file /Users/admin/builder/spi-builder-workspace/.derivedData/ModuleCache.noindex/Session.modulevalidation -Xcc -fmodules-prune-interval\=86400 -Xcc -fmodules-prune-after\=345600 -package-name spi_builder_workspace -emit-const-values -const-gather-protocols-list /Users/admin/builder/spi-builder-workspace/.derivedData/Build/Intermediates.noindex/Docsloth.build/Debug-xros/DocslothAsciidoctor-t.build/Objects-normal/arm64/DocslothAsciidoctor_const_extract_protocols.json -Xcc -I/Users/admin/builder/spi-builder-workspace/.derivedData/Build/Products/Debug-xros/include -Xcc -I/Users/admin/builder/spi-builder-workspace/.derivedData/Build/Intermediates.noindex/Docsloth.build/Debug-xros/DocslothAsciidoctor-t.build/DerivedSources-normal/arm64 -Xcc -I/Users/admin/builder/spi-builder-workspace/.derivedData/Build/Intermediates.noindex/Docsloth.build/Debug-xros/DocslothAsciidoctor-t.build/DerivedSources/arm64 -Xcc -I/Users/admin/builder/spi-builder-workspace/.derivedData/Build/Intermediates.noindex/Docsloth.build/Debug-xros/DocslothAsciidoctor-t.build/DerivedSources -Xcc -DSWIFT_PACKAGE -Xcc -DDEBUG\=1 -emit-objc-header -emit-objc-header-path /Users/admin/builder/spi-builder-workspace/.derivedData/Build/Intermediates.noindex/Docsloth.build/Debug-xros/DocslothAsciidoctor-t.build/Objects-normal/arm64/DocslothAsciidoctor-Swift.h -working-directory /Users/admin/builder/spi-builder-workspace/.swiftpm/xcode -experimental-emit-module-separately -disable-cmo
ExtractAppIntentsMetadata (in target 'DocslothCore' from project 'Docsloth')
    cd /Users/admin/builder/spi-builder-workspace
    /Applications/Xcode-27.0.0-Release.Candidate.app/Contents/Developer/Toolchains/XcodeDefault.xctoolchain/usr/bin/appintentsmetadataprocessor --toolchain-dir /var/run/com.apple.security.cryptexd/mnt/com.apple.MobileAsset.MetalToolchain-v27.1.266.1.3XGwMn/Metal.xctoolchain --module-name DocslothCore --sdk-root /Applications/Xcode-27.0.0-Release.Candidate.app/Contents/Developer/Platforms/XROS.platform/Developer/SDKs/XROS27.0.sdk --xcode-version 27A266a --platform-family xrOS --deployment-target 1.0 --bundle-identifier spi-builder-workspace.DocslothCore --output /Users/admin/builder/spi-builder-workspace/.derivedData/Build/Products/Debug-xros/DocslothCore.appintents --target-triple arm64-apple-xros1.0 --binary-file /Users/admin/builder/spi-builder-workspace/.derivedData/Build/Products/Debug-xros/DocslothCore.o --dependency-file /Users/admin/builder/spi-builder-workspace/.derivedData/Build/Intermediates.noindex/Docsloth.build/Debug-xros/DocslothCore-t.build/Objects-normal/arm64/DocslothCore_dependency_info.dat --stringsdata-file /Users/admin/builder/spi-builder-workspace/.derivedData/Build/Intermediates.noindex/Docsloth.build/Debug-xros/DocslothCore-t.build/Objects-normal/arm64/ExtractedAppShortcutsMetadata.stringsdata --source-file-list /Users/admin/builder/spi-builder-workspace/.derivedData/Build/Intermediates.noindex/Docsloth.build/Debug-xros/DocslothCore-t.build/Objects-normal/arm64/DocslothCore.SwiftFileList --metadata-file-list /Users/admin/builder/spi-builder-workspace/.derivedData/Build/Intermediates.noindex/Docsloth.build/Debug-xros/DocslothCore-t.build/DocslothCore.DependencyMetadataFileList --static-metadata-file-list /Users/admin/builder/spi-builder-workspace/.derivedData/Build/Intermediates.noindex/Docsloth.build/Debug-xros/DocslothCore-t.build/DocslothCore.DependencyStaticMetadataFileList --swift-const-vals-list /Users/admin/builder/spi-builder-workspace/.derivedData/Build/Intermediates.noindex/Docsloth.build/Debug-xros/DocslothCore-t.build/Objects-normal/arm64/DocslothCore.SwiftConstValuesFileList --force --compile-time-extraction --deployment-aware-processing --no-app-shortcuts-localization
2026-09-23 10:22:29.706 appintentsmetadataprocessor[869:5200] Starting appintentsmetadataprocessor export
2026-09-23 10:22:29.842 appintentsmetadataprocessor[869:5200] Extracted no relevant App Intents symbols, skipping writing output
SwiftExplicitDependencyGeneratePcm arm64 /Users/admin/builder/spi-builder-workspace/.derivedData/SDKExplicitPrecompiledModules/AVRouting-A58BUG9HB1NCTPD2PCCO84ARM.pcm
SwiftExplicitDependencyGeneratePcm arm64 /Users/admin/builder/spi-builder-workspace/.derivedData/SDKExplicitPrecompiledModules/CoreVideo-4PK3Q849TG28PPFW9ON3UC1O9.pcm
SwiftDriverJobDiscovery normal arm64 Compiling MarkdownIt.swift (in target 'DocslothMarkdownItGFM' from project 'Docsloth')
SwiftDriverJobDiscovery normal arm64 Compiling MarkdownIt.swift (in target 'DocslothMarkdownIt' from project 'Docsloth')
SwiftDriverJobDiscovery normal arm64 Compiling resource_bundle_accessor.swift (in target 'DocslothMarkdownIt' from project 'Docsloth')
SwiftDriver\ Compilation DocslothMarkdownIt normal arm64 com.apple.xcode.tools.swift.compiler (in target 'DocslothMarkdownIt' from project 'Docsloth')
    cd /Users/admin/builder/spi-builder-workspace/.swiftpm/xcode
    builtin-Swift-Compilation -- /Applications/Xcode-27.0.0-Release.Candidate.app/Contents/Developer/Toolchains/XcodeDefault.xctoolchain/usr/bin/swiftc -parse-as-library -module-name DocslothMarkdownIt -Onone @/Users/admin/builder/spi-builder-workspace/.derivedData/Build/Intermediates.noindex/Docsloth.build/Debug-xros/DocslothMarkdownIt-t.build/Objects-normal/arm64/DocslothMarkdownIt.SwiftFileList -DSWIFT_PACKAGE -DDEBUG -DSWIFT_MODULE_RESOURCE_BUNDLE_AVAILABLE -DXcode -plugin-path /Applications/Xcode-27.0.0-Release.Candidate.app/Contents/Developer/Toolchains/XcodeDefault.xctoolchain/usr/lib/swift/host/plugins/testing -enable-experimental-feature DebugDescriptionMacro -sdk /Applications/Xcode-27.0.0-Release.Candidate.app/Contents/Developer/Platforms/XROS.platform/Developer/SDKs/XROS27.0.sdk -target arm64-apple-xros1.0 -g -module-cache-path /Users/admin/builder/spi-builder-workspace/.derivedData/ModuleCache.noindex -Xfrontend -serialize-debugging-options -profile-coverage-mapping -profile-generate -enable-testing -index-store-path /Users/admin/builder/spi-builder-workspace/.derivedData/Index.noindex/DataStore -Xcc -D_LIBCPP_HARDENING_MODE\=_LIBCPP_HARDENING_MODE_DEBUG -swift-version 6 -I /Users/admin/builder/spi-builder-workspace/.derivedData/Build/Products/Debug-xros -Isystem /Applications/Xcode-27.0.0-Release.Candidate.app/Contents/Developer/Platforms/XROS.platform/Developer/usr/lib -F /Users/admin/builder/spi-builder-workspace/.derivedData/Build/Products/Debug-xros/PackageFrameworks -F /Users/admin/builder/spi-builder-workspace/.derivedData/Build/Products/Debug-xros -F /Applications/Xcode-27.0.0-Release.Candidate.app/Contents/Developer/Platforms/XROS.platform/Developer/Library/Frameworks -F /Applications/Xcode-27.0.0-Release.Candidate.app/Contents/Developer/Platforms/XROS.platform/Developer/SDKs/XROS27.0.sdk/Developer/Library/Frameworks -c -j10 -enable-batch-mode -incremental -Xcc -ivfsstatcache -Xcc /Users/admin/builder/spi-builder-workspace/.derivedData/SDKStatCaches.noindex/xros27.0-24M361-e829b21a6f8c9b70876ba0858053c044735bd543db762f57723cac368afd1ce4.sdkstatcache -output-file-map /Users/admin/builder/spi-builder-workspace/.derivedData/Build/Intermediates.noindex/Docsloth.build/Debug-xros/DocslothMarkdownIt-t.build/Objects-normal/arm64/DocslothMarkdownIt-OutputFileMap.json -save-temps -no-color-diagnostics -explicit-module-build -module-cache-path /Users/admin/builder/spi-builder-workspace/.derivedData/Build/Intermediates.noindex/SwiftExplicitPrecompiledModules -clang-scanner-module-cache-path /Users/admin/builder/spi-builder-workspace/.derivedData/ModuleCache.noindex -sdk-module-cache-path /Users/admin/builder/spi-builder-workspace/.derivedData/SDKExplicitPrecompiledModules -emit-dependencies -emit-module -emit-module-path /Users/admin/builder/spi-builder-workspace/.derivedData/Build/Intermediates.noindex/Docsloth.build/Debug-xros/DocslothMarkdownIt-t.build/Objects-normal/arm64/DocslothMarkdownIt.swiftmodule -serialize-diagnostics -dependency-scan-serialize-diagnostics-path /Users/admin/builder/spi-builder-workspace/.derivedData/Build/Intermediates.noindex/Docsloth.build/Debug-xros/DocslothMarkdownIt-t.build/Objects-normal/arm64/DocslothMarkdownIt-dependency-scan.dia -validate-clang-modules-once -clang-build-session-file /Users/admin/builder/spi-builder-workspace/.derivedData/ModuleCache.noindex/Session.modulevalidation -Xcc -fmodules-prune-interval\=86400 -Xcc -fmodules-prune-after\=345600 -package-name spi_builder_workspace -emit-const-values -const-gather-protocols-list /Users/admin/builder/spi-builder-workspace/.derivedData/Build/Intermediates.noindex/Docsloth.build/Debug-xros/DocslothMarkdownIt-t.build/Objects-normal/arm64/DocslothMarkdownIt_const_extract_protocols.json -Xcc -I/Users/admin/builder/spi-builder-workspace/.derivedData/Build/Products/Debug-xros/include -Xcc -I/Users/admin/builder/spi-builder-workspace/.derivedData/Build/Intermediates.noindex/Docsloth.build/Debug-xros/DocslothMarkdownIt-t.build/DerivedSources-normal/arm64 -Xcc -I/Users/admin/builder/spi-builder-workspace/.derivedData/Build/Intermediates.noindex/Docsloth.build/Debug-xros/DocslothMarkdownIt-t.build/DerivedSources/arm64 -Xcc -I/Users/admin/builder/spi-builder-workspace/.derivedData/Build/Intermediates.noindex/Docsloth.build/Debug-xros/DocslothMarkdownIt-t.build/DerivedSources -Xcc -DSWIFT_PACKAGE -Xcc -DDEBUG\=1 -emit-objc-header -emit-objc-header-path /Users/admin/builder/spi-builder-workspace/.derivedData/Build/Intermediates.noindex/Docsloth.build/Debug-xros/DocslothMarkdownIt-t.build/Objects-normal/arm64/DocslothMarkdownIt-Swift.h -working-directory /Users/admin/builder/spi-builder-workspace/.swiftpm/xcode -experimental-emit-module-separately -disable-cmo
SwiftDriverJobDiscovery normal arm64 Compiling resource_bundle_accessor.swift (in target 'DocslothMarkdownItGFM' from project 'Docsloth')
SwiftDriver\ Compilation DocslothMarkdownItGFM normal arm64 com.apple.xcode.tools.swift.compiler (in target 'DocslothMarkdownItGFM' from project 'Docsloth')
    cd /Users/admin/builder/spi-builder-workspace/.swiftpm/xcode
    builtin-Swift-Compilation -- /Applications/Xcode-27.0.0-Release.Candidate.app/Contents/Developer/Toolchains/XcodeDefault.xctoolchain/usr/bin/swiftc -parse-as-library -module-name DocslothMarkdownItGFM -Onone @/Users/admin/builder/spi-builder-workspace/.derivedData/Build/Intermediates.noindex/Docsloth.build/Debug-xros/DocslothMarkdownItGFM-t.build/Objects-normal/arm64/DocslothMarkdownItGFM.SwiftFileList -DSWIFT_PACKAGE -DDEBUG -DSWIFT_MODULE_RESOURCE_BUNDLE_AVAILABLE -DXcode -plugin-path /Applications/Xcode-27.0.0-Release.Candidate.app/Contents/Developer/Toolchains/XcodeDefault.xctoolchain/usr/lib/swift/host/plugins/testing -enable-experimental-feature DebugDescriptionMacro -sdk /Applications/Xcode-27.0.0-Release.Candidate.app/Contents/Developer/Platforms/XROS.platform/Developer/SDKs/XROS27.0.sdk -target arm64-apple-xros1.0 -g -module-cache-path /Users/admin/builder/spi-builder-workspace/.derivedData/ModuleCache.noindex -Xfrontend -serialize-debugging-options -profile-coverage-mapping -profile-generate -enable-testing -index-store-path /Users/admin/builder/spi-builder-workspace/.derivedData/Index.noindex/DataStore -Xcc -D_LIBCPP_HARDENING_MODE\=_LIBCPP_HARDENING_MODE_DEBUG -swift-version 6 -I /Users/admin/builder/spi-builder-workspace/.derivedData/Build/Products/Debug-xros -Isystem /Applications/Xcode-27.0.0-Release.Candidate.app/Contents/Developer/Platforms/XROS.platform/Developer/usr/lib -F /Users/admin/builder/spi-builder-workspace/.derivedData/Build/Products/Debug-xros/PackageFrameworks -F /Users/admin/builder/spi-builder-workspace/.derivedData/Build/Products/Debug-xros -F /Applications/Xcode-27.0.0-Release.Candidate.app/Contents/Developer/Platforms/XROS.platform/Developer/Library/Frameworks -F /Applications/Xcode-27.0.0-Release.Candidate.app/Contents/Developer/Platforms/XROS.platform/Developer/SDKs/XROS27.0.sdk/Developer/Library/Frameworks -c -j10 -enable-batch-mode -incremental -Xcc -ivfsstatcache -Xcc /Users/admin/builder/spi-builder-workspace/.derivedData/SDKStatCaches.noindex/xros27.0-24M361-e829b21a6f8c9b70876ba0858053c044735bd543db762f57723cac368afd1ce4.sdkstatcache -output-file-map /Users/admin/builder/spi-builder-workspace/.derivedData/Build/Intermediates.noindex/Docsloth.build/Debug-xros/DocslothMarkdownItGFM-t.build/Objects-normal/arm64/DocslothMarkdownItGFM-OutputFileMap.json -save-temps -no-color-diagnostics -explicit-module-build -module-cache-path /Users/admin/builder/spi-builder-workspace/.derivedData/Build/Intermediates.noindex/SwiftExplicitPrecompiledModules -clang-scanner-module-cache-path /Users/admin/builder/spi-builder-workspace/.derivedData/ModuleCache.noindex -sdk-module-cache-path /Users/admin/builder/spi-builder-workspace/.derivedData/SDKExplicitPrecompiledModules -emit-dependencies -emit-module -emit-module-path /Users/admin/builder/spi-builder-workspace/.derivedData/Build/Intermediates.noindex/Docsloth.build/Debug-xros/DocslothMarkdownItGFM-t.build/Objects-normal/arm64/DocslothMarkdownItGFM.swiftmodule -serialize-diagnostics -dependency-scan-serialize-diagnostics-path /Users/admin/builder/spi-builder-workspace/.derivedData/Build/Intermediates.noindex/Docsloth.build/Debug-xros/DocslothMarkdownItGFM-t.build/Objects-normal/arm64/DocslothMarkdownItGFM-dependency-scan.dia -validate-clang-modules-once -clang-build-session-file /Users/admin/builder/spi-builder-workspace/.derivedData/ModuleCache.noindex/Session.modulevalidation -Xcc -fmodules-prune-interval\=86400 -Xcc -fmodules-prune-after\=345600 -package-name spi_builder_workspace -emit-const-values -const-gather-protocols-list /Users/admin/builder/spi-builder-workspace/.derivedData/Build/Intermediates.noindex/Docsloth.build/Debug-xros/DocslothMarkdownItGFM-t.build/Objects-normal/arm64/DocslothMarkdownItGFM_const_extract_protocols.json -Xcc -I/Users/admin/builder/spi-builder-workspace/.derivedData/Build/Products/Debug-xros/include -Xcc -I/Users/admin/builder/spi-builder-workspace/.derivedData/Build/Intermediates.noindex/Docsloth.build/Debug-xros/DocslothMarkdownItGFM-t.build/DerivedSources-normal/arm64 -Xcc -I/Users/admin/builder/spi-builder-workspace/.derivedData/Build/Intermediates.noindex/Docsloth.build/Debug-xros/DocslothMarkdownItGFM-t.build/DerivedSources/arm64 -Xcc -I/Users/admin/builder/spi-builder-workspace/.derivedData/Build/Intermediates.noindex/Docsloth.build/Debug-xros/DocslothMarkdownItGFM-t.build/DerivedSources -Xcc -DSWIFT_PACKAGE -Xcc -DDEBUG\=1 -emit-objc-header -emit-objc-header-path /Users/admin/builder/spi-builder-workspace/.derivedData/Build/Intermediates.noindex/Docsloth.build/Debug-xros/DocslothMarkdownItGFM-t.build/Objects-normal/arm64/DocslothMarkdownItGFM-Swift.h -working-directory /Users/admin/builder/spi-builder-workspace/.swiftpm/xcode -experimental-emit-module-separately -disable-cmo
SwiftExplicitDependencyGeneratePcm arm64 /Users/admin/builder/spi-builder-workspace/.derivedData/SDKExplicitPrecompiledModules/simd-7J2M7D2SOHYQ7IO8MYH2RXTKH.pcm
SwiftExplicitDependencyGeneratePcm arm64 /Users/admin/builder/spi-builder-workspace/.derivedData/SDKExplicitPrecompiledModules/CoreMedia-X23SRPCPJE6SQFHHHYCZ7WVC.pcm
SwiftExplicitDependencyGeneratePcm arm64 /Users/admin/builder/spi-builder-workspace/.derivedData/SDKExplicitPrecompiledModules/QuartzCore-6ZHUATRF8P4D51R22KZF8F6EG.pcm
SwiftExplicitDependencyGeneratePcm arm64 /Users/admin/builder/spi-builder-workspace/.derivedData/SDKExplicitPrecompiledModules/CoreML-C2BW2527PDNODK16LJ9I668C8.pcm
SwiftExplicitDependencyGeneratePcm arm64 /Users/admin/builder/spi-builder-workspace/.derivedData/SDKExplicitPrecompiledModules/ARKitFoundation-BT979VLYXKXTC443T81YQQEY1.pcm
SwiftExplicitDependencyGeneratePcm arm64 /Users/admin/builder/spi-builder-workspace/.derivedData/SDKExplicitPrecompiledModules/CoreImage-9GN6OPXIJ356C54K347I7T417.pcm
Ld /Users/admin/builder/spi-builder-workspace/.derivedData/Build/Products/Debug-xros/DocslothMarkdownItShared.o normal (in target 'DocslothMarkdownItShared' from project 'Docsloth')
    cd /Users/admin/builder/spi-builder-workspace
    /Applications/Xcode-27.0.0-Release.Candidate.app/Contents/Developer/Toolchains/XcodeDefault.xctoolchain/usr/bin/clang -Xlinker -reproducible -target arm64-apple-xros1.0 -r -isysroot /Applications/Xcode-27.0.0-Release.Candidate.app/Contents/Developer/Platforms/XROS.platform/Developer/SDKs/XROS27.0.sdk -O0 -Xlinker -no_warn_duplicate_libraries -F/Users/admin/builder/spi-builder-workspace/.derivedData/Build/Intermediates.noindex/EagerLinkingTBDs/Debug-xros -F/Users/admin/builder/spi-builder-workspace/.derivedData/Build/Products/Debug-xros/PackageFrameworks -F/Users/admin/builder/spi-builder-workspace/.derivedData/Build/Products/Debug-xros -iframework /Applications/Xcode-27.0.0-Release.Candidate.app/Contents/Developer/Platforms/XROS.platform/Developer/Library/Frameworks -iframework /Applications/Xcode-27.0.0-Release.Candidate.app/Contents/Developer/Platforms/XROS.platform/Developer/SDKs/XROS27.0.sdk/Developer/Library/Frameworks -filelist /Users/admin/builder/spi-builder-workspace/.derivedData/Build/Intermediates.noindex/Docsloth.build/Debug-xros/DocslothMarkdownItShared-t.build/Objects-normal/arm64/DocslothMarkdownItShared.LinkFileList -nostdlib -Xlinker -object_path_lto -Xlinker /Users/admin/builder/spi-builder-workspace/.derivedData/Build/Intermediates.noindex/Docsloth.build/Debug-xros/DocslothMarkdownItShared-t.build/Objects-normal/arm64/DocslothMarkdownItShared_lto.o -Xlinker -no_deduplicate -Xlinker -debug_variant -Xlinker -dependency_info -Xlinker /Users/admin/builder/spi-builder-workspace/.derivedData/Build/Intermediates.noindex/Docsloth.build/Debug-xros/DocslothMarkdownItShared-t.build/Objects-normal/arm64/DocslothMarkdownItShared_dependency_info.dat -fobjc-link-runtime -L/Applications/Xcode-27.0.0-Release.Candidate.app/Contents/Developer/Toolchains/XcodeDefault.xctoolchain/usr/lib/swift/xros -L/usr/lib/swift -Xlinker -add_ast_path -Xlinker /Users/admin/builder/spi-builder-workspace/.derivedData/Build/Intermediates.noindex/Docsloth.build/Debug-xros/DocslothMarkdownItShared-t.build/Objects-normal/arm64/DocslothMarkdownItShared.swiftmodule -o /Users/admin/builder/spi-builder-workspace/.derivedData/Build/Products/Debug-xros/DocslothMarkdownItShared.o
Ld /Users/admin/builder/spi-builder-workspace/.derivedData/Build/Products/Debug-xros/DocslothAsciidoctor.o normal (in target 'DocslothAsciidoctor' from project 'Docsloth')
    cd /Users/admin/builder/spi-builder-workspace
    /Applications/Xcode-27.0.0-Release.Candidate.app/Contents/Developer/Toolchains/XcodeDefault.xctoolchain/usr/bin/clang -Xlinker -reproducible -target arm64-apple-xros1.0 -r -isysroot /Applications/Xcode-27.0.0-Release.Candidate.app/Contents/Developer/Platforms/XROS.platform/Developer/SDKs/XROS27.0.sdk -O0 -Xlinker -no_warn_duplicate_libraries -F/Users/admin/builder/spi-builder-workspace/.derivedData/Build/Intermediates.noindex/EagerLinkingTBDs/Debug-xros -F/Users/admin/builder/spi-builder-workspace/.derivedData/Build/Products/Debug-xros/PackageFrameworks -F/Users/admin/builder/spi-builder-workspace/.derivedData/Build/Products/Debug-xros -iframework /Applications/Xcode-27.0.0-Release.Candidate.app/Contents/Developer/Platforms/XROS.platform/Developer/Library/Frameworks -iframework /Applications/Xcode-27.0.0-Release.Candidate.app/Contents/Developer/Platforms/XROS.platform/Developer/SDKs/XROS27.0.sdk/Developer/Library/Frameworks -filelist /Users/admin/builder/spi-builder-workspace/.derivedData/Build/Intermediates.noindex/Docsloth.build/Debug-xros/DocslothAsciidoctor-t.build/Objects-normal/arm64/DocslothAsciidoctor.LinkFileList -nostdlib -Xlinker -object_path_lto -Xlinker /Users/admin/builder/spi-builder-workspace/.derivedData/Build/Intermediates.noindex/Docsloth.build/Debug-xros/DocslothAsciidoctor-t.build/Objects-normal/arm64/DocslothAsciidoctor_lto.o -Xlinker -no_deduplicate -Xlinker -debug_variant -Xlinker -dependency_info -Xlinker /Users/admin/builder/spi-builder-workspace/.derivedData/Build/Intermediates.noindex/Docsloth.build/Debug-xros/DocslothAsciidoctor-t.build/Objects-normal/arm64/DocslothAsciidoctor_dependency_info.dat -fobjc-link-runtime -L/Applications/Xcode-27.0.0-Release.Candidate.app/Contents/Developer/Toolchains/XcodeDefault.xctoolchain/usr/lib/swift/xros -L/usr/lib/swift -Xlinker -add_ast_path -Xlinker /Users/admin/builder/spi-builder-workspace/.derivedData/Build/Intermediates.noindex/Docsloth.build/Debug-xros/DocslothAsciidoctor-t.build/Objects-normal/arm64/DocslothAsciidoctor.swiftmodule -o /Users/admin/builder/spi-builder-workspace/.derivedData/Build/Products/Debug-xros/DocslothAsciidoctor.o
ExtractAppIntentsMetadata (in target 'DocslothMarkdownItShared' from project 'Docsloth')
    cd /Users/admin/builder/spi-builder-workspace
    /Applications/Xcode-27.0.0-Release.Candidate.app/Contents/Developer/Toolchains/XcodeDefault.xctoolchain/usr/bin/appintentsmetadataprocessor --toolchain-dir /var/run/com.apple.security.cryptexd/mnt/com.apple.MobileAsset.MetalToolchain-v27.1.266.1.3XGwMn/Metal.xctoolchain --module-name DocslothMarkdownItShared --sdk-root /Applications/Xcode-27.0.0-Release.Candidate.app/Contents/Developer/Platforms/XROS.platform/Developer/SDKs/XROS27.0.sdk --xcode-version 27A266a --platform-family xrOS --deployment-target 1.0 --bundle-identifier spi-builder-workspace.DocslothMarkdownItShared --output /Users/admin/builder/spi-builder-workspace/.derivedData/Build/Products/Debug-xros/DocslothMarkdownItShared.appintents --target-triple arm64-apple-xros1.0 --binary-file /Users/admin/builder/spi-builder-workspace/.derivedData/Build/Products/Debug-xros/DocslothMarkdownItShared.o --dependency-file /Users/admin/builder/spi-builder-workspace/.derivedData/Build/Intermediates.noindex/Docsloth.build/Debug-xros/DocslothMarkdownItShared-t.build/Objects-normal/arm64/DocslothMarkdownItShared_dependency_info.dat --stringsdata-file /Users/admin/builder/spi-builder-workspace/.derivedData/Build/Intermediates.noindex/Docsloth.build/Debug-xros/DocslothMarkdownItShared-t.build/Objects-normal/arm64/ExtractedAppShortcutsMetadata.stringsdata --source-file-list /Users/admin/builder/spi-builder-workspace/.derivedData/Build/Intermediates.noindex/Docsloth.build/Debug-xros/DocslothMarkdownItShared-t.build/Objects-normal/arm64/DocslothMarkdownItShared.SwiftFileList --metadata-file-list /Users/admin/builder/spi-builder-workspace/.derivedData/Build/Intermediates.noindex/Docsloth.build/Debug-xros/DocslothMarkdownItShared-t.build/DocslothMarkdownItShared.DependencyMetadataFileList --static-metadata-file-list /Users/admin/builder/spi-builder-workspace/.derivedData/Build/Intermediates.noindex/Docsloth.build/Debug-xros/DocslothMarkdownItShared-t.build/DocslothMarkdownItShared.DependencyStaticMetadataFileList --swift-const-vals-list /Users/admin/builder/spi-builder-workspace/.derivedData/Build/Intermediates.noindex/Docsloth.build/Debug-xros/DocslothMarkdownItShared-t.build/Objects-normal/arm64/DocslothMarkdownItShared.SwiftConstValuesFileList --force --compile-time-extraction --deployment-aware-processing --no-app-shortcuts-localization
2026-09-23 10:22:29.912 appintentsmetadataprocessor[882:5245] Starting appintentsmetadataprocessor export
2026-09-23 10:22:29.990 appintentsmetadataprocessor[882:5245] Extracted no relevant App Intents symbols, skipping writing output
ExtractAppIntentsMetadata (in target 'DocslothAsciidoctor' from project 'Docsloth')
    cd /Users/admin/builder/spi-builder-workspace
    /Applications/Xcode-27.0.0-Release.Candidate.app/Contents/Developer/Toolchains/XcodeDefault.xctoolchain/usr/bin/appintentsmetadataprocessor --toolchain-dir /var/run/com.apple.security.cryptexd/mnt/com.apple.MobileAsset.MetalToolchain-v27.1.266.1.3XGwMn/Metal.xctoolchain --module-name DocslothAsciidoctor --sdk-root /Applications/Xcode-27.0.0-Release.Candidate.app/Contents/Developer/Platforms/XROS.platform/Developer/SDKs/XROS27.0.sdk --xcode-version 27A266a --platform-family xrOS --deployment-target 1.0 --bundle-identifier spi-builder-workspace.DocslothAsciidoctor --output /Users/admin/builder/spi-builder-workspace/.derivedData/Build/Products/Debug-xros/DocslothAsciidoctor.appintents --target-triple arm64-apple-xros1.0 --binary-file /Users/admin/builder/spi-builder-workspace/.derivedData/Build/Products/Debug-xros/DocslothAsciidoctor.o --dependency-file /Users/admin/builder/spi-builder-workspace/.derivedData/Build/Intermediates.noindex/Docsloth.build/Debug-xros/DocslothAsciidoctor-t.build/Objects-normal/arm64/DocslothAsciidoctor_dependency_info.dat --stringsdata-file /Users/admin/builder/spi-builder-workspace/.derivedData/Build/Intermediates.noindex/Docsloth.build/Debug-xros/DocslothAsciidoctor-t.build/Objects-normal/arm64/ExtractedAppShortcutsMetadata.stringsdata --source-file-list /Users/admin/builder/spi-builder-workspace/.derivedData/Build/Intermediates.noindex/Docsloth.build/Debug-xros/DocslothAsciidoctor-t.build/Objects-normal/arm64/DocslothAsciidoctor.SwiftFileList --metadata-file-list /Users/admin/builder/spi-builder-workspace/.derivedData/Build/Intermediates.noindex/Docsloth.build/Debug-xros/DocslothAsciidoctor-t.build/DocslothAsciidoctor.DependencyMetadataFileList --static-metadata-file-list /Users/admin/builder/spi-builder-workspace/.derivedData/Build/Intermediates.noindex/Docsloth.build/Debug-xros/DocslothAsciidoctor-t.build/DocslothAsciidoctor.DependencyStaticMetadataFileList --swift-const-vals-list /Users/admin/builder/spi-builder-workspace/.derivedData/Build/Intermediates.noindex/Docsloth.build/Debug-xros/DocslothAsciidoctor-t.build/Objects-normal/arm64/DocslothAsciidoctor.SwiftConstValuesFileList --force --compile-time-extraction --deployment-aware-processing --no-app-shortcuts-localization
2026-09-23 10:22:29.912 appintentsmetadataprocessor[883:5246] Starting appintentsmetadataprocessor export
2026-09-23 10:22:29.990 appintentsmetadataprocessor[883:5246] Extracted no relevant App Intents symbols, skipping writing output
SwiftExplicitDependencyGeneratePcm arm64 /Users/admin/builder/spi-builder-workspace/.derivedData/SDKExplicitPrecompiledModules/MediaToolbox-ANHHEHPC85W3ECWTCJ308UFOE.pcm
SwiftExplicitDependencyGeneratePcm arm64 /Users/admin/builder/spi-builder-workspace/.derivedData/SDKExplicitPrecompiledModules/AVFAudio-7A6YZTGYW2RLZD9E99CP5838N.pcm
SwiftExplicitDependencyGeneratePcm arm64 /Users/admin/builder/spi-builder-workspace/.derivedData/SDKExplicitPrecompiledModules/VideoToolbox-3P3B69YG5JT8YUFOCSUNDM59.pcm
SwiftExplicitDependencyGeneratePcm arm64 /Users/admin/builder/spi-builder-workspace/.derivedData/SDKExplicitPrecompiledModules/UIKit-1PV3XTOUQPUVY5I4MLPUAXR9J.pcm
Ld /Users/admin/builder/spi-builder-workspace/.derivedData/Build/Products/Debug-xros/DocslothMarkdownItGFM.o normal (in target 'DocslothMarkdownItGFM' from project 'Docsloth')
    cd /Users/admin/builder/spi-builder-workspace
    /Applications/Xcode-27.0.0-Release.Candidate.app/Contents/Developer/Toolchains/XcodeDefault.xctoolchain/usr/bin/clang -Xlinker -reproducible -target arm64-apple-xros1.0 -r -isysroot /Applications/Xcode-27.0.0-Release.Candidate.app/Contents/Developer/Platforms/XROS.platform/Developer/SDKs/XROS27.0.sdk -O0 -Xlinker -no_warn_duplicate_libraries -F/Users/admin/builder/spi-builder-workspace/.derivedData/Build/Intermediates.noindex/EagerLinkingTBDs/Debug-xros -F/Users/admin/builder/spi-builder-workspace/.derivedData/Build/Products/Debug-xros/PackageFrameworks -F/Users/admin/builder/spi-builder-workspace/.derivedData/Build/Products/Debug-xros -iframework /Applications/Xcode-27.0.0-Release.Candidate.app/Contents/Developer/Platforms/XROS.platform/Developer/Library/Frameworks -iframework /Applications/Xcode-27.0.0-Release.Candidate.app/Contents/Developer/Platforms/XROS.platform/Developer/SDKs/XROS27.0.sdk/Developer/Library/Frameworks -filelist /Users/admin/builder/spi-builder-workspace/.derivedData/Build/Intermediates.noindex/Docsloth.build/Debug-xros/DocslothMarkdownItGFM-t.build/Objects-normal/arm64/DocslothMarkdownItGFM.LinkFileList -nostdlib -Xlinker -object_path_lto -Xlinker /Users/admin/builder/spi-builder-workspace/.derivedData/Build/Intermediates.noindex/Docsloth.build/Debug-xros/DocslothMarkdownItGFM-t.build/Objects-normal/arm64/DocslothMarkdownItGFM_lto.o -Xlinker -no_deduplicate -Xlinker -debug_variant -Xlinker -dependency_info -Xlinker /Users/admin/builder/spi-builder-workspace/.derivedData/Build/Intermediates.noindex/Docsloth.build/Debug-xros/DocslothMarkdownItGFM-t.build/Objects-normal/arm64/DocslothMarkdownItGFM_dependency_info.dat -fobjc-link-runtime -L/Applications/Xcode-27.0.0-Release.Candidate.app/Contents/Developer/Toolchains/XcodeDefault.xctoolchain/usr/lib/swift/xros -L/usr/lib/swift -Xlinker -add_ast_path -Xlinker /Users/admin/builder/spi-builder-workspace/.derivedData/Build/Intermediates.noindex/Docsloth.build/Debug-xros/DocslothMarkdownItGFM-t.build/Objects-normal/arm64/DocslothMarkdownItGFM.swiftmodule -o /Users/admin/builder/spi-builder-workspace/.derivedData/Build/Products/Debug-xros/DocslothMarkdownItGFM.o
Ld /Users/admin/builder/spi-builder-workspace/.derivedData/Build/Products/Debug-xros/DocslothMarkdownItGFMCJKFriendly.o normal (in target 'DocslothMarkdownItGFMCJKFriendly' from project 'Docsloth')
    cd /Users/admin/builder/spi-builder-workspace
    /Applications/Xcode-27.0.0-Release.Candidate.app/Contents/Developer/Toolchains/XcodeDefault.xctoolchain/usr/bin/clang -Xlinker -reproducible -target arm64-apple-xros1.0 -r -isysroot /Applications/Xcode-27.0.0-Release.Candidate.app/Contents/Developer/Platforms/XROS.platform/Developer/SDKs/XROS27.0.sdk -O0 -Xlinker -no_warn_duplicate_libraries -F/Users/admin/builder/spi-builder-workspace/.derivedData/Build/Intermediates.noindex/EagerLinkingTBDs/Debug-xros -F/Users/admin/builder/spi-builder-workspace/.derivedData/Build/Products/Debug-xros/PackageFrameworks -F/Users/admin/builder/spi-builder-workspace/.derivedData/Build/Products/Debug-xros -iframework /Applications/Xcode-27.0.0-Release.Candidate.app/Contents/Developer/Platforms/XROS.platform/Developer/Library/Frameworks -iframework /Applications/Xcode-27.0.0-Release.Candidate.app/Contents/Developer/Platforms/XROS.platform/Developer/SDKs/XROS27.0.sdk/Developer/Library/Frameworks -filelist /Users/admin/builder/spi-builder-workspace/.derivedData/Build/Intermediates.noindex/Docsloth.build/Debug-xros/DocslothMarkdownItGFMCJKFriendly-t.build/Objects-normal/arm64/DocslothMarkdownItGFMCJKFriendly.LinkFileList -nostdlib -Xlinker -object_path_lto -Xlinker /Users/admin/builder/spi-builder-workspace/.derivedData/Build/Intermediates.noindex/Docsloth.build/Debug-xros/DocslothMarkdownItGFMCJKFriendly-t.build/Objects-normal/arm64/DocslothMarkdownItGFMCJKFriendly_lto.o -Xlinker -no_deduplicate -Xlinker -debug_variant -Xlinker -dependency_info -Xlinker /Users/admin/builder/spi-builder-workspace/.derivedData/Build/Intermediates.noindex/Docsloth.build/Debug-xros/DocslothMarkdownItGFMCJKFriendly-t.build/Objects-normal/arm64/DocslothMarkdownItGFMCJKFriendly_dependency_info.dat -fobjc-link-runtime -L/Applications/Xcode-27.0.0-Release.Candidate.app/Contents/Developer/Toolchains/XcodeDefault.xctoolchain/usr/lib/swift/xros -L/usr/lib/swift -Xlinker -add_ast_path -Xlinker /Users/admin/builder/spi-builder-workspace/.derivedData/Build/Intermediates.noindex/Docsloth.build/Debug-xros/DocslothMarkdownItGFMCJKFriendly-t.build/Objects-normal/arm64/DocslothMarkdownItGFMCJKFriendly.swiftmodule -o /Users/admin/builder/spi-builder-workspace/.derivedData/Build/Products/Debug-xros/DocslothMarkdownItGFMCJKFriendly.o
Ld /Users/admin/builder/spi-builder-workspace/.derivedData/Build/Products/Debug-xros/DocslothMarkdownIt.o normal (in target 'DocslothMarkdownIt' from project 'Docsloth')
    cd /Users/admin/builder/spi-builder-workspace
    /Applications/Xcode-27.0.0-Release.Candidate.app/Contents/Developer/Toolchains/XcodeDefault.xctoolchain/usr/bin/clang -Xlinker -reproducible -target arm64-apple-xros1.0 -r -isysroot /Applications/Xcode-27.0.0-Release.Candidate.app/Contents/Developer/Platforms/XROS.platform/Developer/SDKs/XROS27.0.sdk -O0 -Xlinker -no_warn_duplicate_libraries -F/Users/admin/builder/spi-builder-workspace/.derivedData/Build/Intermediates.noindex/EagerLinkingTBDs/Debug-xros -F/Users/admin/builder/spi-builder-workspace/.derivedData/Build/Products/Debug-xros/PackageFrameworks -F/Users/admin/builder/spi-builder-workspace/.derivedData/Build/Products/Debug-xros -iframework /Applications/Xcode-27.0.0-Release.Candidate.app/Contents/Developer/Platforms/XROS.platform/Developer/Library/Frameworks -iframework /Applications/Xcode-27.0.0-Release.Candidate.app/Contents/Developer/Platforms/XROS.platform/Developer/SDKs/XROS27.0.sdk/Developer/Library/Frameworks -filelist /Users/admin/builder/spi-builder-workspace/.derivedData/Build/Intermediates.noindex/Docsloth.build/Debug-xros/DocslothMarkdownIt-t.build/Objects-normal/arm64/DocslothMarkdownIt.LinkFileList -nostdlib -Xlinker -object_path_lto -Xlinker /Users/admin/builder/spi-builder-workspace/.derivedData/Build/Intermediates.noindex/Docsloth.build/Debug-xros/DocslothMarkdownIt-t.build/Objects-normal/arm64/DocslothMarkdownIt_lto.o -Xlinker -no_deduplicate -Xlinker -debug_variant -Xlinker -dependency_info -Xlinker /Users/admin/builder/spi-builder-workspace/.derivedData/Build/Intermediates.noindex/Docsloth.build/Debug-xros/DocslothMarkdownIt-t.build/Objects-normal/arm64/DocslothMarkdownIt_dependency_info.dat -fobjc-link-runtime -L/Applications/Xcode-27.0.0-Release.Candidate.app/Contents/Developer/Toolchains/XcodeDefault.xctoolchain/usr/lib/swift/xros -L/usr/lib/swift -Xlinker -add_ast_path -Xlinker /Users/admin/builder/spi-builder-workspace/.derivedData/Build/Intermediates.noindex/Docsloth.build/Debug-xros/DocslothMarkdownIt-t.build/Objects-normal/arm64/DocslothMarkdownIt.swiftmodule -o /Users/admin/builder/spi-builder-workspace/.derivedData/Build/Products/Debug-xros/DocslothMarkdownIt.o
ExtractAppIntentsMetadata (in target 'DocslothMarkdownIt' from project 'Docsloth')
    cd /Users/admin/builder/spi-builder-workspace
    /Applications/Xcode-27.0.0-Release.Candidate.app/Contents/Developer/Toolchains/XcodeDefault.xctoolchain/usr/bin/appintentsmetadataprocessor --toolchain-dir /var/run/com.apple.security.cryptexd/mnt/com.apple.MobileAsset.MetalToolchain-v27.1.266.1.3XGwMn/Metal.xctoolchain --module-name DocslothMarkdownIt --sdk-root /Applications/Xcode-27.0.0-Release.Candidate.app/Contents/Developer/Platforms/XROS.platform/Developer/SDKs/XROS27.0.sdk --xcode-version 27A266a --platform-family xrOS --deployment-target 1.0 --bundle-identifier spi-builder-workspace.DocslothMarkdownIt --output /Users/admin/builder/spi-builder-workspace/.derivedData/Build/Products/Debug-xros/DocslothMarkdownIt.appintents --target-triple arm64-apple-xros1.0 --binary-file /Users/admin/builder/spi-builder-workspace/.derivedData/Build/Products/Debug-xros/DocslothMarkdownIt.o --dependency-file /Users/admin/builder/spi-builder-workspace/.derivedData/Build/Intermediates.noindex/Docsloth.build/Debug-xros/DocslothMarkdownIt-t.build/Objects-normal/arm64/DocslothMarkdownIt_dependency_info.dat --stringsdata-file /Users/admin/builder/spi-builder-workspace/.derivedData/Build/Intermediates.noindex/Docsloth.build/Debug-xros/DocslothMarkdownIt-t.build/Objects-normal/arm64/ExtractedAppShortcutsMetadata.stringsdata --source-file-list /Users/admin/builder/spi-builder-workspace/.derivedData/Build/Intermediates.noindex/Docsloth.build/Debug-xros/DocslothMarkdownIt-t.build/Objects-normal/arm64/DocslothMarkdownIt.SwiftFileList --metadata-file-list /Users/admin/builder/spi-builder-workspace/.derivedData/Build/Intermediates.noindex/Docsloth.build/Debug-xros/DocslothMarkdownIt-t.build/DocslothMarkdownIt.DependencyMetadataFileList --static-metadata-file-list /Users/admin/builder/spi-builder-workspace/.derivedData/Build/Intermediates.noindex/Docsloth.build/Debug-xros/DocslothMarkdownIt-t.build/DocslothMarkdownIt.DependencyStaticMetadataFileList --swift-const-vals-list /Users/admin/builder/spi-builder-workspace/.derivedData/Build/Intermediates.noindex/Docsloth.build/Debug-xros/DocslothMarkdownIt-t.build/Objects-normal/arm64/DocslothMarkdownIt.SwiftConstValuesFileList --force --compile-time-extraction --deployment-aware-processing --no-app-shortcuts-localization
2026-09-23 10:22:30.067 appintentsmetadataprocessor[894:5293] Starting appintentsmetadataprocessor export
2026-09-23 10:22:30.146 appintentsmetadataprocessor[894:5293] Extracted no relevant App Intents symbols, skipping writing output
ExtractAppIntentsMetadata (in target 'DocslothMarkdownItGFM' from project 'Docsloth')
    cd /Users/admin/builder/spi-builder-workspace
    /Applications/Xcode-27.0.0-Release.Candidate.app/Contents/Developer/Toolchains/XcodeDefault.xctoolchain/usr/bin/appintentsmetadataprocessor --toolchain-dir /var/run/com.apple.security.cryptexd/mnt/com.apple.MobileAsset.MetalToolchain-v27.1.266.1.3XGwMn/Metal.xctoolchain --module-name DocslothMarkdownItGFM --sdk-root /Applications/Xcode-27.0.0-Release.Candidate.app/Contents/Developer/Platforms/XROS.platform/Developer/SDKs/XROS27.0.sdk --xcode-version 27A266a --platform-family xrOS --deployment-target 1.0 --bundle-identifier spi-builder-workspace.DocslothMarkdownItGFM --output /Users/admin/builder/spi-builder-workspace/.derivedData/Build/Products/Debug-xros/DocslothMarkdownItGFM.appintents --target-triple arm64-apple-xros1.0 --binary-file /Users/admin/builder/spi-builder-workspace/.derivedData/Build/Products/Debug-xros/DocslothMarkdownItGFM.o --dependency-file /Users/admin/builder/spi-builder-workspace/.derivedData/Build/Intermediates.noindex/Docsloth.build/Debug-xros/DocslothMarkdownItGFM-t.build/Objects-normal/arm64/DocslothMarkdownItGFM_dependency_info.dat --stringsdata-file /Users/admin/builder/spi-builder-workspace/.derivedData/Build/Intermediates.noindex/Docsloth.build/Debug-xros/DocslothMarkdownItGFM-t.build/Objects-normal/arm64/ExtractedAppShortcutsMetadata.stringsdata --source-file-list /Users/admin/builder/spi-builder-workspace/.derivedData/Build/Intermediates.noindex/Docsloth.build/Debug-xros/DocslothMarkdownItGFM-t.build/Objects-normal/arm64/DocslothMarkdownItGFM.SwiftFileList --metadata-file-list /Users/admin/builder/spi-builder-workspace/.derivedData/Build/Intermediates.noindex/Docsloth.build/Debug-xros/DocslothMarkdownItGFM-t.build/DocslothMarkdownItGFM.DependencyMetadataFileList --static-metadata-file-list /Users/admin/builder/spi-builder-workspace/.derivedData/Build/Intermediates.noindex/Docsloth.build/Debug-xros/DocslothMarkdownItGFM-t.build/DocslothMarkdownItGFM.DependencyStaticMetadataFileList --swift-const-vals-list /Users/admin/builder/spi-builder-workspace/.derivedData/Build/Intermediates.noindex/Docsloth.build/Debug-xros/DocslothMarkdownItGFM-t.build/Objects-normal/arm64/DocslothMarkdownItGFM.SwiftConstValuesFileList --force --compile-time-extraction --deployment-aware-processing --no-app-shortcuts-localization
2026-09-23 10:22:30.067 appintentsmetadataprocessor[895:5294] Starting appintentsmetadataprocessor export
2026-09-23 10:22:30.144 appintentsmetadataprocessor[895:5294] Extracted no relevant App Intents symbols, skipping writing output
ExtractAppIntentsMetadata (in target 'DocslothMarkdownItGFMCJKFriendly' from project 'Docsloth')
    cd /Users/admin/builder/spi-builder-workspace
    /Applications/Xcode-27.0.0-Release.Candidate.app/Contents/Developer/Toolchains/XcodeDefault.xctoolchain/usr/bin/appintentsmetadataprocessor --toolchain-dir /var/run/com.apple.security.cryptexd/mnt/com.apple.MobileAsset.MetalToolchain-v27.1.266.1.3XGwMn/Metal.xctoolchain --module-name DocslothMarkdownItGFMCJKFriendly --sdk-root /Applications/Xcode-27.0.0-Release.Candidate.app/Contents/Developer/Platforms/XROS.platform/Developer/SDKs/XROS27.0.sdk --xcode-version 27A266a --platform-family xrOS --deployment-target 1.0 --bundle-identifier spi-builder-workspace.DocslothMarkdownItGFMCJKFriendly --output /Users/admin/builder/spi-builder-workspace/.derivedData/Build/Products/Debug-xros/DocslothMarkdownItGFMCJKFriendly.appintents --target-triple arm64-apple-xros1.0 --binary-file /Users/admin/builder/spi-builder-workspace/.derivedData/Build/Products/Debug-xros/DocslothMarkdownItGFMCJKFriendly.o --dependency-file /Users/admin/builder/spi-builder-workspace/.derivedData/Build/Intermediates.noindex/Docsloth.build/Debug-xros/DocslothMarkdownItGFMCJKFriendly-t.build/Objects-normal/arm64/DocslothMarkdownItGFMCJKFriendly_dependency_info.dat --stringsdata-file /Users/admin/builder/spi-builder-workspace/.derivedData/Build/Intermediates.noindex/Docsloth.build/Debug-xros/DocslothMarkdownItGFMCJKFriendly-t.build/Objects-normal/arm64/ExtractedAppShortcutsMetadata.stringsdata --source-file-list /Users/admin/builder/spi-builder-workspace/.derivedData/Build/Intermediates.noindex/Docsloth.build/Debug-xros/DocslothMarkdownItGFMCJKFriendly-t.build/Objects-normal/arm64/DocslothMarkdownItGFMCJKFriendly.SwiftFileList --metadata-file-list /Users/admin/builder/spi-builder-workspace/.derivedData/Build/Intermediates.noindex/Docsloth.build/Debug-xros/DocslothMarkdownItGFMCJKFriendly-t.build/DocslothMarkdownItGFMCJKFriendly.DependencyMetadataFileList --static-metadata-file-list /Users/admin/builder/spi-builder-workspace/.derivedData/Build/Intermediates.noindex/Docsloth.build/Debug-xros/DocslothMarkdownItGFMCJKFriendly-t.build/DocslothMarkdownItGFMCJKFriendly.DependencyStaticMetadataFileList --swift-const-vals-list /Users/admin/builder/spi-builder-workspace/.derivedData/Build/Intermediates.noindex/Docsloth.build/Debug-xros/DocslothMarkdownItGFMCJKFriendly-t.build/Objects-normal/arm64/DocslothMarkdownItGFMCJKFriendly.SwiftConstValuesFileList --force --compile-time-extraction --deployment-aware-processing --no-app-shortcuts-localization
2026-09-23 10:22:30.068 appintentsmetadataprocessor[896:5295] Starting appintentsmetadataprocessor export
2026-09-23 10:22:30.144 appintentsmetadataprocessor[896:5295] Extracted no relevant App Intents symbols, skipping writing output
SwiftExplicitDependencyGeneratePcm arm64 /Users/admin/builder/spi-builder-workspace/.derivedData/SDKExplicitPrecompiledModules/Vision-3I7AR38LZFB22SF4LQC7Q6KA.pcm
SwiftExplicitDependencyGeneratePcm arm64 /Users/admin/builder/spi-builder-workspace/.derivedData/SDKExplicitPrecompiledModules/AVFoundation-81FTBCX2AZLM90X977V6F8213.pcm
SwiftExplicitDependencyCompileModuleFromInterface arm64 /Users/admin/builder/spi-builder-workspace/.derivedData/SDKExplicitPrecompiledModules/ShaderGraph-URHKVVOFZL5Z.swiftmodule
SwiftExplicitDependencyGeneratePcm arm64 /Users/admin/builder/spi-builder-workspace/.derivedData/SDKExplicitPrecompiledModules/Spatial-92H2FIVGSGXGN6Z0PM4QAD9U8.pcm
SwiftExplicitDependencyGeneratePcm arm64 /Users/admin/builder/spi-builder-workspace/.derivedData/SDKExplicitPrecompiledModules/SwiftUICore-374BUSM2QWS9MQO694AHOADDT.pcm
SwiftExplicitDependencyGeneratePcm arm64 /Users/admin/builder/spi-builder-workspace/.derivedData/SDKExplicitPrecompiledModules/ARKitCore-3XTE32VQMIOYU5QR9S293LZS1.pcm
SwiftExplicitDependencyGeneratePcm arm64 /Users/admin/builder/spi-builder-workspace/.derivedData/SDKExplicitPrecompiledModules/SafariServices-518DBZ82WN49AVAEXD5V16I58.pcm
SwiftExplicitDependencyGeneratePcm arm64 /Users/admin/builder/spi-builder-workspace/.derivedData/SDKExplicitPrecompiledModules/SwiftUI-C448PJ9D4ZYA5OED1YDWBD562.pcm
SwiftExplicitDependencyGeneratePcm arm64 /Users/admin/builder/spi-builder-workspace/.derivedData/SDKExplicitPrecompiledModules/StoreKit-BAU1QF8ZBGMTCP0HZIRVVPH9Z.pcm
SwiftExplicitDependencyGeneratePcm arm64 /Users/admin/builder/spi-builder-workspace/.derivedData/SDKExplicitPrecompiledModules/GameController-X9URPRY7QBKI12E33T2Y28WV.pcm
SwiftExplicitDependencyGeneratePcm arm64 /Users/admin/builder/spi-builder-workspace/.derivedData/SDKExplicitPrecompiledModules/AuthenticationServices-AMHGMBFP6EUJ9XZ0TZ2884QMJ.pcm
SwiftExplicitDependencyGeneratePcm arm64 /Users/admin/builder/spi-builder-workspace/.derivedData/SDKExplicitPrecompiledModules/WebKit-AVF7Z7INZLDAID56DFQWYCRPZ.pcm
SwiftExplicitDependencyGeneratePcm arm64 /Users/admin/builder/spi-builder-workspace/.derivedData/SDKExplicitPrecompiledModules/ARKit-DR3A0F7OE5VAP1U4QICI8GJ1B.pcm
SwiftEmitModule normal arm64 Emitting\ module\ for\ DocslothUI (in target 'DocslothUI' from project 'Docsloth')
SwiftCompile normal arm64 (in target 'DocslothUI' from project 'Docsloth')
    cd /Users/admin/builder/spi-builder-workspace/.swiftpm/xcode

SwiftCompile normal arm64 Compiling\ Entitlement.swift /Users/admin/builder/spi-builder-workspace/Sources/UI/Utils/Entitlement.swift (in target 'DocslothUI' from project 'Docsloth')
SwiftCompile normal arm64 /Users/admin/builder/spi-builder-workspace/Sources/UI/Utils/Entitlement.swift (in target 'DocslothUI' from project 'Docsloth')
    cd /Users/admin/builder/spi-builder-workspace/.swiftpm/xcode
    builtin-SwiftPerFileCompile Entitlement.swift
SwiftCompile normal arm64 Compiling\ DSColor+Extensions.swift /Users/admin/builder/spi-builder-workspace/Sources/UI/Utils/DSColor+Extensions.swift (in target 'DocslothUI' from project 'Docsloth')
SwiftCompile normal arm64 /Users/admin/builder/spi-builder-workspace/Sources/UI/Utils/DSColor+Extensions.swift (in target 'DocslothUI' from project 'Docsloth')
    cd /Users/admin/builder/spi-builder-workspace/.swiftpm/xcode
    builtin-SwiftPerFileCompile DSColor+Extensions.swift
/Users/admin/builder/spi-builder-workspace/Sources/UI/Utils/DSColor+Extensions.swift:20:49: error: 'UIScreen' is unavailable in visionOS
18 |         let resolved: UIColor
19 |         if #available(iOS 13.0, tvOS 13.0, *) {
20 |             resolved = self.resolvedColor(with: UIScreen.main.traitCollection)
   |                                                 `- error: 'UIScreen' is unavailable in visionOS
21 |         } else {
22 |             resolved = self
/Applications/Xcode-27.0.0-Release.Candidate.app/Contents/Developer/Platforms/XROS.platform/Developer/SDKs/XROS27.0.sdk/System/Library/Frameworks/UIKit.framework/Headers/UIScreen.h:54:12: note: 'UIScreen' has been explicitly marked unavailable here
 52 |
 53 | UIKIT_EXTERN API_AVAILABLE(ios(2.0)) API_UNAVAILABLE(visionos, watchos) NS_SWIFT_UI_ACTOR
 54 | @interface UIScreen : NSObject <UITraitEnvironment>
    |            `- note: 'UIScreen' has been explicitly marked unavailable here
 55 |
 56 | @property(class, nonatomic, readonly) NSArray<UIScreen *> *screens API_DEPRECATED("Use UIApplication.shared.openSessions to find open sessions with scenes from other screens", ios(3.2, 16.0), visionos(1.0, 1.0)) API_UNAVAILABLE(watchos); // all screens currently attached to the device
Failed frontend command:
/Applications/Xcode-27.0.0-Release.Candidate.app/Contents/Developer/Toolchains/XcodeDefault.xctoolchain/usr/bin/swift-frontend -frontend -c /Users/admin/builder/spi-builder-workspace/Sources/UI/DocslothNavigationType.swift /Users/admin/builder/spi-builder-workspace/Sources/UI/DocslothStyle.swift /Users/admin/builder/spi-builder-workspace/Sources/UI/DocslothView.swift /Users/admin/builder/spi-builder-workspace/Sources/UI/DocslothWebView.swift /Users/admin/builder/spi-builder-workspace/Sources/UI/UIKit/UIApplication+Extensions.swift /Users/admin/builder/spi-builder-workspace/Sources/UI/UserInterfaceType.swift /Users/admin/builder/spi-builder-workspace/Sources/UI/Utils/Alias.swift -primary-file /Users/admin/builder/spi-builder-workspace/Sources/UI/Utils/DSColor+Extensions.swift /Users/admin/builder/spi-builder-workspace/Sources/UI/Utils/Entitlement.swift /Users/admin/builder/spi-builder-workspace/Sources/UI/Utils/Logger.swift -emit-dependencies-path /Users/admin/builder/spi-builder-workspace/.derivedData/Build/Intermediates.noindex/Docsloth.build/Debug-xros/DocslothUI-t.build/Objects-normal/arm64/DSColor+Extensions.d -emit-const-values-path /Users/admin/builder/spi-builder-workspace/.derivedData/Build/Intermediates.noindex/Docsloth.build/Debug-xros/DocslothUI-t.build/Objects-normal/arm64/DSColor+Extensions.swiftconstvalues -emit-reference-dependencies-path /Users/admin/builder/spi-builder-workspace/.derivedData/Build/Intermediates.noindex/Docsloth.build/Debug-xros/DocslothUI-t.build/Objects-normal/arm64/DSColor+Extensions.swiftdeps -serialize-diagnostics-path /Users/admin/builder/spi-builder-workspace/.derivedData/Build/Intermediates.noindex/Docsloth.build/Debug-xros/DocslothUI-t.build/Objects-normal/arm64/DSColor+Extensions.dia -target arm64-apple-xros1.0 -module-can-import-version UIKit 9127.0.84.1 9127.0.84 -disable-cross-import-overlay-search -swift-module-cross-import StoreKit /Applications/Xcode-27.0.0-Release.Candidate.app/Contents/Developer/Platforms/XROS.platform/Developer/SDKs/XROS.sdk/System/Library/Frameworks/StoreKit.framework/Modules/StoreKit.swiftcrossimport/SwiftUI.swiftoverlay -swift-module-cross-import StoreKit /Applications/Xcode-27.0.0-Release.Candidate.app/Contents/Developer/Platforms/XROS.platform/Developer/SDKs/XROS27.0.sdk/System/Library/Frameworks/StoreKit.framework/Modules/StoreKit.swiftcrossimport/SwiftUI.swiftoverlay -swift-module-cross-import WebKit /Applications/Xcode-27.0.0-Release.Candidate.app/Contents/Developer/Platforms/XROS.platform/Developer/SDKs/XROS.sdk/System/Library/Frameworks/WebKit.framework/Modules/WebKit.swiftcrossimport/SwiftUI.swiftoverlay -swift-module-cross-import WebKit /Applications/Xcode-27.0.0-Release.Candidate.app/Contents/Developer/Platforms/XROS.platform/Developer/SDKs/XROS27.0.sdk/System/Library/Frameworks/WebKit.framework/Modules/WebKit.swiftcrossimport/SwiftUI.swiftoverlay -load-resolved-plugin /Applications/Xcode-27.0.0-Release.Candidate.app/Contents/Developer/Platforms/XROS.platform/Developer/usr/lib/swift/host/plugins/libFoundationMacros.dylib\#/Applications/Xcode-27.0.0-Release.Candidate.app/Contents/Developer/Platforms/XROS.platform/Developer/usr/bin/swift-plugin-server\#FoundationMacros -load-resolved-plugin /Applications/Xcode-27.0.0-Release.Candidate.app/Contents/Developer/Platforms/XROS.platform/Developer/usr/lib/swift/host/plugins/libObservationMacros.dylib\#/Applications/Xcode-27.0.0-Release.Candidate.app/Contents/Developer/Platforms/XROS.platform/Developer/usr/bin/swift-plugin-server\#ObservationMacros -load-resolved-plugin /Applications/Xcode-27.0.0-Release.Candidate.app/Contents/Developer/Platforms/XROS.platform/Developer/usr/lib/swift/host/plugins/libPreviewsMacros.dylib\#/Applications/Xcode-27.0.0-Release.Candidate.app/Contents/Developer/Platforms/XROS.platform/Developer/usr/bin/swift-plugin-server\#PreviewsMacros -load-resolved-plugin /Applications/Xcode-27.0.0-Release.Candidate.app/Contents/Developer/Platforms/XROS.platform/Developer/usr/lib/swift/host/plugins/libSwiftMacros.dylib\#/Applications/Xcode-27.0.0-Release.Candidate.app/Contents/Developer/Platforms/XROS.platform/Developer/usr/bin/swift-plugin-server\#SwiftMacros -load-resolved-plugin /Applications/Xcode-27.0.0-Release.Candidate.app/Contents/Developer/Platforms/XROS.platform/Developer/usr/lib/swift/host/plugins/libSwiftUIMacros.dylib\#/Applications/Xcode-27.0.0-Release.Candidate.app/Contents/Developer/Platforms/XROS.platform/Developer/usr/bin/swift-plugin-server\#SwiftUIMacros -disable-implicit-swift-modules -Xcc -fno-implicit-modules -Xcc -fno-implicit-module-maps -explicit-swift-module-map-file /Users/admin/builder/spi-builder-workspace/.derivedData/Build/Intermediates.noindex/Docsloth.build/Debug-xros/DocslothUI-t.build/Objects-normal/arm64/DocslothUI-dependencies-1.json -Xllvm -aarch64-use-tbi -enable-objc-interop -stack-check -sdk /Applications/Xcode-27.0.0-Release.Candidate.app/Contents/Developer/Platforms/XROS.platform/Developer/SDKs/XROS27.0.sdk -I /Users/admin/builder/spi-builder-workspace/.derivedData/Build/Products/Debug-xros -Isystem /Applications/Xcode-27.0.0-Release.Candidate.app/Contents/Developer/Platforms/XROS.platform/Developer/usr/lib -F /Users/admin/builder/spi-builder-workspace/.derivedData/Build/Products/Debug-xros/PackageFrameworks -F /Users/admin/builder/spi-builder-workspace/.derivedData/Build/Products/Debug-xros -F /Applications/Xcode-27.0.0-Release.Candidate.app/Contents/Developer/Platforms/XROS.platform/Developer/Library/Frameworks -F /Applications/Xcode-27.0.0-Release.Candidate.app/Contents/Developer/Platforms/XROS.platform/Developer/SDKs/XROS27.0.sdk/Developer/Library/Frameworks -module-cache-path /Users/admin/builder/spi-builder-workspace/.derivedData/Build/Intermediates.noindex/SwiftExplicitPrecompiledModules -no-color-diagnostics -Xcc -fno-color-diagnostics -enable-testing -g -debug-info-format\=dwarf -dwarf-version\=4 -profile-generate -profile-coverage-mapping -swift-version 6 -Onone -D SWIFT_PACKAGE -D DEBUG -D SWIFT_MODULE_RESOURCE_BUNDLE_UNAVAILABLE -D Xcode -serialize-debugging-options -enable-experimental-feature DebugDescriptionMacro -empty-abi-descriptor -validate-clang-modules-once -clang-build-session-file /Users/admin/builder/spi-builder-workspace/.derivedData/ModuleCache.noindex/Session.modulevalidation -Xcc -working-directory -Xcc /Users/admin/builder/spi-builder-workspace/.swiftpm/xcode -enable-anonymous-context-mangled-names -file-compilation-dir /Users/admin/builder/spi-builder-workspace/.swiftpm/xcode -Xcc -D_LIBCPP_HARDENING_MODE\=_LIBCPP_HARDENING_MODE_DEBUG -Xcc -ivfsstatcache -Xcc /Users/admin/builder/spi-builder-workspace/.derivedData/SDKStatCaches.noindex/xros27.0-24M361-e829b21a6f8c9b70876ba0858053c044735bd543db762f57723cac368afd1ce4.sdkstatcache -Xcc -fmodules-prune-interval\=86400 -Xcc -fmodules-prune-after\=345600 -Xcc -I/Users/admin/builder/spi-builder-workspace/.derivedData/Build/Products/Debug-xros/include -Xcc -I/Users/admin/builder/spi-builder-workspace/.derivedData/Build/Intermediates.noindex/Docsloth.build/Debug-xros/DocslothUI-t.build/DerivedSources-normal/arm64 -Xcc -I/Users/admin/builder/spi-builder-workspace/.derivedData/Build/Intermediates.noindex/Docsloth.build/Debug-xros/DocslothUI-t.build/DerivedSources/arm64 -Xcc -I/Users/admin/builder/spi-builder-workspace/.derivedData/Build/Intermediates.noindex/Docsloth.build/Debug-xros/DocslothUI-t.build/DerivedSources -Xcc -DSWIFT_PACKAGE -Xcc -DDEBUG\=1 -no-auto-bridging-header-chaining -module-name DocslothUI -package-name spi_builder_workspace -const-gather-protocols-file /Users/admin/builder/spi-builder-workspace/.derivedData/Build/Intermediates.noindex/Docsloth.build/Debug-xros/DocslothUI-t.build/Objects-normal/arm64/DocslothUI_const_extract_protocols.json -disable-clang-spi -clang-target arm64-apple-xros27.0 -target-sdk-version 27.0 -target-sdk-name xros27.0 -in-process-plugin-server-path /Applications/Xcode-27.0.0-Release.Candidate.app/Contents/Developer/Toolchains/XcodeDefault.xctoolchain/usr/lib/swift/host/libSwiftInProcPluginServer.dylib -parse-as-library -o /Users/admin/builder/spi-builder-workspace/.derivedData/Build/Intermediates.noindex/Docsloth.build/Debug-xros/DocslothUI-t.build/Objects-normal/arm64/DSColor+Extensions.o -debug-module-path /Users/admin/builder/spi-builder-workspace/.derivedData/Build/Intermediates.noindex/Docsloth.build/Debug-xros/DocslothUI-t.build/Objects-normal/arm64/DocslothUI.swiftmodule -index-unit-output-path /Docsloth.build/Debug-xros/DocslothUI-t.build/Objects-normal/arm64/DSColor+Extensions.o -index-store-path /Users/admin/builder/spi-builder-workspace/.derivedData/Index.noindex/DataStore -index-system-modules
SwiftCompile normal arm64 Compiling\ Logger.swift /Users/admin/builder/spi-builder-workspace/Sources/UI/Utils/Logger.swift (in target 'DocslothUI' from project 'Docsloth')
SwiftCompile normal arm64 /Users/admin/builder/spi-builder-workspace/Sources/UI/Utils/Logger.swift (in target 'DocslothUI' from project 'Docsloth')
    cd /Users/admin/builder/spi-builder-workspace/.swiftpm/xcode
    builtin-SwiftPerFileCompile Logger.swift
SwiftCompile normal arm64 Compiling\ DocslothNavigationType.swift /Users/admin/builder/spi-builder-workspace/Sources/UI/DocslothNavigationType.swift (in target 'DocslothUI' from project 'Docsloth')
SwiftCompile normal arm64 /Users/admin/builder/spi-builder-workspace/Sources/UI/DocslothNavigationType.swift (in target 'DocslothUI' from project 'Docsloth')
    cd /Users/admin/builder/spi-builder-workspace/.swiftpm/xcode
    builtin-SwiftPerFileCompile DocslothNavigationType.swift
/Users/admin/builder/spi-builder-workspace/Sources/UI/DocslothNavigationType.swift:39:38: error: 'SKStoreProductViewController' is unavailable in visionOS
37 |             if prefersAppStore,
38 |                let appStoreID = url.appStoreID {
39 |                 let viewController = SKStoreProductViewController()
   |                                      `- error: 'SKStoreProductViewController' is unavailable in visionOS
40 |                 viewController.loadProduct(withParameters: [SKStoreProductParameterITunesItemIdentifier: appStoreID])
41 |                 topController.present(viewController, animated: true)
/Applications/Xcode-27.0.0-Release.Candidate.app/Contents/Developer/Platforms/XROS.platform/Developer/SDKs/XROS27.0.sdk/System/Library/Frameworks/StoreKit.framework/Headers/SKStoreProductViewController.h:26:128: note: 'SKStoreProductViewController' has been explicitly marked unavailable here
24 | SK_EXTERN_CLASS API_AVAILABLE(ios(6.0), macCatalyst(13.0), macos(11.0)) API_UNAVAILABLE(visionos) __TVOS_PROHIBITED @interface SKStoreProductViewController : NSViewController
25 | #else
26 | SK_EXTERN_CLASS API_AVAILABLE(ios(6.0), macCatalyst(13.0), macos(11.0)) API_UNAVAILABLE(visionos) __TVOS_PROHIBITED @interface SKStoreProductViewController : UIViewController
   |                                                                                                                                `- note: 'SKStoreProductViewController' has been explicitly marked unavailable here
27 | #endif
28 |
/Users/admin/builder/spi-builder-workspace/Sources/UI/DocslothNavigationType.swift:40:32: error: 'loadProduct(withParameters:completionBlock:)' is unavailable in visionOS
38 |                let appStoreID = url.appStoreID {
39 |                 let viewController = SKStoreProductViewController()
40 |                 viewController.loadProduct(withParameters: [SKStoreProductParameterITunesItemIdentifier: appStoreID])
   |                                `- error: 'loadProduct(withParameters:completionBlock:)' is unavailable in visionOS
41 |                 topController.present(viewController, animated: true)
42 |             } else {
/Applications/Xcode-27.0.0-Release.Candidate.app/Contents/Developer/Platforms/XROS.platform/Developer/SDKs/XROS27.0.sdk/System/Library/Frameworks/StoreKit.framework/Headers/SKStoreProductViewController.h:34:1: note: 'loadProduct(withParameters:completionBlock:)' has been explicitly marked unavailable here
32 | // Load product view for the product with the given parameters. See below for parameters (SKStoreProductParameter*).
33 | // Block is invoked when the load finishes.
34 | - (void)loadProductWithParameters:(NSDictionary<NSString *, id> *)parameters completionBlock:(nullable void(^)(BOOL result, NSError * __nullable error))block API_AVAILABLE(ios(6.0), macCatalyst(13.0), macos(11.0)) API_UNAVAILABLE(visionos) __TVOS_PROHIBITED;
   | `- note: 'loadProduct(withParameters:completionBlock:)' has been explicitly marked unavailable here
35 |
36 | // Load product view for the product with the given parameters and impression.
SwiftCompile normal arm64 Compiling\ DocslothView.swift /Users/admin/builder/spi-builder-workspace/Sources/UI/DocslothView.swift (in target 'DocslothUI' from project 'Docsloth')
SwiftCompile normal arm64 /Users/admin/builder/spi-builder-workspace/Sources/UI/DocslothView.swift (in target 'DocslothUI' from project 'Docsloth')
    cd /Users/admin/builder/spi-builder-workspace/.swiftpm/xcode
    builtin-SwiftPerFileCompile DocslothView.swift
SwiftCompile normal arm64 Compiling\ Alias.swift /Users/admin/builder/spi-builder-workspace/Sources/UI/Utils/Alias.swift (in target 'DocslothUI' from project 'Docsloth')
SwiftCompile normal arm64 /Users/admin/builder/spi-builder-workspace/Sources/UI/Utils/Alias.swift (in target 'DocslothUI' from project 'Docsloth')
    cd /Users/admin/builder/spi-builder-workspace/.swiftpm/xcode
    builtin-SwiftPerFileCompile Alias.swift
SwiftCompile normal arm64 Compiling\ DocslothWebView.swift /Users/admin/builder/spi-builder-workspace/Sources/UI/DocslothWebView.swift (in target 'DocslothUI' from project 'Docsloth')
SwiftCompile normal arm64 /Users/admin/builder/spi-builder-workspace/Sources/UI/DocslothWebView.swift (in target 'DocslothUI' from project 'Docsloth')
    cd /Users/admin/builder/spi-builder-workspace/.swiftpm/xcode
    builtin-SwiftPerFileCompile DocslothWebView.swift
SwiftCompile normal arm64 Compiling\ DocslothStyle.swift /Users/admin/builder/spi-builder-workspace/Sources/UI/DocslothStyle.swift (in target 'DocslothUI' from project 'Docsloth')
SwiftCompile normal arm64 /Users/admin/builder/spi-builder-workspace/Sources/UI/DocslothStyle.swift (in target 'DocslothUI' from project 'Docsloth')
    cd /Users/admin/builder/spi-builder-workspace/.swiftpm/xcode
    builtin-SwiftPerFileCompile DocslothStyle.swift
SwiftCompile normal arm64 Compiling\ UIApplication+Extensions.swift /Users/admin/builder/spi-builder-workspace/Sources/UI/UIKit/UIApplication+Extensions.swift (in target 'DocslothUI' from project 'Docsloth')
SwiftCompile normal arm64 /Users/admin/builder/spi-builder-workspace/Sources/UI/UIKit/UIApplication+Extensions.swift (in target 'DocslothUI' from project 'Docsloth')
    cd /Users/admin/builder/spi-builder-workspace/.swiftpm/xcode
    builtin-SwiftPerFileCompile UIApplication+Extensions.swift
SwiftCompile normal arm64 Compiling\ UserInterfaceType.swift /Users/admin/builder/spi-builder-workspace/Sources/UI/UserInterfaceType.swift (in target 'DocslothUI' from project 'Docsloth')
SwiftCompile normal arm64 /Users/admin/builder/spi-builder-workspace/Sources/UI/UserInterfaceType.swift (in target 'DocslothUI' from project 'Docsloth')
    cd /Users/admin/builder/spi-builder-workspace/.swiftpm/xcode
    builtin-SwiftPerFileCompile UserInterfaceType.swift
SwiftDriverJobDiscovery normal arm64 Compiling Logger.swift (in target 'DocslothUI' from project 'Docsloth')
SwiftDriverJobDiscovery normal arm64 Compiling Entitlement.swift (in target 'DocslothUI' from project 'Docsloth')
SwiftDriverJobDiscovery normal arm64 Emitting module for DocslothUI (in target 'DocslothUI' from project 'Docsloth')
SwiftDriver\ Compilation\ Requirements DocslothUI normal arm64 com.apple.xcode.tools.swift.compiler (in target 'DocslothUI' from project 'Docsloth')
    cd /Users/admin/builder/spi-builder-workspace/.swiftpm/xcode
    builtin-Swift-Compilation-Requirements -- /Applications/Xcode-27.0.0-Release.Candidate.app/Contents/Developer/Toolchains/XcodeDefault.xctoolchain/usr/bin/swiftc -parse-as-library -module-name DocslothUI -Onone @/Users/admin/builder/spi-builder-workspace/.derivedData/Build/Intermediates.noindex/Docsloth.build/Debug-xros/DocslothUI-t.build/Objects-normal/arm64/DocslothUI.SwiftFileList -DSWIFT_PACKAGE -DDEBUG -DSWIFT_MODULE_RESOURCE_BUNDLE_UNAVAILABLE -DXcode -plugin-path /Applications/Xcode-27.0.0-Release.Candidate.app/Contents/Developer/Toolchains/XcodeDefault.xctoolchain/usr/lib/swift/host/plugins/testing -enable-experimental-feature DebugDescriptionMacro -sdk /Applications/Xcode-27.0.0-Release.Candidate.app/Contents/Developer/Platforms/XROS.platform/Developer/SDKs/XROS27.0.sdk -target arm64-apple-xros1.0 -g -module-cache-path /Users/admin/builder/spi-builder-workspace/.derivedData/ModuleCache.noindex -Xfrontend -serialize-debugging-options -profile-coverage-mapping -profile-generate -enable-testing -index-store-path /Users/admin/builder/spi-builder-workspace/.derivedData/Index.noindex/DataStore -Xcc -D_LIBCPP_HARDENING_MODE\=_LIBCPP_HARDENING_MODE_DEBUG -swift-version 6 -I /Users/admin/builder/spi-builder-workspace/.derivedData/Build/Products/Debug-xros -Isystem /Applications/Xcode-27.0.0-Release.Candidate.app/Contents/Developer/Platforms/XROS.platform/Developer/usr/lib -F /Users/admin/builder/spi-builder-workspace/.derivedData/Build/Products/Debug-xros/PackageFrameworks -F /Users/admin/builder/spi-builder-workspace/.derivedData/Build/Products/Debug-xros -F /Applications/Xcode-27.0.0-Release.Candidate.app/Contents/Developer/Platforms/XROS.platform/Developer/Library/Frameworks -F /Applications/Xcode-27.0.0-Release.Candidate.app/Contents/Developer/Platforms/XROS.platform/Developer/SDKs/XROS27.0.sdk/Developer/Library/Frameworks -c -j10 -enable-batch-mode -incremental -Xcc -ivfsstatcache -Xcc /Users/admin/builder/spi-builder-workspace/.derivedData/SDKStatCaches.noindex/xros27.0-24M361-e829b21a6f8c9b70876ba0858053c044735bd543db762f57723cac368afd1ce4.sdkstatcache -output-file-map /Users/admin/builder/spi-builder-workspace/.derivedData/Build/Intermediates.noindex/Docsloth.build/Debug-xros/DocslothUI-t.build/Objects-normal/arm64/DocslothUI-OutputFileMap.json -save-temps -no-color-diagnostics -explicit-module-build -module-cache-path /Users/admin/builder/spi-builder-workspace/.derivedData/Build/Intermediates.noindex/SwiftExplicitPrecompiledModules -clang-scanner-module-cache-path /Users/admin/builder/spi-builder-workspace/.derivedData/ModuleCache.noindex -sdk-module-cache-path /Users/admin/builder/spi-builder-workspace/.derivedData/SDKExplicitPrecompiledModules -emit-dependencies -emit-module -emit-module-path /Users/admin/builder/spi-builder-workspace/.derivedData/Build/Intermediates.noindex/Docsloth.build/Debug-xros/DocslothUI-t.build/Objects-normal/arm64/DocslothUI.swiftmodule -serialize-diagnostics -dependency-scan-serialize-diagnostics-path /Users/admin/builder/spi-builder-workspace/.derivedData/Build/Intermediates.noindex/Docsloth.build/Debug-xros/DocslothUI-t.build/Objects-normal/arm64/DocslothUI-dependency-scan.dia -validate-clang-modules-once -clang-build-session-file /Users/admin/builder/spi-builder-workspace/.derivedData/ModuleCache.noindex/Session.modulevalidation -Xcc -fmodules-prune-interval\=86400 -Xcc -fmodules-prune-after\=345600 -package-name spi_builder_workspace -emit-const-values -const-gather-protocols-list /Users/admin/builder/spi-builder-workspace/.derivedData/Build/Intermediates.noindex/Docsloth.build/Debug-xros/DocslothUI-t.build/Objects-normal/arm64/DocslothUI_const_extract_protocols.json -Xcc -I/Users/admin/builder/spi-builder-workspace/.derivedData/Build/Products/Debug-xros/include -Xcc -I/Users/admin/builder/spi-builder-workspace/.derivedData/Build/Intermediates.noindex/Docsloth.build/Debug-xros/DocslothUI-t.build/DerivedSources-normal/arm64 -Xcc -I/Users/admin/builder/spi-builder-workspace/.derivedData/Build/Intermediates.noindex/Docsloth.build/Debug-xros/DocslothUI-t.build/DerivedSources/arm64 -Xcc -I/Users/admin/builder/spi-builder-workspace/.derivedData/Build/Intermediates.noindex/Docsloth.build/Debug-xros/DocslothUI-t.build/DerivedSources -Xcc -DSWIFT_PACKAGE -Xcc -DDEBUG\=1 -emit-objc-header -emit-objc-header-path /Users/admin/builder/spi-builder-workspace/.derivedData/Build/Intermediates.noindex/Docsloth.build/Debug-xros/DocslothUI-t.build/Objects-normal/arm64/DocslothUI-Swift.h -working-directory /Users/admin/builder/spi-builder-workspace/.swiftpm/xcode -experimental-emit-module-separately -disable-cmo
SwiftMergeGeneratedHeaders /Users/admin/builder/spi-builder-workspace/.derivedData/Build/Intermediates.noindex/GeneratedModuleMaps-xros/DocslothUI-Swift.h /Users/admin/builder/spi-builder-workspace/.derivedData/Build/Intermediates.noindex/Docsloth.build/Debug-xros/DocslothUI-t.build/Objects-normal/arm64/DocslothUI-Swift.h (in target 'DocslothUI' from project 'Docsloth')
    cd /Users/admin/builder/spi-builder-workspace
    builtin-swiftHeaderTool -arch arm64 /Users/admin/builder/spi-builder-workspace/.derivedData/Build/Intermediates.noindex/Docsloth.build/Debug-xros/DocslothUI-t.build/Objects-normal/arm64/DocslothUI-Swift.h -o /Users/admin/builder/spi-builder-workspace/.derivedData/Build/Intermediates.noindex/GeneratedModuleMaps-xros/DocslothUI-Swift.h
Copy /Users/admin/builder/spi-builder-workspace/.derivedData/Build/Products/Debug-xros/DocslothUI.swiftmodule/arm64-apple-xros.swiftmodule /Users/admin/builder/spi-builder-workspace/.derivedData/Build/Intermediates.noindex/Docsloth.build/Debug-xros/DocslothUI-t.build/Objects-normal/arm64/DocslothUI.swiftmodule (in target 'DocslothUI' from project 'Docsloth')
    cd /Users/admin/builder/spi-builder-workspace
    builtin-copy -exclude .DS_Store -exclude CVS -exclude .svn -exclude .git -exclude .hg -resolve-src-symlinks -rename /Users/admin/builder/spi-builder-workspace/.derivedData/Build/Intermediates.noindex/Docsloth.build/Debug-xros/DocslothUI-t.build/Objects-normal/arm64/DocslothUI.swiftmodule /Users/admin/builder/spi-builder-workspace/.derivedData/Build/Products/Debug-xros/DocslothUI.swiftmodule/arm64-apple-xros.swiftmodule
Copy /Users/admin/builder/spi-builder-workspace/.derivedData/Build/Products/Debug-xros/DocslothUI.swiftmodule/arm64-apple-xros.swiftdoc /Users/admin/builder/spi-builder-workspace/.derivedData/Build/Intermediates.noindex/Docsloth.build/Debug-xros/DocslothUI-t.build/Objects-normal/arm64/DocslothUI.swiftdoc (in target 'DocslothUI' from project 'Docsloth')
    cd /Users/admin/builder/spi-builder-workspace
    builtin-copy -exclude .DS_Store -exclude CVS -exclude .svn -exclude .git -exclude .hg -resolve-src-symlinks -rename /Users/admin/builder/spi-builder-workspace/.derivedData/Build/Intermediates.noindex/Docsloth.build/Debug-xros/DocslothUI-t.build/Objects-normal/arm64/DocslothUI.swiftdoc /Users/admin/builder/spi-builder-workspace/.derivedData/Build/Products/Debug-xros/DocslothUI.swiftmodule/arm64-apple-xros.swiftdoc
Copy /Users/admin/builder/spi-builder-workspace/.derivedData/Build/Products/Debug-xros/DocslothUI.swiftmodule/arm64-apple-xros.abi.json /Users/admin/builder/spi-builder-workspace/.derivedData/Build/Intermediates.noindex/Docsloth.build/Debug-xros/DocslothUI-t.build/Objects-normal/arm64/DocslothUI.abi.json (in target 'DocslothUI' from project 'Docsloth')
    cd /Users/admin/builder/spi-builder-workspace
    builtin-copy -exclude .DS_Store -exclude CVS -exclude .svn -exclude .git -exclude .hg -resolve-src-symlinks -rename /Users/admin/builder/spi-builder-workspace/.derivedData/Build/Intermediates.noindex/Docsloth.build/Debug-xros/DocslothUI-t.build/Objects-normal/arm64/DocslothUI.abi.json /Users/admin/builder/spi-builder-workspace/.derivedData/Build/Products/Debug-xros/DocslothUI.swiftmodule/arm64-apple-xros.abi.json
Copy /Users/admin/builder/spi-builder-workspace/.derivedData/Build/Products/Debug-xros/DocslothUI.swiftmodule/Project/arm64-apple-xros.swiftsourceinfo /Users/admin/builder/spi-builder-workspace/.derivedData/Build/Intermediates.noindex/Docsloth.build/Debug-xros/DocslothUI-t.build/Objects-normal/arm64/DocslothUI.swiftsourceinfo (in target 'DocslothUI' from project 'Docsloth')
    cd /Users/admin/builder/spi-builder-workspace
    builtin-copy -exclude .DS_Store -exclude CVS -exclude .svn -exclude .git -exclude .hg -resolve-src-symlinks -rename /Users/admin/builder/spi-builder-workspace/.derivedData/Build/Intermediates.noindex/Docsloth.build/Debug-xros/DocslothUI-t.build/Objects-normal/arm64/DocslothUI.swiftsourceinfo /Users/admin/builder/spi-builder-workspace/.derivedData/Build/Products/Debug-xros/DocslothUI.swiftmodule/Project/arm64-apple-xros.swiftsourceinfo
GenerateAssetSymbols /Users/admin/builder/spi-builder-workspace/Sources/GitHubStyle/Resources/Color.xcassets (in target 'DocslothGitHubStyle' from project 'Docsloth')
    cd /Users/admin/builder/spi-builder-workspace
    /Applications/Xcode-27.0.0-Release.Candidate.app/Contents/Developer/usr/bin/actool /Users/admin/builder/spi-builder-workspace/Sources/GitHubStyle/Resources/Color.xcassets --compile /Users/admin/builder/spi-builder-workspace/.derivedData/Build/Products/Debug-xros --output-format human-readable-text --notices --warnings --export-dependency-info /Users/admin/builder/spi-builder-workspace/.derivedData/Build/Intermediates.noindex/Docsloth.build/Debug-xros/DocslothGitHubStyle-t.build/assetcatalog_dependencies --output-partial-info-plist /Users/admin/builder/spi-builder-workspace/.derivedData/Build/Intermediates.noindex/Docsloth.build/Debug-xros/DocslothGitHubStyle-t.build/assetcatalog_generated_info.plist --compress-pngs --enable-on-demand-resources NO --development-region en --target-device vision --minimum-deployment-target 1.0 --platform xros --bundle-identifier spi-builder-workspace.DocslothGitHubStyle --generate-swift-asset-symbol-extensions NO --generate-swift-asset-symbols /Users/admin/builder/spi-builder-workspace/.derivedData/Build/Intermediates.noindex/Docsloth.build/Debug-xros/DocslothGitHubStyle-t.build/DerivedSources/GeneratedAssetSymbols.swift --generate-objc-asset-symbols /Users/admin/builder/spi-builder-workspace/.derivedData/Build/Intermediates.noindex/Docsloth.build/Debug-xros/DocslothGitHubStyle-t.build/DerivedSources/GeneratedAssetSymbols.h --generate-asset-symbol-index /Users/admin/builder/spi-builder-workspace/.derivedData/Build/Intermediates.noindex/Docsloth.build/Debug-xros/DocslothGitHubStyle-t.build/DerivedSources/GeneratedAssetSymbols-Index.plist
/* com.apple.actool.compilation-results */
/Users/admin/builder/spi-builder-workspace/.derivedData/Build/Intermediates.noindex/Docsloth.build/Debug-xros/DocslothGitHubStyle-t.build/DerivedSources/GeneratedAssetSymbols-Index.plist
/Users/admin/builder/spi-builder-workspace/.derivedData/Build/Intermediates.noindex/Docsloth.build/Debug-xros/DocslothGitHubStyle-t.build/DerivedSources/GeneratedAssetSymbols.h
/Users/admin/builder/spi-builder-workspace/.derivedData/Build/Intermediates.noindex/Docsloth.build/Debug-xros/DocslothGitHubStyle-t.build/DerivedSources/GeneratedAssetSymbols.swift
SwiftDriver DocslothGitHubStyle normal arm64 com.apple.xcode.tools.swift.compiler (in target 'DocslothGitHubStyle' from project 'Docsloth')
    cd /Users/admin/builder/spi-builder-workspace/.swiftpm/xcode
    builtin-SwiftDriver -- /Applications/Xcode-27.0.0-Release.Candidate.app/Contents/Developer/Toolchains/XcodeDefault.xctoolchain/usr/bin/swiftc -parse-as-library -module-name DocslothGitHubStyle -Onone @/Users/admin/builder/spi-builder-workspace/.derivedData/Build/Intermediates.noindex/Docsloth.build/Debug-xros/DocslothGitHubStyle-t.build/Objects-normal/arm64/DocslothGitHubStyle.SwiftFileList -DSWIFT_PACKAGE -DDEBUG -DSWIFT_MODULE_RESOURCE_BUNDLE_AVAILABLE -DXcode -plugin-path /Applications/Xcode-27.0.0-Release.Candidate.app/Contents/Developer/Toolchains/XcodeDefault.xctoolchain/usr/lib/swift/host/plugins/testing -enable-experimental-feature DebugDescriptionMacro -sdk /Applications/Xcode-27.0.0-Release.Candidate.app/Contents/Developer/Platforms/XROS.platform/Developer/SDKs/XROS27.0.sdk -target arm64-apple-xros1.0 -g -module-cache-path /Users/admin/builder/spi-builder-workspace/.derivedData/ModuleCache.noindex -Xfrontend -serialize-debugging-options -profile-coverage-mapping -profile-generate -enable-testing -index-store-path /Users/admin/builder/spi-builder-workspace/.derivedData/Index.noindex/DataStore -Xcc -D_LIBCPP_HARDENING_MODE\=_LIBCPP_HARDENING_MODE_DEBUG -swift-version 6 -I /Users/admin/builder/spi-builder-workspace/.derivedData/Build/Products/Debug-xros -Isystem /Applications/Xcode-27.0.0-Release.Candidate.app/Contents/Developer/Platforms/XROS.platform/Developer/usr/lib -F /Users/admin/builder/spi-builder-workspace/.derivedData/Build/Products/Debug-xros/PackageFrameworks -F /Users/admin/builder/spi-builder-workspace/.derivedData/Build/Products/Debug-xros -F /Applications/Xcode-27.0.0-Release.Candidate.app/Contents/Developer/Platforms/XROS.platform/Developer/Library/Frameworks -F /Applications/Xcode-27.0.0-Release.Candidate.app/Contents/Developer/Platforms/XROS.platform/Developer/SDKs/XROS27.0.sdk/Developer/Library/Frameworks -c -j10 -enable-batch-mode -incremental -Xcc -ivfsstatcache -Xcc /Users/admin/builder/spi-builder-workspace/.derivedData/SDKStatCaches.noindex/xros27.0-24M361-e829b21a6f8c9b70876ba0858053c044735bd543db762f57723cac368afd1ce4.sdkstatcache -output-file-map /Users/admin/builder/spi-builder-workspace/.derivedData/Build/Intermediates.noindex/Docsloth.build/Debug-xros/DocslothGitHubStyle-t.build/Objects-normal/arm64/DocslothGitHubStyle-OutputFileMap.json -save-temps -no-color-diagnostics -explicit-module-build -module-cache-path /Users/admin/builder/spi-builder-workspace/.derivedData/Build/Intermediates.noindex/SwiftExplicitPrecompiledModules -clang-scanner-module-cache-path /Users/admin/builder/spi-builder-workspace/.derivedData/ModuleCache.noindex -sdk-module-cache-path /Users/admin/builder/spi-builder-workspace/.derivedData/SDKExplicitPrecompiledModules -emit-dependencies -emit-module -emit-module-path /Users/admin/builder/spi-builder-workspace/.derivedData/Build/Intermediates.noindex/Docsloth.build/Debug-xros/DocslothGitHubStyle-t.build/Objects-normal/arm64/DocslothGitHubStyle.swiftmodule -serialize-diagnostics -dependency-scan-serialize-diagnostics-path /Users/admin/builder/spi-builder-workspace/.derivedData/Build/Intermediates.noindex/Docsloth.build/Debug-xros/DocslothGitHubStyle-t.build/Objects-normal/arm64/DocslothGitHubStyle-dependency-scan.dia -validate-clang-modules-once -clang-build-session-file /Users/admin/builder/spi-builder-workspace/.derivedData/ModuleCache.noindex/Session.modulevalidation -Xcc -fmodules-prune-interval\=86400 -Xcc -fmodules-prune-after\=345600 -package-name spi_builder_workspace -emit-const-values -const-gather-protocols-list /Users/admin/builder/spi-builder-workspace/.derivedData/Build/Intermediates.noindex/Docsloth.build/Debug-xros/DocslothGitHubStyle-t.build/Objects-normal/arm64/DocslothGitHubStyle_const_extract_protocols.json -Xcc -I/Users/admin/builder/spi-builder-workspace/.derivedData/Build/Products/Debug-xros/include -Xcc -I/Users/admin/builder/spi-builder-workspace/.derivedData/Build/Intermediates.noindex/Docsloth.build/Debug-xros/DocslothGitHubStyle-t.build/DerivedSources-normal/arm64 -Xcc -I/Users/admin/builder/spi-builder-workspace/.derivedData/Build/Intermediates.noindex/Docsloth.build/Debug-xros/DocslothGitHubStyle-t.build/DerivedSources/arm64 -Xcc -I/Users/admin/builder/spi-builder-workspace/.derivedData/Build/Intermediates.noindex/Docsloth.build/Debug-xros/DocslothGitHubStyle-t.build/DerivedSources -Xcc -DSWIFT_PACKAGE -Xcc -DDEBUG\=1 -emit-objc-header -emit-objc-header-path /Users/admin/builder/spi-builder-workspace/.derivedData/Build/Intermediates.noindex/Docsloth.build/Debug-xros/DocslothGitHubStyle-t.build/Objects-normal/arm64/DocslothGitHubStyle-Swift.h -working-directory /Users/admin/builder/spi-builder-workspace/.swiftpm/xcode -experimental-emit-module-separately -disable-cmo
/Users/admin/builder/spi-builder-workspace/.derivedData/Build/Intermediates.noindex/Docsloth.build/Debug-xros/DocslothGitHubStyle-t.build/DerivedSources/GeneratedAssetSymbols.swift:321:14: warning: The "label" color asset name resolves to a conflicting UIColor symbol "label". Try renaming the asset. (in target 'DocslothGitHubStyle' from project 'Docsloth')
/Users/admin/builder/spi-builder-workspace/.derivedData/Build/Intermediates.noindex/Docsloth.build/Debug-xros/DocslothGitHubStyle-t.build/DerivedSources/GeneratedAssetSymbols.swift:332:14: warning: The "secondaryLabel" color asset name resolves to a conflicting UIColor symbol "secondaryLabel". Try renaming the asset. (in target 'DocslothGitHubStyle' from project 'Docsloth')
SwiftEmitModule normal arm64 Emitting\ module\ for\ DocslothGitHubStyle (in target 'DocslothGitHubStyle' from project 'Docsloth')
/Users/admin/builder/spi-builder-workspace/.derivedData/Build/Intermediates.noindex/Docsloth.build/Debug-xros/DocslothGitHubStyle-t.build/DerivedSources/GeneratedAssetSymbols.swift:321:14: warning: The "label" color asset name resolves to a conflicting UIColor symbol "label". Try renaming the asset.
319 |     }
320 |
321 |     #warning("The \"label\" color asset name resolves to a conflicting UIColor symbol \"label\". Try renaming the asset.")
    |              `- warning: The "label" color asset name resolves to a conflicting UIColor symbol "label". Try renaming the asset.
322 |
323 |     /// The "quoteBar" asset catalog color.
SwiftCompile normal arm64 (in target 'DocslothGitHubStyle' from project 'Docsloth')
    cd /Users/admin/builder/spi-builder-workspace/.swiftpm/xcode

SwiftCompile normal arm64 Compiling\ GeneratedAssetSymbols.swift /Users/admin/builder/spi-builder-workspace/.derivedData/Build/Intermediates.noindex/Docsloth.build/Debug-xros/DocslothGitHubStyle-t.build/DerivedSources/GeneratedAssetSymbols.swift (in target 'DocslothGitHubStyle' from project 'Docsloth')
/Users/admin/builder/spi-builder-workspace/.derivedData/Build/Intermediates.noindex/Docsloth.build/Debug-xros/DocslothGitHubStyle-t.build/DerivedSources/GeneratedAssetSymbols.swift:321:14: warning: The "label" color asset name resolves to a conflicting UIColor symbol "label". Try renaming the asset.
319 |     }
320 |
321 |     #warning("The \"label\" color asset name resolves to a conflicting UIColor symbol \"label\". Try renaming the asset.")
    |              `- warning: The "label" color asset name resolves to a conflicting UIColor symbol "label". Try renaming the asset.
322 |
323 |     /// The "quoteBar" asset catalog color.
SwiftCompile normal arm64 /Users/admin/builder/spi-builder-workspace/.derivedData/Build/Intermediates.noindex/Docsloth.build/Debug-xros/DocslothGitHubStyle-t.build/DerivedSources/GeneratedAssetSymbols.swift (in target 'DocslothGitHubStyle' from project 'Docsloth')
    cd /Users/admin/builder/spi-builder-workspace/.swiftpm/xcode
    builtin-SwiftPerFileCompile GeneratedAssetSymbols.swift
SwiftCompile normal arm64 Compiling\ resource_bundle_accessor.swift /Users/admin/builder/spi-builder-workspace/.derivedData/Build/Intermediates.noindex/Docsloth.build/Debug-xros/DocslothGitHubStyle-t.build/DerivedSources/resource_bundle_accessor.swift (in target 'DocslothGitHubStyle' from project 'Docsloth')
SwiftCompile normal arm64 /Users/admin/builder/spi-builder-workspace/.derivedData/Build/Intermediates.noindex/Docsloth.build/Debug-xros/DocslothGitHubStyle-t.build/DerivedSources/resource_bundle_accessor.swift (in target 'DocslothGitHubStyle' from project 'Docsloth')
    cd /Users/admin/builder/spi-builder-workspace/.swiftpm/xcode
    builtin-SwiftPerFileCompile resource_bundle_accessor.swift
SwiftDriverJobDiscovery normal arm64 Compiling UserInterfaceType.swift (in target 'DocslothUI' from project 'Docsloth')
SwiftCompile normal arm64 Compiling\ DocslothGitHubStyle.swift /Users/admin/builder/spi-builder-workspace/Sources/GitHubStyle/DocslothGitHubStyle.swift (in target 'DocslothGitHubStyle' from project 'Docsloth')
SwiftCompile normal arm64 /Users/admin/builder/spi-builder-workspace/Sources/GitHubStyle/DocslothGitHubStyle.swift (in target 'DocslothGitHubStyle' from project 'Docsloth')
    cd /Users/admin/builder/spi-builder-workspace/.swiftpm/xcode
    builtin-SwiftPerFileCompile DocslothGitHubStyle.swift
PruneExplicitPrecompiledModules /Users/admin/builder/spi-builder-workspace/.derivedData/Build/Intermediates.noindex/SwiftExplicitPrecompiledModules
PruneExplicitPrecompiledModules /Users/admin/builder/spi-builder-workspace/.derivedData/Build/Intermediates.noindex/ExplicitPrecompiledModules
PruneExplicitPrecompiledModules /Users/admin/builder/spi-builder-workspace/.derivedData/SDKExplicitPrecompiledModules
2026-09-23 10:22:20.470 xcodebuild[704:4378] [MT] IDERunDestination: Supported platforms for the buildables in the current scheme is empty.
** BUILD FAILED **
The following build commands failed:
	SwiftCompile normal arm64 /Users/admin/builder/spi-builder-workspace/Sources/UI/Utils/DSColor+Extensions.swift (in target 'DocslothUI' from project 'Docsloth')
	SwiftCompile normal arm64 Compiling\ DSColor+Extensions.swift /Users/admin/builder/spi-builder-workspace/Sources/UI/Utils/DSColor+Extensions.swift (in target 'DocslothUI' from project 'Docsloth')
	Building workspace Docsloth with scheme Docsloth-Package
(3 failures)
Command line invocation:
    /Applications/Xcode-27.0.0-Release.Candidate.app/Contents/Developer/usr/bin/xcodebuild -IDEClonedSourcePackagesDirPathOverride=/Users/admin/builder/spi-builder-workspace/.dependencies -resolvePackageDependencies
Resolve Package Graph
Resolved source packages:
  Docsloth: /Users/admin/builder/spi-builder-workspace
  swift-log: https://github.com/apple/swift-log.git @ 1.15.1
resolved source packages: Docsloth, swift-log
2026-09-23 10:22:33.437 xcodebuild[931:5508] [MT] IDERunDestination: Supported platforms for the buildables in the current scheme is empty.
{
  "dependencies" : [
    {
      "identity" : "swift-log",
      "requirement" : {
        "range" : [
          {
            "lower_bound" : "1.0.0",
            "upper_bound" : "2.0.0"
          }
        ]
      },
      "type" : "sourceControl",
      "url" : "https://github.com/apple/swift-log.git"
    }
  ],
  "manifest_display_name" : "Docsloth",
  "name" : "Docsloth",
  "path" : "/Users/admin/builder/spi-builder-workspace",
  "platforms" : [
    {
      "name" : "ios",
      "version" : "15.0"
    },
    {
      "name" : "macos",
      "version" : "12.0"
    },
    {
      "name" : "tvos",
      "version" : "15.0"
    },
    {
      "name" : "watchos",
      "version" : "8.0"
    },
    {
      "name" : "maccatalyst",
      "version" : "15.0"
    },
    {
      "name" : "driverkit",
      "version" : "21.0"
    },
    {
      "name" : "visionos",
      "version" : "1.0"
    }
  ],
  "products" : [
    {
      "name" : "DocslothUI",
      "targets" : [
        "DocslothUI",
        "DocslothCore"
      ],
      "type" : {
        "library" : [
          "automatic"
        ]
      }
    },
    {
      "name" : "DocslothGitHubStyle",
      "targets" : [
        "DocslothGitHubStyle",
        "DocslothCore",
        "DocslothUI"
      ],
      "type" : {
        "library" : [
          "automatic"
        ]
      }
    },
    {
      "name" : "DocslothMarkdownItShared",
      "targets" : [
        "DocslothMarkdownItShared",
        "DocslothCore"
      ],
      "type" : {
        "library" : [
          "automatic"
        ]
      }
    },
    {
      "name" : "DocslothMarkdownIt",
      "targets" : [
        "DocslothMarkdownIt",
        "DocslothCore"
      ],
      "type" : {
        "library" : [
          "automatic"
        ]
      }
    },
    {
      "name" : "DocslothMarkdownItGFM",
      "targets" : [
        "DocslothMarkdownItGFM",
        "DocslothCore"
      ],
      "type" : {
        "library" : [
          "automatic"
        ]
      }
    },
    {
      "name" : "DocslothMarkdownItGFMCJKFriendly",
      "targets" : [
        "DocslothMarkdownItGFMCJKFriendly",
        "DocslothCore"
      ],
      "type" : {
        "library" : [
          "automatic"
        ]
      }
    },
    {
      "name" : "DocslothAsciidoctor",
      "targets" : [
        "DocslothAsciidoctor",
        "DocslothCore"
      ],
      "type" : {
        "library" : [
          "automatic"
        ]
      }
    }
  ],
  "targets" : [
    {
      "c99name" : "DocslothUI",
      "module_type" : "SwiftTarget",
      "name" : "DocslothUI",
      "path" : "Sources/UI",
      "product_memberships" : [
        "DocslothUI",
        "DocslothGitHubStyle"
      ],
      "sources" : [
        "DocslothNavigationType.swift",
        "DocslothStyle.swift",
        "DocslothView.swift",
        "DocslothWebView.swift",
        "UIKit/UIApplication+Extensions.swift",
        "UserInterfaceType.swift",
        "Utils/Alias.swift",
        "Utils/DSColor+Extensions.swift",
        "Utils/Entitlement.swift",
        "Utils/Logger.swift"
      ],
      "target_dependencies" : [
        "DocslothCore"
      ],
      "type" : "library"
    },
    {
      "c99name" : "DocslothTests",
      "module_type" : "SwiftTarget",
      "name" : "DocslothTests",
      "path" : "Tests/DocslothTests",
      "sources" : [
        "Converters/AsciidoctorTests.swift",
        "Converters/MarkdownItGFMCJKFriendlyTests.swift",
        "Converters/MarkdownItGFMTests.swift",
        "Converters/MarkdownItTests.swift",
        "ModelTests.swift"
      ],
      "target_dependencies" : [
        "DocslothCore",
        "DocslothUI",
        "DocslothGitHubStyle",
        "DocslothMarkdownIt",
        "DocslothMarkdownItGFM",
        "DocslothMarkdownItGFMCJKFriendly",
        "DocslothAsciidoctor"
      ],
      "type" : "test"
    },
    {
      "c99name" : "DocslothMarkdownItShared",
      "module_type" : "SwiftTarget",
      "name" : "DocslothMarkdownItShared",
      "path" : "Sources/MarkdownItShared",
      "product_memberships" : [
        "DocslothMarkdownItShared",
        "DocslothMarkdownIt",
        "DocslothMarkdownItGFM",
        "DocslothMarkdownItGFMCJKFriendly"
      ],
      "sources" : [
        "MarkdownItBase.swift",
        "MarkdownItOptions.swift"
      ],
      "target_dependencies" : [
        "DocslothCore"
      ],
      "type" : "library"
    },
    {
      "c99name" : "DocslothMarkdownItGFMCJKFriendly",
      "module_type" : "SwiftTarget",
      "name" : "DocslothMarkdownItGFMCJKFriendly",
      "path" : "Sources/MarkdownItGFMCJKFriendly",
      "product_memberships" : [
        "DocslothMarkdownItGFMCJKFriendly"
      ],
      "resources" : [
        {
          "path" : "/Users/admin/builder/spi-builder-workspace/js/dist/markdown-it-gfm-cjk-friendly.iife.js",
          "rule" : {
            "process" : {
            }
          }
        }
      ],
      "sources" : [
        "MarkdownIt.swift"
      ],
      "target_dependencies" : [
        "DocslothCore",
        "DocslothMarkdownItShared"
      ],
      "type" : "library"
    },
    {
      "c99name" : "DocslothMarkdownItGFM",
      "module_type" : "SwiftTarget",
      "name" : "DocslothMarkdownItGFM",
      "path" : "Sources/MarkdownItGFM",
      "product_memberships" : [
        "DocslothMarkdownItGFM"
      ],
      "resources" : [
        {
          "path" : "/Users/admin/builder/spi-builder-workspace/js/dist/markdown-it-gfm.iife.js",
          "rule" : {
            "process" : {
            }
          }
        }
      ],
      "sources" : [
        "MarkdownIt.swift"
      ],
      "target_dependencies" : [
        "DocslothCore",
        "DocslothMarkdownItShared"
      ],
      "type" : "library"
    },
    {
      "c99name" : "DocslothMarkdownIt",
      "module_type" : "SwiftTarget",
      "name" : "DocslothMarkdownIt",
      "path" : "Sources/MarkdownIt",
      "product_memberships" : [
        "DocslothMarkdownIt"
      ],
      "resources" : [
        {
          "path" : "/Users/admin/builder/spi-builder-workspace/js/dist/markdown-it.iife.js",
          "rule" : {
            "process" : {
            }
          }
        }
      ],
      "sources" : [
        "MarkdownIt.swift"
      ],
      "target_dependencies" : [
        "DocslothCore",
        "DocslothMarkdownItShared"
      ],
      "type" : "library"
    },
    {
      "c99name" : "DocslothGitHubStyle",
      "module_type" : "SwiftTarget",
      "name" : "DocslothGitHubStyle",
      "path" : "Sources/GitHubStyle",
      "product_memberships" : [
        "DocslothGitHubStyle"
      ],
      "resources" : [
        {
          "path" : "/Users/admin/builder/spi-builder-workspace/Sources/GitHubStyle/Resources/Color.xcassets",
          "rule" : {
            "process" : {
            }
          }
        },
        {
          "path" : "/Users/admin/builder/spi-builder-workspace/Sources/GitHubStyle/Resources/style.css",
          "rule" : {
            "process" : {
            }
          }
        }
      ],
      "sources" : [
        "DSColor+Extensions.swift",
        "DocslothGitHubStyle.swift",
        "DynamicTypeSize+Extensions.swift",
        "UserInterfaceType.swift"
      ],
      "target_dependencies" : [
        "DocslothCore",
        "DocslothUI"
      ],
      "type" : "library"
    },
    {
      "c99name" : "DocslothCore",
      "module_type" : "SwiftTarget",
      "name" : "DocslothCore",
      "path" : "Sources/Core",
      "product_dependencies" : [
        "Logging"
      ],
      "product_memberships" : [
        "DocslothUI",
        "DocslothGitHubStyle",
        "DocslothMarkdownItShared",
        "DocslothMarkdownIt",
        "DocslothMarkdownItGFM",
        "DocslothMarkdownItGFMCJKFriendly",
        "DocslothAsciidoctor"
      ],
      "sources" : [
        "DocslothHTMLConvertible.swift",
        "DocslothLogger.swift",
        "JSON/BoolOrString.swift",
        "JSON/IntOrString.swift",
        "JSON/JSONValue.swift",
        "JavaScriptEngine.swift"
      ],
      "type" : "library"
    },
    {
      "c99name" : "DocslothAsciidoctor",
      "module_type" : "SwiftTarget",
      "name" : "DocslothAsciidoctor",
      "path" : "Sources/Asciidoctor",
      "product_memberships" : [
        "DocslothAsciidoctor"
      ],
      "resources" : [
        {
          "path" : "/Users/admin/builder/spi-builder-workspace/js/dist/asciidoctor.iife.js",
          "rule" : {
            "process" : {
            }
          }
        }
      ],
      "sources" : [
        "Asciidoctor.swift"
      ],
      "target_dependencies" : [
        "DocslothCore"
      ],
      "type" : "library"
    }
  ],
  "tools_version" : "6.1"
}
{
  "workspace" : {
    "name" : "Docsloth",
    "schemes" : [
      "Docsloth-Package",
      "DocslothAsciidoctor",
      "DocslothGitHubStyle",
      "DocslothMarkdownIt",
      "DocslothMarkdownItGFM",
      "DocslothMarkdownItGFMCJKFriendly",
      "DocslothMarkdownItShared",
      "DocslothUI"
    ]
  }
}
2026-09-23 10:22:34.743 xcodebuild[939:5573] [MT] IDERunDestination: Supported platforms for the buildables in the current scheme is empty.
{
  "workspace" : {
    "name" : "Docsloth",
    "schemes" : [
      "Docsloth-Package",
      "DocslothAsciidoctor",
      "DocslothGitHubStyle",
      "DocslothMarkdownIt",
      "DocslothMarkdownItGFM",
      "DocslothMarkdownItGFMCJKFriendly",
      "DocslothMarkdownItShared",
      "DocslothUI"
    ]
  }
}
2026-09-23 10:22:35.775 xcodebuild[941:5604] [MT] IDERunDestination: Supported platforms for the buildables in the current scheme is empty.
Running build ...
env DEVELOPER_DIR=/Applications/Xcode-27.0.0-Release.Candidate.app xcrun xcodebuild -IDEClonedSourcePackagesDirPathOverride=$PWD/.dependencies -skipMacroValidation -skipPackagePluginValidation -derivedDataPath $PWD/.derivedData build -scheme Docsloth-Package -destination generic/platform=xrOS
Command line invocation:
    /Applications/Xcode-27.0.0-Release.Candidate.app/Contents/Developer/usr/bin/xcodebuild -IDEClonedSourcePackagesDirPathOverride=/Users/admin/builder/spi-builder-workspace/.dependencies -skipMacroValidation -skipPackagePluginValidation -derivedDataPath /Users/admin/builder/spi-builder-workspace/.derivedData build -scheme Docsloth-Package -destination generic/platform=xrOS
Resolve Package Graph
Resolved source packages:
  swift-log: https://github.com/apple/swift-log.git @ 1.15.1
  Docsloth: /Users/admin/builder/spi-builder-workspace
ComputePackagePrebuildTargetDependencyGraph
Prepare packages
CreateBuildRequest
SendProjectDescription
CreateBuildOperation
ComputeTargetDependencyGraph
note: Building targets in dependency order
note: Target dependency graph (20 targets)
    Target 'DocslothAsciidoctor-product' in project 'Docsloth'
        ➜ Explicit dependency on target 'DocslothAsciidoctor' in project 'Docsloth'
        ➜ Explicit dependency on target 'DocslothCore' in project 'Docsloth'
        ➜ Explicit dependency on target 'Docsloth_DocslothAsciidoctor' in project 'Docsloth'
    Target 'DocslothAsciidoctor' in project 'Docsloth'
        ➜ Explicit dependency on target 'Docsloth_DocslothAsciidoctor' in project 'Docsloth'
        ➜ Explicit dependency on target 'DocslothCore' in project 'Docsloth'
    Target 'Docsloth_DocslothAsciidoctor' in project 'Docsloth' (no dependencies)
    Target 'DocslothMarkdownItGFMCJKFriendly-product' in project 'Docsloth'
        ➜ Explicit dependency on target 'DocslothMarkdownItGFMCJKFriendly' in project 'Docsloth'
        ➜ Explicit dependency on target 'DocslothCore' in project 'Docsloth'
        ➜ Explicit dependency on target 'Docsloth_DocslothMarkdownItGFMCJKFriendly' in project 'Docsloth'
        ➜ Explicit dependency on target 'DocslothMarkdownItShared' in project 'Docsloth'
    Target 'DocslothMarkdownItGFMCJKFriendly' in project 'Docsloth'
        ➜ Explicit dependency on target 'Docsloth_DocslothMarkdownItGFMCJKFriendly' in project 'Docsloth'
        ➜ Explicit dependency on target 'DocslothCore' in project 'Docsloth'
        ➜ Explicit dependency on target 'DocslothMarkdownItShared' in project 'Docsloth'
    Target 'Docsloth_DocslothMarkdownItGFMCJKFriendly' in project 'Docsloth' (no dependencies)
    Target 'DocslothMarkdownItGFM-product' in project 'Docsloth'
        ➜ Explicit dependency on target 'DocslothMarkdownItGFM' in project 'Docsloth'
        ➜ Explicit dependency on target 'DocslothCore' in project 'Docsloth'
        ➜ Explicit dependency on target 'Docsloth_DocslothMarkdownItGFM' in project 'Docsloth'
        ➜ Explicit dependency on target 'DocslothMarkdownItShared' in project 'Docsloth'
    Target 'DocslothMarkdownItGFM' in project 'Docsloth'
        ➜ Explicit dependency on target 'Docsloth_DocslothMarkdownItGFM' in project 'Docsloth'
        ➜ Explicit dependency on target 'DocslothCore' in project 'Docsloth'
        ➜ Explicit dependency on target 'DocslothMarkdownItShared' in project 'Docsloth'
    Target 'Docsloth_DocslothMarkdownItGFM' in project 'Docsloth' (no dependencies)
    Target 'DocslothMarkdownIt-product' in project 'Docsloth'
        ➜ Explicit dependency on target 'DocslothMarkdownIt' in project 'Docsloth'
        ➜ Explicit dependency on target 'DocslothCore' in project 'Docsloth'
        ➜ Explicit dependency on target 'Docsloth_DocslothMarkdownIt' in project 'Docsloth'
        ➜ Explicit dependency on target 'DocslothMarkdownItShared' in project 'Docsloth'
    Target 'DocslothMarkdownIt' in project 'Docsloth'
        ➜ Explicit dependency on target 'Docsloth_DocslothMarkdownIt' in project 'Docsloth'
        ➜ Explicit dependency on target 'DocslothCore' in project 'Docsloth'
        ➜ Explicit dependency on target 'DocslothMarkdownItShared' in project 'Docsloth'
    Target 'Docsloth_DocslothMarkdownIt' in project 'Docsloth' (no dependencies)
    Target 'DocslothMarkdownItShared-product' in project 'Docsloth'
        ➜ Explicit dependency on target 'DocslothMarkdownItShared' in project 'Docsloth'
        ➜ Explicit dependency on target 'DocslothCore' in project 'Docsloth'
    Target 'DocslothMarkdownItShared' in project 'Docsloth'
        ➜ Explicit dependency on target 'DocslothCore' in project 'Docsloth'
    Target 'DocslothGitHubStyle-product' in project 'Docsloth'
        ➜ Explicit dependency on target 'DocslothGitHubStyle' in project 'Docsloth'
        ➜ Explicit dependency on target 'DocslothCore' in project 'Docsloth'
        ➜ Explicit dependency on target 'DocslothUI' in project 'Docsloth'
        ➜ Explicit dependency on target 'Docsloth_DocslothGitHubStyle' in project 'Docsloth'
    Target 'DocslothGitHubStyle' in project 'Docsloth'
        ➜ Explicit dependency on target 'Docsloth_DocslothGitHubStyle' in project 'Docsloth'
        ➜ Explicit dependency on target 'DocslothCore' in project 'Docsloth'
        ➜ Explicit dependency on target 'DocslothUI' in project 'Docsloth'
    Target 'Docsloth_DocslothGitHubStyle' in project 'Docsloth' (no dependencies)
    Target 'DocslothUI-product' in project 'Docsloth'
        ➜ Explicit dependency on target 'DocslothUI' in project 'Docsloth'
        ➜ Explicit dependency on target 'DocslothCore' in project 'Docsloth'
    Target 'DocslothUI' in project 'Docsloth'
        ➜ Explicit dependency on target 'DocslothCore' in project 'Docsloth'
    Target 'DocslothCore' in project 'Docsloth' (no dependencies)
GatherProvisioningInputs
CreateBuildDescription
ClangStatCache /Applications/Xcode-27.0.0-Release.Candidate.app/Contents/Developer/Toolchains/XcodeDefault.xctoolchain/usr/bin/clang-stat-cache /Applications/Xcode-27.0.0-Release.Candidate.app/Contents/Developer/Platforms/XROS.platform/Developer/SDKs/XROS27.0.sdk /Users/admin/builder/spi-builder-workspace/.derivedData/SDKStatCaches.noindex/xros27.0-24M361-e829b21a6f8c9b70876ba0858053c044735bd543db762f57723cac368afd1ce4.sdkstatcache
    cd /Users/admin/builder/spi-builder-workspace/.swiftpm/xcode
    /Applications/Xcode-27.0.0-Release.Candidate.app/Contents/Developer/Toolchains/XcodeDefault.xctoolchain/usr/bin/clang-stat-cache /Applications/Xcode-27.0.0-Release.Candidate.app/Contents/Developer/Platforms/XROS.platform/Developer/SDKs/XROS27.0.sdk -o /Users/admin/builder/spi-builder-workspace/.derivedData/SDKStatCaches.noindex/xros27.0-24M361-e829b21a6f8c9b70876ba0858053c044735bd543db762f57723cac368afd1ce4.sdkstatcache
SwiftDriver DocslothGitHubStyle normal arm64 com.apple.xcode.tools.swift.compiler (in target 'DocslothGitHubStyle' from project 'Docsloth')
    cd /Users/admin/builder/spi-builder-workspace/.swiftpm/xcode
    builtin-SwiftDriver -- /Applications/Xcode-27.0.0-Release.Candidate.app/Contents/Developer/Toolchains/XcodeDefault.xctoolchain/usr/bin/swiftc -parse-as-library -module-name DocslothGitHubStyle -Onone @/Users/admin/builder/spi-builder-workspace/.derivedData/Build/Intermediates.noindex/Docsloth.build/Debug-xros/DocslothGitHubStyle-t.build/Objects-normal/arm64/DocslothGitHubStyle.SwiftFileList -DSWIFT_PACKAGE -DDEBUG -DSWIFT_MODULE_RESOURCE_BUNDLE_AVAILABLE -DXcode -plugin-path /Applications/Xcode-27.0.0-Release.Candidate.app/Contents/Developer/Toolchains/XcodeDefault.xctoolchain/usr/lib/swift/host/plugins/testing -enable-experimental-feature DebugDescriptionMacro -sdk /Applications/Xcode-27.0.0-Release.Candidate.app/Contents/Developer/Platforms/XROS.platform/Developer/SDKs/XROS27.0.sdk -target arm64-apple-xros1.0 -g -module-cache-path /Users/admin/builder/spi-builder-workspace/.derivedData/ModuleCache.noindex -Xfrontend -serialize-debugging-options -profile-coverage-mapping -profile-generate -enable-testing -index-store-path /Users/admin/builder/spi-builder-workspace/.derivedData/Index.noindex/DataStore -Xcc -D_LIBCPP_HARDENING_MODE\=_LIBCPP_HARDENING_MODE_DEBUG -swift-version 6 -I /Users/admin/builder/spi-builder-workspace/.derivedData/Build/Products/Debug-xros -Isystem /Applications/Xcode-27.0.0-Release.Candidate.app/Contents/Developer/Platforms/XROS.platform/Developer/usr/lib -F /Users/admin/builder/spi-builder-workspace/.derivedData/Build/Products/Debug-xros/PackageFrameworks -F /Users/admin/builder/spi-builder-workspace/.derivedData/Build/Products/Debug-xros -F /Applications/Xcode-27.0.0-Release.Candidate.app/Contents/Developer/Platforms/XROS.platform/Developer/Library/Frameworks -F /Applications/Xcode-27.0.0-Release.Candidate.app/Contents/Developer/Platforms/XROS.platform/Developer/SDKs/XROS27.0.sdk/Developer/Library/Frameworks -c -j10 -enable-batch-mode -incremental -Xcc -ivfsstatcache -Xcc /Users/admin/builder/spi-builder-workspace/.derivedData/SDKStatCaches.noindex/xros27.0-24M361-e829b21a6f8c9b70876ba0858053c044735bd543db762f57723cac368afd1ce4.sdkstatcache -output-file-map /Users/admin/builder/spi-builder-workspace/.derivedData/Build/Intermediates.noindex/Docsloth.build/Debug-xros/DocslothGitHubStyle-t.build/Objects-normal/arm64/DocslothGitHubStyle-OutputFileMap.json -save-temps -no-color-diagnostics -explicit-module-build -module-cache-path /Users/admin/builder/spi-builder-workspace/.derivedData/Build/Intermediates.noindex/SwiftExplicitPrecompiledModules -clang-scanner-module-cache-path /Users/admin/builder/spi-builder-workspace/.derivedData/ModuleCache.noindex -sdk-module-cache-path /Users/admin/builder/spi-builder-workspace/.derivedData/SDKExplicitPrecompiledModules -emit-dependencies -emit-module -emit-module-path /Users/admin/builder/spi-builder-workspace/.derivedData/Build/Intermediates.noindex/Docsloth.build/Debug-xros/DocslothGitHubStyle-t.build/Objects-normal/arm64/DocslothGitHubStyle.swiftmodule -serialize-diagnostics -dependency-scan-serialize-diagnostics-path /Users/admin/builder/spi-builder-workspace/.derivedData/Build/Intermediates.noindex/Docsloth.build/Debug-xros/DocslothGitHubStyle-t.build/Objects-normal/arm64/DocslothGitHubStyle-dependency-scan.dia -validate-clang-modules-once -clang-build-session-file /Users/admin/builder/spi-builder-workspace/.derivedData/ModuleCache.noindex/Session.modulevalidation -Xcc -fmodules-prune-interval\=86400 -Xcc -fmodules-prune-after\=345600 -package-name spi_builder_workspace -emit-const-values -const-gather-protocols-list /Users/admin/builder/spi-builder-workspace/.derivedData/Build/Intermediates.noindex/Docsloth.build/Debug-xros/DocslothGitHubStyle-t.build/Objects-normal/arm64/DocslothGitHubStyle_const_extract_protocols.json -Xcc -I/Users/admin/builder/spi-builder-workspace/.derivedData/Build/Products/Debug-xros/include -Xcc -I/Users/admin/builder/spi-builder-workspace/.derivedData/Build/Intermediates.noindex/Docsloth.build/Debug-xros/DocslothGitHubStyle-t.build/DerivedSources-normal/arm64 -Xcc -I/Users/admin/builder/spi-builder-workspace/.derivedData/Build/Intermediates.noindex/Docsloth.build/Debug-xros/DocslothGitHubStyle-t.build/DerivedSources/arm64 -Xcc -I/Users/admin/builder/spi-builder-workspace/.derivedData/Build/Intermediates.noindex/Docsloth.build/Debug-xros/DocslothGitHubStyle-t.build/DerivedSources -Xcc -DSWIFT_PACKAGE -Xcc -DDEBUG\=1 -emit-objc-header -emit-objc-header-path /Users/admin/builder/spi-builder-workspace/.derivedData/Build/Intermediates.noindex/Docsloth.build/Debug-xros/DocslothGitHubStyle-t.build/Objects-normal/arm64/DocslothGitHubStyle-Swift.h -working-directory /Users/admin/builder/spi-builder-workspace/.swiftpm/xcode -experimental-emit-module-separately -disable-cmo
/Users/admin/builder/spi-builder-workspace/.derivedData/Build/Intermediates.noindex/Docsloth.build/Debug-xros/DocslothGitHubStyle-t.build/DerivedSources/GeneratedAssetSymbols.swift:321:14: warning: The "label" color asset name resolves to a conflicting UIColor symbol "label". Try renaming the asset. (in target 'DocslothGitHubStyle' from project 'Docsloth')
/Users/admin/builder/spi-builder-workspace/.derivedData/Build/Intermediates.noindex/Docsloth.build/Debug-xros/DocslothGitHubStyle-t.build/DerivedSources/GeneratedAssetSymbols.swift:332:14: warning: The "secondaryLabel" color asset name resolves to a conflicting UIColor symbol "secondaryLabel". Try renaming the asset. (in target 'DocslothGitHubStyle' from project 'Docsloth')
SwiftDriver DocslothUI normal arm64 com.apple.xcode.tools.swift.compiler (in target 'DocslothUI' from project 'Docsloth')
    cd /Users/admin/builder/spi-builder-workspace/.swiftpm/xcode
    builtin-SwiftDriver -- /Applications/Xcode-27.0.0-Release.Candidate.app/Contents/Developer/Toolchains/XcodeDefault.xctoolchain/usr/bin/swiftc -parse-as-library -module-name DocslothUI -Onone @/Users/admin/builder/spi-builder-workspace/.derivedData/Build/Intermediates.noindex/Docsloth.build/Debug-xros/DocslothUI-t.build/Objects-normal/arm64/DocslothUI.SwiftFileList -DSWIFT_PACKAGE -DDEBUG -DSWIFT_MODULE_RESOURCE_BUNDLE_UNAVAILABLE -DXcode -plugin-path /Applications/Xcode-27.0.0-Release.Candidate.app/Contents/Developer/Toolchains/XcodeDefault.xctoolchain/usr/lib/swift/host/plugins/testing -enable-experimental-feature DebugDescriptionMacro -sdk /Applications/Xcode-27.0.0-Release.Candidate.app/Contents/Developer/Platforms/XROS.platform/Developer/SDKs/XROS27.0.sdk -target arm64-apple-xros1.0 -g -module-cache-path /Users/admin/builder/spi-builder-workspace/.derivedData/ModuleCache.noindex -Xfrontend -serialize-debugging-options -profile-coverage-mapping -profile-generate -enable-testing -index-store-path /Users/admin/builder/spi-builder-workspace/.derivedData/Index.noindex/DataStore -Xcc -D_LIBCPP_HARDENING_MODE\=_LIBCPP_HARDENING_MODE_DEBUG -swift-version 6 -I /Users/admin/builder/spi-builder-workspace/.derivedData/Build/Products/Debug-xros -Isystem /Applications/Xcode-27.0.0-Release.Candidate.app/Contents/Developer/Platforms/XROS.platform/Developer/usr/lib -F /Users/admin/builder/spi-builder-workspace/.derivedData/Build/Products/Debug-xros/PackageFrameworks -F /Users/admin/builder/spi-builder-workspace/.derivedData/Build/Products/Debug-xros -F /Applications/Xcode-27.0.0-Release.Candidate.app/Contents/Developer/Platforms/XROS.platform/Developer/Library/Frameworks -F /Applications/Xcode-27.0.0-Release.Candidate.app/Contents/Developer/Platforms/XROS.platform/Developer/SDKs/XROS27.0.sdk/Developer/Library/Frameworks -c -j10 -enable-batch-mode -incremental -Xcc -ivfsstatcache -Xcc /Users/admin/builder/spi-builder-workspace/.derivedData/SDKStatCaches.noindex/xros27.0-24M361-e829b21a6f8c9b70876ba0858053c044735bd543db762f57723cac368afd1ce4.sdkstatcache -output-file-map /Users/admin/builder/spi-builder-workspace/.derivedData/Build/Intermediates.noindex/Docsloth.build/Debug-xros/DocslothUI-t.build/Objects-normal/arm64/DocslothUI-OutputFileMap.json -save-temps -no-color-diagnostics -explicit-module-build -module-cache-path /Users/admin/builder/spi-builder-workspace/.derivedData/Build/Intermediates.noindex/SwiftExplicitPrecompiledModules -clang-scanner-module-cache-path /Users/admin/builder/spi-builder-workspace/.derivedData/ModuleCache.noindex -sdk-module-cache-path /Users/admin/builder/spi-builder-workspace/.derivedData/SDKExplicitPrecompiledModules -emit-dependencies -emit-module -emit-module-path /Users/admin/builder/spi-builder-workspace/.derivedData/Build/Intermediates.noindex/Docsloth.build/Debug-xros/DocslothUI-t.build/Objects-normal/arm64/DocslothUI.swiftmodule -serialize-diagnostics -dependency-scan-serialize-diagnostics-path /Users/admin/builder/spi-builder-workspace/.derivedData/Build/Intermediates.noindex/Docsloth.build/Debug-xros/DocslothUI-t.build/Objects-normal/arm64/DocslothUI-dependency-scan.dia -validate-clang-modules-once -clang-build-session-file /Users/admin/builder/spi-builder-workspace/.derivedData/ModuleCache.noindex/Session.modulevalidation -Xcc -fmodules-prune-interval\=86400 -Xcc -fmodules-prune-after\=345600 -package-name spi_builder_workspace -emit-const-values -const-gather-protocols-list /Users/admin/builder/spi-builder-workspace/.derivedData/Build/Intermediates.noindex/Docsloth.build/Debug-xros/DocslothUI-t.build/Objects-normal/arm64/DocslothUI_const_extract_protocols.json -Xcc -I/Users/admin/builder/spi-builder-workspace/.derivedData/Build/Products/Debug-xros/include -Xcc -I/Users/admin/builder/spi-builder-workspace/.derivedData/Build/Intermediates.noindex/Docsloth.build/Debug-xros/DocslothUI-t.build/DerivedSources-normal/arm64 -Xcc -I/Users/admin/builder/spi-builder-workspace/.derivedData/Build/Intermediates.noindex/Docsloth.build/Debug-xros/DocslothUI-t.build/DerivedSources/arm64 -Xcc -I/Users/admin/builder/spi-builder-workspace/.derivedData/Build/Intermediates.noindex/Docsloth.build/Debug-xros/DocslothUI-t.build/DerivedSources -Xcc -DSWIFT_PACKAGE -Xcc -DDEBUG\=1 -emit-objc-header -emit-objc-header-path /Users/admin/builder/spi-builder-workspace/.derivedData/Build/Intermediates.noindex/Docsloth.build/Debug-xros/DocslothUI-t.build/Objects-normal/arm64/DocslothUI-Swift.h -working-directory /Users/admin/builder/spi-builder-workspace/.swiftpm/xcode -experimental-emit-module-separately -disable-cmo
SwiftCompile normal arm64 Compiling\ DocslothView.swift /Users/admin/builder/spi-builder-workspace/Sources/UI/DocslothView.swift (in target 'DocslothUI' from project 'Docsloth')
SwiftCompile normal arm64 /Users/admin/builder/spi-builder-workspace/Sources/UI/DocslothView.swift (in target 'DocslothUI' from project 'Docsloth')
    cd /Users/admin/builder/spi-builder-workspace/.swiftpm/xcode
    builtin-SwiftPerFileCompile DocslothView.swift
SwiftCompile normal arm64 Compiling\ UIApplication+Extensions.swift /Users/admin/builder/spi-builder-workspace/Sources/UI/UIKit/UIApplication+Extensions.swift (in target 'DocslothUI' from project 'Docsloth')
SwiftCompile normal arm64 /Users/admin/builder/spi-builder-workspace/Sources/UI/UIKit/UIApplication+Extensions.swift (in target 'DocslothUI' from project 'Docsloth')
    cd /Users/admin/builder/spi-builder-workspace/.swiftpm/xcode
    builtin-SwiftPerFileCompile UIApplication+Extensions.swift
SwiftEmitModule normal arm64 Emitting\ module\ for\ DocslothUI (in target 'DocslothUI' from project 'Docsloth')
SwiftCompile normal arm64 (in target 'DocslothUI' from project 'Docsloth')
    cd /Users/admin/builder/spi-builder-workspace/.swiftpm/xcode

SwiftCompile normal arm64 Compiling\ DocslothWebView.swift /Users/admin/builder/spi-builder-workspace/Sources/UI/DocslothWebView.swift (in target 'DocslothUI' from project 'Docsloth')
SwiftCompile normal arm64 /Users/admin/builder/spi-builder-workspace/Sources/UI/DocslothWebView.swift (in target 'DocslothUI' from project 'Docsloth')
    cd /Users/admin/builder/spi-builder-workspace/.swiftpm/xcode
    builtin-SwiftPerFileCompile DocslothWebView.swift
SwiftCompile normal arm64 Compiling\ DocslothNavigationType.swift /Users/admin/builder/spi-builder-workspace/Sources/UI/DocslothNavigationType.swift (in target 'DocslothUI' from project 'Docsloth')
SwiftCompile normal arm64 /Users/admin/builder/spi-builder-workspace/Sources/UI/DocslothNavigationType.swift (in target 'DocslothUI' from project 'Docsloth')
    cd /Users/admin/builder/spi-builder-workspace/.swiftpm/xcode
    builtin-SwiftPerFileCompile DocslothNavigationType.swift
/Users/admin/builder/spi-builder-workspace/Sources/UI/DocslothNavigationType.swift:39:38: error: 'SKStoreProductViewController' is unavailable in visionOS
37 |             if prefersAppStore,
38 |                let appStoreID = url.appStoreID {
39 |                 let viewController = SKStoreProductViewController()
   |                                      `- error: 'SKStoreProductViewController' is unavailable in visionOS
40 |                 viewController.loadProduct(withParameters: [SKStoreProductParameterITunesItemIdentifier: appStoreID])
41 |                 topController.present(viewController, animated: true)
/Applications/Xcode-27.0.0-Release.Candidate.app/Contents/Developer/Platforms/XROS.platform/Developer/SDKs/XROS27.0.sdk/System/Library/Frameworks/StoreKit.framework/Headers/SKStoreProductViewController.h:26:128: note: 'SKStoreProductViewController' has been explicitly marked unavailable here
24 | SK_EXTERN_CLASS API_AVAILABLE(ios(6.0), macCatalyst(13.0), macos(11.0)) API_UNAVAILABLE(visionos) __TVOS_PROHIBITED @interface SKStoreProductViewController : NSViewController
25 | #else
26 | SK_EXTERN_CLASS API_AVAILABLE(ios(6.0), macCatalyst(13.0), macos(11.0)) API_UNAVAILABLE(visionos) __TVOS_PROHIBITED @interface SKStoreProductViewController : UIViewController
   |                                                                                                                                `- note: 'SKStoreProductViewController' has been explicitly marked unavailable here
27 | #endif
28 |
/Users/admin/builder/spi-builder-workspace/Sources/UI/DocslothNavigationType.swift:40:32: error: 'loadProduct(withParameters:completionBlock:)' is unavailable in visionOS
38 |                let appStoreID = url.appStoreID {
39 |                 let viewController = SKStoreProductViewController()
40 |                 viewController.loadProduct(withParameters: [SKStoreProductParameterITunesItemIdentifier: appStoreID])
   |                                `- error: 'loadProduct(withParameters:completionBlock:)' is unavailable in visionOS
41 |                 topController.present(viewController, animated: true)
42 |             } else {
/Applications/Xcode-27.0.0-Release.Candidate.app/Contents/Developer/Platforms/XROS.platform/Developer/SDKs/XROS27.0.sdk/System/Library/Frameworks/StoreKit.framework/Headers/SKStoreProductViewController.h:34:1: note: 'loadProduct(withParameters:completionBlock:)' has been explicitly marked unavailable here
32 | // Load product view for the product with the given parameters. See below for parameters (SKStoreProductParameter*).
33 | // Block is invoked when the load finishes.
34 | - (void)loadProductWithParameters:(NSDictionary<NSString *, id> *)parameters completionBlock:(nullable void(^)(BOOL result, NSError * __nullable error))block API_AVAILABLE(ios(6.0), macCatalyst(13.0), macos(11.0)) API_UNAVAILABLE(visionos) __TVOS_PROHIBITED;
   | `- note: 'loadProduct(withParameters:completionBlock:)' has been explicitly marked unavailable here
35 |
36 | // Load product view for the product with the given parameters and impression.
SwiftCompile normal arm64 Compiling\ DSColor+Extensions.swift /Users/admin/builder/spi-builder-workspace/Sources/UI/Utils/DSColor+Extensions.swift (in target 'DocslothUI' from project 'Docsloth')
/Users/admin/builder/spi-builder-workspace/Sources/UI/Utils/DSColor+Extensions.swift:20:49: error: 'UIScreen' is unavailable in visionOS
18 |         let resolved: UIColor
19 |         if #available(iOS 13.0, tvOS 13.0, *) {
20 |             resolved = self.resolvedColor(with: UIScreen.main.traitCollection)
   |                                                 `- error: 'UIScreen' is unavailable in visionOS
21 |         } else {
22 |             resolved = self
/Applications/Xcode-27.0.0-Release.Candidate.app/Contents/Developer/Platforms/XROS.platform/Developer/SDKs/XROS27.0.sdk/System/Library/Frameworks/UIKit.framework/Headers/UIScreen.h:54:12: note: 'UIScreen' has been explicitly marked unavailable here
 52 |
 53 | UIKIT_EXTERN API_AVAILABLE(ios(2.0)) API_UNAVAILABLE(visionos, watchos) NS_SWIFT_UI_ACTOR
 54 | @interface UIScreen : NSObject <UITraitEnvironment>
    |            `- note: 'UIScreen' has been explicitly marked unavailable here
 55 |
 56 | @property(class, nonatomic, readonly) NSArray<UIScreen *> *screens API_DEPRECATED("Use UIApplication.shared.openSessions to find open sessions with scenes from other screens", ios(3.2, 16.0), visionos(1.0, 1.0)) API_UNAVAILABLE(watchos); // all screens currently attached to the device
Failed frontend command:
/Applications/Xcode-27.0.0-Release.Candidate.app/Contents/Developer/Toolchains/XcodeDefault.xctoolchain/usr/bin/swift-frontend -frontend -c /Users/admin/builder/spi-builder-workspace/Sources/UI/DocslothNavigationType.swift /Users/admin/builder/spi-builder-workspace/Sources/UI/DocslothStyle.swift /Users/admin/builder/spi-builder-workspace/Sources/UI/DocslothView.swift /Users/admin/builder/spi-builder-workspace/Sources/UI/DocslothWebView.swift /Users/admin/builder/spi-builder-workspace/Sources/UI/UIKit/UIApplication+Extensions.swift /Users/admin/builder/spi-builder-workspace/Sources/UI/UserInterfaceType.swift /Users/admin/builder/spi-builder-workspace/Sources/UI/Utils/Alias.swift -primary-file /Users/admin/builder/spi-builder-workspace/Sources/UI/Utils/DSColor+Extensions.swift /Users/admin/builder/spi-builder-workspace/Sources/UI/Utils/Entitlement.swift /Users/admin/builder/spi-builder-workspace/Sources/UI/Utils/Logger.swift -emit-dependencies-path /Users/admin/builder/spi-builder-workspace/.derivedData/Build/Intermediates.noindex/Docsloth.build/Debug-xros/DocslothUI-t.build/Objects-normal/arm64/DSColor+Extensions.d -emit-const-values-path /Users/admin/builder/spi-builder-workspace/.derivedData/Build/Intermediates.noindex/Docsloth.build/Debug-xros/DocslothUI-t.build/Objects-normal/arm64/DSColor+Extensions.swiftconstvalues -emit-reference-dependencies-path /Users/admin/builder/spi-builder-workspace/.derivedData/Build/Intermediates.noindex/Docsloth.build/Debug-xros/DocslothUI-t.build/Objects-normal/arm64/DSColor+Extensions.swiftdeps -serialize-diagnostics-path /Users/admin/builder/spi-builder-workspace/.derivedData/Build/Intermediates.noindex/Docsloth.build/Debug-xros/DocslothUI-t.build/Objects-normal/arm64/DSColor+Extensions.dia -target arm64-apple-xros1.0 -module-can-import-version UIKit 9127.0.84.1 9127.0.84 -disable-cross-import-overlay-search -swift-module-cross-import StoreKit /Applications/Xcode-27.0.0-Release.Candidate.app/Contents/Developer/Platforms/XROS.platform/Developer/SDKs/XROS.sdk/System/Library/Frameworks/StoreKit.framework/Modules/StoreKit.swiftcrossimport/SwiftUI.swiftoverlay -swift-module-cross-import StoreKit /Applications/Xcode-27.0.0-Release.Candidate.app/Contents/Developer/Platforms/XROS.platform/Developer/SDKs/XROS27.0.sdk/System/Library/Frameworks/StoreKit.framework/Modules/StoreKit.swiftcrossimport/SwiftUI.swiftoverlay -swift-module-cross-import WebKit /Applications/Xcode-27.0.0-Release.Candidate.app/Contents/Developer/Platforms/XROS.platform/Developer/SDKs/XROS.sdk/System/Library/Frameworks/WebKit.framework/Modules/WebKit.swiftcrossimport/SwiftUI.swiftoverlay -swift-module-cross-import WebKit /Applications/Xcode-27.0.0-Release.Candidate.app/Contents/Developer/Platforms/XROS.platform/Developer/SDKs/XROS27.0.sdk/System/Library/Frameworks/WebKit.framework/Modules/WebKit.swiftcrossimport/SwiftUI.swiftoverlay -load-resolved-plugin /Applications/Xcode-27.0.0-Release.Candidate.app/Contents/Developer/Platforms/XROS.platform/Developer/usr/lib/swift/host/plugins/libFoundationMacros.dylib\#/Applications/Xcode-27.0.0-Release.Candidate.app/Contents/Developer/Platforms/XROS.platform/Developer/usr/bin/swift-plugin-server\#FoundationMacros -load-resolved-plugin /Applications/Xcode-27.0.0-Release.Candidate.app/Contents/Developer/Platforms/XROS.platform/Developer/usr/lib/swift/host/plugins/libObservationMacros.dylib\#/Applications/Xcode-27.0.0-Release.Candidate.app/Contents/Developer/Platforms/XROS.platform/Developer/usr/bin/swift-plugin-server\#ObservationMacros -load-resolved-plugin /Applications/Xcode-27.0.0-Release.Candidate.app/Contents/Developer/Platforms/XROS.platform/Developer/usr/lib/swift/host/plugins/libPreviewsMacros.dylib\#/Applications/Xcode-27.0.0-Release.Candidate.app/Contents/Developer/Platforms/XROS.platform/Developer/usr/bin/swift-plugin-server\#PreviewsMacros -load-resolved-plugin /Applications/Xcode-27.0.0-Release.Candidate.app/Contents/Developer/Platforms/XROS.platform/Developer/usr/lib/swift/host/plugins/libSwiftMacros.dylib\#/Applications/Xcode-27.0.0-Release.Candidate.app/Contents/Developer/Platforms/XROS.platform/Developer/usr/bin/swift-plugin-server\#SwiftMacros -load-resolved-plugin /Applications/Xcode-27.0.0-Release.Candidate.app/Contents/Developer/Platforms/XROS.platform/Developer/usr/lib/swift/host/plugins/libSwiftUIMacros.dylib\#/Applications/Xcode-27.0.0-Release.Candidate.app/Contents/Developer/Platforms/XROS.platform/Developer/usr/bin/swift-plugin-server\#SwiftUIMacros -disable-implicit-swift-modules -Xcc -fno-implicit-modules -Xcc -fno-implicit-module-maps -explicit-swift-module-map-file /Users/admin/builder/spi-builder-workspace/.derivedData/Build/Intermediates.noindex/Docsloth.build/Debug-xros/DocslothUI-t.build/Objects-normal/arm64/DocslothUI-dependencies-1.json -Xllvm -aarch64-use-tbi -enable-objc-interop -stack-check -sdk /Applications/Xcode-27.0.0-Release.Candidate.app/Contents/Developer/Platforms/XROS.platform/Developer/SDKs/XROS27.0.sdk -I /Users/admin/builder/spi-builder-workspace/.derivedData/Build/Products/Debug-xros -Isystem /Applications/Xcode-27.0.0-Release.Candidate.app/Contents/Developer/Platforms/XROS.platform/Developer/usr/lib -F /Users/admin/builder/spi-builder-workspace/.derivedData/Build/Products/Debug-xros/PackageFrameworks -F /Users/admin/builder/spi-builder-workspace/.derivedData/Build/Products/Debug-xros -F /Applications/Xcode-27.0.0-Release.Candidate.app/Contents/Developer/Platforms/XROS.platform/Developer/Library/Frameworks -F /Applications/Xcode-27.0.0-Release.Candidate.app/Contents/Developer/Platforms/XROS.platform/Developer/SDKs/XROS27.0.sdk/Developer/Library/Frameworks -module-cache-path /Users/admin/builder/spi-builder-workspace/.derivedData/Build/Intermediates.noindex/SwiftExplicitPrecompiledModules -no-color-diagnostics -Xcc -fno-color-diagnostics -enable-testing -g -debug-info-format\=dwarf -dwarf-version\=4 -profile-generate -profile-coverage-mapping -swift-version 6 -Onone -D SWIFT_PACKAGE -D DEBUG -D SWIFT_MODULE_RESOURCE_BUNDLE_UNAVAILABLE -D Xcode -serialize-debugging-options -enable-experimental-feature DebugDescriptionMacro -empty-abi-descriptor -validate-clang-modules-once -clang-build-session-file /Users/admin/builder/spi-builder-workspace/.derivedData/ModuleCache.noindex/Session.modulevalidation -Xcc -working-directory -Xcc /Users/admin/builder/spi-builder-workspace/.swiftpm/xcode -enable-anonymous-context-mangled-names -file-compilation-dir /Users/admin/builder/spi-builder-workspace/.swiftpm/xcode -Xcc -D_LIBCPP_HARDENING_MODE\=_LIBCPP_HARDENING_MODE_DEBUG -Xcc -ivfsstatcache -Xcc /Users/admin/builder/spi-builder-workspace/.derivedData/SDKStatCaches.noindex/xros27.0-24M361-e829b21a6f8c9b70876ba0858053c044735bd543db762f57723cac368afd1ce4.sdkstatcache -Xcc -fmodules-prune-interval\=86400 -Xcc -fmodules-prune-after\=345600 -Xcc -I/Users/admin/builder/spi-builder-workspace/.derivedData/Build/Products/Debug-xros/include -Xcc -I/Users/admin/builder/spi-builder-workspace/.derivedData/Build/Intermediates.noindex/Docsloth.build/Debug-xros/DocslothUI-t.build/DerivedSources-normal/arm64 -Xcc -I/Users/admin/builder/spi-builder-workspace/.derivedData/Build/Intermediates.noindex/Docsloth.build/Debug-xros/DocslothUI-t.build/DerivedSources/arm64 -Xcc -I/Users/admin/builder/spi-builder-workspace/.derivedData/Build/Intermediates.noindex/Docsloth.build/Debug-xros/DocslothUI-t.build/DerivedSources -Xcc -DSWIFT_PACKAGE -Xcc -DDEBUG\=1 -no-auto-bridging-header-chaining -module-name DocslothUI -package-name spi_builder_workspace -const-gather-protocols-file /Users/admin/builder/spi-builder-workspace/.derivedData/Build/Intermediates.noindex/Docsloth.build/Debug-xros/DocslothUI-t.build/Objects-normal/arm64/DocslothUI_const_extract_protocols.json -disable-clang-spi -clang-target arm64-apple-xros27.0 -target-sdk-version 27.0 -target-sdk-name xros27.0 -in-process-plugin-server-path /Applications/Xcode-27.0.0-Release.Candidate.app/Contents/Developer/Toolchains/XcodeDefault.xctoolchain/usr/lib/swift/host/libSwiftInProcPluginServer.dylib -parse-as-library -o /Users/admin/builder/spi-builder-workspace/.derivedData/Build/Intermediates.noindex/Docsloth.build/Debug-xros/DocslothUI-t.build/Objects-normal/arm64/DSColor+Extensions.o -debug-module-path /Users/admin/builder/spi-builder-workspace/.derivedData/Build/Intermediates.noindex/Docsloth.build/Debug-xros/DocslothUI-t.build/Objects-normal/arm64/DocslothUI.swiftmodule -index-unit-output-path /Docsloth.build/Debug-xros/DocslothUI-t.build/Objects-normal/arm64/DSColor+Extensions.o -index-store-path /Users/admin/builder/spi-builder-workspace/.derivedData/Index.noindex/DataStore -index-system-modules
SwiftCompile normal arm64 /Users/admin/builder/spi-builder-workspace/Sources/UI/Utils/DSColor+Extensions.swift (in target 'DocslothUI' from project 'Docsloth')
    cd /Users/admin/builder/spi-builder-workspace/.swiftpm/xcode
    builtin-SwiftPerFileCompile DSColor+Extensions.swift
SwiftCompile normal arm64 Compiling\ Alias.swift /Users/admin/builder/spi-builder-workspace/Sources/UI/Utils/Alias.swift (in target 'DocslothUI' from project 'Docsloth')
SwiftCompile normal arm64 /Users/admin/builder/spi-builder-workspace/Sources/UI/Utils/Alias.swift (in target 'DocslothUI' from project 'Docsloth')
    cd /Users/admin/builder/spi-builder-workspace/.swiftpm/xcode
    builtin-SwiftPerFileCompile Alias.swift
SwiftCompile normal arm64 Compiling\ DocslothStyle.swift /Users/admin/builder/spi-builder-workspace/Sources/UI/DocslothStyle.swift (in target 'DocslothUI' from project 'Docsloth')
SwiftCompile normal arm64 /Users/admin/builder/spi-builder-workspace/Sources/UI/DocslothStyle.swift (in target 'DocslothUI' from project 'Docsloth')
    cd /Users/admin/builder/spi-builder-workspace/.swiftpm/xcode
    builtin-SwiftPerFileCompile DocslothStyle.swift
SwiftCompile normal arm64 Compiling\ DSColor+Extensions.swift /Users/admin/builder/spi-builder-workspace/Sources/GitHubStyle/DSColor+Extensions.swift (in target 'DocslothGitHubStyle' from project 'Docsloth')
SwiftCompile normal arm64 /Users/admin/builder/spi-builder-workspace/Sources/GitHubStyle/DSColor+Extensions.swift (in target 'DocslothGitHubStyle' from project 'Docsloth')
    cd /Users/admin/builder/spi-builder-workspace/.swiftpm/xcode
    builtin-SwiftPerFileCompile DSColor+Extensions.swift
SwiftEmitModule normal arm64 Emitting\ module\ for\ DocslothGitHubStyle (in target 'DocslothGitHubStyle' from project 'Docsloth')
/Users/admin/builder/spi-builder-workspace/.derivedData/Build/Intermediates.noindex/Docsloth.build/Debug-xros/DocslothGitHubStyle-t.build/DerivedSources/GeneratedAssetSymbols.swift:321:14: warning: The "label" color asset name resolves to a conflicting UIColor symbol "label". Try renaming the asset.
319 |     }
320 |
321 |     #warning("The \"label\" color asset name resolves to a conflicting UIColor symbol \"label\". Try renaming the asset.")
    |              `- warning: The "label" color asset name resolves to a conflicting UIColor symbol "label". Try renaming the asset.
322 |
323 |     /// The "quoteBar" asset catalog color.
SwiftCompile normal arm64 (in target 'DocslothGitHubStyle' from project 'Docsloth')
    cd /Users/admin/builder/spi-builder-workspace/.swiftpm/xcode

SwiftCompile normal arm64 Compiling\ DocslothGitHubStyle.swift /Users/admin/builder/spi-builder-workspace/Sources/GitHubStyle/DocslothGitHubStyle.swift (in target 'DocslothGitHubStyle' from project 'Docsloth')
SwiftCompile normal arm64 /Users/admin/builder/spi-builder-workspace/Sources/GitHubStyle/DocslothGitHubStyle.swift (in target 'DocslothGitHubStyle' from project 'Docsloth')
    cd /Users/admin/builder/spi-builder-workspace/.swiftpm/xcode
    builtin-SwiftPerFileCompile DocslothGitHubStyle.swift
PruneExplicitPrecompiledModules /Users/admin/builder/spi-builder-workspace/.derivedData/Build/Intermediates.noindex/SwiftExplicitPrecompiledModules
PruneExplicitPrecompiledModules /Users/admin/builder/spi-builder-workspace/.derivedData/Build/Intermediates.noindex/ExplicitPrecompiledModules
PruneExplicitPrecompiledModules /Users/admin/builder/spi-builder-workspace/.derivedData/SDKExplicitPrecompiledModules
2026-09-23 10:22:36.793 xcodebuild[942:5630] [MT] IDERunDestination: Supported platforms for the buildables in the current scheme is empty.
** BUILD FAILED **
The following build commands failed:
	SwiftCompile normal arm64 Compiling\ DSColor+Extensions.swift /Users/admin/builder/spi-builder-workspace/Sources/UI/Utils/DSColor+Extensions.swift (in target 'DocslothUI' from project 'Docsloth')
	SwiftCompile normal arm64 /Users/admin/builder/spi-builder-workspace/Sources/UI/Utils/DSColor+Extensions.swift (in target 'DocslothUI' from project 'Docsloth')
	Building workspace Docsloth with scheme Docsloth-Package
(3 failures)
BUILD FAILURE 6.4 visionOS