Build Information
Failed to build postgres-nio-macros, reference v0.2.2 (87068e), with Swift 6.2 for Android on 29 Sep 2026 07:05:29 UTC.
Build Command
bash -c docker run --pull=always --rm -v "checkouts-54344845-0":/host -w "$PWD" -e JAVA_HOME="/root/.sdkman/candidates/java/current" -e SPI_BUILD="1" -e SPI_PROCESSING="1" registry.gitlab.com/saguaro1/spi-images:android-6.2-latest swift build --swift-sdk aarch64-unknown-linux-android28 2>&1Build Log
========================================
RunAll
========================================
Builder version: 5.1.0
Interrupt handler set up.
========================================
Checkout
========================================
Clone URL: https://github.com/lovetodream/postgres-nio-macros.git
Reference: v0.2.2
Initialized empty Git repository in /host/spi-builder-workspace/.git/
hint: Using 'master' as the name for the initial branch. This default branch name
hint: is subject to change. To configure the initial branch name to use in all
hint: of your new repositories, which will suppress this warning, call:
hint:
hint: git config --global init.defaultBranch <name>
hint:
hint: Names commonly chosen instead of 'master' are 'main', 'trunk' and
hint: 'development'. The just-created branch can be renamed via this command:
hint:
hint: git branch -m <name>
From https://github.com/lovetodream/postgres-nio-macros
* tag v0.2.2 -> FETCH_HEAD
HEAD is now at 87068eb Allow using Swift Syntax for Swift 6.4 - #7 (#7)
Cloned https://github.com/lovetodream/postgres-nio-macros.git
Revision (git rev-parse @):
87068eb87719f5c1552f9462a45fe16a5a66c05c
SPI manifest file found: $PWD/.spi.yml
SUCCESS checkout https://github.com/lovetodream/postgres-nio-macros.git at v0.2.2
========================================
Build
========================================
Selected platform: android
Swift version: 6.2
Building package at path: $PWD
https://github.com/lovetodream/postgres-nio-macros.git
Running build ...
bash -c docker run --pull=always --rm -v "checkouts-54344845-0":/host -w "$PWD" -e JAVA_HOME="/root/.sdkman/candidates/java/current" -e SPI_BUILD="1" -e SPI_PROCESSING="1" registry.gitlab.com/saguaro1/spi-images:android-6.2-latest swift build --swift-sdk aarch64-unknown-linux-android28 2>&1
android-6.2-latest: Pulling from saguaro1/spi-images
Digest: sha256:f47b2a33897778fb58ca39c1139e193fa7f391fa362fe0d23c00db9747030994
Status: Image is up to date for registry.gitlab.com/saguaro1/spi-images:android-6.2-latest
Fetching https://github.com/swiftlang/swift-syntax.git
Fetching https://github.com/vapor/postgres-nio.git
[1/15548] Fetching postgres-nio
Fetched https://github.com/vapor/postgres-nio.git from cache (0.69s)
[1/80070] Fetching swift-syntax
Fetched https://github.com/swiftlang/swift-syntax.git from cache (3.30s)
Computing version for https://github.com/vapor/postgres-nio.git
Computed https://github.com/vapor/postgres-nio.git at 1.33.1 (3.49s)
Fetching https://github.com/apple/swift-metrics.git
Fetching https://github.com/apple/swift-crypto.git
Fetching https://github.com/apple/swift-nio-transport-services.git
Fetching https://github.com/apple/swift-log.git
Fetching https://github.com/apple/swift-atomics.git
Fetching https://github.com/swift-server/swift-service-lifecycle.git
[1/2867] Fetching swift-nio-transport-services
[116/5716] Fetching swift-nio-transport-services, swift-service-lifecycle
[432/13881] Fetching swift-nio-transport-services, swift-service-lifecycle, swift-log
[6080/32454] Fetching swift-nio-transport-services, swift-service-lifecycle, swift-log, swift-crypto
[7728/35977] Fetching swift-nio-transport-services, swift-service-lifecycle, swift-log, swift-crypto, swift-metrics
[10118/37862] Fetching swift-nio-transport-services, swift-service-lifecycle, swift-log, swift-crypto, swift-metrics, swift-atomics
Fetched https://github.com/swift-server/swift-service-lifecycle.git from cache (0.62s)
[16901/35013] Fetching swift-nio-transport-services, swift-log, swift-crypto, swift-metrics, swift-atomics
Fetching https://github.com/apple/swift-nio-ssl.git
Fetched https://github.com/apple/swift-metrics.git from cache (0.66s)
Fetching https://github.com/apple/swift-nio.git
[14218/31490] Fetching swift-nio-transport-services, swift-log, swift-crypto, swift-atomics
Fetched https://github.com/apple/swift-nio-transport-services.git from cache (0.75s)
Fetched https://github.com/apple/swift-atomics.git from cache (0.75s)
Fetched https://github.com/apple/swift-log.git from cache (0.75s)
Fetching https://github.com/apple/swift-collections.git
[2044/18573] Fetching swift-crypto
Fetched https://github.com/apple/swift-crypto.git from cache (1.43s)
[1/27779] Fetching swift-collections
[1946/44642] Fetching swift-collections, swift-nio-ssl
[7741/130844] Fetching swift-collections, swift-nio-ssl, swift-nio
Fetched https://github.com/apple/swift-collections.git from cache (1.43s)
[74619/103065] Fetching swift-nio-ssl, swift-nio
Fetched https://github.com/apple/swift-nio-ssl.git from cache (1.75s)
[62066/86202] Fetching swift-nio
Fetched https://github.com/apple/swift-nio.git from cache (3.48s)
Computing version for https://github.com/apple/swift-atomics.git
Computed https://github.com/apple/swift-atomics.git at 1.3.1 (4.34s)
Computing version for https://github.com/swift-server/swift-service-lifecycle.git
Computed https://github.com/swift-server/swift-service-lifecycle.git at 2.12.0 (0.14s)
Fetching https://github.com/apple/swift-async-algorithms.git
[1/6790] Fetching swift-async-algorithms
Fetched https://github.com/apple/swift-async-algorithms.git from cache (0.62s)
Computing version for https://github.com/apple/swift-log.git
Computed https://github.com/apple/swift-log.git at 1.15.1 (0.78s)
Computing version for https://github.com/apple/swift-async-algorithms.git
Computed https://github.com/apple/swift-async-algorithms.git at 1.1.6 (0.19s)
Computing version for https://github.com/apple/swift-collections.git
Computed https://github.com/apple/swift-collections.git at 1.7.1 (0.23s)
Computing version for https://github.com/apple/swift-nio-transport-services.git
Computed https://github.com/apple/swift-nio-transport-services.git at 1.28.0 (0.15s)
Computing version for https://github.com/apple/swift-metrics.git
Computed https://github.com/apple/swift-metrics.git at 2.11.0 (0.14s)
Computing version for https://github.com/apple/swift-nio-ssl.git
Computed https://github.com/apple/swift-nio-ssl.git at 2.37.5 (0.19s)
Computing version for https://github.com/apple/swift-nio.git
Computed https://github.com/apple/swift-nio.git at 2.103.0 (0.34s)
Fetching https://github.com/apple/swift-system.git
[1/6986] Fetching swift-system
Fetched https://github.com/apple/swift-system.git from cache (0.68s)
Computing version for https://github.com/apple/swift-system.git
Computed https://github.com/apple/swift-system.git at 1.8.1 (0.86s)
Computing version for https://github.com/apple/swift-crypto.git
Computed https://github.com/apple/swift-crypto.git at 4.5.2 (1.15s)
Fetching https://github.com/apple/swift-asn1.git
[1/1986] Fetching swift-asn1
Fetched https://github.com/apple/swift-asn1.git from cache (0.51s)
Computing version for https://github.com/apple/swift-asn1.git
Computed https://github.com/apple/swift-asn1.git at 1.7.3 (0.69s)
Computing version for https://github.com/swiftlang/swift-syntax.git
Computed https://github.com/swiftlang/swift-syntax.git at 604.0.0 (0.94s)
Creating working copy for https://github.com/apple/swift-asn1.git
Working copy of https://github.com/apple/swift-asn1.git resolved at 1.7.3
Creating working copy for https://github.com/apple/swift-async-algorithms.git
Working copy of https://github.com/apple/swift-async-algorithms.git resolved at 1.1.6
Creating working copy for https://github.com/swift-server/swift-service-lifecycle.git
Working copy of https://github.com/swift-server/swift-service-lifecycle.git resolved at 2.12.0
Creating working copy for https://github.com/apple/swift-atomics.git
Working copy of https://github.com/apple/swift-atomics.git resolved at 1.3.1
Creating working copy for https://github.com/apple/swift-metrics.git
Working copy of https://github.com/apple/swift-metrics.git resolved at 2.11.0
Creating working copy for https://github.com/apple/swift-nio.git
Working copy of https://github.com/apple/swift-nio.git resolved at 2.103.0
Creating working copy for https://github.com/apple/swift-system.git
Working copy of https://github.com/apple/swift-system.git resolved at 1.8.1
Creating working copy for https://github.com/apple/swift-nio-ssl.git
Working copy of https://github.com/apple/swift-nio-ssl.git resolved at 2.37.5
Creating working copy for https://github.com/apple/swift-log.git
Working copy of https://github.com/apple/swift-log.git resolved at 1.15.1
Creating working copy for https://github.com/apple/swift-collections.git
Working copy of https://github.com/apple/swift-collections.git resolved at 1.7.1
Creating working copy for https://github.com/apple/swift-nio-transport-services.git
Working copy of https://github.com/apple/swift-nio-transport-services.git resolved at 1.28.0
Creating working copy for https://github.com/apple/swift-crypto.git
Working copy of https://github.com/apple/swift-crypto.git resolved at 4.5.2
Creating working copy for https://github.com/swiftlang/swift-syntax.git
Working copy of https://github.com/swiftlang/swift-syntax.git resolved at 604.0.0
Creating working copy for https://github.com/vapor/postgres-nio.git
Working copy of https://github.com/vapor/postgres-nio.git resolved at 1.33.1
Building for debugging...
[0/1676] Write sources
[36/1676] Compiling _AtomicsShims.c
[37/1676] Write sources
[51/1676] Compiling CXKCPShims shims.c
[52/1676] Compiling _SwiftSyntaxCShims PlatformMutex.c
[53/1676] Compiling SimpleFIPS202.c
[54/1676] Compiling KeccakSponge.c
[55/1676] Compiling KeccakHash.c
[56/1676] Compiling CNIOWindows shim.c
[57/1676] Compiling CNIOWindows WSAStartup.c
[58/1676] Compiling CNIOWASI CNIOWASI.c
[59/1676] Compiling CNIOPosix event_loop_id.c
[60/1676] Compiling CNIOOpenBSD shim.c
[61/1676] Compiling CNIOLinux shim.c
[62/1676] Compiling CNIOLinux liburing_shims.c
[63/1676] Compiling CNIOFreeBSD shim.c
[64/1676] Compiling KeccakP-1600-opt64.c
[65/1676] Compiling CNIODarwin shim.c
[66/1676] Compiling fiat_p256_adx_sqr.S
[67/1676] Compiling fiat_p256_adx_mul.S
[68/1676] Compiling fiat_curve25519_adx_square.S
[69/1676] Compiling fiat_curve25519_adx_mul.S
[70/1676] Compiling v3_ocsp.cc
[71/1676] Write swift-version--11D90AFD9DD3AB2.txt
[71/1676] Compiling v3_prn.cc
[73/1676] Compiling v3_pcons.cc
[74/1676] Compiling v3_pmaps.cc
[75/1676] Compiling CNIOBoringSSLShims shims.c
[76/1676] Compiling v3_ncons.cc
[77/1686] Compiling tls_method.cc
[78/1686] Compiling tls_record.cc
[79/1690] Compiling tls13_server.cc
[80/1692] Compiling tls13_enc.cc
[82/1694] Emitting module SwiftSyntax510
[83/1694] Compiling SwiftSyntax510 Empty.swift
[84/1695] Compiling SwiftSyntax602 Empty.swift
[85/1695] Emitting module SwiftSyntax602
[87/1696] Emitting module _NIOBase64
[88/1696] Compiling _NIOBase64 Base64.swift
[90/1697] Compiling SwiftSyntax603 Empty.swift
[91/1697] Emitting module SwiftSyntax603
[92/1697] Emitting module SwiftSyntax604
[93/1698] Compiling SwiftSyntax604 Empty.swift
[97/1701] Compiling SwiftSyntax509 Empty.swift
[98/1702] Compiling SwiftSyntax600 Empty.swift
[99/1702] Emitting module SwiftSyntax600
[100/1719] Emitting module SwiftSyntax509
[102/1764] Wrapping AST for SwiftSyntax604 for debugging
[104/1764] Emitting module SwiftSyntax601
[105/1764] Compiling SwiftSyntax601 Empty.swift
[107/1768] Compiling CoreMetrics WithMetricsFactory.swift
[107/1768] Wrapping AST for SwiftSyntax603 for debugging
[109/1768] Compiling CoreMetrics MappingMetricsFactory.swift
[110/1768] Compiling ConcurrencyHelpers LockedValueBox.swift
[111/1768] Compiling InternalCollectionsUtilities UnsafeMutablePointer+Extras.swift
[112/1768] Compiling InternalCollectionsUtilities UnsafeMutableRawBufferPointer+Extras.swift
[113/1768] Compiling InternalCollectionsUtilities UnsafePointer+Extras.swift
[113/1771] Wrapping AST for SwiftSyntax600 for debugging
[114/1771] Wrapping AST for SwiftSyntax602 for debugging
[116/1771] Compiling _NIODataStructures _TinyArray.swift
[117/1771] Compiling _NIODataStructures PriorityQueue.swift
[118/1771] Compiling InternalCollectionsUtilities BorrowingIteratorProtocol+Equality.swift
[119/1771] Compiling InternalCollectionsUtilities BorrowingIteratorProtocol+Extras.swift
[120/1771] Compiling InternalCollectionsUtilities Debugging.swift
[121/1771] Compiling InternalCollectionsUtilities Descriptions.swift
[122/1771] Compiling Logging Logger+With.swift
[122/1771] Wrapping AST for SwiftSyntax601 for debugging
[124/1772] Compiling InternalCollectionsUtilities UnsafeRawBufferPointer+Extras.swift
[125/1772] Compiling InternalCollectionsUtilities _SortedCollection.swift
[126/1772] Compiling InternalCollectionsUtilities _UniqueCollection.swift
[127/1823] Compiling Logging LoggingSystem.swift
[127/1836] Wrapping AST for SwiftSyntax510 for debugging
[128/1836] Wrapping AST for SwiftSyntax509 for debugging
[130/1836] Compiling SwiftSyntax BumpPtrAllocator.swift
[131/1836] Compiling SwiftSyntax CommonAncestor.swift
[132/1836] Compiling Logging Logger+Attributes.swift
[135/1836] Compiling SwiftSyntax Convenience.swift
[136/1836] Compiling SwiftSyntax CustomTraits.swift
[137/1836] Emitting module CoreMetrics
[138/1836] Compiling SwiftSyntax EditorPlaceholder.swift
[139/1836] Compiling SwiftSyntax SourceLength.swift
[140/1836] Compiling SwiftSyntax SourceLocation.swift
[141/1836] Compiling SwiftSyntax SourcePresence.swift
[142/1836] Compiling SwiftSyntax SwiftSyntaxCompatibility.swift
[143/1836] Compiling SwiftSyntax Syntax.swift
[144/1836] Compiling SwiftSyntax SyntaxChildren.swift
[145/1836] Compiling SwiftSyntax SyntaxCollection.swift
[146/1836] Compiling Logging Logger.swift
[146/1836] Compiling tls13_client.cc
[148/1836] Compiling SwiftSyntax ArenaAllocatedBuffer.swift
[149/1836] Compiling SwiftSyntax Assert.swift
[150/1836] Emitting module InternalCollectionsUtilities
[151/1836] Compiling Logging MetadataProvider.swift
[152/1836] Compiling _NIODataStructures Heap.swift
[153/1836] Emitting module _NIODataStructures
[154/1837] Emitting module ConcurrencyHelpers
[155/1837] Compiling ConcurrencyHelpers Lock.swift
[157/1838] Compiling SwiftSyntax AbsolutePosition.swift
[158/1838] Compiling SwiftSyntax AbsoluteSyntaxInfo.swift
[159/1838] Emitting module Logging
[162/1842] Compiling SwiftSyntax RawSyntaxLayoutView.swift
[163/1842] Compiling SwiftSyntax RawSyntaxNodeProtocol.swift
[164/1842] Compiling SwiftSyntax RawSyntaxTokenView.swift
[165/1842] Compiling SwiftSyntax SourceEdit.swift
[166/1842] Compiling SwiftSyntax SyntaxHashable.swift
[167/1842] Compiling SwiftSyntax SyntaxIdentifier.swift
[168/1842] Compiling SwiftSyntax Identifier.swift
[169/1842] Compiling SwiftSyntax MemoryLayout.swift
[171/1843] Compiling CoreMetrics Locks.swift
[172/1843] Compiling CoreMetrics Metrics.swift
[174/1848] Compiling SpanPreview InputSpan.swift
[175/1848] Emitting module SpanPreview
[176/1848] Compiling SpanPreview MutableSpan+InputSpanHelpers.swift
[177/1848] Compiling SpanPreview OutputSpan+InputSpanHelpers.swift
[181/1908] Compiling OrderedCollections _HashTable.swift
[182/1908] Compiling OrderedCollections _Hashtable+Header.swift
[183/1908] Emitting module UnixSignals
[184/1908] Compiling UnixSignals UnixSignalsSequence.swift
[185/1908] Compiling UnixSignals UnixSignal.swift
[187/1909] Compiling OrderedCollections _HashTable+Bucket.swift
[188/1909] Compiling OrderedCollections _HashTable+BucketIterator.swift
[189/1909] Compiling OrderedCollections _HashTable+Constants.swift
[189/1911] Compiling ssl_x509.cc
[191/1911] Compiling OrderedCollections OrderedDictionary+Codable.swift
[192/1911] Compiling OrderedCollections OrderedDictionary+CustomReflectable.swift
[192/1911] Compiling t1_enc.cc
[194/1922] Compiling OrderedCollections OrderedSet+Partial SetAlgebra isSuperset.swift
[195/1922] Compiling OrderedCollections OrderedSet+Partial SetAlgebra subtract.swift
[196/1922] Compiling OrderedCollections OrderedSet+Partial SetAlgebra subtracting.swift
[197/1922] Compiling OrderedCollections OrderedSet+Partial SetAlgebra symmetricDifference.swift
[198/1922] Compiling OrderedCollections OrderedSet+Partial SetAlgebra union.swift
[199/1922] Compiling OrderedCollections OrderedSet+Partial SetAlgebra+Basics.swift
[200/1922] Compiling OrderedCollections OrderedSet+RandomAccessCollection.swift
[201/1922] Compiling OrderedCollections OrderedSet+ReserveCapacity.swift
[202/1922] Compiling OrderedCollections OrderedSet+Partial SetAlgebra formSymmetricDifference.swift
[203/1922] Compiling OrderedCollections OrderedSet+Partial SetAlgebra formUnion.swift
[204/1922] Compiling OrderedCollections OrderedSet+Partial SetAlgebra intersection.swift
[205/1922] Compiling OrderedCollections OrderedSet+Partial SetAlgebra isDisjoint.swift
[206/1922] Compiling OrderedCollections OrderedSet+Partial SetAlgebra isEqualSet.swift
[207/1922] Compiling OrderedCollections OrderedSet+Partial SetAlgebra isStrictSubset.swift
[208/1922] Compiling OrderedCollections OrderedSet+Partial SetAlgebra isStrictSuperset.swift
[209/1922] Compiling OrderedCollections OrderedSet+Partial SetAlgebra isSubset.swift
[209/1960] Compiling tls13_both.cc
[211/1960] Compiling DequeModule UniqueDeque+Initializers.swift
[212/1960] Compiling DequeModule UniqueDeque+Insertions.swift
[213/1960] Compiling DequeModule UniqueDeque+Iterable.swift
[214/1960] Compiling DequeModule UniqueDeque+Prepend.swift
[215/1960] Compiling DequeModule UniqueDeque+Removals.swift
[216/1965] Compiling DequeModule RigidDeque.swift
[217/1965] Compiling DequeModule UniqueDeque+Append.swift
[218/1965] Emitting module Metrics
[219/1965] Compiling Metrics Metrics.swift
[220/1966] Compiling DequeModule Deque+Descriptions.swift
[221/1966] Compiling DequeModule Deque+Equatable.swift
[222/1966] Compiling DequeModule Deque+ExpressibleByArrayLiteral.swift
[224/1966] Compiling DequeModule RigidDeque+Prepend.swift
[225/1966] Compiling DequeModule RigidDeque+Removals.swift
[226/1966] Compiling DequeModule Deque._UnsafeHandle.swift
[227/1966] Compiling DequeModule Deque.swift
[228/1966] Compiling DequeModule Deque+Testing.swift
[229/1966] Compiling DequeModule Deque._Storage.swift
[234/1966] Compiling DequeModule RigidDeque+Replacements.swift
[235/1966] Compiling DequeModule RigidDeque+Testing.swift
[236/1966] Compiling DequeModule _DequeBuffer.swift
[237/1966] Compiling DequeModule _DequeBufferHeader.swift
[238/1966] Compiling DequeModule RigidDeque+Append.swift
[239/1966] Compiling DequeModule RigidDeque+Consumption.swift
[240/1966] Compiling DequeModule RigidDeque+ContainerOperations.swift
[241/1966] Compiling DequeModule RigidDeque+Deprecations.swift
[248/1966] Compiling DequeModule UniqueDeque+Consumption.swift
[249/1966] Compiling DequeModule UniqueDeque+ContainerOperations.swift
[250/1966] Compiling DequeModule UniqueDeque+Deprecations.swift
[251/1966] Compiling DequeModule UniqueDeque+Descriptions.swift
[252/1966] Compiling DequeModule UniqueDeque+Equatable.swift
[253/1966] Compiling DequeModule UniqueDeque+Hashable.swift
[254/1966] Compiling DequeModule RigidDeque+Descriptions.swift
[255/1966] Compiling DequeModule RigidDeque+Equatable.swift
[256/1966] Compiling DequeModule RigidDeque+Hashable.swift
[257/1966] Compiling DequeModule RigidDeque+Initializers.swift
[258/1966] Compiling DequeModule RigidDeque+Insertions.swift
[259/1966] Compiling DequeModule RigidDeque+Iterable.swift
[260/1966] Emitting module SwiftASN1
[262/1967] Compiling DequeModule Deque+Codable.swift
[263/1967] Compiling DequeModule Deque+Collection.swift
[264/1967] Compiling DequeModule Deque+CustomReflectable.swift
[268/1967] Compiling DequeModule Deque+Extras.swift
[269/1967] Compiling DequeModule Deque+Hashable.swift
[269/1967] Compiling ssl_versions.cc
[294/1967] Compiling ssl_transcript.cc
[305/1975] Compiling OrderedCollections OrderedSet+Sendable.swift
[306/1975] Compiling OrderedCollections OrderedSet+SubSequence.swift
[307/1975] Compiling OrderedCollections OrderedSet+Testing.swift
[308/1975] Compiling OrderedCollections OrderedSet+UnorderedView.swift
[309/1975] Compiling OrderedCollections OrderedSet+UnstableInternals.swift
[310/1975] Compiling OrderedCollections OrderedSet.swift
[311/1975] Compiling OrderedCollections _UnsafeBitset.swift
[311/1975] Compiling ssl_stat.cc
[324/1975] Compiling ssl_privkey.cc
[325/1975] Compiling ssl_session.cc
[327/1975] Emitting module OrderedCollections
[328/1976] Compiling ssl_key_share.cc
[329/1976] Compiling ssl_file.cc
[330/1976] Compiling ssl_lib.cc
[332/1976] Compiling DequeModule UniqueDeque+Replacements.swift
[333/1976] Compiling DequeModule UniqueDeque.swift
[334/1976] Compiling DequeModule _DequeSlot.swift
[335/1976] Compiling DequeModule _UnsafeDequeHandle.swift
[336/1976] Compiling DequeModule _UnsafeDequeSegments.swift
[337/1976] Emitting module DequeModule
[337/1977] Compiling ssl_credential.cc
[339/1977] Compiling ssl_cipher.cc
[340/1977] Compiling ssl_cert.cc
[341/1977] Compiling ssl_buffer.cc
[342/1977] Compiling ssl_aead_ctx.cc
[343/1977] Compiling ssl_asn1.cc
[344/1977] Compiling s3_pkt.cc
[345/1977] Compiling s3_lib.cc
[346/1977] Compiling s3_both.cc
[347/1977] Compiling handshake_server.cc
[348/1977] Compiling handshake_client.cc
[349/1977] Compiling handshake.cc
[350/1977] Compiling handoff.cc
[351/1977] Compiling dtls_record.cc
[352/1977] Compiling encrypted_client_hello.cc
[353/1977] Compiling extensions.cc
[354/1977] Compiling md5-x86_64-linux.S
[355/1977] Compiling md5-x86_64-apple.S
[356/1977] Compiling md5-586-linux.S
[357/1977] Compiling md5-586-apple.S
[358/1977] Compiling dtls_method.cc
[359/1977] Compiling d1_srtp.cc
[360/1977] Compiling chacha20_poly1305_x86_64-linux.S
[361/1977] Compiling chacha20_poly1305_armv8-win.S
[362/1977] Compiling chacha20_poly1305_x86_64-apple.S
[363/1977] Compiling chacha20_poly1305_armv8-linux.S
[364/1977] Compiling err_data.cc
[365/1977] Compiling chacha20_poly1305_armv8-apple.S
[366/1977] Compiling chacha-x86_64-apple.S
[367/1977] Compiling chacha-x86_64-linux.S
[368/1977] Compiling chacha-x86-linux.S
[369/1977] Compiling chacha-x86-apple.S
[370/1977] Compiling chacha-armv8-win.S
[371/1977] Compiling chacha-armv8-linux.S
[372/1977] Compiling chacha-armv4-linux.S
[373/1977] Compiling chacha-armv8-apple.S
[374/1977] Compiling d1_pkt.cc
[375/1977] Compiling aes128gcmsiv-x86_64-apple.S
[376/1977] Compiling aes128gcmsiv-x86_64-linux.S
[377/1977] Compiling x86_64-mont5-linux.S
[378/1977] Compiling x86_64-mont-linux.S
[379/1977] Compiling x86_64-mont5-apple.S
[380/1977] Compiling x86_64-mont-apple.S
[381/1977] Compiling x86-mont-apple.S
[382/1977] Compiling bio_ssl.cc
[383/1977] Compiling x86-mont-linux.S
[384/1977] Compiling vpaes-x86_64-linux.S
[385/1977] Compiling vpaes-x86-apple.S
[386/1977] Compiling vpaes-x86_64-apple.S
[387/1977] Compiling d1_lib.cc
[388/1977] Compiling vpaes-x86-linux.S
[389/1977] Compiling vpaes-armv8-win.S
[390/1977] Compiling vpaes-armv8-apple.S
[391/1977] Compiling vpaes-armv7-linux.S
[392/1977] Compiling vpaes-armv8-linux.S
[393/1977] Compiling sha512-armv8-win.S
[394/1977] Compiling sha512-x86_64-linux.S
[395/1977] Compiling sha512-armv4-linux.S
[396/1977] Compiling sha512-armv8-linux.S
[397/1977] Compiling sha512-x86_64-apple.S
[398/1977] Compiling sha512-586-linux.S
[399/1977] Compiling sha512-armv8-apple.S
[400/1977] Compiling sha512-586-apple.S
[401/1977] Compiling sha256-x86_64-linux.S
[402/1977] Compiling sha256-armv8-linux.S
[403/1977] Compiling sha256-x86_64-apple.S
[404/1977] Compiling sha256-armv8-apple.S
[405/1977] Compiling sha256-armv8-win.S
[406/1977] Compiling sha256-armv4-linux.S
[407/1977] Compiling sha256-586-apple.S
[408/1977] Compiling sha256-586-linux.S
[409/1977] Compiling sha1-x86_64-linux.S
[410/1977] Compiling sha1-x86_64-apple.S
[411/1977] Compiling sha1-armv8-apple.S
[412/1977] Compiling sha1-armv8-linux.S
[412/1977] Compiling sha1-armv4-large-linux.S
[414/1977] Compiling sha1-armv8-win.S
[415/1977] Compiling sha1-586-linux.S
[416/1977] Compiling rdrand-x86_64-linux.S
[417/1977] Compiling rsaz-avx2-apple.S
[418/1977] Compiling rsaz-avx2-linux.S
[419/1977] Compiling sha1-586-apple.S
[420/1977] Compiling rdrand-x86_64-apple.S
[421/1977] Compiling p256_beeu-armv8-asm-win.S
[422/1977] Compiling p256_beeu-x86_64-asm-linux.S
[423/1977] Compiling p256_beeu-x86_64-asm-apple.S
[424/1977] Compiling p256_beeu-armv8-asm-linux.S
[425/1977] Compiling p256_beeu-armv8-asm-apple.S
[426/1977] Compiling p256-x86_64-asm-apple.S
[427/1977] Compiling p256-armv8-asm-win.S
[428/1977] Compiling p256-x86_64-asm-linux.S
[429/1977] Compiling p256-armv8-asm-linux.S
[430/1977] Compiling p256-armv8-asm-apple.S
[431/1977] Compiling ghashv8-armv8-linux.S
[432/1977] Compiling ghashv8-armv8-win.S
[433/1977] Compiling ghashv8-armv8-apple.S
[434/1977] Compiling ghash-x86_64-apple.S
[435/1977] Compiling ghashv8-armv7-linux.S
[436/1977] Compiling ghash-x86_64-linux.S
[437/1977] Compiling ghash-x86-linux.S
[438/1977] Compiling ghash-ssse3-x86_64-apple.S
[439/1977] Compiling ghash-x86-apple.S
[440/1977] Compiling ghash-ssse3-x86-apple.S
[441/1977] Compiling ghash-ssse3-x86_64-linux.S
[442/1977] Compiling ghash-armv4-linux.S
[443/1977] Compiling ghash-ssse3-x86-linux.S
[444/1977] Compiling ghash-neon-armv8-linux.S
[445/1977] Compiling ghash-neon-armv8-win.S
[446/1977] Compiling ghash-neon-armv8-apple.S
[447/1977] Compiling co-586-apple.S
[448/1977] Compiling co-586-linux.S
[449/1977] Compiling bn-armv8-win.S
[450/1977] Compiling bn-armv8-linux.S
[451/1977] Compiling bsaes-armv7-linux.S
[452/1977] Compiling bn-armv8-apple.S
[453/1977] Compiling bn-586-linux.S
[454/1977] Compiling armv8-mont-linux.S
[455/1977] Compiling armv8-mont-win.S
[456/1977] Compiling bn-586-apple.S
[457/1977] Compiling armv4-mont-linux.S
[458/1977] Compiling armv8-mont-apple.S
[459/1977] Compiling aesv8-armv8-linux.S
[460/1977] Compiling aesv8-gcm-armv8-linux.S
[461/1977] Compiling aesv8-gcm-armv8-win.S
[462/1977] Compiling aesv8-armv8-win.S
[463/1977] Compiling aesv8-gcm-armv8-apple.S
[464/1977] Compiling aesv8-armv8-apple.S
[465/1977] Compiling aesv8-armv7-linux.S
[466/1977] Compiling aesni-x86_64-apple.S
[467/1977] Compiling aesni-x86-apple.S
[468/1977] Compiling aesni-x86_64-linux.S
[469/1977] Compiling aesni-x86-linux.S
[470/1977] Compiling aesni-gcm-x86_64-linux.S
[471/1977] Compiling aes-gcm-avx10-x86_64-linux.S
[472/1977] Compiling aesni-gcm-x86_64-apple.S
[473/1977] Compiling aes-gcm-avx2-x86_64-apple.S
[474/1977] Compiling aes-gcm-avx10-x86_64-apple.S
[475/1977] Compiling aes-gcm-avx2-x86_64-linux.S
[476/1977] Compiling d1_both.cc
[477/1977] Compiling x_sig.cc
[478/1977] Compiling x_x509a.cc
[479/1977] Compiling x_x509.cc
[480/1977] Compiling x_pubkey.cc
[481/1977] Compiling x_val.cc
[482/1977] Compiling x_req.cc
[483/1977] Compiling x_spki.cc
[485/1977] Emitting module SwiftSyntax
[485/1977] Compiling x509spki.cc
[486/1977] Compiling x_exten.cc
[487/1977] Compiling x_name.cc
[488/1977] Compiling x_algor.cc
[489/1977] Compiling x_crl.cc
[490/1977] Compiling x_all.cc
[491/1977] Compiling x_attrib.cc
[492/1977] Compiling x509rset.cc
[493/1977] Compiling x509cset.cc
[494/1977] Compiling x509_vfy.cc
[495/1977] Compiling x509_vpm.cc
[496/1977] Compiling x509_v3.cc
[497/1977] Compiling x509name.cc
[498/1977] Compiling x509_txt.cc
[499/1977] Compiling x509_set.cc
[500/1977] Compiling x509_req.cc
[501/1977] Compiling x509_obj.cc
[502/1977] Compiling x509_ext.cc
[503/1977] Compiling x509_trs.cc
[504/1977] Compiling x509_lu.cc
[505/1977] Compiling x509_def.cc
[506/1977] Compiling x509_d2.cc
[507/1977] Compiling x509_cmp.cc
[508/1977] Compiling x509.cc
[509/1977] Compiling x509_att.cc
[510/1977] Compiling v3_skey.cc
[511/1977] Compiling v3_utl.cc
[512/1977] Compiling v3_purp.cc
[513/1977] Compiling v3_pcons.cc
[514/1977] Compiling v3_prn.cc
[515/1977] Compiling v3_pmaps.cc
[516/1977] Compiling v3_ocsp.cc
[516/1977] Compiling v3_lib.cc
[518/1977] Compiling v3_ncons.cc
[519/1977] Compiling v3_int.cc
[520/1977] Compiling v3_info.cc
[521/1977] Compiling v3_ia5.cc
[522/1977] Compiling v3_genn.cc
[523/1977] Compiling v3_enum.cc
[524/1977] Compiling v3_crld.cc
[525/1977] Compiling v3_extku.cc
[526/1977] Compiling v3_cpols.cc
[527/1977] Compiling v3_conf.cc
[528/1977] Compiling v3_bitst.cc
[529/1977] Compiling v3_bcons.cc
[530/1977] Compiling v3_akey.cc
[531/1977] Compiling v3_alt.cc
[532/1977] Compiling v3_akeya.cc
[533/1977] Compiling t_x509a.cc
[534/1977] Compiling t_x509.cc
[535/1977] Compiling t_crl.cc
[536/1977] Compiling t_req.cc
[537/1977] Compiling i2d_pr.cc
[538/1977] Compiling rsa_pss.cc
[539/1977] Compiling policy.cc
[540/1977] Compiling name_print.cc
[541/1977] Compiling by_file.cc
[542/1977] Compiling by_dir.cc
[543/1977] Compiling algorithm.cc
[544/1977] Compiling asn1_gen.cc
[545/1977] Compiling thread_win.cc
[546/1977] Compiling a_digest.cc
[547/1977] Compiling a_verify.cc
[548/1977] Compiling a_sign.cc
[549/1977] Compiling trust_token.cc
[550/1977] Compiling voprf.cc
[551/1977] Compiling pmbtoken.cc
[552/1977] Compiling thread.cc
[553/1977] Compiling thread_pthread.cc
[554/1977] Compiling thread_none.cc
[555/1977] Compiling stack.cc
[556/1977] Compiling siphash.cc
[557/1977] Compiling sha256.cc
[558/1977] Compiling sha1.cc
[559/1977] Compiling sha512.cc
[560/1977] Compiling slhdsa.cc
[561/1977] Compiling rsa_extra.cc
[562/1977] Compiling rsa_print.cc
[563/1977] Compiling spake2plus.cc
[564/1977] Compiling rc4.cc
[565/1977] Compiling rsa_crypt.cc
[566/1977] Compiling refcount.cc
[567/1977] Compiling windows.cc
[568/1977] Compiling trusty.cc
[569/1977] Compiling urandom.cc
[570/1977] Compiling ios.cc
[571/1977] Compiling rand.cc
[572/1977] Compiling rsa_asn1.cc
[573/1977] Compiling passive.cc
[574/1977] Compiling forkunsafe.cc
[575/1977] Compiling getentropy.cc
[576/1977] Compiling poly1305_arm_asm.S
[577/1977] Compiling fork_detect.cc
[578/1977] Compiling deterministic.cc
[579/1977] Compiling poly1305.cc
[580/1977] Compiling poly1305_arm.cc
[581/1977] Compiling poly1305_vec.cc
[582/1977] Compiling pool.cc
[583/1977] Compiling pkcs7.cc
[584/1977] Compiling pkcs8.cc
[585/1977] Compiling p5_pbev2.cc
[586/1977] Compiling pkcs8_x509.cc
[587/1977] Compiling pkcs7_x509.cc
[588/1977] Compiling pem_xaux.cc
[589/1977] Compiling pem_x509.cc
[590/1977] Compiling pem_oth.cc
[591/1977] Compiling pem_pk8.cc
[592/1977] Compiling pem_pkey.cc
[593/1977] Compiling obj_xref.cc
[594/1977] Compiling pem_info.cc
[595/1977] Compiling pem_lib.cc
[596/1977] Compiling mlkem.cc
[597/1977] Compiling mldsa.cc
[598/1977] Compiling pem_all.cc
[599/1977] Compiling mem.cc
[600/1977] Compiling md4.cc
[601/1977] Compiling md5.cc
[602/1977] Compiling poly_rq_mul.S
[603/1977] Compiling fips_shared_support.cc
[604/1977] Compiling obj.cc
[605/1977] Compiling lhash.cc
[606/1977] Compiling hrss.cc
[607/1977] Compiling ex_data.cc
[608/1977] Compiling scrypt.cc
[609/1977] Compiling sign.cc
[610/1977] Compiling kyber.cc
[611/1977] Compiling hpke.cc
[612/1977] Compiling print.cc
[613/1977] Compiling pbkdf.cc
[614/1977] Compiling p_x25519.cc
[615/1977] Compiling p_x25519_asn1.cc
[616/1977] Compiling p_rsa.cc
[617/1977] Compiling p_rsa_asn1.cc
[618/1977] Compiling p_ed25519.cc
[619/1977] Compiling p_hkdf.cc
[620/1977] Compiling p_ed25519_asn1.cc
[639/1977] Compiling p_dh_asn1.cc
[640/1977] Compiling p_dh.cc
[641/1977] Compiling p_ec.cc
[642/1977] Compiling evp_ctx.cc
[643/1977] Compiling p_ec_asn1.cc
[644/1977] Compiling p_dsa_asn1.cc
[645/1977] Compiling err.cc
[646/1977] Compiling engine.cc
[647/1977] Compiling evp.cc
[648/1977] Compiling ecdh.cc
[649/1977] Compiling evp_asn1.cc
[650/1977] Compiling ecdsa_asn1.cc
[651/1977] Compiling hash_to_curve.cc
[652/1977] Compiling ec_derive.cc
[653/1977] Compiling ec_asn1.cc
[654/1977] Compiling params.cc
[655/1977] Compiling dsa_asn1.cc
[656/1977] Compiling dsa.cc
[657/1977] Compiling dh_asn1.cc
[658/1977] Compiling x25519-asm-arm.S
[659/1977] Compiling des.cc
[660/1977] Compiling bcm.cc
[661/1977] Compiling digest_extra.cc
[662/1977] Compiling spake25519.cc
[663/1977] Compiling crypto.cc
[664/1977] Compiling curve25519.cc
[665/1977] Compiling cpu_intel.cc
[666/1977] Compiling cpu_arm_linux.cc
[667/1977] Compiling cpu_arm_freebsd.cc
[668/1977] Compiling cpu_aarch64_win.cc
[669/1977] Compiling cpu_aarch64_sysreg.cc
[670/1977] Compiling cpu_aarch64_linux.cc
[671/1977] Compiling cpu_aarch64_openbsd.cc
[672/1977] Compiling cpu_aarch64_fuchsia.cc
[673/1977] Compiling curve25519_64_adx.cc
[674/1977] Compiling cpu_aarch64_apple.cc
[675/1977] Compiling conf.cc
[676/1977] Compiling tls_cbc.cc
[677/1977] Compiling get_cipher.cc
[678/1977] Compiling e_tls.cc
[679/1977] Compiling e_rc4.cc
[680/1977] Compiling e_rc2.cc
[681/1977] Compiling e_null.cc
[682/1977] Compiling e_des.cc
[683/1977] Compiling derive_key.cc
[684/1977] Compiling e_chacha20poly1305.cc
[685/1977] Compiling e_aesgcmsiv.cc
[686/1977] Compiling e_aesctrhmac.cc
[687/1977] Compiling chacha.cc
[688/1977] Compiling unicode.cc
[689/1977] Compiling buf.cc
[690/1977] Compiling cbs.cc
[691/1977] Compiling ber.cc
[692/1977] Compiling asn1_compat.cc
[693/1977] Compiling cbb.cc
[694/1977] Compiling convert.cc
[695/1977] Compiling bn_asn1.cc
[696/1977] Compiling blake2.cc
[697/1977] Compiling socket_helper.cc
[698/1977] Compiling printf.cc
[699/1977] Compiling socket.cc
[700/1977] Compiling hexdump.cc
[701/1977] Compiling pair.cc
[702/1977] Compiling fd.cc
[703/1977] Compiling errno.cc
[704/1977] Compiling file.cc
[705/1977] Compiling connect.cc
[706/1977] Compiling bio_mem.cc
[707/1977] Compiling base64.cc
[708/1977] Compiling tasn_fre.cc
[709/1977] Compiling bio.cc
[710/1977] Compiling tasn_typ.cc
[711/1977] Compiling tasn_enc.cc
[712/1977] Compiling tasn_utl.cc
[713/1977] Compiling tasn_new.cc
[714/1977] Compiling f_string.cc
[715/1977] Compiling f_int.cc
[716/1977] Compiling posix_time.cc
[717/1977] Compiling asn_pack.cc
[718/1977] Compiling tasn_dec.cc
[719/1977] Compiling asn1_par.cc
[720/1977] Compiling a_time.cc
[721/1977] Compiling a_utctm.cc
[722/1977] Compiling a_octet.cc
[723/1977] Compiling a_type.cc
[724/1977] Compiling asn1_lib.cc
[725/1977] Compiling a_strnid.cc
[726/1977] Compiling a_strex.cc
[727/1977] Compiling a_i2d_fp.cc
[728/1977] Compiling a_dup.cc
[729/1977] Compiling a_d2i_fp.cc
[730/1977] Compiling a_mbstr.cc
[731/1977] Compiling a_object.cc
[732/1977] Compiling a_int.cc
[733/1977] Compiling a_gentm.cc
[734/1977] Compiling fiat_p256_adx_mul.S
[735/1977] Compiling fiat_p256_adx_sqr.S
[736/1977] Compiling fiat_curve25519_adx_square.S
[737/1977] Compiling md5-x86_64-linux.S
[738/1977] Compiling fiat_curve25519_adx_mul.S
[739/1977] Compiling md5-x86_64-apple.S
[740/1977] Compiling md5-586-apple.S
[741/1977] Compiling md5-586-linux.S
[742/1977] Compiling CCryptoBoringSSLShims shims.c
[743/1977] Compiling chacha20_poly1305_x86_64-apple.S
[744/1977] Compiling a_bitstr.cc
[745/1977] Compiling chacha20_poly1305_x86_64-linux.S
[746/1977] Compiling chacha20_poly1305_armv8-win.S
[747/1977] Compiling chacha20_poly1305_armv8-linux.S
[748/1977] Compiling chacha20_poly1305_armv8-apple.S
[749/1977] Compiling chacha-x86_64-linux.S
[750/1977] Compiling chacha-x86_64-apple.S
[751/1977] Compiling a_bool.cc
[752/1977] Compiling chacha-x86-linux.S
[753/1977] Compiling chacha-armv8-linux.S
[754/1977] Compiling chacha-x86-apple.S
[755/1977] Compiling chacha-armv8-win.S
[756/1977] Compiling chacha-armv4-linux.S
[757/1977] Compiling chacha-armv8-apple.S
[758/1977] Compiling err_data.cc
[759/1977] Compiling aes128gcmsiv-x86_64-linux.S
[760/1977] Compiling aes128gcmsiv-x86_64-apple.S
[761/1977] Compiling x86_64-mont5-apple.S
[762/1977] Compiling x86_64-mont-linux.S
[763/1977] Compiling x86_64-mont-apple.S
[764/1977] Compiling x86_64-mont5-linux.S
[765/1977] Compiling x86-mont-linux.S
[766/1977] Compiling vpaes-x86_64-linux.S
[767/1977] Compiling x86-mont-apple.S
[768/1977] Compiling vpaes-x86-apple.S
[769/1977] Compiling vpaes-x86_64-apple.S
[770/1977] Compiling vpaes-x86-linux.S
[771/1977] Compiling vpaes-armv8-linux.S
[772/1977] Compiling vpaes-armv8-apple.S
[773/1977] Compiling vpaes-armv8-win.S
[774/1977] Compiling sha512-x86_64-linux.S
[775/1977] Compiling vpaes-armv7-linux.S
[775/1977] Compiling sha512-armv8-linux.S
[777/1977] Compiling sha512-armv8-win.S
[778/1977] Compiling sha512-x86_64-apple.S
[779/1977] Compiling sha512-586-apple.S
[780/1977] Compiling sha512-armv4-linux.S
[781/1977] Compiling sha512-586-linux.S
[782/1977] Compiling sha512-armv8-apple.S
[783/1977] Compiling sha256-x86_64-linux.S
[784/1977] Compiling sha256-x86_64-apple.S
[785/1977] Compiling sha256-armv8-apple.S
[786/1977] Compiling sha256-armv8-win.S
[787/1977] Compiling sha256-armv8-linux.S
[788/1977] Compiling sha256-armv4-linux.S
[789/1977] Compiling sha256-586-apple.S
[790/1977] Compiling sha1-armv8-win.S
[791/1977] Compiling sha256-586-linux.S
[792/1977] Compiling sha1-x86_64-apple.S
[793/1977] Compiling sha1-x86_64-linux.S
[794/1977] Compiling sha1-586-apple.S
[794/1977] Compiling sha1-armv4-large-linux.S
[796/1977] Compiling sha1-armv8-linux.S
[797/1977] Compiling sha1-586-linux.S
[798/1977] Compiling sha1-armv8-apple.S
[799/1977] Compiling rsaz-avx2-apple.S
[800/1977] Compiling rdrand-x86_64-apple.S
[801/1977] Compiling rdrand-x86_64-linux.S
[802/1977] Compiling p256_beeu-x86_64-asm-linux.S
[803/1977] Compiling rsaz-avx2-linux.S
[804/1977] Compiling p256_beeu-armv8-asm-linux.S
[805/1977] Compiling p256_beeu-x86_64-asm-apple.S
[806/1977] Compiling p256-x86_64-asm-linux.S
[807/1977] Compiling p256_beeu-armv8-asm-win.S
[808/1977] Compiling p256_beeu-armv8-asm-apple.S
[809/1977] Compiling p256-armv8-asm-apple.S
[810/1977] Compiling p256-armv8-asm-win.S
[811/1977] Compiling p256-x86_64-asm-apple.S
[812/1977] Compiling ghashv8-armv8-win.S
[813/1977] Compiling p256-armv8-asm-linux.S
[814/1977] Compiling ghashv8-armv8-apple.S
[815/1977] Compiling ghashv8-armv8-linux.S
[816/1977] Compiling ghash-x86_64-apple.S
[817/1977] Compiling ghashv8-armv7-linux.S
[818/1977] Compiling ghash-x86_64-linux.S
[819/1977] Compiling ghash-x86-apple.S
[820/1977] Compiling ghash-x86-linux.S
[821/1977] Compiling ghash-ssse3-x86_64-apple.S
[822/1977] Compiling ghash-ssse3-x86_64-linux.S
[823/1977] Compiling ghash-ssse3-x86-linux.S
[824/1977] Compiling ghash-neon-armv8-win.S
[825/1977] Compiling ghash-ssse3-x86-apple.S
[826/1977] Compiling ghash-neon-armv8-linux.S
[827/1977] Compiling ghash-neon-armv8-apple.S
[828/1977] Compiling co-586-linux.S
[829/1977] Compiling ghash-armv4-linux.S
[830/1977] Compiling bsaes-armv7-linux.S
[831/1977] Compiling co-586-apple.S
[832/1977] Compiling bn-armv8-win.S
[833/1977] Compiling bn-armv8-linux.S
[834/1977] Compiling bn-586-linux.S
[835/1977] Compiling bn-armv8-apple.S
[836/1977] Compiling bn-586-apple.S
[837/1977] Compiling armv8-mont-win.S
[838/1977] Compiling armv8-mont-linux.S
[839/1977] Compiling armv8-mont-apple.S
[840/1977] Compiling armv4-mont-linux.S
[841/1977] Compiling aesv8-gcm-armv8-win.S
[842/1977] Compiling aesv8-gcm-armv8-linux.S
[843/1977] Compiling aesv8-armv8-win.S
[844/1977] Compiling aesv8-gcm-armv8-apple.S
[845/1977] Compiling aesv8-armv8-linux.S
[846/1977] Compiling aesv8-armv8-apple.S
[847/1977] Compiling aesv8-armv7-linux.S
[848/1977] Compiling aesni-x86_64-apple.S
[849/1977] Compiling aesni-x86-linux.S
[850/1977] Compiling aesni-x86_64-linux.S
[851/1977] Compiling aesni-x86-apple.S
[852/1977] Compiling aes-gcm-avx512-x86_64-linux.S
[853/1977] Compiling aes-gcm-avx512-x86_64-apple.S
[854/1977] Compiling aesni-gcm-x86_64-linux.S
[855/1977] Compiling aesni-gcm-x86_64-apple.S
[856/1977] Compiling aes-gcm-avx2-x86_64-linux.S
[857/1977] Compiling aes-gcm-avx2-x86_64-apple.S
[858/1977] Compiling xwing.cc
[859/1977] Compiling x_x509a.cc
[860/1977] Compiling c-nioatomics.c
[861/1977] Compiling x_sig.cc
[862/1977] Compiling x_spki.cc
[863/1977] Compiling x_x509.cc
[864/1977] Compiling x_req.cc
[865/1977] Compiling c-atomics.c
[866/1977] Compiling x_name.cc
[867/1977] Compiling x_exten.cc
[868/1984] Compiling x_pubkey.cc
[869/1984] Compiling x_attrib.cc
[870/1984] Compiling x_crl.cc
[872/1984] Compiling NIOConcurrencyHelpers NIOLock.swift
[873/1984] Compiling NIOConcurrencyHelpers lock.swift
[873/1984] Compiling x_all.cc
[875/1984] Emitting module NIOConcurrencyHelpers
[876/1984] Compiling NIOConcurrencyHelpers NIOAtomic.swift
[876/1984] Compiling x509spki.cc
[878/1984] Compiling NIOConcurrencyHelpers NIOLockedValueBox.swift
[879/1984] Compiling NIOConcurrencyHelpers NIOThreadPoolWorkAvailable.swift
[880/1984] Compiling NIOConcurrencyHelpers atomics.swift
[880/1985] Compiling x_algor.cc
[882/1985] Compiling x509name.cc
[883/1985] Compiling x509cset.cc
[884/1985] Compiling x509rset.cc
[885/1985] Compiling x509_vfy.cc
[886/1985] Compiling x509_vpm.cc
[887/1985] Compiling x509_req.cc
[888/1985] Compiling x509_txt.cc
[889/1985] Compiling x509_v3.cc
[890/1985] Compiling x509_set.cc
[891/1985] Compiling x509_obj.cc
[892/1985] Compiling x509_trs.cc
[893/1985] Compiling x509_lu.cc
[894/1985] Compiling x509_ext.cc
[895/1985] Compiling x509_def.cc
[896/1985] Compiling x509_d2.cc
[933/1985] Compiling x509.cc
[934/1985] Compiling x509_cmp.cc
[935/1985] Compiling x509_att.cc
[936/1985] Compiling v3_utl.cc
[937/1985] Compiling v3_skey.cc
[938/1985] Compiling v3_purp.cc
[939/1985] Compiling v3_lib.cc
[940/1985] Compiling v3_info.cc
[941/1985] Compiling v3_int.cc
[942/1985] Compiling v3_ia5.cc
[943/1985] Compiling v3_crld.cc
[944/1985] Compiling v3_extku.cc
[945/1985] Compiling v3_genn.cc
[946/1985] Compiling v3_enum.cc
[947/1985] Compiling v3_cpols.cc
[948/1985] Compiling v3_conf.cc
[949/1985] Compiling v3_bitst.cc
[950/1985] Compiling v3_bcons.cc
[951/1985] Compiling v3_akey.cc
[952/1985] Compiling v3_akeya.cc
[953/1985] Compiling v3_alt.cc
[954/1985] Compiling t_x509a.cc
[955/1985] Compiling t_x509.cc
[956/1985] Compiling t_crl.cc
[957/1985] Compiling t_req.cc
[958/1985] Compiling name_print.cc
[959/1985] Compiling rsa_pss.cc
[960/1985] Compiling i2d_pr.cc
[961/1985] Compiling policy.cc
[962/1985] Compiling by_file.cc
[963/1985] Compiling by_dir.cc
[964/1985] Compiling asn1_gen.cc
[965/1985] Compiling a_digest.cc
[966/1985] Compiling algorithm.cc
[967/1985] Compiling a_sign.cc
[968/1985] Compiling a_verify.cc
[969/1985] Compiling voprf.cc
[970/1985] Compiling thread_win.cc
[971/1985] Compiling thread_none.cc
[972/1985] Compiling thread_pthread.cc
[973/1985] Compiling thread.cc
[974/1985] Compiling pmbtoken.cc
[975/1985] Compiling trust_token.cc
[976/1985] Compiling stack.cc
[977/1985] Compiling sha512.cc
[978/1985] Compiling siphash.cc
[979/1985] Compiling sha256.cc
[980/1985] Compiling slhdsa.cc
[981/1985] Compiling rsa_print.cc
[982/1985] Compiling sha1.cc
[983/1985] Compiling rsa_extra.cc
[984/1985] Compiling spake2plus.cc
[985/1985] Compiling rc4.cc
[986/1985] Compiling rsa_crypt.cc
[987/1985] Compiling refcount.cc
[988/1985] Compiling windows.cc
[989/1985] Compiling trusty.cc
[990/1985] Compiling urandom.cc
[991/1985] Compiling rand.cc
[992/1985] Compiling getentropy.cc
[993/1985] Compiling ios.cc
[994/1985] Compiling passive.cc
[995/1985] Compiling poly1305_arm_asm.S
[996/1985] Compiling rsa_asn1.cc
[997/1985] Compiling forkunsafe.cc
[998/1985] Compiling deterministic.cc
[999/1985] Compiling fork_detect.cc
[1000/1985] Compiling poly1305.cc
[1001/1985] Compiling poly1305_arm.cc
[1002/1985] Compiling poly1305_vec.cc
[1003/1985] Compiling pool.cc
[1004/1985] Compiling pkcs7.cc
[1005/1985] Compiling pkcs8.cc
[1006/1985] Compiling pkcs8_x509.cc
[1007/1985] Compiling pem_xaux.cc
[1008/1985] Compiling p5_pbev2.cc
[1009/1985] Compiling pkcs7_x509.cc
[1010/1985] Compiling pem_x509.cc
[1012/1985] Compiling SwiftSyntax SyntaxNodesC.swift
[1013/1985] Compiling SwiftSyntax SyntaxNodesD.swift
[1014/1985] Compiling SwiftSyntax SyntaxNodesEF.swift
[1015/1985] Compiling SwiftSyntax SyntaxNodesGHI.swift
[1016/1985] Compiling SwiftSyntax SyntaxNodesJKLMN.swift
[1017/1985] Compiling SwiftSyntax SyntaxNodesOP.swift
[1018/1985] Compiling SwiftSyntax SyntaxNodesQRS.swift
[1019/1985] Compiling SwiftSyntax SyntaxNodesTUVWXYZ.swift
[1020/1986] Compiling pem_oth.cc
[1021/1986] Compiling pem_pkey.cc
[1022/1986] Compiling obj_xref.cc
[1022/1986] Compiling pem_pk8.cc
[1024/2003] Compiling pem_info.cc
[1025/2038] Compiling pem_lib.cc
[1026/2045] Compiling pem_all.cc
[1027/2045] Wrapping AST for SwiftSyntax for debugging
[1028/2045] Compiling mlkem.cc
[1029/2045] Compiling mldsa.cc
[1031/2045] Emitting module SwiftDiagnostics
[1032/2046] Compiling SwiftDiagnostics Message.swift
[1033/2046] Compiling SwiftDiagnostics FixIt.swift
[1034/2046] Compiling SwiftBasicFormat Syntax+Extensions.swift
[1035/2046] Compiling SwiftParser Attributes.swift
[1036/2046] Compiling SwiftParser Availability.swift
[1037/2046] Compiling SwiftBasicFormat SyntaxProtocol+Formatted.swift
[1038/2046] Compiling SwiftBasicFormat Trivia+FormatExtensions.swift
[1039/2046] Compiling SwiftParser CharacterInfo.swift
[1040/2046] Compiling SwiftParser CollectionNodes+Parsable.swift
[1041/2046] Compiling SwiftDiagnostics Note.swift
[1042/2046] Compiling SwiftDiagnostics GroupedDiagnostics.swift
[1042/2046] Compiling mem.cc
[1044/2046] Compiling SwiftDiagnostics DiagnosticsFormatter.swift
[1045/2046] Compiling SwiftDiagnostics DiagnosticDecorator.swift
[1045/2047] Compiling lhash.cc
[1047/2047] Compiling SwiftBasicFormat InferIndentation.swift
[1048/2047] Compiling SwiftBasicFormat Indenter.swift
[1049/2047] Compiling obj.cc
[1050/2047] Compiling poly_rq_mul.S
[1051/2047] Wrapping AST for SwiftDiagnostics for debugging
[1052/2047] Compiling md5.cc
[1053/2047] Compiling fips_shared_support.cc
[1054/2047] Compiling md4.cc
[1056/2047] Compiling SwiftParser StringLiterals.swift
[1057/2047] Compiling SwiftParser SwiftParserCompatibility.swift
[1058/2047] Compiling SwiftParser SwiftVersion.swift
[1059/2047] Compiling SwiftParser SyntaxUtils.swift
[1060/2047] Compiling SwiftParser TokenConsumer.swift
[1061/2047] Compiling SwiftParser TokenPrecedence.swift
[1062/2047] Compiling SwiftBasicFormat BasicFormat.swift
[1063/2047] Emitting module SwiftBasicFormat
[1063/2053] Compiling fuzzer_mode.cc
[1065/2053] Compiling ex_data.cc
[1066/2053] Compiling kyber.cc
[1067/2053] Wrapping AST for SwiftBasicFormat for debugging
[1068/2053] Compiling hrss.cc
[1069/2053] Compiling hpke.cc
[1070/2053] Compiling scrypt.cc
[1072/2053] Compiling SwiftParser Lexeme.swift
[1073/2053] Compiling SwiftParser LexemeSequence.swift
[1074/2053] Compiling SwiftParser Lexer.swift
[1075/2053] Compiling SwiftParser RegexLiteralLexer.swift
[1076/2053] Compiling SwiftParser UnicodeScalarExtensions.swift
[1077/2053] Compiling SwiftParser Lookahead.swift
[1077/2053] Compiling pbkdf.cc
[1078/2053] Compiling sign.cc
[1079/2053] Compiling print.cc
[1080/2053] Compiling p_x25519.cc
[1081/2053] Compiling p_x25519_asn1.cc
[1082/2053] Compiling p_rsa_asn1.cc
[1083/2053] Compiling p_hkdf.cc
[1084/2053] Compiling p_ed25519_asn1.cc
[1085/2053] Compiling p_rsa.cc
[1086/2053] Compiling p_ec_asn1.cc
[1087/2053] Compiling p_ed25519.cc
[1088/2053] Compiling p_dh_asn1.cc
[1090/2053] Compiling SwiftParser TokenSpec.swift
[1091/2053] Compiling SwiftParser TokenSpecSet.swift
[1092/2053] Compiling SwiftParser TopLevel.swift
[1093/2053] Compiling SwiftParser TriviaParser.swift
[1094/2053] Compiling SwiftParser Types.swift
[1094/2053] Compiling p_dh.cc
[1095/2053] Compiling p_ec.cc
[1096/2053] Compiling p_dsa_asn1.cc
[1098/2053] Compiling SwiftParser Parser.swift
[1099/2053] Compiling SwiftParser Patterns.swift
[1100/2053] Compiling SwiftParser Recovery.swift
[1101/2053] Compiling SwiftParser Specifiers.swift
[1102/2053] Compiling SwiftParser Statements.swift
[1103/2053] Compiling SwiftParser StringLiteralRepresentedLiteralValue.swift
[1104/2053] Compiling SwiftParser LoopProgressCondition.swift
[1105/2053] Compiling SwiftParser Modifiers.swift
[1106/2053] Compiling SwiftParser Names.swift
[1107/2053] Compiling SwiftParser Nominals.swift
[1108/2053] Compiling SwiftParser Parameters.swift
[1109/2053] Compiling SwiftParser ParseSourceFile.swift
[1109/2053] Compiling evp_ctx.cc
[1110/2053] Compiling err.cc
[1111/2053] Compiling evp.cc
[1112/2053] Compiling engine.cc
[1113/2053] Compiling ecdsa_p1363.cc
[1114/2053] Compiling evp_asn1.cc
[1115/2053] Compiling ecdh.cc
[1116/2053] Compiling ec_derive.cc
[1117/2053] Compiling hash_to_curve.cc
[1118/2053] Compiling ecdsa_asn1.cc
[1120/2053] Compiling SwiftParser Directives.swift
[1121/2053] Compiling SwiftParser ExpressionInterpretedAsVersionTuple.swift
[1122/2053] Compiling SwiftParser Expressions.swift
[1123/2053] Compiling SwiftParser IncrementalParseTransition.swift
[1124/2053] Compiling SwiftParser IsValidIdentifier.swift
[1125/2053] Compiling SwiftParser Cursor.swift
[1130/2053] Compiling SwiftParser CompilerFiles.swift
[1131/2053] Compiling SwiftParser Declarations.swift
[1132/2053] Emitting module SwiftParser
[1132/2053] Compiling ec_asn1.cc
[1133/2053] Compiling dsa.cc
[1134/2053] Compiling dsa_asn1.cc
[1135/2053] Compiling params.cc
[1136/2053] Compiling des.cc
[1137/2053] Compiling digest_extra.cc
[1138/2053] Compiling x25519-asm-arm.S
[1139/2053] Compiling dh_asn1.cc
[1141/2053] Compiling SwiftParser ExperimentalFeatures.swift
[1142/2053] Compiling SwiftParser IsLexerClassified.swift
[1143/2053] Compiling SwiftParser LayoutNodes+Parsable.swift
[1144/2053] Compiling SwiftParser Parser+TokenSpecSet.swift
[1145/2053] Compiling SwiftParser TokenSpecStaticMembers.swift
[1146/2054] Compiling spake25519.cc
[1147/2054] Compiling crypto.cc
[1148/2065] Compiling cpu_intel.cc
[1149/2077] Compiling cpu_arm_linux.cc
[1150/2077] Wrapping AST for SwiftParser for debugging
[1151/2077] Compiling curve25519.cc
[1153/2077] Compiling SwiftParserDiagnostics SyntaxKindNameForDiagnostics.swift
[1153/2078] Compiling curve25519_64_adx.cc
[1155/2078] Compiling SwiftParserDiagnostics TokenNameForDiagnostics.swift
[1155/2078] Compiling cpu_arm_freebsd.cc
[1157/2078] Compiling SwiftOperators PrecedenceGroup.swift
[1158/2079] Compiling SwiftOperators PrecedenceGraph.swift
[1159/2079] Compiling SwiftOperators OperatorTable.swift
[1159/2079] Compiling cpu_aarch64_win.cc
[1160/2079] Compiling cpu_aarch64_sysreg.cc
[1161/2079] Compiling cpu_aarch64_openbsd.cc
[1163/2079] Compiling SwiftParserDiagnostics SyntaxExtensions.swift
[1164/2079] Compiling SwiftParserDiagnostics Utils.swift
[1165/2079] Compiling SwiftOperators OperatorTable+Semantics.swift
[1166/2079] Emitting module SwiftOperators
[1167/2079] Compiling SwiftOperators SyntaxSynthesis.swift
[1167/2079] Compiling cpu_aarch64_linux.cc
[1169/2079] Compiling SwiftOperators OperatorError.swift
[1170/2079] Compiling SwiftOperators OperatorTable+Defaults.swift
[1171/2079] Compiling SwiftOperators OperatorTable+Folding.swift
[1172/2079] Compiling SwiftOperators Operator.swift
[1173/2079] Compiling SwiftOperators OperatorError+Diagnostics.swift
[1173/2080] Compiling cpu_aarch64_fuchsia.cc
[1175/2080] Compiling cpu_aarch64_apple.cc
[1176/2080] Compiling conf.cc
[1177/2080] Wrapping AST for SwiftOperators for debugging
[1178/2080] Compiling tls_cbc.cc
[1180/2080] Compiling SwiftParserDiagnostics ChildNameForDiagnostics.swift
[1180/2080] Compiling get_cipher.cc
[1181/2080] Compiling e_rc4.cc
[1182/2080] Compiling e_tls.cc
[1183/2080] Compiling e_rc2.cc
[1184/2080] Compiling e_des.cc
[1188/2080] Emitting module SwiftParserDiagnostics
[1188/2080] Compiling e_null.cc
[1189/2080] Compiling cms.cc
[1190/2080] Compiling e_chacha20poly1305.cc
[1192/2080] Compiling SwiftParserDiagnostics ParserDiagnosticMessages.swift
[1193/2080] Compiling SwiftParserDiagnostics PresenceUtils.swift
[1193/2080] Compiling e_aesgcmsiv.cc
[1194/2080] Compiling e_aeseax.cc
[1195/2080] Compiling derive_key.cc
[1196/2080] Compiling e_aesctrhmac.cc
[1197/2080] Compiling chacha.cc
[1198/2080] Compiling unicode.cc
[1199/2080] Compiling buf.cc
[1200/2080] Compiling asn1_compat.cc
[1201/2080] Compiling sqrt.cc
[1202/2080] Compiling ber.cc
[1203/2080] Compiling cbb.cc
[1204/2080] Compiling cbs.cc
[1205/2080] Compiling exponentiation.cc
[1206/2080] Compiling div.cc
[1207/2080] Compiling printf.cc
[1208/2080] Compiling bn_asn1.cc
[1212/2080] Compiling SwiftParserDiagnostics MissingNodesError.swift
[1213/2080] Compiling SwiftParserDiagnostics MissingTokenError.swift
[1213/2080] Compiling blake2.cc
[1214/2080] Compiling pair.cc
[1215/2080] Compiling convert.cc
[1216/2080] Compiling hexdump.cc
[1218/2081] Compiling file.cc
[1219/2096] Wrapping AST for SwiftParserDiagnostics for debugging
[1220/2096] Compiling fd.cc
[1221/2096] Compiling bio_mem.cc
[1222/2096] Compiling errno.cc
[1223/2096] Compiling base64.cc
[1224/2096] Compiling bio.cc
[1226/2096] Compiling SwiftSyntaxBuilder SyntaxParsable+ExpressibleByStringInterpolation.swift
[1227/2096] Compiling SwiftSyntaxBuilder ValidatingSyntaxNodes.swift
[1228/2097] Compiling SwiftSyntaxBuilder Indenter.swift
[1229/2097] Compiling SwiftSyntaxBuilder ListBuilder.swift
[1229/2097] Compiling tasn_fre.cc
[1230/2097] Compiling tasn_typ.cc
[1231/2097] Compiling tasn_enc.cc
[1232/2097] Compiling tasn_utl.cc
[1234/2097] Compiling SwiftSyntaxBuilder SyntaxExpressibleByStringInterpolationConformances.swift
[1234/2097] Compiling tasn_new.cc
[1235/2097] Compiling f_string.cc
[1237/2097] Emitting module SwiftSyntaxBuilder
[1238/2097] Compiling SwiftSyntaxBuilder ConvenienceInitializers.swift
[1239/2097] Compiling SwiftSyntaxBuilder DeclSyntaxParseable.swift
[1239/2097] Compiling posix_time.cc
[1240/2097] Compiling tasn_dec.cc
[1241/2097] Compiling f_int.cc
[1242/2097] Compiling asn_pack.cc
[1244/2097] Compiling SwiftSyntaxBuilder ResultBuilderExtensions.swift
[1245/2097] Compiling SwiftSyntaxBuilder SwiftSyntaxBuilderCompatibility.swift
[1246/2097] Compiling SwiftSyntaxBuilder Syntax+StringInterpolation.swift
[1247/2097] Compiling SwiftSyntaxBuilder SyntaxNodeWithBody.swift
[1247/2097] Compiling asn1_par.cc
[1248/2097] Compiling a_time.cc
[1249/2097] Compiling asn1_lib.cc
[1251/2097] Compiling SwiftSyntaxBuilder WithTrailingCommaSyntax+EnsuringTrailingComma.swift
[1252/2097] Compiling SwiftSyntaxBuilder BuildableNodes.swift
[1253/2097] Compiling SwiftSyntaxBuilder RenamedChildrenBuilderCompatibility.swift
[1254/2097] Compiling SwiftSyntaxBuilder ResultBuilders.swift
[1254/2097] Compiling a_utctm.cc
[1255/2098] Compiling a_type.cc
[1257/2113] Compiling a_strnid.cc
[1258/2113] Compiling a_octet.cc
[1259/2113] Compiling a_strex.cc
[1260/2113] Wrapping AST for SwiftSyntaxBuilder for debugging
[1262/2113] Compiling SwiftIfConfig IfConfigFunctions.swift
[1263/2113] Compiling SwiftIfConfig IfConfigRegionState.swift
[1263/2114] Compiling a_mbstr.cc
[1265/2114] Compiling SwiftIfConfig SyntaxProtocol+IfConfig.swift
[1266/2114] Compiling SwiftIfConfig VersionTuple+Parsing.swift
[1266/2114] Compiling a_d2i_fp.cc
[1267/2114] Compiling a_i2d_fp.cc
[1268/2114] Compiling a_object.cc
[1270/2114] Compiling SwiftIfConfig StaticBuildConfiguration.swift
[1271/2114] Compiling SwiftIfConfig SyntaxLiteralUtils.swift
[1271/2114] Compiling a_dup.cc
[1271/2114] Write sources
[1278/2114] Compiling a_int.cc
[1279/2114] Compiling _AtomicsShims.c
[1281/2117] Compiling SwiftIfConfig VersionTuple.swift
[1282/2120] Compiling SwiftIfConfig ActiveSyntaxVisitor.swift
[1283/2120] Compiling SwiftIfConfig BuildConfiguration.swift
[1284/2120] Emitting module SwiftIfConfig
[1285/2120] Compiling SwiftIfConfig ActiveClauseEvaluator.swift
[1286/2120] Compiling SwiftIfConfig ActiveSyntaxRewriter.swift
[1286/2120] Compiling aes.cc
[1287/2120] Compiling a_gentm.cc
[1289/2191] Compiling AsyncAlgorithms AsyncChunkedByGroupSequence.swift
[1290/2191] Compiling AsyncAlgorithms AsyncChunkedOnProjectionSequence.swift
[1291/2191] Compiling AsyncAlgorithms AsyncSyncSequence.swift
[1292/2191] Compiling AsyncAlgorithms AsyncThrottleSequence.swift
[1293/2192] Compiling a_bitstr.cc
[1293/2192] Write sources
[1321/2192] Compiling AsyncAlgorithms AsyncBufferSequence.swift
[1322/2192] Compiling AsyncAlgorithms BoundedBufferStateMachine.swift
[1323/2192] Compiling AsyncAlgorithms BoundedBufferStorage.swift
[1324/2192] Compiling AsyncAlgorithms AsyncCompactedSequence.swift
[1324/2194] Compiling CXKCPShims shims.c
[1327/2194] Compiling AsyncAlgorithms AsyncThrowingExclusiveReductionsSequence.swift
[1328/2194] Compiling AsyncAlgorithms AsyncThrowingInclusiveReductionsSequence.swift
[1329/2194] Compiling AsyncAlgorithms AsyncTimerSequence.swift
[1329/2194] Compiling a_bool.cc
[1331/2239] Compiling Atomics IntegerOperations.swift
[1332/2239] Compiling Atomics Unmanaged extensions.swift
[1333/2239] Compiling SwiftSyntaxMacros CodeItemMacro.swift
[1334/2239] Compiling SwiftSyntaxMacros DeclarationMacro.swift
[1335/2241] Compiling SwiftSyntaxMacros AccessorMacro.swift
[1336/2241] Compiling SwiftSyntaxMacros AttachedMacro.swift
[1337/2241] Compiling SwiftSyntaxMacros BodyMacro.swift
[1341/2241] Compiling SwiftSyntaxMacros MemberMacro.swift
[1342/2241] Compiling SwiftSyntaxMacros PeerMacro.swift
[1343/2241] Compiling SwiftSyntaxMacros ExpressionMacro.swift
[1344/2241] Compiling SwiftSyntaxMacros ExtensionMacro.swift
[1345/2241] Compiling SwiftSyntaxMacros FreestandingMacro.swift
[1346/2241] Compiling SwiftSyntaxMacros Macro+Format.swift
[1347/2241] Compiling SwiftSyntaxMacros Macro.swift
[1348/2241] Compiling SwiftSyntaxMacros MemberAttributeMacro.swift
[1349/2241] Compiling SwiftSyntaxMacros MacroExpansionContext.swift
[1350/2241] Compiling SwiftSyntaxMacros MacroExpansionDiagnosticMessages.swift
[1352/2241] Compiling SwiftSyntaxMacros AbstractSourceLocation.swift
[1355/2241] Emitting module SwiftSyntaxMacros
[1356/2241] Compiling SwiftSyntaxMacros PreambleMacro.swift
[1357/2241] Compiling SwiftSyntaxMacros Syntax+LexicalContext.swift
[1359/2270] Compiling InternalCollectionsUtilities BorrowingIteratorProtocol+Equality.swift
[1360/2270] Compiling InternalCollectionsUtilities BorrowingIteratorProtocol+Extras.swift
[1361/2270] Compiling InternalCollectionsUtilities Debugging.swift
[1362/2270] Compiling InternalCollectionsUtilities Descriptions.swift
[1363/2270] Compiling InternalCollectionsUtilities MutableSpan+Extras.swift
[1364/2270] Compiling InternalCollectionsUtilities OutputSpan+Extras.swift
[1365/2270] Compiling InternalCollectionsUtilities RandomAccessCollection+Offsets.swift
[1366/2270] Compiling InternalCollectionsUtilities Span+Extras.swift
[1366/2277] Compiling bcm.cc
[1368/2286] Compiling AsyncAlgorithms AsyncFlatMapLatestSequence.swift
[1369/2286] Compiling AsyncAlgorithms FlatMapLatestStateMachine.swift
[1370/2286] Compiling AsyncAlgorithms FlatMapLatestStorage.swift
[1371/2286] Compiling AsyncAlgorithms Disconnected.swift
[1372/2286] Compiling AsyncAlgorithms _TinyArray.swift
[1373/2286] Compiling AsyncAlgorithms AsyncInterspersedSequence.swift
[1374/2286] Compiling AsyncAlgorithms Locking.swift
[1375/2286] Compiling SwiftSyntaxMacroExpansion MacroExpansionDiagnosticMessages.swift
[1376/2287] Compiling SwiftSyntaxMacroExpansion MacroSpec.swift
[1377/2287] Compiling SwiftSyntaxMacroExpansion MacroArgument.swift
[1378/2287] Emitting module SwiftSyntaxMacroExpansion
[1379/2287] Compiling SwiftSyntaxMacroExpansion MacroExpansion.swift
[1380/2287] Compiling SwiftSyntaxMacroExpansion IndentationUtils.swift
[1381/2287] Compiling SwiftSyntaxMacroExpansion BasicMacroExpansionContext.swift
[1382/2287] Compiling SwiftSyntaxMacroExpansion FunctionParameterUtils.swift
[1383/2287] Emitting module Atomics
[1384/2287] Compiling InternalCollectionsUtilities UInt+reversed.swift
[1385/2287] Compiling InternalCollectionsUtilities Iterable+CopyContents.swift
[1386/2287] Compiling InternalCollectionsUtilities Iterable+Equality.swift
[1387/2287] Compiling InternalCollectionsUtilities UnsafeMutablePointer+Extras.swift
[1388/2287] Compiling InternalCollectionsUtilities UnsafeMutableRawBufferPointer+Extras.swift
[1389/2287] Compiling InternalCollectionsUtilities UnsafePointer+Extras.swift
[1390/2287] Compiling AsyncAlgorithms AsyncThrowingChannel.swift
[1391/2287] Compiling AsyncAlgorithms ChannelStateMachine.swift
[1392/2287] Compiling AsyncAlgorithms ChannelStorage.swift
[1393/2287] Compiling AsyncAlgorithms AsyncCombineLatest2Sequence.swift
[1394/2287] Compiling AsyncAlgorithms AsyncCombineLatest3Sequence.swift
[1395/2287] Compiling AsyncAlgorithms CombineLatestStateMachine.swift
[1396/2287] Compiling AsyncAlgorithms CombineLatestStorage.swift
[1397/2287] Compiling AsyncAlgorithms AsyncDebounceSequence.swift
[1398/2287] Compiling AsyncAlgorithms DebounceStateMachine.swift
[1399/2287] Compiling AsyncAlgorithms DebounceStorage.swift
[1400/2287] Compiling AsyncAlgorithms Dictionary.swift
[1402/2303] Compiling _ConnectionPoolModule NIOLockedValueBox.swift
[1403/2303] Compiling _ConnectionPoolModule NoKeepAliveBehavior.swift
[1404/2304] Compiling _ConnectionPoolModule ConnectionPoolObservabilityDelegate.swift
[1405/2304] Compiling _ConnectionPoolModule ConnectionRequest.swift
[1406/2304] Compiling SwiftSyntaxMacroExpansion MacroReplacement.swift
[1407/2304] Compiling AsyncAlgorithms Rethrow.swift
[1408/2304] Compiling AsyncAlgorithms SetAlgebra.swift
[1409/2304] Compiling AsyncAlgorithms UnsafeTransfer.swift
[1410/2304] Compiling AsyncAlgorithms AsyncZip2Sequence.swift
[1411/2304] Compiling AsyncAlgorithms AsyncZip3Sequence.swift
[1412/2304] Compiling AsyncAlgorithms ZipStateMachine.swift
[1413/2304] Compiling AsyncAlgorithms ZipStorage.swift
[1414/2304] Compiling _ConnectionPoolModule TinyFastSequence.swift
[1415/2304] Compiling SwiftSyntaxMacroExpansion MacroSystem.swift
[1417/2305] Compiling _ConnectionPoolModule ConnectionIDGenerator.swift
[1418/2305] Compiling _ConnectionPoolModule ConnectionLease.swift
[1419/2305] Compiling _ConnectionPoolModule ConnectionPool.swift
[1420/2305] Compiling _ConnectionPoolModule ConnectionPoolError.swift
[1421/2369] Compiling NIOCore ByteBuffer-binaryEncodedLengthPrefix.swift
[1422/2369] Compiling NIOCore ByteBuffer-conversions.swift
[1423/2369] Compiling NIOCore ByteBuffer-core.swift
[1424/2369] Compiling NIOCore ByteBuffer-hex.swift
[1425/2369] Compiling NIOCore AsyncChannelInboundStream.swift
[1426/2369] Compiling NIOCore AsyncChannelOutboundWriter.swift
[1427/2369] Compiling NIOCore NIOAsyncSequenceProducer.swift
[1428/2369] Compiling NIOCore NIOAsyncSequenceProducerStrategies.swift
[1429/2372] Compiling _NIOBase64 Base64.swift
[1430/2372] Emitting module _NIOBase64
[1431/2373] Compiling NIOCore AddressedEnvelope.swift
[1432/2373] Compiling NIOCore AsyncAwaitSupport.swift
[1433/2373] Compiling NIOCore AsyncChannel.swift
[1434/2373] Compiling NIOCore NIOAsyncWriter.swift
[1435/2373] Compiling NIOCore NIOThrowingAsyncSequenceProducer.swift
[1436/2373] Compiling NIOCore BSDSocketAPI.swift
[1437/2373] Compiling NIOCore ByteBuffer-aux.swift
[1441/2373] Compiling NIOCore AsyncChannelHandler.swift
[1442/2375] Emitting module InternalCollectionsUtilities
[1446/2375] Compiling SwiftASN1 DER.swift
[1447/2375] Compiling SwiftASN1 Errors.swift
[1448/2375] Compiling NIOCore ByteBuffer-multi-int.swift
[1449/2375] Compiling NIOCore ByteBuffer-quicBinaryEncodingStrategy.swift
[1455/2375] Compiling NIOCore ChannelInvoker.swift
[1456/2375] Compiling NIOCore ChannelOption.swift
[1457/2375] Compiling NIOCore ChannelPipeline.swift
[1458/2375] Compiling NIOCore ByteBuffer-views.swift
[1459/2375] Compiling NIOCore Channel.swift
[1460/2375] Compiling NIOCore ChannelHandler.swift
[1461/2375] Compiling NIOCore ChannelHandlers.swift
[1466/2388] Compiling Logging Logger+With.swift
[1467/2388] Compiling InternalCollectionsUtilities UnsafeRawBufferPointer+Extras.swift
[1468/2388] Compiling InternalCollectionsUtilities _SortedCollection.swift
[1469/2388] Compiling InternalCollectionsUtilities _UniqueCollection.swift
[1471/2389] Compiling Logging Logger.swift
[1472/2389] Compiling Logging LoggingSystem.swift
[1473/2389] Compiling Logging Logger+Attributes.swift
[1474/2389] Compiling SwiftCompilerPluginMessageHandling PluginMessageCompatibility.swift
[1475/2390] Compiling _NIODataStructures _TinyArray.swift
[1476/2390] Emitting module _NIODataStructures
[1477/2390] Compiling _NIODataStructures Heap.swift
[1478/2390] Compiling _NIODataStructures PriorityQueue.swift
[1480/2399] Emitting module _ConnectionPoolModule
[1481/2403] Compiling SwiftCompilerPluginMessageHandling StandardIOMessageConnection.swift
[1482/2403] Compiling SpanPreview MutableSpan+InputSpanHelpers.swift
[1483/2403] Compiling SpanPreview OutputSpan+InputSpanHelpers.swift
[1484/2403] Compiling SpanPreview InputSpan.swift
[1485/2403] Emitting module SpanPreview
[1487/2404] Compiling SwiftCompilerPluginMessageHandling CompilerPluginMessageHandler.swift
[1488/2404] Compiling SwiftCompilerPluginMessageHandling Diagnostics.swift
[1489/2461] Compiling OrderedCollections OrderedDictionary+Hashable.swift
[1490/2461] Compiling OrderedCollections OrderedDictionary+Initializers.swift
[1491/2461] Compiling OrderedCollections OrderedDictionary+Equatable.swift
[1492/2461] Compiling OrderedCollections OrderedDictionary+ExpressibleByDictionaryLiteral.swift
[1493/2461] Compiling SwiftCompilerPluginMessageHandling PluginMacroExpansionContext.swift
[1494/2461] Emitting module SwiftASN1
[1495/2461] Emitting module SwiftCompilerPluginMessageHandling
[1496/2461] Compiling OrderedCollections OrderedSet+Partial SetAlgebra isStrictSubset.swift
[1497/2461] Compiling OrderedCollections OrderedSet+Partial SetAlgebra isStrictSuperset.swift
[1498/2461] Compiling OrderedCollections OrderedSet+Partial SetAlgebra isSubset.swift
[1499/2461] Compiling OrderedCollections OrderedSet+Partial SetAlgebra isSuperset.swift
[1500/2461] Compiling OrderedCollections OrderedSet+Partial SetAlgebra subtract.swift
[1501/2461] Compiling OrderedCollections OrderedSet+Partial SetAlgebra subtracting.swift
[1502/2461] Compiling OrderedCollections OrderedSet+Partial SetAlgebra symmetricDifference.swift
[1505/2461] Compiling OrderedCollections OrderedDictionary+Invariants.swift
[1506/2461] Compiling OrderedCollections OrderedDictionary+Move.swift
[1507/2461] Compiling OrderedCollections OrderedDictionary+Partial MutableCollection.swift
[1508/2461] Compiling OrderedCollections OrderedDictionary+Partial RangeReplaceableCollection.swift
[1509/2461] Compiling OrderedCollections OrderedDictionary+Sendable.swift
[1510/2461] Compiling OrderedCollections OrderedDictionary+Sequence.swift
[1511/2461] Emitting module AsyncAlgorithms
[1512/2461] Compiling OrderedCollections OrderedDictionary+Codable.swift
[1513/2461] Compiling OrderedCollections OrderedDictionary+CustomReflectable.swift
[1514/2461] Compiling OrderedCollections OrderedDictionary+Deprecations.swift
[1515/2461] Compiling OrderedCollections OrderedDictionary+Descriptions.swift
[1516/2461] Compiling OrderedCollections OrderedDictionary+Elements.SubSequence.swift
[1517/2461] Compiling OrderedCollections OrderedDictionary+Elements.swift
[1528/2504] Compiling OrderedCollections OrderedSet+Partial SetAlgebra union.swift
[1529/2504] Compiling OrderedCollections OrderedSet+Partial SetAlgebra+Basics.swift
[1530/2512] Compiling DequeModule Deque+Codable.swift
[1531/2512] Compiling DequeModule Deque+Collection.swift
[1532/2512] Compiling CryptoBoringWrapper CryptoKitErrors_boring.swift
[1533/2512] Compiling CryptoBoringWrapper EllipticCurve.swift
[1534/2512] Emitting module CryptoBoringWrapper
[1535/2512] Compiling CryptoBoringWrapper BoringSSLAEAD.swift
[1536/2512] Compiling DequeModule UniqueDeque+Hashable.swift
[1537/2512] Compiling OrderedCollections OrderedSet+Partial SetAlgebra formUnion.swift
[1538/2512] Compiling OrderedCollections OrderedSet+Partial SetAlgebra intersection.swift
[1539/2512] Compiling OrderedCollections OrderedSet+Partial SetAlgebra isDisjoint.swift
[1540/2512] Compiling OrderedCollections OrderedSet+Partial SetAlgebra isEqualSet.swift
[1550/2512] Compiling OrderedCollections OrderedSet+RandomAccessCollection.swift
[1551/2512] Compiling OrderedCollections OrderedSet+ReserveCapacity.swift
[1552/2519] Compiling CryptoBoringWrapper RandomBytes.swift
[1553/2519] Compiling CryptoBoringWrapper FiniteFieldArithmeticContext.swift
[1554/2519] Compiling DequeModule RigidDeque+Insertions.swift
[1555/2519] Compiling DequeModule RigidDeque+Iterable.swift
[1556/2519] Compiling DequeModule RigidDeque+Hashable.swift
[1557/2519] Compiling DequeModule RigidDeque+Initializers.swift
[1558/2520] Compiling DequeModule UniqueDeque+Consumption.swift
[1559/2520] Compiling DequeModule UniqueDeque+ContainerOperations.swift
[1560/2520] Compiling DequeModule UniqueDeque+Deprecations.swift
[1561/2520] Compiling DequeModule UniqueDeque+Descriptions.swift
[1562/2520] Compiling DequeModule UniqueDeque+Equatable.swift
[1565/2525] Compiling DequeModule Deque+Extras.swift
[1566/2525] Compiling DequeModule Deque+Hashable.swift
[1567/2525] Compiling DequeModule Deque+Testing.swift
[1568/2525] Compiling DequeModule Deque._Storage.swift
[1569/2525] Compiling DequeModule Deque._UnsafeHandle.swift
[1570/2525] Compiling DequeModule Deque.swift
[1571/2525] Compiling DequeModule RigidDeque+Descriptions.swift
[1572/2525] Compiling DequeModule RigidDeque+Equatable.swift
[1573/2525] Compiling SwiftCompilerPluginMessageHandling PluginMessages.swift
[1580/2534] Compiling ServiceLifecycle ClosureService.swift
[1581/2535] Compiling DequeModule Deque+Equatable.swift
[1582/2535] Compiling DequeModule Deque+ExpressibleByArrayLiteral.swift
[1583/2535] Compiling DequeModule _DequeBuffer.swift
[1584/2535] Compiling DequeModule _DequeBufferHeader.swift
[1585/2535] Compiling DequeModule RigidDeque+Append.swift
[1586/2535] Compiling DequeModule RigidDeque+Consumption.swift
[1587/2535] Compiling DequeModule RigidDeque+ContainerOperations.swift
[1588/2535] Compiling DequeModule RigidDeque+Deprecations.swift
[1589/2535] Compiling CryptoBoringWrapper EllipticCurvePoint.swift
[1590/2535] Compiling CryptoBoringWrapper ArbitraryPrecisionInteger.swift
[1592/2536] Compiling DequeModule RigidDeque+Prepend.swift
[1593/2536] Compiling DequeModule RigidDeque+Removals.swift
[1594/2536] Compiling DequeModule RigidDeque+Replacements.swift
[1595/2536] Compiling DequeModule RigidDeque+Testing.swift
[1596/2536] Compiling DequeModule RigidDeque.swift
[1597/2536] Compiling DequeModule UniqueDeque+Append.swift
[1598/2536] Compiling DequeModule UniqueDeque+Initializers.swift
[1599/2536] Compiling DequeModule UniqueDeque+Insertions.swift
[1600/2536] Compiling DequeModule UniqueDeque+Iterable.swift
[1601/2536] Compiling DequeModule UniqueDeque+Prepend.swift
[1602/2536] Compiling DequeModule UniqueDeque+Removals.swift
[1603/2536] Compiling ServiceLifecycle CancellationWaiter.swift
[1604/2620] Compiling Crypto ASN1Null.swift
[1605/2620] Compiling Crypto ASN1OctetString.swift
[1606/2620] Compiling Logging MetadataProvider.swift
[1607/2620] Emitting module Logging
[1608/2620] Compiling Crypto GeneralizedTime.swift
[1609/2620] Compiling Crypto ObjectIdentifier.swift
[1610/2621] Compiling ServiceLifecycle ServiceRunnerError.swift
[1611/2621] Compiling Crypto ChaChaPoly_boring.swift
[1612/2621] Compiling Crypto ChaChaPoly.swift
[1613/2621] Compiling Crypto AES-GCM.swift
[1614/2621] Compiling Crypto AES-GCM_boring.swift
[1615/2621] Emitting module ServiceLifecycle
[1617/2622] Compiling ServiceLifecycle ServiceGroupConfiguration.swift
[1618/2622] Compiling Crypto MLKEM.swift
[1619/2622] Compiling Crypto XWing.swift
[1620/2622] Compiling Crypto ECDH_boring.swift
[1621/2622] Compiling Crypto DH.swift
[1622/2622] Compiling Crypto ECDH.swift
[1623/2622] Compiling Crypto ANSIx963.swift
[1624/2622] Compiling Crypto HKDF.swift
[1625/2622] Compiling Crypto AESWrap.swift
[1626/2622] Compiling Crypto AESWrap_boring.swift
[1628/2627] Compiling ServiceLifecycle GracefulShutdown.swift
[1631/2630] Compiling CoreMetrics WithMetricsFactory.swift
[1632/2630] Compiling ConcurrencyHelpers LockedValueBox.swift
[1633/2630] Compiling Crypto PKCS8PrivateKey.swift
[1634/2630] Compiling Crypto SEC1PrivateKey.swift
[1635/2630] Compiling Crypto SubjectPublicKeyInfo.swift
[1636/2630] Compiling Crypto CryptoError_boring.swift
[1641/2630] Emitting module ConcurrencyHelpers
[1642/2630] Compiling Crypto HPKE-LabeledExtract.swift
[1643/2630] Compiling Crypto HPKE-Utils.swift
[1644/2630] Compiling Crypto DHKEM.swift
[1645/2630] Compiling Crypto HPKE-KEM-Curve25519.swift
[1646/2630] Compiling Crypto HPKE-NIST-EC-KEMs.swift
[1647/2630] Compiling Crypto HPKE-KEM.swift
[1648/2630] Compiling Crypto HPKE-Errors.swift
[1649/2630] Compiling Crypto HPKE.swift
[1650/2630] Compiling Crypto HPKE-Context.swift
[1651/2630] Compiling Crypto HPKE-AEAD.swift
[1652/2630] Compiling Crypto HPKE-Ciphersuite.swift
[1653/2630] Compiling Crypto HPKE-KDF.swift
[1654/2630] Compiling Crypto HPKE-KexKeyDerivation.swift
[1659/2630] Compiling Crypto CryptoKitErrors.swift
[1660/2630] Compiling Crypto Digest_boring.swift
[1661/2630] Compiling Crypto Digest.swift
[1662/2630] Compiling Crypto Digests.swift
[1663/2630] Compiling Crypto HashFunctions.swift
[1664/2630] Compiling Crypto HashFunctions_SHA2.swift
[1665/2630] Compiling Crypto HashFunctions_SHA3.swift
[1666/2630] Compiling Crypto Digest_xkcp.swift
[1667/2630] Compiling CoreMetrics Locks.swift
[1668/2630] Compiling ConcurrencyHelpers Lock.swift
[1669/2631] Compiling Crypto ASN1.swift
[1670/2631] Compiling Crypto ASN1Any.swift
[1671/2631] Compiling Crypto ASN1BitString.swift
[1672/2631] Compiling Crypto ASN1Boolean.swift
[1673/2631] Compiling Crypto ASN1Identifier.swift
[1674/2631] Compiling Crypto ASN1Integer.swift
[1679/2631] Compiling Crypto Cipher.swift
[1680/2631] Compiling Crypto Nonces.swift
[1683/2631] Compiling Crypto ASN1Strings.swift
[1684/2631] Compiling Crypto ArraySliceBigint.swift
[1687/2631] Wrapping AST for SwiftSyntaxMacros for debugging
[1701/2637] Emitting module SwiftCompilerPlugin
[1702/2637] Compiling SwiftCompilerPlugin CompilerPlugin.swift
[1703/2637] Compiling UnixSignals UnixSignal.swift
[1704/2637] Emitting module UnixSignals
[1705/2637] Compiling UnixSignals UnixSignalsSequence.swift
[1708/2639] Compiling ServiceLifecycle ServiceGroup.swift
[1709/2639] Compiling ServiceLifecycle Service.swift
[1709/2639] Wrapping AST for SwiftSyntaxMacroExpansion for debugging
[1717/2640] Compiling Crypto ECDSASignature.swift
[1718/2640] Compiling Crypto PEMDocument.swift
[1719/2640] Wrapping AST for SwiftIfConfig for debugging
[1721/2640] Emitting module OrderedCollections
[1723/2641] Compiling CoreMetrics Metrics.swift
[1724/2641] Compiling CoreMetrics MappingMetricsFactory.swift
[1725/2641] Emitting module CoreMetrics
[1725/2641] Wrapping AST for SwiftCompilerPluginMessageHandling for debugging
[1728/2644] Compiling SimpleFIPS202.c
[1729/2644] Wrapping AST for SwiftCompilerPlugin for debugging
[1739/2644] Compiling KeccakSponge.c
[1740/2644] Compiling KeccakHash.c
[1741/2644] Compiling CNIOWindows WSAStartup.c
[1742/2646] Compiling CNIOWindows shim.c
[1743/2646] Compiling CNIOWASI CNIOWASI.c
[1744/2646] Compiling CNIOOpenBSD shim.c
[1745/2646] Compiling CNIOPosix event_loop_id.c
[1746/2646] Compiling CNIOLinux liburing_shims.c
[1747/2646] Compiling CNIOFreeBSD shim.c
[1748/2646] Compiling CNIOLinux shim.c
[1749/2646] Compiling CNIODarwin shim.c
[1750/2646] Compiling fiat_p256_adx_sqr.S
[1751/2646] Compiling fiat_p256_adx_mul.S
[1752/2646] Compiling fiat_curve25519_adx_square.S
[1753/2646] Compiling fiat_curve25519_adx_mul.S
[1755/2646] Compiling Metrics Metrics.swift
[1756/2646] Emitting module Metrics
[1756/2646] Compiling KeccakP-1600-opt64.c
[1758/2647] Compiling CNIOBoringSSLShims shims.c
[1760/2647] Compiling Crypto Ed25519_boring.swift
[1761/2647] Compiling Crypto NISTCurvesKeys_boring.swift
[1762/2647] Compiling Crypto X25519Keys_boring.swift
[1763/2647] Compiling Crypto Curve25519.swift
[1764/2647] Compiling Crypto Ed25519Keys.swift
[1765/2647] Compiling Crypto NISTCurvesKeys.swift
[1766/2647] Compiling Crypto X25519Keys.swift
[1767/2647] Compiling Crypto SymmetricKeys.swift
[1789/2658] Compiling PostgresNIOMacrosPlugin StatementMacro.swift
[1790/2658] Emitting module PostgresNIOMacrosPlugin
[1816/2659] Emitting module Crypto
[1821/2659] Compiling Crypto HPKE-KeySchedule.swift
[1822/2659] Emitting module DequeModule
[1823/2660] Wrapping AST for PostgresNIOMacrosPlugin for debugging
[1824/2660] Write Objects.LinkFileList
[1825/2660] Compiling tls_record.cc
[1826/2660] Compiling tls_method.cc
[1826/2660] Compiling tls13_server.cc
[1840/2660] Compiling Crypto HMAC.swift
[1841/2660] Compiling Crypto MACFunctions.swift
[1842/2660] Compiling Crypto MessageAuthenticationCode.swift
[1843/2660] Compiling Crypto AES.swift
[1844/2660] Compiling Crypto ECDSASignature_boring.swift
[1845/2660] Compiling Crypto ECDSA_boring.swift
[1846/2660] Compiling Crypto EdDSA_boring.swift
[1847/2660] Compiling Crypto MLDSA_boring.swift
[1848/2660] Compiling Crypto MLDSA_wrapper.swift
[1849/2660] Compiling Crypto ECDSA.swift
[1850/2660] Compiling Crypto Ed25519.swift
[1851/2660] Compiling Crypto MLDSA.swift
[1851/2660] Compiling tls13_enc.cc
[1863/2660] Compiling Crypto HPKE-Modes.swift
[1864/2660] Compiling Crypto Insecure.swift
[1865/2660] Compiling Crypto Insecure_HashFunctions.swift
[1866/2660] Compiling Crypto MLKEM_boring.swift
[1867/2660] Compiling Crypto MLKEM_wrapper.swift
[1868/2660] Compiling Crypto XWing_boring.swift
[1869/2660] Compiling Crypto KEM-Errors.swift
[1870/2660] Compiling Crypto KEM.swift
[1877/2660] Compiling Crypto Signature.swift
[1878/2660] Compiling Crypto CryptoKitErrors_boring.swift
[1879/2660] Compiling Crypto Optional+withUnsafeBytes_boring.swift
[1880/2660] Compiling Crypto RNG_boring.swift
[1881/2660] Compiling Crypto SafeCompare_boring.swift
[1882/2660] Compiling Crypto Zeroization_boring.swift
[1883/2660] Compiling Crypto _CryptoModuleAnchor.swift
[1884/2660] Compiling Crypto PrettyBytes.swift
[1885/2660] Compiling Crypto SafeCompare.swift
[1886/2660] Compiling Crypto SecureBytes.swift
[1887/2660] Compiling Crypto Zeroization.swift
[1888/2661] Compiling tls13_client.cc
[1889/2723] Linking PostgresNIOMacrosPlugin-tool
[1890/2723] Compiling tls13_both.cc
[1891/2723] Compiling t1_enc.cc
[1892/2723] Compiling ssl_versions.cc
[1893/2723] Compiling ssl_x509.cc
[1895/2723] Compiling CryptoExtras ARCServer.swift
[1896/2723] Compiling CryptoExtras ChaCha20CTR_boring.swift
[1897/2723] Compiling CryptoExtras ChaCha20CTR.swift
[1898/2723] Compiling CryptoExtras BoringSSLSHA512256Context.swift
[1899/2723] Compiling CryptoExtras BoringSSLSHA512256HashFunction.swift
[1900/2723] Compiling CryptoExtras SHA512256.swift
[1901/2723] Compiling CryptoExtras SHA512256Digest.swift
[1902/2723] Compiling CryptoExtras Curve25519+PEM.swift
[1903/2723] Compiling CryptoExtras ObjectIdentifier.swift
[1904/2723] Compiling CryptoExtras Data+Extensions.swift
[1905/2723] Compiling CryptoExtras DigestType.swift
[1906/2723] Compiling CryptoExtras Error.swift
[1907/2723] Compiling CryptoExtras I2OSP.swift
[1908/2723] Compiling CryptoExtras IntegerEncoding.swift
[1909/2723] Compiling CryptoExtras PEMDocument.swift
[1910/2723] Compiling CryptoExtras PrettyBytes.swift
[1911/2723] Compiling CryptoExtras SubjectPublicKeyInfo.swift
[1911/2731] Compiling ssl_transcript.cc
[1913/2731] Compiling CryptoExtras PKCS8DERRepresentation.swift
[1914/2731] Compiling CryptoExtras PKCS8PrivateKey.swift
[1915/2731] Compiling CryptoExtras RFC8410AlgorithmIdentifier.swift
[1916/2731] Compiling CryptoExtras ECToolbox_boring.swift
[1917/2731] Compiling CryptoExtras ECToolbox.swift
[1918/2731] Compiling CryptoExtras HashToField.swift
[1919/2731] Compiling CryptoExtras KDF.swift
[1920/2731] Compiling CryptoExtras PBKDF2_boring.swift
[1921/2731] Compiling CryptoExtras PBKDF2_commoncrypto.swift
[1922/2731] Compiling CryptoExtras PBKDF2.swift
[1923/2731] Compiling CryptoExtras Scrypt_boring.swift
[1924/2731] Compiling CryptoExtras Scrypt.swift
[1925/2731] Compiling CryptoExtras OPRF.swift
[1926/2731] Compiling CryptoExtras OPRFClient.swift
[1927/2731] Compiling CryptoExtras OPRFServer.swift
[1928/2731] Compiling CryptoExtras VOPRF+API.swift
[1929/2731] Compiling CryptoExtras VOPRFClient.swift
[1930/2731] Compiling CryptoExtras VOPRFServer.swift
[1930/2731] Compiling ssl_stat.cc
[1940/2731] Compiling ssl_session.cc
[1942/2731] Compiling CryptoExtras ThreadOps.swift
[1943/2731] Compiling CryptoExtras ThreadPosix.swift
[1944/2731] Compiling CryptoExtras ThreadSpecific.swift
[1945/2731] Compiling CryptoExtras ThreadWindows.swift
[1946/2731] Compiling CryptoExtras DLEQ.swift
[1947/2731] Compiling CryptoExtras Prover.swift
[1948/2731] Compiling CryptoExtras Verifier.swift
[1949/2731] Compiling CryptoExtras ZKPToolbox.swift
[1949/2731] Compiling ssl_privkey.cc
[1951/2731] Compiling CryptoExtras CMAC.swift
[1952/2731] Compiling CryptoExtras ARC+API.swift
[1953/2731] Compiling CryptoExtras ARC.swift
[1954/2731] Compiling CryptoExtras ARCCredential.swift
[1955/2731] Compiling CryptoExtras ARCEncoding.swift
[1956/2731] Compiling CryptoExtras ARCPrecredential.swift
[1957/2731] Compiling CryptoExtras ARCPresentation.swift
[1958/2731] Compiling CryptoExtras ARCRequest.swift
[1959/2731] Compiling CryptoExtras ARCResponse.swift
[1960/2731] Emitting module CryptoExtras
[1961/2731] Compiling CryptoExtras AES_CBC.swift
[1962/2731] Compiling CryptoExtras AES_CFB.swift
[1963/2731] Compiling CryptoExtras AES_CTR.swift
[1964/2731] Compiling CryptoExtras AES_GCM_SIV.swift
[1965/2731] Compiling CryptoExtras Block Function.swift
[1966/2731] Compiling CryptoExtras AES_CBC_boring.swift
[1967/2731] Compiling CryptoExtras AES_CFB_boring.swift
[1968/2731] Compiling CryptoExtras AES_CTR_boring.swift
[1969/2731] Compiling CryptoExtras AES_GCM_SIV_boring.swift
[1969/2731] Compiling ssl_key_share.cc
[1971/2731] Emitting module NIOCore
[1973/2732] Compiling CryptoExtras BoringSSLPassphraseCallbackManager.swift
[1974/2732] Compiling CryptoExtras RSA+BlindSigning.swift
[1975/2732] Compiling CryptoExtras RSA.swift
[1976/2732] Compiling CryptoExtras RSA_boring.swift
[1977/2732] Compiling CryptoExtras Reexport.swift
[1978/2732] Compiling CryptoExtras Zeroization_boring.swift
[1979/2732] Compiling CryptoExtras BoringSSLHelpers.swift
[1980/2732] Compiling CryptoExtras CryptoKitErrors_boring.swift
[1980/2733] Compiling ssl_lib.cc
[1982/2786] Compiling ssl_file.cc
[1984/2788] Compiling NIOFoundationEssentialsCompat Codable+ByteBuffer.swift
[1985/2788] Emitting module NIOFoundationEssentialsCompat
[1986/2788] Compiling _CryptoExtras Exports.swift
[1987/2788] Emitting module _CryptoExtras
[1988/2789] Compiling ssl_credential.cc
[1990/2793] Compiling NIOFoundationEssentialsCompat ByteBuffer-foundation.swift
[1990/2793] Compiling ssl_cert.cc
[1991/2794] Compiling ssl_cipher.cc
[1994/2794] Compiling NIOPosix PipeChannel.swift
[1995/2794] Compiling NIOPosix PipePair.swift
[1996/2794] Compiling NIOPosix Pool.swift
[1997/2794] Compiling NIOPosix PosixSingletons+ConcurrencyTakeOver.swift
[1998/2794] Compiling NIOPosix PosixSingletons.swift
[1999/2794] Compiling NIOPosix RawSocketBootstrap.swift
[2000/2794] Compiling NIOPosix Resolver.swift
[2000/2801] Compiling ssl_buffer.cc
[2002/2801] Compiling NIOEmbedded AsyncTestingChannel.swift
[2003/2801] Emitting module NIOEmbedded
[2003/2801] Compiling ssl_asn1.cc
[2005/2801] Compiling NIOEmbedded Embedded.swift
[2006/2801] Compiling NIOEmbedded AsyncTestingEventLoop.swift
[2007/2802] Compiling ssl_aead_ctx.cc
[2009/2802] Compiling NIOPosix Thread.swift
[2010/2802] Compiling NIOPosix ThreadPosix.swift
[2011/2802] Compiling NIOPosix ThreadWindows.swift
[2012/2802] Compiling NIOPosix Utilities.swift
[2013/2802] Compiling NIOPosix VsockAddress.swift
[2014/2802] Compiling NIOPosix VsockChannelEvents.swift
[2015/2802] Compiling NIOPosix Windows.swift
[2015/2802] Compiling s3_pkt.cc
[2016/2802] Compiling s3_lib.cc
[2018/2802] Emitting module NIOPosix
[2018/2802] Compiling s3_both.cc
[2020/2802] Compiling NIOPosix Selectable.swift
[2021/2802] Compiling NIOPosix SelectableChannel.swift
[2022/2802] Compiling NIOPosix SelectableEventLoop.swift
[2023/2802] Compiling NIOPosix SelectorEpoll.swift
[2024/2802] Compiling NIOPosix SelectorGeneric.swift
[2025/2802] Compiling NIOPosix SelectorKqueue.swift
[2026/2802] Compiling NIOPosix SelectorUring.swift
[2027/2802] Compiling NIOPosix SelectorWSAPoll.swift
[2028/2802] Compiling NIOPosix ServerSocket.swift
[2029/2802] Compiling NIOPosix Socket.swift
[2030/2802] Compiling NIOPosix SocketChannel.swift
[2031/2802] Compiling NIOPosix SocketProtocols.swift
[2032/2802] Compiling NIOPosix StructuredConcurrencyHelpers.swift
[2033/2802] Compiling NIOPosix System.swift
[2033/2802] Compiling handshake_server.cc
[2034/2802] Compiling handshake_client.cc
[2035/2802] Compiling handshake.cc
[2036/2802] Compiling handoff.cc
[2038/2802] Compiling NIOPosix BaseStreamSocketChannel.swift
[2039/2802] Compiling NIOPosix Bootstrap.swift
[2040/2802] Compiling NIOPosix ControlMessage.swift
[2041/2802] Compiling NIOPosix DatagramVectorReadManager.swift
[2042/2802] Compiling NIOPosix Errors+Any.swift
[2043/2802] Compiling NIOPosix FileDescriptor.swift
[2044/2802] Compiling NIOPosix GetaddrinfoResolver.swift
[2045/2802] Compiling NIOPosix BSDSocketAPICommon.swift
[2046/2802] Compiling NIOPosix BSDSocketAPIPosix.swift
[2047/2802] Compiling NIOPosix BSDSocketAPIWindows.swift
[2048/2802] Compiling NIOPosix BaseSocket.swift
[2049/2802] Compiling NIOPosix BaseSocketChannel+AccessibleTransport.swift
[2050/2802] Compiling NIOPosix BaseSocketChannel+SocketOptionProvider.swift
[2051/2802] Compiling NIOPosix BaseSocketChannel.swift
[2052/2802] Compiling NIOPosix HappyEyeballs.swift
[2053/2802] Compiling NIOPosix IO.swift
[2054/2802] Compiling NIOPosix IntegerBitPacking.swift
[2055/2802] Compiling NIOPosix IntegerTypes.swift
[2056/2802] Compiling NIOPosix Linux.swift
[2057/2802] Compiling NIOPosix LinuxCPUSet.swift
[2058/2802] Compiling NIOPosix LinuxUring.swift
[2058/2802] Compiling extensions.cc
[2059/2802] Compiling encrypted_client_hello.cc
[2061/2802] Compiling NIOPosix MultiThreadedEventLoopGroup.swift
[2062/2802] Compiling NIOPosix NIOPosixSendableMetatype.swift
[2063/2802] Compiling NIOPosix NIORandomizedDNSResolver.swift
[2064/2802] Compiling NIOPosix NIOThreadPool.swift
[2065/2802] Compiling NIOPosix NonBlockingFileIO.swift
[2066/2802] Compiling NIOPosix PendingDatagramWritesManager.swift
[2067/2802] Compiling NIOPosix PendingWritesManager.swift
[2067/2802] Compiling dtls_record.cc
[2069/2803] Compiling md5-x86_64-linux.S
[2070/2803] Compiling md5-x86_64-apple.S
[2071/2803] Compiling dtls_method.cc
[2072/2805] Compiling md5-586-apple.S
[2073/2805] Compiling md5-586-linux.S
[2074/2805] Compiling chacha20_poly1305_x86_64-linux.S
[2075/2805] Compiling chacha20_poly1305_x86_64-apple.S
[2077/2805] Compiling NIO Exports.swift
[2078/2805] Emitting module NIO
[2078/2805] Compiling chacha20_poly1305_armv8-win.S
[2079/2805] Compiling d1_srtp.cc
[2081/2806] Compiling chacha20_poly1305_armv8-apple.S
[2082/2806] Compiling chacha20_poly1305_armv8-linux.S
[2083/2806] Compiling chacha-x86_64-linux.S
[2084/2806] Compiling chacha-x86-linux.S
[2085/2806] Compiling chacha-x86_64-apple.S
[2086/2814] Compiling chacha-x86-apple.S
[2087/2816] Compiling d1_pkt.cc
[2088/2816] Compiling chacha-armv8-win.S
[2089/2816] Compiling chacha-armv8-apple.S
[2090/2816] Compiling chacha-armv4-linux.S
[2091/2816] Compiling chacha-armv8-linux.S
[2093/2816] Compiling NIOTLS TLSEvents.swift
[2093/2816] Compiling d1_lib.cc
[2094/2816] Compiling aes128gcmsiv-x86_64-apple.S
[2095/2816] Compiling aes128gcmsiv-x86_64-linux.S
[2096/2816] Compiling x86_64-mont5-apple.S
[2097/2816] Compiling x86_64-mont-linux.S
[2098/2816] Compiling x86_64-mont5-linux.S
[2099/2816] Compiling bio_ssl.cc
[2100/2816] Compiling x86_64-mont-apple.S
[2101/2816] Compiling x86-mont-linux.S
[2103/2816] Compiling NIOTLS ProtocolNegotiationHandlerStateMachine.swift
[2103/2816] Compiling vpaes-x86_64-linux.S
[2105/2816] Compiling NIOTLS NIOTypedApplicationProtocolNegotiationHandler.swift
[2105/2816] Compiling x86-mont-apple.S
[2107/2816] Compiling NIOTLS ApplicationProtocolNegotiationHandler.swift
[2108/2816] Emitting module NIOTLS
[2108/2816] Compiling vpaes-x86-apple.S
[2109/2816] Compiling vpaes-x86-linux.S
[2110/2816] Compiling err_data.cc
[2111/2816] Compiling vpaes-armv8-win.S
[2112/2816] Compiling vpaes-x86_64-apple.S
[2113/2816] Compiling vpaes-armv8-linux.S
[2114/2816] Compiling sha512-x86_64-linux.S
[2115/2816] Compiling vpaes-armv7-linux.S
[2116/2816] Compiling sha512-x86_64-apple.S
[2117/2816] Compiling vpaes-armv8-apple.S
[2118/2816] Compiling sha512-armv8-apple.S
[2119/2816] Compiling sha512-armv4-linux.S
[2120/2816] Compiling sha512-armv8-win.S
[2121/2816] Compiling sha512-586-linux.S
[2122/2816] Compiling sha512-armv8-linux.S
[2123/2816] Compiling sha512-586-apple.S
[2124/2816] Compiling sha256-x86_64-apple.S
[2124/2816] Compiling sha256-x86_64-linux.S
[2124/2816] Compiling sha256-armv8-win.S
[2127/2816] Compiling sha256-armv8-apple.S
[2128/2816] Compiling sha256-armv8-linux.S
[2129/2816] Compiling sha256-586-apple.S
[2130/2816] Compiling sha256-armv4-linux.S
[2131/2816] Compiling sha256-586-linux.S
[2132/2816] Compiling sha1-x86_64-linux.S
[2133/2816] Compiling sha1-x86_64-apple.S
[2134/2816] Compiling sha1-armv8-win.S
[2135/2816] Compiling sha1-armv8-apple.S
[2136/2816] Compiling sha1-586-linux.S
[2138/2816] Compiling NIOTLS SNIHandler.swift
[2138/2816] Compiling sha1-armv4-large-linux.S
[2139/2817] Compiling sha1-armv8-linux.S
[2140/2817] Compiling sha1-586-apple.S
[2141/2817] Compiling rsaz-avx2-linux.S
[2143/2817] Compiling rsaz-avx2-apple.S
[2144/2817] Compiling rdrand-x86_64-linux.S
[2145/2817] Compiling p256_beeu-x86_64-asm-linux.S
[2146/2817] Compiling rdrand-x86_64-apple.S
[2147/2817] Compiling p256_beeu-x86_64-asm-apple.S
[2148/2817] Compiling p256_beeu-armv8-asm-win.S
[2149/2817] Compiling p256_beeu-armv8-asm-linux.S
[2150/2817] Compiling p256-x86_64-asm-linux.S
[2151/2817] Compiling p256_beeu-armv8-asm-apple.S
[2152/2817] Compiling p256-armv8-asm-win.S
[2153/2817] Compiling p256-x86_64-asm-apple.S
[2154/2817] Compiling p256-armv8-asm-apple.S
[2155/2847] Compiling ghashv8-armv8-win.S
[2156/2847] Compiling p256-armv8-asm-linux.S
[2157/2862] Compiling ghashv8-armv8-linux.S
[2158/2869] Compiling ghashv8-armv8-apple.S
[2159/2869] Compiling ghash-x86_64-linux.S
[2160/2869] Compiling ghashv8-armv7-linux.S
[2161/2869] Compiling ghash-x86_64-apple.S
[2163/2869] Compiling NIOTransportServices AcceptHandler.swift
[2164/2869] Compiling NIOTransportServices NIOTSDatagramConnectionBootstrap.swift
[2165/2869] Compiling NIOTransportServices NIOTSDatagramConnectionChannel.swift
[2165/2871] Compiling ghash-x86-linux.S
[2166/2871] Compiling ghash-x86-apple.S
[2167/2871] Compiling ghash-ssse3-x86_64-linux.S
[2168/2871] Compiling ghash-ssse3-x86_64-apple.S
[2169/2871] Compiling NIOTransportServices NIOTSBootstraps.swift
[2170/2871] Compiling NIOTransportServices NIOTSChannelOptions.swift
[2171/2871] Compiling NIOTransportServices NIOTSConnectionBootstrap.swift
[2173/2871] Compiling NIOTransportServices NIOTSNetworkEvents.swift
[2174/2871] Compiling NIOTransportServices NIOTSSingletons.swift
[2175/2871] Compiling NIOTransportServices SocketAddress+NWEndpoint.swift
[2176/2871] Compiling NIOTransportServices NIOTSConnectionChannel.swift
[2177/2871] Compiling NIOTransportServices NIOTSErrors.swift
[2178/2871] Compiling NIOTransportServices NIOTSEventLoop.swift
[2179/2871] Compiling NIOTransportServices StateManagedChannel.swift
[2180/2871] Compiling NIOTransportServices StateManagedListenerChannel.swift
[2181/2871] Compiling NIOTransportServices StateManagedNWConnectionChannel.swift
[2182/2871] Compiling NIOTransportServices NIOTSEventLoopGroup.swift
[2183/2871] Compiling NIOTransportServices NIOTSListenerBootstrap.swift
[2184/2871] Compiling NIOTransportServices NIOTSListenerChannel.swift
[2185/2871] Emitting module NIOTransportServices
[2185/2871] Compiling ghash-ssse3-x86-linux.S
[2186/2871] Compiling ghash-neon-armv8-win.S
[2187/2871] Compiling ghash-ssse3-x86-apple.S
[2188/2871] Compiling ghash-neon-armv8-linux.S
[2190/2871] Compiling NIOTransportServices TCPOptions+SocketChannelOption.swift
[2191/2871] Compiling NIOTransportServices UDPOptions+SocketChannelOption.swift
[2191/2871] Compiling ghash-neon-armv8-apple.S
[2192/2871] Compiling co-586-linux.S
[2193/2871] Compiling ghash-armv4-linux.S
[2194/2871] Compiling co-586-apple.S
[2195/2871] Compiling d1_both.cc
[2196/2871] Compiling bsaes-armv7-linux.S
[2197/2871] Compiling bn-armv8-win.S
[2198/2871] Compiling bn-armv8-linux.S
[2199/2871] Compiling bn-armv8-apple.S
[2201/2871] Emitting module NIOFoundationCompat
[2202/2871] Compiling NIOFoundationCompat Exports.swift
[2203/2871] Compiling NIOFoundationCompat JSONSerialization+ByteBuffer.swift
[2204/2871] Compiling NIOFoundationCompat WaitSpinningRunLoop.swift
[2204/2871] Compiling bn-586-linux.S
[2205/2871] Compiling bn-586-apple.S
[2206/2871] Compiling armv8-mont-win.S
[2207/2871] Compiling armv8-mont-linux.S
[2208/2871] Compiling armv8-mont-apple.S
[2209/2871] Compiling armv4-mont-linux.S
[2211/2872] Compiling NIOTransportServices NIOTSDatagramListenerBootstrap.swift
[2212/2872] Compiling NIOTransportServices NIOTSDatagramListenerChannel.swift
[2213/2872] Compiling NIOTransportServices NIOFilterEmptyWritesHandler.swift
[2214/2873] Compiling aesv8-gcm-armv8-win.S
[2216/2873] Compiling aesv8-gcm-armv8-linux.S
[2217/2873] Compiling aesv8-armv8-win.S
[2218/2873] Compiling aesv8-gcm-armv8-apple.S
[2219/2873] Compiling aesv8-armv8-linux.S
[2220/2873] Compiling aesv8-armv8-apple.S
[2221/2873] Compiling aesni-x86_64-apple.S
[2222/2873] Compiling aesni-x86-linux.S
[2223/2873] Compiling aesni-x86_64-linux.S
[2224/2873] Compiling aesv8-armv7-linux.S
[2225/2873] Compiling aesni-x86-apple.S
[2226/2873] Compiling aesni-gcm-x86_64-apple.S
[2227/2873] Compiling aesni-gcm-x86_64-linux.S
[2228/2873] Compiling aes-gcm-avx2-x86_64-apple.S
[2229/2873] Compiling aes-gcm-avx10-x86_64-linux.S
[2230/2873] Compiling aes-gcm-avx2-x86_64-linux.S
[2231/2873] Compiling aes-gcm-avx10-x86_64-apple.S
[2237/2877] Compiling x_spki.cc
[2238/2877] Compiling x_val.cc
[2239/2877] Compiling x_sig.cc
[2240/2877] Compiling x_req.cc
[2241/2877] Compiling x_x509.cc
[2241/2877] Compiling x_x509a.cc
[2243/2877] Compiling x_pubkey.cc
[2251/2877] Compiling NIOSSL SecurityFrameworkCertificateVerification.swift
[2252/2877] Compiling NIOSSL String+unsafeUninitializedCapacity.swift
[2253/2877] Compiling NIOSSL SubjectAlternativeName.swift
[2254/2877] Compiling NIOSSL NIOSSLSecureBytes.swift
[2255/2877] Compiling NIOSSL RNG.swift
[2256/2877] Compiling NIOSSL SafeCompare.swift
[2261/2877] Emitting module NIOSSL
[2269/2877] Compiling x_name.cc
[2270/2877] Compiling x_exten.cc
[2271/2877] Compiling x_algor.cc
[2272/2877] Compiling x509spki.cc
[2273/2877] Compiling x_all.cc
[2274/2877] Compiling x_attrib.cc
[2275/2877] Compiling x_crl.cc
[2277/2877] Compiling NIOSSL Zeroization.swift
[2278/2877] Compiling NIOSSL TLSConfiguration.swift
[2279/2877] Compiling NIOSSL UniversalBootstrapSupport.swift
[2280/2877] Compiling NIOSSL UnsafeKeyAndChainTarget.swift
[2281/2878] Compiling x509cset.cc
[2282/2985] Compiling x509name.cc
[2283/2985] Compiling x509rset.cc
[2284/2985] Compiling x509_vfy.cc
[2285/2985] Compiling x509_vpm.cc
[2286/2985] Compiling x509_txt.cc
[2287/2985] Compiling x509_v3.cc
[2288/2985] Compiling x509_trs.cc
[2289/2985] Compiling x509_req.cc
[2290/2985] Compiling x509_set.cc
[2291/2985] Compiling x509_obj.cc
[2292/2985] Compiling x509_ext.cc
[2293/2985] Compiling x509_def.cc
[2294/2985] Compiling x509_lu.cc
[2295/2985] Compiling x509_d2.cc
[2296/2985] Compiling x509_cmp.cc
[2298/2985] Compiling PostgresNIO Array+PostgresCodable.swift
[2299/2985] Compiling PostgresNIO Bool+PostgresCodable.swift
[2300/2985] Compiling PostgresNIO Bytes+PostgresCodable.swift
[2301/2985] Compiling PostgresNIO Date+PostgresCodable.swift
[2302/2985] Compiling PostgresNIO Decimal+PostgresCodable.swift
[2303/2985] Compiling PostgresNIO Float+PostgresCodable.swift
[2304/2985] Compiling PostgresNIO Int+PostgresCodable.swift
[2305/2985] Compiling PostgresNIO JSON+PostgresCodable.swift
[2306/2985] Compiling PostgresNIO Range+PostgresCodable.swift
[2307/2985] Compiling PostgresNIO RawRepresentable+PostgresCodable.swift
[2308/2985] Compiling PostgresNIO String+PostgresCodable.swift
[2309/2985] Compiling PostgresNIO UUID+PostgresCodable.swift
[2310/2985] Compiling PostgresNIO AnyErrorContinuation.swift
[2311/2985] Compiling PostgresNIO ByteBuffer+PSQL.swift
[2312/2985] Compiling PostgresNIO Logging+PSQL.swift
[2312/3000] Compiling x509.cc
[2313/3000] Compiling x509_att.cc
[2314/3000] Compiling v3_skey.cc
[2315/3000] Compiling v3_utl.cc
[2316/3000] Compiling v3_prn.cc
[2317/3000] Compiling v3_purp.cc
[2319/3000] Compiling PostgresNIO PostgresMessage+0.swift
[2320/3000] Compiling PostgresNIO PostgresMessage+BackendKeyData.swift
[2321/3000] Compiling PostgresNIO PostgresMessage+DataRow.swift
[2322/3000] Compiling PostgresNIO PostgresMessage+Error.swift
[2323/3000] Compiling PostgresNIO PostgresMessage+Identifier.swift
[2324/3000] Compiling PostgresNIO PostgresMessage+NotificationResponse.swift
[2325/3000] Compiling PostgresNIO PostgresMessage+RowDescription.swift
[2326/3000] Compiling PostgresNIO PostgresMessageType.swift
[2327/3000] Compiling PostgresNIO AuthenticationStateMachine.swift
[2328/3000] Compiling PostgresNIO CloseStateMachine.swift
[2329/3000] Compiling PostgresNIO ConnectionStateMachine.swift
[2330/3000] Compiling PostgresNIO ExtendedQueryStateMachine.swift
[2331/3000] Compiling PostgresNIO ListenStateMachine.swift
[2332/3000] Compiling PostgresNIO PreparedStatementStateMachine.swift
[2333/3000] Compiling PostgresNIO RowStreamStateMachine.swift
[2334/3000] Compiling PostgresNIO PostgresMessage+Describe.swift
[2335/3000] Compiling PostgresNIO PostgresMessage+Execute.swift
[2336/3000] Compiling PostgresNIO PostgresMessage+ParameterDescription.swift
[2337/3000] Compiling PostgresNIO PostgresMessage+ParameterStatus.swift
[2338/3000] Compiling PostgresNIO PostgresMessage+Parse.swift
[2339/3000] Compiling PostgresNIO PostgresMessage+Password.swift
[2340/3000] Compiling PostgresNIO PostgresMessage+ReadyForQuery.swift
[2341/3000] Compiling PostgresNIO PostgresMessage+SASLResponse.swift
[2342/3000] Compiling PostgresNIO PostgresMessage+SSLRequest.swift
[2343/3000] Compiling PostgresNIO PostgresMessage+SimpleQuery.swift
[2344/3000] Compiling PostgresNIO PostgresMessage+Startup.swift
[2345/3000] Compiling PostgresNIO PostgresMessage+Sync.swift
[2346/3000] Compiling PostgresNIO PostgresMessage+Terminate.swift
[2347/3000] Compiling PostgresNIO PostgresMessageDecoder.swift
[2348/3000] Compiling PostgresNIO PostgresMessageEncoder.swift
[2349/3000] Compiling PostgresNIO PostgresData+Optional.swift
[2350/3000] Compiling PostgresNIO PostgresData+RawRepresentable.swift
[2351/3000] Compiling PostgresNIO PostgresData+Set.swift
[2352/3000] Compiling PostgresNIO PostgresData+String.swift
[2353/3000] Compiling PostgresNIO PostgresData+UUID.swift
[2354/3000] Compiling PostgresNIO PostgresData.swift
[2355/3000] Compiling PostgresNIO PostgresDataConvertible.swift
[2356/3000] Compiling PostgresNIO PostgresDataType.swift
[2357/3000] Compiling PostgresNIO PostgresRow.swift
[2358/3000] Compiling PostgresNIO PostgresConnection+Configuration+Deprecated.swift
[2359/3000] Compiling PostgresNIO PostgresData+UInt.swift
[2360/3000] Compiling PostgresNIO PostgresMessage+Authentication.swift
[2361/3000] Compiling PostgresNIO PostgresMessage+Bind.swift
[2362/3000] Compiling PostgresNIO PostgresMessage+Close.swift
[2363/3000] Compiling PostgresNIO PostgresMessage+CommandComplete.swift
[2363/3000] Compiling v3_pmaps.cc
[2364/3000] Compiling v3_pcons.cc
[2365/3000] Compiling v3_ocsp.cc
[2366/3000] Compiling v3_lib.cc
[2367/3000] Compiling v3_ncons.cc
[2369/3000] Emitting module PostgresNIO
[2370/3000] Compiling PostgresNIO ConnectCancelHandler.swift
[2371/3000] Compiling PostgresNIO PostgresConnection+Configuration.swift
[2372/3000] Compiling PostgresNIO PostgresConnection+CopyFrom.swift
[2373/3000] Compiling PostgresNIO PostgresConnection.swift
[2374/3000] Compiling PostgresNIO PostgresDatabase+PreparedQuery.swift
[2375/3000] Compiling PostgresNIO PostgresData+Array.swift
[2376/3000] Compiling PostgresNIO PostgresData+Bool.swift
[2377/3000] Compiling PostgresNIO PostgresData+Bytes.swift
[2378/3000] Compiling PostgresNIO PostgresData+Date.swift
[2379/3000] Compiling PostgresNIO PostgresData+Decimal.swift
[2380/3000] Compiling PostgresNIO PostgresData+Double.swift
[2381/3000] Compiling PostgresNIO PostgresData+Float.swift
[2382/3000] Compiling PostgresNIO PostgresData+Int.swift
[2383/3000] Compiling PostgresNIO PostgresData+JSON.swift
[2384/3000] Compiling PostgresNIO PostgresData+JSONB.swift
[2385/3000] Compiling PostgresNIO PostgresData+Numeric.swift
[2385/3000] Compiling v3_info.cc
[2386/3000] Compiling v3_int.cc
[2388/3000] Compiling PostgresNIO PSQLTask.swift
[2389/3000] Compiling PostgresNIO PostgresBackendMessage.swift
[2390/3000] Compiling PostgresNIO PostgresBackendMessageDecoder.swift
[2391/3000] Compiling PostgresNIO PostgresCell.swift
[2392/3000] Compiling PostgresNIO PostgresChannelHandler.swift
[2393/3000] Compiling PostgresNIO PostgresCodable.swift
[2394/3000] Compiling PostgresNIO PostgresColumns.swift
[2395/3000] Compiling PostgresNIO PostgresFrontendMessageEncoder.swift
[2396/3000] Compiling PostgresNIO PostgresNotificationSequence.swift
[2397/3000] Compiling PostgresNIO PostgresQuery.swift
[2398/3000] Compiling PostgresNIO PostgresRowSequence.swift
[2399/3000] Compiling PostgresNIO PostgresTransactionError.swift
[2400/3000] Compiling PostgresNIO PreparedStatement.swift
[2401/3000] Compiling PostgresNIO VariadicGenerics.swift
[2402/3000] Compiling PostgresNIO ConnectionFactory.swift
[2403/3000] Compiling PostgresNIO Authentication.swift
[2404/3000] Compiling PostgresNIO BackendKeyData.swift
[2405/3000] Compiling PostgresNIO CopyInMessage.swift
[2406/3000] Compiling PostgresNIO DataRow.swift
[2407/3000] Compiling PostgresNIO ErrorResponse.swift
[2408/3000] Compiling PostgresNIO NotificationResponse.swift
[2409/3000] Compiling PostgresNIO ParameterDescription.swift
[2410/3000] Compiling PostgresNIO ParameterStatus.swift
[2411/3000] Compiling PostgresNIO ReadyForQuery.swift
[2412/3000] Compiling PostgresNIO RowDescription.swift
[2413/3000] Compiling PostgresNIO NotificationListener.swift
[2414/3000] Compiling PostgresNIO PSQLError.swift
[2415/3000] Compiling PostgresNIO PSQLEventsHandler.swift
[2416/3000] Compiling PostgresNIO PSQLPreparedStatement.swift
[2417/3000] Compiling PostgresNIO PSQLRowStream.swift
[2417/3000] Compiling v3_ia5.cc
[2418/3000] Compiling v3_cpols.cc
[2419/3000] Compiling v3_enum.cc
[2420/3000] Compiling v3_genn.cc
[2421/3000] Compiling v3_extku.cc
[2422/3000] Compiling v3_crld.cc
[2423/3000] Compiling v3_alt.cc
[2424/3000] Compiling v3_conf.cc
[2425/3000] Compiling v3_akeya.cc
[2426/3000] Compiling v3_bitst.cc
[2428/3000] Compiling PostgresNIO PostgresClient.swift
[2429/3000] Compiling PostgresNIO PostgresClientMetrics.swift
[2430/3000] Compiling PostgresNIO Postgres+PSQLCompat.swift
[2431/3000] Compiling PostgresNIO PostgresDatabase+Query.swift
[2432/3000] Compiling PostgresNIO PostgresDatabase+SimpleQuery.swift
[2433/3000] Compiling PostgresNIO PostgresDatabase.swift
[2434/3000] Compiling PostgresNIO PostgresRequest.swift
[2435/3000] Compiling PostgresNIO Exports.swift
[2436/3000] Compiling PostgresNIO NIOUtils.swift
[2437/3000] Compiling PostgresNIO PostgresError+Code.swift
[2438/3000] Compiling PostgresNIO PostgresError.swift
[2439/3000] Compiling PostgresNIO PostgresJSONDecoder.swift
[2440/3000] Compiling PostgresNIO PostgresJSONEncoder.swift
[2441/3000] Compiling PostgresNIO SASLAuthentication+SCRAM-SHA256.swift
[2442/3000] Compiling PostgresNIO SASLAuthenticationManager.swift
[2442/3001] Compiling v3_bcons.cc
[2444/3001] Compiling v3_akey.cc
[2445/3001] Compiling t_x509a.cc
[2446/3003] Compiling t_x509.cc
[2448/3003] Emitting module PostgresNIOMacros
[2449/3003] Compiling PostgresNIOMacros Statement.swift
[2449/3004] Compiling i2d_pr.cc
[2451/3004] Compiling t_req.cc
[2452/3004] Compiling name_print.cc
[2453/3004] Compiling t_crl.cc
[2454/3004] Compiling rsa_pss.cc
[2455/3004] Compiling policy.cc
[2456/3004] Compiling algorithm.cc
[2457/3004] Compiling by_dir.cc
[2458/3004] Compiling by_file.cc
[2459/3004] Compiling voprf.cc
[2460/3004] Compiling asn1_gen.cc
[2461/3004] Compiling a_sign.cc
[2462/3004] Compiling a_digest.cc
[2463/3004] Compiling a_verify.cc
[2464/3004] Compiling thread_pthread.cc
[2465/3004] Compiling trust_token.cc
[2466/3004] Compiling thread_win.cc
[2467/3004] Compiling thread.cc
[2468/3004] Compiling thread_none.cc
[2469/3004] Compiling stack.cc
[2470/3004] Compiling siphash.cc
[2471/3004] Compiling slhdsa.cc
[2472/3004] Compiling pmbtoken.cc
[2473/3004] Compiling sha256.cc
[2474/3004] Compiling spake2plus.cc
[2475/3004] Compiling sha512.cc
[2476/3004] Compiling sha1.cc
[2477/3004] Compiling rsa_extra.cc
[2478/3004] Compiling rsa_print.cc
[2479/3004] Compiling rsa_crypt.cc
[2480/3004] Compiling rc4.cc
[2481/3004] Compiling refcount.cc
[2482/3004] Compiling windows.cc
[2483/3004] Compiling rsa_asn1.cc
[2484/3004] Compiling passive.cc
[2485/3004] Compiling trusty.cc
[2486/3004] Compiling urandom.cc
[2487/3004] Compiling rand.cc
[2488/3004] Compiling poly1305_arm_asm.S
[2489/3004] Compiling forkunsafe.cc
[2490/3004] Compiling getentropy.cc
[2491/3004] Compiling fork_detect.cc
[2492/3004] Compiling poly1305_vec.cc
[2493/3004] Compiling ios.cc
[2494/3004] Compiling deterministic.cc
[2495/3004] Compiling poly1305.cc
[2496/3004] Compiling poly1305_arm.cc
[2497/3004] Compiling pool.cc
[2498/3004] Compiling pkcs8_x509.cc
[2499/3004] Compiling p5_pbev2.cc
[2500/3004] Compiling pkcs7.cc
[2501/3004] Compiling pkcs7_x509.cc
[2502/3004] Compiling pem_oth.cc
[2503/3004] Compiling pkcs8.cc
[2504/3004] Compiling pem_xaux.cc
[2505/3004] Compiling pem_pkey.cc
[2506/3004] Compiling pem_x509.cc
[2507/3004] Compiling obj_xref.cc
[2508/3004] Compiling pem_all.cc
[2509/3004] Compiling pem_pk8.cc
[2510/3004] Compiling mlkem.cc
[2511/3004] Compiling mldsa.cc
[2512/3004] Compiling pem_lib.cc
[2513/3004] Compiling mem.cc
[2514/3004] Compiling poly_rq_mul.S
[2515/3004] Compiling md5.cc
[2516/3004] Compiling pem_info.cc
[2516/3004] Compiling fips_shared_support.cc
[2518/3004] Compiling obj.cc
[2519/3004] Compiling md4.cc
[2520/3004] Compiling lhash.cc
[2521/3004] Compiling ex_data.cc
[2522/3004] Compiling sign.cc
[2522/3004] Compiling kyber.cc
[2524/3004] Compiling hpke.cc
[2525/3004] Compiling hrss.cc
[2526/3004] Compiling scrypt.cc
[2527/3004] Compiling print.cc
[2528/3004] Compiling pbkdf.cc
[2529/3004] Compiling p_x25519.cc
[2530/3004] Compiling p_rsa.cc
[2531/3004] Compiling p_x25519_asn1.cc
[2532/3004] Compiling p_rsa_asn1.cc
[2533/3004] Compiling p_ed25519.cc
[2534/3004] Compiling p_ed25519_asn1.cc
[2535/3004] Compiling p_hkdf.cc
[2536/3004] Compiling p_dh.cc
[2537/3004] Compiling p_ec_asn1.cc
[2538/3004] Compiling p_ec.cc
[2539/3004] Compiling p_dh_asn1.cc
[2540/3004] Compiling evp_ctx.cc
[2541/3004] Compiling p_dsa_asn1.cc
[2542/3004] Compiling err.cc
[2543/3004] Compiling engine.cc
[2544/3004] Compiling evp.cc
[2545/3004] Compiling ecdsa_asn1.cc
[2546/3004] Compiling hash_to_curve.cc
[2547/3004] Compiling evp_asn1.cc
[2548/3004] Compiling ecdh.cc
[2549/3004] Compiling ec_derive.cc
[2550/3004] Compiling bcm.cc
[2551/3004] Compiling dsa.cc
[2552/3004] Compiling ec_asn1.cc
[2553/3004] Compiling params.cc
[2554/3004] Compiling x25519-asm-arm.S
[2555/3004] Compiling dsa_asn1.cc
[2556/3004] Compiling crypto.cc
[2557/3004] Compiling curve25519_64_adx.cc
[2558/3004] Compiling digest_extra.cc
[2559/3004] Compiling des.cc
[2560/3004] Compiling curve25519.cc
[2561/3004] Compiling dh_asn1.cc
[2562/3004] Compiling spake25519.cc
[2563/3004] Compiling cpu_intel.cc
[2564/3004] Compiling cpu_arm_linux.cc
[2565/3004] Compiling cpu_aarch64_win.cc
[2566/3004] Compiling cpu_aarch64_sysreg.cc
[2567/3004] Compiling cpu_aarch64_openbsd.cc
[2568/3004] Compiling cpu_aarch64_linux.cc
[2569/3004] Compiling cpu_arm_freebsd.cc
[2570/3004] Compiling conf.cc
[2571/3004] Compiling cpu_aarch64_fuchsia.cc
[2572/3004] Compiling cpu_aarch64_apple.cc
[2573/3004] Compiling tls_cbc.cc
[2574/3004] Compiling get_cipher.cc
[2575/3004] Compiling e_tls.cc
[2576/3004] Compiling e_null.cc
[2577/3004] Compiling e_rc4.cc
[2578/3004] Compiling e_des.cc
[2579/3004] Compiling e_chacha20poly1305.cc
[2580/3004] Compiling e_rc2.cc
[2581/3004] Compiling derive_key.cc
[2582/3004] Compiling e_aesgcmsiv.cc
[2583/3004] Compiling chacha.cc
[2584/3004] Compiling buf.cc
[2585/3004] Compiling e_aesctrhmac.cc
[2586/3004] Compiling cbb.cc
[2587/3004] Compiling cbs.cc
[2588/3004] Compiling blake2.cc
[2589/3004] Compiling ber.cc
[2590/3004] Compiling unicode.cc
[2591/3004] Compiling asn1_compat.cc
[2592/3004] Compiling bn_asn1.cc
[2593/3004] Compiling printf.cc
[2594/3004] Compiling convert.cc
[2595/3004] Compiling socket_helper.cc
[2596/3004] Compiling socket.cc
[2597/3004] Compiling hexdump.cc
[2598/3004] Compiling pair.cc
[2599/3004] Compiling file.cc
[2600/3004] Compiling connect.cc
[2601/3004] Compiling errno.cc
[2602/3004] Compiling fd.cc
[2603/3004] Compiling bio_mem.cc
[2604/3004] Compiling base64.cc
[2605/3004] Compiling bio.cc
[2606/3004] Compiling tasn_typ.cc
[2607/3004] Compiling tasn_fre.cc
[2608/3004] Compiling tasn_utl.cc
[2609/3004] Compiling tasn_new.cc
[2610/3004] Compiling tasn_enc.cc
[2611/3004] Compiling f_string.cc
[2612/3004] Compiling f_int.cc
[2613/3004] Compiling tasn_dec.cc
[2614/3004] Compiling posix_time.cc
[2615/3004] Compiling asn_pack.cc
[2616/3004] Compiling asn1_par.cc
[2617/3004] Compiling a_type.cc
[2618/3004] Compiling a_utctm.cc
[2619/3004] Compiling a_time.cc
[2620/3004] Compiling asn1_lib.cc
[2621/3004] Compiling a_strnid.cc
[2622/3004] Compiling a_strex.cc
[2623/3004] Compiling a_octet.cc
[2624/3004] Compiling a_int.cc
[2625/3004] Compiling a_i2d_fp.cc
[2626/3004] Compiling a_mbstr.cc
[2627/3004] Compiling a_dup.cc
[2628/3004] Compiling a_object.cc
[2629/3004] Compiling fiat_p256_adx_sqr.S
[2630/3004] Compiling fiat_p256_adx_mul.S
[2631/3004] Compiling a_gentm.cc
[2632/3004] Compiling fiat_curve25519_adx_square.S
[2633/3004] Compiling md5-x86_64-linux.S
[2634/3004] Compiling fiat_curve25519_adx_mul.S
[2635/3004] Compiling md5-x86_64-apple.S
[2636/3004] Compiling a_d2i_fp.cc
[2637/3004] Compiling md5-586-linux.S
[2638/3004] Compiling md5-586-apple.S
[2639/3004] Compiling chacha20_poly1305_x86_64-linux.S
[2640/3004] Compiling chacha20_poly1305_x86_64-apple.S
[2641/3004] Compiling chacha20_poly1305_armv8-win.S
[2642/3004] Compiling CCryptoBoringSSLShims shims.c
[2643/3004] Compiling chacha20_poly1305_armv8-apple.S
[2644/3004] Compiling chacha-x86_64-linux.S
[2645/3004] Compiling a_bitstr.cc
[2646/3004] Compiling chacha-x86-apple.S
[2647/3004] Compiling chacha20_poly1305_armv8-linux.S
[2648/3004] Compiling chacha-x86_64-apple.S
[2649/3004] Compiling chacha-x86-linux.S
[2650/3004] Compiling chacha-armv8-win.S
[2651/3004] Compiling chacha-armv4-linux.S
[2652/3004] Compiling aes128gcmsiv-x86_64-linux.S
[2653/3004] Compiling chacha-armv8-apple.S
[2654/3004] Compiling chacha-armv8-linux.S
[2655/3004] Compiling x86_64-mont5-linux.S
[2656/3004] Compiling aes128gcmsiv-x86_64-apple.S
[2657/3004] Compiling x86_64-mont-apple.S
[2658/3004] Compiling x86_64-mont-linux.S
[2659/3004] Compiling x86_64-mont5-apple.S
[2660/3004] Compiling x86-mont-apple.S
[2661/3004] Compiling vpaes-x86_64-linux.S
[2662/3004] Compiling vpaes-x86_64-apple.S
[2663/3004] Compiling x86-mont-linux.S
[2664/3004] Compiling vpaes-x86-apple.S
[2665/3004] Compiling vpaes-x86-linux.S
[2666/3004] Compiling vpaes-armv8-win.S
[2667/3004] Compiling vpaes-armv7-linux.S
[2668/3004] Compiling sha512-x86_64-linux.S
[2669/3004] Compiling vpaes-armv8-linux.S
[2670/3004] Compiling a_bool.cc
[2671/3004] Compiling vpaes-armv8-apple.S
[2672/3004] Compiling sha512-armv8-linux.S
[2673/3004] Compiling sha512-armv8-apple.S
[2674/3004] Compiling sha512-armv8-win.S
[2674/3004] Compiling sha512-x86_64-apple.S
[2676/3004] Compiling sha512-armv4-linux.S
[2677/3004] Compiling sha512-586-linux.S
[2678/3004] Compiling sha512-586-apple.S
[2679/3004] Compiling sha256-x86_64-apple.S
[2680/3004] Compiling sha256-x86_64-linux.S
[2681/3004] Compiling sha256-armv8-linux.S
[2682/3004] Compiling sha256-armv8-apple.S
[2683/3004] Compiling sha256-586-linux.S
[2684/3004] Compiling sha256-armv8-win.S
[2685/3004] Compiling sha256-armv4-linux.S
[2686/3004] Compiling sha256-586-apple.S
[2687/3004] Compiling sha1-x86_64-apple.S
[2688/3004] Compiling sha1-x86_64-linux.S
[2689/3004] Compiling sha1-armv8-apple.S
[2690/3004] Compiling sha1-armv8-win.S
[2691/3004] Compiling sha1-armv4-large-linux.S
[2692/3004] Compiling rsaz-avx2-linux.S
[2693/3004] Compiling sha1-586-apple.S
[2694/3004] Compiling rsaz-avx2-apple.S
[2695/3004] Compiling sha1-586-linux.S
[2696/3004] Compiling sha1-armv8-linux.S
[2697/3004] Compiling rdrand-x86_64-linux.S
[2698/3004] Compiling p256_beeu-x86_64-asm-linux.S
[2699/3004] Compiling rdrand-x86_64-apple.S
[2700/3004] Compiling p256_beeu-x86_64-asm-apple.S
[2701/3004] Compiling p256_beeu-armv8-asm-linux.S
[2702/3004] Compiling p256_beeu-armv8-asm-apple.S
[2702/3004] Compiling p256-x86_64-asm-linux.S
[2702/3004] Compiling p256-x86_64-asm-apple.S
[2705/3004] Compiling p256_beeu-armv8-asm-win.S
[2706/3004] Compiling err_data.cc
[2707/3004] Compiling p256-armv8-asm-win.S
[2708/3004] Compiling p256-armv8-asm-apple.S
[2709/3004] Compiling ghashv8-armv8-win.S
[2710/3004] Compiling p256-armv8-asm-linux.S
[2711/3004] Compiling ghashv8-armv8-apple.S
[2712/3004] Compiling ghash-x86_64-apple.S
[2713/3004] Compiling ghash-x86_64-linux.S
[2714/3004] Compiling ghashv8-armv8-linux.S
[2715/3004] Compiling ghashv8-armv7-linux.S
[2716/3004] Compiling ghash-x86-apple.S
[2717/3004] Compiling ghash-x86-linux.S
[2718/3004] Compiling ghash-ssse3-x86_64-linux.S
[2719/3004] Compiling ghash-ssse3-x86_64-apple.S
[2720/3004] Compiling ghash-ssse3-x86-apple.S
[2721/3004] Compiling ghash-ssse3-x86-linux.S
[2722/3004] Compiling ghash-neon-armv8-apple.S
[2723/3004] Compiling ghash-neon-armv8-linux.S
[2723/3004] Compiling ghash-neon-armv8-win.S
[2725/3004] Compiling ghash-armv4-linux.S
[2726/3004] Compiling co-586-linux.S
[2727/3004] Compiling co-586-apple.S
[2728/3004] Compiling bn-armv8-win.S
[2729/3004] Compiling bn-armv8-linux.S
[2730/3004] Compiling bsaes-armv7-linux.S
[2731/3004] Compiling bn-586-linux.S
[2732/3004] Compiling bn-armv8-apple.S
[2733/3004] Compiling bn-586-apple.S
[2734/3004] Compiling armv8-mont-apple.S
[2735/3004] Compiling armv8-mont-win.S
[2736/3004] Compiling armv8-mont-linux.S
[2737/3004] Compiling armv4-mont-linux.S
[2738/3004] Compiling aesv8-gcm-armv8-win.S
[2739/3004] Compiling aesv8-armv8-win.S
[2740/3004] Compiling aesv8-gcm-armv8-apple.S
[2741/3004] Compiling aesv8-armv8-linux.S
[2742/3004] Compiling aesv8-gcm-armv8-linux.S
[2743/3004] Compiling aesv8-armv8-apple.S
[2744/3004] Compiling aesv8-armv7-linux.S
[2745/3004] Compiling aesni-x86-linux.S
[2746/3004] Compiling aesni-x86_64-apple.S
[2747/3004] Compiling aesni-x86-apple.S
[2748/3004] Compiling aesni-x86_64-linux.S
[2749/3004] Compiling aesni-gcm-x86_64-linux.S
[2750/3004] Compiling aesni-gcm-x86_64-apple.S
[2751/3004] Compiling aes-gcm-avx512-x86_64-apple.S
[2752/3004] Compiling aes-gcm-avx512-x86_64-linux.S
[2753/3004] Compiling aes-gcm-avx2-x86_64-linux.S
[2754/3004] Compiling aes-gcm-avx2-x86_64-apple.S
[2755/3004] Compiling xwing.cc
[2756/3004] Compiling x_sig.cc
[2757/3004] Compiling x_name.cc
[2758/3004] Compiling x_pubkey.cc
[2759/3004] Compiling x_req.cc
[2760/3004] Compiling x_exten.cc
[2761/3004] Compiling x_spki.cc
[2762/3004] Compiling x_x509a.cc
[2763/3004] Compiling x_crl.cc
[2764/3004] Compiling x_x509.cc
[2765/3004] Compiling c-nioatomics.c
[2766/3004] Compiling x_all.cc
[2767/3004] Compiling x509rset.cc
[2768/3004] Compiling x_attrib.cc
[2769/3004] Compiling x_algor.cc
[2770/3004] Compiling x509_vfy.cc
[2771/3004] Compiling c-atomics.c
[2772/3004] Compiling x509spki.cc
[2773/3004] Compiling x509_txt.cc
[2774/3011] Compiling x509name.cc
[2775/3011] Compiling x509_vpm.cc
[2776/3011] Compiling x509_req.cc
[2777/3011] Compiling x509cset.cc
[2779/3011] Compiling NIOConcurrencyHelpers NIOLock.swift
[2780/3011] Compiling NIOConcurrencyHelpers NIOLockedValueBox.swift
[2781/3011] Compiling NIOConcurrencyHelpers atomics.swift
[2782/3011] Compiling NIOConcurrencyHelpers NIOThreadPoolWorkAvailable.swift
[2783/3011] Compiling NIOConcurrencyHelpers lock.swift
[2784/3011] Compiling NIOConcurrencyHelpers NIOAtomic.swift
[2784/3011] Compiling x509_v3.cc
[2786/3011] Emitting module NIOConcurrencyHelpers
[2787/3012] Compiling x509_trs.cc
[2788/3012] Compiling x509_set.cc
[2789/3012] Compiling x509_obj.cc
[2790/3012] Compiling x509_ext.cc
[2791/3012] Compiling x509_def.cc
[2792/3012] Compiling x509_lu.cc
[2793/3012] Compiling x509_d2.cc
[2794/3012] Compiling x509_cmp.cc
[2795/3012] Compiling x509_att.cc
[2796/3012] Compiling v3_skey.cc
[2797/3012] Compiling v3_purp.cc
[2798/3012] Compiling x509.cc
[2799/3012] Compiling v3_prn.cc
[2800/3012] Compiling v3_ocsp.cc
[2801/3012] Compiling v3_utl.cc
[2802/3012] Compiling v3_pmaps.cc
[2803/3012] Compiling v3_pcons.cc
[2804/3012] Compiling v3_ia5.cc
[2805/3012] Compiling v3_ncons.cc
[2806/3012] Compiling v3_lib.cc
[2807/3012] Compiling v3_int.cc
[2808/3012] Compiling v3_extku.cc
[2809/3012] Compiling v3_genn.cc
[2810/3012] Compiling v3_info.cc
[2811/3012] Compiling v3_bcons.cc
[2812/3012] Compiling v3_enum.cc
[2813/3012] Compiling v3_bitst.cc
[2814/3012] Compiling v3_crld.cc
[2815/3012] Compiling v3_cpols.cc
[2816/3012] Compiling v3_akeya.cc
[2817/3012] Compiling v3_conf.cc
[2818/3012] Compiling v3_alt.cc
[2819/3012] Compiling t_x509a.cc
[2820/3012] Compiling v3_akey.cc
[2821/3012] Compiling rsa_pss.cc
[2822/3012] Compiling t_crl.cc
[2823/3012] Compiling t_x509.cc
[2824/3012] Compiling t_req.cc
[2825/3012] Compiling i2d_pr.cc
[2826/3012] Compiling policy.cc
[2827/3012] Compiling name_print.cc
[2828/3012] Compiling by_file.cc
[2829/3012] Compiling by_dir.cc
[2830/3012] Compiling algorithm.cc
[2831/3012] Compiling a_verify.cc
[2832/3012] Compiling asn1_gen.cc
[2833/3012] Compiling a_sign.cc
[2834/3012] Compiling a_digest.cc
[2835/3012] Compiling voprf.cc
[2836/3012] Compiling thread_win.cc
[2837/3012] Compiling thread.cc
[2838/3012] Compiling thread_none.cc
[2839/3012] Compiling thread_pthread.cc
[2840/3012] Compiling trust_token.cc
[2841/3012] Compiling stack.cc
[2842/3012] Compiling pmbtoken.cc
[2843/3012] Compiling siphash.cc
[2844/3012] Compiling spake2plus.cc
[2845/3012] Compiling sha512.cc
[2846/3012] Compiling sha256.cc
[2847/3012] Compiling sha1.cc
[2848/3012] Compiling slhdsa.cc
[2849/3012] Compiling rsa_print.cc
[2850/3012] Compiling rsa_extra.cc
[2851/3012] Compiling rsa_crypt.cc
[2852/3012] Compiling rc4.cc
[2853/3012] Compiling refcount.cc
[2854/3012] Compiling trusty.cc
[2855/3012] Compiling windows.cc
[2856/3012] Compiling urandom.cc
[2857/3012] Compiling rand.cc
[2858/3012] Compiling rsa_asn1.cc
[2859/3012] Compiling ios.cc
[2860/3012] Compiling passive.cc
[2861/3012] Compiling getentropy.cc
[2862/3012] Compiling poly1305_arm_asm.S
[2863/3012] Compiling forkunsafe.cc
[2864/3012] Compiling deterministic.cc
[2865/3012] Compiling fork_detect.cc
[2866/3012] Compiling poly1305_vec.cc
[2867/3012] Compiling poly1305_arm.cc
[2868/3012] Compiling poly1305.cc
[2869/3012] Compiling pool.cc
[2870/3012] Compiling pkcs8.cc
[2871/3012] Compiling p5_pbev2.cc
[2872/3012] Compiling pkcs8_x509.cc
[2873/3012] Compiling pkcs7_x509.cc
[2874/3012] Compiling pkcs7.cc
[2875/3012] Compiling pem_xaux.cc
[2876/3012] Compiling pem_x509.cc
[2877/3012] Compiling pem_pkey.cc
[2878/3012] Compiling pem_pk8.cc
[2879/3012] Compiling obj_xref.cc
[2880/3012] Compiling pem_oth.cc
[2881/3012] Compiling pem_lib.cc
[2882/3012] Compiling mlkem.cc
[2883/3012] Compiling pem_info.cc
[2884/3012] Compiling pem_all.cc
[2885/3012] Compiling mldsa.cc
[2886/3012] Compiling obj.cc
[2887/3012] Compiling poly_rq_mul.S
[2888/3012] Compiling mem.cc
[2889/3012] Compiling fips_shared_support.cc
[2890/3012] Compiling md5.cc
[2891/3012] Compiling lhash.cc
[2892/3012] Compiling md4.cc
[2893/3012] Compiling fuzzer_mode.cc
[2894/3012] Compiling kyber.cc
[2895/3012] Compiling hpke.cc
[2896/3012] Compiling ex_data.cc
[2897/3012] Compiling pbkdf.cc
[2898/3012] Compiling hrss.cc
[2899/3012] Compiling sign.cc
[2900/3012] Compiling scrypt.cc
[2901/3012] Compiling print.cc
[2902/3012] Compiling p_rsa_asn1.cc
[2903/3012] Compiling p_hkdf.cc
[2904/3012] Compiling p_rsa.cc
[2905/3012] Compiling p_x25519_asn1.cc
[2906/3012] Compiling p_x25519.cc
[2907/3012] Compiling p_ed25519_asn1.cc
[2908/3012] Compiling p_ec_asn1.cc
[2909/3012] Compiling p_ed25519.cc
[2910/3012] Compiling p_dh.cc
[2911/3012] Compiling p_dsa_asn1.cc
[2912/3012] Compiling p_ec.cc
[2913/3012] Compiling p_dh_asn1.cc
[2914/3012] Compiling evp_ctx.cc
[2915/3012] Compiling err.cc
[2916/3012] Compiling engine.cc
[2917/3012] Compiling evp.cc
[2918/3012] Compiling ecdsa_p1363.cc
[2919/3012] Compiling evp_asn1.cc
[2920/3012] Compiling ecdh.cc
[2921/3012] Compiling ecdsa_asn1.cc
[2922/3012] Compiling ec_derive.cc
[2923/3012] Compiling hash_to_curve.cc
[2924/3012] Compiling dsa.cc
[2925/3012] Compiling ec_asn1.cc
[2926/3012] Compiling dsa_asn1.cc
[2927/3012] Compiling digest_extra.cc
[2928/3012] Compiling x25519-asm-arm.S
[2929/3012] Compiling params.cc
[2930/3012] Compiling curve25519_64_adx.cc
[2931/3012] Compiling des.cc
[2932/3012] Compiling dh_asn1.cc
[2933/3012] Compiling cpu_intel.cc
[2934/3012] Compiling spake25519.cc
[2935/3012] Compiling crypto.cc
[2936/3012] Compiling curve25519.cc
[2937/3012] Compiling cpu_arm_freebsd.cc
[2938/3012] Compiling cpu_aarch64_win.cc
[2939/3012] Compiling cpu_arm_linux.cc
[2940/3012] Compiling cpu_aarch64_sysreg.cc
[2941/3012] Compiling cpu_aarch64_linux.cc
[2942/3012] Compiling cpu_aarch64_openbsd.cc
[2943/3012] Compiling cpu_aarch64_fuchsia.cc
[2944/3012] Compiling cpu_aarch64_apple.cc
[2945/3012] Compiling conf.cc
[2946/3012] Compiling tls_cbc.cc
[2947/3012] Compiling get_cipher.cc
[2948/3012] Compiling e_rc4.cc
[2948/3012] Compiling e_tls.cc
[2950/3012] Compiling cms.cc
[2951/3012] Compiling e_rc2.cc
[2952/3012] Compiling e_null.cc
[2953/3012] Compiling e_des.cc
[2954/3012] Compiling e_chacha20poly1305.cc
[2955/3012] Compiling e_aesctrhmac.cc
[2956/3012] Compiling e_aesgcmsiv.cc
[2957/3012] Compiling e_aeseax.cc
[2958/3012] Compiling derive_key.cc
[2959/3012] Compiling chacha.cc
[2960/3012] Compiling unicode.cc
[2961/3012] Compiling cbs.cc
[2962/3012] Compiling sqrt.cc
[2963/3012] Compiling cbb.cc
[2964/3012] Compiling buf.cc
[2965/3012] Compiling ber.cc
[2966/3012] Compiling asn1_compat.cc
[2967/3012] Compiling div.cc
[2968/3012] Compiling exponentiation.cc
[2969/3012] Compiling printf.cc
[2970/3012] Compiling blake2.cc
[2971/3012] Compiling pair.cc
[2972/3012] Compiling bn_asn1.cc
[2973/3012] Compiling convert.cc
[2974/3012] Compiling hexdump.cc
[2975/3012] Compiling file.cc
[2976/3012] Compiling bio_mem.cc
[2977/3012] Compiling errno.cc
[2978/3012] Compiling fd.cc
[2979/3012] Compiling base64.cc
[2980/3012] Compiling bio.cc
[2981/3012] Compiling tasn_typ.cc
[2982/3012] Compiling tasn_utl.cc
[2983/3012] Compiling tasn_fre.cc
[2984/3012] Compiling tasn_enc.cc
[2985/3012] Compiling posix_time.cc
[2986/3012] Compiling tasn_new.cc
[2987/3012] Compiling f_int.cc
[2988/3012] Compiling tasn_dec.cc
[2989/3012] Compiling f_string.cc
[2990/3012] Compiling bcm.cc
[2991/3012] Compiling asn_pack.cc
[2992/3012] Compiling asn1_par.cc
[2993/3012] Compiling asn1_lib.cc
[2994/3012] Compiling a_utctm.cc
[2995/3012] Compiling a_time.cc
[2996/3012] Compiling a_octet.cc
[2997/3012] Compiling a_strnid.cc
[2998/3012] Compiling a_type.cc
[2999/3012] Compiling a_strex.cc
[3000/3012] Compiling a_object.cc
[3001/3012] Compiling a_i2d_fp.cc
[3002/3012] Compiling a_d2i_fp.cc
[3002/3012] Write sources
[3005/3012] Compiling a_int.cc
[3006/3012] Compiling a_mbstr.cc
[3007/3030] Compiling a_dup.cc
[3008/3083] Compiling a_bool.cc
[3009/3083] Compiling a_gentm.cc
[3010/3083] Compiling aes.cc
[3012/3083] Compiling AsyncAlgorithms AsyncBufferSequence.swift
[3013/3083] Compiling AsyncAlgorithms BoundedBufferStateMachine.swift
[3014/3083] Compiling AsyncAlgorithms BoundedBufferStorage.swift
[3015/3083] Compiling AsyncAlgorithms UnboundedBufferStateMachine.swift
[3016/3085] Compiling AsyncAlgorithms AsyncRemoveDuplicatesSequence.swift
[3017/3085] Compiling AsyncAlgorithms AsyncShareSequence.swift
[3018/3085] Compiling AsyncAlgorithms AsyncSyncSequence.swift
[3019/3085] Compiling AsyncAlgorithms AsyncThrottleSequence.swift
[3020/3085] Compiling Atomics IntegerOperations.swift
[3021/3085] Compiling Atomics Unmanaged extensions.swift
[3022/3085] Compiling AsyncAlgorithms AsyncThrowingExclusiveReductionsSequence.swift
[3023/3085] Compiling AsyncAlgorithms AsyncThrowingInclusiveReductionsSequence.swift
[3024/3085] Compiling AsyncAlgorithms AsyncTimerSequence.swift
[3024/3085] Compiling a_bitstr.cc
[3034/3100] Compiling CryptoBoringWrapper CryptoKitErrors_boring.swift
[3035/3100] Compiling CryptoBoringWrapper RandomBytes.swift
[3036/3100] Compiling CryptoBoringWrapper FiniteFieldArithmeticContext.swift
[3037/3100] Compiling CryptoBoringWrapper EllipticCurvePoint.swift
[3038/3100] Emitting module CryptoBoringWrapper
[3039/3100] Compiling CryptoBoringWrapper BoringSSLAEAD.swift
[3040/3100] Compiling CryptoBoringWrapper ArbitraryPrecisionInteger.swift
[3041/3100] Compiling CryptoBoringWrapper EllipticCurve.swift
[3043/3101] Emitting module Atomics
[3044/3101] Compiling AsyncAlgorithms AsyncJoinedBySeparatorSequence.swift
[3045/3101] Compiling AsyncAlgorithms AsyncJoinedSequence.swift
[3046/3101] Compiling AsyncAlgorithms AsyncMapErrorSequence.swift
[3047/3101] Compiling AsyncAlgorithms AsyncCompactedSequence.swift
[3048/3101] Compiling AsyncAlgorithms AsyncExclusiveReductionsSequence.swift
[3049/3101] Compiling AsyncAlgorithms AsyncInclusiveReductionsSequence.swift
[3051/3201] Compiling Crypto ASN1.swift
[3052/3201] Compiling Crypto ASN1Any.swift
[3053/3201] Compiling Crypto ASN1BitString.swift
[3054/3201] Compiling Crypto ASN1Boolean.swift
[3055/3201] Compiling Crypto ASN1Identifier.swift
[3056/3201] Compiling Crypto ASN1Integer.swift
[3057/3201] Compiling Crypto HKDF.swift
[3058/3201] Compiling Crypto AESWrap.swift
[3059/3201] Compiling Crypto HashFunctions.swift
[3060/3201] Compiling Crypto HashFunctions_SHA2.swift
[3061/3201] Compiling Crypto HashFunctions_SHA3.swift
[3062/3201] Compiling Crypto Digest_xkcp.swift
[3063/3201] Compiling Crypto HPKE-AEAD.swift
[3064/3201] Compiling Crypto HPKE-Ciphersuite.swift
[3065/3201] Compiling Crypto HPKE-KDF.swift
[3066/3201] Compiling Crypto HPKE-KexKeyDerivation.swift
[3067/3201] Compiling Crypto AES-GCM.swift
[3068/3201] Compiling Crypto AES-GCM_boring.swift
[3069/3201] Compiling Crypto ChaChaPoly_boring.swift
[3070/3201] Compiling Crypto ChaChaPoly.swift
[3071/3201] Compiling Crypto Cipher.swift
[3072/3201] Compiling Crypto Nonces.swift
[3073/3265] Compiling NIOCore AddressedEnvelope.swift
[3074/3265] Compiling NIOCore AsyncAwaitSupport.swift
[3075/3266] Compiling NIOCore IO.swift
[3076/3266] Compiling NIOCore IOData.swift
[3077/3266] Compiling NIOCore NIOCoreSendableMetatype.swift
[3078/3266] Compiling NIOCore NIODecodedAsyncSequence.swift
[3079/3266] Compiling NIOCore NIOLoopBound.swift
[3080/3266] Compiling NIOCore NIOPooledRecvBufferAllocator.swift
[3081/3266] Compiling NIOCore NIOScheduledCallback.swift
[3082/3266] Compiling NIOCore AsyncChannelInboundStream.swift
[3083/3266] Compiling NIOCore AsyncChannelOutboundWriter.swift
[3084/3266] Compiling NIOCore NIOAsyncSequenceProducer.swift
[3085/3266] Compiling NIOCore NIOAsyncSequenceProducerStrategies.swift
[3086/3266] Compiling _ConnectionPoolModule TinyFastSequence.swift
[3087/3266] Compiling NIOCore ByteBuffer-binaryEncodedLengthPrefix.swift
/host/spi-builder-workspace/.build/checkouts/postgres-nio/Sources/ConnectionPoolModule/PoolStateMachine.swift:888:48: error: cannot find 'pow' in scope
886 |
887 | let start = Double(100_000_000)
888 | let backoffNanosecondsDouble = start * pow(1.25, Double(attempts - 1))
| `- error: cannot find 'pow' in scope
889 |
890 | // Cap to 60s _before_ we convert to Int64, to avoid trapping in the Int64 initializer.
/host/spi-builder-workspace/.build/checkouts/postgres-nio/Sources/ConnectionPoolModule/PoolStateMachine.swift:898:74: error: referencing instance method 'randomElement()' on 'ClosedRange' requires that 'Float16' conform to 'SignedInteger'
896 | let jitterRange = (backoffNanoseconds / 100) * 3
897 | // Pick a random element from the range +/- jitter range.
898 | let jitter: Duration = .nanoseconds((-jitterRange...jitterRange).randomElement()!)
| `- error: referencing instance method 'randomElement()' on 'ClosedRange' requires that 'Float16' conform to 'SignedInteger'
899 | let jitteredBackoff = backoff + jitter
900 | return jitteredBackoff
Swift.ClosedRange:1:11: note: requirement from conditional conformance of 'ClosedRange<Float16>' to 'Collection'
1 | extension ClosedRange : Collection, BidirectionalCollection, RandomAccessCollection where Bound : Strideable, Bound.Stride : SignedInteger {
| `- note: requirement from conditional conformance of 'ClosedRange<Float16>' to 'Collection'
2 | public typealias SubSequence = Slice<ClosedRange<Bound>>
3 | @inlinable public var startIndex: ClosedRange<Bound>.Index { get }
[3088/3266] Compiling NIOCore ByteBuffer-conversions.swift
/host/spi-builder-workspace/.build/checkouts/postgres-nio/Sources/ConnectionPoolModule/PoolStateMachine.swift:888:48: error: cannot find 'pow' in scope
886 |
887 | let start = Double(100_000_000)
888 | let backoffNanosecondsDouble = start * pow(1.25, Double(attempts - 1))
| `- error: cannot find 'pow' in scope
889 |
890 | // Cap to 60s _before_ we convert to Int64, to avoid trapping in the Int64 initializer.
/host/spi-builder-workspace/.build/checkouts/postgres-nio/Sources/ConnectionPoolModule/PoolStateMachine.swift:898:74: error: referencing instance method 'randomElement()' on 'ClosedRange' requires that 'Float16' conform to 'SignedInteger'
896 | let jitterRange = (backoffNanoseconds / 100) * 3
897 | // Pick a random element from the range +/- jitter range.
898 | let jitter: Duration = .nanoseconds((-jitterRange...jitterRange).randomElement()!)
| `- error: referencing instance method 'randomElement()' on 'ClosedRange' requires that 'Float16' conform to 'SignedInteger'
899 | let jitteredBackoff = backoff + jitter
900 | return jitteredBackoff
Swift.ClosedRange:1:11: note: requirement from conditional conformance of 'ClosedRange<Float16>' to 'Collection'
1 | extension ClosedRange : Collection, BidirectionalCollection, RandomAccessCollection where Bound : Strideable, Bound.Stride : SignedInteger {
| `- note: requirement from conditional conformance of 'ClosedRange<Float16>' to 'Collection'
2 | public typealias SubSequence = Slice<ClosedRange<Bound>>
3 | @inlinable public var startIndex: ClosedRange<Bound>.Index { get }
[3089/3266] Compiling NIOCore AsyncChannel.swift
[3090/3266] Compiling NIOCore AsyncChannelHandler.swift
[3096/3266] Compiling NIOCore NIOSendable.swift
[3097/3266] Compiling NIOCore NIOSplitLinesMessageDecoder.swift
[3098/3266] Compiling NIOCore NIOTransportAccessibleChannelCore.swift
[3099/3266] Compiling NIOCore RecvByteBufferAllocator.swift
[3100/3274] Compiling NIOCore IPProtocol.swift
[3101/3274] Compiling NIOCore IntegerBitPacking.swift
[3102/3274] Compiling NIOCore IntegerTypes.swift
[3103/3274] Compiling NIOCore Interfaces.swift
[3104/3274] Compiling NIOCore Linux.swift
[3105/3274] Compiling NIOCore MarkedCircularBuffer.swift
[3106/3274] Compiling NIOCore MulticastChannel.swift
[3107/3274] Compiling NIOCore NIOAny.swift
[3108/3274] Compiling NIOCore NIOCloseOnErrorHandler.swift
[3109/3274] Compiling NIOCore EventLoopFuture+Deprecated.swift
[3110/3274] Compiling NIOCore EventLoopFuture+WithEventLoop.swift
[3111/3274] Compiling NIOCore EventLoopFuture.swift
[3120/3285] Compiling NIOCore NIOAsyncWriter.swift
[3121/3285] Compiling NIOCore NIOThrowingAsyncSequenceProducer.swift
[3122/3285] Compiling NIOCore BSDSocketAPI.swift
[3123/3285] Compiling NIOCore ByteBuffer-aux.swift
[3135/3285] Compiling NIOCore ByteBuffer-core.swift
[3136/3285] Compiling NIOCore ByteBuffer-hex.swift
[3137/3285] Compiling NIOCore ByteBuffer-int.swift
[3138/3285] Compiling NIOCore ByteBuffer-lengthPrefix.swift
[3139/3285] Compiling NIOCore ByteBuffer-multi-int.swift
[3140/3285] Compiling NIOCore ByteBuffer-quicBinaryEncodingStrategy.swift
[3141/3285] Compiling NIOCore ByteBuffer-views.swift
[3142/3285] Compiling NIOCore Channel.swift
[3143/3285] Compiling NIOCore ChannelHandler.swift
[3144/3285] Compiling NIOCore ChannelHandlers.swift
[3145/3285] Emitting module AsyncAlgorithms
[3157/3285] Compiling NIOCore FileDescriptor.swift
[3158/3285] Compiling NIOCore FileHandle.swift
[3159/3285] Compiling NIOCore FileRegion.swift
[3160/3285] Compiling NIOCore GlobalSingletons.swift
[3163/3285] Emitting module Crypto
[3183/3286] Emitting module _ConnectionPoolModule
[3196/3286] Compiling NIOCore ChannelInvoker.swift
[3197/3286] Compiling NIOCore ChannelOption.swift
[3198/3286] Compiling NIOCore ChannelPipeline.swift
[3199/3286] Compiling NIOCore CircularBuffer.swift
[3200/3286] Compiling NIOCore Codec.swift
[3201/3286] Compiling NIOCore ConvenienceOptionSupport.swift
[3202/3286] Compiling NIOCore DeadChannel.swift
[3203/3286] Compiling NIOCore DispatchQueue+WithFuture.swift
[3204/3286] Compiling NIOCore EventLoop+Deprecated.swift
[3205/3286] Compiling NIOCore EventLoop+SerialExecutor.swift
[3206/3286] Compiling NIOCore EventLoop.swift
[3207/3286] Compiling NIOCore EventLoopFuture+AssumeIsolated.swift
BUILD FAILURE 6.2 android