The Swift Package Index logo.Swift Package Index

Build Information

Failed to build MutantKit, reference v1.3.2 (1e3452), with Swift 6.4 for tvOS using Xcode 27.0 on 27 Oct 2026 16:38:47 UTC.

Build Command

env DEVELOPER_DIR=/Applications/Xcode-27.0.0.app xcrun xcodebuild -IDEClonedSourcePackagesDirPathOverride=$PWD/.dependencies -skipMacroValidation -skipPackagePluginValidation -derivedDataPath $PWD/.derivedData build -scheme MutantKit-Package -destination generic/platform=tvOS

Build Log

2026-10-27 12:38:33.135 appintentsmetadataprocessor[988:5824] Starting appintentsmetadataprocessor export
2026-10-27 12:38:33.200 appintentsmetadataprocessor[988:5824] Extracted no relevant App Intents symbols, skipping writing output
SwiftExplicitDependencyGeneratePcm arm64 /Users/admin/builder/spi-builder-workspace/.derivedData/SDKExplicitPrecompiledModules/ObjectiveC-5D71DK7PWJ27IUP8DIMIW151Z.pcm
SwiftExplicitDependencyGeneratePcm arm64 /Users/admin/builder/spi-builder-workspace/.derivedData/SDKExplicitPrecompiledModules/os_object-SWMWZKZN7M97CD4ECYCY787G.pcm
SwiftExplicitDependencyGeneratePcm arm64 /Users/admin/builder/spi-builder-workspace/.derivedData/SDKExplicitPrecompiledModules/MachO-DZRNEA5LPRI3E64FG2LLCHTWM.pcm
SwiftExplicitDependencyGeneratePcm arm64 /Users/admin/builder/spi-builder-workspace/.derivedData/SDKExplicitPrecompiledModules/_Builtin_stdatomic-D753B4U1656PGN6LOYBLAE0IK.pcm
SwiftExplicitDependencyGeneratePcm arm64 /Users/admin/builder/spi-builder-workspace/.derivedData/Build/Intermediates.noindex/SwiftExplicitPrecompiledModules/_SwiftSyntaxCShims-MIQM0OTJBDAADNN7QPTC1IWM.pcm
SwiftExplicitDependencyGeneratePcm arm64 /Users/admin/builder/spi-builder-workspace/.derivedData/SDKExplicitPrecompiledModules/os_object-C98U4BR5TV7J4CF3J9RD29471.pcm
SwiftExplicitDependencyGeneratePcm arm64 /Users/admin/builder/spi-builder-workspace/.derivedData/SDKExplicitPrecompiledModules/os_workgroup-BK4Q0KGACBHW1VB5C0DPPQB6O.pcm
SwiftEmitModule normal arm64 Emitting\ module\ for\ SwiftSyntax (in target 'SwiftSyntax' from project 'swift-syntax')
SwiftCompile normal arm64 (in target 'SwiftSyntax' from project 'swift-syntax')
    cd /Users/admin/builder/spi-builder-workspace/.swiftpm/xcode

SwiftCompile normal arm64 Compiling\ EditorPlaceholder.swift,\ Identifier.swift,\ MemoryLayout.swift,\ MissingNodeInitializers.swift,\ RawSyntax.swift,\ RawSyntaxArena.swift,\ RawSyntaxLayoutView.swift /Users/admin/builder/spi-builder-workspace/.dependencies/checkouts/swift-syntax/Sources/SwiftSyntax/EditorPlaceholder.swift /Users/admin/builder/spi-builder-workspace/.dependencies/checkouts/swift-syntax/Sources/SwiftSyntax/Identifier.swift /Users/admin/builder/spi-builder-workspace/.dependencies/checkouts/swift-syntax/Sources/SwiftSyntax/MemoryLayout.swift /Users/admin/builder/spi-builder-workspace/.dependencies/checkouts/swift-syntax/Sources/SwiftSyntax/MissingNodeInitializers.swift /Users/admin/builder/spi-builder-workspace/.dependencies/checkouts/swift-syntax/Sources/SwiftSyntax/Raw/RawSyntax.swift /Users/admin/builder/spi-builder-workspace/.dependencies/checkouts/swift-syntax/Sources/SwiftSyntax/Raw/RawSyntaxArena.swift /Users/admin/builder/spi-builder-workspace/.dependencies/checkouts/swift-syntax/Sources/SwiftSyntax/Raw/RawSyntaxLayoutView.swift (in target 'SwiftSyntax' from project 'swift-syntax')
SwiftCompile normal arm64 /Users/admin/builder/spi-builder-workspace/.dependencies/checkouts/swift-syntax/Sources/SwiftSyntax/EditorPlaceholder.swift (in target 'SwiftSyntax' from project 'swift-syntax')
    cd /Users/admin/builder/spi-builder-workspace/.swiftpm/xcode
    builtin-SwiftPerFileCompile EditorPlaceholder.swift
SwiftCompile normal arm64 /Users/admin/builder/spi-builder-workspace/.dependencies/checkouts/swift-syntax/Sources/SwiftSyntax/Identifier.swift (in target 'SwiftSyntax' from project 'swift-syntax')
    cd /Users/admin/builder/spi-builder-workspace/.swiftpm/xcode
    builtin-SwiftPerFileCompile Identifier.swift
SwiftCompile normal arm64 /Users/admin/builder/spi-builder-workspace/.dependencies/checkouts/swift-syntax/Sources/SwiftSyntax/MemoryLayout.swift (in target 'SwiftSyntax' from project 'swift-syntax')
    cd /Users/admin/builder/spi-builder-workspace/.swiftpm/xcode
    builtin-SwiftPerFileCompile MemoryLayout.swift
SwiftCompile normal arm64 /Users/admin/builder/spi-builder-workspace/.dependencies/checkouts/swift-syntax/Sources/SwiftSyntax/MissingNodeInitializers.swift (in target 'SwiftSyntax' from project 'swift-syntax')
    cd /Users/admin/builder/spi-builder-workspace/.swiftpm/xcode
    builtin-SwiftPerFileCompile MissingNodeInitializers.swift
SwiftCompile normal arm64 /Users/admin/builder/spi-builder-workspace/.dependencies/checkouts/swift-syntax/Sources/SwiftSyntax/Raw/RawSyntax.swift (in target 'SwiftSyntax' from project 'swift-syntax')
    cd /Users/admin/builder/spi-builder-workspace/.swiftpm/xcode
    builtin-SwiftPerFileCompile RawSyntax.swift
SwiftCompile normal arm64 /Users/admin/builder/spi-builder-workspace/.dependencies/checkouts/swift-syntax/Sources/SwiftSyntax/Raw/RawSyntaxArena.swift (in target 'SwiftSyntax' from project 'swift-syntax')
    cd /Users/admin/builder/spi-builder-workspace/.swiftpm/xcode
    builtin-SwiftPerFileCompile RawSyntaxArena.swift
SwiftCompile normal arm64 /Users/admin/builder/spi-builder-workspace/.dependencies/checkouts/swift-syntax/Sources/SwiftSyntax/Raw/RawSyntaxLayoutView.swift (in target 'SwiftSyntax' from project 'swift-syntax')
    cd /Users/admin/builder/spi-builder-workspace/.swiftpm/xcode
    builtin-SwiftPerFileCompile RawSyntaxLayoutView.swift
SwiftCompile normal arm64 Compiling\ SyntaxText.swift,\ SyntaxTreeViewMode.swift,\ TokenDiagnostic.swift,\ TokenSequence.swift,\ TokenSyntax.swift,\ Trivia+commentValue.swift,\ Trivia.swift /Users/admin/builder/spi-builder-workspace/.dependencies/checkouts/swift-syntax/Sources/SwiftSyntax/SyntaxText.swift /Users/admin/builder/spi-builder-workspace/.dependencies/checkouts/swift-syntax/Sources/SwiftSyntax/SyntaxTreeViewMode.swift /Users/admin/builder/spi-builder-workspace/.dependencies/checkouts/swift-syntax/Sources/SwiftSyntax/TokenDiagnostic.swift /Users/admin/builder/spi-builder-workspace/.dependencies/checkouts/swift-syntax/Sources/SwiftSyntax/TokenSequence.swift /Users/admin/builder/spi-builder-workspace/.dependencies/checkouts/swift-syntax/Sources/SwiftSyntax/TokenSyntax.swift /Users/admin/builder/spi-builder-workspace/.dependencies/checkouts/swift-syntax/Sources/SwiftSyntax/Trivia+commentValue.swift /Users/admin/builder/spi-builder-workspace/.dependencies/checkouts/swift-syntax/Sources/SwiftSyntax/Trivia.swift (in target 'SwiftSyntax' from project 'swift-syntax')
SwiftCompile normal arm64 /Users/admin/builder/spi-builder-workspace/.dependencies/checkouts/swift-syntax/Sources/SwiftSyntax/SyntaxText.swift (in target 'SwiftSyntax' from project 'swift-syntax')
    cd /Users/admin/builder/spi-builder-workspace/.swiftpm/xcode
    builtin-SwiftPerFileCompile SyntaxText.swift
SwiftCompile normal arm64 /Users/admin/builder/spi-builder-workspace/.dependencies/checkouts/swift-syntax/Sources/SwiftSyntax/SyntaxTreeViewMode.swift (in target 'SwiftSyntax' from project 'swift-syntax')
    cd /Users/admin/builder/spi-builder-workspace/.swiftpm/xcode
    builtin-SwiftPerFileCompile SyntaxTreeViewMode.swift
SwiftCompile normal arm64 /Users/admin/builder/spi-builder-workspace/.dependencies/checkouts/swift-syntax/Sources/SwiftSyntax/TokenDiagnostic.swift (in target 'SwiftSyntax' from project 'swift-syntax')
    cd /Users/admin/builder/spi-builder-workspace/.swiftpm/xcode
    builtin-SwiftPerFileCompile TokenDiagnostic.swift
SwiftCompile normal arm64 /Users/admin/builder/spi-builder-workspace/.dependencies/checkouts/swift-syntax/Sources/SwiftSyntax/TokenSequence.swift (in target 'SwiftSyntax' from project 'swift-syntax')
    cd /Users/admin/builder/spi-builder-workspace/.swiftpm/xcode
    builtin-SwiftPerFileCompile TokenSequence.swift
SwiftCompile normal arm64 /Users/admin/builder/spi-builder-workspace/.dependencies/checkouts/swift-syntax/Sources/SwiftSyntax/TokenSyntax.swift (in target 'SwiftSyntax' from project 'swift-syntax')
    cd /Users/admin/builder/spi-builder-workspace/.swiftpm/xcode
    builtin-SwiftPerFileCompile TokenSyntax.swift
SwiftCompile normal arm64 /Users/admin/builder/spi-builder-workspace/.dependencies/checkouts/swift-syntax/Sources/SwiftSyntax/Trivia+commentValue.swift (in target 'SwiftSyntax' from project 'swift-syntax')
    cd /Users/admin/builder/spi-builder-workspace/.swiftpm/xcode
    builtin-SwiftPerFileCompile Trivia+commentValue.swift
SwiftCompile normal arm64 /Users/admin/builder/spi-builder-workspace/.dependencies/checkouts/swift-syntax/Sources/SwiftSyntax/Trivia.swift (in target 'SwiftSyntax' from project 'swift-syntax')
    cd /Users/admin/builder/spi-builder-workspace/.swiftpm/xcode
    builtin-SwiftPerFileCompile Trivia.swift
SwiftCompile normal arm64 Compiling\ SyntaxCollections.swift,\ SyntaxEnum.swift,\ SyntaxKind.swift,\ SyntaxRewriter.swift,\ SyntaxTraits.swift,\ SyntaxVisitor.swift,\ TokenKind.swift /Users/admin/builder/spi-builder-workspace/.dependencies/checkouts/swift-syntax/Sources/SwiftSyntax/generated/SyntaxCollections.swift /Users/admin/builder/spi-builder-workspace/.dependencies/checkouts/swift-syntax/Sources/SwiftSyntax/generated/SyntaxEnum.swift /Users/admin/builder/spi-builder-workspace/.dependencies/checkouts/swift-syntax/Sources/SwiftSyntax/generated/SyntaxKind.swift /Users/admin/builder/spi-builder-workspace/.dependencies/checkouts/swift-syntax/Sources/SwiftSyntax/generated/SyntaxRewriter.swift /Users/admin/builder/spi-builder-workspace/.dependencies/checkouts/swift-syntax/Sources/SwiftSyntax/generated/SyntaxTraits.swift /Users/admin/builder/spi-builder-workspace/.dependencies/checkouts/swift-syntax/Sources/SwiftSyntax/generated/SyntaxVisitor.swift /Users/admin/builder/spi-builder-workspace/.dependencies/checkouts/swift-syntax/Sources/SwiftSyntax/generated/TokenKind.swift (in target 'SwiftSyntax' from project 'swift-syntax')
SwiftCompile normal arm64 /Users/admin/builder/spi-builder-workspace/.dependencies/checkouts/swift-syntax/Sources/SwiftSyntax/generated/SyntaxCollections.swift (in target 'SwiftSyntax' from project 'swift-syntax')
    cd /Users/admin/builder/spi-builder-workspace/.swiftpm/xcode
    builtin-SwiftPerFileCompile SyntaxCollections.swift
SwiftCompile normal arm64 /Users/admin/builder/spi-builder-workspace/.dependencies/checkouts/swift-syntax/Sources/SwiftSyntax/generated/SyntaxEnum.swift (in target 'SwiftSyntax' from project 'swift-syntax')
    cd /Users/admin/builder/spi-builder-workspace/.swiftpm/xcode
    builtin-SwiftPerFileCompile SyntaxEnum.swift
SwiftCompile normal arm64 /Users/admin/builder/spi-builder-workspace/.dependencies/checkouts/swift-syntax/Sources/SwiftSyntax/generated/SyntaxKind.swift (in target 'SwiftSyntax' from project 'swift-syntax')
    cd /Users/admin/builder/spi-builder-workspace/.swiftpm/xcode
    builtin-SwiftPerFileCompile SyntaxKind.swift
SwiftCompile normal arm64 /Users/admin/builder/spi-builder-workspace/.dependencies/checkouts/swift-syntax/Sources/SwiftSyntax/generated/SyntaxRewriter.swift (in target 'SwiftSyntax' from project 'swift-syntax')
    cd /Users/admin/builder/spi-builder-workspace/.swiftpm/xcode
    builtin-SwiftPerFileCompile SyntaxRewriter.swift
SwiftCompile normal arm64 /Users/admin/builder/spi-builder-workspace/.dependencies/checkouts/swift-syntax/Sources/SwiftSyntax/generated/SyntaxTraits.swift (in target 'SwiftSyntax' from project 'swift-syntax')
    cd /Users/admin/builder/spi-builder-workspace/.swiftpm/xcode
    builtin-SwiftPerFileCompile SyntaxTraits.swift
SwiftCompile normal arm64 /Users/admin/builder/spi-builder-workspace/.dependencies/checkouts/swift-syntax/Sources/SwiftSyntax/generated/SyntaxVisitor.swift (in target 'SwiftSyntax' from project 'swift-syntax')
    cd /Users/admin/builder/spi-builder-workspace/.swiftpm/xcode
    builtin-SwiftPerFileCompile SyntaxVisitor.swift
SwiftCompile normal arm64 /Users/admin/builder/spi-builder-workspace/.dependencies/checkouts/swift-syntax/Sources/SwiftSyntax/generated/TokenKind.swift (in target 'SwiftSyntax' from project 'swift-syntax')
    cd /Users/admin/builder/spi-builder-workspace/.swiftpm/xcode
    builtin-SwiftPerFileCompile TokenKind.swift
SwiftCompile normal arm64 Compiling\ Syntax.swift,\ SyntaxChildren.swift,\ SyntaxCollection.swift,\ SyntaxHashable.swift,\ SyntaxIdentifier.swift,\ SyntaxNodeStructure.swift,\ SyntaxProtocol.swift /Users/admin/builder/spi-builder-workspace/.dependencies/checkouts/swift-syntax/Sources/SwiftSyntax/Syntax.swift /Users/admin/builder/spi-builder-workspace/.dependencies/checkouts/swift-syntax/Sources/SwiftSyntax/SyntaxChildren.swift /Users/admin/builder/spi-builder-workspace/.dependencies/checkouts/swift-syntax/Sources/SwiftSyntax/SyntaxCollection.swift /Users/admin/builder/spi-builder-workspace/.dependencies/checkouts/swift-syntax/Sources/SwiftSyntax/SyntaxHashable.swift /Users/admin/builder/spi-builder-workspace/.dependencies/checkouts/swift-syntax/Sources/SwiftSyntax/SyntaxIdentifier.swift /Users/admin/builder/spi-builder-workspace/.dependencies/checkouts/swift-syntax/Sources/SwiftSyntax/SyntaxNodeStructure.swift /Users/admin/builder/spi-builder-workspace/.dependencies/checkouts/swift-syntax/Sources/SwiftSyntax/SyntaxProtocol.swift (in target 'SwiftSyntax' from project 'swift-syntax')
SwiftCompile normal arm64 /Users/admin/builder/spi-builder-workspace/.dependencies/checkouts/swift-syntax/Sources/SwiftSyntax/Syntax.swift (in target 'SwiftSyntax' from project 'swift-syntax')
    cd /Users/admin/builder/spi-builder-workspace/.swiftpm/xcode
    builtin-SwiftPerFileCompile Syntax.swift
SwiftCompile normal arm64 /Users/admin/builder/spi-builder-workspace/.dependencies/checkouts/swift-syntax/Sources/SwiftSyntax/SyntaxChildren.swift (in target 'SwiftSyntax' from project 'swift-syntax')
    cd /Users/admin/builder/spi-builder-workspace/.swiftpm/xcode
    builtin-SwiftPerFileCompile SyntaxChildren.swift
SwiftCompile normal arm64 /Users/admin/builder/spi-builder-workspace/.dependencies/checkouts/swift-syntax/Sources/SwiftSyntax/SyntaxCollection.swift (in target 'SwiftSyntax' from project 'swift-syntax')
    cd /Users/admin/builder/spi-builder-workspace/.swiftpm/xcode
    builtin-SwiftPerFileCompile SyntaxCollection.swift
SwiftCompile normal arm64 /Users/admin/builder/spi-builder-workspace/.dependencies/checkouts/swift-syntax/Sources/SwiftSyntax/SyntaxHashable.swift (in target 'SwiftSyntax' from project 'swift-syntax')
    cd /Users/admin/builder/spi-builder-workspace/.swiftpm/xcode
    builtin-SwiftPerFileCompile SyntaxHashable.swift
SwiftCompile normal arm64 /Users/admin/builder/spi-builder-workspace/.dependencies/checkouts/swift-syntax/Sources/SwiftSyntax/SyntaxIdentifier.swift (in target 'SwiftSyntax' from project 'swift-syntax')
    cd /Users/admin/builder/spi-builder-workspace/.swiftpm/xcode
    builtin-SwiftPerFileCompile SyntaxIdentifier.swift
SwiftCompile normal arm64 /Users/admin/builder/spi-builder-workspace/.dependencies/checkouts/swift-syntax/Sources/SwiftSyntax/SyntaxNodeStructure.swift (in target 'SwiftSyntax' from project 'swift-syntax')
    cd /Users/admin/builder/spi-builder-workspace/.swiftpm/xcode
    builtin-SwiftPerFileCompile SyntaxNodeStructure.swift
SwiftCompile normal arm64 /Users/admin/builder/spi-builder-workspace/.dependencies/checkouts/swift-syntax/Sources/SwiftSyntax/SyntaxProtocol.swift (in target 'SwiftSyntax' from project 'swift-syntax')
    cd /Users/admin/builder/spi-builder-workspace/.swiftpm/xcode
    builtin-SwiftPerFileCompile SyntaxProtocol.swift
SwiftCompile normal arm64 Compiling\ Utils.swift,\ ChildNameForKeyPath.swift,\ Keyword.swift,\ RenamedChildrenCompatibility.swift,\ RenamedNodesCompatibility.swift,\ SyntaxAnyVisitor.swift,\ SyntaxBaseNodes.swift /Users/admin/builder/spi-builder-workspace/.dependencies/checkouts/swift-syntax/Sources/SwiftSyntax/Utils.swift /Users/admin/builder/spi-builder-workspace/.dependencies/checkouts/swift-syntax/Sources/SwiftSyntax/generated/ChildNameForKeyPath.swift /Users/admin/builder/spi-builder-workspace/.dependencies/checkouts/swift-syntax/Sources/SwiftSyntax/generated/Keyword.swift /Users/admin/builder/spi-builder-workspace/.dependencies/checkouts/swift-syntax/Sources/SwiftSyntax/generated/RenamedChildrenCompatibility.swift /Users/admin/builder/spi-builder-workspace/.dependencies/checkouts/swift-syntax/Sources/SwiftSyntax/generated/RenamedNodesCompatibility.swift /Users/admin/builder/spi-builder-workspace/.dependencies/checkouts/swift-syntax/Sources/SwiftSyntax/generated/SyntaxAnyVisitor.swift /Users/admin/builder/spi-builder-workspace/.dependencies/checkouts/swift-syntax/Sources/SwiftSyntax/generated/SyntaxBaseNodes.swift (in target 'SwiftSyntax' from project 'swift-syntax')
SwiftCompile normal arm64 /Users/admin/builder/spi-builder-workspace/.dependencies/checkouts/swift-syntax/Sources/SwiftSyntax/Utils.swift (in target 'SwiftSyntax' from project 'swift-syntax')
    cd /Users/admin/builder/spi-builder-workspace/.swiftpm/xcode
    builtin-SwiftPerFileCompile Utils.swift
SwiftCompile normal arm64 /Users/admin/builder/spi-builder-workspace/.dependencies/checkouts/swift-syntax/Sources/SwiftSyntax/generated/ChildNameForKeyPath.swift (in target 'SwiftSyntax' from project 'swift-syntax')
    cd /Users/admin/builder/spi-builder-workspace/.swiftpm/xcode
    builtin-SwiftPerFileCompile ChildNameForKeyPath.swift
SwiftCompile normal arm64 /Users/admin/builder/spi-builder-workspace/.dependencies/checkouts/swift-syntax/Sources/SwiftSyntax/generated/Keyword.swift (in target 'SwiftSyntax' from project 'swift-syntax')
    cd /Users/admin/builder/spi-builder-workspace/.swiftpm/xcode
    builtin-SwiftPerFileCompile Keyword.swift
SwiftCompile normal arm64 /Users/admin/builder/spi-builder-workspace/.dependencies/checkouts/swift-syntax/Sources/SwiftSyntax/generated/RenamedChildrenCompatibility.swift (in target 'SwiftSyntax' from project 'swift-syntax')
    cd /Users/admin/builder/spi-builder-workspace/.swiftpm/xcode
    builtin-SwiftPerFileCompile RenamedChildrenCompatibility.swift
SwiftCompile normal arm64 /Users/admin/builder/spi-builder-workspace/.dependencies/checkouts/swift-syntax/Sources/SwiftSyntax/generated/RenamedNodesCompatibility.swift (in target 'SwiftSyntax' from project 'swift-syntax')
    cd /Users/admin/builder/spi-builder-workspace/.swiftpm/xcode
    builtin-SwiftPerFileCompile RenamedNodesCompatibility.swift
SwiftCompile normal arm64 /Users/admin/builder/spi-builder-workspace/.dependencies/checkouts/swift-syntax/Sources/SwiftSyntax/generated/SyntaxAnyVisitor.swift (in target 'SwiftSyntax' from project 'swift-syntax')
    cd /Users/admin/builder/spi-builder-workspace/.swiftpm/xcode
    builtin-SwiftPerFileCompile SyntaxAnyVisitor.swift
SwiftCompile normal arm64 /Users/admin/builder/spi-builder-workspace/.dependencies/checkouts/swift-syntax/Sources/SwiftSyntax/generated/SyntaxBaseNodes.swift (in target 'SwiftSyntax' from project 'swift-syntax')
    cd /Users/admin/builder/spi-builder-workspace/.swiftpm/xcode
    builtin-SwiftPerFileCompile SyntaxBaseNodes.swift
SwiftCompile normal arm64 Compiling\ RawSyntaxNodesJKLMN.swift,\ RawSyntaxNodesOP.swift,\ RawSyntaxNodesQRS.swift,\ RawSyntaxNodesTUVWXYZ.swift,\ RawSyntaxValidation.swift,\ SyntaxNodesAB.swift,\ SyntaxNodesC.swift /Users/admin/builder/spi-builder-workspace/.dependencies/checkouts/swift-syntax/Sources/SwiftSyntax/generated/raw/RawSyntaxNodesJKLMN.swift /Users/admin/builder/spi-builder-workspace/.dependencies/checkouts/swift-syntax/Sources/SwiftSyntax/generated/raw/RawSyntaxNodesOP.swift /Users/admin/builder/spi-builder-workspace/.dependencies/checkouts/swift-syntax/Sources/SwiftSyntax/generated/raw/RawSyntaxNodesQRS.swift /Users/admin/builder/spi-builder-workspace/.dependencies/checkouts/swift-syntax/Sources/SwiftSyntax/generated/raw/RawSyntaxNodesTUVWXYZ.swift /Users/admin/builder/spi-builder-workspace/.dependencies/checkouts/swift-syntax/Sources/SwiftSyntax/generated/raw/RawSyntaxValidation.swift /Users/admin/builder/spi-builder-workspace/.dependencies/checkouts/swift-syntax/Sources/SwiftSyntax/generated/syntaxNodes/SyntaxNodesAB.swift /Users/admin/builder/spi-builder-workspace/.dependencies/checkouts/swift-syntax/Sources/SwiftSyntax/generated/syntaxNodes/SyntaxNodesC.swift (in target 'SwiftSyntax' from project 'swift-syntax')
SwiftCompile normal arm64 /Users/admin/builder/spi-builder-workspace/.dependencies/checkouts/swift-syntax/Sources/SwiftSyntax/generated/raw/RawSyntaxNodesJKLMN.swift (in target 'SwiftSyntax' from project 'swift-syntax')
    cd /Users/admin/builder/spi-builder-workspace/.swiftpm/xcode
    builtin-SwiftPerFileCompile RawSyntaxNodesJKLMN.swift
SwiftCompile normal arm64 /Users/admin/builder/spi-builder-workspace/.dependencies/checkouts/swift-syntax/Sources/SwiftSyntax/generated/raw/RawSyntaxNodesOP.swift (in target 'SwiftSyntax' from project 'swift-syntax')
    cd /Users/admin/builder/spi-builder-workspace/.swiftpm/xcode
    builtin-SwiftPerFileCompile RawSyntaxNodesOP.swift
SwiftCompile normal arm64 /Users/admin/builder/spi-builder-workspace/.dependencies/checkouts/swift-syntax/Sources/SwiftSyntax/generated/raw/RawSyntaxNodesQRS.swift (in target 'SwiftSyntax' from project 'swift-syntax')
    cd /Users/admin/builder/spi-builder-workspace/.swiftpm/xcode
    builtin-SwiftPerFileCompile RawSyntaxNodesQRS.swift
SwiftCompile normal arm64 /Users/admin/builder/spi-builder-workspace/.dependencies/checkouts/swift-syntax/Sources/SwiftSyntax/generated/raw/RawSyntaxNodesTUVWXYZ.swift (in target 'SwiftSyntax' from project 'swift-syntax')
    cd /Users/admin/builder/spi-builder-workspace/.swiftpm/xcode
    builtin-SwiftPerFileCompile RawSyntaxNodesTUVWXYZ.swift
SwiftCompile normal arm64 /Users/admin/builder/spi-builder-workspace/.dependencies/checkouts/swift-syntax/Sources/SwiftSyntax/generated/raw/RawSyntaxValidation.swift (in target 'SwiftSyntax' from project 'swift-syntax')
    cd /Users/admin/builder/spi-builder-workspace/.swiftpm/xcode
    builtin-SwiftPerFileCompile RawSyntaxValidation.swift
SwiftCompile normal arm64 /Users/admin/builder/spi-builder-workspace/.dependencies/checkouts/swift-syntax/Sources/SwiftSyntax/generated/syntaxNodes/SyntaxNodesAB.swift (in target 'SwiftSyntax' from project 'swift-syntax')
    cd /Users/admin/builder/spi-builder-workspace/.swiftpm/xcode
    builtin-SwiftPerFileCompile SyntaxNodesAB.swift
SwiftCompile normal arm64 /Users/admin/builder/spi-builder-workspace/.dependencies/checkouts/swift-syntax/Sources/SwiftSyntax/generated/syntaxNodes/SyntaxNodesC.swift (in target 'SwiftSyntax' from project 'swift-syntax')
    cd /Users/admin/builder/spi-builder-workspace/.swiftpm/xcode
    builtin-SwiftPerFileCompile SyntaxNodesC.swift
SwiftCompile normal arm64 Compiling\ AbsolutePosition.swift,\ AbsoluteSyntaxInfo.swift,\ ArenaAllocatedBuffer.swift,\ Assert.swift,\ BumpPtrAllocator.swift,\ CommonAncestor.swift,\ Convenience.swift,\ CustomTraits.swift /Users/admin/builder/spi-builder-workspace/.dependencies/checkouts/swift-syntax/Sources/SwiftSyntax/AbsolutePosition.swift /Users/admin/builder/spi-builder-workspace/.dependencies/checkouts/swift-syntax/Sources/SwiftSyntax/AbsoluteSyntaxInfo.swift /Users/admin/builder/spi-builder-workspace/.dependencies/checkouts/swift-syntax/Sources/SwiftSyntax/ArenaAllocatedBuffer.swift /Users/admin/builder/spi-builder-workspace/.dependencies/checkouts/swift-syntax/Sources/SwiftSyntax/Assert.swift /Users/admin/builder/spi-builder-workspace/.dependencies/checkouts/swift-syntax/Sources/SwiftSyntax/BumpPtrAllocator.swift /Users/admin/builder/spi-builder-workspace/.dependencies/checkouts/swift-syntax/Sources/SwiftSyntax/CommonAncestor.swift /Users/admin/builder/spi-builder-workspace/.dependencies/checkouts/swift-syntax/Sources/SwiftSyntax/Convenience.swift /Users/admin/builder/spi-builder-workspace/.dependencies/checkouts/swift-syntax/Sources/SwiftSyntax/CustomTraits.swift (in target 'SwiftSyntax' from project 'swift-syntax')
SwiftCompile normal arm64 /Users/admin/builder/spi-builder-workspace/.dependencies/checkouts/swift-syntax/Sources/SwiftSyntax/AbsolutePosition.swift (in target 'SwiftSyntax' from project 'swift-syntax')
    cd /Users/admin/builder/spi-builder-workspace/.swiftpm/xcode
    builtin-SwiftPerFileCompile AbsolutePosition.swift
SwiftCompile normal arm64 /Users/admin/builder/spi-builder-workspace/.dependencies/checkouts/swift-syntax/Sources/SwiftSyntax/AbsoluteSyntaxInfo.swift (in target 'SwiftSyntax' from project 'swift-syntax')
    cd /Users/admin/builder/spi-builder-workspace/.swiftpm/xcode
    builtin-SwiftPerFileCompile AbsoluteSyntaxInfo.swift
SwiftCompile normal arm64 /Users/admin/builder/spi-builder-workspace/.dependencies/checkouts/swift-syntax/Sources/SwiftSyntax/ArenaAllocatedBuffer.swift (in target 'SwiftSyntax' from project 'swift-syntax')
    cd /Users/admin/builder/spi-builder-workspace/.swiftpm/xcode
    builtin-SwiftPerFileCompile ArenaAllocatedBuffer.swift
SwiftCompile normal arm64 /Users/admin/builder/spi-builder-workspace/.dependencies/checkouts/swift-syntax/Sources/SwiftSyntax/Assert.swift (in target 'SwiftSyntax' from project 'swift-syntax')
    cd /Users/admin/builder/spi-builder-workspace/.swiftpm/xcode
    builtin-SwiftPerFileCompile Assert.swift
SwiftCompile normal arm64 /Users/admin/builder/spi-builder-workspace/.dependencies/checkouts/swift-syntax/Sources/SwiftSyntax/BumpPtrAllocator.swift (in target 'SwiftSyntax' from project 'swift-syntax')
    cd /Users/admin/builder/spi-builder-workspace/.swiftpm/xcode
    builtin-SwiftPerFileCompile BumpPtrAllocator.swift
SwiftCompile normal arm64 /Users/admin/builder/spi-builder-workspace/.dependencies/checkouts/swift-syntax/Sources/SwiftSyntax/CommonAncestor.swift (in target 'SwiftSyntax' from project 'swift-syntax')
    cd /Users/admin/builder/spi-builder-workspace/.swiftpm/xcode
    builtin-SwiftPerFileCompile CommonAncestor.swift
SwiftCompile normal arm64 /Users/admin/builder/spi-builder-workspace/.dependencies/checkouts/swift-syntax/Sources/SwiftSyntax/Convenience.swift (in target 'SwiftSyntax' from project 'swift-syntax')
    cd /Users/admin/builder/spi-builder-workspace/.swiftpm/xcode
    builtin-SwiftPerFileCompile Convenience.swift
SwiftCompile normal arm64 /Users/admin/builder/spi-builder-workspace/.dependencies/checkouts/swift-syntax/Sources/SwiftSyntax/CustomTraits.swift (in target 'SwiftSyntax' from project 'swift-syntax')
    cd /Users/admin/builder/spi-builder-workspace/.swiftpm/xcode
    builtin-SwiftPerFileCompile CustomTraits.swift
SwiftExplicitDependencyGeneratePcm arm64 /Users/admin/builder/spi-builder-workspace/.derivedData/SDKExplicitPrecompiledModules/os_workgroup-EW7YHGH6W1I5GWQ7A493HTH5X.pcm
SwiftExplicitDependencyGeneratePcm arm64 /Users/admin/builder/spi-builder-workspace/.derivedData/SDKExplicitPrecompiledModules/Dispatch-7JMCULH8QF1TFQQE4HSP2QCRZ.pcm
SwiftCompile normal arm64 Compiling\ RawSyntaxNodeProtocol.swift,\ RawSyntaxTokenView.swift,\ SourceEdit.swift,\ SourceLength.swift,\ SourceLocation.swift,\ SourcePresence.swift,\ SwiftSyntaxCompatibility.swift /Users/admin/builder/spi-builder-workspace/.dependencies/checkouts/swift-syntax/Sources/SwiftSyntax/Raw/RawSyntaxNodeProtocol.swift /Users/admin/builder/spi-builder-workspace/.dependencies/checkouts/swift-syntax/Sources/SwiftSyntax/Raw/RawSyntaxTokenView.swift /Users/admin/builder/spi-builder-workspace/.dependencies/checkouts/swift-syntax/Sources/SwiftSyntax/SourceEdit.swift /Users/admin/builder/spi-builder-workspace/.dependencies/checkouts/swift-syntax/Sources/SwiftSyntax/SourceLength.swift /Users/admin/builder/spi-builder-workspace/.dependencies/checkouts/swift-syntax/Sources/SwiftSyntax/SourceLocation.swift /Users/admin/builder/spi-builder-workspace/.dependencies/checkouts/swift-syntax/Sources/SwiftSyntax/SourcePresence.swift /Users/admin/builder/spi-builder-workspace/.dependencies/checkouts/swift-syntax/Sources/SwiftSyntax/SwiftSyntaxCompatibility.swift (in target 'SwiftSyntax' from project 'swift-syntax')
SwiftCompile normal arm64 /Users/admin/builder/spi-builder-workspace/.dependencies/checkouts/swift-syntax/Sources/SwiftSyntax/Raw/RawSyntaxNodeProtocol.swift (in target 'SwiftSyntax' from project 'swift-syntax')
    cd /Users/admin/builder/spi-builder-workspace/.swiftpm/xcode
    builtin-SwiftPerFileCompile RawSyntaxNodeProtocol.swift
SwiftCompile normal arm64 /Users/admin/builder/spi-builder-workspace/.dependencies/checkouts/swift-syntax/Sources/SwiftSyntax/Raw/RawSyntaxTokenView.swift (in target 'SwiftSyntax' from project 'swift-syntax')
    cd /Users/admin/builder/spi-builder-workspace/.swiftpm/xcode
    builtin-SwiftPerFileCompile RawSyntaxTokenView.swift
SwiftCompile normal arm64 /Users/admin/builder/spi-builder-workspace/.dependencies/checkouts/swift-syntax/Sources/SwiftSyntax/SourceEdit.swift (in target 'SwiftSyntax' from project 'swift-syntax')
    cd /Users/admin/builder/spi-builder-workspace/.swiftpm/xcode
    builtin-SwiftPerFileCompile SourceEdit.swift
SwiftCompile normal arm64 /Users/admin/builder/spi-builder-workspace/.dependencies/checkouts/swift-syntax/Sources/SwiftSyntax/SourceLength.swift (in target 'SwiftSyntax' from project 'swift-syntax')
    cd /Users/admin/builder/spi-builder-workspace/.swiftpm/xcode
    builtin-SwiftPerFileCompile SourceLength.swift
SwiftCompile normal arm64 /Users/admin/builder/spi-builder-workspace/.dependencies/checkouts/swift-syntax/Sources/SwiftSyntax/SourceLocation.swift (in target 'SwiftSyntax' from project 'swift-syntax')
    cd /Users/admin/builder/spi-builder-workspace/.swiftpm/xcode
    builtin-SwiftPerFileCompile SourceLocation.swift
SwiftCompile normal arm64 /Users/admin/builder/spi-builder-workspace/.dependencies/checkouts/swift-syntax/Sources/SwiftSyntax/SourcePresence.swift (in target 'SwiftSyntax' from project 'swift-syntax')
    cd /Users/admin/builder/spi-builder-workspace/.swiftpm/xcode
    builtin-SwiftPerFileCompile SourcePresence.swift
SwiftCompile normal arm64 /Users/admin/builder/spi-builder-workspace/.dependencies/checkouts/swift-syntax/Sources/SwiftSyntax/SwiftSyntaxCompatibility.swift (in target 'SwiftSyntax' from project 'swift-syntax')
    cd /Users/admin/builder/spi-builder-workspace/.swiftpm/xcode
    builtin-SwiftPerFileCompile SwiftSyntaxCompatibility.swift
SwiftExplicitDependencyGeneratePcm arm64 /Users/admin/builder/spi-builder-workspace/.derivedData/SDKExplicitPrecompiledModules/Dispatch-1YYSG48OHXPH80J9IKEFL84WE.pcm
SwiftExplicitDependencyGeneratePcm arm64 /Users/admin/builder/spi-builder-workspace/.derivedData/SDKExplicitPrecompiledModules/XPC-6M3LW4O2S7QL7F991109XSK3N.pcm
SwiftExplicitDependencyGeneratePcm arm64 /Users/admin/builder/spi-builder-workspace/.derivedData/SDKExplicitPrecompiledModules/XPC-21W07170Y19SE5HXTUV60V15F.pcm
SwiftExplicitDependencyGeneratePcm arm64 /Users/admin/builder/spi-builder-workspace/.derivedData/SDKExplicitPrecompiledModules/CoreFoundation-C9QVSEMIZP54ITMK51750XYN.pcm
SwiftExplicitDependencyGeneratePcm arm64 /Users/admin/builder/spi-builder-workspace/.derivedData/SDKExplicitPrecompiledModules/os-90VLXFXXQ0RMTQERBVQVLUOV1.pcm
SwiftExplicitDependencyGeneratePcm arm64 /Users/admin/builder/spi-builder-workspace/.derivedData/SDKExplicitPrecompiledModules/Security-DSXL4AJGN9GNBH9ZCJN3KX5BC.pcm
SwiftDriverJobDiscovery normal arm64 Compiling AbsolutePosition.swift, AbsoluteSyntaxInfo.swift, ArenaAllocatedBuffer.swift, Assert.swift, BumpPtrAllocator.swift, CommonAncestor.swift, Convenience.swift, CustomTraits.swift (in target 'SwiftSyntax' from project 'swift-syntax')
SwiftExplicitDependencyGeneratePcm arm64 /Users/admin/builder/spi-builder-workspace/.derivedData/SDKExplicitPrecompiledModules/CFNetwork-BWU016C19DXG7T7EFFKR20579.pcm
SwiftExplicitDependencyGeneratePcm arm64 /Users/admin/builder/spi-builder-workspace/.derivedData/SDKExplicitPrecompiledModules/CoreFoundation-44MESSOOPZYQ0KLA7D9F2RG83.pcm
SwiftCompile normal arm64 Compiling\ Tokens.swift,\ TriviaPieces.swift,\ RawSyntaxNodesAB.swift,\ RawSyntaxNodesC.swift,\ RawSyntaxNodesD.swift,\ RawSyntaxNodesEF.swift,\ RawSyntaxNodesGHI.swift /Users/admin/builder/spi-builder-workspace/.dependencies/checkouts/swift-syntax/Sources/SwiftSyntax/generated/Tokens.swift /Users/admin/builder/spi-builder-workspace/.dependencies/checkouts/swift-syntax/Sources/SwiftSyntax/generated/TriviaPieces.swift /Users/admin/builder/spi-builder-workspace/.dependencies/checkouts/swift-syntax/Sources/SwiftSyntax/generated/raw/RawSyntaxNodesAB.swift /Users/admin/builder/spi-builder-workspace/.dependencies/checkouts/swift-syntax/Sources/SwiftSyntax/generated/raw/RawSyntaxNodesC.swift /Users/admin/builder/spi-builder-workspace/.dependencies/checkouts/swift-syntax/Sources/SwiftSyntax/generated/raw/RawSyntaxNodesD.swift /Users/admin/builder/spi-builder-workspace/.dependencies/checkouts/swift-syntax/Sources/SwiftSyntax/generated/raw/RawSyntaxNodesEF.swift /Users/admin/builder/spi-builder-workspace/.dependencies/checkouts/swift-syntax/Sources/SwiftSyntax/generated/raw/RawSyntaxNodesGHI.swift (in target 'SwiftSyntax' from project 'swift-syntax')
SwiftCompile normal arm64 /Users/admin/builder/spi-builder-workspace/.dependencies/checkouts/swift-syntax/Sources/SwiftSyntax/generated/Tokens.swift (in target 'SwiftSyntax' from project 'swift-syntax')
    cd /Users/admin/builder/spi-builder-workspace/.swiftpm/xcode
    builtin-SwiftPerFileCompile Tokens.swift
SwiftCompile normal arm64 /Users/admin/builder/spi-builder-workspace/.dependencies/checkouts/swift-syntax/Sources/SwiftSyntax/generated/TriviaPieces.swift (in target 'SwiftSyntax' from project 'swift-syntax')
    cd /Users/admin/builder/spi-builder-workspace/.swiftpm/xcode
    builtin-SwiftPerFileCompile TriviaPieces.swift
SwiftCompile normal arm64 /Users/admin/builder/spi-builder-workspace/.dependencies/checkouts/swift-syntax/Sources/SwiftSyntax/generated/raw/RawSyntaxNodesAB.swift (in target 'SwiftSyntax' from project 'swift-syntax')
    cd /Users/admin/builder/spi-builder-workspace/.swiftpm/xcode
    builtin-SwiftPerFileCompile RawSyntaxNodesAB.swift
SwiftCompile normal arm64 /Users/admin/builder/spi-builder-workspace/.dependencies/checkouts/swift-syntax/Sources/SwiftSyntax/generated/raw/RawSyntaxNodesC.swift (in target 'SwiftSyntax' from project 'swift-syntax')
    cd /Users/admin/builder/spi-builder-workspace/.swiftpm/xcode
    builtin-SwiftPerFileCompile RawSyntaxNodesC.swift
SwiftCompile normal arm64 /Users/admin/builder/spi-builder-workspace/.dependencies/checkouts/swift-syntax/Sources/SwiftSyntax/generated/raw/RawSyntaxNodesD.swift (in target 'SwiftSyntax' from project 'swift-syntax')
    cd /Users/admin/builder/spi-builder-workspace/.swiftpm/xcode
    builtin-SwiftPerFileCompile RawSyntaxNodesD.swift
SwiftCompile normal arm64 /Users/admin/builder/spi-builder-workspace/.dependencies/checkouts/swift-syntax/Sources/SwiftSyntax/generated/raw/RawSyntaxNodesEF.swift (in target 'SwiftSyntax' from project 'swift-syntax')
    cd /Users/admin/builder/spi-builder-workspace/.swiftpm/xcode
    builtin-SwiftPerFileCompile RawSyntaxNodesEF.swift
SwiftCompile normal arm64 /Users/admin/builder/spi-builder-workspace/.dependencies/checkouts/swift-syntax/Sources/SwiftSyntax/generated/raw/RawSyntaxNodesGHI.swift (in target 'SwiftSyntax' from project 'swift-syntax')
    cd /Users/admin/builder/spi-builder-workspace/.swiftpm/xcode
    builtin-SwiftPerFileCompile RawSyntaxNodesGHI.swift
SwiftExplicitDependencyGeneratePcm arm64 /Users/admin/builder/spi-builder-workspace/.derivedData/SDKExplicitPrecompiledModules/Foundation-D162KW3CIOH7EGJPLDEE6UO79.pcm
SwiftExplicitDependencyGeneratePcm arm64 /Users/admin/builder/spi-builder-workspace/.derivedData/SDKExplicitPrecompiledModules/CFNetwork-8EHQ23AFT05FLTOMHFDNA0AQX.pcm
SwiftDriverJobDiscovery normal arm64 Compiling Syntax.swift, SyntaxChildren.swift, SyntaxCollection.swift, SyntaxHashable.swift, SyntaxIdentifier.swift, SyntaxNodeStructure.swift, SyntaxProtocol.swift (in target 'SwiftSyntax' from project 'swift-syntax')
SwiftExplicitDependencyGeneratePcm arm64 /Users/admin/builder/spi-builder-workspace/.derivedData/SDKExplicitPrecompiledModules/Security-6Q5GAIK4OJGIPA86HROHPBDWX.pcm
SwiftDriverJobDiscovery normal arm64 Compiling SyntaxText.swift, SyntaxTreeViewMode.swift, TokenDiagnostic.swift, TokenSequence.swift, TokenSyntax.swift, Trivia+commentValue.swift, Trivia.swift (in target 'SwiftSyntax' from project 'swift-syntax')
SwiftCompile normal arm64 Compiling\ SyntaxNodesD.swift,\ SyntaxNodesEF.swift,\ SyntaxNodesGHI.swift,\ SyntaxNodesJKLMN.swift,\ SyntaxNodesOP.swift,\ SyntaxNodesQRS.swift,\ SyntaxNodesTUVWXYZ.swift /Users/admin/builder/spi-builder-workspace/.dependencies/checkouts/swift-syntax/Sources/SwiftSyntax/generated/syntaxNodes/SyntaxNodesD.swift /Users/admin/builder/spi-builder-workspace/.dependencies/checkouts/swift-syntax/Sources/SwiftSyntax/generated/syntaxNodes/SyntaxNodesEF.swift /Users/admin/builder/spi-builder-workspace/.dependencies/checkouts/swift-syntax/Sources/SwiftSyntax/generated/syntaxNodes/SyntaxNodesGHI.swift /Users/admin/builder/spi-builder-workspace/.dependencies/checkouts/swift-syntax/Sources/SwiftSyntax/generated/syntaxNodes/SyntaxNodesJKLMN.swift /Users/admin/builder/spi-builder-workspace/.dependencies/checkouts/swift-syntax/Sources/SwiftSyntax/generated/syntaxNodes/SyntaxNodesOP.swift /Users/admin/builder/spi-builder-workspace/.dependencies/checkouts/swift-syntax/Sources/SwiftSyntax/generated/syntaxNodes/SyntaxNodesQRS.swift /Users/admin/builder/spi-builder-workspace/.dependencies/checkouts/swift-syntax/Sources/SwiftSyntax/generated/syntaxNodes/SyntaxNodesTUVWXYZ.swift (in target 'SwiftSyntax' from project 'swift-syntax')
SwiftCompile normal arm64 /Users/admin/builder/spi-builder-workspace/.dependencies/checkouts/swift-syntax/Sources/SwiftSyntax/generated/syntaxNodes/SyntaxNodesD.swift (in target 'SwiftSyntax' from project 'swift-syntax')
    cd /Users/admin/builder/spi-builder-workspace/.swiftpm/xcode
    builtin-SwiftPerFileCompile SyntaxNodesD.swift
SwiftCompile normal arm64 /Users/admin/builder/spi-builder-workspace/.dependencies/checkouts/swift-syntax/Sources/SwiftSyntax/generated/syntaxNodes/SyntaxNodesEF.swift (in target 'SwiftSyntax' from project 'swift-syntax')
    cd /Users/admin/builder/spi-builder-workspace/.swiftpm/xcode
    builtin-SwiftPerFileCompile SyntaxNodesEF.swift
SwiftCompile normal arm64 /Users/admin/builder/spi-builder-workspace/.dependencies/checkouts/swift-syntax/Sources/SwiftSyntax/generated/syntaxNodes/SyntaxNodesGHI.swift (in target 'SwiftSyntax' from project 'swift-syntax')
    cd /Users/admin/builder/spi-builder-workspace/.swiftpm/xcode
    builtin-SwiftPerFileCompile SyntaxNodesGHI.swift
SwiftCompile normal arm64 /Users/admin/builder/spi-builder-workspace/.dependencies/checkouts/swift-syntax/Sources/SwiftSyntax/generated/syntaxNodes/SyntaxNodesJKLMN.swift (in target 'SwiftSyntax' from project 'swift-syntax')
    cd /Users/admin/builder/spi-builder-workspace/.swiftpm/xcode
    builtin-SwiftPerFileCompile SyntaxNodesJKLMN.swift
SwiftCompile normal arm64 /Users/admin/builder/spi-builder-workspace/.dependencies/checkouts/swift-syntax/Sources/SwiftSyntax/generated/syntaxNodes/SyntaxNodesOP.swift (in target 'SwiftSyntax' from project 'swift-syntax')
    cd /Users/admin/builder/spi-builder-workspace/.swiftpm/xcode
    builtin-SwiftPerFileCompile SyntaxNodesOP.swift
SwiftCompile normal arm64 /Users/admin/builder/spi-builder-workspace/.dependencies/checkouts/swift-syntax/Sources/SwiftSyntax/generated/syntaxNodes/SyntaxNodesQRS.swift (in target 'SwiftSyntax' from project 'swift-syntax')
    cd /Users/admin/builder/spi-builder-workspace/.swiftpm/xcode
    builtin-SwiftPerFileCompile SyntaxNodesQRS.swift
SwiftCompile normal arm64 /Users/admin/builder/spi-builder-workspace/.dependencies/checkouts/swift-syntax/Sources/SwiftSyntax/generated/syntaxNodes/SyntaxNodesTUVWXYZ.swift (in target 'SwiftSyntax' from project 'swift-syntax')
    cd /Users/admin/builder/spi-builder-workspace/.swiftpm/xcode
    builtin-SwiftPerFileCompile SyntaxNodesTUVWXYZ.swift
SwiftDriverJobDiscovery normal arm64 Compiling EditorPlaceholder.swift, Identifier.swift, MemoryLayout.swift, MissingNodeInitializers.swift, RawSyntax.swift, RawSyntaxArena.swift, RawSyntaxLayoutView.swift (in target 'SwiftSyntax' from project 'swift-syntax')
SwiftExplicitDependencyGeneratePcm arm64 /Users/admin/builder/spi-builder-workspace/.derivedData/SDKExplicitPrecompiledModules/Foundation-12GU5DK0I5AFRX7Q1EI240TTL.pcm
SwiftDriverJobDiscovery normal arm64 Compiling RawSyntaxNodeProtocol.swift, RawSyntaxTokenView.swift, SourceEdit.swift, SourceLength.swift, SourceLocation.swift, SourcePresence.swift, SwiftSyntaxCompatibility.swift (in target 'SwiftSyntax' from project 'swift-syntax')
SwiftEmitModule normal arm64 Emitting\ module\ for\ MutationModel (in target 'MutationModel' from project 'MutantKit')
/Users/admin/builder/spi-builder-workspace/Sources/MutationModel/GateTimingRecorder.swift:39:36: error: 'ContinuousClock' is only available in tvOS 16.0 or newer
 14 | /// (NTP adjustment, sleep/wake) in ways a diagnostic meant to reconstruct
 15 | /// exactly where ~1195 real seconds went must not be vulnerable to.
 16 | public actor GateTimingRecorder {
    |              `- note: add '@available' attribute to enclosing actor
 17 |     public struct Span: Codable, Sendable {
 18 |         public let name: String
    :
 37 |     /// executor — required for `now()` below to stay synchronous and
 38 |     /// genuinely free of scheduling skew.
 39 |     private nonisolated let clock: ContinuousClock
    |                                    `- error: 'ContinuousClock' is only available in tvOS 16.0 or newer
 40 |     private nonisolated let origin: ContinuousClock.Instant
 41 |     private var spans: [Span] = []
/Users/admin/builder/spi-builder-workspace/Sources/MutationModel/GateTimingRecorder.swift:40:37: error: 'ContinuousClock' is only available in tvOS 16.0 or newer
 14 | /// (NTP adjustment, sleep/wake) in ways a diagnostic meant to reconstruct
 15 | /// exactly where ~1195 real seconds went must not be vulnerable to.
 16 | public actor GateTimingRecorder {
    |              `- note: add '@available' attribute to enclosing actor
 17 |     public struct Span: Codable, Sendable {
 18 |         public let name: String
    :
 38 |     /// genuinely free of scheduling skew.
 39 |     private nonisolated let clock: ContinuousClock
 40 |     private nonisolated let origin: ContinuousClock.Instant
    |                                     `- error: 'ContinuousClock' is only available in tvOS 16.0 or newer
 41 |     private var spans: [Span] = []
 42 |
/Users/admin/builder/spi-builder-workspace/Sources/MutationModel/GateTimingRecorder.swift:54:38: error: 'ContinuousClock' is only available in tvOS 16.0 or newer
 14 | /// (NTP adjustment, sleep/wake) in ways a diagnostic meant to reconstruct
 15 | /// exactly where ~1195 real seconds went must not be vulnerable to.
 16 | public actor GateTimingRecorder {
    |              `- note: add '@available' attribute to enclosing actor
 17 |     public struct Span: Codable, Sendable {
 18 |         public let name: String
    :
 52 |     /// capturing "now" must never hop onto this actor's executor first,
 53 |     /// which would itself skew the very timing being measured.
 54 |     public nonisolated func now() -> ContinuousClock.Instant { clock.now }
    |                             |        `- error: 'ContinuousClock' is only available in tvOS 16.0 or newer
    |                             `- note: add '@available' attribute to enclosing instance method
 55 |
 56 |     /// Records one span running from `start` to now (or to `end`, when a
/Users/admin/builder/spi-builder-workspace/Sources/MutationModel/GateTimingRecorder.swift:63:16: error: 'ContinuousClock' is only available in tvOS 16.0 or newer
 14 | /// (NTP adjustment, sleep/wake) in ways a diagnostic meant to reconstruct
 15 | /// exactly where ~1195 real seconds went must not be vulnerable to.
 16 | public actor GateTimingRecorder {
    |              `- note: add '@available' attribute to enclosing actor
 17 |     public struct Span: Codable, Sendable {
 18 |         public let name: String
    :
 57 |     /// caller captured it separately — e.g. to record a span that failed,
 58 |     /// where the caller already has an `end` from a `catch` block).
 59 |     public func record(
    |                 `- note: add '@available' attribute to enclosing instance method
 60 |         _ name: String,
 61 |         chunkID: String? = nil,
 62 |         mutationID: String? = nil,
 63 |         start: ContinuousClock.Instant,
    |                `- error: 'ContinuousClock' is only available in tvOS 16.0 or newer
 64 |         end: ContinuousClock.Instant? = nil
 65 |     ) {
/Users/admin/builder/spi-builder-workspace/Sources/MutationModel/GateTimingRecorder.swift:64:14: error: 'ContinuousClock' is only available in tvOS 16.0 or newer
 14 | /// (NTP adjustment, sleep/wake) in ways a diagnostic meant to reconstruct
 15 | /// exactly where ~1195 real seconds went must not be vulnerable to.
 16 | public actor GateTimingRecorder {
    |              `- note: add '@available' attribute to enclosing actor
 17 |     public struct Span: Codable, Sendable {
 18 |         public let name: String
    :
 57 |     /// caller captured it separately — e.g. to record a span that failed,
 58 |     /// where the caller already has an `end` from a `catch` block).
 59 |     public func record(
    |                 `- note: add '@available' attribute to enclosing instance method
 60 |         _ name: String,
 61 |         chunkID: String? = nil,
 62 |         mutationID: String? = nil,
 63 |         start: ContinuousClock.Instant,
 64 |         end: ContinuousClock.Instant? = nil
    |              `- error: 'ContinuousClock' is only available in tvOS 16.0 or newer
 65 |     ) {
 66 |         let finish = end ?? clock.now
/Users/admin/builder/spi-builder-workspace/Sources/MutationModel/GateTimingRecorder.swift:93:11: error: 'Duration' is only available in tvOS 16.0 or newer
 91 | }
 92 |
 93 | extension Duration {
    | |         `- error: 'Duration' is only available in tvOS 16.0 or newer
    | `- note: add '@available' attribute to enclosing extension
 94 |     /// `Duration` has no built-in `Double` conversion — its own
 95 |     /// `components` (whole seconds + attoseconds) is the only lossless
/Users/admin/builder/spi-builder-workspace/Sources/MutationModel/GateTimingRecorder.swift:44:21: error: 'ContinuousClock' is only available in tvOS 16.0 or newer
 14 | /// (NTP adjustment, sleep/wake) in ways a diagnostic meant to reconstruct
 15 | /// exactly where ~1195 real seconds went must not be vulnerable to.
 16 | public actor GateTimingRecorder {
    |              `- note: add '@available' attribute to enclosing actor
 17 |     public struct Span: Codable, Sendable {
 18 |         public let name: String
    :
 41 |     private var spans: [Span] = []
 42 |
 43 |     public init() {
    |            `- note: add '@available' attribute to enclosing initializer
 44 |         let clock = ContinuousClock()
    |                     |- error: 'ContinuousClock' is only available in tvOS 16.0 or newer
    |                     `- note: add 'if #available' version check
 45 |         self.clock = clock
 46 |         origin = clock.now
/Users/admin/builder/spi-builder-workspace/Sources/MutationModel/GateTimingRecorder.swift:46:24: error: 'now' is only available in tvOS 16.0 or newer
 14 | /// (NTP adjustment, sleep/wake) in ways a diagnostic meant to reconstruct
 15 | /// exactly where ~1195 real seconds went must not be vulnerable to.
 16 | public actor GateTimingRecorder {
    |              `- note: add '@available' attribute to enclosing actor
 17 |     public struct Span: Codable, Sendable {
 18 |         public let name: String
    :
 41 |     private var spans: [Span] = []
 42 |
 43 |     public init() {
    |            `- note: add '@available' attribute to enclosing initializer
 44 |         let clock = ContinuousClock()
 45 |         self.clock = clock
 46 |         origin = clock.now
    |                        |- error: 'now' is only available in tvOS 16.0 or newer
    |                        `- note: add 'if #available' version check
 47 |     }
 48 |
Failed frontend command:
/Applications/Xcode-27.0.0.app/Contents/Developer/Toolchains/XcodeDefault.xctoolchain/usr/bin/swift-frontend -frontend -emit-module -experimental-skip-non-inlinable-function-bodies-without-types /Users/admin/builder/spi-builder-workspace/Sources/MutationModel/AssertionKillAttribution+TestMatching.swift /Users/admin/builder/spi-builder-workspace/Sources/MutationModel/AssertionKillAttribution.swift /Users/admin/builder/spi-builder-workspace/Sources/MutationModel/BaselineControlObservation.swift /Users/admin/builder/spi-builder-workspace/Sources/MutationModel/CompilerCrashSignature.swift /Users/admin/builder/spi-builder-workspace/Sources/MutationModel/Configuration.swift /Users/admin/builder/spi-builder-workspace/Sources/MutationModel/ConfigurationValidation.swift /Users/admin/builder/spi-builder-workspace/Sources/MutationModel/CoreTypes.swift /Users/admin/builder/spi-builder-workspace/Sources/MutationModel/EvidenceArchive.swift /Users/admin/builder/spi-builder-workspace/Sources/MutationModel/EvidenceArchiveReader.swift /Users/admin/builder/spi-builder-workspace/Sources/MutationModel/ExecutionImplementationVersion.swift /Users/admin/builder/spi-builder-workspace/Sources/MutationModel/ExecutionProfile.swift /Users/admin/builder/spi-builder-workspace/Sources/MutationModel/ExecutionSettings.swift /Users/admin/builder/spi-builder-workspace/Sources/MutationModel/GateTimingRecorder.swift /Users/admin/builder/spi-builder-workspace/Sources/MutationModel/Hashing.swift /Users/admin/builder/spi-builder-workspace/Sources/MutationModel/InclusionReason.swift /Users/admin/builder/spi-builder-workspace/Sources/MutationModel/Integrity.swift /Users/admin/builder/spi-builder-workspace/Sources/MutationModel/MultiTargetVerdict.swift /Users/admin/builder/spi-builder-workspace/Sources/MutationModel/MutationEvidence.swift /Users/admin/builder/spi-builder-workspace/Sources/MutationModel/MutationID.swift /Users/admin/builder/spi-builder-workspace/Sources/MutationModel/MutationObservations.swift /Users/admin/builder/spi-builder-workspace/Sources/MutationModel/MutationOutcome.swift /Users/admin/builder/spi-builder-workspace/Sources/MutationModel/MutationPlan.swift /Users/admin/builder/spi-builder-workspace/Sources/MutationModel/MutationPoint.swift /Users/admin/builder/spi-builder-workspace/Sources/MutationModel/MutationResult.swift /Users/admin/builder/spi-builder-workspace/Sources/MutationModel/MutationVerdictVerifier+BaselineControl.swift /Users/admin/builder/spi-builder-workspace/Sources/MutationModel/MutationVerdictVerifier+Classification.swift /Users/admin/builder/spi-builder-workspace/Sources/MutationModel/MutationVerdictVerifier+Confirmation.swift /Users/admin/builder/spi-builder-workspace/Sources/MutationModel/MutationVerdictVerifier+KillAttribution.swift /Users/admin/builder/spi-builder-workspace/Sources/MutationModel/MutationVerdictVerifier+Proof.swift /Users/admin/builder/spi-builder-workspace/Sources/MutationModel/MutationVerdictVerifier+SchemataChain.swift /Users/admin/builder/spi-builder-workspace/Sources/MutationModel/MutationVerdictVerifier.swift /Users/admin/builder/spi-builder-workspace/Sources/MutationModel/OperationalIssue.swift /Users/admin/builder/spi-builder-workspace/Sources/MutationModel/OperatorDescriptor.swift /Users/admin/builder/spi-builder-workspace/Sources/MutationModel/PlannedMutationRef.swift /Users/admin/builder/spi-builder-workspace/Sources/MutationModel/ProgressReporter.swift /Users/admin/builder/spi-builder-workspace/Sources/MutationModel/ProofIdentity.swift /Users/admin/builder/spi-builder-workspace/Sources/MutationModel/QualityGate.swift /Users/admin/builder/spi-builder-workspace/Sources/MutationModel/ReportReverification+KillEvidence.swift /Users/admin/builder/spi-builder-workspace/Sources/MutationModel/ReportReverification+ProductEvidence.swift /Users/admin/builder/spi-builder-workspace/Sources/MutationModel/ReportReverification+RequiredChecks.swift /Users/admin/builder/spi-builder-workspace/Sources/MutationModel/ReportReverification.swift /Users/admin/builder/spi-builder-workspace/Sources/MutationModel/ReportReverifier+TierB.swift /Users/admin/builder/spi-builder-workspace/Sources/MutationModel/ResultLedger.swift /Users/admin/builder/spi-builder-workspace/Sources/MutationModel/RunContextFingerprint.swift /Users/admin/builder/spi-builder-workspace/Sources/MutationModel/RunReport+EvidenceArchive.swift /Users/admin/builder/spi-builder-workspace/Sources/MutationModel/RunStopRequest.swift /Users/admin/builder/spi-builder-workspace/Sources/MutationModel/RuntimeTranscript.swift /Users/admin/builder/spi-builder-workspace/Sources/MutationModel/SchemataBuildReceipt.swift /Users/admin/builder/spi-builder-workspace/Sources/MutationModel/SchemataEvidence.swift /Users/admin/builder/spi-builder-workspace/Sources/MutationModel/SchemataLowering.swift /Users/admin/builder/spi-builder-workspace/Sources/MutationModel/SchemataPlan.swift /Users/admin/builder/spi-builder-workspace/Sources/MutationModel/SchemataQualification.swift /Users/admin/builder/spi-builder-workspace/Sources/MutationModel/SimulatorPreparationRecord.swift /Users/admin/builder/spi-builder-workspace/Sources/MutationModel/TestObservation.swift /Users/admin/builder/spi-builder-workspace/Sources/MutationModel/VerdictProof.swift /Users/admin/builder/spi-builder-workspace/Sources/MutationModel/VerifiedMutationRecord.swift -target arm64-apple-tvos15.0 -disable-cross-import-overlay-search -load-resolved-plugin /Applications/Xcode-27.0.0.app/Contents/Developer/Platforms/AppleTVOS.platform/Developer/usr/lib/swift/host/plugins/libFoundationMacros.dylib\#/Applications/Xcode-27.0.0.app/Contents/Developer/Platforms/AppleTVOS.platform/Developer/usr/bin/swift-plugin-server\#FoundationMacros -load-resolved-plugin /Applications/Xcode-27.0.0.app/Contents/Developer/Platforms/AppleTVOS.platform/Developer/usr/lib/swift/host/plugins/libObservationMacros.dylib\#/Applications/Xcode-27.0.0.app/Contents/Developer/Platforms/AppleTVOS.platform/Developer/usr/bin/swift-plugin-server\#ObservationMacros -load-resolved-plugin /Applications/Xcode-27.0.0.app/Contents/Developer/Platforms/AppleTVOS.platform/Developer/usr/lib/swift/host/plugins/libSwiftMacros.dylib\#/Applications/Xcode-27.0.0.app/Contents/Developer/Platforms/AppleTVOS.platform/Developer/usr/bin/swift-plugin-server\#SwiftMacros -disable-implicit-swift-modules -Xcc -fno-implicit-modules -Xcc -fno-implicit-module-maps -explicit-swift-module-map-file /Users/admin/builder/spi-builder-workspace/.derivedData/Build/Intermediates.noindex/MutantKit.build/Debug-appletvos/MutationModel-t.build/Objects-normal/arm64/MutationModel-dependencies-1.json -Xllvm -aarch64-use-tbi -enable-objc-interop -stack-check -sdk /Applications/Xcode-27.0.0.app/Contents/Developer/Platforms/AppleTVOS.platform/Developer/SDKs/AppleTVOS27.0.sdk -I /Users/admin/builder/spi-builder-workspace/.derivedData/Build/Products/Debug-appletvos -Isystem /Applications/Xcode-27.0.0.app/Contents/Developer/Platforms/AppleTVOS.platform/Developer/usr/lib -F /Users/admin/builder/spi-builder-workspace/.derivedData/Build/Products/Debug-appletvos -F /Applications/Xcode-27.0.0.app/Contents/Developer/Platforms/AppleTVOS.platform/Developer/Library/Frameworks -F /Applications/Xcode-27.0.0.app/Contents/Developer/Platforms/AppleTVOS.platform/Developer/SDKs/AppleTVOS27.0.sdk/Developer/Library/Frameworks -module-cache-path /Users/admin/builder/spi-builder-workspace/.derivedData/Build/Intermediates.noindex/SwiftExplicitPrecompiledModules -no-color-diagnostics -Xcc -fno-color-diagnostics -enable-testing -g -debug-info-format\=dwarf -dwarf-version\=4 -profile-generate -profile-coverage-mapping -swift-version 6 -Onone -D SWIFT_PACKAGE -D DEBUG -D SWIFT_MODULE_RESOURCE_BUNDLE_UNAVAILABLE -D Xcode -serialize-debugging-options -enable-experimental-feature DebugDescriptionMacro -empty-abi-descriptor -validate-clang-modules-once -clang-build-session-file /Users/admin/builder/spi-builder-workspace/.derivedData/ModuleCache.noindex/Session.modulevalidation -Xcc -working-directory -Xcc /Users/admin/builder/spi-builder-workspace/.swiftpm/xcode -enable-anonymous-context-mangled-names -file-compilation-dir /Users/admin/builder/spi-builder-workspace/.swiftpm/xcode -Xcc -D_LIBCPP_HARDENING_MODE\=_LIBCPP_HARDENING_MODE_DEBUG -Xcc -ivfsstatcache -Xcc /Users/admin/builder/spi-builder-workspace/.derivedData/SDKStatCaches.noindex/appletvos27.0-24J360-e829b21a6f8c9b70876ba0858053c044509235ffd515576fb835ffc8f67461e5.sdkstatcache -Xcc -fmodules-prune-interval\=86400 -Xcc -fmodules-prune-after\=345600 -Xcc -I/Users/admin/builder/spi-builder-workspace/.derivedData/Build/Products/Debug-appletvos/include -Xcc -I/Users/admin/builder/spi-builder-workspace/.derivedData/Build/Intermediates.noindex/MutantKit.build/Debug-appletvos/MutationModel-t.build/DerivedSources-normal/arm64 -Xcc -I/Users/admin/builder/spi-builder-workspace/.derivedData/Build/Intermediates.noindex/MutantKit.build/Debug-appletvos/MutationModel-t.build/DerivedSources/arm64 -Xcc -I/Users/admin/builder/spi-builder-workspace/.derivedData/Build/Intermediates.noindex/MutantKit.build/Debug-appletvos/MutationModel-t.build/DerivedSources -Xcc -DSWIFT_PACKAGE -Xcc -DDEBUG\=1 -no-auto-bridging-header-chaining -module-name MutationModel -package-name spi_builder_workspace -const-gather-protocols-file /Users/admin/builder/spi-builder-workspace/.derivedData/Build/Intermediates.noindex/MutantKit.build/Debug-appletvos/MutationModel-t.build/Objects-normal/arm64/MutationModel_const_extract_protocols.json -disable-clang-spi -clang-target arm64-apple-tvos27.0 -target-sdk-version 27.0 -target-sdk-name appletvos27.0 -in-process-plugin-server-path /Applications/Xcode-27.0.0.app/Contents/Developer/Toolchains/XcodeDefault.xctoolchain/usr/lib/swift/host/libSwiftInProcPluginServer.dylib -emit-module-doc-path /Users/admin/builder/spi-builder-workspace/.derivedData/Build/Intermediates.noindex/MutantKit.build/Debug-appletvos/MutationModel-t.build/Objects-normal/arm64/MutationModel.swiftdoc -emit-module-source-info-path /Users/admin/builder/spi-builder-workspace/.derivedData/Build/Intermediates.noindex/MutantKit.build/Debug-appletvos/MutationModel-t.build/Objects-normal/arm64/MutationModel.swiftsourceinfo -emit-objc-header-path /Users/admin/builder/spi-builder-workspace/.derivedData/Build/Intermediates.noindex/MutantKit.build/Debug-appletvos/MutationModel-t.build/Objects-normal/arm64/MutationModel-Swift.h -serialize-diagnostics-path /Users/admin/builder/spi-builder-workspace/.derivedData/Build/Intermediates.noindex/MutantKit.build/Debug-appletvos/MutationModel-t.build/Objects-normal/arm64/MutationModel-primary-emit-module.dia -emit-dependencies-path /Users/admin/builder/spi-builder-workspace/.derivedData/Build/Intermediates.noindex/MutantKit.build/Debug-appletvos/MutationModel-t.build/Objects-normal/arm64/MutationModel-primary-emit-module.d -parse-as-library -o /Users/admin/builder/spi-builder-workspace/.derivedData/Build/Intermediates.noindex/MutantKit.build/Debug-appletvos/MutationModel-t.build/Objects-normal/arm64/MutationModel.swiftmodule -emit-abi-descriptor-path /Users/admin/builder/spi-builder-workspace/.derivedData/Build/Intermediates.noindex/MutantKit.build/Debug-appletvos/MutationModel-t.build/Objects-normal/arm64/MutationModel.abi.json
SwiftCompile normal arm64 (in target 'MutationModel' from project 'MutantKit')
    cd /Users/admin/builder/spi-builder-workspace/.swiftpm/xcode

SwiftEmitModule normal arm64 Emitting\ module\ for\ ArgumentParser (in target 'ArgumentParser' from project 'swift-argument-parser')
SwiftCompile normal arm64 (in target 'ArgumentParser' from project 'swift-argument-parser')
    cd /Users/admin/builder/spi-builder-workspace/.swiftpm/xcode

SwiftCompile normal arm64 Compiling\ GateTimingRecorder.swift,\ Hashing.swift,\ InclusionReason.swift,\ Integrity.swift,\ MultiTargetVerdict.swift,\ MutationEvidence.swift /Users/admin/builder/spi-builder-workspace/Sources/MutationModel/GateTimingRecorder.swift /Users/admin/builder/spi-builder-workspace/Sources/MutationModel/Hashing.swift /Users/admin/builder/spi-builder-workspace/Sources/MutationModel/InclusionReason.swift /Users/admin/builder/spi-builder-workspace/Sources/MutationModel/Integrity.swift /Users/admin/builder/spi-builder-workspace/Sources/MutationModel/MultiTargetVerdict.swift /Users/admin/builder/spi-builder-workspace/Sources/MutationModel/MutationEvidence.swift (in target 'MutationModel' from project 'MutantKit')
/Users/admin/builder/spi-builder-workspace/Sources/MutationModel/GateTimingRecorder.swift:39:36: error: 'ContinuousClock' is only available in tvOS 16.0 or newer
 14 | /// (NTP adjustment, sleep/wake) in ways a diagnostic meant to reconstruct
 15 | /// exactly where ~1195 real seconds went must not be vulnerable to.
 16 | public actor GateTimingRecorder {
    |              `- note: add '@available' attribute to enclosing actor
 17 |     public struct Span: Codable, Sendable {
 18 |         public let name: String
    :
 37 |     /// executor — required for `now()` below to stay synchronous and
 38 |     /// genuinely free of scheduling skew.
 39 |     private nonisolated let clock: ContinuousClock
    |                                    `- error: 'ContinuousClock' is only available in tvOS 16.0 or newer
 40 |     private nonisolated let origin: ContinuousClock.Instant
 41 |     private var spans: [Span] = []
/Users/admin/builder/spi-builder-workspace/Sources/MutationModel/GateTimingRecorder.swift:40:37: error: 'ContinuousClock' is only available in tvOS 16.0 or newer
 14 | /// (NTP adjustment, sleep/wake) in ways a diagnostic meant to reconstruct
 15 | /// exactly where ~1195 real seconds went must not be vulnerable to.
 16 | public actor GateTimingRecorder {
    |              `- note: add '@available' attribute to enclosing actor
 17 |     public struct Span: Codable, Sendable {
 18 |         public let name: String
    :
 38 |     /// genuinely free of scheduling skew.
 39 |     private nonisolated let clock: ContinuousClock
 40 |     private nonisolated let origin: ContinuousClock.Instant
    |                                     `- error: 'ContinuousClock' is only available in tvOS 16.0 or newer
 41 |     private var spans: [Span] = []
 42 |
/Users/admin/builder/spi-builder-workspace/Sources/MutationModel/GateTimingRecorder.swift:54:38: error: 'ContinuousClock' is only available in tvOS 16.0 or newer
 14 | /// (NTP adjustment, sleep/wake) in ways a diagnostic meant to reconstruct
 15 | /// exactly where ~1195 real seconds went must not be vulnerable to.
 16 | public actor GateTimingRecorder {
    |              `- note: add '@available' attribute to enclosing actor
 17 |     public struct Span: Codable, Sendable {
 18 |         public let name: String
    :
 52 |     /// capturing "now" must never hop onto this actor's executor first,
 53 |     /// which would itself skew the very timing being measured.
 54 |     public nonisolated func now() -> ContinuousClock.Instant { clock.now }
    |                             |        `- error: 'ContinuousClock' is only available in tvOS 16.0 or newer
    |                             `- note: add '@available' attribute to enclosing instance method
 55 |
 56 |     /// Records one span running from `start` to now (or to `end`, when a
/Users/admin/builder/spi-builder-workspace/Sources/MutationModel/GateTimingRecorder.swift:63:16: error: 'ContinuousClock' is only available in tvOS 16.0 or newer
 14 | /// (NTP adjustment, sleep/wake) in ways a diagnostic meant to reconstruct
 15 | /// exactly where ~1195 real seconds went must not be vulnerable to.
 16 | public actor GateTimingRecorder {
    |              `- note: add '@available' attribute to enclosing actor
 17 |     public struct Span: Codable, Sendable {
 18 |         public let name: String
    :
 57 |     /// caller captured it separately — e.g. to record a span that failed,
 58 |     /// where the caller already has an `end` from a `catch` block).
 59 |     public func record(
    |                 `- note: add '@available' attribute to enclosing instance method
 60 |         _ name: String,
 61 |         chunkID: String? = nil,
 62 |         mutationID: String? = nil,
 63 |         start: ContinuousClock.Instant,
    |                `- error: 'ContinuousClock' is only available in tvOS 16.0 or newer
 64 |         end: ContinuousClock.Instant? = nil
 65 |     ) {
/Users/admin/builder/spi-builder-workspace/Sources/MutationModel/GateTimingRecorder.swift:64:14: error: 'ContinuousClock' is only available in tvOS 16.0 or newer
 14 | /// (NTP adjustment, sleep/wake) in ways a diagnostic meant to reconstruct
 15 | /// exactly where ~1195 real seconds went must not be vulnerable to.
 16 | public actor GateTimingRecorder {
    |              `- note: add '@available' attribute to enclosing actor
 17 |     public struct Span: Codable, Sendable {
 18 |         public let name: String
    :
 57 |     /// caller captured it separately — e.g. to record a span that failed,
 58 |     /// where the caller already has an `end` from a `catch` block).
 59 |     public func record(
    |                 `- note: add '@available' attribute to enclosing instance method
 60 |         _ name: String,
 61 |         chunkID: String? = nil,
 62 |         mutationID: String? = nil,
 63 |         start: ContinuousClock.Instant,
 64 |         end: ContinuousClock.Instant? = nil
    |              `- error: 'ContinuousClock' is only available in tvOS 16.0 or newer
 65 |     ) {
 66 |         let finish = end ?? clock.now
/Users/admin/builder/spi-builder-workspace/Sources/MutationModel/GateTimingRecorder.swift:93:11: error: 'Duration' is only available in tvOS 16.0 or newer
 91 | }
 92 |
 93 | extension Duration {
    | |         `- error: 'Duration' is only available in tvOS 16.0 or newer
    | `- note: add '@available' attribute to enclosing extension
 94 |     /// `Duration` has no built-in `Double` conversion — its own
 95 |     /// `components` (whole seconds + attoseconds) is the only lossless
/Users/admin/builder/spi-builder-workspace/Sources/MutationModel/GateTimingRecorder.swift:44:21: error: 'ContinuousClock' is only available in tvOS 16.0 or newer
 14 | /// (NTP adjustment, sleep/wake) in ways a diagnostic meant to reconstruct
 15 | /// exactly where ~1195 real seconds went must not be vulnerable to.
 16 | public actor GateTimingRecorder {
    |              `- note: add '@available' attribute to enclosing actor
 17 |     public struct Span: Codable, Sendable {
 18 |         public let name: String
    :
 41 |     private var spans: [Span] = []
 42 |
 43 |     public init() {
    |            `- note: add '@available' attribute to enclosing initializer
 44 |         let clock = ContinuousClock()
    |                     |- error: 'ContinuousClock' is only available in tvOS 16.0 or newer
    |                     `- note: add 'if #available' version check
 45 |         self.clock = clock
 46 |         origin = clock.now
/Users/admin/builder/spi-builder-workspace/Sources/MutationModel/GateTimingRecorder.swift:46:24: error: 'now' is only available in tvOS 16.0 or newer
 14 | /// (NTP adjustment, sleep/wake) in ways a diagnostic meant to reconstruct
 15 | /// exactly where ~1195 real seconds went must not be vulnerable to.
 16 | public actor GateTimingRecorder {
    |              `- note: add '@available' attribute to enclosing actor
 17 |     public struct Span: Codable, Sendable {
 18 |         public let name: String
    :
 41 |     private var spans: [Span] = []
 42 |
 43 |     public init() {
    |            `- note: add '@available' attribute to enclosing initializer
 44 |         let clock = ContinuousClock()
 45 |         self.clock = clock
 46 |         origin = clock.now
    |                        |- error: 'now' is only available in tvOS 16.0 or newer
    |                        `- note: add 'if #available' version check
 47 |     }
 48 |
/Users/admin/builder/spi-builder-workspace/Sources/MutationModel/GateTimingRecorder.swift:54:70: error: 'now' is only available in tvOS 16.0 or newer
 14 | /// (NTP adjustment, sleep/wake) in ways a diagnostic meant to reconstruct
 15 | /// exactly where ~1195 real seconds went must not be vulnerable to.
 16 | public actor GateTimingRecorder {
    |              `- note: add '@available' attribute to enclosing actor
 17 |     public struct Span: Codable, Sendable {
 18 |         public let name: String
    :
 52 |     /// capturing "now" must never hop onto this actor's executor first,
 53 |     /// which would itself skew the very timing being measured.
 54 |     public nonisolated func now() -> ContinuousClock.Instant { clock.now }
    |                             |                                        |- error: 'now' is only available in tvOS 16.0 or newer
    |                             |                                        `- note: add 'if #available' version check
    |                             `- note: add '@available' attribute to enclosing instance method
 55 |
 56 |     /// Records one span running from `start` to now (or to `end`, when a
/Users/admin/builder/spi-builder-workspace/Sources/MutationModel/GateTimingRecorder.swift:66:35: error: 'now' is only available in tvOS 16.0 or newer
 14 | /// (NTP adjustment, sleep/wake) in ways a diagnostic meant to reconstruct
 15 | /// exactly where ~1195 real seconds went must not be vulnerable to.
 16 | public actor GateTimingRecorder {
    |              `- note: add '@available' attribute to enclosing actor
 17 |     public struct Span: Codable, Sendable {
 18 |         public let name: String
    :
 57 |     /// caller captured it separately — e.g. to record a span that failed,
 58 |     /// where the caller already has an `end` from a `catch` block).
 59 |     public func record(
    |                 `- note: add '@available' attribute to enclosing instance method
 60 |         _ name: String,
 61 |         chunkID: String? = nil,
    :
 64 |         end: ContinuousClock.Instant? = nil
 65 |     ) {
 66 |         let finish = end ?? clock.now
    |                                   |- error: 'now' is only available in tvOS 16.0 or newer
    |                                   `- note: add 'if #available' version check
 67 |         spans.append(Span(
 68 |             name: name,
/Users/admin/builder/spi-builder-workspace/Sources/MutationModel/GateTimingRecorder.swift:69:40: error: 'duration(to:)' is only available in tvOS 16.0 or newer
 14 | /// (NTP adjustment, sleep/wake) in ways a diagnostic meant to reconstruct
 15 | /// exactly where ~1195 real seconds went must not be vulnerable to.
 16 | public actor GateTimingRecorder {
    |              `- note: add '@available' attribute to enclosing actor
 17 |     public struct Span: Codable, Sendable {
 18 |         public let name: String
    :
 57 |     /// caller captured it separately — e.g. to record a span that failed,
 58 |     /// where the caller already has an `end` from a `catch` block).
 59 |     public func record(
    |                 `- note: add '@available' attribute to enclosing instance method
 60 |         _ name: String,
 61 |         chunkID: String? = nil,
    :
 67 |         spans.append(Span(
 68 |             name: name,
 69 |             startOffsetSeconds: origin.duration(to: start).doubleSeconds,
    |                                        |- error: 'duration(to:)' is only available in tvOS 16.0 or newer
    |                                        `- note: add 'if #available' version check
 70 |             durationSeconds: start.duration(to: finish).doubleSeconds,
 71 |             chunkID: chunkID,
/Users/admin/builder/spi-builder-workspace/Sources/MutationModel/GateTimingRecorder.swift:70:36: error: 'duration(to:)' is only available in tvOS 16.0 or newer
 14 | /// (NTP adjustment, sleep/wake) in ways a diagnostic meant to reconstruct
 15 | /// exactly where ~1195 real seconds went must not be vulnerable to.
 16 | public actor GateTimingRecorder {
    |              `- note: add '@available' attribute to enclosing actor
 17 |     public struct Span: Codable, Sendable {
 18 |         public let name: String
    :
 57 |     /// caller captured it separately — e.g. to record a span that failed,
 58 |     /// where the caller already has an `end` from a `catch` block).
 59 |     public func record(
    |                 `- note: add '@available' attribute to enclosing instance method
 60 |         _ name: String,
 61 |         chunkID: String? = nil,
    :
 68 |             name: name,
 69 |             startOffsetSeconds: origin.duration(to: start).doubleSeconds,
 70 |             durationSeconds: start.duration(to: finish).doubleSeconds,
    |                                    |- error: 'duration(to:)' is only available in tvOS 16.0 or newer
    |                                    `- note: add 'if #available' version check
 71 |             chunkID: chunkID,
 72 |             mutationID: mutationID
SwiftCompile normal arm64 /Users/admin/builder/spi-builder-workspace/Sources/MutationModel/GateTimingRecorder.swift (in target 'MutationModel' from project 'MutantKit')
    cd /Users/admin/builder/spi-builder-workspace/.swiftpm/xcode
    builtin-SwiftPerFileCompile GateTimingRecorder.swift
SwiftCompile normal arm64 /Users/admin/builder/spi-builder-workspace/Sources/MutationModel/Hashing.swift (in target 'MutationModel' from project 'MutantKit')
    cd /Users/admin/builder/spi-builder-workspace/.swiftpm/xcode
    builtin-SwiftPerFileCompile Hashing.swift
SwiftCompile normal arm64 /Users/admin/builder/spi-builder-workspace/Sources/MutationModel/InclusionReason.swift (in target 'MutationModel' from project 'MutantKit')
    cd /Users/admin/builder/spi-builder-workspace/.swiftpm/xcode
    builtin-SwiftPerFileCompile InclusionReason.swift
SwiftCompile normal arm64 /Users/admin/builder/spi-builder-workspace/Sources/MutationModel/Integrity.swift (in target 'MutationModel' from project 'MutantKit')
    cd /Users/admin/builder/spi-builder-workspace/.swiftpm/xcode
    builtin-SwiftPerFileCompile Integrity.swift
SwiftCompile normal arm64 /Users/admin/builder/spi-builder-workspace/Sources/MutationModel/MultiTargetVerdict.swift (in target 'MutationModel' from project 'MutantKit')
    cd /Users/admin/builder/spi-builder-workspace/.swiftpm/xcode
    builtin-SwiftPerFileCompile MultiTargetVerdict.swift
SwiftCompile normal arm64 /Users/admin/builder/spi-builder-workspace/Sources/MutationModel/MutationEvidence.swift (in target 'MutationModel' from project 'MutantKit')
    cd /Users/admin/builder/spi-builder-workspace/.swiftpm/xcode
    builtin-SwiftPerFileCompile MutationEvidence.swift
SwiftCompile normal arm64 Compiling\ RuntimeTranscript.swift,\ SchemataBuildReceipt.swift,\ SchemataEvidence.swift,\ SchemataLowering.swift,\ SchemataPlan.swift /Users/admin/builder/spi-builder-workspace/Sources/MutationModel/RuntimeTranscript.swift /Users/admin/builder/spi-builder-workspace/Sources/MutationModel/SchemataBuildReceipt.swift /Users/admin/builder/spi-builder-workspace/Sources/MutationModel/SchemataEvidence.swift /Users/admin/builder/spi-builder-workspace/Sources/MutationModel/SchemataLowering.swift /Users/admin/builder/spi-builder-workspace/Sources/MutationModel/SchemataPlan.swift (in target 'MutationModel' from project 'MutantKit')
SwiftCompile normal arm64 /Users/admin/builder/spi-builder-workspace/Sources/MutationModel/RuntimeTranscript.swift (in target 'MutationModel' from project 'MutantKit')
    cd /Users/admin/builder/spi-builder-workspace/.swiftpm/xcode
    builtin-SwiftPerFileCompile RuntimeTranscript.swift
SwiftCompile normal arm64 /Users/admin/builder/spi-builder-workspace/Sources/MutationModel/SchemataBuildReceipt.swift (in target 'MutationModel' from project 'MutantKit')
    cd /Users/admin/builder/spi-builder-workspace/.swiftpm/xcode
    builtin-SwiftPerFileCompile SchemataBuildReceipt.swift
SwiftCompile normal arm64 /Users/admin/builder/spi-builder-workspace/Sources/MutationModel/SchemataEvidence.swift (in target 'MutationModel' from project 'MutantKit')
    cd /Users/admin/builder/spi-builder-workspace/.swiftpm/xcode
    builtin-SwiftPerFileCompile SchemataEvidence.swift
SwiftCompile normal arm64 /Users/admin/builder/spi-builder-workspace/Sources/MutationModel/SchemataLowering.swift (in target 'MutationModel' from project 'MutantKit')
    cd /Users/admin/builder/spi-builder-workspace/.swiftpm/xcode
    builtin-SwiftPerFileCompile SchemataLowering.swift
SwiftCompile normal arm64 /Users/admin/builder/spi-builder-workspace/Sources/MutationModel/SchemataPlan.swift (in target 'MutationModel' from project 'MutantKit')
    cd /Users/admin/builder/spi-builder-workspace/.swiftpm/xcode
    builtin-SwiftPerFileCompile SchemataPlan.swift
SwiftEmitModule normal arm64 Emitting\ module\ for\ Yams (in target 'Yams' from project 'Yams')
SwiftCompile normal arm64 (in target 'Yams' from project 'Yams')
    cd /Users/admin/builder/spi-builder-workspace/.swiftpm/xcode

PruneExplicitPrecompiledModules /Users/admin/builder/spi-builder-workspace/.derivedData/Build/Intermediates.noindex/ExplicitPrecompiledModules
PruneExplicitPrecompiledModules /Users/admin/builder/spi-builder-workspace/.derivedData/Build/Intermediates.noindex/SwiftExplicitPrecompiledModules
PruneExplicitPrecompiledModules /Users/admin/builder/spi-builder-workspace/.derivedData/SDKExplicitPrecompiledModules
2026-10-27 12:38:26.596 xcodebuild[801:4879] [MT] IDERunDestination: Supported platforms for the buildables in the current scheme is empty.
** BUILD FAILED **
The following build commands failed:
	SwiftEmitModule normal arm64 Emitting\ module\ for\ MutationModel (in target 'MutationModel' from project 'MutantKit')
	SwiftCompile normal arm64 (in target 'MutationModel' from project 'MutantKit')
	Building workspace MutantKit with scheme MutantKit-Package
(3 failures)
Command line invocation:
    /Applications/Xcode-27.0.0.app/Contents/Developer/usr/bin/xcodebuild -IDEClonedSourcePackagesDirPathOverride=/Users/admin/builder/spi-builder-workspace/.dependencies -resolvePackageDependencies
Resolve Package Graph
Resolved source packages:
  MutantKit: /Users/admin/builder/spi-builder-workspace
  Yams: https://github.com/jpsim/Yams.git @ 6.2.2
  swift-argument-parser: https://github.com/apple/swift-argument-parser.git @ 1.8.2
  swift-syntax: https://github.com/swiftlang/swift-syntax.git @ 604.0.0
resolved source packages: MutantKit, Yams, swift-argument-parser, swift-syntax
2026-10-27 12:38:37.818 xcodebuild[1025:5971] [MT] IDERunDestination: Supported platforms for the buildables in the current scheme is empty.
{
  "dependencies" : [
    {
      "identity" : "swift-syntax",
      "requirement" : {
        "range" : [
          {
            "lower_bound" : "604.0.0",
            "upper_bound" : "605.0.0"
          }
        ]
      },
      "type" : "sourceControl",
      "url" : "https://github.com/swiftlang/swift-syntax.git"
    },
    {
      "identity" : "swift-argument-parser",
      "requirement" : {
        "range" : [
          {
            "lower_bound" : "1.8.0",
            "upper_bound" : "2.0.0"
          }
        ]
      },
      "type" : "sourceControl",
      "url" : "https://github.com/apple/swift-argument-parser.git"
    },
    {
      "identity" : "yams",
      "requirement" : {
        "range" : [
          {
            "lower_bound" : "6.2.0",
            "upper_bound" : "7.0.0"
          }
        ]
      },
      "type" : "sourceControl",
      "url" : "https://github.com/jpsim/Yams.git"
    }
  ],
  "manifest_display_name" : "MutantKit",
  "name" : "MutantKit",
  "path" : "/Users/admin/builder/spi-builder-workspace",
  "platforms" : [
    {
      "name" : "macos",
      "version" : "14.0"
    }
  ],
  "products" : [
    {
      "name" : "mutantkit",
      "targets" : [
        "CLI"
      ],
      "type" : {
        "executable" : null
      }
    },
    {
      "name" : "MuterCompatibility",
      "targets" : [
        "MuterCompatibility"
      ],
      "type" : {
        "library" : [
          "automatic"
        ]
      }
    },
    {
      "name" : "MutationModel",
      "targets" : [
        "MutationModel"
      ],
      "type" : {
        "library" : [
          "automatic"
        ]
      }
    },
    {
      "name" : "SwiftFrontend",
      "targets" : [
        "SwiftFrontend"
      ],
      "type" : {
        "library" : [
          "automatic"
        ]
      }
    },
    {
      "name" : "SwiftCoreOperators",
      "targets" : [
        "SwiftCoreOperators"
      ],
      "type" : {
        "library" : [
          "automatic"
        ]
      }
    },
    {
      "name" : "ApplePlatformOperators",
      "targets" : [
        "ApplePlatformOperators"
      ],
      "type" : {
        "library" : [
          "automatic"
        ]
      }
    },
    {
      "name" : "MutantKitSchemataRuntime",
      "targets" : [
        "MutantKitSchemataRuntimeC"
      ],
      "type" : {
        "library" : [
          "static"
        ]
      }
    },
    {
      "name" : "SchemataEligibilityClassifier",
      "targets" : [
        "SchemataEligibilityClassifier"
      ],
      "type" : {
        "executable" : null
      }
    }
  ],
  "targets" : [
    {
      "c99name" : "SwiftFrontend",
      "module_type" : "SwiftTarget",
      "name" : "SwiftFrontend",
      "path" : "Sources/SwiftFrontend",
      "product_dependencies" : [
        "SwiftSyntax",
        "SwiftParser",
        "SwiftOperators"
      ],
      "product_memberships" : [
        "mutantkit",
        "SwiftFrontend",
        "SwiftCoreOperators",
        "ApplePlatformOperators",
        "SchemataEligibilityClassifier"
      ],
      "sources" : [
        "DeclarationIdentityResolver.swift",
        "MutationApplication.swift",
        "MutationDiscovery.swift",
        "MutationOperator.swift",
        "SchemataLowerer.swift",
        "SourceAnchorVerifier.swift",
        "SourceDiff.swift",
        "SyntaxFolding.swift",
        "TokenFingerprint.swift"
      ],
      "target_dependencies" : [
        "MutationModel"
      ],
      "type" : "library"
    },
    {
      "c99name" : "SwiftCoreOperators",
      "module_type" : "SwiftTarget",
      "name" : "SwiftCoreOperators",
      "path" : "Sources/SwiftCoreOperators",
      "product_memberships" : [
        "mutantkit",
        "SwiftCoreOperators",
        "SchemataEligibilityClassifier"
      ],
      "sources" : [
        "ArithmeticOperatorReplacementOperator.swift",
        "ArithmeticOperatorReplacementSchemataLowerer+Lowering.swift",
        "ArithmeticOperatorReplacementSchemataLowerer+PropertyResolution.swift",
        "ArithmeticOperatorReplacementSchemataLowerer.swift",
        "AssignmentOperatorReplacementOperator.swift",
        "BoolLiteralInversionOperator.swift",
        "BoolLiteralSchemataLowerer.swift",
        "ComposedBooleanOperand.swift",
        "ElseClauseDeletionOperator.swift",
        "LogicalConnectorReplacementOperator.swift",
        "LogicalConnectorReplacementSchemataLowerer.swift",
        "NilCoalescingFallbackOperator.swift",
        "NilCoalescingFallbackSchemataLowerer.swift",
        "OperatorExclusions.swift",
        "RangeBoundaryReplacementOperator.swift",
        "RelationalOperatorReplacementOperator.swift",
        "RelationalOperatorReplacementSchemataLowerer.swift",
        "ReturnValueReplacementOperator.swift",
        "ReturnValueReplacementSchemataLowerer.swift",
        "SideEffectCallRemovalOperator.swift",
        "TernaryBranchSwapOperator.swift",
        "TernaryBranchSwapSchemataLowerer.swift",
        "UnaryNotRemovalOperator.swift",
        "UnaryNotRemovalSchemataLowerer.swift"
      ],
      "target_dependencies" : [
        "SwiftFrontend"
      ],
      "type" : "library"
    },
    {
      "c99name" : "SchemataEligibilityClassifier",
      "module_type" : "SwiftTarget",
      "name" : "SchemataEligibilityClassifier",
      "path" : "Sources/SchemataEligibilityClassifier",
      "product_dependencies" : [
        "ArgumentParser"
      ],
      "product_memberships" : [
        "SchemataEligibilityClassifier"
      ],
      "sources" : [
        "EligibilityClassification.swift",
        "main.swift"
      ],
      "target_dependencies" : [
        "MutationModel",
        "SwiftFrontend",
        "SwiftCoreOperators",
        "MutationPlanner",
        "AppleBuildAdapters"
      ],
      "type" : "executable"
    },
    {
      "c99name" : "Reporting",
      "module_type" : "SwiftTarget",
      "name" : "Reporting",
      "path" : "Sources/Reporting",
      "product_memberships" : [
        "mutantkit"
      ],
      "sources" : [
        "AgentEvidenceReport.swift",
        "CISummaryReporter.swift",
        "ConsoleReporter.swift",
        "GitHubActionsReporter.swift",
        "HTMLReporter+Style.swift",
        "HTMLReporter.swift",
        "JSONReporter.swift",
        "NextFixRecommendation.swift",
        "PerformanceSummary.swift",
        "Reporter.swift",
        "RunHistory.swift",
        "SarifReporter.swift",
        "SonarReporter.swift",
        "StrykerReporter.swift",
        "SurvivorActionabilityReport.swift",
        "SurvivorPresentation.swift",
        "TestObligationAnalyzer.swift",
        "TrustReport+KillEvidence.swift",
        "TrustReport+KillingTests.swift",
        "TrustReport+Status.swift",
        "TrustReport.swift",
        "XcodeReporter.swift"
      ],
      "target_dependencies" : [
        "MutationModel"
      ],
      "type" : "library"
    },
    {
      "c99name" : "MuterCompatibility",
      "module_type" : "SwiftTarget",
      "name" : "MuterCompatibility",
      "path" : "Sources/MuterCompatibility",
      "product_dependencies" : [
        "Yams"
      ],
      "product_memberships" : [
        "mutantkit",
        "MuterCompatibility"
      ],
      "sources" : [
        "ImportReport.swift",
        "MuterConfigImporter.swift"
      ],
      "target_dependencies" : [
        "MutationModel"
      ],
      "type" : "library"
    },
    {
      "c99name" : "MutationPlanner",
      "module_type" : "SwiftTarget",
      "name" : "MutationPlanner",
      "path" : "Sources/MutationPlanner",
      "product_memberships" : [
        "mutantkit",
        "SchemataEligibilityClassifier"
      ],
      "sources" : [
        "BudgetSelectorV2.swift",
        "Determinism.swift",
        "DiffScope.swift",
        "InlineMutationSuppression.swift",
        "MutationPlanner.swift",
        "MutationRegistry.swift",
        "MutationSuppression.swift",
        "PlanSharding.swift",
        "SchemataChunkPlanner.swift",
        "SchemataLowererRegistry.swift",
        "SourceFileWalker.swift"
      ],
      "target_dependencies" : [
        "SwiftFrontend",
        "SwiftCoreOperators",
        "ApplePlatformOperators"
      ],
      "type" : "library"
    },
    {
      "c99name" : "MutationModel",
      "module_type" : "SwiftTarget",
      "name" : "MutationModel",
      "path" : "Sources/MutationModel",
      "product_memberships" : [
        "mutantkit",
        "MuterCompatibility",
        "MutationModel",
        "SwiftFrontend",
        "SwiftCoreOperators",
        "ApplePlatformOperators",
        "SchemataEligibilityClassifier"
      ],
      "sources" : [
        "AssertionKillAttribution+TestMatching.swift",
        "AssertionKillAttribution.swift",
        "BaselineControlObservation.swift",
        "CompilerCrashSignature.swift",
        "Configuration.swift",
        "ConfigurationValidation.swift",
        "CoreTypes.swift",
        "EvidenceArchive.swift",
        "EvidenceArchiveReader.swift",
        "ExecutionImplementationVersion.swift",
        "ExecutionProfile.swift",
        "ExecutionSettings.swift",
        "GateTimingRecorder.swift",
        "Hashing.swift",
        "InclusionReason.swift",
        "Integrity.swift",
        "MultiTargetVerdict.swift",
        "MutationEvidence.swift",
        "MutationID.swift",
        "MutationObservations.swift",
        "MutationOutcome.swift",
        "MutationPlan.swift",
        "MutationPoint.swift",
        "MutationResult.swift",
        "MutationVerdictVerifier+BaselineControl.swift",
        "MutationVerdictVerifier+Classification.swift",
        "MutationVerdictVerifier+Confirmation.swift",
        "MutationVerdictVerifier+KillAttribution.swift",
        "MutationVerdictVerifier+Proof.swift",
        "MutationVerdictVerifier+SchemataChain.swift",
        "MutationVerdictVerifier.swift",
        "OperationalIssue.swift",
        "OperatorDescriptor.swift",
        "PlannedMutationRef.swift",
        "ProgressReporter.swift",
        "ProofIdentity.swift",
        "QualityGate.swift",
        "ReportReverification+KillEvidence.swift",
        "ReportReverification+ProductEvidence.swift",
        "ReportReverification+RequiredChecks.swift",
        "ReportReverification.swift",
        "ReportReverifier+TierB.swift",
        "ResultLedger.swift",
        "RunContextFingerprint.swift",
        "RunReport+EvidenceArchive.swift",
        "RunStopRequest.swift",
        "RuntimeTranscript.swift",
        "SchemataBuildReceipt.swift",
        "SchemataEvidence.swift",
        "SchemataLowering.swift",
        "SchemataPlan.swift",
        "SchemataQualification.swift",
        "SimulatorPreparationRecord.swift",
        "TestObservation.swift",
        "VerdictProof.swift",
        "VerifiedMutationRecord.swift"
      ],
      "type" : "library"
    },
    {
      "c99name" : "MutationExecution",
      "module_type" : "SwiftTarget",
      "name" : "MutationExecution",
      "path" : "Sources/MutationExecution",
      "product_memberships" : [
        "mutantkit",
        "SchemataEligibilityClassifier"
      ],
      "sources" : [
        "Adapters.swift",
        "BaselineControlMemo+Schemata.swift",
        "BaselineControlSource.swift",
        "BaselineCoverageMeasurement.swift",
        "CheckpointStore.swift",
        "CleanSubtreeIndex.swift",
        "ConfirmationSandboxPool.swift",
        "CoverageMap.swift",
        "CoverageProfileCache.swift",
        "EvidenceArchivePruner.swift",
        "EvidenceArchiveWriter.swift",
        "ExternalPackageInput.swift",
        "HybridExecutionEngine.swift",
        "LocalPackageDependencyResolving.swift",
        "MutantWorkspace.swift",
        "MutationConfirmationCoordinator+BaselineControl.swift",
        "MutationConfirmationCoordinator+CompilerCrash.swift",
        "MutationConfirmationCoordinator.swift",
        "MutationEvidenceAssembler+EvidenceArchive.swift",
        "MutationEvidenceAssembler.swift",
        "MutationExecutionPlugin.swift",
        "MutationQueue.swift",
        "MutationResultCache.swift",
        "MutationRunner+Baseline.swift",
        "MutationRunner+Batching.swift",
        "MutationRunner+Incremental.swift",
        "MutationRunner+Mutants.swift",
        "MutationRunner+Prepare.swift",
        "MutationRunner+Waves.swift",
        "MutationRunner.swift",
        "MutationRunnerPipeline.swift",
        "PerTestCoverageAttribution.swift",
        "PerTestCoverageMap.swift",
        "PrioritizingTestAdapter.swift",
        "ProcessSupervisor.swift",
        "ProcessSupervisorSupport.swift",
        "ProcessSupervisorTermination.swift",
        "ProcessTree.swift",
        "RunIsolationLock.swift",
        "RunSession.swift",
        "SandboxContainmentProof.swift",
        "SandboxCopyWalk.swift",
        "SandboxExternalRootValidator.swift",
        "SandboxLayout+Project.swift",
        "SandboxLayout.swift",
        "SchemataEvidenceCollector.swift",
        "SchemataMutationRunner+Aggregation.swift",
        "SchemataMutationRunner+Baseline.swift",
        "SchemataMutationRunner+Chunk.swift",
        "SchemataMutationRunner+Confirmation.swift",
        "SchemataMutationRunner+Entries.swift",
        "SchemataMutationRunner+Primary.swift",
        "SchemataMutationRunner+Types.swift",
        "SchemataMutationRunner.swift",
        "SharedBaselineEstablisher.swift",
        "SharedModuleCacheFingerprint.swift",
        "TimeoutController.swift",
        "WorkspaceManager+ProductsLayout.swift",
        "WorkspaceManager.swift"
      ],
      "target_dependencies" : [
        "MutationModel",
        "SwiftFrontend"
      ],
      "type" : "library"
    },
    {
      "c99name" : "MutantKitTests",
      "module_type" : "SwiftTarget",
      "name" : "MutantKitTests",
      "path" : "Tests/MutantKitTests",
      "product_dependencies" : [
        "ArgumentParser"
      ],
      "resources" : [
        {
          "path" : "/Users/admin/builder/spi-builder-workspace/Tests/MutantKitTests/Fixtures",
          "rule" : {
            "copy" : {
            }
          }
        }
      ],
      "sources" : [
        "Acceptance/AcceptanceRun+DefaultArgumentGenerator.swift",
        "Acceptance/AcceptanceSupport.swift",
        "Acceptance/AcceptanceWaveSupport.swift",
        "Acceptance/AccessibilityUISubstrateAcceptanceTests.swift",
        "Acceptance/ArithmeticOperatorRuntimeSafetyAcceptanceTests.swift",
        "Acceptance/BoolLiteralSchemataCompileViabilityAcceptanceTests.swift",
        "Acceptance/CLICommandsAcceptanceTests.swift",
        "Acceptance/CleanSubtreeHFSPlusFallbackAcceptanceTests.swift",
        "Acceptance/ContinuationResumeRemovalCompileViabilityAcceptanceTests.swift",
        "Acceptance/CoreOperatorCompileViabilityAcceptanceTests.swift",
        "Acceptance/CoreOperatorExpansionAcceptanceTests.swift",
        "Acceptance/CoverageGranularityAcceptanceTests.swift",
        "Acceptance/DependencyResolutionPreflightAcceptanceTests.swift",
        "Acceptance/ElseClauseDeletionCompileCorrectnessAcceptanceTests.swift",
        "Acceptance/ExecutionProfileCoverageParityAcceptanceTests.swift",
        "Acceptance/ExecutionProfileParityAcceptanceTests.swift",
        "Acceptance/ExplicitLabelRemovalCompileViabilityAcceptanceTests.swift",
        "Acceptance/ExplicitLabelRemovalUISubstrateAcceptanceTests.swift",
        "Acceptance/ForegroundEventReplacementCompileViabilityAcceptanceTests.swift",
        "Acceptance/GoldenPathOnboardingAcceptanceTests.swift",
        "Acceptance/HitAreaShapeRemovalCompileViabilityAcceptanceTests.swift",
        "Acceptance/HitAreaShapeRemovalUISubstrateAcceptanceTests.swift",
        "Acceptance/LocalPathDependencyAcceptanceTests.swift",
        "Acceptance/LogicalConnectorSchemataIsolatedDifferentialAcceptanceTests.swift",
        "Acceptance/MultiTestBundleCoverageAcceptanceTests.swift",
        "Acceptance/MultiTestTargetCoverageAcceptanceTests.swift",
        "Acceptance/NilCoalescingFallbackSemanticsAcceptanceTests.swift",
        "Acceptance/PerTestProfilingFailClosedAcceptanceTests.swift",
        "Acceptance/PlanZeroDiscoveryAcceptanceTests.swift",
        "Acceptance/PostAwaitCancellationGuardCompileViabilityAcceptanceTests.swift",
        "Acceptance/ProcessSupervisionAcceptanceTests.swift",
        "Acceptance/RORSchemataCompileViabilityAcceptanceTests.swift",
        "Acceptance/RangeBoundaryOperatorRuntimeSafetyAcceptanceTests.swift",
        "Acceptance/RelationalOperatorSchemataIsolatedDifferentialAcceptanceTests.swift",
        "Acceptance/RelationalOperatorSchemataRuntimeAcceptanceTests.swift",
        "Acceptance/ReleaseBundledSchemataRuntimeAcceptanceTests.swift",
        "Acceptance/RequiredDecodeIntroductionCompileViabilityAcceptanceTests.swift",
        "Acceptance/ReturnValueSchemataIsolatedDifferentialAcceptanceTests.swift",
        "Acceptance/RunAlsoReportAcceptanceTests.swift",
        "Acceptance/RunGracefulStopAcceptanceTests.swift",
        "Acceptance/SchemataChildProcessImageAcceptanceTests.swift",
        "Acceptance/SchemataCompileTimeTargetRealResolutionAcceptanceTests.swift",
        "Acceptance/SchemataConfirmationAcceptanceTests.swift",
        "Acceptance/SchemataConfirmationDifferentialAcceptanceTests.swift",
        "Acceptance/SchemataCrashResidueAcceptanceTests.swift",
        "Acceptance/SchemataIOSSimulatorConfirmationAcceptanceTests.swift",
        "Acceptance/SchemataIOSSimulatorRuntimeArtifactAcceptanceTests.swift",
        "Acceptance/SchemataIOSSimulatorRuntimeLinkAcceptanceTests.swift",
        "Acceptance/SchemataIsolatedDifferentialAcceptanceTests.swift",
        "Acceptance/SchemataMatrixIOSSimulatorAcceptanceTests.swift",
        "Acceptance/SchemataMultiTestTargetAcceptanceTests.swift",
        "Acceptance/SchemataMutationRunnerAcceptanceTests.swift",
        "Acceptance/SchemataRunOrchestrationAcceptanceTests.swift",
        "Acceptance/SchemataSupportedMatrixSwiftPMMacOSAcceptanceTests.swift",
        "Acceptance/SchemataSupportedMatrixSwiftPackageAppleAcceptanceTests.swift",
        "Acceptance/SchemataSupportedMatrixXcodeWorkspaceAcceptanceTests.swift",
        "Acceptance/SchemataSwiftPMLinkerInjectionAcceptanceTests.swift",
        "Acceptance/SchemataSwiftPMRuntimeAcceptanceTests.swift",
        "Acceptance/SchemataXcodeRuntimeAcceptanceTests.swift",
        "Acceptance/ShardMergeAcceptanceTests.swift",
        "Acceptance/SharedModuleCacheTests.swift",
        "Acceptance/SideEffectCallRemovalCompileViabilityAcceptanceTests.swift",
        "Acceptance/SideEffectCallRemovalRuntimeSafetyAcceptanceTests.swift",
        "Acceptance/SwiftPMDirectCoverageRunnerAcceptanceTests.swift",
        "Acceptance/SwiftPMLiveSourceResolutionFailSafeAcceptanceTests.swift",
        "Acceptance/SwiftPackageIOSAcceptanceTests.swift",
        "Acceptance/SwiftPackageMacOSAcceptanceTests.swift",
        "Acceptance/SwiftPackageMacOSCoverageAcceptanceTests.swift",
        "Acceptance/SwiftPackageMacOSPerTestCoverageSkipBuildAcceptanceTests.swift",
        "Acceptance/SwiftPackageMacOSProjectPathAcceptanceTests.swift",
        "Acceptance/SwiftPackageMacOSSchemataAdapterAcceptanceTests.swift",
        "Acceptance/SwiftPackageMacOSSwiftTestingSelectionAcceptanceTests.swift",
        "Acceptance/SwiftPackageMacOSXCTestAcceptanceTests.swift",
        "Acceptance/TaskIDRemovalCompileViabilityAcceptanceTests.swift",
        "Acceptance/TernaryBranchSwapSchemataIsolatedDifferentialAcceptanceTests.swift",
        "Acceptance/UnaryNotSchemataIsolatedDifferentialAcceptanceTests.swift",
        "Acceptance/XcodeAcceptanceTests.swift",
        "Acceptance/XcodeAppDebugDylibAcceptanceTests.swift",
        "Acceptance/XcodeBatchHangTimeoutSpikeAcceptanceTests.swift",
        "Acceptance/XcodeBatchNativeTimeoutContainmentAcceptanceTests.swift",
        "Acceptance/XcodeBatchNonCooperativeHangAcceptanceTests.swift",
        "Acceptance/XcodeBatchTestingAcceptanceTests.swift",
        "Acceptance/XcodeBatchTestingSwiftTestingAcceptanceTests.swift",
        "Acceptance/XcodeBatchTestingUITargetAcceptanceTests.swift",
        "Acceptance/XcodeBuildAdapterUninstallSmokeTests.swift",
        "Acceptance/XcodeConfigDetectorAcceptanceTests.swift",
        "Acceptance/XcodeCoverageSelectionAcceptanceTests.swift",
        "Acceptance/XcodeIncrementalBatchTestingAcceptanceTests.swift",
        "Acceptance/XcodePerTestProfilingFailClosedAcceptanceTests.swift",
        "Acceptance/XcodeSchemataAdapterAcceptanceTests.swift",
        "Acceptance/XcodeSchemataConfirmationAcceptanceTests.swift",
        "Acceptance/XcodeSchemataIsolatedDifferentialAcceptanceTests.swift",
        "Acceptance/XcodeSchemeScopedTargetsAcceptanceTests.swift",
        "Acceptance/XcodeSimulatorPoolAcceptanceTests.swift",
        "Acceptance/XcodeSwiftTestingAcceptanceTests.swift",
        "Acceptance/XcodeUnlinkedSourceAcceptanceTests.swift",
        "Acceptance/XcodeWaveEarlyKillAcceptanceTests.swift",
        "Diagnostics/ProcessSupervisorEscapedDescendantOwnershipBoundaryDiagnostic.swift",
        "Integrity/IntegrityCheckerTests.swift",
        "Integrity/MutationScoreTests.swift",
        "Integrity/SchemataIntegrityCheckerTests.swift",
        "OperatorFixtures/BoolLiteralInversionTests.swift",
        "OperatorFixtures/OperatorContractTests.swift",
        "OperatorFixtures/RelationalOperatorReplacementTests.swift",
        "Regression/DocumentationLinksResolveTests.swift",
        "Regression/DocumentedVersionPinConsistencyTests.swift",
        "Regression/GoldenJSONFixtureTests.swift",
        "Regression/LocalPackageSandboxClosureTests.swift",
        "Regression/OperatorParityMatrixTests.swift",
        "Regression/PhantomMutantTests.swift",
        "Regression/ProcessSupervisorBypassRegressionTests.swift",
        "Regression/ReparseRoundTripTests.swift",
        "Regression/RunReportTrustedIngressRegressionTests.swift",
        "Regression/RunSessionAndVerdictPolicyRegressionTests.swift",
        "Regression/SandboxPathLengthTests.swift",
        "Regression/SchemataCapabilityGuardOrderingRegressionTests.swift",
        "Regression/SchemataWorkspaceAndBaselineRegressionTests.swift",
        "Regression/ShardCheckpointIsolationTests.swift",
        "Regression/ShippedGuidancePerformanceClaimTests.swift",
        "Regression/V2InvariantsAuditRegressionSupport.swift",
        "Regression/XUnitFabricationTests.swift",
        "Regression/XcodeAdapterStructuralGuardRegressionTests.swift",
        "Support/BoundedProcessWait.swift",
        "Support/Builders.swift",
        "Support/CancellationAfterRootExitFixture.swift",
        "Support/DescendantSentinelAfterRootExitFixture.swift",
        "Support/FakeSchemataAdapter.swift",
        "Support/ForcedIncompleteOutputFixture.swift",
        "Support/GitFixture.swift",
        "Support/LocalPackageFixture.swift",
        "Support/MinimalMachO.swift",
        "Support/MinimalMachOCString.swift",
        "Support/ProcessSupervisorOwnershipFixture.swift",
        "Support/RunInputStateFixture.swift",
        "Support/SubprocessTestGate.swift",
        "Support/TestSupport.swift",
        "Support/WaveEarlyKillFixture.swift",
        "Unit/AgentFormatNDJSONTests.swift",
        "Unit/ArithmeticOperatorReplacementREDTests.swift",
        "Unit/ArithmeticOperatorReplacementSchemataLowererOperandKindTests.swift",
        "Unit/ArithmeticOperatorReplacementSchemataLowererShadowTests.swift",
        "Unit/ArithmeticOperatorReplacementSchemataLowererTests.swift",
        "Unit/AssertionKillConfirmationTests.swift",
        "Unit/BaselineControlMemoTests.swift",
        "Unit/BaselineControlProductsLayoutTests.swift",
        "Unit/BaselineControlSandboxLifetimeTests.swift",
        "Unit/BaselineControlTests.swift",
        "Unit/BatchXCTestRunBuilderTests.swift",
        "Unit/BoolLiteralSchemataLowererTests.swift",
        "Unit/BudgetSelectorTests.swift",
        "Unit/BudgetSelectorV2Tests.swift",
        "Unit/BuildClassifierColoredDiagnosticsTests.swift",
        "Unit/BuildClassifierCompilerCrashTests.swift",
        "Unit/BuildClassifierOutputCompletenessTests.swift",
        "Unit/BuildClassifierToolErrorTests.swift",
        "Unit/CIAcceptanceMatrixClassificationTests.swift",
        "Unit/CIRouteClassificationTests.swift",
        "Unit/CISummaryReporterSurvivorGroupingTests.swift",
        "Unit/CallOperandDifferentialTests.swift",
        "Unit/CleanSubtreeIndexTests.swift",
        "Unit/CompilerCrashSignatureTests.swift",
        "Unit/ComposedBooleanOperandDifferentialTests.swift",
        "Unit/ComposedBooleanOperandSchemataTests.swift",
        "Unit/ConfigCommandJSONTests.swift",
        "Unit/ConfigurationLoaderExecutionStrategyDefaultTests.swift",
        "Unit/ConfigurationLoaderParseTests.swift",
        "Unit/ConfigurationLoaderProductionProfileTests.swift",
        "Unit/ConfigurationSchemaParityTests.swift",
        "Unit/ConfigurationValidationTests.swift",
        "Unit/ConfigurationValidationUncoveredRulesTests.swift",
        "Unit/ConsoleReporterTests.swift",
        "Unit/ContinuationResumeRemovalOperatorREDTests.swift",
        "Unit/CoreOperatorExpansionApplicationREDTests.swift",
        "Unit/CoreOperatorExpansionTestSupport.swift",
        "Unit/CoreOperatorRegistryExpansionTests.swift",
        "Unit/CoverageGranularityTests.swift",
        "Unit/CoverageMapTests.swift",
        "Unit/CoverageProfileCacheTests.swift",
        "Unit/CrashProvenanceVerifierTests.swift",
        "Unit/CrossFileResultCacheInvalidationTests.swift",
        "Unit/CrossReporterSurvivorPresentationTests.swift",
        "Unit/DefaultDestinationConsistencyTests.swift",
        "Unit/DestinationResolverTests.swift",
        "Unit/DiagnosticsParseDestinationsTests.swift",
        "Unit/DiffScopeTests.swift",
        "Unit/DoctorCommandJSONTests.swift",
        "Unit/DoctorDiagnosisUniquenessTests.swift",
        "Unit/DoctorNextStepMessageTests.swift",
        "Unit/DryRunCommandCountsDescriptionTests.swift",
        "Unit/ElseClauseDeletionOperatorREDTests.swift",
        "Unit/EvidenceArchiveTests+BaselineControl.swift",
        "Unit/EvidenceArchiveTests+Binding.swift",
        "Unit/EvidenceArchiveTests+Operations.swift",
        "Unit/EvidenceArchiveTests+Privacy.swift",
        "Unit/EvidenceArchiveTests+Retention.swift",
        "Unit/EvidenceArchiveTests+RunID.swift",
        "Unit/EvidenceArchiveTests.swift",
        "Unit/ExecutionCapabilitiesDiagnosisSchemataTests.swift",
        "Unit/ExecutionProfileCommandRenderTests.swift",
        "Unit/ExecutionProfileResolverTests.swift",
        "Unit/ExecutionProfileSchemataPreviewTests.swift",
        "Unit/ExecutionProfileSupportTests.swift",
        "Unit/ExitCodeConsistencyTests.swift",
        "Unit/ExplicitLabelRemovalOperatorREDTests.swift",
        "Unit/ExternalPackageInputFingerprintTests.swift",
        "Unit/ForegroundEventReplacementOperatorREDTests.swift",
        "Unit/GateCommandBaselineOperatorDiagnosticTests.swift",
        "Unit/GateCommandJSONTests.swift",
        "Unit/GitDiffTests.swift",
        "Unit/GitHubActionsReporterTests.swift",
        "Unit/GlobTests.swift",
        "Unit/HTMLReporterTests.swift",
        "Unit/HitAreaShapeRemovalOperatorREDTests.swift",
        "Unit/HostResourcePreflightTests.swift",
        "Unit/InlineMutationSuppressionScannerTests.swift",
        "Unit/InspectCommandAgentJSONTests.swift",
        "Unit/JSONErrorPathContractTests.swift",
        "Unit/JSONOutputTests.swift",
        "Unit/KillAttributionMatchingTests.swift",
        "Unit/KillAttributionReportTests.swift",
        "Unit/KillAttributionTests.swift",
        "Unit/KillingTestsReportTests.swift",
        "Unit/LogicalConnectorReplacementOperatorTests.swift",
        "Unit/LogicalConnectorReplacementSchemataLowererTests.swift",
        "Unit/MachOCStringHashTests.swift",
        "Unit/MachOCodeHashFatBinaryTests.swift",
        "Unit/MachOCodeHashTests.swift",
        "Unit/MachOReceiptExtractorTests.swift",
        "Unit/ManifestationStabilityAcceptanceTests.swift",
        "Unit/MergeCommandHistoryTests.swift",
        "Unit/MultiTargetVerdictTests.swift",
        "Unit/MutantKitInstallLocationTests.swift",
        "Unit/MutationApplicationTests.swift",
        "Unit/MutationIDTests.swift",
        "Unit/MutationPlanTests.swift",
        "Unit/MutationPlannerEndToEndTests.swift",
        "Unit/MutationQueueAffinityTests.swift",
        "Unit/MutationRegistryTests.swift",
        "Unit/MutationResultCacheTests.swift",
        "Unit/MutationRunnerBaselineControlOriginLifetimeTests.swift",
        "Unit/MutationRunnerBatchTestingTests.swift",
        "Unit/MutationRunnerCompilerCrashTests.swift",
        "Unit/MutationRunnerConfirmKillWorkspaceIsolationTests.swift",
        "Unit/MutationRunnerCoverageCacheTests.swift",
        "Unit/MutationRunnerCrashConfirmationTests.swift",
        "Unit/MutationRunnerFlakyRetestTests.swift",
        "Unit/MutationRunnerIncrementalBatchTestingTests.swift",
        "Unit/MutationRunnerIncrementalBuildTests.swift",
        "Unit/MutationRunnerManifestDependentConfirmationRetestTests.swift",
        "Unit/MutationRunnerNoOpShortCircuitTests.swift",
        "Unit/MutationRunnerPipelinedBatchTestingTests.swift",
        "Unit/MutationRunnerResultCacheTests.swift",
        "Unit/MutationRunnerTestSelectionTests.swift",
        "Unit/MutationRunnerTimeoutConfirmationInnerRetestIsolationTests.swift",
        "Unit/MutationRunnerTimeoutConfirmationTests.swift",
        "Unit/MutationRunnerWaveEarlyKillAccountingTests.swift",
        "Unit/MutationRunnerWaveEarlyKillTests.swift",
        "Unit/MutationRunnerWaveEarlyKillTimeoutTests.swift",
        "Unit/MutationSuppressionTests.swift",
        "Unit/MutationVerdictVerifierKillConfirmationTests.swift",
        "Unit/MutationVerdictVerifierSchemataChainTests.swift",
        "Unit/MutationVerdictVerifierTests.swift",
        "Unit/MuterConfigImporterDecodingTests.swift",
        "Unit/MuterConfigImporterExcludeCallsTests.swift",
        "Unit/MuterConfigImporterTranslationTests.swift",
        "Unit/MuterConfigImporterVersionTests.swift",
        "Unit/NextFixRecommendationTests.swift",
        "Unit/NilCoalescingFallbackDifferentialTests.swift",
        "Unit/NilCoalescingFallbackOperatorREDTests.swift",
        "Unit/NilCoalescingFallbackSchemataLowererTests.swift",
        "Unit/OnlyTestingArgumentTests.swift",
        "Unit/OperandShapeDifferentialTests.swift",
        "Unit/OperationalIssueTests.swift",
        "Unit/OperatorBudgetSummaryTests.swift",
        "Unit/OperatorCatalogCommandTests.swift",
        "Unit/OperatorProfileTiersTests.swift",
        "Unit/PerTestCoverageAttributionReportTests.swift",
        "Unit/PerTestCoverageMapTests.swift",
        "Unit/PerformanceSummaryTests.swift",
        "Unit/PlanCommandToolchainEvidenceTests.swift",
        "Unit/PlanCompatibilityValidatorTests.swift",
        "Unit/PlanShardingTests.swift",
        "Unit/PostAwaitCancellationGuardRemovalOperatorREDTests.swift",
        "Unit/PrioritizingTestAdapterTests.swift",
        "Unit/PrioritizingWrapperConfirmationRetestRegressionTests.swift",
        "Unit/ProcessSupervisorDrainClassificationTests.swift",
        "Unit/ProcessSupervisorFileDescriptorLeakTests.swift",
        "Unit/ProcessSupervisorOutputCompletenessTests.swift",
        "Unit/ProcessSupervisorOwnershipTests.swift",
        "Unit/ProcessSupervisorResidueTests.swift",
        "Unit/ProcessSupervisorSpawnedProcessSignalStateTests.swift",
        "Unit/ProcessSupervisorStallDetectionTests.swift",
        "Unit/ProcessSupervisorZeroBaseReviewFindingsTests.swift",
        "Unit/ProcessTreeTests.swift",
        "Unit/ProjectDetectionPlanTests.swift",
        "Unit/ProjectDetectorManifestRetryTests.swift",
        "Unit/ProjectPathResolutionTests.swift",
        "Unit/ProofIdentityTests.swift",
        "Unit/QualityGateSettingsTests.swift",
        "Unit/QualityGateTests.swift",
        "Unit/RangeBoundaryReplacementOperatorREDTests.swift",
        "Unit/ReadinessCheckInMemoryConfigurationTests.swift",
        "Unit/ReadinessCheckVersionFloorTests.swift",
        "Unit/RelationalOperatorReplacementSchemataLowererOperandKindTests.swift",
        "Unit/RelationalOperatorReplacementSchemataLowererTests.swift",
        "Unit/ReportCompletenessTests.swift",
        "Unit/ReporterDerivedViewTests.swift",
        "Unit/ReporterFailClosedTests.swift",
        "Unit/RequiredDecodeIntroductionOperatorREDTests.swift",
        "Unit/ResultOriginTests.swift",
        "Unit/ReturnValueReplacementOperatorREDTests.swift",
        "Unit/ReturnValueReplacementSchemataLowererTests.swift",
        "Unit/RunCommandDependencyResolutionPreflightTests.swift",
        "Unit/RunCommandHistoryTests.swift",
        "Unit/RunCommandLockIdentityTests.swift",
        "Unit/RunCommandTestAdapterResolutionTests.swift",
        "Unit/RunContextProbeContentIdentityTests.swift",
        "Unit/RunContextProbeExcludedPathsTests.swift",
        "Unit/RunContextProbeIdentityScopeTests.swift",
        "Unit/RunContextProbeOutputCompletenessTests.swift",
        "Unit/RunContextProbeTests.swift",
        "Unit/RunHistoryTests.swift",
        "Unit/RunInputStateTests.swift",
        "Unit/RunInterruptionTests.swift",
        "Unit/RunIsolationLockTests.swift",
        "Unit/RunManifestSimulatorPreparationTests.swift",
        "Unit/RunObservabilityTests.swift",
        "Unit/RunReportSchemaVersionTests.swift",
        "Unit/SandboxContainmentProofTests.swift",
        "Unit/SandboxCopyWalkTests.swift",
        "Unit/SandboxExternalRootValidatorTests.swift",
        "Unit/SandboxLayoutTests.swift",
        "Unit/SarifReporterTests.swift",
        "Unit/SchemataBuildReceiptTests.swift",
        "Unit/SchemataBuiltImageInspectionTests.swift",
        "Unit/SchemataChunkPlannerTests.swift",
        "Unit/SchemataCompileTimeTargetTests.swift",
        "Unit/SchemataConfirmationCrashTimeoutVerifierTests.swift",
        "Unit/SchemataConfirmationVerifierTests.swift",
        "Unit/SchemataDegradedBaselineTests.swift",
        "Unit/SchemataEligibilityClassifierTests.swift",
        "Unit/SchemataEvidenceCollectorTests.swift",
        "Unit/SchemataFallbackObservabilityTests.swift",
        "Unit/SchemataLowererRegistryTests.swift",
        "Unit/SchemataLoweringTests.swift",
        "Unit/SchemataMultiImageReceiptTests.swift",
        "Unit/SchemataMutationRunnerBaselineFailureDiagnosisTests.swift",
        "Unit/SchemataMutationRunnerBatchRecoveryTests.swift",
        "Unit/SchemataMutationRunnerBatchingTestSupport.swift",
        "Unit/SchemataMutationRunnerBatchingTests.swift",
        "Unit/SchemataMutationRunnerConcurrencyTests.swift",
        "Unit/SchemataMutationRunnerContainmentTests.swift",
        "Unit/SchemataMutationRunnerCoverageCacheTests.swift",
        "Unit/SchemataMutationRunnerDynamicFallbackTests.swift",
        "Unit/SchemataMutationRunnerHangBudgetOverflowTests.swift",
        "Unit/SchemataMutationRunnerReceiptUnavailableFallbackTests.swift",
        "Unit/SchemataMutationRunnerRecoveryRebuildFailureTests.swift",
        "Unit/SchemataMutationRunnerSharedChunkBuildFailureTests.swift",
        "Unit/SchemataMutationRunnerTestSelectionTests.swift",
        "Unit/SchemataMutationRunnerTimeoutBudgetTests.swift",
        "Unit/SchemataMutationRunnerTimeoutEvidenceTests.swift",
        "Unit/SchemataMutationRunnerVerifierAuthorityRegressionTests.swift",
        "Unit/SchemataPlanExecutionContextTests.swift",
        "Unit/SchemataPlanLoaderTests.swift",
        "Unit/SchemataPlanTests.swift",
        "Unit/SchemataQualificationTests.swift",
        "Unit/SchemataRuntimeBundledLocatorArchivePathTests.swift",
        "Unit/SchemataRuntimeBundledLocatorTests.swift",
        "Unit/SchemataRuntimeDiagnosisTests.swift",
        "Unit/SchemataRuntimePlatformTests.swift",
        "Unit/SchemataRuntimeProtocolV3Tests.swift",
        "Unit/SchemataRuntimeStalenessGuardTests.swift",
        "Unit/SchemeDiscoveryObservationLogTests.swift",
        "Unit/SetupCommandDryRunReadinessTests.swift",
        "Unit/SetupCommandNextStepTests.swift",
        "Unit/SetupCommandXCTestRunFallbackTests.swift",
        "Unit/SharedBaselineEstablisherTests.swift",
        "Unit/SharedModuleCacheFingerprintTests.swift",
        "Unit/SharedModuleCacheNamespaceTests.swift",
        "Unit/SideEffectCallRemovalOperatorREDTests.swift",
        "Unit/SimulatorPoolCloningTests.swift",
        "Unit/SimulatorPoolLeaseMatchingTests.swift",
        "Unit/SimulatorPoolLifecycleTests.swift",
        "Unit/SmallCLICommandCoverageGapTests.swift",
        "Unit/SonarReporterTests.swift",
        "Unit/SourceAnchorVerifierTests.swift",
        "Unit/SourceCoverageNeverRunFileTests.swift",
        "Unit/SourceCoverageReaderTests.swift",
        "Unit/SourceDiffTests.swift",
        "Unit/SourceFileWalkerTests.swift",
        "Unit/StrykerReporterTests.swift",
        "Unit/SurvivorActionabilityReportTests.swift",
        "Unit/SurvivorPresentationBuilderTests.swift",
        "Unit/SwiftPMCoverageExporterTests.swift",
        "Unit/SwiftPMDependencyGraphSourceFilesTests.swift",
        "Unit/SwiftPMLinkerInjectorTests.swift",
        "Unit/SwiftPMLiveSourceResolutionTests.swift",
        "Unit/SwiftPMLocalDependencyResolverTests.swift",
        "Unit/SwiftPMTestBundleCoverageExportTests.swift",
        "Unit/SwiftPMTestProductResolverTests.swift",
        "Unit/SwiftPackageMacOSAdapterSharedCacheRecoveryTests.swift",
        "Unit/SwiftPackageMacOSConfirmationRetestRegressionTests.swift",
        "Unit/SwiftPackageMacOSExitXUnitContradictionTests.swift",
        "Unit/SwiftPackageMacOSTestProcessCrashTests.swift",
        "Unit/SwiftPackageMacOSTestSelectionTests.swift",
        "Unit/SwiftTestingEventStreamParserEmptyEndedTests.swift",
        "Unit/SwiftTestingEventStreamParserTests.swift",
        "Unit/SwiftTestingSelectionIdentityTests.swift",
        "Unit/SyntaxFixtureCoverageTests.swift",
        "Unit/TaskIDRemovalOperatorREDTests.swift",
        "Unit/TernaryBranchSwapOperatorREDTests.swift",
        "Unit/TernaryBranchSwapSchemataLowererOperandKindTests.swift",
        "Unit/TernaryBranchSwapSchemataLowererTests.swift",
        "Unit/TestObligationAnalyzerTests.swift",
        "Unit/TestProductHasherTests.swift",
        "Unit/TimeoutControllerTests.swift",
        "Unit/TimingInstrumentationCodableTests.swift",
        "Unit/ToolchainCacheFingerprintProbeConcurrencyTests.swift",
        "Unit/ToolchainCacheFingerprintProbeTests.swift",
        "Unit/ToolchainCacheIdentityCompletenessTests.swift",
        "Unit/ToolchainProbeCombinedCompletenessTests.swift",
        "Unit/ToolchainProbeTests.swift",
        "Unit/ToolchainProbeVersionOutcomeTests.swift",
        "Unit/TrustCommandJSONTests.swift",
        "Unit/TrustFailClosedTests.swift",
        "Unit/TrustOlderVerifierNoticeTests.swift",
        "Unit/TrustReportTests.swift",
        "Unit/TrustVerificationTests.swift",
        "Unit/UnaryNotRemovalOperatorREDTests.swift",
        "Unit/UnaryNotRemovalSchemataLowererTests.swift",
        "Unit/VerifyCommandCompatibilityTests.swift",
        "Unit/VerifyRunCommandTests.swift",
        "Unit/VerifyRunSurvivorEvidenceTests.swift",
        "Unit/WorkflowErrexitCaptureTests.swift",
        "Unit/WorkflowXcodePinTests.swift",
        "Unit/WorkspaceManagerCleanSubtreeCloningTests.swift",
        "Unit/WorkspaceManagerCloneProductsForConfirmationTests.swift",
        "Unit/WorkspaceManagerCloneProductsTests.swift",
        "Unit/WorkspaceManagerMultiRootTests.swift",
        "Unit/XCResultAdapterBatchTests.swift",
        "Unit/XCResultAdapterTests.swift",
        "Unit/XccovCoverageReaderTests.swift",
        "Unit/XcodeBuildAdapterArgumentsTests.swift",
        "Unit/XcodeBuildAdapterSchemeDiscoveryRetryTests.swift",
        "Unit/XcodeBuildAdapterSimulatorPreparationTests.swift",
        "Unit/XcodeBuildAdapterUninstallFailureTests.swift",
        "Unit/XcodeConfigDetectorTests.swift",
        "Unit/XcodeSchemeBuiltTargetsTests.swift",
        "Unit/XcodeSynchronizedGroupMembershipTests.swift",
        "Unit/XcodeTargetResolverTests.swift",
        "Unit/XcodeTestIdentifierEnumerationTests.swift",
        "Unit/XcodeWorkspaceTargetResolverTests.swift"
      ],
      "target_dependencies" : [
        "MutationModel",
        "SwiftFrontend",
        "SwiftCoreOperators",
        "ApplePlatformOperators",
        "MutationPlanner",
        "MutationExecution",
        "AppleBuildAdapters",
        "Reporting",
        "MuterCompatibility",
        "CLI",
        "SchemataEligibilityClassifier",
        "MutantKitSchemataRuntimeC"
      ],
      "type" : "test"
    },
    {
      "c99name" : "MutantKitSchemataRuntimeC",
      "module_type" : "ClangTarget",
      "name" : "MutantKitSchemataRuntimeC",
      "path" : "Sources/MutantKitSchemataRuntimeC",
      "product_memberships" : [
        "MutantKitSchemataRuntime"
      ],
      "sources" : [
        "mutantkit_protocol_v3.c"
      ],
      "type" : "library"
    },
    {
      "c99name" : "CLI",
      "module_type" : "SwiftTarget",
      "name" : "CLI",
      "path" : "Sources/CLI",
      "product_dependencies" : [
        "ArgumentParser",
        "Yams"
      ],
      "product_memberships" : [
        "mutantkit"
      ],
      "sources" : [
        "Commands/ConfigCommand.swift",
        "Commands/DoctorCommand.swift",
        "Commands/DryRunCommand.swift",
        "Commands/ExecutionProfileCommand.swift",
        "Commands/FixPlanCommand.swift",
        "Commands/GateCommand.swift",
        "Commands/HistoryCommand.swift",
        "Commands/InitCommand.swift",
        "Commands/InspectCommand.swift",
        "Commands/MergeCommand.swift",
        "Commands/MigrateCommand.swift",
        "Commands/NextCommand.swift",
        "Commands/OperatorCatalogCommand.swift",
        "Commands/PerfCommand.swift",
        "Commands/PlanCommand.swift",
        "Commands/ReproduceCommand+Execution.swift",
        "Commands/ReproduceCommand.swift",
        "Commands/RunCommand+DependencyResolutionPreflight.swift",
        "Commands/RunCommand+EvidenceArchive.swift",
        "Commands/RunCommand+ExecutionContext.swift",
        "Commands/RunCommand+Interruption.swift",
        "Commands/RunCommand+Reports.swift",
        "Commands/RunCommand.swift",
        "Commands/SchemataRunOrchestration.swift",
        "Commands/SetupCommand.swift",
        "Commands/ShardCommand.swift",
        "Commands/SurvivorsCommand.swift",
        "Commands/TrustCommand+VersionSkew.swift",
        "Commands/TrustCommand.swift",
        "Commands/VerifyCommand.swift",
        "Commands/VerifyRunCommand+SourceEvidence.swift",
        "Commands/VerifyRunCommand.swift",
        "ConfigurationLoader.swift",
        "ConfigurationPreflight.swift",
        "EvidenceArchiveLocator.swift",
        "ExecutionCapabilitiesDiagnosis.swift",
        "ExecutionProfileSupport.swift",
        "GitDiff.swift",
        "HostResourcePreflight.swift",
        "JSONOutput.swift",
        "LocalPackageLayout.swift",
        "MutantKit.swift",
        "PlanCompatibility.swift",
        "PlanLocator.swift",
        "ProjectDetectionPlan.swift",
        "ReadinessCheck.swift",
        "ResourceSnapshot.swift",
        "RunContextProbe.swift",
        "RunInputState.swift",
        "RunManifest.swift",
        "SchemataRuntimeDiagnosis.swift",
        "SwiftPMLiveSourceResolution.swift",
        "ToolchainProbe.swift",
        "Version.swift"
      ],
      "target_dependencies" : [
        "MutationModel",
        "MutationPlanner",
        "MutationExecution",
        "AppleBuildAdapters",
        "Reporting",
        "MuterCompatibility"
      ],
      "type" : "executable"
    },
    {
      "c99name" : "ApplePlatformOperators",
      "module_type" : "SwiftTarget",
      "name" : "ApplePlatformOperators",
      "path" : "Sources/ApplePlatformOperators",
      "product_memberships" : [
        "mutantkit",
        "ApplePlatformOperators",
        "SchemataEligibilityClassifier"
      ],
      "sources" : [
        "ContinuationResumeRemovalOperator.swift",
        "ExplicitLabelRemovalOperator.swift",
        "ForegroundEventReplacementOperator.swift",
        "HitAreaShapeRemovalOperator.swift",
        "LifecycleSuperCallRemovalOperator.swift",
        "PostAwaitCancellationGuardRemovalOperator.swift",
        "RequiredDecodeIntroductionOperator.swift",
        "TaskIDRemovalOperator.swift"
      ],
      "target_dependencies" : [
        "SwiftFrontend"
      ],
      "type" : "library"
    },
    {
      "c99name" : "AppleBuildAdapters",
      "module_type" : "SwiftTarget",
      "name" : "AppleBuildAdapters",
      "path" : "Sources/AppleBuildAdapters",
      "product_memberships" : [
        "mutantkit",
        "SchemataEligibilityClassifier"
      ],
      "sources" : [
        "AdapterSupport.swift",
        "AppleAdapterFactory.swift",
        "BatchXCTestRunBuilder.swift",
        "BuildClassifier.swift",
        "DestinationResolver.swift",
        "Diagnostics.swift",
        "MachOCodeHash.swift",
        "MachOReceiptExtractor.swift",
        "MutantKitInstallLocation.swift",
        "PerTestCoverageProfileAttempt.swift",
        "ProjectDetector.swift",
        "ProjectPathResolution.swift",
        "SchemataBuiltImageInspection.swift",
        "SchemataRuntimeLibraryLocator.swift",
        "SchemataRuntimeManifest.swift",
        "SchemataRuntimePlatform.swift",
        "SchemataRuntimeStalenessGuard.swift",
        "SchemeDiscoveryObservationLog.swift",
        "SchemeResolutionDiagnosis.swift",
        "SimulatorPool+WorkerPool.swift",
        "SimulatorPool.swift",
        "SourceCoverageReader.swift",
        "SwiftPMCompilationUnitImageResolver.swift",
        "SwiftPMCoverageExporter.swift",
        "SwiftPMDirectCoverageRunner.swift",
        "SwiftPMLinkerInjector.swift",
        "SwiftPMLocalDependencyResolver.swift",
        "SwiftPMManifestDump.swift",
        "SwiftPMSandboxContainmentProof.swift",
        "SwiftPMTargetResolver.swift",
        "SwiftPMTestBundleCoverageExport.swift",
        "SwiftPMTestProductResolver.swift",
        "SwiftPackageMacOSAdapter+CoverageUnits.swift",
        "SwiftPackageMacOSAdapter.swift",
        "SwiftPackageMacOSDependencyResolutionPreflight.swift",
        "SwiftPackageMacOSTestClassification.swift",
        "SwiftTestingEventStreamParser+EmptyTestEnded.swift",
        "SwiftTestingEventStreamParser.swift",
        "XCResultAdapter.swift",
        "XUnitParser.swift",
        "XccovCoverageReader.swift",
        "XcodeBuildAdapter+Batch.swift",
        "XcodeBuildAdapter+Schemata.swift",
        "XcodeBuildAdapter+TestSelection.swift",
        "XcodeBuildAdapter.swift",
        "XcodeBuildDriver.swift",
        "XcodeCompilationUnitImageResolver.swift",
        "XcodeConfigDetector.swift",
        "XcodeLinkerInjector.swift",
        "XcodeSchemeResolver.swift",
        "XcodeSimulatorLease.swift",
        "XcodeStaleAppUninstall.swift",
        "XcodeTargetResolver+Pbxproj.swift",
        "XcodeTargetResolver+Workspace.swift",
        "XcodeTargetResolver.swift",
        "XcodeTestInvocation.swift",
        "XcodeTestRunFiles.swift"
      ],
      "target_dependencies" : [
        "MutationExecution",
        "SwiftCoreOperators",
        "MutationPlanner"
      ],
      "type" : "library"
    }
  ],
  "tools_version" : "6.0"
}
{
  "workspace" : {
    "name" : "MutantKit",
    "schemes" : [
      "ApplePlatformOperators",
      "mutantkit",
      "MutantKit-Package",
      "MutantKitSchemataRuntime",
      "MutationModel",
      "MuterCompatibility",
      "SchemataEligibilityClassifier",
      "SwiftCoreOperators",
      "SwiftFrontend"
    ]
  }
}
2026-10-27 12:38:41.138 xcodebuild[1042:6096] [MT] IDERunDestination: Supported platforms for the buildables in the current scheme is empty.
Running build ...
env DEVELOPER_DIR=/Applications/Xcode-27.0.0.app xcrun xcodebuild -IDEClonedSourcePackagesDirPathOverride=$PWD/.dependencies -skipMacroValidation -skipPackagePluginValidation -derivedDataPath $PWD/.derivedData build -scheme MutantKit-Package -destination generic/platform=tvOS
Command line invocation:
    /Applications/Xcode-27.0.0.app/Contents/Developer/usr/bin/xcodebuild -IDEClonedSourcePackagesDirPathOverride=/Users/admin/builder/spi-builder-workspace/.dependencies -skipMacroValidation -skipPackagePluginValidation -derivedDataPath /Users/admin/builder/spi-builder-workspace/.derivedData build -scheme MutantKit-Package -destination generic/platform=tvOS
Resolve Package Graph
Resolved source packages:
  Yams: https://github.com/jpsim/Yams.git @ 6.2.2
  swift-argument-parser: https://github.com/apple/swift-argument-parser.git @ 1.8.2
  MutantKit: /Users/admin/builder/spi-builder-workspace
  swift-syntax: https://github.com/swiftlang/swift-syntax.git @ 604.0.0
ComputePackagePrebuildTargetDependencyGraph
Prepare packages
CreateBuildRequest
SendProjectDescription
CreateBuildOperation
ComputeTargetDependencyGraph
note: Building targets in dependency order
note: Target dependency graph (39 targets)
    Target 'SchemataEligibilityClassifier-product' in project 'MutantKit'
        ➜ Explicit dependency on target 'MutationModel' in project 'MutantKit'
        ➜ Explicit dependency on target 'SwiftFrontend' in project 'MutantKit'
        ➜ Explicit dependency on target 'SwiftCoreOperators' in project 'MutantKit'
        ➜ Explicit dependency on target 'ApplePlatformOperators' in project 'MutantKit'
        ➜ Explicit dependency on target 'MutationPlanner' in project 'MutantKit'
        ➜ Explicit dependency on target 'MutationExecution' in project 'MutantKit'
        ➜ Explicit dependency on target 'AppleBuildAdapters' in project 'MutantKit'
        ➜ Explicit dependency on target 'SwiftSyntax-product' in project 'swift-syntax'
        ➜ Explicit dependency on target 'SwiftParser-product' in project 'swift-syntax'
        ➜ Explicit dependency on target 'SwiftOperators-product' in project 'swift-syntax'
        ➜ Explicit dependency on target 'ArgumentParser-product' in project 'swift-argument-parser'
    Target 'mutantkit-product' in project 'MutantKit'
        ➜ Explicit dependency on target 'MutationModel' in project 'MutantKit'
        ➜ Explicit dependency on target 'SwiftFrontend' in project 'MutantKit'
        ➜ Explicit dependency on target 'SwiftCoreOperators' in project 'MutantKit'
        ➜ Explicit dependency on target 'ApplePlatformOperators' in project 'MutantKit'
        ➜ Explicit dependency on target 'MutationPlanner' in project 'MutantKit'
        ➜ Explicit dependency on target 'MutationExecution' in project 'MutantKit'
        ➜ Explicit dependency on target 'AppleBuildAdapters' in project 'MutantKit'
        ➜ Explicit dependency on target 'Reporting' in project 'MutantKit'
        ➜ Explicit dependency on target 'MuterCompatibility' in project 'MutantKit'
        ➜ Explicit dependency on target 'SwiftSyntax-product' in project 'swift-syntax'
        ➜ Explicit dependency on target 'SwiftParser-product' in project 'swift-syntax'
        ➜ Explicit dependency on target 'SwiftOperators-product' in project 'swift-syntax'
        ➜ Explicit dependency on target 'Yams-product' in project 'Yams'
        ➜ Explicit dependency on target 'ArgumentParser-product' in project 'swift-argument-parser'
    Target 'ArgumentParser-product' in project 'swift-argument-parser'
        ➜ Explicit dependency on target 'ArgumentParser' in project 'swift-argument-parser'
        ➜ Explicit dependency on target 'ArgumentParserToolInfo' in project 'swift-argument-parser'
    Target 'ArgumentParser' in project 'swift-argument-parser'
        ➜ Explicit dependency on target 'ArgumentParserToolInfo' in project 'swift-argument-parser'
    Target 'ArgumentParserToolInfo' in project 'swift-argument-parser' (no dependencies)
    Target 'Reporting' in project 'MutantKit'
        ➜ Explicit dependency on target 'MutationModel' in project 'MutantKit'
    Target 'AppleBuildAdapters' in project 'MutantKit'
        ➜ Explicit dependency on target 'MutationModel' in project 'MutantKit'
        ➜ Explicit dependency on target 'SwiftFrontend' in project 'MutantKit'
        ➜ Explicit dependency on target 'MutationExecution' in project 'MutantKit'
        ➜ Explicit dependency on target 'SwiftCoreOperators' in project 'MutantKit'
        ➜ Explicit dependency on target 'ApplePlatformOperators' in project 'MutantKit'
        ➜ Explicit dependency on target 'MutationPlanner' in project 'MutantKit'
        ➜ Explicit dependency on target 'SwiftSyntax-product' in project 'swift-syntax'
        ➜ Explicit dependency on target 'SwiftParser-product' in project 'swift-syntax'
        ➜ Explicit dependency on target 'SwiftOperators-product' in project 'swift-syntax'
    Target 'MutationExecution' in project 'MutantKit'
        ➜ Explicit dependency on target 'MutationModel' in project 'MutantKit'
        ➜ Explicit dependency on target 'SwiftFrontend' in project 'MutantKit'
        ➜ Explicit dependency on target 'SwiftSyntax-product' in project 'swift-syntax'
        ➜ Explicit dependency on target 'SwiftParser-product' in project 'swift-syntax'
        ➜ Explicit dependency on target 'SwiftOperators-product' in project 'swift-syntax'
    Target 'MutationPlanner' in project 'MutantKit'
        ➜ Explicit dependency on target 'MutationModel' in project 'MutantKit'
        ➜ Explicit dependency on target 'SwiftFrontend' in project 'MutantKit'
        ➜ Explicit dependency on target 'SwiftCoreOperators' in project 'MutantKit'
        ➜ Explicit dependency on target 'ApplePlatformOperators' in project 'MutantKit'
        ➜ Explicit dependency on target 'SwiftSyntax-product' in project 'swift-syntax'
        ➜ Explicit dependency on target 'SwiftParser-product' in project 'swift-syntax'
        ➜ Explicit dependency on target 'SwiftOperators-product' in project 'swift-syntax'
    Target 'MutantKitSchemataRuntime-product' in project 'MutantKit'
        ➜ Explicit dependency on target 'MutantKitSchemataRuntimeC' in project 'MutantKit'
    Target 'MutantKitSchemataRuntimeC' in project 'MutantKit' (no dependencies)
    Target 'ApplePlatformOperators-product' in project 'MutantKit'
        ➜ Explicit dependency on target 'ApplePlatformOperators' in project 'MutantKit'
        ➜ Explicit dependency on target 'MutationModel' in project 'MutantKit'
        ➜ Explicit dependency on target 'SwiftFrontend' in project 'MutantKit'
        ➜ Explicit dependency on target 'SwiftSyntax-product' in project 'swift-syntax'
        ➜ Explicit dependency on target 'SwiftParser-product' in project 'swift-syntax'
        ➜ Explicit dependency on target 'SwiftOperators-product' in project 'swift-syntax'
    Target 'ApplePlatformOperators' in project 'MutantKit'
        ➜ Explicit dependency on target 'MutationModel' in project 'MutantKit'
        ➜ Explicit dependency on target 'SwiftFrontend' in project 'MutantKit'
        ➜ Explicit dependency on target 'SwiftSyntax-product' in project 'swift-syntax'
        ➜ Explicit dependency on target 'SwiftParser-product' in project 'swift-syntax'
        ➜ Explicit dependency on target 'SwiftOperators-product' in project 'swift-syntax'
    Target 'SwiftCoreOperators-product' in project 'MutantKit'
        ➜ Explicit dependency on target 'SwiftCoreOperators' in project 'MutantKit'
        ➜ Explicit dependency on target 'MutationModel' in project 'MutantKit'
        ➜ Explicit dependency on target 'SwiftFrontend' in project 'MutantKit'
        ➜ Explicit dependency on target 'SwiftSyntax-product' in project 'swift-syntax'
        ➜ Explicit dependency on target 'SwiftParser-product' in project 'swift-syntax'
        ➜ Explicit dependency on target 'SwiftOperators-product' in project 'swift-syntax'
    Target 'SwiftCoreOperators' in project 'MutantKit'
        ➜ Explicit dependency on target 'MutationModel' in project 'MutantKit'
        ➜ Explicit dependency on target 'SwiftFrontend' in project 'MutantKit'
        ➜ Explicit dependency on target 'SwiftSyntax-product' in project 'swift-syntax'
        ➜ Explicit dependency on target 'SwiftParser-product' in project 'swift-syntax'
        ➜ Explicit dependency on target 'SwiftOperators-product' in project 'swift-syntax'
    Target 'SwiftFrontend-product' in project 'MutantKit'
        ➜ Explicit dependency on target 'SwiftFrontend' in project 'MutantKit'
        ➜ Explicit dependency on target 'MutationModel' in project 'MutantKit'
        ➜ Explicit dependency on target 'SwiftSyntax-product' in project 'swift-syntax'
        ➜ Explicit dependency on target 'SwiftParser-product' in project 'swift-syntax'
        ➜ Explicit dependency on target 'SwiftOperators-product' in project 'swift-syntax'
    Target 'SwiftFrontend' in project 'MutantKit'
        ➜ Explicit dependency on target 'MutationModel' in project 'MutantKit'
        ➜ Explicit dependency on target 'SwiftSyntax-product' in project 'swift-syntax'
        ➜ Explicit dependency on target 'SwiftParser-product' in project 'swift-syntax'
        ➜ Explicit dependency on target 'SwiftOperators-product' in project 'swift-syntax'
    Target 'SwiftOperators-product' in project 'swift-syntax'
        ➜ Explicit dependency on target 'SwiftOperators' in project 'swift-syntax'
        ➜ Explicit dependency on target '_SwiftSyntaxCShims' in project 'swift-syntax'
        ➜ Explicit dependency on target 'SwiftSyntax509' in project 'swift-syntax'
        ➜ Explicit dependency on target 'SwiftSyntax510' in project 'swift-syntax'
        ➜ Explicit dependency on target 'SwiftSyntax600' in project 'swift-syntax'
        ➜ Explicit dependency on target 'SwiftSyntax601' in project 'swift-syntax'
        ➜ Explicit dependency on target 'SwiftSyntax602' in project 'swift-syntax'
        ➜ Explicit dependency on target 'SwiftSyntax603' in project 'swift-syntax'
        ➜ Explicit dependency on target 'SwiftSyntax604' in project 'swift-syntax'
        ➜ Explicit dependency on target 'SwiftSyntax' in project 'swift-syntax'
        ➜ Explicit dependency on target 'SwiftDiagnostics' in project 'swift-syntax'
        ➜ Explicit dependency on target 'SwiftParser' in project 'swift-syntax'
    Target 'SwiftOperators' in project 'swift-syntax'
        ➜ Explicit dependency on target '_SwiftSyntaxCShims' in project 'swift-syntax'
        ➜ Explicit dependency on target 'SwiftSyntax509' in project 'swift-syntax'
        ➜ Explicit dependency on target 'SwiftSyntax510' in project 'swift-syntax'
        ➜ Explicit dependency on target 'SwiftSyntax600' in project 'swift-syntax'
        ➜ Explicit dependency on target 'SwiftSyntax601' in project 'swift-syntax'
        ➜ Explicit dependency on target 'SwiftSyntax602' in project 'swift-syntax'
        ➜ Explicit dependency on target 'SwiftSyntax603' in project 'swift-syntax'
        ➜ Explicit dependency on target 'SwiftSyntax604' in project 'swift-syntax'
        ➜ Explicit dependency on target 'SwiftSyntax' in project 'swift-syntax'
        ➜ Explicit dependency on target 'SwiftDiagnostics' in project 'swift-syntax'
        ➜ Explicit dependency on target 'SwiftParser' in project 'swift-syntax'
    Target 'SwiftDiagnostics' in project 'swift-syntax'
        ➜ Explicit dependency on target '_SwiftSyntaxCShims' in project 'swift-syntax'
        ➜ Explicit dependency on target 'SwiftSyntax509' in project 'swift-syntax'
        ➜ Explicit dependency on target 'SwiftSyntax510' in project 'swift-syntax'
        ➜ Explicit dependency on target 'SwiftSyntax600' in project 'swift-syntax'
        ➜ Explicit dependency on target 'SwiftSyntax601' in project 'swift-syntax'
        ➜ Explicit dependency on target 'SwiftSyntax602' in project 'swift-syntax'
        ➜ Explicit dependency on target 'SwiftSyntax603' in project 'swift-syntax'
        ➜ Explicit dependency on target 'SwiftSyntax604' in project 'swift-syntax'
        ➜ Explicit dependency on target 'SwiftSyntax' in project 'swift-syntax'
    Target 'SwiftParser-product' in project 'swift-syntax'
        ➜ Explicit dependency on target 'SwiftParser' in project 'swift-syntax'
        ➜ Explicit dependency on target '_SwiftSyntaxCShims' in project 'swift-syntax'
        ➜ Explicit dependency on target 'SwiftSyntax509' in project 'swift-syntax'
        ➜ Explicit dependency on target 'SwiftSyntax510' in project 'swift-syntax'
        ➜ Explicit dependency on target 'SwiftSyntax600' in project 'swift-syntax'
        ➜ Explicit dependency on target 'SwiftSyntax601' in project 'swift-syntax'
        ➜ Explicit dependency on target 'SwiftSyntax602' in project 'swift-syntax'
        ➜ Explicit dependency on target 'SwiftSyntax603' in project 'swift-syntax'
        ➜ Explicit dependency on target 'SwiftSyntax604' in project 'swift-syntax'
        ➜ Explicit dependency on target 'SwiftSyntax' in project 'swift-syntax'
    Target 'SwiftParser' in project 'swift-syntax'
        ➜ Explicit dependency on target '_SwiftSyntaxCShims' in project 'swift-syntax'
        ➜ Explicit dependency on target 'SwiftSyntax509' in project 'swift-syntax'
        ➜ Explicit dependency on target 'SwiftSyntax510' in project 'swift-syntax'
        ➜ Explicit dependency on target 'SwiftSyntax600' in project 'swift-syntax'
        ➜ Explicit dependency on target 'SwiftSyntax601' in project 'swift-syntax'
        ➜ Explicit dependency on target 'SwiftSyntax602' in project 'swift-syntax'
        ➜ Explicit dependency on target 'SwiftSyntax603' in project 'swift-syntax'
        ➜ Explicit dependency on target 'SwiftSyntax604' in project 'swift-syntax'
        ➜ Explicit dependency on target 'SwiftSyntax' in project 'swift-syntax'
    Target 'SwiftSyntax-product' in project 'swift-syntax'
        ➜ Explicit dependency on target 'SwiftSyntax' in project 'swift-syntax'
        ➜ Explicit dependency on target '_SwiftSyntaxCShims' in project 'swift-syntax'
        ➜ Explicit dependency on target 'SwiftSyntax509' in project 'swift-syntax'
        ➜ Explicit dependency on target 'SwiftSyntax510' in project 'swift-syntax'
        ➜ Explicit dependency on target 'SwiftSyntax600' in project 'swift-syntax'
        ➜ Explicit dependency on target 'SwiftSyntax601' in project 'swift-syntax'
        ➜ Explicit dependency on target 'SwiftSyntax602' in project 'swift-syntax'
        ➜ Explicit dependency on target 'SwiftSyntax603' in project 'swift-syntax'
        ➜ Explicit dependency on target 'SwiftSyntax604' in project 'swift-syntax'
    Target 'SwiftSyntax' in project 'swift-syntax'
        ➜ Explicit dependency on target '_SwiftSyntaxCShims' in project 'swift-syntax'
        ➜ Explicit dependency on target 'SwiftSyntax509' in project 'swift-syntax'
        ➜ Explicit dependency on target 'SwiftSyntax510' in project 'swift-syntax'
        ➜ Explicit dependency on target 'SwiftSyntax600' in project 'swift-syntax'
        ➜ Explicit dependency on target 'SwiftSyntax601' in project 'swift-syntax'
        ➜ Explicit dependency on target 'SwiftSyntax602' in project 'swift-syntax'
        ➜ Explicit dependency on target 'SwiftSyntax603' in project 'swift-syntax'
        ➜ Explicit dependency on target 'SwiftSyntax604' in project 'swift-syntax'
    Target 'SwiftSyntax604' in project 'swift-syntax' (no dependencies)
    Target 'SwiftSyntax603' in project 'swift-syntax' (no dependencies)
    Target 'SwiftSyntax602' in project 'swift-syntax' (no dependencies)
    Target 'SwiftSyntax601' in project 'swift-syntax' (no dependencies)
    Target 'SwiftSyntax600' in project 'swift-syntax' (no dependencies)
    Target 'SwiftSyntax510' in project 'swift-syntax' (no dependencies)
    Target 'SwiftSyntax509' in project 'swift-syntax' (no dependencies)
    Target '_SwiftSyntaxCShims' in project 'swift-syntax' (no dependencies)
    Target 'MutationModel-product' in project 'MutantKit'
        ➜ Explicit dependency on target 'MutationModel' in project 'MutantKit'
    Target 'MuterCompatibility-product' in project 'MutantKit'
        ➜ Explicit dependency on target 'MuterCompatibility' in project 'MutantKit'
        ➜ Explicit dependency on target 'MutationModel' in project 'MutantKit'
        ➜ Explicit dependency on target 'Yams-product' in project 'Yams'
    Target 'MuterCompatibility' in project 'MutantKit'
        ➜ Explicit dependency on target 'MutationModel' in project 'MutantKit'
        ➜ Explicit dependency on target 'Yams-product' in project 'Yams'
    Target 'Yams-product' in project 'Yams'
        ➜ Explicit dependency on target 'Yams' in project 'Yams'
        ➜ Explicit dependency on target 'CYaml' in project 'Yams'
    Target 'Yams' in project 'Yams'
        ➜ Explicit dependency on target 'CYaml' in project 'Yams'
    Target 'CYaml' in project 'Yams' (no dependencies)
    Target 'MutationModel' in project 'MutantKit' (no dependencies)
GatherProvisioningInputs
CreateBuildDescription
ClangStatCache /Applications/Xcode-27.0.0.app/Contents/Developer/Toolchains/XcodeDefault.xctoolchain/usr/bin/clang-stat-cache /Applications/Xcode-27.0.0.app/Contents/Developer/Platforms/AppleTVOS.platform/Developer/SDKs/AppleTVOS27.0.sdk /Users/admin/builder/spi-builder-workspace/.derivedData/SDKStatCaches.noindex/appletvos27.0-24J360-e829b21a6f8c9b70876ba0858053c044509235ffd515576fb835ffc8f67461e5.sdkstatcache
    cd /Users/admin/builder/spi-builder-workspace/.swiftpm/xcode
    /Applications/Xcode-27.0.0.app/Contents/Developer/Toolchains/XcodeDefault.xctoolchain/usr/bin/clang-stat-cache /Applications/Xcode-27.0.0.app/Contents/Developer/Platforms/AppleTVOS.platform/Developer/SDKs/AppleTVOS27.0.sdk -o /Users/admin/builder/spi-builder-workspace/.derivedData/SDKStatCaches.noindex/appletvos27.0-24J360-e829b21a6f8c9b70876ba0858053c044509235ffd515576fb835ffc8f67461e5.sdkstatcache
SwiftDriver SwiftSyntax normal arm64 com.apple.xcode.tools.swift.compiler (in target 'SwiftSyntax' from project 'swift-syntax')
    cd /Users/admin/builder/spi-builder-workspace/.swiftpm/xcode
    builtin-SwiftDriver -- /Applications/Xcode-27.0.0.app/Contents/Developer/Toolchains/XcodeDefault.xctoolchain/usr/bin/swiftc -parse-as-library -module-name SwiftSyntax -Onone @/Users/admin/builder/spi-builder-workspace/.derivedData/Build/Intermediates.noindex/swift-syntax.build/Debug-appletvos/SwiftSyntax-t.build/Objects-normal/arm64/SwiftSyntax.SwiftFileList -DSWIFT_PACKAGE -DDEBUG -DSWIFT_MODULE_RESOURCE_BUNDLE_UNAVAILABLE -Xcc -fmodule-map-file\=/Users/admin/builder/spi-builder-workspace/.dependencies/checkouts/swift-syntax/Sources/_SwiftSyntaxCShims/include/module.modulemap -DXcode -plugin-path /Applications/Xcode-27.0.0.app/Contents/Developer/Toolchains/XcodeDefault.xctoolchain/usr/lib/swift/host/plugins/testing -enable-experimental-feature DebugDescriptionMacro -sdk /Applications/Xcode-27.0.0.app/Contents/Developer/Platforms/AppleTVOS.platform/Developer/SDKs/AppleTVOS27.0.sdk -target arm64-apple-tvos15.0 -g -module-cache-path /Users/admin/builder/spi-builder-workspace/.derivedData/ModuleCache.noindex -Xfrontend -serialize-debugging-options -profile-coverage-mapping -profile-generate -enable-testing -suppress-warnings -index-store-path /Users/admin/builder/spi-builder-workspace/.derivedData/Index.noindex/DataStore -Xcc -D_LIBCPP_HARDENING_MODE\=_LIBCPP_HARDENING_MODE_DEBUG -swift-version 6 -I /Users/admin/builder/spi-builder-workspace/.derivedData/Build/Products/Debug-appletvos -Isystem /Applications/Xcode-27.0.0.app/Contents/Developer/Platforms/AppleTVOS.platform/Developer/usr/lib -F /Users/admin/builder/spi-builder-workspace/.derivedData/Build/Products/Debug-appletvos/PackageFrameworks -F /Users/admin/builder/spi-builder-workspace/.derivedData/Build/Products/Debug-appletvos -F /Applications/Xcode-27.0.0.app/Contents/Developer/Platforms/AppleTVOS.platform/Developer/Library/Frameworks -F /Applications/Xcode-27.0.0.app/Contents/Developer/Platforms/AppleTVOS.platform/Developer/SDKs/AppleTVOS27.0.sdk/Developer/Library/Frameworks -c -j10 -enable-batch-mode -incremental -Xcc -ivfsstatcache -Xcc /Users/admin/builder/spi-builder-workspace/.derivedData/SDKStatCaches.noindex/appletvos27.0-24J360-e829b21a6f8c9b70876ba0858053c044509235ffd515576fb835ffc8f67461e5.sdkstatcache -output-file-map /Users/admin/builder/spi-builder-workspace/.derivedData/Build/Intermediates.noindex/swift-syntax.build/Debug-appletvos/SwiftSyntax-t.build/Objects-normal/arm64/SwiftSyntax-OutputFileMap.json -save-temps -no-color-diagnostics -explicit-module-build -module-cache-path /Users/admin/builder/spi-builder-workspace/.derivedData/Build/Intermediates.noindex/SwiftExplicitPrecompiledModules -clang-scanner-module-cache-path /Users/admin/builder/spi-builder-workspace/.derivedData/ModuleCache.noindex -sdk-module-cache-path /Users/admin/builder/spi-builder-workspace/.derivedData/SDKExplicitPrecompiledModules -emit-dependencies -emit-module -emit-module-path /Users/admin/builder/spi-builder-workspace/.derivedData/Build/Intermediates.noindex/swift-syntax.build/Debug-appletvos/SwiftSyntax-t.build/Objects-normal/arm64/SwiftSyntax.swiftmodule -serialize-diagnostics -dependency-scan-serialize-diagnostics-path /Users/admin/builder/spi-builder-workspace/.derivedData/Build/Intermediates.noindex/swift-syntax.build/Debug-appletvos/SwiftSyntax-t.build/Objects-normal/arm64/SwiftSyntax-dependency-scan.dia -validate-clang-modules-once -clang-build-session-file /Users/admin/builder/spi-builder-workspace/.derivedData/ModuleCache.noindex/Session.modulevalidation -Xcc -fmodules-prune-interval\=86400 -Xcc -fmodules-prune-after\=345600 -package-name swift_syntax -emit-const-values -const-gather-protocols-list /Users/admin/builder/spi-builder-workspace/.derivedData/Build/Intermediates.noindex/swift-syntax.build/Debug-appletvos/SwiftSyntax-t.build/Objects-normal/arm64/SwiftSyntax_const_extract_protocols.json -Xcc -I/Users/admin/builder/spi-builder-workspace/.dependencies/checkouts/swift-syntax/Sources/_SwiftSyntaxCShims/include -Xcc -I/Users/admin/builder/spi-builder-workspace/.derivedData/Build/Products/Debug-appletvos/include -Xcc -I/Users/admin/builder/spi-builder-workspace/.derivedData/Build/Intermediates.noindex/swift-syntax.build/Debug-appletvos/SwiftSyntax-t.build/DerivedSources-normal/arm64 -Xcc -I/Users/admin/builder/spi-builder-workspace/.derivedData/Build/Intermediates.noindex/swift-syntax.build/Debug-appletvos/SwiftSyntax-t.build/DerivedSources/arm64 -Xcc -I/Users/admin/builder/spi-builder-workspace/.derivedData/Build/Intermediates.noindex/swift-syntax.build/Debug-appletvos/SwiftSyntax-t.build/DerivedSources -Xcc -DSWIFT_PACKAGE -Xcc -DDEBUG\=1 -emit-objc-header -emit-objc-header-path /Users/admin/builder/spi-builder-workspace/.derivedData/Build/Intermediates.noindex/swift-syntax.build/Debug-appletvos/SwiftSyntax-t.build/Objects-normal/arm64/SwiftSyntax-Swift.h -working-directory /Users/admin/builder/spi-builder-workspace/.swiftpm/xcode -experimental-emit-module-separately -disable-cmo
SwiftDriver Yams normal arm64 com.apple.xcode.tools.swift.compiler (in target 'Yams' from project 'Yams')
    cd /Users/admin/builder/spi-builder-workspace/.swiftpm/xcode
    builtin-SwiftDriver -- /Applications/Xcode-27.0.0.app/Contents/Developer/Toolchains/XcodeDefault.xctoolchain/usr/bin/swiftc -parse-as-library -module-name Yams -Onone @/Users/admin/builder/spi-builder-workspace/.derivedData/Build/Intermediates.noindex/Yams.build/Debug-appletvos/Yams-t.build/Objects-normal/arm64/Yams.SwiftFileList -DSWIFT_PACKAGE -DDEBUG -DSWIFT_MODULE_RESOURCE_BUNDLE_UNAVAILABLE -Xcc -fmodule-map-file\=/Users/admin/builder/spi-builder-workspace/.dependencies/checkouts/Yams/Sources/CYaml/include/module.modulemap -DXcode -plugin-path /Applications/Xcode-27.0.0.app/Contents/Developer/Toolchains/XcodeDefault.xctoolchain/usr/lib/swift/host/plugins/testing -enable-experimental-feature DebugDescriptionMacro -sdk /Applications/Xcode-27.0.0.app/Contents/Developer/Platforms/AppleTVOS.platform/Developer/SDKs/AppleTVOS27.0.sdk -target arm64-apple-tvos15.0 -g -module-cache-path /Users/admin/builder/spi-builder-workspace/.derivedData/ModuleCache.noindex -Xfrontend -serialize-debugging-options -profile-coverage-mapping -profile-generate -enable-testing -suppress-warnings -index-store-path /Users/admin/builder/spi-builder-workspace/.derivedData/Index.noindex/DataStore -Xcc -D_LIBCPP_HARDENING_MODE\=_LIBCPP_HARDENING_MODE_DEBUG -swift-version 6 -I /Users/admin/builder/spi-builder-workspace/.derivedData/Build/Products/Debug-appletvos -Isystem /Applications/Xcode-27.0.0.app/Contents/Developer/Platforms/AppleTVOS.platform/Developer/usr/lib -F /Users/admin/builder/spi-builder-workspace/.derivedData/Build/Products/Debug-appletvos/PackageFrameworks -F /Users/admin/builder/spi-builder-workspace/.derivedData/Build/Products/Debug-appletvos -F /Applications/Xcode-27.0.0.app/Contents/Developer/Platforms/AppleTVOS.platform/Developer/Library/Frameworks -F /Applications/Xcode-27.0.0.app/Contents/Developer/Platforms/AppleTVOS.platform/Developer/SDKs/AppleTVOS27.0.sdk/Developer/Library/Frameworks -c -j10 -enable-batch-mode -incremental -Xcc -ivfsstatcache -Xcc /Users/admin/builder/spi-builder-workspace/.derivedData/SDKStatCaches.noindex/appletvos27.0-24J360-e829b21a6f8c9b70876ba0858053c044509235ffd515576fb835ffc8f67461e5.sdkstatcache -output-file-map /Users/admin/builder/spi-builder-workspace/.derivedData/Build/Intermediates.noindex/Yams.build/Debug-appletvos/Yams-t.build/Objects-normal/arm64/Yams-OutputFileMap.json -save-temps -no-color-diagnostics -explicit-module-build -module-cache-path /Users/admin/builder/spi-builder-workspace/.derivedData/Build/Intermediates.noindex/SwiftExplicitPrecompiledModules -clang-scanner-module-cache-path /Users/admin/builder/spi-builder-workspace/.derivedData/ModuleCache.noindex -sdk-module-cache-path /Users/admin/builder/spi-builder-workspace/.derivedData/SDKExplicitPrecompiledModules -emit-dependencies -emit-module -emit-module-path /Users/admin/builder/spi-builder-workspace/.derivedData/Build/Intermediates.noindex/Yams.build/Debug-appletvos/Yams-t.build/Objects-normal/arm64/Yams.swiftmodule -serialize-diagnostics -dependency-scan-serialize-diagnostics-path /Users/admin/builder/spi-builder-workspace/.derivedData/Build/Intermediates.noindex/Yams.build/Debug-appletvos/Yams-t.build/Objects-normal/arm64/Yams-dependency-scan.dia -user-module-version 6.2.2 -validate-clang-modules-once -clang-build-session-file /Users/admin/builder/spi-builder-workspace/.derivedData/ModuleCache.noindex/Session.modulevalidation -Xcc -fmodules-prune-interval\=86400 -Xcc -fmodules-prune-after\=345600 -package-name yams -emit-const-values -const-gather-protocols-list /Users/admin/builder/spi-builder-workspace/.derivedData/Build/Intermediates.noindex/Yams.build/Debug-appletvos/Yams-t.build/Objects-normal/arm64/Yams_const_extract_protocols.json -Xcc -I/Users/admin/builder/spi-builder-workspace/.dependencies/checkouts/Yams/Sources/CYaml/include -Xcc -I/Users/admin/builder/spi-builder-workspace/.derivedData/Build/Products/Debug-appletvos/include -Xcc -I/Users/admin/builder/spi-builder-workspace/.derivedData/Build/Intermediates.noindex/Yams.build/Debug-appletvos/Yams-t.build/DerivedSources-normal/arm64 -Xcc -I/Users/admin/builder/spi-builder-workspace/.derivedData/Build/Intermediates.noindex/Yams.build/Debug-appletvos/Yams-t.build/DerivedSources/arm64 -Xcc -I/Users/admin/builder/spi-builder-workspace/.derivedData/Build/Intermediates.noindex/Yams.build/Debug-appletvos/Yams-t.build/DerivedSources -Xcc -DSWIFT_PACKAGE -Xcc -DDEBUG\=1 -Xcc -DYAML_DECLARE_STATIC -emit-objc-header -emit-objc-header-path /Users/admin/builder/spi-builder-workspace/.derivedData/Build/Intermediates.noindex/Yams.build/Debug-appletvos/Yams-t.build/Objects-normal/arm64/Yams-Swift.h -working-directory /Users/admin/builder/spi-builder-workspace/.swiftpm/xcode -experimental-emit-module-separately -disable-cmo
SwiftDriver ArgumentParser normal arm64 com.apple.xcode.tools.swift.compiler (in target 'ArgumentParser' from project 'swift-argument-parser')
    cd /Users/admin/builder/spi-builder-workspace/.swiftpm/xcode
    builtin-SwiftDriver -- /Applications/Xcode-27.0.0.app/Contents/Developer/Toolchains/XcodeDefault.xctoolchain/usr/bin/swiftc -parse-as-library -module-name ArgumentParser -Onone @/Users/admin/builder/spi-builder-workspace/.derivedData/Build/Intermediates.noindex/swift-argument-parser.build/Debug-appletvos/ArgumentParser-t.build/Objects-normal/arm64/ArgumentParser.SwiftFileList -DSWIFT_PACKAGE -DDEBUG -DSWIFT_MODULE_RESOURCE_BUNDLE_UNAVAILABLE -DXcode -plugin-path /Applications/Xcode-27.0.0.app/Contents/Developer/Toolchains/XcodeDefault.xctoolchain/usr/lib/swift/host/plugins/testing -enable-experimental-feature DebugDescriptionMacro -sdk /Applications/Xcode-27.0.0.app/Contents/Developer/Platforms/AppleTVOS.platform/Developer/SDKs/AppleTVOS27.0.sdk -target arm64-apple-tvos15.0 -g -module-cache-path /Users/admin/builder/spi-builder-workspace/.derivedData/ModuleCache.noindex -Xfrontend -serialize-debugging-options -profile-coverage-mapping -profile-generate -enable-testing -suppress-warnings -index-store-path /Users/admin/builder/spi-builder-workspace/.derivedData/Index.noindex/DataStore -Xcc -D_LIBCPP_HARDENING_MODE\=_LIBCPP_HARDENING_MODE_DEBUG -swift-version 6 -I /Users/admin/builder/spi-builder-workspace/.derivedData/Build/Products/Debug-appletvos -Isystem /Applications/Xcode-27.0.0.app/Contents/Developer/Platforms/AppleTVOS.platform/Developer/usr/lib -F /Users/admin/builder/spi-builder-workspace/.derivedData/Build/Products/Debug-appletvos/PackageFrameworks -F /Users/admin/builder/spi-builder-workspace/.derivedData/Build/Products/Debug-appletvos -F /Applications/Xcode-27.0.0.app/Contents/Developer/Platforms/AppleTVOS.platform/Developer/Library/Frameworks -F /Applications/Xcode-27.0.0.app/Contents/Developer/Platforms/AppleTVOS.platform/Developer/SDKs/AppleTVOS27.0.sdk/Developer/Library/Frameworks -c -j10 -enable-batch-mode -incremental -Xcc -ivfsstatcache -Xcc /Users/admin/builder/spi-builder-workspace/.derivedData/SDKStatCaches.noindex/appletvos27.0-24J360-e829b21a6f8c9b70876ba0858053c044509235ffd515576fb835ffc8f67461e5.sdkstatcache -output-file-map /Users/admin/builder/spi-builder-workspace/.derivedData/Build/Intermediates.noindex/swift-argument-parser.build/Debug-appletvos/ArgumentParser-t.build/Objects-normal/arm64/ArgumentParser-OutputFileMap.json -save-temps -no-color-diagnostics -explicit-module-build -module-cache-path /Users/admin/builder/spi-builder-workspace/.derivedData/Build/Intermediates.noindex/SwiftExplicitPrecompiledModules -clang-scanner-module-cache-path /Users/admin/builder/spi-builder-workspace/.derivedData/ModuleCache.noindex -sdk-module-cache-path /Users/admin/builder/spi-builder-workspace/.derivedData/SDKExplicitPrecompiledModules -emit-dependencies -emit-module -emit-module-path /Users/admin/builder/spi-builder-workspace/.derivedData/Build/Intermediates.noindex/swift-argument-parser.build/Debug-appletvos/ArgumentParser-t.build/Objects-normal/arm64/ArgumentParser.swiftmodule -serialize-diagnostics -dependency-scan-serialize-diagnostics-path /Users/admin/builder/spi-builder-workspace/.derivedData/Build/Intermediates.noindex/swift-argument-parser.build/Debug-appletvos/ArgumentParser-t.build/Objects-normal/arm64/ArgumentParser-dependency-scan.dia -user-module-version 1.8.2 -validate-clang-modules-once -clang-build-session-file /Users/admin/builder/spi-builder-workspace/.derivedData/ModuleCache.noindex/Session.modulevalidation -Xcc -fmodules-prune-interval\=86400 -Xcc -fmodules-prune-after\=345600 -package-name swift_argument_parser -emit-const-values -const-gather-protocols-list /Users/admin/builder/spi-builder-workspace/.derivedData/Build/Intermediates.noindex/swift-argument-parser.build/Debug-appletvos/ArgumentParser-t.build/Objects-normal/arm64/ArgumentParser_const_extract_protocols.json -Xcc -I/Users/admin/builder/spi-builder-workspace/.derivedData/Build/Products/Debug-appletvos/include -Xcc -I/Users/admin/builder/spi-builder-workspace/.derivedData/Build/Intermediates.noindex/swift-argument-parser.build/Debug-appletvos/ArgumentParser-t.build/DerivedSources-normal/arm64 -Xcc -I/Users/admin/builder/spi-builder-workspace/.derivedData/Build/Intermediates.noindex/swift-argument-parser.build/Debug-appletvos/ArgumentParser-t.build/DerivedSources/arm64 -Xcc -I/Users/admin/builder/spi-builder-workspace/.derivedData/Build/Intermediates.noindex/swift-argument-parser.build/Debug-appletvos/ArgumentParser-t.build/DerivedSources -Xcc -DSWIFT_PACKAGE -Xcc -DDEBUG\=1 -emit-objc-header -emit-objc-header-path /Users/admin/builder/spi-builder-workspace/.derivedData/Build/Intermediates.noindex/swift-argument-parser.build/Debug-appletvos/ArgumentParser-t.build/Objects-normal/arm64/ArgumentParser-Swift.h -working-directory /Users/admin/builder/spi-builder-workspace/.swiftpm/xcode -experimental-emit-module-separately -disable-cmo
SwiftDriver MutationModel normal arm64 com.apple.xcode.tools.swift.compiler (in target 'MutationModel' from project 'MutantKit')
    cd /Users/admin/builder/spi-builder-workspace/.swiftpm/xcode
    builtin-SwiftDriver -- /Applications/Xcode-27.0.0.app/Contents/Developer/Toolchains/XcodeDefault.xctoolchain/usr/bin/swiftc -parse-as-library -module-name MutationModel -Onone @/Users/admin/builder/spi-builder-workspace/.derivedData/Build/Intermediates.noindex/MutantKit.build/Debug-appletvos/MutationModel-t.build/Objects-normal/arm64/MutationModel.SwiftFileList -DSWIFT_PACKAGE -DDEBUG -DSWIFT_MODULE_RESOURCE_BUNDLE_UNAVAILABLE -DXcode -plugin-path /Applications/Xcode-27.0.0.app/Contents/Developer/Toolchains/XcodeDefault.xctoolchain/usr/lib/swift/host/plugins/testing -enable-experimental-feature DebugDescriptionMacro -sdk /Applications/Xcode-27.0.0.app/Contents/Developer/Platforms/AppleTVOS.platform/Developer/SDKs/AppleTVOS27.0.sdk -target arm64-apple-tvos15.0 -g -module-cache-path /Users/admin/builder/spi-builder-workspace/.derivedData/ModuleCache.noindex -Xfrontend -serialize-debugging-options -profile-coverage-mapping -profile-generate -enable-testing -index-store-path /Users/admin/builder/spi-builder-workspace/.derivedData/Index.noindex/DataStore -Xcc -D_LIBCPP_HARDENING_MODE\=_LIBCPP_HARDENING_MODE_DEBUG -swift-version 6 -I /Users/admin/builder/spi-builder-workspace/.derivedData/Build/Products/Debug-appletvos -Isystem /Applications/Xcode-27.0.0.app/Contents/Developer/Platforms/AppleTVOS.platform/Developer/usr/lib -F /Users/admin/builder/spi-builder-workspace/.derivedData/Build/Products/Debug-appletvos -F /Applications/Xcode-27.0.0.app/Contents/Developer/Platforms/AppleTVOS.platform/Developer/Library/Frameworks -F /Applications/Xcode-27.0.0.app/Contents/Developer/Platforms/AppleTVOS.platform/Developer/SDKs/AppleTVOS27.0.sdk/Developer/Library/Frameworks -c -j10 -enable-batch-mode -incremental -Xcc -ivfsstatcache -Xcc /Users/admin/builder/spi-builder-workspace/.derivedData/SDKStatCaches.noindex/appletvos27.0-24J360-e829b21a6f8c9b70876ba0858053c044509235ffd515576fb835ffc8f67461e5.sdkstatcache -output-file-map /Users/admin/builder/spi-builder-workspace/.derivedData/Build/Intermediates.noindex/MutantKit.build/Debug-appletvos/MutationModel-t.build/Objects-normal/arm64/MutationModel-OutputFileMap.json -save-temps -no-color-diagnostics -explicit-module-build -module-cache-path /Users/admin/builder/spi-builder-workspace/.derivedData/Build/Intermediates.noindex/SwiftExplicitPrecompiledModules -clang-scanner-module-cache-path /Users/admin/builder/spi-builder-workspace/.derivedData/ModuleCache.noindex -sdk-module-cache-path /Users/admin/builder/spi-builder-workspace/.derivedData/SDKExplicitPrecompiledModules -emit-dependencies -emit-module -emit-module-path /Users/admin/builder/spi-builder-workspace/.derivedData/Build/Intermediates.noindex/MutantKit.build/Debug-appletvos/MutationModel-t.build/Objects-normal/arm64/MutationModel.swiftmodule -serialize-diagnostics -dependency-scan-serialize-diagnostics-path /Users/admin/builder/spi-builder-workspace/.derivedData/Build/Intermediates.noindex/MutantKit.build/Debug-appletvos/MutationModel-t.build/Objects-normal/arm64/MutationModel-dependency-scan.dia -validate-clang-modules-once -clang-build-session-file /Users/admin/builder/spi-builder-workspace/.derivedData/ModuleCache.noindex/Session.modulevalidation -Xcc -fmodules-prune-interval\=86400 -Xcc -fmodules-prune-after\=345600 -package-name spi_builder_workspace -emit-const-values -const-gather-protocols-list /Users/admin/builder/spi-builder-workspace/.derivedData/Build/Intermediates.noindex/MutantKit.build/Debug-appletvos/MutationModel-t.build/Objects-normal/arm64/MutationModel_const_extract_protocols.json -Xcc -I/Users/admin/builder/spi-builder-workspace/.derivedData/Build/Products/Debug-appletvos/include -Xcc -I/Users/admin/builder/spi-builder-workspace/.derivedData/Build/Intermediates.noindex/MutantKit.build/Debug-appletvos/MutationModel-t.build/DerivedSources-normal/arm64 -Xcc -I/Users/admin/builder/spi-builder-workspace/.derivedData/Build/Intermediates.noindex/MutantKit.build/Debug-appletvos/MutationModel-t.build/DerivedSources/arm64 -Xcc -I/Users/admin/builder/spi-builder-workspace/.derivedData/Build/Intermediates.noindex/MutantKit.build/Debug-appletvos/MutationModel-t.build/DerivedSources -Xcc -DSWIFT_PACKAGE -Xcc -DDEBUG\=1 -emit-objc-header -emit-objc-header-path /Users/admin/builder/spi-builder-workspace/.derivedData/Build/Intermediates.noindex/MutantKit.build/Debug-appletvos/MutationModel-t.build/Objects-normal/arm64/MutationModel-Swift.h -working-directory /Users/admin/builder/spi-builder-workspace/.swiftpm/xcode -experimental-emit-module-separately -disable-cmo
SwiftCompile normal arm64 Compiling\ Decoder.swift,\ Emitter.swift /Users/admin/builder/spi-builder-workspace/.dependencies/checkouts/Yams/Sources/Yams/Decoder.swift /Users/admin/builder/spi-builder-workspace/.dependencies/checkouts/Yams/Sources/Yams/Emitter.swift (in target 'Yams' from project 'Yams')
SwiftCompile normal arm64 /Users/admin/builder/spi-builder-workspace/.dependencies/checkouts/Yams/Sources/Yams/Decoder.swift (in target 'Yams' from project 'Yams')
    cd /Users/admin/builder/spi-builder-workspace/.swiftpm/xcode
    builtin-SwiftPerFileCompile Decoder.swift
SwiftCompile normal arm64 /Users/admin/builder/spi-builder-workspace/.dependencies/checkouts/Yams/Sources/Yams/Emitter.swift (in target 'Yams' from project 'Yams')
    cd /Users/admin/builder/spi-builder-workspace/.swiftpm/xcode
    builtin-SwiftPerFileCompile Emitter.swift
SwiftEmitModule normal arm64 Emitting\ module\ for\ Yams (in target 'Yams' from project 'Yams')
SwiftCompile normal arm64 (in target 'Yams' from project 'Yams')
    cd /Users/admin/builder/spi-builder-workspace/.swiftpm/xcode

SwiftCompile normal arm64 Compiling\ Resolver.swift,\ String+Yams.swift /Users/admin/builder/spi-builder-workspace/.dependencies/checkouts/Yams/Sources/Yams/Resolver.swift /Users/admin/builder/spi-builder-workspace/.dependencies/checkouts/Yams/Sources/Yams/String+Yams.swift (in target 'Yams' from project 'Yams')
SwiftCompile normal arm64 /Users/admin/builder/spi-builder-workspace/.dependencies/checkouts/Yams/Sources/Yams/Resolver.swift (in target 'Yams' from project 'Yams')
    cd /Users/admin/builder/spi-builder-workspace/.swiftpm/xcode
    builtin-SwiftPerFileCompile Resolver.swift
SwiftCompile normal arm64 /Users/admin/builder/spi-builder-workspace/.dependencies/checkouts/Yams/Sources/Yams/String+Yams.swift (in target 'Yams' from project 'Yams')
    cd /Users/admin/builder/spi-builder-workspace/.swiftpm/xcode
    builtin-SwiftPerFileCompile String+Yams.swift
SwiftCompile normal arm64 Compiling\ Tag.swift,\ YamlAnchorProviding.swift /Users/admin/builder/spi-builder-workspace/.dependencies/checkouts/Yams/Sources/Yams/Tag.swift /Users/admin/builder/spi-builder-workspace/.dependencies/checkouts/Yams/Sources/Yams/YamlAnchorProviding.swift (in target 'Yams' from project 'Yams')
SwiftCompile normal arm64 /Users/admin/builder/spi-builder-workspace/.dependencies/checkouts/Yams/Sources/Yams/Tag.swift (in target 'Yams' from project 'Yams')
    cd /Users/admin/builder/spi-builder-workspace/.swiftpm/xcode
    builtin-SwiftPerFileCompile Tag.swift
SwiftCompile normal arm64 /Users/admin/builder/spi-builder-workspace/.dependencies/checkouts/Yams/Sources/Yams/YamlAnchorProviding.swift (in target 'Yams' from project 'Yams')
    cd /Users/admin/builder/spi-builder-workspace/.swiftpm/xcode
    builtin-SwiftPerFileCompile YamlAnchorProviding.swift
SwiftCompile normal arm64 Compiling\ Node.Scalar.swift,\ Node.Sequence.swift /Users/admin/builder/spi-builder-workspace/.dependencies/checkouts/Yams/Sources/Yams/Node.Scalar.swift /Users/admin/builder/spi-builder-workspace/.dependencies/checkouts/Yams/Sources/Yams/Node.Sequence.swift (in target 'Yams' from project 'Yams')
SwiftCompile normal arm64 /Users/admin/builder/spi-builder-workspace/.dependencies/checkouts/Yams/Sources/Yams/Node.Scalar.swift (in target 'Yams' from project 'Yams')
    cd /Users/admin/builder/spi-builder-workspace/.swiftpm/xcode
    builtin-SwiftPerFileCompile Node.Scalar.swift
SwiftCompile normal arm64 /Users/admin/builder/spi-builder-workspace/.dependencies/checkouts/Yams/Sources/Yams/Node.Sequence.swift (in target 'Yams' from project 'Yams')
    cd /Users/admin/builder/spi-builder-workspace/.swiftpm/xcode
    builtin-SwiftPerFileCompile Node.Sequence.swift
SwiftCompile normal arm64 Compiling\ Node.Alias.swift,\ Node.Mapping.swift /Users/admin/builder/spi-builder-workspace/.dependencies/checkouts/Yams/Sources/Yams/Node.Alias.swift /Users/admin/builder/spi-builder-workspace/.dependencies/checkouts/Yams/Sources/Yams/Node.Mapping.swift (in target 'Yams' from project 'Yams')
SwiftCompile normal arm64 /Users/admin/builder/spi-builder-workspace/.dependencies/checkouts/Yams/Sources/Yams/Node.Alias.swift (in target 'Yams' from project 'Yams')
    cd /Users/admin/builder/spi-builder-workspace/.swiftpm/xcode
    builtin-SwiftPerFileCompile Node.Alias.swift
SwiftCompile normal arm64 /Users/admin/builder/spi-builder-workspace/.dependencies/checkouts/Yams/Sources/Yams/Node.Mapping.swift (in target 'Yams' from project 'Yams')
    cd /Users/admin/builder/spi-builder-workspace/.swiftpm/xcode
    builtin-SwiftPerFileCompile Node.Mapping.swift
SwiftCompile normal arm64 Compiling\ AliasDereferencingStrategy.swift,\ Anchor.swift,\ Constructor.swift /Users/admin/builder/spi-builder-workspace/.dependencies/checkouts/Yams/Sources/Yams/AliasDereferencingStrategy.swift /Users/admin/builder/spi-builder-workspace/.dependencies/checkouts/Yams/Sources/Yams/Anchor.swift /Users/admin/builder/spi-builder-workspace/.dependencies/checkouts/Yams/Sources/Yams/Constructor.swift (in target 'Yams' from project 'Yams')
SwiftCompile normal arm64 /Users/admin/builder/spi-builder-workspace/.dependencies/checkouts/Yams/Sources/Yams/AliasDereferencingStrategy.swift (in target 'Yams' from project 'Yams')
    cd /Users/admin/builder/spi-builder-workspace/.swiftpm/xcode
    builtin-SwiftPerFileCompile AliasDereferencingStrategy.swift
SwiftCompile normal arm64 /Users/admin/builder/spi-builder-workspace/.dependencies/checkouts/Yams/Sources/Yams/Anchor.swift (in target 'Yams' from project 'Yams')
    cd /Users/admin/builder/spi-builder-workspace/.swiftpm/xcode
    builtin-SwiftPerFileCompile Anchor.swift
SwiftCompile normal arm64 /Users/admin/builder/spi-builder-workspace/.dependencies/checkouts/Yams/Sources/Yams/Constructor.swift (in target 'Yams' from project 'Yams')
    cd /Users/admin/builder/spi-builder-workspace/.swiftpm/xcode
    builtin-SwiftPerFileCompile Constructor.swift
SwiftCompile normal arm64 Compiling\ Node.swift,\ Parser.swift /Users/admin/builder/spi-builder-workspace/.dependencies/checkouts/Yams/Sources/Yams/Node.swift /Users/admin/builder/spi-builder-workspace/.dependencies/checkouts/Yams/Sources/Yams/Parser.swift (in target 'Yams' from project 'Yams')
SwiftCompile normal arm64 /Users/admin/builder/spi-builder-workspace/.dependencies/checkouts/Yams/Sources/Yams/Node.swift (in target 'Yams' from project 'Yams')
    cd /Users/admin/builder/spi-builder-workspace/.swiftpm/xcode
    builtin-SwiftPerFileCompile Node.swift
SwiftCompile normal arm64 /Users/admin/builder/spi-builder-workspace/.dependencies/checkouts/Yams/Sources/Yams/Parser.swift (in target 'Yams' from project 'Yams')
    cd /Users/admin/builder/spi-builder-workspace/.swiftpm/xcode
    builtin-SwiftPerFileCompile Parser.swift
SwiftEmitModule normal arm64 Emitting\ module\ for\ MutationModel (in target 'MutationModel' from project 'MutantKit')
/Users/admin/builder/spi-builder-workspace/Sources/MutationModel/GateTimingRecorder.swift:39:36: error: 'ContinuousClock' is only available in tvOS 16.0 or newer
 14 | /// (NTP adjustment, sleep/wake) in ways a diagnostic meant to reconstruct
 15 | /// exactly where ~1195 real seconds went must not be vulnerable to.
 16 | public actor GateTimingRecorder {
    |              `- note: add '@available' attribute to enclosing actor
 17 |     public struct Span: Codable, Sendable {
 18 |         public let name: String
    :
 37 |     /// executor — required for `now()` below to stay synchronous and
 38 |     /// genuinely free of scheduling skew.
 39 |     private nonisolated let clock: ContinuousClock
    |                                    `- error: 'ContinuousClock' is only available in tvOS 16.0 or newer
 40 |     private nonisolated let origin: ContinuousClock.Instant
 41 |     private var spans: [Span] = []
/Users/admin/builder/spi-builder-workspace/Sources/MutationModel/GateTimingRecorder.swift:40:37: error: 'ContinuousClock' is only available in tvOS 16.0 or newer
 14 | /// (NTP adjustment, sleep/wake) in ways a diagnostic meant to reconstruct
 15 | /// exactly where ~1195 real seconds went must not be vulnerable to.
 16 | public actor GateTimingRecorder {
    |              `- note: add '@available' attribute to enclosing actor
 17 |     public struct Span: Codable, Sendable {
 18 |         public let name: String
    :
 38 |     /// genuinely free of scheduling skew.
 39 |     private nonisolated let clock: ContinuousClock
 40 |     private nonisolated let origin: ContinuousClock.Instant
    |                                     `- error: 'ContinuousClock' is only available in tvOS 16.0 or newer
 41 |     private var spans: [Span] = []
 42 |
/Users/admin/builder/spi-builder-workspace/Sources/MutationModel/GateTimingRecorder.swift:54:38: error: 'ContinuousClock' is only available in tvOS 16.0 or newer
 14 | /// (NTP adjustment, sleep/wake) in ways a diagnostic meant to reconstruct
 15 | /// exactly where ~1195 real seconds went must not be vulnerable to.
 16 | public actor GateTimingRecorder {
    |              `- note: add '@available' attribute to enclosing actor
 17 |     public struct Span: Codable, Sendable {
 18 |         public let name: String
    :
 52 |     /// capturing "now" must never hop onto this actor's executor first,
 53 |     /// which would itself skew the very timing being measured.
 54 |     public nonisolated func now() -> ContinuousClock.Instant { clock.now }
    |                             |        `- error: 'ContinuousClock' is only available in tvOS 16.0 or newer
    |                             `- note: add '@available' attribute to enclosing instance method
 55 |
 56 |     /// Records one span running from `start` to now (or to `end`, when a
/Users/admin/builder/spi-builder-workspace/Sources/MutationModel/GateTimingRecorder.swift:63:16: error: 'ContinuousClock' is only available in tvOS 16.0 or newer
 14 | /// (NTP adjustment, sleep/wake) in ways a diagnostic meant to reconstruct
 15 | /// exactly where ~1195 real seconds went must not be vulnerable to.
 16 | public actor GateTimingRecorder {
    |              `- note: add '@available' attribute to enclosing actor
 17 |     public struct Span: Codable, Sendable {
 18 |         public let name: String
    :
 57 |     /// caller captured it separately — e.g. to record a span that failed,
 58 |     /// where the caller already has an `end` from a `catch` block).
 59 |     public func record(
    |                 `- note: add '@available' attribute to enclosing instance method
 60 |         _ name: String,
 61 |         chunkID: String? = nil,
 62 |         mutationID: String? = nil,
 63 |         start: ContinuousClock.Instant,
    |                `- error: 'ContinuousClock' is only available in tvOS 16.0 or newer
 64 |         end: ContinuousClock.Instant? = nil
 65 |     ) {
/Users/admin/builder/spi-builder-workspace/Sources/MutationModel/GateTimingRecorder.swift:64:14: error: 'ContinuousClock' is only available in tvOS 16.0 or newer
 14 | /// (NTP adjustment, sleep/wake) in ways a diagnostic meant to reconstruct
 15 | /// exactly where ~1195 real seconds went must not be vulnerable to.
 16 | public actor GateTimingRecorder {
    |              `- note: add '@available' attribute to enclosing actor
 17 |     public struct Span: Codable, Sendable {
 18 |         public let name: String
    :
 57 |     /// caller captured it separately — e.g. to record a span that failed,
 58 |     /// where the caller already has an `end` from a `catch` block).
 59 |     public func record(
    |                 `- note: add '@available' attribute to enclosing instance method
 60 |         _ name: String,
 61 |         chunkID: String? = nil,
 62 |         mutationID: String? = nil,
 63 |         start: ContinuousClock.Instant,
 64 |         end: ContinuousClock.Instant? = nil
    |              `- error: 'ContinuousClock' is only available in tvOS 16.0 or newer
 65 |     ) {
 66 |         let finish = end ?? clock.now
/Users/admin/builder/spi-builder-workspace/Sources/MutationModel/GateTimingRecorder.swift:93:11: error: 'Duration' is only available in tvOS 16.0 or newer
 91 | }
 92 |
 93 | extension Duration {
    | |         `- error: 'Duration' is only available in tvOS 16.0 or newer
    | `- note: add '@available' attribute to enclosing extension
 94 |     /// `Duration` has no built-in `Double` conversion — its own
 95 |     /// `components` (whole seconds + attoseconds) is the only lossless
/Users/admin/builder/spi-builder-workspace/Sources/MutationModel/GateTimingRecorder.swift:44:21: error: 'ContinuousClock' is only available in tvOS 16.0 or newer
 14 | /// (NTP adjustment, sleep/wake) in ways a diagnostic meant to reconstruct
 15 | /// exactly where ~1195 real seconds went must not be vulnerable to.
 16 | public actor GateTimingRecorder {
    |              `- note: add '@available' attribute to enclosing actor
 17 |     public struct Span: Codable, Sendable {
 18 |         public let name: String
    :
 41 |     private var spans: [Span] = []
 42 |
 43 |     public init() {
    |            `- note: add '@available' attribute to enclosing initializer
 44 |         let clock = ContinuousClock()
    |                     |- error: 'ContinuousClock' is only available in tvOS 16.0 or newer
    |                     `- note: add 'if #available' version check
 45 |         self.clock = clock
 46 |         origin = clock.now
/Users/admin/builder/spi-builder-workspace/Sources/MutationModel/GateTimingRecorder.swift:46:24: error: 'now' is only available in tvOS 16.0 or newer
 14 | /// (NTP adjustment, sleep/wake) in ways a diagnostic meant to reconstruct
 15 | /// exactly where ~1195 real seconds went must not be vulnerable to.
 16 | public actor GateTimingRecorder {
    |              `- note: add '@available' attribute to enclosing actor
 17 |     public struct Span: Codable, Sendable {
 18 |         public let name: String
    :
 41 |     private var spans: [Span] = []
 42 |
 43 |     public init() {
    |            `- note: add '@available' attribute to enclosing initializer
 44 |         let clock = ContinuousClock()
 45 |         self.clock = clock
 46 |         origin = clock.now
    |                        |- error: 'now' is only available in tvOS 16.0 or newer
    |                        `- note: add 'if #available' version check
 47 |     }
 48 |
Failed frontend command:
/Applications/Xcode-27.0.0.app/Contents/Developer/Toolchains/XcodeDefault.xctoolchain/usr/bin/swift-frontend -frontend -emit-module -experimental-skip-non-inlinable-function-bodies-without-types /Users/admin/builder/spi-builder-workspace/Sources/MutationModel/AssertionKillAttribution+TestMatching.swift /Users/admin/builder/spi-builder-workspace/Sources/MutationModel/AssertionKillAttribution.swift /Users/admin/builder/spi-builder-workspace/Sources/MutationModel/BaselineControlObservation.swift /Users/admin/builder/spi-builder-workspace/Sources/MutationModel/CompilerCrashSignature.swift /Users/admin/builder/spi-builder-workspace/Sources/MutationModel/Configuration.swift /Users/admin/builder/spi-builder-workspace/Sources/MutationModel/ConfigurationValidation.swift /Users/admin/builder/spi-builder-workspace/Sources/MutationModel/CoreTypes.swift /Users/admin/builder/spi-builder-workspace/Sources/MutationModel/EvidenceArchive.swift /Users/admin/builder/spi-builder-workspace/Sources/MutationModel/EvidenceArchiveReader.swift /Users/admin/builder/spi-builder-workspace/Sources/MutationModel/ExecutionImplementationVersion.swift /Users/admin/builder/spi-builder-workspace/Sources/MutationModel/ExecutionProfile.swift /Users/admin/builder/spi-builder-workspace/Sources/MutationModel/ExecutionSettings.swift /Users/admin/builder/spi-builder-workspace/Sources/MutationModel/GateTimingRecorder.swift /Users/admin/builder/spi-builder-workspace/Sources/MutationModel/Hashing.swift /Users/admin/builder/spi-builder-workspace/Sources/MutationModel/InclusionReason.swift /Users/admin/builder/spi-builder-workspace/Sources/MutationModel/Integrity.swift /Users/admin/builder/spi-builder-workspace/Sources/MutationModel/MultiTargetVerdict.swift /Users/admin/builder/spi-builder-workspace/Sources/MutationModel/MutationEvidence.swift /Users/admin/builder/spi-builder-workspace/Sources/MutationModel/MutationID.swift /Users/admin/builder/spi-builder-workspace/Sources/MutationModel/MutationObservations.swift /Users/admin/builder/spi-builder-workspace/Sources/MutationModel/MutationOutcome.swift /Users/admin/builder/spi-builder-workspace/Sources/MutationModel/MutationPlan.swift /Users/admin/builder/spi-builder-workspace/Sources/MutationModel/MutationPoint.swift /Users/admin/builder/spi-builder-workspace/Sources/MutationModel/MutationResult.swift /Users/admin/builder/spi-builder-workspace/Sources/MutationModel/MutationVerdictVerifier+BaselineControl.swift /Users/admin/builder/spi-builder-workspace/Sources/MutationModel/MutationVerdictVerifier+Classification.swift /Users/admin/builder/spi-builder-workspace/Sources/MutationModel/MutationVerdictVerifier+Confirmation.swift /Users/admin/builder/spi-builder-workspace/Sources/MutationModel/MutationVerdictVerifier+KillAttribution.swift /Users/admin/builder/spi-builder-workspace/Sources/MutationModel/MutationVerdictVerifier+Proof.swift /Users/admin/builder/spi-builder-workspace/Sources/MutationModel/MutationVerdictVerifier+SchemataChain.swift /Users/admin/builder/spi-builder-workspace/Sources/MutationModel/MutationVerdictVerifier.swift /Users/admin/builder/spi-builder-workspace/Sources/MutationModel/OperationalIssue.swift /Users/admin/builder/spi-builder-workspace/Sources/MutationModel/OperatorDescriptor.swift /Users/admin/builder/spi-builder-workspace/Sources/MutationModel/PlannedMutationRef.swift /Users/admin/builder/spi-builder-workspace/Sources/MutationModel/ProgressReporter.swift /Users/admin/builder/spi-builder-workspace/Sources/MutationModel/ProofIdentity.swift /Users/admin/builder/spi-builder-workspace/Sources/MutationModel/QualityGate.swift /Users/admin/builder/spi-builder-workspace/Sources/MutationModel/ReportReverification+KillEvidence.swift /Users/admin/builder/spi-builder-workspace/Sources/MutationModel/ReportReverification+ProductEvidence.swift /Users/admin/builder/spi-builder-workspace/Sources/MutationModel/ReportReverification+RequiredChecks.swift /Users/admin/builder/spi-builder-workspace/Sources/MutationModel/ReportReverification.swift /Users/admin/builder/spi-builder-workspace/Sources/MutationModel/ReportReverifier+TierB.swift /Users/admin/builder/spi-builder-workspace/Sources/MutationModel/ResultLedger.swift /Users/admin/builder/spi-builder-workspace/Sources/MutationModel/RunContextFingerprint.swift /Users/admin/builder/spi-builder-workspace/Sources/MutationModel/RunReport+EvidenceArchive.swift /Users/admin/builder/spi-builder-workspace/Sources/MutationModel/RunStopRequest.swift /Users/admin/builder/spi-builder-workspace/Sources/MutationModel/RuntimeTranscript.swift /Users/admin/builder/spi-builder-workspace/Sources/MutationModel/SchemataBuildReceipt.swift /Users/admin/builder/spi-builder-workspace/Sources/MutationModel/SchemataEvidence.swift /Users/admin/builder/spi-builder-workspace/Sources/MutationModel/SchemataLowering.swift /Users/admin/builder/spi-builder-workspace/Sources/MutationModel/SchemataPlan.swift /Users/admin/builder/spi-builder-workspace/Sources/MutationModel/SchemataQualification.swift /Users/admin/builder/spi-builder-workspace/Sources/MutationModel/SimulatorPreparationRecord.swift /Users/admin/builder/spi-builder-workspace/Sources/MutationModel/TestObservation.swift /Users/admin/builder/spi-builder-workspace/Sources/MutationModel/VerdictProof.swift /Users/admin/builder/spi-builder-workspace/Sources/MutationModel/VerifiedMutationRecord.swift -target arm64-apple-tvos15.0 -disable-cross-import-overlay-search -load-resolved-plugin /Applications/Xcode-27.0.0.app/Contents/Developer/Platforms/AppleTVOS.platform/Developer/usr/lib/swift/host/plugins/libFoundationMacros.dylib\#/Applications/Xcode-27.0.0.app/Contents/Developer/Platforms/AppleTVOS.platform/Developer/usr/bin/swift-plugin-server\#FoundationMacros -load-resolved-plugin /Applications/Xcode-27.0.0.app/Contents/Developer/Platforms/AppleTVOS.platform/Developer/usr/lib/swift/host/plugins/libObservationMacros.dylib\#/Applications/Xcode-27.0.0.app/Contents/Developer/Platforms/AppleTVOS.platform/Developer/usr/bin/swift-plugin-server\#ObservationMacros -load-resolved-plugin /Applications/Xcode-27.0.0.app/Contents/Developer/Platforms/AppleTVOS.platform/Developer/usr/lib/swift/host/plugins/libSwiftMacros.dylib\#/Applications/Xcode-27.0.0.app/Contents/Developer/Platforms/AppleTVOS.platform/Developer/usr/bin/swift-plugin-server\#SwiftMacros -disable-implicit-swift-modules -Xcc -fno-implicit-modules -Xcc -fno-implicit-module-maps -explicit-swift-module-map-file /Users/admin/builder/spi-builder-workspace/.derivedData/Build/Intermediates.noindex/MutantKit.build/Debug-appletvos/MutationModel-t.build/Objects-normal/arm64/MutationModel-dependencies-1.json -Xllvm -aarch64-use-tbi -enable-objc-interop -stack-check -sdk /Applications/Xcode-27.0.0.app/Contents/Developer/Platforms/AppleTVOS.platform/Developer/SDKs/AppleTVOS27.0.sdk -I /Users/admin/builder/spi-builder-workspace/.derivedData/Build/Products/Debug-appletvos -Isystem /Applications/Xcode-27.0.0.app/Contents/Developer/Platforms/AppleTVOS.platform/Developer/usr/lib -F /Users/admin/builder/spi-builder-workspace/.derivedData/Build/Products/Debug-appletvos -F /Applications/Xcode-27.0.0.app/Contents/Developer/Platforms/AppleTVOS.platform/Developer/Library/Frameworks -F /Applications/Xcode-27.0.0.app/Contents/Developer/Platforms/AppleTVOS.platform/Developer/SDKs/AppleTVOS27.0.sdk/Developer/Library/Frameworks -module-cache-path /Users/admin/builder/spi-builder-workspace/.derivedData/Build/Intermediates.noindex/SwiftExplicitPrecompiledModules -no-color-diagnostics -Xcc -fno-color-diagnostics -enable-testing -g -debug-info-format\=dwarf -dwarf-version\=4 -profile-generate -profile-coverage-mapping -swift-version 6 -Onone -D SWIFT_PACKAGE -D DEBUG -D SWIFT_MODULE_RESOURCE_BUNDLE_UNAVAILABLE -D Xcode -serialize-debugging-options -enable-experimental-feature DebugDescriptionMacro -empty-abi-descriptor -validate-clang-modules-once -clang-build-session-file /Users/admin/builder/spi-builder-workspace/.derivedData/ModuleCache.noindex/Session.modulevalidation -Xcc -working-directory -Xcc /Users/admin/builder/spi-builder-workspace/.swiftpm/xcode -enable-anonymous-context-mangled-names -file-compilation-dir /Users/admin/builder/spi-builder-workspace/.swiftpm/xcode -Xcc -D_LIBCPP_HARDENING_MODE\=_LIBCPP_HARDENING_MODE_DEBUG -Xcc -ivfsstatcache -Xcc /Users/admin/builder/spi-builder-workspace/.derivedData/SDKStatCaches.noindex/appletvos27.0-24J360-e829b21a6f8c9b70876ba0858053c044509235ffd515576fb835ffc8f67461e5.sdkstatcache -Xcc -fmodules-prune-interval\=86400 -Xcc -fmodules-prune-after\=345600 -Xcc -I/Users/admin/builder/spi-builder-workspace/.derivedData/Build/Products/Debug-appletvos/include -Xcc -I/Users/admin/builder/spi-builder-workspace/.derivedData/Build/Intermediates.noindex/MutantKit.build/Debug-appletvos/MutationModel-t.build/DerivedSources-normal/arm64 -Xcc -I/Users/admin/builder/spi-builder-workspace/.derivedData/Build/Intermediates.noindex/MutantKit.build/Debug-appletvos/MutationModel-t.build/DerivedSources/arm64 -Xcc -I/Users/admin/builder/spi-builder-workspace/.derivedData/Build/Intermediates.noindex/MutantKit.build/Debug-appletvos/MutationModel-t.build/DerivedSources -Xcc -DSWIFT_PACKAGE -Xcc -DDEBUG\=1 -no-auto-bridging-header-chaining -module-name MutationModel -package-name spi_builder_workspace -const-gather-protocols-file /Users/admin/builder/spi-builder-workspace/.derivedData/Build/Intermediates.noindex/MutantKit.build/Debug-appletvos/MutationModel-t.build/Objects-normal/arm64/MutationModel_const_extract_protocols.json -disable-clang-spi -clang-target arm64-apple-tvos27.0 -target-sdk-version 27.0 -target-sdk-name appletvos27.0 -in-process-plugin-server-path /Applications/Xcode-27.0.0.app/Contents/Developer/Toolchains/XcodeDefault.xctoolchain/usr/lib/swift/host/libSwiftInProcPluginServer.dylib -emit-module-doc-path /Users/admin/builder/spi-builder-workspace/.derivedData/Build/Intermediates.noindex/MutantKit.build/Debug-appletvos/MutationModel-t.build/Objects-normal/arm64/MutationModel.swiftdoc -emit-module-source-info-path /Users/admin/builder/spi-builder-workspace/.derivedData/Build/Intermediates.noindex/MutantKit.build/Debug-appletvos/MutationModel-t.build/Objects-normal/arm64/MutationModel.swiftsourceinfo -emit-objc-header-path /Users/admin/builder/spi-builder-workspace/.derivedData/Build/Intermediates.noindex/MutantKit.build/Debug-appletvos/MutationModel-t.build/Objects-normal/arm64/MutationModel-Swift.h -serialize-diagnostics-path /Users/admin/builder/spi-builder-workspace/.derivedData/Build/Intermediates.noindex/MutantKit.build/Debug-appletvos/MutationModel-t.build/Objects-normal/arm64/MutationModel-primary-emit-module.dia -emit-dependencies-path /Users/admin/builder/spi-builder-workspace/.derivedData/Build/Intermediates.noindex/MutantKit.build/Debug-appletvos/MutationModel-t.build/Objects-normal/arm64/MutationModel-primary-emit-module.d -parse-as-library -o /Users/admin/builder/spi-builder-workspace/.derivedData/Build/Intermediates.noindex/MutantKit.build/Debug-appletvos/MutationModel-t.build/Objects-normal/arm64/MutationModel.swiftmodule -emit-abi-descriptor-path /Users/admin/builder/spi-builder-workspace/.derivedData/Build/Intermediates.noindex/MutantKit.build/Debug-appletvos/MutationModel-t.build/Objects-normal/arm64/MutationModel.abi.json
SwiftCompile normal arm64 (in target 'MutationModel' from project 'MutantKit')
    cd /Users/admin/builder/spi-builder-workspace/.swiftpm/xcode

SwiftEmitModule normal arm64 Emitting\ module\ for\ ArgumentParser (in target 'ArgumentParser' from project 'swift-argument-parser')
SwiftCompile normal arm64 (in target 'ArgumentParser' from project 'swift-argument-parser')
    cd /Users/admin/builder/spi-builder-workspace/.swiftpm/xcode

SwiftEmitModule normal arm64 Emitting\ module\ for\ SwiftSyntax (in target 'SwiftSyntax' from project 'swift-syntax')
SwiftCompile normal arm64 (in target 'SwiftSyntax' from project 'swift-syntax')
    cd /Users/admin/builder/spi-builder-workspace/.swiftpm/xcode

SwiftDriverJobDiscovery normal arm64 Compiling Tag.swift, YamlAnchorProviding.swift (in target 'Yams' from project 'Yams')
SwiftCompile normal arm64 Compiling\ YamlError.swift,\ YamlTagProviding.swift /Users/admin/builder/spi-builder-workspace/.dependencies/checkouts/Yams/Sources/Yams/YamlError.swift /Users/admin/builder/spi-builder-workspace/.dependencies/checkouts/Yams/Sources/Yams/YamlTagProviding.swift (in target 'Yams' from project 'Yams')
SwiftCompile normal arm64 /Users/admin/builder/spi-builder-workspace/.dependencies/checkouts/Yams/Sources/Yams/YamlError.swift (in target 'Yams' from project 'Yams')
    cd /Users/admin/builder/spi-builder-workspace/.swiftpm/xcode
    builtin-SwiftPerFileCompile YamlError.swift
SwiftCompile normal arm64 /Users/admin/builder/spi-builder-workspace/.dependencies/checkouts/Yams/Sources/Yams/YamlTagProviding.swift (in target 'Yams' from project 'Yams')
    cd /Users/admin/builder/spi-builder-workspace/.swiftpm/xcode
    builtin-SwiftPerFileCompile YamlTagProviding.swift
SwiftDriverJobDiscovery normal arm64 Compiling Node.Scalar.swift, Node.Sequence.swift (in target 'Yams' from project 'Yams')
SwiftCompile normal arm64 Compiling\ Encoder.swift,\ Mark.swift /Users/admin/builder/spi-builder-workspace/.dependencies/checkouts/Yams/Sources/Yams/Encoder.swift /Users/admin/builder/spi-builder-workspace/.dependencies/checkouts/Yams/Sources/Yams/Mark.swift (in target 'Yams' from project 'Yams')
SwiftCompile normal arm64 /Users/admin/builder/spi-builder-workspace/.dependencies/checkouts/Yams/Sources/Yams/Encoder.swift (in target 'Yams' from project 'Yams')
    cd /Users/admin/builder/spi-builder-workspace/.swiftpm/xcode
    builtin-SwiftPerFileCompile Encoder.swift
SwiftCompile normal arm64 /Users/admin/builder/spi-builder-workspace/.dependencies/checkouts/Yams/Sources/Yams/Mark.swift (in target 'Yams' from project 'Yams')
    cd /Users/admin/builder/spi-builder-workspace/.swiftpm/xcode
    builtin-SwiftPerFileCompile Mark.swift
SwiftDriverJobDiscovery normal arm64 Compiling Node.Alias.swift, Node.Mapping.swift (in target 'Yams' from project 'Yams')
SwiftCompile normal arm64 Compiling\ RedundancyAliasingStrategy.swift,\ Representer.swift /Users/admin/builder/spi-builder-workspace/.dependencies/checkouts/Yams/Sources/Yams/RedundancyAliasingStrategy.swift /Users/admin/builder/spi-builder-workspace/.dependencies/checkouts/Yams/Sources/Yams/Representer.swift (in target 'Yams' from project 'Yams')
SwiftCompile normal arm64 /Users/admin/builder/spi-builder-workspace/.dependencies/checkouts/Yams/Sources/Yams/RedundancyAliasingStrategy.swift (in target 'Yams' from project 'Yams')
    cd /Users/admin/builder/spi-builder-workspace/.swiftpm/xcode
    builtin-SwiftPerFileCompile RedundancyAliasingStrategy.swift
SwiftCompile normal arm64 /Users/admin/builder/spi-builder-workspace/.dependencies/checkouts/Yams/Sources/Yams/Representer.swift (in target 'Yams' from project 'Yams')
    cd /Users/admin/builder/spi-builder-workspace/.swiftpm/xcode
    builtin-SwiftPerFileCompile Representer.swift
SwiftDriverJobDiscovery normal arm64 Emitting module for Yams (in target 'Yams' from project 'Yams')
SwiftDriver\ Compilation\ Requirements Yams normal arm64 com.apple.xcode.tools.swift.compiler (in target 'Yams' from project 'Yams')
    cd /Users/admin/builder/spi-builder-workspace/.swiftpm/xcode
    builtin-Swift-Compilation-Requirements -- /Applications/Xcode-27.0.0.app/Contents/Developer/Toolchains/XcodeDefault.xctoolchain/usr/bin/swiftc -parse-as-library -module-name Yams -Onone @/Users/admin/builder/spi-builder-workspace/.derivedData/Build/Intermediates.noindex/Yams.build/Debug-appletvos/Yams-t.build/Objects-normal/arm64/Yams.SwiftFileList -DSWIFT_PACKAGE -DDEBUG -DSWIFT_MODULE_RESOURCE_BUNDLE_UNAVAILABLE -Xcc -fmodule-map-file\=/Users/admin/builder/spi-builder-workspace/.dependencies/checkouts/Yams/Sources/CYaml/include/module.modulemap -DXcode -plugin-path /Applications/Xcode-27.0.0.app/Contents/Developer/Toolchains/XcodeDefault.xctoolchain/usr/lib/swift/host/plugins/testing -enable-experimental-feature DebugDescriptionMacro -sdk /Applications/Xcode-27.0.0.app/Contents/Developer/Platforms/AppleTVOS.platform/Developer/SDKs/AppleTVOS27.0.sdk -target arm64-apple-tvos15.0 -g -module-cache-path /Users/admin/builder/spi-builder-workspace/.derivedData/ModuleCache.noindex -Xfrontend -serialize-debugging-options -profile-coverage-mapping -profile-generate -enable-testing -suppress-warnings -index-store-path /Users/admin/builder/spi-builder-workspace/.derivedData/Index.noindex/DataStore -Xcc -D_LIBCPP_HARDENING_MODE\=_LIBCPP_HARDENING_MODE_DEBUG -swift-version 6 -I /Users/admin/builder/spi-builder-workspace/.derivedData/Build/Products/Debug-appletvos -Isystem /Applications/Xcode-27.0.0.app/Contents/Developer/Platforms/AppleTVOS.platform/Developer/usr/lib -F /Users/admin/builder/spi-builder-workspace/.derivedData/Build/Products/Debug-appletvos/PackageFrameworks -F /Users/admin/builder/spi-builder-workspace/.derivedData/Build/Products/Debug-appletvos -F /Applications/Xcode-27.0.0.app/Contents/Developer/Platforms/AppleTVOS.platform/Developer/Library/Frameworks -F /Applications/Xcode-27.0.0.app/Contents/Developer/Platforms/AppleTVOS.platform/Developer/SDKs/AppleTVOS27.0.sdk/Developer/Library/Frameworks -c -j10 -enable-batch-mode -incremental -Xcc -ivfsstatcache -Xcc /Users/admin/builder/spi-builder-workspace/.derivedData/SDKStatCaches.noindex/appletvos27.0-24J360-e829b21a6f8c9b70876ba0858053c044509235ffd515576fb835ffc8f67461e5.sdkstatcache -output-file-map /Users/admin/builder/spi-builder-workspace/.derivedData/Build/Intermediates.noindex/Yams.build/Debug-appletvos/Yams-t.build/Objects-normal/arm64/Yams-OutputFileMap.json -save-temps -no-color-diagnostics -explicit-module-build -module-cache-path /Users/admin/builder/spi-builder-workspace/.derivedData/Build/Intermediates.noindex/SwiftExplicitPrecompiledModules -clang-scanner-module-cache-path /Users/admin/builder/spi-builder-workspace/.derivedData/ModuleCache.noindex -sdk-module-cache-path /Users/admin/builder/spi-builder-workspace/.derivedData/SDKExplicitPrecompiledModules -emit-dependencies -emit-module -emit-module-path /Users/admin/builder/spi-builder-workspace/.derivedData/Build/Intermediates.noindex/Yams.build/Debug-appletvos/Yams-t.build/Objects-normal/arm64/Yams.swiftmodule -serialize-diagnostics -dependency-scan-serialize-diagnostics-path /Users/admin/builder/spi-builder-workspace/.derivedData/Build/Intermediates.noindex/Yams.build/Debug-appletvos/Yams-t.build/Objects-normal/arm64/Yams-dependency-scan.dia -user-module-version 6.2.2 -validate-clang-modules-once -clang-build-session-file /Users/admin/builder/spi-builder-workspace/.derivedData/ModuleCache.noindex/Session.modulevalidation -Xcc -fmodules-prune-interval\=86400 -Xcc -fmodules-prune-after\=345600 -package-name yams -emit-const-values -const-gather-protocols-list /Users/admin/builder/spi-builder-workspace/.derivedData/Build/Intermediates.noindex/Yams.build/Debug-appletvos/Yams-t.build/Objects-normal/arm64/Yams_const_extract_protocols.json -Xcc -I/Users/admin/builder/spi-builder-workspace/.dependencies/checkouts/Yams/Sources/CYaml/include -Xcc -I/Users/admin/builder/spi-builder-workspace/.derivedData/Build/Products/Debug-appletvos/include -Xcc -I/Users/admin/builder/spi-builder-workspace/.derivedData/Build/Intermediates.noindex/Yams.build/Debug-appletvos/Yams-t.build/DerivedSources-normal/arm64 -Xcc -I/Users/admin/builder/spi-builder-workspace/.derivedData/Build/Intermediates.noindex/Yams.build/Debug-appletvos/Yams-t.build/DerivedSources/arm64 -Xcc -I/Users/admin/builder/spi-builder-workspace/.derivedData/Build/Intermediates.noindex/Yams.build/Debug-appletvos/Yams-t.build/DerivedSources -Xcc -DSWIFT_PACKAGE -Xcc -DDEBUG\=1 -Xcc -DYAML_DECLARE_STATIC -emit-objc-header -emit-objc-header-path /Users/admin/builder/spi-builder-workspace/.derivedData/Build/Intermediates.noindex/Yams.build/Debug-appletvos/Yams-t.build/Objects-normal/arm64/Yams-Swift.h -working-directory /Users/admin/builder/spi-builder-workspace/.swiftpm/xcode -experimental-emit-module-separately -disable-cmo
PruneExplicitPrecompiledModules /Users/admin/builder/spi-builder-workspace/.derivedData/Build/Intermediates.noindex/ExplicitPrecompiledModules
PruneExplicitPrecompiledModules /Users/admin/builder/spi-builder-workspace/.derivedData/SDKExplicitPrecompiledModules
PruneExplicitPrecompiledModules /Users/admin/builder/spi-builder-workspace/.derivedData/Build/Intermediates.noindex/SwiftExplicitPrecompiledModules
2026-10-27 12:38:44.139 xcodebuild[1052:6176] [MT] IDERunDestination: Supported platforms for the buildables in the current scheme is empty.
** BUILD FAILED **
The following build commands failed:
	SwiftEmitModule normal arm64 Emitting\ module\ for\ MutationModel (in target 'MutationModel' from project 'MutantKit')
	SwiftCompile normal arm64 (in target 'MutationModel' from project 'MutantKit')
	Building workspace MutantKit with scheme MutantKit-Package
(3 failures)
BUILD FAILURE 6.4 tvOS