Build Information
Failed to build Mortar, reference master (a07e71), with Swift 6.4 for watchOS using Xcode 27.0 on 24 Sep 2026 06:46:11 UTC.
Build Command
env DEVELOPER_DIR=/Applications/Xcode-27.0.0-Release.Candidate.app xcrun xcodebuild -IDEClonedSourcePackagesDirPathOverride=$PWD/.dependencies -skipMacroValidation -skipPackagePluginValidation -derivedDataPath $PWD/.derivedData build -scheme Mortar -destination generic/platform=watchOSBuild Log
========================================
RunAll
========================================
Builder version: 5.1.0
Interrupt handler set up.
========================================
Checkout
========================================
Clone URL: https://github.com/jmfieldman/Mortar.git
Reference: master
Initialized empty Git repository in /Users/admin/builder/spi-builder-workspace/.git/
From https://github.com/jmfieldman/Mortar
* branch master -> FETCH_HEAD
* [new branch] master -> origin/master
HEAD is now at a07e71f stacks for macOS
Cloned https://github.com/jmfieldman/Mortar.git
Revision (git rev-parse @):
a07e71f1ddd470946a64f1eaae788cf8a95d2bcb
SUCCESS checkout https://github.com/jmfieldman/Mortar.git at master
========================================
Build
========================================
Selected platform: watchOS
Swift version: 6.4
Building package at path: $PWD
https://github.com/jmfieldman/Mortar.git
Command line invocation:
/Applications/Xcode-27.0.0-Release.Candidate.app/Contents/Developer/usr/bin/xcodebuild -IDEClonedSourcePackagesDirPathOverride=/Users/admin/builder/spi-builder-workspace/.dependencies -resolvePackageDependencies
Resolve Package Graph
Fetching from https://github.com/jmfieldman/CombineEx.git
Creating working copy of package ‘CombineEx’
Checking out 0.0.77 of package ‘CombineEx’
Resolve Package Graph
Resolved source packages:
CombineEx: https://github.com/jmfieldman/CombineEx.git @ 0.0.77
Mortar: /Users/admin/builder/spi-builder-workspace
resolved source packages: CombineEx, Mortar
2026-09-24 02:45:21.863 xcodebuild[529:3040] [MT] IDERunDestination: Supported platforms for the buildables in the current scheme is empty.
{
"dependencies" : [
{
"identity" : "combineex",
"requirement" : {
"range" : [
{
"lower_bound" : "0.0.46",
"upper_bound" : "1.0.0"
}
]
},
"type" : "sourceControl",
"url" : "https://github.com/jmfieldman/CombineEx.git"
}
],
"manifest_display_name" : "Mortar",
"name" : "Mortar",
"path" : "/Users/admin/builder/spi-builder-workspace",
"platforms" : [
{
"name" : "ios",
"version" : "17.0"
},
{
"name" : "macos",
"version" : "14.0"
},
{
"name" : "tvos",
"version" : "17.0"
}
],
"products" : [
{
"name" : "Mortar",
"targets" : [
"Mortar"
],
"type" : {
"library" : [
"automatic"
]
}
}
],
"targets" : [
{
"c99name" : "MortarTests",
"module_type" : "SwiftTarget",
"name" : "MortarTests",
"path" : "MortarTests",
"sources" : [
"MortarLayoutTests.swift",
"TestUtilities.swift"
],
"target_dependencies" : [
"Mortar"
],
"type" : "test"
},
{
"c99name" : "Mortar",
"module_type" : "SwiftTarget",
"name" : "Mortar",
"path" : "Mortar",
"product_dependencies" : [
"CombineEx"
],
"product_memberships" : [
"Mortar"
],
"sources" : [
"Exports.swift",
"LayoutGuide+MortarCoordinate.swift",
"ManagedViews/CollectionView/ManagedCollectionView.swift",
"ManagedViews/CollectionView/ManagedCollectionViewCell.swift",
"ManagedViews/CollectionView/ManagedCollectionViewHeaderFooterView.swift",
"ManagedViews/CollectionView/ManagedCollectionViewSection.swift",
"ManagedViews/ManagedViewCommon.swift",
"ManagedViews/TableView/ManagedTableView.swift",
"ManagedViews/TableView/ManagedTableViewCell.swift",
"ManagedViews/TableView/ManagedTableViewDelegation.swift",
"ManagedViews/TableView/ManagedTableViewHeaderFooterView.swift",
"ManagedViews/TableView/ManagedTableViewSection.swift",
"ManagedViews/TableView/StandardCells/StandardTableViewCell.swift",
"Mortar.swift",
"MortarAnchorProvider.swift",
"MortarAxisPriorities.swift",
"MortarCGFloatable.swift",
"MortarConstraint.swift",
"MortarConstraintGroup.swift",
"MortarCoordinate.swift",
"MortarError.swift",
"MortarGestureRecognizer.swift",
"MortarObjectAttachments.swift",
"MortarReactive.swift",
"MortarScrollView.swift",
"MortarStyle.swift",
"MortarTextDelegation.swift",
"MortarViewAliases.swift",
"Operators.swift",
"View+LayoutStack.swift",
"View+MortarCoordinate.swift",
"View+ResultBuilder.swift"
],
"type" : "library"
}
],
"tools_version" : "5.9"
}
{
"workspace" : {
"name" : "Mortar",
"schemes" : [
"Mortar"
]
}
}
2026-09-24 02:45:54.122 xcodebuild[663:3998] [MT] IDERunDestination: Supported platforms for the buildables in the current scheme is empty.
Running build ...
env DEVELOPER_DIR=/Applications/Xcode-27.0.0-Release.Candidate.app xcrun xcodebuild -IDEClonedSourcePackagesDirPathOverride=$PWD/.dependencies -skipMacroValidation -skipPackagePluginValidation -derivedDataPath $PWD/.derivedData build -scheme Mortar -destination generic/platform=watchOS
Command line invocation:
/Applications/Xcode-27.0.0-Release.Candidate.app/Contents/Developer/usr/bin/xcodebuild -IDEClonedSourcePackagesDirPathOverride=/Users/admin/builder/spi-builder-workspace/.dependencies -skipMacroValidation -skipPackagePluginValidation -derivedDataPath /Users/admin/builder/spi-builder-workspace/.derivedData build -scheme Mortar -destination generic/platform=watchOS
Resolve Package Graph
Resolve Package Graph
Resolved source packages:
CombineEx: https://github.com/jmfieldman/CombineEx.git @ 0.0.77
Mortar: /Users/admin/builder/spi-builder-workspace
ComputePackagePrebuildTargetDependencyGraph
Prepare packages
CreateBuildRequest
SendProjectDescription
CreateBuildOperation
ComputeTargetDependencyGraph
note: Building targets in dependency order
note: Target dependency graph (4 targets)
Target 'Mortar-product' in project 'Mortar'
➜ Explicit dependency on target 'Mortar' in project 'Mortar'
➜ Explicit dependency on target 'CombineEx-product' in project 'CombineEx'
Target 'Mortar' in project 'Mortar'
➜ Explicit dependency on target 'CombineEx-product' in project 'CombineEx'
Target 'CombineEx-product' in project 'CombineEx'
➜ Explicit dependency on target 'CombineEx' in project 'CombineEx'
Target 'CombineEx' in project 'CombineEx' (no dependencies)
GatherProvisioningInputs
CreateBuildDescription
ExecuteExternalTool /Applications/Xcode-27.0.0-Release.Candidate.app/Contents/Developer/Toolchains/XcodeDefault.xctoolchain/usr/bin/clang -v -E -dM -isysroot /Applications/Xcode-27.0.0-Release.Candidate.app/Contents/Developer/Platforms/WatchOS.platform/Developer/SDKs/WatchOS27.0.sdk -x c -c /dev/null
ExecuteExternalTool /Applications/Xcode-27.0.0-Release.Candidate.app/Contents/Developer/Toolchains/XcodeDefault.xctoolchain/usr/bin/swiftc --version
ExecuteExternalTool /Applications/Xcode-27.0.0-Release.Candidate.app/Contents/Developer/Toolchains/XcodeDefault.xctoolchain/usr/bin/ld -version_details
Build description signature: ebe811b90500050bf771564f45e9ed81
Build description path: /Users/admin/builder/spi-builder-workspace/.derivedData/Build/Intermediates.noindex/XCBuildData/ebe811b90500050bf771564f45e9ed81.xcbuilddata
CreateBuildDirectory /Users/admin/builder/spi-builder-workspace/.derivedData/CompilationCache.noindex
cd /Users/admin/builder/spi-builder-workspace/.swiftpm/xcode
builtin-create-build-directory /Users/admin/builder/spi-builder-workspace/.derivedData/CompilationCache.noindex
CreateBuildDirectory /Users/admin/builder/spi-builder-workspace/.derivedData/SDKExplicitPrecompiledModules
cd /Users/admin/builder/spi-builder-workspace/.swiftpm/xcode
builtin-create-build-directory /Users/admin/builder/spi-builder-workspace/.derivedData/SDKExplicitPrecompiledModules
CreateBuildDirectory /Users/admin/builder/spi-builder-workspace/.derivedData/ModuleCache.noindex
cd /Users/admin/builder/spi-builder-workspace/.swiftpm/xcode
builtin-create-build-directory /Users/admin/builder/spi-builder-workspace/.derivedData/ModuleCache.noindex
ClangStatCache /Applications/Xcode-27.0.0-Release.Candidate.app/Contents/Developer/Toolchains/XcodeDefault.xctoolchain/usr/bin/clang-stat-cache /Applications/Xcode-27.0.0-Release.Candidate.app/Contents/Developer/Platforms/WatchOS.platform/Developer/SDKs/WatchOS27.0.sdk /Users/admin/builder/spi-builder-workspace/.derivedData/SDKStatCaches.noindex/watchos27.0-24R360-e829b21a6f8c9b70876ba0858053c04477534ef55a1706bf4c1112bbb242f0a2.sdkstatcache
cd /Users/admin/builder/spi-builder-workspace/.swiftpm/xcode
/Applications/Xcode-27.0.0-Release.Candidate.app/Contents/Developer/Toolchains/XcodeDefault.xctoolchain/usr/bin/clang-stat-cache /Applications/Xcode-27.0.0-Release.Candidate.app/Contents/Developer/Platforms/WatchOS.platform/Developer/SDKs/WatchOS27.0.sdk -o /Users/admin/builder/spi-builder-workspace/.derivedData/SDKStatCaches.noindex/watchos27.0-24R360-e829b21a6f8c9b70876ba0858053c04477534ef55a1706bf4c1112bbb242f0a2.sdkstatcache
CreateBuildDirectory /Users/admin/builder/spi-builder-workspace/.derivedData/Build/Products
cd /Users/admin/builder/spi-builder-workspace/.swiftpm/xcode
builtin-create-build-directory /Users/admin/builder/spi-builder-workspace/.derivedData/Build/Products
CreateBuildDirectory /Users/admin/builder/spi-builder-workspace/.derivedData/Build/Intermediates.noindex
cd /Users/admin/builder/spi-builder-workspace/.swiftpm/xcode
builtin-create-build-directory /Users/admin/builder/spi-builder-workspace/.derivedData/Build/Intermediates.noindex
CreateBuildDirectory /Users/admin/builder/spi-builder-workspace/.derivedData/Build/Intermediates.noindex/SwiftExplicitPrecompiledModules
cd /Users/admin/builder/spi-builder-workspace/.swiftpm/xcode
builtin-create-build-directory /Users/admin/builder/spi-builder-workspace/.derivedData/Build/Intermediates.noindex/SwiftExplicitPrecompiledModules
CreateBuildDirectory /Users/admin/builder/spi-builder-workspace/.derivedData/Build/Intermediates.noindex/ExplicitPrecompiledModules
cd /Users/admin/builder/spi-builder-workspace/.swiftpm/xcode
builtin-create-build-directory /Users/admin/builder/spi-builder-workspace/.derivedData/Build/Intermediates.noindex/ExplicitPrecompiledModules
CreateBuildDirectory /Users/admin/builder/spi-builder-workspace/.derivedData/Build/Intermediates.noindex/PrecompiledHeaders
cd /Users/admin/builder/spi-builder-workspace/.swiftpm/xcode
builtin-create-build-directory /Users/admin/builder/spi-builder-workspace/.derivedData/Build/Intermediates.noindex/PrecompiledHeaders
CreateBuildDirectory /Users/admin/builder/spi-builder-workspace/.derivedData/Build/Intermediates.noindex/EagerLinkingTBDs/Debug-watchos
cd /Users/admin/builder/spi-builder-workspace/.swiftpm/xcode
builtin-create-build-directory /Users/admin/builder/spi-builder-workspace/.derivedData/Build/Intermediates.noindex/EagerLinkingTBDs/Debug-watchos
CreateBuildDirectory /Users/admin/builder/spi-builder-workspace/.derivedData/Build/Products/Debug-watchos
cd /Users/admin/builder/spi-builder-workspace/.swiftpm/xcode
builtin-create-build-directory /Users/admin/builder/spi-builder-workspace/.derivedData/Build/Products/Debug-watchos
CreateBuildDirectory /Users/admin/builder/spi-builder-workspace/.derivedData/Build/Products/Debug-watchos/PackageFrameworks
cd /Users/admin/builder/spi-builder-workspace/.swiftpm/xcode
builtin-create-build-directory /Users/admin/builder/spi-builder-workspace/.derivedData/Build/Products/Debug-watchos/PackageFrameworks
WriteAuxiliaryFile /Users/admin/builder/spi-builder-workspace/.derivedData/Build/Intermediates.noindex/Mortar.build/Debug-watchos/Mortar-t.build/Objects-normal/arm64_32/Mortar.SwiftConstValuesFileList (in target 'Mortar' from project 'Mortar')
cd /Users/admin/builder/spi-builder-workspace
write-file /Users/admin/builder/spi-builder-workspace/.derivedData/Build/Intermediates.noindex/Mortar.build/Debug-watchos/Mortar-t.build/Objects-normal/arm64_32/Mortar.SwiftConstValuesFileList
WriteAuxiliaryFile /Users/admin/builder/spi-builder-workspace/.derivedData/Build/Intermediates.noindex/Mortar.build/Debug-watchos/Mortar-t.build/Objects-normal/arm64/Mortar.LinkFileList (in target 'Mortar' from project 'Mortar')
cd /Users/admin/builder/spi-builder-workspace
write-file /Users/admin/builder/spi-builder-workspace/.derivedData/Build/Intermediates.noindex/Mortar.build/Debug-watchos/Mortar-t.build/Objects-normal/arm64/Mortar.LinkFileList
WriteAuxiliaryFile /Users/admin/builder/spi-builder-workspace/.derivedData/Build/Intermediates.noindex/Mortar.build/Debug-watchos/Mortar-t.build/Objects-normal/arm64_32/Mortar.SwiftFileList (in target 'Mortar' from project 'Mortar')
cd /Users/admin/builder/spi-builder-workspace
write-file /Users/admin/builder/spi-builder-workspace/.derivedData/Build/Intermediates.noindex/Mortar.build/Debug-watchos/Mortar-t.build/Objects-normal/arm64_32/Mortar.SwiftFileList
WriteAuxiliaryFile /Users/admin/builder/spi-builder-workspace/.derivedData/Build/Intermediates.noindex/Mortar.build/Debug-watchos/Mortar-t.build/Objects-normal/arm64/Mortar.SwiftConstValuesFileList (in target 'Mortar' from project 'Mortar')
cd /Users/admin/builder/spi-builder-workspace
write-file /Users/admin/builder/spi-builder-workspace/.derivedData/Build/Intermediates.noindex/Mortar.build/Debug-watchos/Mortar-t.build/Objects-normal/arm64/Mortar.SwiftConstValuesFileList
WriteAuxiliaryFile /Users/admin/builder/spi-builder-workspace/.derivedData/Build/Intermediates.noindex/Mortar.build/Debug-watchos/Mortar-t.build/Objects-normal/arm64_32/Mortar_const_extract_protocols.json (in target 'Mortar' from project 'Mortar')
cd /Users/admin/builder/spi-builder-workspace
write-file /Users/admin/builder/spi-builder-workspace/.derivedData/Build/Intermediates.noindex/Mortar.build/Debug-watchos/Mortar-t.build/Objects-normal/arm64_32/Mortar_const_extract_protocols.json
WriteAuxiliaryFile /Users/admin/builder/spi-builder-workspace/.derivedData/Build/Intermediates.noindex/Mortar.build/Debug-watchos/Mortar-t.build/Objects-normal/arm64/Mortar.SwiftFileList (in target 'Mortar' from project 'Mortar')
cd /Users/admin/builder/spi-builder-workspace
write-file /Users/admin/builder/spi-builder-workspace/.derivedData/Build/Intermediates.noindex/Mortar.build/Debug-watchos/Mortar-t.build/Objects-normal/arm64/Mortar.SwiftFileList
WriteAuxiliaryFile /Users/admin/builder/spi-builder-workspace/.derivedData/Build/Intermediates.noindex/Mortar.build/Debug-watchos/Mortar-t.build/Objects-normal/arm64_32/Mortar-OutputFileMap.json (in target 'Mortar' from project 'Mortar')
cd /Users/admin/builder/spi-builder-workspace
write-file /Users/admin/builder/spi-builder-workspace/.derivedData/Build/Intermediates.noindex/Mortar.build/Debug-watchos/Mortar-t.build/Objects-normal/arm64_32/Mortar-OutputFileMap.json
WriteAuxiliaryFile /Users/admin/builder/spi-builder-workspace/.derivedData/Build/Intermediates.noindex/Mortar.build/Debug-watchos/Mortar-t.build/Objects-normal/arm64/Mortar_const_extract_protocols.json (in target 'Mortar' from project 'Mortar')
cd /Users/admin/builder/spi-builder-workspace
write-file /Users/admin/builder/spi-builder-workspace/.derivedData/Build/Intermediates.noindex/Mortar.build/Debug-watchos/Mortar-t.build/Objects-normal/arm64/Mortar_const_extract_protocols.json
WriteAuxiliaryFile /Users/admin/builder/spi-builder-workspace/.derivedData/Build/Intermediates.noindex/Mortar.build/Debug-watchos/Mortar-t.build/Objects-normal/arm64_32/Mortar.LinkFileList (in target 'Mortar' from project 'Mortar')
cd /Users/admin/builder/spi-builder-workspace
write-file /Users/admin/builder/spi-builder-workspace/.derivedData/Build/Intermediates.noindex/Mortar.build/Debug-watchos/Mortar-t.build/Objects-normal/arm64_32/Mortar.LinkFileList
WriteAuxiliaryFile /Users/admin/builder/spi-builder-workspace/.derivedData/Build/Intermediates.noindex/Mortar.build/Debug-watchos/Mortar-t.build/Objects-normal/arm64/Mortar-OutputFileMap.json (in target 'Mortar' from project 'Mortar')
cd /Users/admin/builder/spi-builder-workspace
write-file /Users/admin/builder/spi-builder-workspace/.derivedData/Build/Intermediates.noindex/Mortar.build/Debug-watchos/Mortar-t.build/Objects-normal/arm64/Mortar-OutputFileMap.json
WriteAuxiliaryFile /Users/admin/builder/spi-builder-workspace/.derivedData/Build/Intermediates.noindex/Mortar.build/Debug-watchos/Mortar-t.build/Mortar.modulemap (in target 'Mortar' from project 'Mortar')
cd /Users/admin/builder/spi-builder-workspace
write-file /Users/admin/builder/spi-builder-workspace/.derivedData/Build/Intermediates.noindex/Mortar.build/Debug-watchos/Mortar-t.build/Mortar.modulemap
WriteAuxiliaryFile /Users/admin/builder/spi-builder-workspace/.derivedData/Build/Intermediates.noindex/Mortar.build/Debug-watchos/Mortar-t.build/Mortar.DependencyStaticMetadataFileList (in target 'Mortar' from project 'Mortar')
cd /Users/admin/builder/spi-builder-workspace
write-file /Users/admin/builder/spi-builder-workspace/.derivedData/Build/Intermediates.noindex/Mortar.build/Debug-watchos/Mortar-t.build/Mortar.DependencyStaticMetadataFileList
WriteAuxiliaryFile /Users/admin/builder/spi-builder-workspace/.derivedData/Build/Intermediates.noindex/Mortar.build/Debug-watchos/Mortar-t.build/Mortar.DependencyMetadataFileList (in target 'Mortar' from project 'Mortar')
cd /Users/admin/builder/spi-builder-workspace
write-file /Users/admin/builder/spi-builder-workspace/.derivedData/Build/Intermediates.noindex/Mortar.build/Debug-watchos/Mortar-t.build/Mortar.DependencyMetadataFileList
WriteAuxiliaryFile /Users/admin/builder/spi-builder-workspace/.derivedData/Build/Intermediates.noindex/CombineEx.build/Debug-watchos/CombineEx-t.build/Objects-normal/arm64_32/CombineEx.SwiftConstValuesFileList (in target 'CombineEx' from project 'CombineEx')
cd /Users/admin/builder/spi-builder-workspace/.dependencies/checkouts/CombineEx
write-file /Users/admin/builder/spi-builder-workspace/.derivedData/Build/Intermediates.noindex/CombineEx.build/Debug-watchos/CombineEx-t.build/Objects-normal/arm64_32/CombineEx.SwiftConstValuesFileList
WriteAuxiliaryFile /Users/admin/builder/spi-builder-workspace/.derivedData/Build/Intermediates.noindex/CombineEx.build/Debug-watchos/CombineEx-t.build/Objects-normal/arm64_32/CombineEx_const_extract_protocols.json (in target 'CombineEx' from project 'CombineEx')
cd /Users/admin/builder/spi-builder-workspace/.dependencies/checkouts/CombineEx
write-file /Users/admin/builder/spi-builder-workspace/.derivedData/Build/Intermediates.noindex/CombineEx.build/Debug-watchos/CombineEx-t.build/Objects-normal/arm64_32/CombineEx_const_extract_protocols.json
WriteAuxiliaryFile /Users/admin/builder/spi-builder-workspace/.derivedData/Build/Intermediates.noindex/CombineEx.build/Debug-watchos/CombineEx-t.build/Objects-normal/arm64_32/CombineEx.LinkFileList (in target 'CombineEx' from project 'CombineEx')
cd /Users/admin/builder/spi-builder-workspace/.dependencies/checkouts/CombineEx
write-file /Users/admin/builder/spi-builder-workspace/.derivedData/Build/Intermediates.noindex/CombineEx.build/Debug-watchos/CombineEx-t.build/Objects-normal/arm64_32/CombineEx.LinkFileList
WriteAuxiliaryFile /Users/admin/builder/spi-builder-workspace/.derivedData/Build/Intermediates.noindex/CombineEx.build/Debug-watchos/CombineEx-t.build/Objects-normal/arm64/CombineEx_const_extract_protocols.json (in target 'CombineEx' from project 'CombineEx')
cd /Users/admin/builder/spi-builder-workspace/.dependencies/checkouts/CombineEx
write-file /Users/admin/builder/spi-builder-workspace/.derivedData/Build/Intermediates.noindex/CombineEx.build/Debug-watchos/CombineEx-t.build/Objects-normal/arm64/CombineEx_const_extract_protocols.json
WriteAuxiliaryFile /Users/admin/builder/spi-builder-workspace/.derivedData/Build/Intermediates.noindex/CombineEx.build/Debug-watchos/CombineEx-t.build/Objects-normal/arm64_32/CombineEx-OutputFileMap.json (in target 'CombineEx' from project 'CombineEx')
cd /Users/admin/builder/spi-builder-workspace/.dependencies/checkouts/CombineEx
write-file /Users/admin/builder/spi-builder-workspace/.derivedData/Build/Intermediates.noindex/CombineEx.build/Debug-watchos/CombineEx-t.build/Objects-normal/arm64_32/CombineEx-OutputFileMap.json
WriteAuxiliaryFile /Users/admin/builder/spi-builder-workspace/.derivedData/Build/Intermediates.noindex/CombineEx.build/Debug-watchos/CombineEx-t.build/Objects-normal/arm64/CombineEx.SwiftFileList (in target 'CombineEx' from project 'CombineEx')
cd /Users/admin/builder/spi-builder-workspace/.dependencies/checkouts/CombineEx
write-file /Users/admin/builder/spi-builder-workspace/.derivedData/Build/Intermediates.noindex/CombineEx.build/Debug-watchos/CombineEx-t.build/Objects-normal/arm64/CombineEx.SwiftFileList
WriteAuxiliaryFile /Users/admin/builder/spi-builder-workspace/.derivedData/Build/Intermediates.noindex/CombineEx.build/Debug-watchos/CombineEx-t.build/Objects-normal/arm64_32/CombineEx.SwiftFileList (in target 'CombineEx' from project 'CombineEx')
cd /Users/admin/builder/spi-builder-workspace/.dependencies/checkouts/CombineEx
write-file /Users/admin/builder/spi-builder-workspace/.derivedData/Build/Intermediates.noindex/CombineEx.build/Debug-watchos/CombineEx-t.build/Objects-normal/arm64_32/CombineEx.SwiftFileList
WriteAuxiliaryFile /Users/admin/builder/spi-builder-workspace/.derivedData/Build/Intermediates.noindex/CombineEx.build/Debug-watchos/CombineEx-t.build/Objects-normal/arm64/CombineEx.SwiftConstValuesFileList (in target 'CombineEx' from project 'CombineEx')
cd /Users/admin/builder/spi-builder-workspace/.dependencies/checkouts/CombineEx
write-file /Users/admin/builder/spi-builder-workspace/.derivedData/Build/Intermediates.noindex/CombineEx.build/Debug-watchos/CombineEx-t.build/Objects-normal/arm64/CombineEx.SwiftConstValuesFileList
Copy /Users/admin/builder/spi-builder-workspace/.derivedData/Build/Intermediates.noindex/GeneratedModuleMaps-watchos/Mortar.modulemap /Users/admin/builder/spi-builder-workspace/.derivedData/Build/Intermediates.noindex/Mortar.build/Debug-watchos/Mortar-t.build/Mortar.modulemap (in target 'Mortar' from project 'Mortar')
cd /Users/admin/builder/spi-builder-workspace
builtin-copy -exclude .DS_Store -exclude CVS -exclude .svn -exclude .git -exclude .hg -resolve-src-symlinks /Users/admin/builder/spi-builder-workspace/.derivedData/Build/Intermediates.noindex/Mortar.build/Debug-watchos/Mortar-t.build/Mortar.modulemap /Users/admin/builder/spi-builder-workspace/.derivedData/Build/Intermediates.noindex/GeneratedModuleMaps-watchos
WriteAuxiliaryFile /Users/admin/builder/spi-builder-workspace/.derivedData/Build/Intermediates.noindex/CombineEx.build/Debug-watchos/CombineEx-t.build/Objects-normal/arm64/CombineEx.LinkFileList (in target 'CombineEx' from project 'CombineEx')
cd /Users/admin/builder/spi-builder-workspace/.dependencies/checkouts/CombineEx
write-file /Users/admin/builder/spi-builder-workspace/.derivedData/Build/Intermediates.noindex/CombineEx.build/Debug-watchos/CombineEx-t.build/Objects-normal/arm64/CombineEx.LinkFileList
WriteAuxiliaryFile /Users/admin/builder/spi-builder-workspace/.derivedData/Build/Intermediates.noindex/CombineEx.build/Debug-watchos/CombineEx-t.build/Objects-normal/arm64/CombineEx-OutputFileMap.json (in target 'CombineEx' from project 'CombineEx')
cd /Users/admin/builder/spi-builder-workspace/.dependencies/checkouts/CombineEx
write-file /Users/admin/builder/spi-builder-workspace/.derivedData/Build/Intermediates.noindex/CombineEx.build/Debug-watchos/CombineEx-t.build/Objects-normal/arm64/CombineEx-OutputFileMap.json
WriteAuxiliaryFile /Users/admin/builder/spi-builder-workspace/.derivedData/Build/Intermediates.noindex/CombineEx.build/Debug-watchos/CombineEx-t.build/CombineEx.modulemap (in target 'CombineEx' from project 'CombineEx')
cd /Users/admin/builder/spi-builder-workspace/.dependencies/checkouts/CombineEx
write-file /Users/admin/builder/spi-builder-workspace/.derivedData/Build/Intermediates.noindex/CombineEx.build/Debug-watchos/CombineEx-t.build/CombineEx.modulemap
WriteAuxiliaryFile /Users/admin/builder/spi-builder-workspace/.derivedData/Build/Intermediates.noindex/CombineEx.build/Debug-watchos/CombineEx-t.build/CombineEx.DependencyStaticMetadataFileList (in target 'CombineEx' from project 'CombineEx')
cd /Users/admin/builder/spi-builder-workspace/.dependencies/checkouts/CombineEx
write-file /Users/admin/builder/spi-builder-workspace/.derivedData/Build/Intermediates.noindex/CombineEx.build/Debug-watchos/CombineEx-t.build/CombineEx.DependencyStaticMetadataFileList
WriteAuxiliaryFile /Users/admin/builder/spi-builder-workspace/.derivedData/Build/Intermediates.noindex/CombineEx.build/Debug-watchos/CombineEx-t.build/CombineEx.DependencyMetadataFileList (in target 'CombineEx' from project 'CombineEx')
cd /Users/admin/builder/spi-builder-workspace/.dependencies/checkouts/CombineEx
write-file /Users/admin/builder/spi-builder-workspace/.derivedData/Build/Intermediates.noindex/CombineEx.build/Debug-watchos/CombineEx-t.build/CombineEx.DependencyMetadataFileList
Copy /Users/admin/builder/spi-builder-workspace/.derivedData/Build/Intermediates.noindex/GeneratedModuleMaps-watchos/CombineEx.modulemap /Users/admin/builder/spi-builder-workspace/.derivedData/Build/Intermediates.noindex/CombineEx.build/Debug-watchos/CombineEx-t.build/CombineEx.modulemap (in target 'CombineEx' from project 'CombineEx')
cd /Users/admin/builder/spi-builder-workspace/.dependencies/checkouts/CombineEx
builtin-copy -exclude .DS_Store -exclude CVS -exclude .svn -exclude .git -exclude .hg -resolve-src-symlinks /Users/admin/builder/spi-builder-workspace/.derivedData/Build/Intermediates.noindex/CombineEx.build/Debug-watchos/CombineEx-t.build/CombineEx.modulemap /Users/admin/builder/spi-builder-workspace/.derivedData/Build/Intermediates.noindex/GeneratedModuleMaps-watchos
SwiftDriver CombineEx normal arm64_32 com.apple.xcode.tools.swift.compiler (in target 'CombineEx' from project 'CombineEx')
cd /Users/admin/builder/spi-builder-workspace/.swiftpm/xcode
builtin-SwiftDriver -- /Applications/Xcode-27.0.0-Release.Candidate.app/Contents/Developer/Toolchains/XcodeDefault.xctoolchain/usr/bin/swiftc -parse-as-library -module-name CombineEx -Onone @/Users/admin/builder/spi-builder-workspace/.derivedData/Build/Intermediates.noindex/CombineEx.build/Debug-watchos/CombineEx-t.build/Objects-normal/arm64_32/CombineEx.SwiftFileList -DSWIFT_PACKAGE -DDEBUG -DSWIFT_MODULE_RESOURCE_BUNDLE_UNAVAILABLE -DXcode -plugin-path /Applications/Xcode-27.0.0-Release.Candidate.app/Contents/Developer/Toolchains/XcodeDefault.xctoolchain/usr/lib/swift/host/plugins/testing -enable-experimental-feature DebugDescriptionMacro -sdk /Applications/Xcode-27.0.0-Release.Candidate.app/Contents/Developer/Platforms/WatchOS.platform/Developer/SDKs/WatchOS27.0.sdk -target arm64_32-apple-watchos9.0 -g -module-cache-path /Users/admin/builder/spi-builder-workspace/.derivedData/ModuleCache.noindex -Xfrontend -serialize-debugging-options -profile-coverage-mapping -profile-generate -enable-testing -suppress-warnings -index-store-path /Users/admin/builder/spi-builder-workspace/.derivedData/Index.noindex/DataStore -Xcc -D_LIBCPP_HARDENING_MODE\=_LIBCPP_HARDENING_MODE_DEBUG -swift-version 5 -I /Users/admin/builder/spi-builder-workspace/.derivedData/Build/Products/Debug-watchos -Isystem /Applications/Xcode-27.0.0-Release.Candidate.app/Contents/Developer/Platforms/WatchOS.platform/Developer/usr/lib -F /Users/admin/builder/spi-builder-workspace/.derivedData/Build/Products/Debug-watchos -F /Applications/Xcode-27.0.0-Release.Candidate.app/Contents/Developer/Platforms/WatchOS.platform/Developer/Library/Frameworks -F /Applications/Xcode-27.0.0-Release.Candidate.app/Contents/Developer/Platforms/WatchOS.platform/Developer/SDKs/WatchOS27.0.sdk/Developer/Library/Frameworks -c -j10 -enable-batch-mode -incremental -Xcc -ivfsstatcache -Xcc /Users/admin/builder/spi-builder-workspace/.derivedData/SDKStatCaches.noindex/watchos27.0-24R360-e829b21a6f8c9b70876ba0858053c04477534ef55a1706bf4c1112bbb242f0a2.sdkstatcache -output-file-map /Users/admin/builder/spi-builder-workspace/.derivedData/Build/Intermediates.noindex/CombineEx.build/Debug-watchos/CombineEx-t.build/Objects-normal/arm64_32/CombineEx-OutputFileMap.json -save-temps -no-color-diagnostics -explicit-module-build -module-cache-path /Users/admin/builder/spi-builder-workspace/.derivedData/Build/Intermediates.noindex/SwiftExplicitPrecompiledModules -clang-scanner-module-cache-path /Users/admin/builder/spi-builder-workspace/.derivedData/ModuleCache.noindex -sdk-module-cache-path /Users/admin/builder/spi-builder-workspace/.derivedData/SDKExplicitPrecompiledModules -emit-dependencies -emit-module -emit-module-path /Users/admin/builder/spi-builder-workspace/.derivedData/Build/Intermediates.noindex/CombineEx.build/Debug-watchos/CombineEx-t.build/Objects-normal/arm64_32/CombineEx.swiftmodule -serialize-diagnostics -dependency-scan-serialize-diagnostics-path /Users/admin/builder/spi-builder-workspace/.derivedData/Build/Intermediates.noindex/CombineEx.build/Debug-watchos/CombineEx-t.build/Objects-normal/arm64_32/CombineEx-dependency-scan.dia -validate-clang-modules-once -clang-build-session-file /Users/admin/builder/spi-builder-workspace/.derivedData/ModuleCache.noindex/Session.modulevalidation -Xcc -fmodules-prune-interval\=86400 -Xcc -fmodules-prune-after\=345600 -package-name combineex -emit-const-values -const-gather-protocols-list /Users/admin/builder/spi-builder-workspace/.derivedData/Build/Intermediates.noindex/CombineEx.build/Debug-watchos/CombineEx-t.build/Objects-normal/arm64_32/CombineEx_const_extract_protocols.json -Xcc -I/Users/admin/builder/spi-builder-workspace/.derivedData/Build/Products/Debug-watchos/include -Xcc -I/Users/admin/builder/spi-builder-workspace/.derivedData/Build/Intermediates.noindex/CombineEx.build/Debug-watchos/CombineEx-t.build/DerivedSources-normal/arm64_32 -Xcc -I/Users/admin/builder/spi-builder-workspace/.derivedData/Build/Intermediates.noindex/CombineEx.build/Debug-watchos/CombineEx-t.build/DerivedSources/arm64_32 -Xcc -I/Users/admin/builder/spi-builder-workspace/.derivedData/Build/Intermediates.noindex/CombineEx.build/Debug-watchos/CombineEx-t.build/DerivedSources -Xcc -DSWIFT_PACKAGE -Xcc -DDEBUG\=1 -emit-objc-header -emit-objc-header-path /Users/admin/builder/spi-builder-workspace/.derivedData/Build/Intermediates.noindex/CombineEx.build/Debug-watchos/CombineEx-t.build/Objects-normal/arm64_32/CombineEx-Swift.h -working-directory /Users/admin/builder/spi-builder-workspace/.swiftpm/xcode -experimental-emit-module-separately -disable-cmo
SwiftDriver CombineEx normal arm64 com.apple.xcode.tools.swift.compiler (in target 'CombineEx' from project 'CombineEx')
cd /Users/admin/builder/spi-builder-workspace/.swiftpm/xcode
builtin-SwiftDriver -- /Applications/Xcode-27.0.0-Release.Candidate.app/Contents/Developer/Toolchains/XcodeDefault.xctoolchain/usr/bin/swiftc -parse-as-library -module-name CombineEx -Onone @/Users/admin/builder/spi-builder-workspace/.derivedData/Build/Intermediates.noindex/CombineEx.build/Debug-watchos/CombineEx-t.build/Objects-normal/arm64/CombineEx.SwiftFileList -DSWIFT_PACKAGE -DDEBUG -DSWIFT_MODULE_RESOURCE_BUNDLE_UNAVAILABLE -DXcode -plugin-path /Applications/Xcode-27.0.0-Release.Candidate.app/Contents/Developer/Toolchains/XcodeDefault.xctoolchain/usr/lib/swift/host/plugins/testing -enable-experimental-feature DebugDescriptionMacro -sdk /Applications/Xcode-27.0.0-Release.Candidate.app/Contents/Developer/Platforms/WatchOS.platform/Developer/SDKs/WatchOS27.0.sdk -target arm64-apple-watchos9.0 -g -module-cache-path /Users/admin/builder/spi-builder-workspace/.derivedData/ModuleCache.noindex -Xfrontend -serialize-debugging-options -profile-coverage-mapping -profile-generate -enable-testing -suppress-warnings -index-store-path /Users/admin/builder/spi-builder-workspace/.derivedData/Index.noindex/DataStore -Xcc -D_LIBCPP_HARDENING_MODE\=_LIBCPP_HARDENING_MODE_DEBUG -swift-version 5 -I /Users/admin/builder/spi-builder-workspace/.derivedData/Build/Products/Debug-watchos -Isystem /Applications/Xcode-27.0.0-Release.Candidate.app/Contents/Developer/Platforms/WatchOS.platform/Developer/usr/lib -F /Users/admin/builder/spi-builder-workspace/.derivedData/Build/Products/Debug-watchos -F /Applications/Xcode-27.0.0-Release.Candidate.app/Contents/Developer/Platforms/WatchOS.platform/Developer/Library/Frameworks -F /Applications/Xcode-27.0.0-Release.Candidate.app/Contents/Developer/Platforms/WatchOS.platform/Developer/SDKs/WatchOS27.0.sdk/Developer/Library/Frameworks -c -j10 -enable-batch-mode -incremental -Xcc -ivfsstatcache -Xcc /Users/admin/builder/spi-builder-workspace/.derivedData/SDKStatCaches.noindex/watchos27.0-24R360-e829b21a6f8c9b70876ba0858053c04477534ef55a1706bf4c1112bbb242f0a2.sdkstatcache -output-file-map /Users/admin/builder/spi-builder-workspace/.derivedData/Build/Intermediates.noindex/CombineEx.build/Debug-watchos/CombineEx-t.build/Objects-normal/arm64/CombineEx-OutputFileMap.json -save-temps -no-color-diagnostics -explicit-module-build -module-cache-path /Users/admin/builder/spi-builder-workspace/.derivedData/Build/Intermediates.noindex/SwiftExplicitPrecompiledModules -clang-scanner-module-cache-path /Users/admin/builder/spi-builder-workspace/.derivedData/ModuleCache.noindex -sdk-module-cache-path /Users/admin/builder/spi-builder-workspace/.derivedData/SDKExplicitPrecompiledModules -emit-dependencies -emit-module -emit-module-path /Users/admin/builder/spi-builder-workspace/.derivedData/Build/Intermediates.noindex/CombineEx.build/Debug-watchos/CombineEx-t.build/Objects-normal/arm64/CombineEx.swiftmodule -serialize-diagnostics -dependency-scan-serialize-diagnostics-path /Users/admin/builder/spi-builder-workspace/.derivedData/Build/Intermediates.noindex/CombineEx.build/Debug-watchos/CombineEx-t.build/Objects-normal/arm64/CombineEx-dependency-scan.dia -validate-clang-modules-once -clang-build-session-file /Users/admin/builder/spi-builder-workspace/.derivedData/ModuleCache.noindex/Session.modulevalidation -Xcc -fmodules-prune-interval\=86400 -Xcc -fmodules-prune-after\=345600 -package-name combineex -emit-const-values -const-gather-protocols-list /Users/admin/builder/spi-builder-workspace/.derivedData/Build/Intermediates.noindex/CombineEx.build/Debug-watchos/CombineEx-t.build/Objects-normal/arm64/CombineEx_const_extract_protocols.json -Xcc -I/Users/admin/builder/spi-builder-workspace/.derivedData/Build/Products/Debug-watchos/include -Xcc -I/Users/admin/builder/spi-builder-workspace/.derivedData/Build/Intermediates.noindex/CombineEx.build/Debug-watchos/CombineEx-t.build/DerivedSources-normal/arm64 -Xcc -I/Users/admin/builder/spi-builder-workspace/.derivedData/Build/Intermediates.noindex/CombineEx.build/Debug-watchos/CombineEx-t.build/DerivedSources/arm64 -Xcc -I/Users/admin/builder/spi-builder-workspace/.derivedData/Build/Intermediates.noindex/CombineEx.build/Debug-watchos/CombineEx-t.build/DerivedSources -Xcc -DSWIFT_PACKAGE -Xcc -DDEBUG\=1 -emit-objc-header -emit-objc-header-path /Users/admin/builder/spi-builder-workspace/.derivedData/Build/Intermediates.noindex/CombineEx.build/Debug-watchos/CombineEx-t.build/Objects-normal/arm64/CombineEx-Swift.h -working-directory /Users/admin/builder/spi-builder-workspace/.swiftpm/xcode -experimental-emit-module-separately -disable-cmo
SwiftExplicitDependencyGeneratePcm arm64 /Users/admin/builder/spi-builder-workspace/.derivedData/SDKExplicitPrecompiledModules/ptrcheck-AIF0NDOYZ8ORBNHQAQR5NNB8M.pcm
SwiftExplicitDependencyGeneratePcm arm64 /Users/admin/builder/spi-builder-workspace/.derivedData/SDKExplicitPrecompiledModules/_Builtin_stdarg-A7UU8LE6MP85SM26YO7PBZNUQ.pcm
SwiftExplicitDependencyGeneratePcm arm64 /Users/admin/builder/spi-builder-workspace/.derivedData/SDKExplicitPrecompiledModules/ptrauth-3TZ9WJCGLYD25HQPWH4968ONX.pcm
SwiftExplicitDependencyGeneratePcm arm64 /Users/admin/builder/spi-builder-workspace/.derivedData/SDKExplicitPrecompiledModules/_Builtin_float-C0CW5Q4HGBQYKE77TC42IAFB5.pcm
SwiftExplicitDependencyGeneratePcm arm64 /Users/admin/builder/spi-builder-workspace/.derivedData/SDKExplicitPrecompiledModules/_Builtin_stdbool-83J96QSOFE9VX04AAS6310UAE.pcm
SwiftExplicitDependencyGeneratePcm arm64_32 /Users/admin/builder/spi-builder-workspace/.derivedData/SDKExplicitPrecompiledModules/_AvailabilityInternal-244WAN3Z1QBT7PIA64EZEFY1R.pcm
SwiftExplicitDependencyGeneratePcm arm64 /Users/admin/builder/spi-builder-workspace/.derivedData/SDKExplicitPrecompiledModules/_Builtin_stddef-1FU30Y8SWFB7OUUHMJQH5J6FM.pcm
SwiftExplicitDependencyGeneratePcm arm64_32 /Users/admin/builder/spi-builder-workspace/.derivedData/SDKExplicitPrecompiledModules/ptrauth-BFXF358ME5AK535N5A9Z766WU.pcm
SwiftExplicitDependencyGeneratePcm arm64_32 /Users/admin/builder/spi-builder-workspace/.derivedData/SDKExplicitPrecompiledModules/SwiftShims-9CQQGWTSNTN9EB5NSHDWUJICH.pcm
SwiftExplicitDependencyGeneratePcm arm64_32 /Users/admin/builder/spi-builder-workspace/.derivedData/SDKExplicitPrecompiledModules/_Builtin_stdbool-A967K8W8YUYEC9SN52KJ7OO88.pcm
SwiftExplicitDependencyGeneratePcm arm64 /Users/admin/builder/spi-builder-workspace/.derivedData/SDKExplicitPrecompiledModules/DeveloperToolsSupport-E7CNISCB36UE8XQ9IOHK9XDX1.pcm
SwiftExplicitDependencyGeneratePcm arm64 /Users/admin/builder/spi-builder-workspace/.derivedData/SDKExplicitPrecompiledModules/_SwiftConcurrencyShims-659N52XSKR5F0QSB880BH2FJR.pcm
SwiftExplicitDependencyGeneratePcm arm64_32 /Users/admin/builder/spi-builder-workspace/.derivedData/SDKExplicitPrecompiledModules/_SwiftConcurrencyShims-6RTBPQ03V7BM9SPRK8SUE055H.pcm
SwiftExplicitDependencyGeneratePcm arm64_32 /Users/admin/builder/spi-builder-workspace/.derivedData/SDKExplicitPrecompiledModules/_Builtin_float-6KO8O3PEWRCA4WC6PPLOYO6WJ.pcm
SwiftExplicitDependencyGeneratePcm arm64_32 /Users/admin/builder/spi-builder-workspace/.derivedData/SDKExplicitPrecompiledModules/_Builtin_stdarg-D305JG44A2WPI6CJY37X3QJE8.pcm
SwiftExplicitDependencyGeneratePcm arm64_32 /Users/admin/builder/spi-builder-workspace/.derivedData/SDKExplicitPrecompiledModules/ptrcheck-7ELIH9BTIGVKX3UBITM9N72WD.pcm
SwiftExplicitDependencyGeneratePcm arm64_32 /Users/admin/builder/spi-builder-workspace/.derivedData/SDKExplicitPrecompiledModules/_Builtin_stddef-H44EFHQX6XSS5MZ7QP6YJZ76.pcm
SwiftExplicitDependencyGeneratePcm arm64 /Users/admin/builder/spi-builder-workspace/.derivedData/SDKExplicitPrecompiledModules/SwiftShims-4MXFZPV6FEB0XBYXCGPWAMQGL.pcm
SwiftExplicitDependencyGeneratePcm arm64_32 /Users/admin/builder/spi-builder-workspace/.derivedData/SDKExplicitPrecompiledModules/DeveloperToolsSupport-DZU5G1OCMNWU0AQRULIFHUJ1Z.pcm
SwiftExplicitDependencyGeneratePcm arm64 /Users/admin/builder/spi-builder-workspace/.derivedData/SDKExplicitPrecompiledModules/_AvailabilityInternal-BUNV3UXM65NT37THI4W1AM0SF.pcm
SwiftExplicitDependencyGeneratePcm arm64_32 /Users/admin/builder/spi-builder-workspace/.derivedData/SDKExplicitPrecompiledModules/_DarwinFoundation1-2GWF9RFMPLQW4PDHS3NARVI3G.pcm
SwiftExplicitDependencyGeneratePcm arm64 /Users/admin/builder/spi-builder-workspace/.derivedData/SDKExplicitPrecompiledModules/_DarwinFoundation1-7SPX3MD0HMP55E4OLNCPNDQ53.pcm
SwiftExplicitDependencyGeneratePcm arm64_32 /Users/admin/builder/spi-builder-workspace/.derivedData/SDKExplicitPrecompiledModules/_Builtin_limits-3VKBU2AFTD65PAJZ5CJ3LHFM2.pcm
SwiftExplicitDependencyGeneratePcm arm64_32 /Users/admin/builder/spi-builder-workspace/.derivedData/SDKExplicitPrecompiledModules/_DarwinFoundation2-9MY8GOSYRO0M9MKNXF6D3MBNK.pcm
SwiftExplicitDependencyGeneratePcm arm64 /Users/admin/builder/spi-builder-workspace/.derivedData/SDKExplicitPrecompiledModules/_DarwinFoundation2-D0XAPJU49S5E9XMKYOFGSTB1Q.pcm
SwiftExplicitDependencyGeneratePcm arm64 /Users/admin/builder/spi-builder-workspace/.derivedData/SDKExplicitPrecompiledModules/_Builtin_limits-9GWPA2B0H20DYUNYHYCWKABJG.pcm
SwiftExplicitDependencyGeneratePcm arm64_32 /Users/admin/builder/spi-builder-workspace/.derivedData/SDKExplicitPrecompiledModules/_Builtin_stdint-1HMXWI3V0V4TXHRWZOMZGZ80Y.pcm
SwiftExplicitDependencyGeneratePcm arm64_32 /Users/admin/builder/spi-builder-workspace/.derivedData/SDKExplicitPrecompiledModules/string_h-BFVLUQUSBZWYMLCU9QI7VZALW.pcm
SwiftExplicitDependencyGeneratePcm arm64_32 /Users/admin/builder/spi-builder-workspace/.derivedData/SDKExplicitPrecompiledModules/_Builtin_tgmath-23PGCKURCQILXMK0MYZRYDCOU.pcm
SwiftExplicitDependencyGeneratePcm arm64_32 /Users/admin/builder/spi-builder-workspace/.derivedData/SDKExplicitPrecompiledModules/sys_types-8TLLMW08ZJWDGIIPKOYFGHHZW.pcm
SwiftExplicitDependencyGeneratePcm arm64 /Users/admin/builder/spi-builder-workspace/.derivedData/SDKExplicitPrecompiledModules/_Builtin_tgmath-8NQ96OZ0YHXEC24JI95P01UF8.pcm
SwiftExplicitDependencyGeneratePcm arm64 /Users/admin/builder/spi-builder-workspace/.derivedData/SDKExplicitPrecompiledModules/_Builtin_stdint-8XMILLJZEGRN2XG7XZUXZ5RLX.pcm
SwiftExplicitDependencyGeneratePcm arm64 /Users/admin/builder/spi-builder-workspace/.derivedData/SDKExplicitPrecompiledModules/sys_types-2KXQLI78OUCDP779AE68GZJ2.pcm
SwiftExplicitDependencyGeneratePcm arm64 /Users/admin/builder/spi-builder-workspace/.derivedData/SDKExplicitPrecompiledModules/string_h-E6PRXK75PHIPCZFWOFCQ3QBMK.pcm
SwiftExplicitDependencyGeneratePcm arm64_32 /Users/admin/builder/spi-builder-workspace/.derivedData/SDKExplicitPrecompiledModules/_Builtin_intrinsics-196IIAKDQVU42DLOZP9OQCV76.pcm
SwiftExplicitDependencyGeneratePcm arm64_32 /Users/admin/builder/spi-builder-workspace/.derivedData/SDKExplicitPrecompiledModules/_Builtin_stdatomic-1TY035TURL76BF2U98PZPPZRX.pcm
SwiftExplicitDependencyGeneratePcm arm64_32 /Users/admin/builder/spi-builder-workspace/.derivedData/SDKExplicitPrecompiledModules/_DarwinFoundation3-3DUTYQDQSD9HUAAVY947NMWOI.pcm
SwiftExplicitDependencyGeneratePcm arm64 /Users/admin/builder/spi-builder-workspace/.derivedData/SDKExplicitPrecompiledModules/_DarwinFoundation3-B97LRG0E9GON2NUE65TVG81HU.pcm
SwiftExplicitDependencyGeneratePcm arm64 /Users/admin/builder/spi-builder-workspace/.derivedData/SDKExplicitPrecompiledModules/_Builtin_intrinsics-75960HIPCIYA06IUW8FIIPQT.pcm
SwiftExplicitDependencyGeneratePcm arm64 /Users/admin/builder/spi-builder-workspace/.derivedData/SDKExplicitPrecompiledModules/_Builtin_stdatomic-7JEFA3KBJJJN6TKJWY3OG1VG5.pcm
SwiftExplicitDependencyGeneratePcm arm64_32 /Users/admin/builder/spi-builder-workspace/.derivedData/SDKExplicitPrecompiledModules/_Builtin_inttypes-D2KPCR4PEX9AQA33NGLUT5SBR.pcm
SwiftExplicitDependencyGeneratePcm arm64 /Users/admin/builder/spi-builder-workspace/.derivedData/SDKExplicitPrecompiledModules/_Builtin_inttypes-3UQSCM7WNM9EK4HZML8TY5J3D.pcm
SwiftExplicitDependencyGeneratePcm arm64 /Users/admin/builder/spi-builder-workspace/.derivedData/SDKExplicitPrecompiledModules/Darwin-3984OXKFNSPE77NT743WK8SEX.pcm
SwiftExplicitDependencyGeneratePcm arm64_32 /Users/admin/builder/spi-builder-workspace/.derivedData/SDKExplicitPrecompiledModules/Darwin-3FVT1SKLN2ZQ5RVOABMTQBB34.pcm
SwiftExplicitDependencyGeneratePcm arm64_32 /Users/admin/builder/spi-builder-workspace/.derivedData/SDKExplicitPrecompiledModules/simd-21UNWYOBUZI1LVSQ99S1XBLMO.pcm
SwiftExplicitDependencyGeneratePcm arm64 /Users/admin/builder/spi-builder-workspace/.derivedData/SDKExplicitPrecompiledModules/simd-EH08NODU6574T74ZKU61VP9BW.pcm
SwiftExplicitDependencyGeneratePcm arm64 /Users/admin/builder/spi-builder-workspace/.derivedData/SDKExplicitPrecompiledModules/MachO-2U90NNSAQILBNBPS1SA4F8TYP.pcm
SwiftExplicitDependencyGeneratePcm arm64 /Users/admin/builder/spi-builder-workspace/.derivedData/SDKExplicitPrecompiledModules/ObjectiveC-72IVD3VS2RS8Q28D9PIMY0KQP.pcm
SwiftExplicitDependencyGeneratePcm arm64_32 /Users/admin/builder/spi-builder-workspace/.derivedData/SDKExplicitPrecompiledModules/ObjectiveC-6IJNELR2E80E7LUKESVCP2KET.pcm
SwiftExplicitDependencyGeneratePcm arm64_32 /Users/admin/builder/spi-builder-workspace/.derivedData/SDKExplicitPrecompiledModules/MachO-56838ZJ0NC1EBAJ0O6O8QMPDX.pcm
SwiftExplicitDependencyGeneratePcm arm64 /Users/admin/builder/spi-builder-workspace/.derivedData/SDKExplicitPrecompiledModules/os_object-3SDKD7F87FTZ26OON37DRYT6O.pcm
SwiftExplicitDependencyGeneratePcm arm64_32 /Users/admin/builder/spi-builder-workspace/.derivedData/SDKExplicitPrecompiledModules/os_object-5YWTC6L4756IWSTPGXS5NM0D0.pcm
SwiftExplicitDependencyGeneratePcm arm64_32 /Users/admin/builder/spi-builder-workspace/.derivedData/SDKExplicitPrecompiledModules/os_workgroup-5JHTPDMNBUNHLJI8LPHKQK1JK.pcm
SwiftExplicitDependencyGeneratePcm arm64 /Users/admin/builder/spi-builder-workspace/.derivedData/SDKExplicitPrecompiledModules/os_workgroup-89GG5G7YC2D0ZTK6AZXXQ20DH.pcm
SwiftExplicitDependencyGeneratePcm arm64_32 /Users/admin/builder/spi-builder-workspace/.derivedData/SDKExplicitPrecompiledModules/Spatial-CWVWNML3T0NXVHZDKVLD3X1YZ.pcm
SwiftExplicitDependencyGeneratePcm arm64 /Users/admin/builder/spi-builder-workspace/.derivedData/SDKExplicitPrecompiledModules/Spatial-44FJGYXFAT2AQAW9Z6T7YS02U.pcm
SwiftExplicitDependencyGeneratePcm arm64_32 /Users/admin/builder/spi-builder-workspace/.derivedData/SDKExplicitPrecompiledModules/Dispatch-2P62F1T4XV63S4P99TUDTOK2Q.pcm
SwiftExplicitDependencyGeneratePcm arm64 /Users/admin/builder/spi-builder-workspace/.derivedData/SDKExplicitPrecompiledModules/Dispatch-1NLJOVAK60XP0DUB05XA59EIM.pcm
SwiftExplicitDependencyGeneratePcm arm64_32 /Users/admin/builder/spi-builder-workspace/.derivedData/SDKExplicitPrecompiledModules/XPC-81Y45QFY96XYYFCW2GT6FY8S4.pcm
SwiftExplicitDependencyGeneratePcm arm64_32 /Users/admin/builder/spi-builder-workspace/.derivedData/SDKExplicitPrecompiledModules/CoreFoundation-8E6Y4BA3EXYKUGJ24GT9LGV3N.pcm
SwiftExplicitDependencyGeneratePcm arm64 /Users/admin/builder/spi-builder-workspace/.derivedData/SDKExplicitPrecompiledModules/CoreFoundation-8T2L24YC5NU7WO6WQJWRY7W08.pcm
SwiftExplicitDependencyGeneratePcm arm64 /Users/admin/builder/spi-builder-workspace/.derivedData/SDKExplicitPrecompiledModules/XPC-40DR0X1DHKGCV4J1IOLFS8MOU.pcm
SwiftExplicitDependencyGeneratePcm arm64 /Users/admin/builder/spi-builder-workspace/.derivedData/SDKExplicitPrecompiledModules/os-5DIL6Z9LFIGLMZAHM7X2T5435.pcm
SwiftExplicitDependencyGeneratePcm arm64_32 /Users/admin/builder/spi-builder-workspace/.derivedData/SDKExplicitPrecompiledModules/os-E5IGB442IA6SBB25TTCOLK2OC.pcm
SwiftExplicitDependencyGeneratePcm arm64_32 /Users/admin/builder/spi-builder-workspace/.derivedData/SDKExplicitPrecompiledModules/CoreAudioTypes-9GVB1DHA32M46R4A9NWSI3I2K.pcm
SwiftExplicitDependencyGeneratePcm arm64_32 /Users/admin/builder/spi-builder-workspace/.derivedData/SDKExplicitPrecompiledModules/CoreGraphics-9FDXYX6BKBUT6TJ2VF819E7T5.pcm
SwiftExplicitDependencyGeneratePcm arm64_32 /Users/admin/builder/spi-builder-workspace/.derivedData/SDKExplicitPrecompiledModules/Security-D7TOWF88VWF67TB9HAFP5UWB1.pcm
SwiftExplicitDependencyGeneratePcm arm64 /Users/admin/builder/spi-builder-workspace/.derivedData/SDKExplicitPrecompiledModules/CoreAudioTypes-A9MF7N5LT63G21HNFVM6BT14B.pcm
SwiftExplicitDependencyGeneratePcm arm64 /Users/admin/builder/spi-builder-workspace/.derivedData/SDKExplicitPrecompiledModules/CoreGraphics-DWNZ73GEH98SBJXZ7DEXB420K.pcm
SwiftExplicitDependencyGeneratePcm arm64 /Users/admin/builder/spi-builder-workspace/.derivedData/SDKExplicitPrecompiledModules/Security-6RZ6YBRU8WCUHRFFRVUK5WKMM.pcm
SwiftExplicitDependencyGeneratePcm arm64 /Users/admin/builder/spi-builder-workspace/.derivedData/SDKExplicitPrecompiledModules/CoreAudio-1B79RJJTP71GE6UY9WLESAN3C.pcm
SwiftExplicitDependencyGeneratePcm arm64_32 /Users/admin/builder/spi-builder-workspace/.derivedData/SDKExplicitPrecompiledModules/CoreAudio-5W6MX6OUPWBMUR8VD5LHT1PZF.pcm
SwiftExplicitDependencyGeneratePcm arm64_32 /Users/admin/builder/spi-builder-workspace/.derivedData/SDKExplicitPrecompiledModules/Foundation-BJ2VQGI3OGR34500MEQ1VKHPH.pcm
SwiftExplicitDependencyGeneratePcm arm64 /Users/admin/builder/spi-builder-workspace/.derivedData/SDKExplicitPrecompiledModules/Foundation-DLBKUSGXN8QHAT8W0OARR9S8A.pcm
SwiftExplicitDependencyGeneratePcm arm64 /Users/admin/builder/spi-builder-workspace/.derivedData/SDKExplicitPrecompiledModules/CoreText-970YJN6NIYGK1316L35Z0O8QT.pcm
SwiftExplicitDependencyGeneratePcm arm64 /Users/admin/builder/spi-builder-workspace/.derivedData/SDKExplicitPrecompiledModules/CoreVideo-8MRR5MNWUOAW2DBPGUQ8FKK4.pcm
SwiftExplicitDependencyGeneratePcm arm64_32 /Users/admin/builder/spi-builder-workspace/.derivedData/SDKExplicitPrecompiledModules/CoreVideo-2P8HI0403J99LBDPKNFJ5D4DL.pcm
SwiftExplicitDependencyGeneratePcm arm64_32 /Users/admin/builder/spi-builder-workspace/.derivedData/SDKExplicitPrecompiledModules/CoreText-C9X2REPZN2V5BSU4G80FCETDR.pcm
SwiftExplicitDependencyGeneratePcm arm64 /Users/admin/builder/spi-builder-workspace/.derivedData/SDKExplicitPrecompiledModules/CoreMedia-1AJVCUZNAO74KIKMFVFUUHWDI.pcm
SwiftExplicitDependencyGeneratePcm arm64_32 /Users/admin/builder/spi-builder-workspace/.derivedData/SDKExplicitPrecompiledModules/CoreMedia-AO387T8CHWTTZODD1DGT0UAFA.pcm
SwiftExplicitDependencyGeneratePcm arm64_32 /Users/admin/builder/spi-builder-workspace/.derivedData/SDKExplicitPrecompiledModules/DataDetection-U9BF7WHFVA6BZGFXXXP272PS.pcm
SwiftExplicitDependencyGeneratePcm arm64_32 /Users/admin/builder/spi-builder-workspace/.derivedData/SDKExplicitPrecompiledModules/CoreData-7AU1AFQWUH88EAPDKVMLJPKVD.pcm
SwiftExplicitDependencyGeneratePcm arm64_32 /Users/admin/builder/spi-builder-workspace/.derivedData/SDKExplicitPrecompiledModules/UniformTypeIdentifiers-CJZ3NTHPSBH4XWX5EVOG56UZS.pcm
SwiftExplicitDependencyGeneratePcm arm64_32 /Users/admin/builder/spi-builder-workspace/.derivedData/SDKExplicitPrecompiledModules/SceneKit-DKNLHKM5FJBQ79LSNMSSMBUBR.pcm
SwiftExplicitDependencyGeneratePcm arm64_32 /Users/admin/builder/spi-builder-workspace/.derivedData/SDKExplicitPrecompiledModules/OSLog-D9AVFY0KWO7RVBIQ73CBIJVCN.pcm
SwiftExplicitDependencyGeneratePcm arm64_32 /Users/admin/builder/spi-builder-workspace/.derivedData/SDKExplicitPrecompiledModules/_LocationEssentials-AQ1OL9QKC3LQLY5CNSRM1HB53.pcm
SwiftExplicitDependencyGeneratePcm arm64_32 /Users/admin/builder/spi-builder-workspace/.derivedData/SDKExplicitPrecompiledModules/Symbols-1H97WMG76HU94F5VGJR19PXFY.pcm
SwiftExplicitDependencyGeneratePcm arm64_32 /Users/admin/builder/spi-builder-workspace/.derivedData/SDKExplicitPrecompiledModules/QuartzCore-6375NPYACK5NYVHPMC1QQ8MC2.pcm
SwiftExplicitDependencyGeneratePcm arm64_32 /Users/admin/builder/spi-builder-workspace/.derivedData/SDKExplicitPrecompiledModules/CoreTransferable-5D4IR6X37682FPHJ5CBPTKQV6.pcm
SwiftExplicitDependencyGeneratePcm arm64_32 /Users/admin/builder/spi-builder-workspace/.derivedData/SDKExplicitPrecompiledModules/UIUtilities-9YFVNIMRC5HRVOIARNWHP1E3H.pcm
SwiftExplicitDependencyGeneratePcm arm64 /Users/admin/builder/spi-builder-workspace/.derivedData/SDKExplicitPrecompiledModules/Accessibility-27QMG6ZQ1NKYTNBYFPM1XKNFC.pcm
SwiftExplicitDependencyGeneratePcm arm64 /Users/admin/builder/spi-builder-workspace/.derivedData/SDKExplicitPrecompiledModules/UIUtilities-IR7RNW23VAUKYI9MLCS9NL9A.pcm
SwiftExplicitDependencyGeneratePcm arm64 /Users/admin/builder/spi-builder-workspace/.derivedData/SDKExplicitPrecompiledModules/UserNotifications-ARAH8MEQ0C2L0FBO39HITJMAO.pcm
SwiftExplicitDependencyGeneratePcm arm64 /Users/admin/builder/spi-builder-workspace/.derivedData/SDKExplicitPrecompiledModules/QuartzCore-94KFMWNOU7ZLUZNB4T5DLZC9D.pcm
SwiftExplicitDependencyGeneratePcm arm64_32 /Users/admin/builder/spi-builder-workspace/.derivedData/SDKExplicitPrecompiledModules/Accessibility-F385OMZ5GYBUY5O4QAJB4NRII.pcm
SwiftExplicitDependencyGeneratePcm arm64 /Users/admin/builder/spi-builder-workspace/.derivedData/SDKExplicitPrecompiledModules/SceneKit-5HZKIL7XETTTD8TOHYPN8JKRJ.pcm
SwiftExplicitDependencyGeneratePcm arm64 /Users/admin/builder/spi-builder-workspace/.derivedData/SDKExplicitPrecompiledModules/CoreTransferable-9PPG3SLJ55T4LITIFYX2M0NOZ.pcm
SwiftExplicitDependencyGeneratePcm arm64 /Users/admin/builder/spi-builder-workspace/.derivedData/SDKExplicitPrecompiledModules/Symbols-3EFABTJ9L5PQDJ7RQCYQWEJMM.pcm
SwiftExplicitDependencyGeneratePcm arm64_32 /Users/admin/builder/spi-builder-workspace/.derivedData/SDKExplicitPrecompiledModules/CoreLocation-8XU5YMYM4P11RQMYCQAG65ITK.pcm
SwiftExplicitDependencyGeneratePcm arm64 /Users/admin/builder/spi-builder-workspace/.derivedData/SDKExplicitPrecompiledModules/CoreData-9JFJC4UET8BAO5IPV2JU6W9V8.pcm
SwiftExplicitDependencyGeneratePcm arm64_32 /Users/admin/builder/spi-builder-workspace/.derivedData/SDKExplicitPrecompiledModules/UserNotifications-6TBN8TEAKO014N1T2QD926XED.pcm
SwiftExplicitDependencyGeneratePcm arm64 /Users/admin/builder/spi-builder-workspace/.derivedData/SDKExplicitPrecompiledModules/OSLog-B7VGO357Y3GJG35TST7DKDSI3.pcm
SwiftExplicitDependencyGeneratePcm arm64 /Users/admin/builder/spi-builder-workspace/.derivedData/SDKExplicitPrecompiledModules/UniformTypeIdentifiers-8L08Q8DQJV8C4AW84YVGFGTRN.pcm
SwiftExplicitDependencyGeneratePcm arm64 /Users/admin/builder/spi-builder-workspace/.derivedData/SDKExplicitPrecompiledModules/DataDetection-7BNVI1SZW5ISQL5SX4WL2X7I5.pcm
SwiftExplicitDependencyGeneratePcm arm64_32 /Users/admin/builder/spi-builder-workspace/.derivedData/SDKExplicitPrecompiledModules/SwiftUICore-3Q7WLRD8MR9R3NGIPUBQCP6F6.pcm
SwiftExplicitDependencyGeneratePcm arm64 /Users/admin/builder/spi-builder-workspace/.derivedData/SDKExplicitPrecompiledModules/_LocationEssentials-5ZZDGDXB6HLQUC72SJW7YJ7MK.pcm
SwiftExplicitDependencyGeneratePcm arm64 /Users/admin/builder/spi-builder-workspace/.derivedData/SDKExplicitPrecompiledModules/SwiftUICore-C1DST1IX2Z0PTH5SJJZ1IULRB.pcm
SwiftExplicitDependencyGeneratePcm arm64_32 /Users/admin/builder/spi-builder-workspace/.derivedData/SDKExplicitPrecompiledModules/CoreMotion-1XGTVTE5PP32UHME8AC63TL6.pcm
SwiftExplicitDependencyGeneratePcm arm64 /Users/admin/builder/spi-builder-workspace/.derivedData/SDKExplicitPrecompiledModules/CoreLocation-ACKJ9K7ABI14F97Y46Y6SRR17.pcm
SwiftExplicitDependencyGeneratePcm arm64_32 /Users/admin/builder/spi-builder-workspace/.derivedData/SDKExplicitPrecompiledModules/UIKit-6PPV7YPZ89CZPHYAP072QH8B6.pcm
SwiftExplicitDependencyGeneratePcm arm64 /Users/admin/builder/spi-builder-workspace/.derivedData/SDKExplicitPrecompiledModules/CoreMotion-6RD5K48QT1F4L9CATNFD2O7YB.pcm
SwiftExplicitDependencyGeneratePcm arm64 /Users/admin/builder/spi-builder-workspace/.derivedData/SDKExplicitPrecompiledModules/UIKit-27R3P1YMV4C6JLDT661G3MRIA.pcm
SwiftExplicitDependencyGeneratePcm arm64_32 /Users/admin/builder/spi-builder-workspace/.derivedData/SDKExplicitPrecompiledModules/HomeKit-DUDZOMSN3UK8GNTNBNMPIWJRN.pcm
SwiftExplicitDependencyGeneratePcm arm64_32 /Users/admin/builder/spi-builder-workspace/.derivedData/SDKExplicitPrecompiledModules/MapKit-CWGB4YMP1VX1NYQN5FULFD5DR.pcm
SwiftExplicitDependencyGeneratePcm arm64 /Users/admin/builder/spi-builder-workspace/.derivedData/SDKExplicitPrecompiledModules/MapKit-EJJWC7IL56MPLQMI93GJRE5OG.pcm
SwiftExplicitDependencyGeneratePcm arm64 /Users/admin/builder/spi-builder-workspace/.derivedData/SDKExplicitPrecompiledModules/HomeKit-DTS1N4AWILAL1URZ5IOXV5221.pcm
SwiftExplicitDependencyGeneratePcm arm64_32 /Users/admin/builder/spi-builder-workspace/.derivedData/SDKExplicitPrecompiledModules/WatchKit-FHF6WTKLC2APGK3LA2XJ6516.pcm
SwiftExplicitDependencyGeneratePcm arm64 /Users/admin/builder/spi-builder-workspace/.derivedData/SDKExplicitPrecompiledModules/WatchKit-3VT3K8YON6FJ6OWSUFJMFMP8J.pcm
SwiftExplicitDependencyGeneratePcm arm64_32 /Users/admin/builder/spi-builder-workspace/.derivedData/SDKExplicitPrecompiledModules/SwiftUI-9AYG9OCT5VOJK7V4MX1WYR86T.pcm
SwiftCompile normal arm64_32 Compiling\ PropertyProtocol+Operators.swift,\ UIProperty.swift,\ Publisher+SchedulerExtensions.swift,\ UIScheduler.swift /Users/admin/builder/spi-builder-workspace/.dependencies/checkouts/CombineEx/Sources/Property/PropertyProtocol+Operators.swift /Users/admin/builder/spi-builder-workspace/.dependencies/checkouts/CombineEx/Sources/Property/UIProperty.swift /Users/admin/builder/spi-builder-workspace/.dependencies/checkouts/CombineEx/Sources/Schedulers/Publisher+SchedulerExtensions.swift /Users/admin/builder/spi-builder-workspace/.dependencies/checkouts/CombineEx/Sources/Schedulers/UIScheduler.swift (in target 'CombineEx' from project 'CombineEx')
SwiftCompile normal arm64_32 /Users/admin/builder/spi-builder-workspace/.dependencies/checkouts/CombineEx/Sources/Property/PropertyProtocol+Operators.swift (in target 'CombineEx' from project 'CombineEx')
cd /Users/admin/builder/spi-builder-workspace/.swiftpm/xcode
builtin-SwiftPerFileCompile PropertyProtocol+Operators.swift
SwiftCompile normal arm64_32 /Users/admin/builder/spi-builder-workspace/.dependencies/checkouts/CombineEx/Sources/Property/UIProperty.swift (in target 'CombineEx' from project 'CombineEx')
cd /Users/admin/builder/spi-builder-workspace/.swiftpm/xcode
builtin-SwiftPerFileCompile UIProperty.swift
SwiftCompile normal arm64_32 /Users/admin/builder/spi-builder-workspace/.dependencies/checkouts/CombineEx/Sources/Schedulers/Publisher+SchedulerExtensions.swift (in target 'CombineEx' from project 'CombineEx')
cd /Users/admin/builder/spi-builder-workspace/.swiftpm/xcode
builtin-SwiftPerFileCompile Publisher+SchedulerExtensions.swift
SwiftCompile normal arm64_32 /Users/admin/builder/spi-builder-workspace/.dependencies/checkouts/CombineEx/Sources/Schedulers/UIScheduler.swift (in target 'CombineEx' from project 'CombineEx')
cd /Users/admin/builder/spi-builder-workspace/.swiftpm/xcode
builtin-SwiftPerFileCompile UIScheduler.swift
SwiftCompile normal arm64_32 Compiling\ PromoteFailure.swift,\ PropertyMap.swift,\ ReplaySubject.swift,\ SendableOverloads.swift /Users/admin/builder/spi-builder-workspace/.dependencies/checkouts/CombineEx/Sources/NewOperators/PromoteFailure.swift /Users/admin/builder/spi-builder-workspace/.dependencies/checkouts/CombineEx/Sources/NewOperators/PropertyMap.swift /Users/admin/builder/spi-builder-workspace/.dependencies/checkouts/CombineEx/Sources/NewOperators/ReplaySubject.swift /Users/admin/builder/spi-builder-workspace/.dependencies/checkouts/CombineEx/Sources/NewOperators/SendableOverloads.swift (in target 'CombineEx' from project 'CombineEx')
SwiftCompile normal arm64_32 /Users/admin/builder/spi-builder-workspace/.dependencies/checkouts/CombineEx/Sources/NewOperators/PromoteFailure.swift (in target 'CombineEx' from project 'CombineEx')
cd /Users/admin/builder/spi-builder-workspace/.swiftpm/xcode
builtin-SwiftPerFileCompile PromoteFailure.swift
SwiftCompile normal arm64_32 /Users/admin/builder/spi-builder-workspace/.dependencies/checkouts/CombineEx/Sources/NewOperators/PropertyMap.swift (in target 'CombineEx' from project 'CombineEx')
cd /Users/admin/builder/spi-builder-workspace/.swiftpm/xcode
builtin-SwiftPerFileCompile PropertyMap.swift
SwiftCompile normal arm64_32 /Users/admin/builder/spi-builder-workspace/.dependencies/checkouts/CombineEx/Sources/NewOperators/ReplaySubject.swift (in target 'CombineEx' from project 'CombineEx')
cd /Users/admin/builder/spi-builder-workspace/.swiftpm/xcode
builtin-SwiftPerFileCompile ReplaySubject.swift
SwiftCompile normal arm64_32 /Users/admin/builder/spi-builder-workspace/.dependencies/checkouts/CombineEx/Sources/NewOperators/SendableOverloads.swift (in target 'CombineEx' from project 'CombineEx')
cd /Users/admin/builder/spi-builder-workspace/.swiftpm/xcode
builtin-SwiftPerFileCompile SendableOverloads.swift
SwiftCompile normal arm64_32 Compiling\ MapOptional.swift,\ MapVoid.swift,\ Pipe.swift,\ PrependDynamic.swift /Users/admin/builder/spi-builder-workspace/.dependencies/checkouts/CombineEx/Sources/NewOperators/MapOptional.swift /Users/admin/builder/spi-builder-workspace/.dependencies/checkouts/CombineEx/Sources/NewOperators/MapVoid.swift /Users/admin/builder/spi-builder-workspace/.dependencies/checkouts/CombineEx/Sources/NewOperators/Pipe.swift /Users/admin/builder/spi-builder-workspace/.dependencies/checkouts/CombineEx/Sources/NewOperators/PrependDynamic.swift (in target 'CombineEx' from project 'CombineEx')
SwiftCompile normal arm64_32 /Users/admin/builder/spi-builder-workspace/.dependencies/checkouts/CombineEx/Sources/NewOperators/MapOptional.swift (in target 'CombineEx' from project 'CombineEx')
cd /Users/admin/builder/spi-builder-workspace/.swiftpm/xcode
builtin-SwiftPerFileCompile MapOptional.swift
SwiftCompile normal arm64_32 /Users/admin/builder/spi-builder-workspace/.dependencies/checkouts/CombineEx/Sources/NewOperators/MapVoid.swift (in target 'CombineEx' from project 'CombineEx')
cd /Users/admin/builder/spi-builder-workspace/.swiftpm/xcode
builtin-SwiftPerFileCompile MapVoid.swift
SwiftCompile normal arm64_32 /Users/admin/builder/spi-builder-workspace/.dependencies/checkouts/CombineEx/Sources/NewOperators/Pipe.swift (in target 'CombineEx' from project 'CombineEx')
cd /Users/admin/builder/spi-builder-workspace/.swiftpm/xcode
builtin-SwiftPerFileCompile Pipe.swift
SwiftCompile normal arm64_32 /Users/admin/builder/spi-builder-workspace/.dependencies/checkouts/CombineEx/Sources/NewOperators/PrependDynamic.swift (in target 'CombineEx' from project 'CombineEx')
cd /Users/admin/builder/spi-builder-workspace/.swiftpm/xcode
builtin-SwiftPerFileCompile PrependDynamic.swift
SwiftCompile normal arm64_32 Compiling\ AttemptMap.swift,\ CombinePrevious.swift,\ CompleteAfter.swift,\ CompositeError.swift,\ Custom.swift /Users/admin/builder/spi-builder-workspace/.dependencies/checkouts/CombineEx/Sources/NewOperators/AttemptMap.swift /Users/admin/builder/spi-builder-workspace/.dependencies/checkouts/CombineEx/Sources/NewOperators/CombinePrevious.swift /Users/admin/builder/spi-builder-workspace/.dependencies/checkouts/CombineEx/Sources/NewOperators/CompleteAfter.swift /Users/admin/builder/spi-builder-workspace/.dependencies/checkouts/CombineEx/Sources/NewOperators/CompositeError.swift /Users/admin/builder/spi-builder-workspace/.dependencies/checkouts/CombineEx/Sources/NewOperators/Custom.swift (in target 'CombineEx' from project 'CombineEx')
SwiftCompile normal arm64_32 /Users/admin/builder/spi-builder-workspace/.dependencies/checkouts/CombineEx/Sources/NewOperators/AttemptMap.swift (in target 'CombineEx' from project 'CombineEx')
cd /Users/admin/builder/spi-builder-workspace/.swiftpm/xcode
builtin-SwiftPerFileCompile AttemptMap.swift
SwiftCompile normal arm64_32 /Users/admin/builder/spi-builder-workspace/.dependencies/checkouts/CombineEx/Sources/NewOperators/CombinePrevious.swift (in target 'CombineEx' from project 'CombineEx')
cd /Users/admin/builder/spi-builder-workspace/.swiftpm/xcode
builtin-SwiftPerFileCompile CombinePrevious.swift
SwiftCompile normal arm64_32 /Users/admin/builder/spi-builder-workspace/.dependencies/checkouts/CombineEx/Sources/NewOperators/CompleteAfter.swift (in target 'CombineEx' from project 'CombineEx')
cd /Users/admin/builder/spi-builder-workspace/.swiftpm/xcode
builtin-SwiftPerFileCompile CompleteAfter.swift
SwiftCompile normal arm64_32 /Users/admin/builder/spi-builder-workspace/.dependencies/checkouts/CombineEx/Sources/NewOperators/CompositeError.swift (in target 'CombineEx' from project 'CombineEx')
cd /Users/admin/builder/spi-builder-workspace/.swiftpm/xcode
builtin-SwiftPerFileCompile CompositeError.swift
SwiftCompile normal arm64_32 /Users/admin/builder/spi-builder-workspace/.dependencies/checkouts/CombineEx/Sources/NewOperators/Custom.swift (in target 'CombineEx' from project 'CombineEx')
cd /Users/admin/builder/spi-builder-workspace/.swiftpm/xcode
builtin-SwiftPerFileCompile Custom.swift
SwiftCompile normal arm64_32 Compiling\ DeferredFuture+Operators.swift,\ DeferredFuture.swift,\ DeferredPublisher+Operators.swift,\ DeferredPublisher.swift,\ Exports.swift /Users/admin/builder/spi-builder-workspace/.dependencies/checkouts/CombineEx/Sources/DeferredFuture/DeferredFuture+Operators.swift /Users/admin/builder/spi-builder-workspace/.dependencies/checkouts/CombineEx/Sources/DeferredFuture/DeferredFuture.swift /Users/admin/builder/spi-builder-workspace/.dependencies/checkouts/CombineEx/Sources/DeferredPublisher/DeferredPublisher+Operators.swift /Users/admin/builder/spi-builder-workspace/.dependencies/checkouts/CombineEx/Sources/DeferredPublisher/DeferredPublisher.swift /Users/admin/builder/spi-builder-workspace/.dependencies/checkouts/CombineEx/Sources/Exports.swift (in target 'CombineEx' from project 'CombineEx')
SwiftCompile normal arm64_32 /Users/admin/builder/spi-builder-workspace/.dependencies/checkouts/CombineEx/Sources/DeferredFuture/DeferredFuture+Operators.swift (in target 'CombineEx' from project 'CombineEx')
cd /Users/admin/builder/spi-builder-workspace/.swiftpm/xcode
builtin-SwiftPerFileCompile DeferredFuture+Operators.swift
SwiftCompile normal arm64_32 /Users/admin/builder/spi-builder-workspace/.dependencies/checkouts/CombineEx/Sources/DeferredFuture/DeferredFuture.swift (in target 'CombineEx' from project 'CombineEx')
cd /Users/admin/builder/spi-builder-workspace/.swiftpm/xcode
builtin-SwiftPerFileCompile DeferredFuture.swift
SwiftCompile normal arm64_32 /Users/admin/builder/spi-builder-workspace/.dependencies/checkouts/CombineEx/Sources/DeferredPublisher/DeferredPublisher+Operators.swift (in target 'CombineEx' from project 'CombineEx')
cd /Users/admin/builder/spi-builder-workspace/.swiftpm/xcode
builtin-SwiftPerFileCompile DeferredPublisher+Operators.swift
SwiftCompile normal arm64_32 /Users/admin/builder/spi-builder-workspace/.dependencies/checkouts/CombineEx/Sources/DeferredPublisher/DeferredPublisher.swift (in target 'CombineEx' from project 'CombineEx')
cd /Users/admin/builder/spi-builder-workspace/.swiftpm/xcode
builtin-SwiftPerFileCompile DeferredPublisher.swift
SwiftCompile normal arm64_32 /Users/admin/builder/spi-builder-workspace/.dependencies/checkouts/CombineEx/Sources/Exports.swift (in target 'CombineEx' from project 'CombineEx')
cd /Users/admin/builder/spi-builder-workspace/.swiftpm/xcode
builtin-SwiftPerFileCompile Exports.swift
SwiftEmitModule normal arm64_32 Emitting\ module\ for\ CombineEx (in target 'CombineEx' from project 'CombineEx')
SwiftCompile normal arm64_32 (in target 'CombineEx' from project 'CombineEx')
cd /Users/admin/builder/spi-builder-workspace/.swiftpm/xcode
SwiftCompile normal arm64_32 Compiling\ Aggregation+DeferredFuture.swift,\ Aggregation+DeferredPublisher.swift,\ Aggregation+Publisher.swift,\ Aggregation.swift,\ AsyncFuture.swift /Users/admin/builder/spi-builder-workspace/.dependencies/checkouts/CombineEx/Sources/NewOperators/Aggregation+DeferredFuture.swift /Users/admin/builder/spi-builder-workspace/.dependencies/checkouts/CombineEx/Sources/NewOperators/Aggregation+DeferredPublisher.swift /Users/admin/builder/spi-builder-workspace/.dependencies/checkouts/CombineEx/Sources/NewOperators/Aggregation+Publisher.swift /Users/admin/builder/spi-builder-workspace/.dependencies/checkouts/CombineEx/Sources/NewOperators/Aggregation.swift /Users/admin/builder/spi-builder-workspace/.dependencies/checkouts/CombineEx/Sources/NewOperators/AsyncFuture.swift (in target 'CombineEx' from project 'CombineEx')
SwiftCompile normal arm64_32 /Users/admin/builder/spi-builder-workspace/.dependencies/checkouts/CombineEx/Sources/NewOperators/Aggregation+DeferredFuture.swift (in target 'CombineEx' from project 'CombineEx')
cd /Users/admin/builder/spi-builder-workspace/.swiftpm/xcode
builtin-SwiftPerFileCompile Aggregation+DeferredFuture.swift
SwiftCompile normal arm64_32 /Users/admin/builder/spi-builder-workspace/.dependencies/checkouts/CombineEx/Sources/NewOperators/Aggregation+DeferredPublisher.swift (in target 'CombineEx' from project 'CombineEx')
cd /Users/admin/builder/spi-builder-workspace/.swiftpm/xcode
builtin-SwiftPerFileCompile Aggregation+DeferredPublisher.swift
SwiftCompile normal arm64_32 /Users/admin/builder/spi-builder-workspace/.dependencies/checkouts/CombineEx/Sources/NewOperators/Aggregation+Publisher.swift (in target 'CombineEx' from project 'CombineEx')
cd /Users/admin/builder/spi-builder-workspace/.swiftpm/xcode
builtin-SwiftPerFileCompile Aggregation+Publisher.swift
SwiftCompile normal arm64_32 /Users/admin/builder/spi-builder-workspace/.dependencies/checkouts/CombineEx/Sources/NewOperators/Aggregation.swift (in target 'CombineEx' from project 'CombineEx')
cd /Users/admin/builder/spi-builder-workspace/.swiftpm/xcode
builtin-SwiftPerFileCompile Aggregation.swift
SwiftCompile normal arm64_32 /Users/admin/builder/spi-builder-workspace/.dependencies/checkouts/CombineEx/Sources/NewOperators/AsyncFuture.swift (in target 'CombineEx' from project 'CombineEx')
cd /Users/admin/builder/spi-builder-workspace/.swiftpm/xcode
builtin-SwiftPerFileCompile AsyncFuture.swift
SwiftCompile normal arm64_32 Compiling\ Action.swift,\ ActionTrigger.swift,\ BindTarget.swift,\ KvoProperty.swift,\ SinkProviding.swift /Users/admin/builder/spi-builder-workspace/.dependencies/checkouts/CombineEx/Sources/Action/Action.swift /Users/admin/builder/spi-builder-workspace/.dependencies/checkouts/CombineEx/Sources/Action/ActionTrigger.swift /Users/admin/builder/spi-builder-workspace/.dependencies/checkouts/CombineEx/Sources/Cocoa/BindTarget.swift /Users/admin/builder/spi-builder-workspace/.dependencies/checkouts/CombineEx/Sources/Cocoa/KvoProperty.swift /Users/admin/builder/spi-builder-workspace/.dependencies/checkouts/CombineEx/Sources/Cocoa/SinkProviding.swift (in target 'CombineEx' from project 'CombineEx')
SwiftCompile normal arm64_32 /Users/admin/builder/spi-builder-workspace/.dependencies/checkouts/CombineEx/Sources/Action/Action.swift (in target 'CombineEx' from project 'CombineEx')
cd /Users/admin/builder/spi-builder-workspace/.swiftpm/xcode
builtin-SwiftPerFileCompile Action.swift
SwiftCompile normal arm64_32 /Users/admin/builder/spi-builder-workspace/.dependencies/checkouts/CombineEx/Sources/Action/ActionTrigger.swift (in target 'CombineEx' from project 'CombineEx')
cd /Users/admin/builder/spi-builder-workspace/.swiftpm/xcode
builtin-SwiftPerFileCompile ActionTrigger.swift
SwiftCompile normal arm64_32 /Users/admin/builder/spi-builder-workspace/.dependencies/checkouts/CombineEx/Sources/Cocoa/BindTarget.swift (in target 'CombineEx' from project 'CombineEx')
cd /Users/admin/builder/spi-builder-workspace/.swiftpm/xcode
builtin-SwiftPerFileCompile BindTarget.swift
SwiftCompile normal arm64_32 /Users/admin/builder/spi-builder-workspace/.dependencies/checkouts/CombineEx/Sources/Cocoa/KvoProperty.swift (in target 'CombineEx' from project 'CombineEx')
cd /Users/admin/builder/spi-builder-workspace/.swiftpm/xcode
builtin-SwiftPerFileCompile KvoProperty.swift
SwiftCompile normal arm64_32 /Users/admin/builder/spi-builder-workspace/.dependencies/checkouts/CombineEx/Sources/Cocoa/SinkProviding.swift (in target 'CombineEx' from project 'CombineEx')
cd /Users/admin/builder/spi-builder-workspace/.swiftpm/xcode
builtin-SwiftPerFileCompile SinkProviding.swift
SwiftCompile normal arm64_32 Compiling\ DeferredFutureDemuxer.swift,\ DemoteFailure.swift,\ EventHandling.swift,\ EventHandlingMainActor.swift,\ FilterProperty.swift /Users/admin/builder/spi-builder-workspace/.dependencies/checkouts/CombineEx/Sources/NewOperators/DeferredFutureDemuxer.swift /Users/admin/builder/spi-builder-workspace/.dependencies/checkouts/CombineEx/Sources/NewOperators/DemoteFailure.swift /Users/admin/builder/spi-builder-workspace/.dependencies/checkouts/CombineEx/Sources/NewOperators/EventHandling.swift /Users/admin/builder/spi-builder-workspace/.dependencies/checkouts/CombineEx/Sources/NewOperators/EventHandlingMainActor.swift /Users/admin/builder/spi-builder-workspace/.dependencies/checkouts/CombineEx/Sources/NewOperators/FilterProperty.swift (in target 'CombineEx' from project 'CombineEx')
SwiftCompile normal arm64_32 /Users/admin/builder/spi-builder-workspace/.dependencies/checkouts/CombineEx/Sources/NewOperators/DeferredFutureDemuxer.swift (in target 'CombineEx' from project 'CombineEx')
cd /Users/admin/builder/spi-builder-workspace/.swiftpm/xcode
builtin-SwiftPerFileCompile DeferredFutureDemuxer.swift
SwiftCompile normal arm64_32 /Users/admin/builder/spi-builder-workspace/.dependencies/checkouts/CombineEx/Sources/NewOperators/DemoteFailure.swift (in target 'CombineEx' from project 'CombineEx')
cd /Users/admin/builder/spi-builder-workspace/.swiftpm/xcode
builtin-SwiftPerFileCompile DemoteFailure.swift
SwiftCompile normal arm64_32 /Users/admin/builder/spi-builder-workspace/.dependencies/checkouts/CombineEx/Sources/NewOperators/EventHandling.swift (in target 'CombineEx' from project 'CombineEx')
cd /Users/admin/builder/spi-builder-workspace/.swiftpm/xcode
builtin-SwiftPerFileCompile EventHandling.swift
SwiftCompile normal arm64_32 /Users/admin/builder/spi-builder-workspace/.dependencies/checkouts/CombineEx/Sources/NewOperators/EventHandlingMainActor.swift (in target 'CombineEx' from project 'CombineEx')
cd /Users/admin/builder/spi-builder-workspace/.swiftpm/xcode
builtin-SwiftPerFileCompile EventHandlingMainActor.swift
SwiftCompile normal arm64_32 /Users/admin/builder/spi-builder-workspace/.dependencies/checkouts/CombineEx/Sources/NewOperators/FilterProperty.swift (in target 'CombineEx' from project 'CombineEx')
cd /Users/admin/builder/spi-builder-workspace/.swiftpm/xcode
builtin-SwiftPerFileCompile FilterProperty.swift
SwiftCompile normal arm64_32 Compiling\ FlatMapLatest.swift,\ IgnoreFailure.swift,\ JustFailEmpty.swift,\ MapOnMainActor.swift /Users/admin/builder/spi-builder-workspace/.dependencies/checkouts/CombineEx/Sources/NewOperators/FlatMapLatest.swift /Users/admin/builder/spi-builder-workspace/.dependencies/checkouts/CombineEx/Sources/NewOperators/IgnoreFailure.swift /Users/admin/builder/spi-builder-workspace/.dependencies/checkouts/CombineEx/Sources/NewOperators/JustFailEmpty.swift /Users/admin/builder/spi-builder-workspace/.dependencies/checkouts/CombineEx/Sources/NewOperators/MapOnMainActor.swift (in target 'CombineEx' from project 'CombineEx')
SwiftCompile normal arm64_32 /Users/admin/builder/spi-builder-workspace/.dependencies/checkouts/CombineEx/Sources/NewOperators/FlatMapLatest.swift (in target 'CombineEx' from project 'CombineEx')
cd /Users/admin/builder/spi-builder-workspace/.swiftpm/xcode
builtin-SwiftPerFileCompile FlatMapLatest.swift
SwiftCompile normal arm64_32 /Users/admin/builder/spi-builder-workspace/.dependencies/checkouts/CombineEx/Sources/NewOperators/IgnoreFailure.swift (in target 'CombineEx' from project 'CombineEx')
cd /Users/admin/builder/spi-builder-workspace/.swiftpm/xcode
builtin-SwiftPerFileCompile IgnoreFailure.swift
SwiftCompile normal arm64_32 /Users/admin/builder/spi-builder-workspace/.dependencies/checkouts/CombineEx/Sources/NewOperators/JustFailEmpty.swift (in target 'CombineEx' from project 'CombineEx')
cd /Users/admin/builder/spi-builder-workspace/.swiftpm/xcode
builtin-SwiftPerFileCompile JustFailEmpty.swift
SwiftCompile normal arm64_32 /Users/admin/builder/spi-builder-workspace/.dependencies/checkouts/CombineEx/Sources/NewOperators/MapOnMainActor.swift (in target 'CombineEx' from project 'CombineEx')
cd /Users/admin/builder/spi-builder-workspace/.swiftpm/xcode
builtin-SwiftPerFileCompile MapOnMainActor.swift
SwiftExplicitDependencyGeneratePcm arm64 /Users/admin/builder/spi-builder-workspace/.derivedData/SDKExplicitPrecompiledModules/SwiftUI-APXDH8ULYLM6FD17YRA73TULO.pcm
SwiftDriverJobDiscovery normal arm64_32 Emitting module for CombineEx (in target 'CombineEx' from project 'CombineEx')
SwiftDriver\ Compilation\ Requirements CombineEx normal arm64_32 com.apple.xcode.tools.swift.compiler (in target 'CombineEx' from project 'CombineEx')
cd /Users/admin/builder/spi-builder-workspace/.swiftpm/xcode
builtin-Swift-Compilation-Requirements -- /Applications/Xcode-27.0.0-Release.Candidate.app/Contents/Developer/Toolchains/XcodeDefault.xctoolchain/usr/bin/swiftc -parse-as-library -module-name CombineEx -Onone @/Users/admin/builder/spi-builder-workspace/.derivedData/Build/Intermediates.noindex/CombineEx.build/Debug-watchos/CombineEx-t.build/Objects-normal/arm64_32/CombineEx.SwiftFileList -DSWIFT_PACKAGE -DDEBUG -DSWIFT_MODULE_RESOURCE_BUNDLE_UNAVAILABLE -DXcode -plugin-path /Applications/Xcode-27.0.0-Release.Candidate.app/Contents/Developer/Toolchains/XcodeDefault.xctoolchain/usr/lib/swift/host/plugins/testing -enable-experimental-feature DebugDescriptionMacro -sdk /Applications/Xcode-27.0.0-Release.Candidate.app/Contents/Developer/Platforms/WatchOS.platform/Developer/SDKs/WatchOS27.0.sdk -target arm64_32-apple-watchos9.0 -g -module-cache-path /Users/admin/builder/spi-builder-workspace/.derivedData/ModuleCache.noindex -Xfrontend -serialize-debugging-options -profile-coverage-mapping -profile-generate -enable-testing -suppress-warnings -index-store-path /Users/admin/builder/spi-builder-workspace/.derivedData/Index.noindex/DataStore -Xcc -D_LIBCPP_HARDENING_MODE\=_LIBCPP_HARDENING_MODE_DEBUG -swift-version 5 -I /Users/admin/builder/spi-builder-workspace/.derivedData/Build/Products/Debug-watchos -Isystem /Applications/Xcode-27.0.0-Release.Candidate.app/Contents/Developer/Platforms/WatchOS.platform/Developer/usr/lib -F /Users/admin/builder/spi-builder-workspace/.derivedData/Build/Products/Debug-watchos -F /Applications/Xcode-27.0.0-Release.Candidate.app/Contents/Developer/Platforms/WatchOS.platform/Developer/Library/Frameworks -F /Applications/Xcode-27.0.0-Release.Candidate.app/Contents/Developer/Platforms/WatchOS.platform/Developer/SDKs/WatchOS27.0.sdk/Developer/Library/Frameworks -c -j10 -enable-batch-mode -incremental -Xcc -ivfsstatcache -Xcc /Users/admin/builder/spi-builder-workspace/.derivedData/SDKStatCaches.noindex/watchos27.0-24R360-e829b21a6f8c9b70876ba0858053c04477534ef55a1706bf4c1112bbb242f0a2.sdkstatcache -output-file-map /Users/admin/builder/spi-builder-workspace/.derivedData/Build/Intermediates.noindex/CombineEx.build/Debug-watchos/CombineEx-t.build/Objects-normal/arm64_32/CombineEx-OutputFileMap.json -save-temps -no-color-diagnostics -explicit-module-build -module-cache-path /Users/admin/builder/spi-builder-workspace/.derivedData/Build/Intermediates.noindex/SwiftExplicitPrecompiledModules -clang-scanner-module-cache-path /Users/admin/builder/spi-builder-workspace/.derivedData/ModuleCache.noindex -sdk-module-cache-path /Users/admin/builder/spi-builder-workspace/.derivedData/SDKExplicitPrecompiledModules -emit-dependencies -emit-module -emit-module-path /Users/admin/builder/spi-builder-workspace/.derivedData/Build/Intermediates.noindex/CombineEx.build/Debug-watchos/CombineEx-t.build/Objects-normal/arm64_32/CombineEx.swiftmodule -serialize-diagnostics -dependency-scan-serialize-diagnostics-path /Users/admin/builder/spi-builder-workspace/.derivedData/Build/Intermediates.noindex/CombineEx.build/Debug-watchos/CombineEx-t.build/Objects-normal/arm64_32/CombineEx-dependency-scan.dia -validate-clang-modules-once -clang-build-session-file /Users/admin/builder/spi-builder-workspace/.derivedData/ModuleCache.noindex/Session.modulevalidation -Xcc -fmodules-prune-interval\=86400 -Xcc -fmodules-prune-after\=345600 -package-name combineex -emit-const-values -const-gather-protocols-list /Users/admin/builder/spi-builder-workspace/.derivedData/Build/Intermediates.noindex/CombineEx.build/Debug-watchos/CombineEx-t.build/Objects-normal/arm64_32/CombineEx_const_extract_protocols.json -Xcc -I/Users/admin/builder/spi-builder-workspace/.derivedData/Build/Products/Debug-watchos/include -Xcc -I/Users/admin/builder/spi-builder-workspace/.derivedData/Build/Intermediates.noindex/CombineEx.build/Debug-watchos/CombineEx-t.build/DerivedSources-normal/arm64_32 -Xcc -I/Users/admin/builder/spi-builder-workspace/.derivedData/Build/Intermediates.noindex/CombineEx.build/Debug-watchos/CombineEx-t.build/DerivedSources/arm64_32 -Xcc -I/Users/admin/builder/spi-builder-workspace/.derivedData/Build/Intermediates.noindex/CombineEx.build/Debug-watchos/CombineEx-t.build/DerivedSources -Xcc -DSWIFT_PACKAGE -Xcc -DDEBUG\=1 -emit-objc-header -emit-objc-header-path /Users/admin/builder/spi-builder-workspace/.derivedData/Build/Intermediates.noindex/CombineEx.build/Debug-watchos/CombineEx-t.build/Objects-normal/arm64_32/CombineEx-Swift.h -working-directory /Users/admin/builder/spi-builder-workspace/.swiftpm/xcode -experimental-emit-module-separately -disable-cmo
SwiftEmitModule normal arm64 Emitting\ module\ for\ CombineEx (in target 'CombineEx' from project 'CombineEx')
SwiftCompile normal arm64 (in target 'CombineEx' from project 'CombineEx')
cd /Users/admin/builder/spi-builder-workspace/.swiftpm/xcode
Copy /Users/admin/builder/spi-builder-workspace/.derivedData/Build/Products/Debug-watchos/CombineEx.swiftmodule/arm64_32-apple-watchos.swiftmodule /Users/admin/builder/spi-builder-workspace/.derivedData/Build/Intermediates.noindex/CombineEx.build/Debug-watchos/CombineEx-t.build/Objects-normal/arm64_32/CombineEx.swiftmodule (in target 'CombineEx' from project 'CombineEx')
cd /Users/admin/builder/spi-builder-workspace/.dependencies/checkouts/CombineEx
builtin-copy -exclude .DS_Store -exclude CVS -exclude .svn -exclude .git -exclude .hg -resolve-src-symlinks -rename /Users/admin/builder/spi-builder-workspace/.derivedData/Build/Intermediates.noindex/CombineEx.build/Debug-watchos/CombineEx-t.build/Objects-normal/arm64_32/CombineEx.swiftmodule /Users/admin/builder/spi-builder-workspace/.derivedData/Build/Products/Debug-watchos/CombineEx.swiftmodule/arm64_32-apple-watchos.swiftmodule
SwiftDriverJobDiscovery normal arm64 Emitting module for CombineEx (in target 'CombineEx' from project 'CombineEx')
SwiftDriver\ Compilation\ Requirements CombineEx normal arm64 com.apple.xcode.tools.swift.compiler (in target 'CombineEx' from project 'CombineEx')
cd /Users/admin/builder/spi-builder-workspace/.swiftpm/xcode
builtin-Swift-Compilation-Requirements -- /Applications/Xcode-27.0.0-Release.Candidate.app/Contents/Developer/Toolchains/XcodeDefault.xctoolchain/usr/bin/swiftc -parse-as-library -module-name CombineEx -Onone @/Users/admin/builder/spi-builder-workspace/.derivedData/Build/Intermediates.noindex/CombineEx.build/Debug-watchos/CombineEx-t.build/Objects-normal/arm64/CombineEx.SwiftFileList -DSWIFT_PACKAGE -DDEBUG -DSWIFT_MODULE_RESOURCE_BUNDLE_UNAVAILABLE -DXcode -plugin-path /Applications/Xcode-27.0.0-Release.Candidate.app/Contents/Developer/Toolchains/XcodeDefault.xctoolchain/usr/lib/swift/host/plugins/testing -enable-experimental-feature DebugDescriptionMacro -sdk /Applications/Xcode-27.0.0-Release.Candidate.app/Contents/Developer/Platforms/WatchOS.platform/Developer/SDKs/WatchOS27.0.sdk -target arm64-apple-watchos9.0 -g -module-cache-path /Users/admin/builder/spi-builder-workspace/.derivedData/ModuleCache.noindex -Xfrontend -serialize-debugging-options -profile-coverage-mapping -profile-generate -enable-testing -suppress-warnings -index-store-path /Users/admin/builder/spi-builder-workspace/.derivedData/Index.noindex/DataStore -Xcc -D_LIBCPP_HARDENING_MODE\=_LIBCPP_HARDENING_MODE_DEBUG -swift-version 5 -I /Users/admin/builder/spi-builder-workspace/.derivedData/Build/Products/Debug-watchos -Isystem /Applications/Xcode-27.0.0-Release.Candidate.app/Contents/Developer/Platforms/WatchOS.platform/Developer/usr/lib -F /Users/admin/builder/spi-builder-workspace/.derivedData/Build/Products/Debug-watchos -F /Applications/Xcode-27.0.0-Release.Candidate.app/Contents/Developer/Platforms/WatchOS.platform/Developer/Library/Frameworks -F /Applications/Xcode-27.0.0-Release.Candidate.app/Contents/Developer/Platforms/WatchOS.platform/Developer/SDKs/WatchOS27.0.sdk/Developer/Library/Frameworks -c -j10 -enable-batch-mode -incremental -Xcc -ivfsstatcache -Xcc /Users/admin/builder/spi-builder-workspace/.derivedData/SDKStatCaches.noindex/watchos27.0-24R360-e829b21a6f8c9b70876ba0858053c04477534ef55a1706bf4c1112bbb242f0a2.sdkstatcache -output-file-map /Users/admin/builder/spi-builder-workspace/.derivedData/Build/Intermediates.noindex/CombineEx.build/Debug-watchos/CombineEx-t.build/Objects-normal/arm64/CombineEx-OutputFileMap.json -save-temps -no-color-diagnostics -explicit-module-build -module-cache-path /Users/admin/builder/spi-builder-workspace/.derivedData/Build/Intermediates.noindex/SwiftExplicitPrecompiledModules -clang-scanner-module-cache-path /Users/admin/builder/spi-builder-workspace/.derivedData/ModuleCache.noindex -sdk-module-cache-path /Users/admin/builder/spi-builder-workspace/.derivedData/SDKExplicitPrecompiledModules -emit-dependencies -emit-module -emit-module-path /Users/admin/builder/spi-builder-workspace/.derivedData/Build/Intermediates.noindex/CombineEx.build/Debug-watchos/CombineEx-t.build/Objects-normal/arm64/CombineEx.swiftmodule -serialize-diagnostics -dependency-scan-serialize-diagnostics-path /Users/admin/builder/spi-builder-workspace/.derivedData/Build/Intermediates.noindex/CombineEx.build/Debug-watchos/CombineEx-t.build/Objects-normal/arm64/CombineEx-dependency-scan.dia -validate-clang-modules-once -clang-build-session-file /Users/admin/builder/spi-builder-workspace/.derivedData/ModuleCache.noindex/Session.modulevalidation -Xcc -fmodules-prune-interval\=86400 -Xcc -fmodules-prune-after\=345600 -package-name combineex -emit-const-values -const-gather-protocols-list /Users/admin/builder/spi-builder-workspace/.derivedData/Build/Intermediates.noindex/CombineEx.build/Debug-watchos/CombineEx-t.build/Objects-normal/arm64/CombineEx_const_extract_protocols.json -Xcc -I/Users/admin/builder/spi-builder-workspace/.derivedData/Build/Products/Debug-watchos/include -Xcc -I/Users/admin/builder/spi-builder-workspace/.derivedData/Build/Intermediates.noindex/CombineEx.build/Debug-watchos/CombineEx-t.build/DerivedSources-normal/arm64 -Xcc -I/Users/admin/builder/spi-builder-workspace/.derivedData/Build/Intermediates.noindex/CombineEx.build/Debug-watchos/CombineEx-t.build/DerivedSources/arm64 -Xcc -I/Users/admin/builder/spi-builder-workspace/.derivedData/Build/Intermediates.noindex/CombineEx.build/Debug-watchos/CombineEx-t.build/DerivedSources -Xcc -DSWIFT_PACKAGE -Xcc -DDEBUG\=1 -emit-objc-header -emit-objc-header-path /Users/admin/builder/spi-builder-workspace/.derivedData/Build/Intermediates.noindex/CombineEx.build/Debug-watchos/CombineEx-t.build/Objects-normal/arm64/CombineEx-Swift.h -working-directory /Users/admin/builder/spi-builder-workspace/.swiftpm/xcode -experimental-emit-module-separately -disable-cmo
Copy /Users/admin/builder/spi-builder-workspace/.derivedData/Build/Products/Debug-watchos/CombineEx.swiftmodule/arm64_32-apple-watchos.swiftdoc /Users/admin/builder/spi-builder-workspace/.derivedData/Build/Intermediates.noindex/CombineEx.build/Debug-watchos/CombineEx-t.build/Objects-normal/arm64_32/CombineEx.swiftdoc (in target 'CombineEx' from project 'CombineEx')
cd /Users/admin/builder/spi-builder-workspace/.dependencies/checkouts/CombineEx
builtin-copy -exclude .DS_Store -exclude CVS -exclude .svn -exclude .git -exclude .hg -resolve-src-symlinks -rename /Users/admin/builder/spi-builder-workspace/.derivedData/Build/Intermediates.noindex/CombineEx.build/Debug-watchos/CombineEx-t.build/Objects-normal/arm64_32/CombineEx.swiftdoc /Users/admin/builder/spi-builder-workspace/.derivedData/Build/Products/Debug-watchos/CombineEx.swiftmodule/arm64_32-apple-watchos.swiftdoc
Copy /Users/admin/builder/spi-builder-workspace/.derivedData/Build/Products/Debug-watchos/CombineEx.swiftmodule/arm64_32-apple-watchos.abi.json /Users/admin/builder/spi-builder-workspace/.derivedData/Build/Intermediates.noindex/CombineEx.build/Debug-watchos/CombineEx-t.build/Objects-normal/arm64_32/CombineEx.abi.json (in target 'CombineEx' from project 'CombineEx')
cd /Users/admin/builder/spi-builder-workspace/.dependencies/checkouts/CombineEx
builtin-copy -exclude .DS_Store -exclude CVS -exclude .svn -exclude .git -exclude .hg -resolve-src-symlinks -rename /Users/admin/builder/spi-builder-workspace/.derivedData/Build/Intermediates.noindex/CombineEx.build/Debug-watchos/CombineEx-t.build/Objects-normal/arm64_32/CombineEx.abi.json /Users/admin/builder/spi-builder-workspace/.derivedData/Build/Products/Debug-watchos/CombineEx.swiftmodule/arm64_32-apple-watchos.abi.json
SwiftMergeGeneratedHeaders /Users/admin/builder/spi-builder-workspace/.derivedData/Build/Intermediates.noindex/GeneratedModuleMaps-watchos/CombineEx-Swift.h /Users/admin/builder/spi-builder-workspace/.derivedData/Build/Intermediates.noindex/CombineEx.build/Debug-watchos/CombineEx-t.build/Objects-normal/arm64/CombineEx-Swift.h /Users/admin/builder/spi-builder-workspace/.derivedData/Build/Intermediates.noindex/CombineEx.build/Debug-watchos/CombineEx-t.build/Objects-normal/arm64_32/CombineEx-Swift.h (in target 'CombineEx' from project 'CombineEx')
cd /Users/admin/builder/spi-builder-workspace/.dependencies/checkouts/CombineEx
builtin-swiftHeaderTool -arch arm64 /Users/admin/builder/spi-builder-workspace/.derivedData/Build/Intermediates.noindex/CombineEx.build/Debug-watchos/CombineEx-t.build/Objects-normal/arm64/CombineEx-Swift.h -arch arm64_32 /Users/admin/builder/spi-builder-workspace/.derivedData/Build/Intermediates.noindex/CombineEx.build/Debug-watchos/CombineEx-t.build/Objects-normal/arm64_32/CombineEx-Swift.h -o /Users/admin/builder/spi-builder-workspace/.derivedData/Build/Intermediates.noindex/GeneratedModuleMaps-watchos/CombineEx-Swift.h
Copy /Users/admin/builder/spi-builder-workspace/.derivedData/Build/Products/Debug-watchos/CombineEx.swiftmodule/arm64-apple-watchos.swiftmodule /Users/admin/builder/spi-builder-workspace/.derivedData/Build/Intermediates.noindex/CombineEx.build/Debug-watchos/CombineEx-t.build/Objects-normal/arm64/CombineEx.swiftmodule (in target 'CombineEx' from project 'CombineEx')
cd /Users/admin/builder/spi-builder-workspace/.dependencies/checkouts/CombineEx
builtin-copy -exclude .DS_Store -exclude CVS -exclude .svn -exclude .git -exclude .hg -resolve-src-symlinks -rename /Users/admin/builder/spi-builder-workspace/.derivedData/Build/Intermediates.noindex/CombineEx.build/Debug-watchos/CombineEx-t.build/Objects-normal/arm64/CombineEx.swiftmodule /Users/admin/builder/spi-builder-workspace/.derivedData/Build/Products/Debug-watchos/CombineEx.swiftmodule/arm64-apple-watchos.swiftmodule
Copy /Users/admin/builder/spi-builder-workspace/.derivedData/Build/Products/Debug-watchos/CombineEx.swiftmodule/arm64-apple-watchos.swiftdoc /Users/admin/builder/spi-builder-workspace/.derivedData/Build/Intermediates.noindex/CombineEx.build/Debug-watchos/CombineEx-t.build/Objects-normal/arm64/CombineEx.swiftdoc (in target 'CombineEx' from project 'CombineEx')
cd /Users/admin/builder/spi-builder-workspace/.dependencies/checkouts/CombineEx
builtin-copy -exclude .DS_Store -exclude CVS -exclude .svn -exclude .git -exclude .hg -resolve-src-symlinks -rename /Users/admin/builder/spi-builder-workspace/.derivedData/Build/Intermediates.noindex/CombineEx.build/Debug-watchos/CombineEx-t.build/Objects-normal/arm64/CombineEx.swiftdoc /Users/admin/builder/spi-builder-workspace/.derivedData/Build/Products/Debug-watchos/CombineEx.swiftmodule/arm64-apple-watchos.swiftdoc
Copy /Users/admin/builder/spi-builder-workspace/.derivedData/Build/Products/Debug-watchos/CombineEx.swiftmodule/arm64-apple-watchos.abi.json /Users/admin/builder/spi-builder-workspace/.derivedData/Build/Intermediates.noindex/CombineEx.build/Debug-watchos/CombineEx-t.build/Objects-normal/arm64/CombineEx.abi.json (in target 'CombineEx' from project 'CombineEx')
cd /Users/admin/builder/spi-builder-workspace/.dependencies/checkouts/CombineEx
builtin-copy -exclude .DS_Store -exclude CVS -exclude .svn -exclude .git -exclude .hg -resolve-src-symlinks -rename /Users/admin/builder/spi-builder-workspace/.derivedData/Build/Intermediates.noindex/CombineEx.build/Debug-watchos/CombineEx-t.build/Objects-normal/arm64/CombineEx.abi.json /Users/admin/builder/spi-builder-workspace/.derivedData/Build/Products/Debug-watchos/CombineEx.swiftmodule/arm64-apple-watchos.abi.json
Copy /Users/admin/builder/spi-builder-workspace/.derivedData/Build/Products/Debug-watchos/CombineEx.swiftmodule/Project/arm64_32-apple-watchos.swiftsourceinfo /Users/admin/builder/spi-builder-workspace/.derivedData/Build/Intermediates.noindex/CombineEx.build/Debug-watchos/CombineEx-t.build/Objects-normal/arm64_32/CombineEx.swiftsourceinfo (in target 'CombineEx' from project 'CombineEx')
cd /Users/admin/builder/spi-builder-workspace/.dependencies/checkouts/CombineEx
builtin-copy -exclude .DS_Store -exclude CVS -exclude .svn -exclude .git -exclude .hg -resolve-src-symlinks -rename /Users/admin/builder/spi-builder-workspace/.derivedData/Build/Intermediates.noindex/CombineEx.build/Debug-watchos/CombineEx-t.build/Objects-normal/arm64_32/CombineEx.swiftsourceinfo /Users/admin/builder/spi-builder-workspace/.derivedData/Build/Products/Debug-watchos/CombineEx.swiftmodule/Project/arm64_32-apple-watchos.swiftsourceinfo
Copy /Users/admin/builder/spi-builder-workspace/.derivedData/Build/Products/Debug-watchos/CombineEx.swiftmodule/Project/arm64-apple-watchos.swiftsourceinfo /Users/admin/builder/spi-builder-workspace/.derivedData/Build/Intermediates.noindex/CombineEx.build/Debug-watchos/CombineEx-t.build/Objects-normal/arm64/CombineEx.swiftsourceinfo (in target 'CombineEx' from project 'CombineEx')
cd /Users/admin/builder/spi-builder-workspace/.dependencies/checkouts/CombineEx
builtin-copy -exclude .DS_Store -exclude CVS -exclude .svn -exclude .git -exclude .hg -resolve-src-symlinks -rename /Users/admin/builder/spi-builder-workspace/.derivedData/Build/Intermediates.noindex/CombineEx.build/Debug-watchos/CombineEx-t.build/Objects-normal/arm64/CombineEx.swiftsourceinfo /Users/admin/builder/spi-builder-workspace/.derivedData/Build/Products/Debug-watchos/CombineEx.swiftmodule/Project/arm64-apple-watchos.swiftsourceinfo
SwiftCompile normal arm64 Compiling\ DeferredFuture+Operators.swift,\ DeferredFuture.swift,\ DeferredPublisher+Operators.swift,\ DeferredPublisher.swift,\ Exports.swift /Users/admin/builder/spi-builder-workspace/.dependencies/checkouts/CombineEx/Sources/DeferredFuture/DeferredFuture+Operators.swift /Users/admin/builder/spi-builder-workspace/.dependencies/checkouts/CombineEx/Sources/DeferredFuture/DeferredFuture.swift /Users/admin/builder/spi-builder-workspace/.dependencies/checkouts/CombineEx/Sources/DeferredPublisher/DeferredPublisher+Operators.swift /Users/admin/builder/spi-builder-workspace/.dependencies/checkouts/CombineEx/Sources/DeferredPublisher/DeferredPublisher.swift /Users/admin/builder/spi-builder-workspace/.dependencies/checkouts/CombineEx/Sources/Exports.swift (in target 'CombineEx' from project 'CombineEx')
SwiftCompile normal arm64 /Users/admin/builder/spi-builder-workspace/.dependencies/checkouts/CombineEx/Sources/DeferredFuture/DeferredFuture+Operators.swift (in target 'CombineEx' from project 'CombineEx')
cd /Users/admin/builder/spi-builder-workspace/.swiftpm/xcode
builtin-SwiftPerFileCompile DeferredFuture+Operators.swift
SwiftCompile normal arm64 /Users/admin/builder/spi-builder-workspace/.dependencies/checkouts/CombineEx/Sources/DeferredFuture/DeferredFuture.swift (in target 'CombineEx' from project 'CombineEx')
cd /Users/admin/builder/spi-builder-workspace/.swiftpm/xcode
builtin-SwiftPerFileCompile DeferredFuture.swift
SwiftCompile normal arm64 /Users/admin/builder/spi-builder-workspace/.dependencies/checkouts/CombineEx/Sources/DeferredPublisher/DeferredPublisher+Operators.swift (in target 'CombineEx' from project 'CombineEx')
cd /Users/admin/builder/spi-builder-workspace/.swiftpm/xcode
builtin-SwiftPerFileCompile DeferredPublisher+Operators.swift
SwiftCompile normal arm64 /Users/admin/builder/spi-builder-workspace/.dependencies/checkouts/CombineEx/Sources/DeferredPublisher/DeferredPublisher.swift (in target 'CombineEx' from project 'CombineEx')
cd /Users/admin/builder/spi-builder-workspace/.swiftpm/xcode
builtin-SwiftPerFileCompile DeferredPublisher.swift
SwiftCompile normal arm64 /Users/admin/builder/spi-builder-workspace/.dependencies/checkouts/CombineEx/Sources/Exports.swift (in target 'CombineEx' from project 'CombineEx')
cd /Users/admin/builder/spi-builder-workspace/.swiftpm/xcode
builtin-SwiftPerFileCompile Exports.swift
SwiftCompile normal arm64 Compiling\ MapOptional.swift,\ MapVoid.swift,\ Pipe.swift,\ PrependDynamic.swift /Users/admin/builder/spi-builder-workspace/.dependencies/checkouts/CombineEx/Sources/NewOperators/MapOptional.swift /Users/admin/builder/spi-builder-workspace/.dependencies/checkouts/CombineEx/Sources/NewOperators/MapVoid.swift /Users/admin/builder/spi-builder-workspace/.dependencies/checkouts/CombineEx/Sources/NewOperators/Pipe.swift /Users/admin/builder/spi-builder-workspace/.dependencies/checkouts/CombineEx/Sources/NewOperators/PrependDynamic.swift (in target 'CombineEx' from project 'CombineEx')
SwiftCompile normal arm64 /Users/admin/builder/spi-builder-workspace/.dependencies/checkouts/CombineEx/Sources/NewOperators/MapOptional.swift (in target 'CombineEx' from project 'CombineEx')
cd /Users/admin/builder/spi-builder-workspace/.swiftpm/xcode
builtin-SwiftPerFileCompile MapOptional.swift
SwiftCompile normal arm64 /Users/admin/builder/spi-builder-workspace/.dependencies/checkouts/CombineEx/Sources/NewOperators/MapVoid.swift (in target 'CombineEx' from project 'CombineEx')
cd /Users/admin/builder/spi-builder-workspace/.swiftpm/xcode
builtin-SwiftPerFileCompile MapVoid.swift
SwiftCompile normal arm64 /Users/admin/builder/spi-builder-workspace/.dependencies/checkouts/CombineEx/Sources/NewOperators/Pipe.swift (in target 'CombineEx' from project 'CombineEx')
cd /Users/admin/builder/spi-builder-workspace/.swiftpm/xcode
builtin-SwiftPerFileCompile Pipe.swift
SwiftCompile normal arm64 /Users/admin/builder/spi-builder-workspace/.dependencies/checkouts/CombineEx/Sources/NewOperators/PrependDynamic.swift (in target 'CombineEx' from project 'CombineEx')
cd /Users/admin/builder/spi-builder-workspace/.swiftpm/xcode
builtin-SwiftPerFileCompile PrependDynamic.swift
SwiftDriverJobDiscovery normal arm64_32 Compiling FlatMapLatest.swift, IgnoreFailure.swift, JustFailEmpty.swift, MapOnMainActor.swift (in target 'CombineEx' from project 'CombineEx')
SwiftCompile normal arm64 Compiling\ Action.swift,\ ActionTrigger.swift,\ BindTarget.swift,\ KvoProperty.swift,\ SinkProviding.swift /Users/admin/builder/spi-builder-workspace/.dependencies/checkouts/CombineEx/Sources/Action/Action.swift /Users/admin/builder/spi-builder-workspace/.dependencies/checkouts/CombineEx/Sources/Action/ActionTrigger.swift /Users/admin/builder/spi-builder-workspace/.dependencies/checkouts/CombineEx/Sources/Cocoa/BindTarget.swift /Users/admin/builder/spi-builder-workspace/.dependencies/checkouts/CombineEx/Sources/Cocoa/KvoProperty.swift /Users/admin/builder/spi-builder-workspace/.dependencies/checkouts/CombineEx/Sources/Cocoa/SinkProviding.swift (in target 'CombineEx' from project 'CombineEx')
SwiftCompile normal arm64 /Users/admin/builder/spi-builder-workspace/.dependencies/checkouts/CombineEx/Sources/Action/Action.swift (in target 'CombineEx' from project 'CombineEx')
cd /Users/admin/builder/spi-builder-workspace/.swiftpm/xcode
builtin-SwiftPerFileCompile Action.swift
SwiftCompile normal arm64 /Users/admin/builder/spi-builder-workspace/.dependencies/checkouts/CombineEx/Sources/Action/ActionTrigger.swift (in target 'CombineEx' from project 'CombineEx')
cd /Users/admin/builder/spi-builder-workspace/.swiftpm/xcode
builtin-SwiftPerFileCompile ActionTrigger.swift
SwiftCompile normal arm64 /Users/admin/builder/spi-builder-workspace/.dependencies/checkouts/CombineEx/Sources/Cocoa/BindTarget.swift (in target 'CombineEx' from project 'CombineEx')
cd /Users/admin/builder/spi-builder-workspace/.swiftpm/xcode
builtin-SwiftPerFileCompile BindTarget.swift
SwiftCompile normal arm64 /Users/admin/builder/spi-builder-workspace/.dependencies/checkouts/CombineEx/Sources/Cocoa/KvoProperty.swift (in target 'CombineEx' from project 'CombineEx')
cd /Users/admin/builder/spi-builder-workspace/.swiftpm/xcode
builtin-SwiftPerFileCompile KvoProperty.swift
SwiftCompile normal arm64 /Users/admin/builder/spi-builder-workspace/.dependencies/checkouts/CombineEx/Sources/Cocoa/SinkProviding.swift (in target 'CombineEx' from project 'CombineEx')
cd /Users/admin/builder/spi-builder-workspace/.swiftpm/xcode
builtin-SwiftPerFileCompile SinkProviding.swift
SwiftCompile normal arm64 Compiling\ Aggregation+DeferredFuture.swift,\ Aggregation+DeferredPublisher.swift,\ Aggregation+Publisher.swift,\ Aggregation.swift,\ AsyncFuture.swift /Users/admin/builder/spi-builder-workspace/.dependencies/checkouts/CombineEx/Sources/NewOperators/Aggregation+DeferredFuture.swift /Users/admin/builder/spi-builder-workspace/.dependencies/checkouts/CombineEx/Sources/NewOperators/Aggregation+DeferredPublisher.swift /Users/admin/builder/spi-builder-workspace/.dependencies/checkouts/CombineEx/Sources/NewOperators/Aggregation+Publisher.swift /Users/admin/builder/spi-builder-workspace/.dependencies/checkouts/CombineEx/Sources/NewOperators/Aggregation.swift /Users/admin/builder/spi-builder-workspace/.dependencies/checkouts/CombineEx/Sources/NewOperators/AsyncFuture.swift (in target 'CombineEx' from project 'CombineEx')
SwiftCompile normal arm64 /Users/admin/builder/spi-builder-workspace/.dependencies/checkouts/CombineEx/Sources/NewOperators/Aggregation+DeferredFuture.swift (in target 'CombineEx' from project 'CombineEx')
cd /Users/admin/builder/spi-builder-workspace/.swiftpm/xcode
builtin-SwiftPerFileCompile Aggregation+DeferredFuture.swift
SwiftCompile normal arm64 /Users/admin/builder/spi-builder-workspace/.dependencies/checkouts/CombineEx/Sources/NewOperators/Aggregation+DeferredPublisher.swift (in target 'CombineEx' from project 'CombineEx')
cd /Users/admin/builder/spi-builder-workspace/.swiftpm/xcode
builtin-SwiftPerFileCompile Aggregation+DeferredPublisher.swift
SwiftCompile normal arm64 /Users/admin/builder/spi-builder-workspace/.dependencies/checkouts/CombineEx/Sources/NewOperators/Aggregation+Publisher.swift (in target 'CombineEx' from project 'CombineEx')
cd /Users/admin/builder/spi-builder-workspace/.swiftpm/xcode
builtin-SwiftPerFileCompile Aggregation+Publisher.swift
SwiftCompile normal arm64 /Users/admin/builder/spi-builder-workspace/.dependencies/checkouts/CombineEx/Sources/NewOperators/Aggregation.swift (in target 'CombineEx' from project 'CombineEx')
cd /Users/admin/builder/spi-builder-workspace/.swiftpm/xcode
builtin-SwiftPerFileCompile Aggregation.swift
SwiftCompile normal arm64 /Users/admin/builder/spi-builder-workspace/.dependencies/checkouts/CombineEx/Sources/NewOperators/AsyncFuture.swift (in target 'CombineEx' from project 'CombineEx')
cd /Users/admin/builder/spi-builder-workspace/.swiftpm/xcode
builtin-SwiftPerFileCompile AsyncFuture.swift
SwiftDriverJobDiscovery normal arm64_32 Compiling MapOptional.swift, MapVoid.swift, Pipe.swift, PrependDynamic.swift (in target 'CombineEx' from project 'CombineEx')
SwiftDriverJobDiscovery normal arm64_32 Compiling PromoteFailure.swift, PropertyMap.swift, ReplaySubject.swift, SendableOverloads.swift (in target 'CombineEx' from project 'CombineEx')
SwiftCompile normal arm64 Compiling\ DeferredFutureDemuxer.swift,\ DemoteFailure.swift,\ EventHandling.swift,\ EventHandlingMainActor.swift,\ FilterProperty.swift /Users/admin/builder/spi-builder-workspace/.dependencies/checkouts/CombineEx/Sources/NewOperators/DeferredFutureDemuxer.swift /Users/admin/builder/spi-builder-workspace/.dependencies/checkouts/CombineEx/Sources/NewOperators/DemoteFailure.swift /Users/admin/builder/spi-builder-workspace/.dependencies/checkouts/CombineEx/Sources/NewOperators/EventHandling.swift /Users/admin/builder/spi-builder-workspace/.dependencies/checkouts/CombineEx/Sources/NewOperators/EventHandlingMainActor.swift /Users/admin/builder/spi-builder-workspace/.dependencies/checkouts/CombineEx/Sources/NewOperators/FilterProperty.swift (in target 'CombineEx' from project 'CombineEx')
SwiftCompile normal arm64 /Users/admin/builder/spi-builder-workspace/.dependencies/checkouts/CombineEx/Sources/NewOperators/DeferredFutureDemuxer.swift (in target 'CombineEx' from project 'CombineEx')
cd /Users/admin/builder/spi-builder-workspace/.swiftpm/xcode
builtin-SwiftPerFileCompile DeferredFutureDemuxer.swift
SwiftCompile normal arm64 /Users/admin/builder/spi-builder-workspace/.dependencies/checkouts/CombineEx/Sources/NewOperators/DemoteFailure.swift (in target 'CombineEx' from project 'CombineEx')
cd /Users/admin/builder/spi-builder-workspace/.swiftpm/xcode
builtin-SwiftPerFileCompile DemoteFailure.swift
SwiftCompile normal arm64 /Users/admin/builder/spi-builder-workspace/.dependencies/checkouts/CombineEx/Sources/NewOperators/EventHandling.swift (in target 'CombineEx' from project 'CombineEx')
cd /Users/admin/builder/spi-builder-workspace/.swiftpm/xcode
builtin-SwiftPerFileCompile EventHandling.swift
SwiftCompile normal arm64 /Users/admin/builder/spi-builder-workspace/.dependencies/checkouts/CombineEx/Sources/NewOperators/EventHandlingMainActor.swift (in target 'CombineEx' from project 'CombineEx')
cd /Users/admin/builder/spi-builder-workspace/.swiftpm/xcode
builtin-SwiftPerFileCompile EventHandlingMainActor.swift
SwiftCompile normal arm64 /Users/admin/builder/spi-builder-workspace/.dependencies/checkouts/CombineEx/Sources/NewOperators/FilterProperty.swift (in target 'CombineEx' from project 'CombineEx')
cd /Users/admin/builder/spi-builder-workspace/.swiftpm/xcode
builtin-SwiftPerFileCompile FilterProperty.swift
SwiftDriverJobDiscovery normal arm64_32 Compiling DeferredFutureDemuxer.swift, DemoteFailure.swift, EventHandling.swift, EventHandlingMainActor.swift, FilterProperty.swift (in target 'CombineEx' from project 'CombineEx')
SwiftCompile normal arm64 Compiling\ Sink.swift,\ MutableProperty.swift,\ PersistentProperty.swift,\ Property.swift /Users/admin/builder/spi-builder-workspace/.dependencies/checkouts/CombineEx/Sources/NewOperators/Sink.swift /Users/admin/builder/spi-builder-workspace/.dependencies/checkouts/CombineEx/Sources/Property/MutableProperty.swift /Users/admin/builder/spi-builder-workspace/.dependencies/checkouts/CombineEx/Sources/Property/PersistentProperty.swift /Users/admin/builder/spi-builder-workspace/.dependencies/checkouts/CombineEx/Sources/Property/Property.swift (in target 'CombineEx' from project 'CombineEx')
SwiftCompile normal arm64 /Users/admin/builder/spi-builder-workspace/.dependencies/checkouts/CombineEx/Sources/NewOperators/Sink.swift (in target 'CombineEx' from project 'CombineEx')
cd /Users/admin/builder/spi-builder-workspace/.swiftpm/xcode
builtin-SwiftPerFileCompile Sink.swift
SwiftCompile normal arm64 /Users/admin/builder/spi-builder-workspace/.dependencies/checkouts/CombineEx/Sources/Property/MutableProperty.swift (in target 'CombineEx' from project 'CombineEx')
cd /Users/admin/builder/spi-builder-workspace/.swiftpm/xcode
builtin-SwiftPerFileCompile MutableProperty.swift
SwiftCompile normal arm64 /Users/admin/builder/spi-builder-workspace/.dependencies/checkouts/CombineEx/Sources/Property/PersistentProperty.swift (in target 'CombineEx' from project 'CombineEx')
cd /Users/admin/builder/spi-builder-workspace/.swiftpm/xcode
builtin-SwiftPerFileCompile PersistentProperty.swift
SwiftCompile normal arm64 /Users/admin/builder/spi-builder-workspace/.dependencies/checkouts/CombineEx/Sources/Property/Property.swift (in target 'CombineEx' from project 'CombineEx')
cd /Users/admin/builder/spi-builder-workspace/.swiftpm/xcode
builtin-SwiftPerFileCompile Property.swift
SwiftDriverJobDiscovery normal arm64_32 Compiling AttemptMap.swift, CombinePrevious.swift, CompleteAfter.swift, CompositeError.swift, Custom.swift (in target 'CombineEx' from project 'CombineEx')
SwiftCompile normal arm64 Compiling\ PromoteFailure.swift,\ PropertyMap.swift,\ ReplaySubject.swift,\ SendableOverloads.swift /Users/admin/builder/spi-builder-workspace/.dependencies/checkouts/CombineEx/Sources/NewOperators/PromoteFailure.swift /Users/admin/builder/spi-builder-workspace/.dependencies/checkouts/CombineEx/Sources/NewOperators/PropertyMap.swift /Users/admin/builder/spi-builder-workspace/.dependencies/checkouts/CombineEx/Sources/NewOperators/ReplaySubject.swift /Users/admin/builder/spi-builder-workspace/.dependencies/checkouts/CombineEx/Sources/NewOperators/SendableOverloads.swift (in target 'CombineEx' from project 'CombineEx')
SwiftCompile normal arm64 /Users/admin/builder/spi-builder-workspace/.dependencies/checkouts/CombineEx/Sources/NewOperators/PromoteFailure.swift (in target 'CombineEx' from project 'CombineEx')
cd /Users/admin/builder/spi-builder-workspace/.swiftpm/xcode
builtin-SwiftPerFileCompile PromoteFailure.swift
SwiftCompile normal arm64 /Users/admin/builder/spi-builder-workspace/.dependencies/checkouts/CombineEx/Sources/NewOperators/PropertyMap.swift (in target 'CombineEx' from project 'CombineEx')
cd /Users/admin/builder/spi-builder-workspace/.swiftpm/xcode
builtin-SwiftPerFileCompile PropertyMap.swift
SwiftCompile normal arm64 /Users/admin/builder/spi-builder-workspace/.dependencies/checkouts/CombineEx/Sources/NewOperators/ReplaySubject.swift (in target 'CombineEx' from project 'CombineEx')
cd /Users/admin/builder/spi-builder-workspace/.swiftpm/xcode
builtin-SwiftPerFileCompile ReplaySubject.swift
SwiftCompile normal arm64 /Users/admin/builder/spi-builder-workspace/.dependencies/checkouts/CombineEx/Sources/NewOperators/SendableOverloads.swift (in target 'CombineEx' from project 'CombineEx')
cd /Users/admin/builder/spi-builder-workspace/.swiftpm/xcode
builtin-SwiftPerFileCompile SendableOverloads.swift
SwiftDriverJobDiscovery normal arm64_32 Compiling DeferredFuture+Operators.swift, DeferredFuture.swift, DeferredPublisher+Operators.swift, DeferredPublisher.swift, Exports.swift (in target 'CombineEx' from project 'CombineEx')
SwiftDriverJobDiscovery normal arm64_32 Compiling Aggregation+DeferredFuture.swift, Aggregation+DeferredPublisher.swift, Aggregation+Publisher.swift, Aggregation.swift, AsyncFuture.swift (in target 'CombineEx' from project 'CombineEx')
SwiftCompile normal arm64 Compiling\ FlatMapLatest.swift,\ IgnoreFailure.swift,\ JustFailEmpty.swift,\ MapOnMainActor.swift /Users/admin/builder/spi-builder-workspace/.dependencies/checkouts/CombineEx/Sources/NewOperators/FlatMapLatest.swift /Users/admin/builder/spi-builder-workspace/.dependencies/checkouts/CombineEx/Sources/NewOperators/IgnoreFailure.swift /Users/admin/builder/spi-builder-workspace/.dependencies/checkouts/CombineEx/Sources/NewOperators/JustFailEmpty.swift /Users/admin/builder/spi-builder-workspace/.dependencies/checkouts/CombineEx/Sources/NewOperators/MapOnMainActor.swift (in target 'CombineEx' from project 'CombineEx')
SwiftCompile normal arm64 /Users/admin/builder/spi-builder-workspace/.dependencies/checkouts/CombineEx/Sources/NewOperators/FlatMapLatest.swift (in target 'CombineEx' from project 'CombineEx')
cd /Users/admin/builder/spi-builder-workspace/.swiftpm/xcode
builtin-SwiftPerFileCompile FlatMapLatest.swift
SwiftCompile normal arm64 /Users/admin/builder/spi-builder-workspace/.dependencies/checkouts/CombineEx/Sources/NewOperators/IgnoreFailure.swift (in target 'CombineEx' from project 'CombineEx')
cd /Users/admin/builder/spi-builder-workspace/.swiftpm/xcode
builtin-SwiftPerFileCompile IgnoreFailure.swift
SwiftCompile normal arm64 /Users/admin/builder/spi-builder-workspace/.dependencies/checkouts/CombineEx/Sources/NewOperators/JustFailEmpty.swift (in target 'CombineEx' from project 'CombineEx')
cd /Users/admin/builder/spi-builder-workspace/.swiftpm/xcode
builtin-SwiftPerFileCompile JustFailEmpty.swift
SwiftCompile normal arm64 /Users/admin/builder/spi-builder-workspace/.dependencies/checkouts/CombineEx/Sources/NewOperators/MapOnMainActor.swift (in target 'CombineEx' from project 'CombineEx')
cd /Users/admin/builder/spi-builder-workspace/.swiftpm/xcode
builtin-SwiftPerFileCompile MapOnMainActor.swift
SwiftDriverJobDiscovery normal arm64 Compiling FlatMapLatest.swift, IgnoreFailure.swift, JustFailEmpty.swift, MapOnMainActor.swift (in target 'CombineEx' from project 'CombineEx')
SwiftCompile normal arm64 Compiling\ PropertyProtocol+Operators.swift,\ UIProperty.swift,\ Publisher+SchedulerExtensions.swift,\ UIScheduler.swift /Users/admin/builder/spi-builder-workspace/.dependencies/checkouts/CombineEx/Sources/Property/PropertyProtocol+Operators.swift /Users/admin/builder/spi-builder-workspace/.dependencies/checkouts/CombineEx/Sources/Property/UIProperty.swift /Users/admin/builder/spi-builder-workspace/.dependencies/checkouts/CombineEx/Sources/Schedulers/Publisher+SchedulerExtensions.swift /Users/admin/builder/spi-builder-workspace/.dependencies/checkouts/CombineEx/Sources/Schedulers/UIScheduler.swift (in target 'CombineEx' from project 'CombineEx')
SwiftCompile normal arm64 /Users/admin/builder/spi-builder-workspace/.dependencies/checkouts/CombineEx/Sources/Property/PropertyProtocol+Operators.swift (in target 'CombineEx' from project 'CombineEx')
cd /Users/admin/builder/spi-builder-workspace/.swiftpm/xcode
builtin-SwiftPerFileCompile PropertyProtocol+Operators.swift
SwiftCompile normal arm64 /Users/admin/builder/spi-builder-workspace/.dependencies/checkouts/CombineEx/Sources/Property/UIProperty.swift (in target 'CombineEx' from project 'CombineEx')
cd /Users/admin/builder/spi-builder-workspace/.swiftpm/xcode
builtin-SwiftPerFileCompile UIProperty.swift
SwiftCompile normal arm64 /Users/admin/builder/spi-builder-workspace/.dependencies/checkouts/CombineEx/Sources/Schedulers/Publisher+SchedulerExtensions.swift (in target 'CombineEx' from project 'CombineEx')
cd /Users/admin/builder/spi-builder-workspace/.swiftpm/xcode
builtin-SwiftPerFileCompile Publisher+SchedulerExtensions.swift
SwiftCompile normal arm64 /Users/admin/builder/spi-builder-workspace/.dependencies/checkouts/CombineEx/Sources/Schedulers/UIScheduler.swift (in target 'CombineEx' from project 'CombineEx')
cd /Users/admin/builder/spi-builder-workspace/.swiftpm/xcode
builtin-SwiftPerFileCompile UIScheduler.swift
SwiftCompile normal arm64 Compiling\ AttemptMap.swift,\ CombinePrevious.swift,\ CompleteAfter.swift,\ CompositeError.swift,\ Custom.swift /Users/admin/builder/spi-builder-workspace/.dependencies/checkouts/CombineEx/Sources/NewOperators/AttemptMap.swift /Users/admin/builder/spi-builder-workspace/.dependencies/checkouts/CombineEx/Sources/NewOperators/CombinePrevious.swift /Users/admin/builder/spi-builder-workspace/.dependencies/checkouts/CombineEx/Sources/NewOperators/CompleteAfter.swift /Users/admin/builder/spi-builder-workspace/.dependencies/checkouts/CombineEx/Sources/NewOperators/CompositeError.swift /Users/admin/builder/spi-builder-workspace/.dependencies/checkouts/CombineEx/Sources/NewOperators/Custom.swift (in target 'CombineEx' from project 'CombineEx')
SwiftCompile normal arm64 /Users/admin/builder/spi-builder-workspace/.dependencies/checkouts/CombineEx/Sources/NewOperators/AttemptMap.swift (in target 'CombineEx' from project 'CombineEx')
cd /Users/admin/builder/spi-builder-workspace/.swiftpm/xcode
builtin-SwiftPerFileCompile AttemptMap.swift
SwiftCompile normal arm64 /Users/admin/builder/spi-builder-workspace/.dependencies/checkouts/CombineEx/Sources/NewOperators/CombinePrevious.swift (in target 'CombineEx' from project 'CombineEx')
cd /Users/admin/builder/spi-builder-workspace/.swiftpm/xcode
builtin-SwiftPerFileCompile CombinePrevious.swift
SwiftCompile normal arm64 /Users/admin/builder/spi-builder-workspace/.dependencies/checkouts/CombineEx/Sources/NewOperators/CompleteAfter.swift (in target 'CombineEx' from project 'CombineEx')
cd /Users/admin/builder/spi-builder-workspace/.swiftpm/xcode
builtin-SwiftPerFileCompile CompleteAfter.swift
SwiftCompile normal arm64 /Users/admin/builder/spi-builder-workspace/.dependencies/checkouts/CombineEx/Sources/NewOperators/CompositeError.swift (in target 'CombineEx' from project 'CombineEx')
cd /Users/admin/builder/spi-builder-workspace/.swiftpm/xcode
builtin-SwiftPerFileCompile CompositeError.swift
SwiftCompile normal arm64 /Users/admin/builder/spi-builder-workspace/.dependencies/checkouts/CombineEx/Sources/NewOperators/Custom.swift (in target 'CombineEx' from project 'CombineEx')
cd /Users/admin/builder/spi-builder-workspace/.swiftpm/xcode
builtin-SwiftPerFileCompile Custom.swift
SwiftCompile normal arm64_32 Compiling\ Sink.swift,\ MutableProperty.swift,\ PersistentProperty.swift,\ Property.swift /Users/admin/builder/spi-builder-workspace/.dependencies/checkouts/CombineEx/Sources/NewOperators/Sink.swift /Users/admin/builder/spi-builder-workspace/.dependencies/checkouts/CombineEx/Sources/Property/MutableProperty.swift /Users/admin/builder/spi-builder-workspace/.dependencies/checkouts/CombineEx/Sources/Property/PersistentProperty.swift /Users/admin/builder/spi-builder-workspace/.dependencies/checkouts/CombineEx/Sources/Property/Property.swift (in target 'CombineEx' from project 'CombineEx')
SwiftCompile normal arm64_32 /Users/admin/builder/spi-builder-workspace/.dependencies/checkouts/CombineEx/Sources/NewOperators/Sink.swift (in target 'CombineEx' from project 'CombineEx')
cd /Users/admin/builder/spi-builder-workspace/.swiftpm/xcode
builtin-SwiftPerFileCompile Sink.swift
SwiftCompile normal arm64_32 /Users/admin/builder/spi-builder-workspace/.dependencies/checkouts/CombineEx/Sources/Property/MutableProperty.swift (in target 'CombineEx' from project 'CombineEx')
cd /Users/admin/builder/spi-builder-workspace/.swiftpm/xcode
builtin-SwiftPerFileCompile MutableProperty.swift
SwiftCompile normal arm64_32 /Users/admin/builder/spi-builder-workspace/.dependencies/checkouts/CombineEx/Sources/Property/PersistentProperty.swift (in target 'CombineEx' from project 'CombineEx')
cd /Users/admin/builder/spi-builder-workspace/.swiftpm/xcode
builtin-SwiftPerFileCompile PersistentProperty.swift
SwiftCompile normal arm64_32 /Users/admin/builder/spi-builder-workspace/.dependencies/checkouts/CombineEx/Sources/Property/Property.swift (in target 'CombineEx' from project 'CombineEx')
cd /Users/admin/builder/spi-builder-workspace/.swiftpm/xcode
builtin-SwiftPerFileCompile Property.swift
SwiftDriverJobDiscovery normal arm64 Compiling MapOptional.swift, MapVoid.swift, Pipe.swift, PrependDynamic.swift (in target 'CombineEx' from project 'CombineEx')
SwiftDriverJobDiscovery normal arm64 Compiling PromoteFailure.swift, PropertyMap.swift, ReplaySubject.swift, SendableOverloads.swift (in target 'CombineEx' from project 'CombineEx')
SwiftDriverJobDiscovery normal arm64 Compiling DeferredFutureDemuxer.swift, DemoteFailure.swift, EventHandling.swift, EventHandlingMainActor.swift, FilterProperty.swift (in target 'CombineEx' from project 'CombineEx')
SwiftDriverJobDiscovery normal arm64 Compiling Sink.swift, MutableProperty.swift, PersistentProperty.swift, Property.swift (in target 'CombineEx' from project 'CombineEx')
SwiftDriver Mortar normal arm64_32 com.apple.xcode.tools.swift.compiler (in target 'Mortar' from project 'Mortar')
cd /Users/admin/builder/spi-builder-workspace/.swiftpm/xcode
builtin-SwiftDriver -- /Applications/Xcode-27.0.0-Release.Candidate.app/Contents/Developer/Toolchains/XcodeDefault.xctoolchain/usr/bin/swiftc -parse-as-library -module-name Mortar -Onone @/Users/admin/builder/spi-builder-workspace/.derivedData/Build/Intermediates.noindex/Mortar.build/Debug-watchos/Mortar-t.build/Objects-normal/arm64_32/Mortar.SwiftFileList -DSWIFT_PACKAGE -DDEBUG -DSWIFT_MODULE_RESOURCE_BUNDLE_UNAVAILABLE -DXcode -plugin-path /Applications/Xcode-27.0.0-Release.Candidate.app/Contents/Developer/Toolchains/XcodeDefault.xctoolchain/usr/lib/swift/host/plugins/testing -enable-experimental-feature DebugDescriptionMacro -sdk /Applications/Xcode-27.0.0-Release.Candidate.app/Contents/Developer/Platforms/WatchOS.platform/Developer/SDKs/WatchOS27.0.sdk -target arm64_32-apple-watchos10.0 -g -module-cache-path /Users/admin/builder/spi-builder-workspace/.derivedData/ModuleCache.noindex -Xfrontend -serialize-debugging-options -profile-coverage-mapping -profile-generate -enable-testing -index-store-path /Users/admin/builder/spi-builder-workspace/.derivedData/Index.noindex/DataStore -Xcc -D_LIBCPP_HARDENING_MODE\=_LIBCPP_HARDENING_MODE_DEBUG -swift-version 5 -I /Users/admin/builder/spi-builder-workspace/.derivedData/Build/Products/Debug-watchos -Isystem /Applications/Xcode-27.0.0-Release.Candidate.app/Contents/Developer/Platforms/WatchOS.platform/Developer/usr/lib -F /Users/admin/builder/spi-builder-workspace/.derivedData/Build/Products/Debug-watchos/PackageFrameworks -F /Users/admin/builder/spi-builder-workspace/.derivedData/Build/Products/Debug-watchos -F /Applications/Xcode-27.0.0-Release.Candidate.app/Contents/Developer/Platforms/WatchOS.platform/Developer/Library/Frameworks -F /Applications/Xcode-27.0.0-Release.Candidate.app/Contents/Developer/Platforms/WatchOS.platform/Developer/SDKs/WatchOS27.0.sdk/Developer/Library/Frameworks -c -j10 -enable-batch-mode -incremental -Xcc -ivfsstatcache -Xcc /Users/admin/builder/spi-builder-workspace/.derivedData/SDKStatCaches.noindex/watchos27.0-24R360-e829b21a6f8c9b70876ba0858053c04477534ef55a1706bf4c1112bbb242f0a2.sdkstatcache -output-file-map /Users/admin/builder/spi-builder-workspace/.derivedData/Build/Intermediates.noindex/Mortar.build/Debug-watchos/Mortar-t.build/Objects-normal/arm64_32/Mortar-OutputFileMap.json -save-temps -no-color-diagnostics -explicit-module-build -module-cache-path /Users/admin/builder/spi-builder-workspace/.derivedData/Build/Intermediates.noindex/SwiftExplicitPrecompiledModules -clang-scanner-module-cache-path /Users/admin/builder/spi-builder-workspace/.derivedData/ModuleCache.noindex -sdk-module-cache-path /Users/admin/builder/spi-builder-workspace/.derivedData/SDKExplicitPrecompiledModules -emit-dependencies -emit-module -emit-module-path /Users/admin/builder/spi-builder-workspace/.derivedData/Build/Intermediates.noindex/Mortar.build/Debug-watchos/Mortar-t.build/Objects-normal/arm64_32/Mortar.swiftmodule -serialize-diagnostics -dependency-scan-serialize-diagnostics-path /Users/admin/builder/spi-builder-workspace/.derivedData/Build/Intermediates.noindex/Mortar.build/Debug-watchos/Mortar-t.build/Objects-normal/arm64_32/Mortar-dependency-scan.dia -validate-clang-modules-once -clang-build-session-file /Users/admin/builder/spi-builder-workspace/.derivedData/ModuleCache.noindex/Session.modulevalidation -Xcc -fmodules-prune-interval\=86400 -Xcc -fmodules-prune-after\=345600 -package-name spi_builder_workspace -emit-const-values -const-gather-protocols-list /Users/admin/builder/spi-builder-workspace/.derivedData/Build/Intermediates.noindex/Mortar.build/Debug-watchos/Mortar-t.build/Objects-normal/arm64_32/Mortar_const_extract_protocols.json -Xcc -I/Users/admin/builder/spi-builder-workspace/.derivedData/Build/Products/Debug-watchos/include -Xcc -I/Users/admin/builder/spi-builder-workspace/.derivedData/Build/Intermediates.noindex/Mortar.build/Debug-watchos/Mortar-t.build/DerivedSources-normal/arm64_32 -Xcc -I/Users/admin/builder/spi-builder-workspace/.derivedData/Build/Intermediates.noindex/Mortar.build/Debug-watchos/Mortar-t.build/DerivedSources/arm64_32 -Xcc -I/Users/admin/builder/spi-builder-workspace/.derivedData/Build/Intermediates.noindex/Mortar.build/Debug-watchos/Mortar-t.build/DerivedSources -Xcc -DSWIFT_PACKAGE -Xcc -DDEBUG\=1 -emit-objc-header -emit-objc-header-path /Users/admin/builder/spi-builder-workspace/.derivedData/Build/Intermediates.noindex/Mortar.build/Debug-watchos/Mortar-t.build/Objects-normal/arm64_32/Mortar-Swift.h -working-directory /Users/admin/builder/spi-builder-workspace/.swiftpm/xcode -experimental-emit-module-separately -disable-cmo
error: Clang dependency scanning failure: (in target 'Mortar' from project 'Mortar')
/Users/admin/builder/spi-builder-workspace/Mortar/Exports.swift:12:19: error: Unable to resolve module dependency: 'AppKit' (in target 'Mortar' from project 'Mortar')
note: A dependency of main module 'Mortar'
/Users/admin/builder/spi-builder-workspace/Mortar/ManagedViews/ManagedViewCommon.swift:12:8: note: Also imported here
/Users/admin/builder/spi-builder-workspace/Mortar/Mortar.swift:20:8: note: Also imported here
/Users/admin/builder/spi-builder-workspace/Mortar/MortarStyle.swift:9:8: note: Also imported here
/Users/admin/builder/spi-builder-workspace/Mortar/Exports.swift:12:19: note: A dependency of main module 'Mortar'
@_exported import AppKit
^ (in target 'Mortar' from project 'Mortar')
/Users/admin/builder/spi-builder-workspace/Mortar/ManagedViews/ManagedViewCommon.swift:12:8: note: Also imported here
import AppKit
^ (in target 'Mortar' from project 'Mortar')
/Users/admin/builder/spi-builder-workspace/Mortar/Mortar.swift:20:8: note: Also imported here
import AppKit
^ (in target 'Mortar' from project 'Mortar')
/Users/admin/builder/spi-builder-workspace/Mortar/MortarStyle.swift:9:8: note: Also imported here
import AppKit
^ (in target 'Mortar' from project 'Mortar')
SwiftDriver Mortar normal arm64 com.apple.xcode.tools.swift.compiler (in target 'Mortar' from project 'Mortar')
cd /Users/admin/builder/spi-builder-workspace/.swiftpm/xcode
builtin-SwiftDriver -- /Applications/Xcode-27.0.0-Release.Candidate.app/Contents/Developer/Toolchains/XcodeDefault.xctoolchain/usr/bin/swiftc -parse-as-library -module-name Mortar -Onone @/Users/admin/builder/spi-builder-workspace/.derivedData/Build/Intermediates.noindex/Mortar.build/Debug-watchos/Mortar-t.build/Objects-normal/arm64/Mortar.SwiftFileList -DSWIFT_PACKAGE -DDEBUG -DSWIFT_MODULE_RESOURCE_BUNDLE_UNAVAILABLE -DXcode -plugin-path /Applications/Xcode-27.0.0-Release.Candidate.app/Contents/Developer/Toolchains/XcodeDefault.xctoolchain/usr/lib/swift/host/plugins/testing -enable-experimental-feature DebugDescriptionMacro -sdk /Applications/Xcode-27.0.0-Release.Candidate.app/Contents/Developer/Platforms/WatchOS.platform/Developer/SDKs/WatchOS27.0.sdk -target arm64-apple-watchos10.0 -g -module-cache-path /Users/admin/builder/spi-builder-workspace/.derivedData/ModuleCache.noindex -Xfrontend -serialize-debugging-options -profile-coverage-mapping -profile-generate -enable-testing -index-store-path /Users/admin/builder/spi-builder-workspace/.derivedData/Index.noindex/DataStore -Xcc -D_LIBCPP_HARDENING_MODE\=_LIBCPP_HARDENING_MODE_DEBUG -swift-version 5 -I /Users/admin/builder/spi-builder-workspace/.derivedData/Build/Products/Debug-watchos -Isystem /Applications/Xcode-27.0.0-Release.Candidate.app/Contents/Developer/Platforms/WatchOS.platform/Developer/usr/lib -F /Users/admin/builder/spi-builder-workspace/.derivedData/Build/Products/Debug-watchos/PackageFrameworks -F /Users/admin/builder/spi-builder-workspace/.derivedData/Build/Products/Debug-watchos -F /Applications/Xcode-27.0.0-Release.Candidate.app/Contents/Developer/Platforms/WatchOS.platform/Developer/Library/Frameworks -F /Applications/Xcode-27.0.0-Release.Candidate.app/Contents/Developer/Platforms/WatchOS.platform/Developer/SDKs/WatchOS27.0.sdk/Developer/Library/Frameworks -c -j10 -enable-batch-mode -incremental -Xcc -ivfsstatcache -Xcc /Users/admin/builder/spi-builder-workspace/.derivedData/SDKStatCaches.noindex/watchos27.0-24R360-e829b21a6f8c9b70876ba0858053c04477534ef55a1706bf4c1112bbb242f0a2.sdkstatcache -output-file-map /Users/admin/builder/spi-builder-workspace/.derivedData/Build/Intermediates.noindex/Mortar.build/Debug-watchos/Mortar-t.build/Objects-normal/arm64/Mortar-OutputFileMap.json -save-temps -no-color-diagnostics -explicit-module-build -module-cache-path /Users/admin/builder/spi-builder-workspace/.derivedData/Build/Intermediates.noindex/SwiftExplicitPrecompiledModules -clang-scanner-module-cache-path /Users/admin/builder/spi-builder-workspace/.derivedData/ModuleCache.noindex -sdk-module-cache-path /Users/admin/builder/spi-builder-workspace/.derivedData/SDKExplicitPrecompiledModules -emit-dependencies -emit-module -emit-module-path /Users/admin/builder/spi-builder-workspace/.derivedData/Build/Intermediates.noindex/Mortar.build/Debug-watchos/Mortar-t.build/Objects-normal/arm64/Mortar.swiftmodule -serialize-diagnostics -dependency-scan-serialize-diagnostics-path /Users/admin/builder/spi-builder-workspace/.derivedData/Build/Intermediates.noindex/Mortar.build/Debug-watchos/Mortar-t.build/Objects-normal/arm64/Mortar-dependency-scan.dia -validate-clang-modules-once -clang-build-session-file /Users/admin/builder/spi-builder-workspace/.derivedData/ModuleCache.noindex/Session.modulevalidation -Xcc -fmodules-prune-interval\=86400 -Xcc -fmodules-prune-after\=345600 -package-name spi_builder_workspace -emit-const-values -const-gather-protocols-list /Users/admin/builder/spi-builder-workspace/.derivedData/Build/Intermediates.noindex/Mortar.build/Debug-watchos/Mortar-t.build/Objects-normal/arm64/Mortar_const_extract_protocols.json -Xcc -I/Users/admin/builder/spi-builder-workspace/.derivedData/Build/Products/Debug-watchos/include -Xcc -I/Users/admin/builder/spi-builder-workspace/.derivedData/Build/Intermediates.noindex/Mortar.build/Debug-watchos/Mortar-t.build/DerivedSources-normal/arm64 -Xcc -I/Users/admin/builder/spi-builder-workspace/.derivedData/Build/Intermediates.noindex/Mortar.build/Debug-watchos/Mortar-t.build/DerivedSources/arm64 -Xcc -I/Users/admin/builder/spi-builder-workspace/.derivedData/Build/Intermediates.noindex/Mortar.build/Debug-watchos/Mortar-t.build/DerivedSources -Xcc -DSWIFT_PACKAGE -Xcc -DDEBUG\=1 -emit-objc-header -emit-objc-header-path /Users/admin/builder/spi-builder-workspace/.derivedData/Build/Intermediates.noindex/Mortar.build/Debug-watchos/Mortar-t.build/Objects-normal/arm64/Mortar-Swift.h -working-directory /Users/admin/builder/spi-builder-workspace/.swiftpm/xcode -experimental-emit-module-separately -disable-cmo
error: Clang dependency scanning failure: (in target 'Mortar' from project 'Mortar')
/Users/admin/builder/spi-builder-workspace/Mortar/Exports.swift:12:19: error: Unable to resolve module dependency: 'AppKit' (in target 'Mortar' from project 'Mortar')
note: A dependency of main module 'Mortar'
/Users/admin/builder/spi-builder-workspace/Mortar/ManagedViews/ManagedViewCommon.swift:12:8: note: Also imported here
/Users/admin/builder/spi-builder-workspace/Mortar/Mortar.swift:20:8: note: Also imported here
/Users/admin/builder/spi-builder-workspace/Mortar/MortarStyle.swift:9:8: note: Also imported here
/Users/admin/builder/spi-builder-workspace/Mortar/Exports.swift:12:19: note: A dependency of main module 'Mortar'
@_exported import AppKit
^ (in target 'Mortar' from project 'Mortar')
/Users/admin/builder/spi-builder-workspace/Mortar/ManagedViews/ManagedViewCommon.swift:12:8: note: Also imported here
import AppKit
^ (in target 'Mortar' from project 'Mortar')
/Users/admin/builder/spi-builder-workspace/Mortar/Mortar.swift:20:8: note: Also imported here
import AppKit
^ (in target 'Mortar' from project 'Mortar')
/Users/admin/builder/spi-builder-workspace/Mortar/MortarStyle.swift:9:8: note: Also imported here
import AppKit
^ (in target 'Mortar' from project 'Mortar')
SwiftDriverJobDiscovery normal arm64 Compiling DeferredFuture+Operators.swift, DeferredFuture.swift, DeferredPublisher+Operators.swift, DeferredPublisher.swift, Exports.swift (in target 'CombineEx' from project 'CombineEx')
SwiftDriverJobDiscovery normal arm64 Compiling Aggregation+DeferredFuture.swift, Aggregation+DeferredPublisher.swift, Aggregation+Publisher.swift, Aggregation.swift, AsyncFuture.swift (in target 'CombineEx' from project 'CombineEx')
SwiftDriverJobDiscovery normal arm64 Compiling AttemptMap.swift, CombinePrevious.swift, CompleteAfter.swift, CompositeError.swift, Custom.swift (in target 'CombineEx' from project 'CombineEx')
SwiftDriverJobDiscovery normal arm64_32 Compiling PropertyProtocol+Operators.swift, UIProperty.swift, Publisher+SchedulerExtensions.swift, UIScheduler.swift (in target 'CombineEx' from project 'CombineEx')
SwiftDriverJobDiscovery normal arm64_32 Compiling Action.swift, ActionTrigger.swift, BindTarget.swift, KvoProperty.swift, SinkProviding.swift (in target 'CombineEx' from project 'CombineEx')
PruneExplicitPrecompiledModules /Users/admin/builder/spi-builder-workspace/.derivedData/Build/Intermediates.noindex/ExplicitPrecompiledModules
PruneExplicitPrecompiledModules /Users/admin/builder/spi-builder-workspace/.derivedData/Build/Intermediates.noindex/SwiftExplicitPrecompiledModules
PruneExplicitPrecompiledModules /Users/admin/builder/spi-builder-workspace/.derivedData/SDKExplicitPrecompiledModules
2026-09-24 02:45:56.479 xcodebuild[664:4042] [MT] IDERunDestination: Supported platforms for the buildables in the current scheme is empty.
** BUILD FAILED **
The following build commands failed:
SwiftDriver Mortar normal arm64_32 com.apple.xcode.tools.swift.compiler (in target 'Mortar' from project 'Mortar')
SwiftDriver Mortar normal arm64 com.apple.xcode.tools.swift.compiler (in target 'Mortar' from project 'Mortar')
Building workspace Mortar with scheme Mortar
(3 failures)
Command line invocation:
/Applications/Xcode-27.0.0-Release.Candidate.app/Contents/Developer/usr/bin/xcodebuild -IDEClonedSourcePackagesDirPathOverride=/Users/admin/builder/spi-builder-workspace/.dependencies -resolvePackageDependencies
Resolve Package Graph
Resolved source packages:
CombineEx: https://github.com/jmfieldman/CombineEx.git @ 0.0.77
Mortar: /Users/admin/builder/spi-builder-workspace
resolved source packages: CombineEx, Mortar
2026-09-24 02:46:07.985 xcodebuild[862:5127] [MT] IDERunDestination: Supported platforms for the buildables in the current scheme is empty.
{
"dependencies" : [
{
"identity" : "combineex",
"requirement" : {
"range" : [
{
"lower_bound" : "0.0.46",
"upper_bound" : "1.0.0"
}
]
},
"type" : "sourceControl",
"url" : "https://github.com/jmfieldman/CombineEx.git"
}
],
"manifest_display_name" : "Mortar",
"name" : "Mortar",
"path" : "/Users/admin/builder/spi-builder-workspace",
"platforms" : [
{
"name" : "ios",
"version" : "17.0"
},
{
"name" : "macos",
"version" : "14.0"
},
{
"name" : "tvos",
"version" : "17.0"
}
],
"products" : [
{
"name" : "Mortar",
"targets" : [
"Mortar"
],
"type" : {
"library" : [
"automatic"
]
}
}
],
"targets" : [
{
"c99name" : "MortarTests",
"module_type" : "SwiftTarget",
"name" : "MortarTests",
"path" : "MortarTests",
"sources" : [
"MortarLayoutTests.swift",
"TestUtilities.swift"
],
"target_dependencies" : [
"Mortar"
],
"type" : "test"
},
{
"c99name" : "Mortar",
"module_type" : "SwiftTarget",
"name" : "Mortar",
"path" : "Mortar",
"product_dependencies" : [
"CombineEx"
],
"product_memberships" : [
"Mortar"
],
"sources" : [
"Exports.swift",
"LayoutGuide+MortarCoordinate.swift",
"ManagedViews/CollectionView/ManagedCollectionView.swift",
"ManagedViews/CollectionView/ManagedCollectionViewCell.swift",
"ManagedViews/CollectionView/ManagedCollectionViewHeaderFooterView.swift",
"ManagedViews/CollectionView/ManagedCollectionViewSection.swift",
"ManagedViews/ManagedViewCommon.swift",
"ManagedViews/TableView/ManagedTableView.swift",
"ManagedViews/TableView/ManagedTableViewCell.swift",
"ManagedViews/TableView/ManagedTableViewDelegation.swift",
"ManagedViews/TableView/ManagedTableViewHeaderFooterView.swift",
"ManagedViews/TableView/ManagedTableViewSection.swift",
"ManagedViews/TableView/StandardCells/StandardTableViewCell.swift",
"Mortar.swift",
"MortarAnchorProvider.swift",
"MortarAxisPriorities.swift",
"MortarCGFloatable.swift",
"MortarConstraint.swift",
"MortarConstraintGroup.swift",
"MortarCoordinate.swift",
"MortarError.swift",
"MortarGestureRecognizer.swift",
"MortarObjectAttachments.swift",
"MortarReactive.swift",
"MortarScrollView.swift",
"MortarStyle.swift",
"MortarTextDelegation.swift",
"MortarViewAliases.swift",
"Operators.swift",
"View+LayoutStack.swift",
"View+MortarCoordinate.swift",
"View+ResultBuilder.swift"
],
"type" : "library"
}
],
"tools_version" : "5.9"
}
{
"workspace" : {
"name" : "Mortar",
"schemes" : [
"Mortar"
]
}
}
2026-09-24 02:46:09.272 xcodebuild[870:5196] [MT] IDERunDestination: Supported platforms for the buildables in the current scheme is empty.
Running build ...
env DEVELOPER_DIR=/Applications/Xcode-27.0.0-Release.Candidate.app xcrun xcodebuild -IDEClonedSourcePackagesDirPathOverride=$PWD/.dependencies -skipMacroValidation -skipPackagePluginValidation -derivedDataPath $PWD/.derivedData build -scheme Mortar -destination generic/platform=watchOS
Command line invocation:
/Applications/Xcode-27.0.0-Release.Candidate.app/Contents/Developer/usr/bin/xcodebuild -IDEClonedSourcePackagesDirPathOverride=/Users/admin/builder/spi-builder-workspace/.dependencies -skipMacroValidation -skipPackagePluginValidation -derivedDataPath /Users/admin/builder/spi-builder-workspace/.derivedData build -scheme Mortar -destination generic/platform=watchOS
Resolve Package Graph
Resolved source packages:
Mortar: /Users/admin/builder/spi-builder-workspace
CombineEx: https://github.com/jmfieldman/CombineEx.git @ 0.0.77
ComputePackagePrebuildTargetDependencyGraph
Prepare packages
CreateBuildRequest
SendProjectDescription
CreateBuildOperation
ComputeTargetDependencyGraph
note: Building targets in dependency order
note: Target dependency graph (4 targets)
Target 'Mortar-product' in project 'Mortar'
➜ Explicit dependency on target 'Mortar' in project 'Mortar'
➜ Explicit dependency on target 'CombineEx-product' in project 'CombineEx'
Target 'Mortar' in project 'Mortar'
➜ Explicit dependency on target 'CombineEx-product' in project 'CombineEx'
Target 'CombineEx-product' in project 'CombineEx'
➜ Explicit dependency on target 'CombineEx' in project 'CombineEx'
Target 'CombineEx' in project 'CombineEx' (no dependencies)
GatherProvisioningInputs
CreateBuildDescription
ClangStatCache /Applications/Xcode-27.0.0-Release.Candidate.app/Contents/Developer/Toolchains/XcodeDefault.xctoolchain/usr/bin/clang-stat-cache /Applications/Xcode-27.0.0-Release.Candidate.app/Contents/Developer/Platforms/WatchOS.platform/Developer/SDKs/WatchOS27.0.sdk /Users/admin/builder/spi-builder-workspace/.derivedData/SDKStatCaches.noindex/watchos27.0-24R360-e829b21a6f8c9b70876ba0858053c04477534ef55a1706bf4c1112bbb242f0a2.sdkstatcache
cd /Users/admin/builder/spi-builder-workspace/.swiftpm/xcode
/Applications/Xcode-27.0.0-Release.Candidate.app/Contents/Developer/Toolchains/XcodeDefault.xctoolchain/usr/bin/clang-stat-cache /Applications/Xcode-27.0.0-Release.Candidate.app/Contents/Developer/Platforms/WatchOS.platform/Developer/SDKs/WatchOS27.0.sdk -o /Users/admin/builder/spi-builder-workspace/.derivedData/SDKStatCaches.noindex/watchos27.0-24R360-e829b21a6f8c9b70876ba0858053c04477534ef55a1706bf4c1112bbb242f0a2.sdkstatcache
SwiftDriver Mortar normal arm64 com.apple.xcode.tools.swift.compiler (in target 'Mortar' from project 'Mortar')
cd /Users/admin/builder/spi-builder-workspace/.swiftpm/xcode
builtin-SwiftDriver -- /Applications/Xcode-27.0.0-Release.Candidate.app/Contents/Developer/Toolchains/XcodeDefault.xctoolchain/usr/bin/swiftc -parse-as-library -module-name Mortar -Onone @/Users/admin/builder/spi-builder-workspace/.derivedData/Build/Intermediates.noindex/Mortar.build/Debug-watchos/Mortar-t.build/Objects-normal/arm64/Mortar.SwiftFileList -DSWIFT_PACKAGE -DDEBUG -DSWIFT_MODULE_RESOURCE_BUNDLE_UNAVAILABLE -DXcode -plugin-path /Applications/Xcode-27.0.0-Release.Candidate.app/Contents/Developer/Toolchains/XcodeDefault.xctoolchain/usr/lib/swift/host/plugins/testing -enable-experimental-feature DebugDescriptionMacro -sdk /Applications/Xcode-27.0.0-Release.Candidate.app/Contents/Developer/Platforms/WatchOS.platform/Developer/SDKs/WatchOS27.0.sdk -target arm64-apple-watchos10.0 -g -module-cache-path /Users/admin/builder/spi-builder-workspace/.derivedData/ModuleCache.noindex -Xfrontend -serialize-debugging-options -profile-coverage-mapping -profile-generate -enable-testing -index-store-path /Users/admin/builder/spi-builder-workspace/.derivedData/Index.noindex/DataStore -Xcc -D_LIBCPP_HARDENING_MODE\=_LIBCPP_HARDENING_MODE_DEBUG -swift-version 5 -I /Users/admin/builder/spi-builder-workspace/.derivedData/Build/Products/Debug-watchos -Isystem /Applications/Xcode-27.0.0-Release.Candidate.app/Contents/Developer/Platforms/WatchOS.platform/Developer/usr/lib -F /Users/admin/builder/spi-builder-workspace/.derivedData/Build/Products/Debug-watchos/PackageFrameworks -F /Users/admin/builder/spi-builder-workspace/.derivedData/Build/Products/Debug-watchos -F /Applications/Xcode-27.0.0-Release.Candidate.app/Contents/Developer/Platforms/WatchOS.platform/Developer/Library/Frameworks -F /Applications/Xcode-27.0.0-Release.Candidate.app/Contents/Developer/Platforms/WatchOS.platform/Developer/SDKs/WatchOS27.0.sdk/Developer/Library/Frameworks -c -j10 -enable-batch-mode -incremental -Xcc -ivfsstatcache -Xcc /Users/admin/builder/spi-builder-workspace/.derivedData/SDKStatCaches.noindex/watchos27.0-24R360-e829b21a6f8c9b70876ba0858053c04477534ef55a1706bf4c1112bbb242f0a2.sdkstatcache -output-file-map /Users/admin/builder/spi-builder-workspace/.derivedData/Build/Intermediates.noindex/Mortar.build/Debug-watchos/Mortar-t.build/Objects-normal/arm64/Mortar-OutputFileMap.json -save-temps -no-color-diagnostics -explicit-module-build -module-cache-path /Users/admin/builder/spi-builder-workspace/.derivedData/Build/Intermediates.noindex/SwiftExplicitPrecompiledModules -clang-scanner-module-cache-path /Users/admin/builder/spi-builder-workspace/.derivedData/ModuleCache.noindex -sdk-module-cache-path /Users/admin/builder/spi-builder-workspace/.derivedData/SDKExplicitPrecompiledModules -emit-dependencies -emit-module -emit-module-path /Users/admin/builder/spi-builder-workspace/.derivedData/Build/Intermediates.noindex/Mortar.build/Debug-watchos/Mortar-t.build/Objects-normal/arm64/Mortar.swiftmodule -serialize-diagnostics -dependency-scan-serialize-diagnostics-path /Users/admin/builder/spi-builder-workspace/.derivedData/Build/Intermediates.noindex/Mortar.build/Debug-watchos/Mortar-t.build/Objects-normal/arm64/Mortar-dependency-scan.dia -validate-clang-modules-once -clang-build-session-file /Users/admin/builder/spi-builder-workspace/.derivedData/ModuleCache.noindex/Session.modulevalidation -Xcc -fmodules-prune-interval\=86400 -Xcc -fmodules-prune-after\=345600 -package-name spi_builder_workspace -emit-const-values -const-gather-protocols-list /Users/admin/builder/spi-builder-workspace/.derivedData/Build/Intermediates.noindex/Mortar.build/Debug-watchos/Mortar-t.build/Objects-normal/arm64/Mortar_const_extract_protocols.json -Xcc -I/Users/admin/builder/spi-builder-workspace/.derivedData/Build/Products/Debug-watchos/include -Xcc -I/Users/admin/builder/spi-builder-workspace/.derivedData/Build/Intermediates.noindex/Mortar.build/Debug-watchos/Mortar-t.build/DerivedSources-normal/arm64 -Xcc -I/Users/admin/builder/spi-builder-workspace/.derivedData/Build/Intermediates.noindex/Mortar.build/Debug-watchos/Mortar-t.build/DerivedSources/arm64 -Xcc -I/Users/admin/builder/spi-builder-workspace/.derivedData/Build/Intermediates.noindex/Mortar.build/Debug-watchos/Mortar-t.build/DerivedSources -Xcc -DSWIFT_PACKAGE -Xcc -DDEBUG\=1 -emit-objc-header -emit-objc-header-path /Users/admin/builder/spi-builder-workspace/.derivedData/Build/Intermediates.noindex/Mortar.build/Debug-watchos/Mortar-t.build/Objects-normal/arm64/Mortar-Swift.h -working-directory /Users/admin/builder/spi-builder-workspace/.swiftpm/xcode -experimental-emit-module-separately -disable-cmo
error: Clang dependency scanning failure: (in target 'Mortar' from project 'Mortar')
/Users/admin/builder/spi-builder-workspace/Mortar/Exports.swift:12:19: error: Unable to resolve module dependency: 'AppKit' (in target 'Mortar' from project 'Mortar')
note: A dependency of main module 'Mortar'
/Users/admin/builder/spi-builder-workspace/Mortar/ManagedViews/ManagedViewCommon.swift:12:8: note: Also imported here
/Users/admin/builder/spi-builder-workspace/Mortar/Mortar.swift:20:8: note: Also imported here
/Users/admin/builder/spi-builder-workspace/Mortar/MortarStyle.swift:9:8: note: Also imported here
/Users/admin/builder/spi-builder-workspace/Mortar/Exports.swift:12:19: note: A dependency of main module 'Mortar'
@_exported import AppKit
^ (in target 'Mortar' from project 'Mortar')
/Users/admin/builder/spi-builder-workspace/Mortar/ManagedViews/ManagedViewCommon.swift:12:8: note: Also imported here
import AppKit
^ (in target 'Mortar' from project 'Mortar')
/Users/admin/builder/spi-builder-workspace/Mortar/Mortar.swift:20:8: note: Also imported here
import AppKit
^ (in target 'Mortar' from project 'Mortar')
/Users/admin/builder/spi-builder-workspace/Mortar/MortarStyle.swift:9:8: note: Also imported here
import AppKit
^ (in target 'Mortar' from project 'Mortar')
SwiftDriver CombineEx normal arm64 com.apple.xcode.tools.swift.compiler (in target 'CombineEx' from project 'CombineEx')
cd /Users/admin/builder/spi-builder-workspace/.swiftpm/xcode
builtin-SwiftDriver -- /Applications/Xcode-27.0.0-Release.Candidate.app/Contents/Developer/Toolchains/XcodeDefault.xctoolchain/usr/bin/swiftc -parse-as-library -module-name CombineEx -Onone @/Users/admin/builder/spi-builder-workspace/.derivedData/Build/Intermediates.noindex/CombineEx.build/Debug-watchos/CombineEx-t.build/Objects-normal/arm64/CombineEx.SwiftFileList -DSWIFT_PACKAGE -DDEBUG -DSWIFT_MODULE_RESOURCE_BUNDLE_UNAVAILABLE -DXcode -plugin-path /Applications/Xcode-27.0.0-Release.Candidate.app/Contents/Developer/Toolchains/XcodeDefault.xctoolchain/usr/lib/swift/host/plugins/testing -enable-experimental-feature DebugDescriptionMacro -sdk /Applications/Xcode-27.0.0-Release.Candidate.app/Contents/Developer/Platforms/WatchOS.platform/Developer/SDKs/WatchOS27.0.sdk -target arm64-apple-watchos9.0 -g -module-cache-path /Users/admin/builder/spi-builder-workspace/.derivedData/ModuleCache.noindex -Xfrontend -serialize-debugging-options -profile-coverage-mapping -profile-generate -enable-testing -suppress-warnings -index-store-path /Users/admin/builder/spi-builder-workspace/.derivedData/Index.noindex/DataStore -Xcc -D_LIBCPP_HARDENING_MODE\=_LIBCPP_HARDENING_MODE_DEBUG -swift-version 5 -I /Users/admin/builder/spi-builder-workspace/.derivedData/Build/Products/Debug-watchos -Isystem /Applications/Xcode-27.0.0-Release.Candidate.app/Contents/Developer/Platforms/WatchOS.platform/Developer/usr/lib -F /Users/admin/builder/spi-builder-workspace/.derivedData/Build/Products/Debug-watchos -F /Applications/Xcode-27.0.0-Release.Candidate.app/Contents/Developer/Platforms/WatchOS.platform/Developer/Library/Frameworks -F /Applications/Xcode-27.0.0-Release.Candidate.app/Contents/Developer/Platforms/WatchOS.platform/Developer/SDKs/WatchOS27.0.sdk/Developer/Library/Frameworks -c -j10 -enable-batch-mode -incremental -Xcc -ivfsstatcache -Xcc /Users/admin/builder/spi-builder-workspace/.derivedData/SDKStatCaches.noindex/watchos27.0-24R360-e829b21a6f8c9b70876ba0858053c04477534ef55a1706bf4c1112bbb242f0a2.sdkstatcache -output-file-map /Users/admin/builder/spi-builder-workspace/.derivedData/Build/Intermediates.noindex/CombineEx.build/Debug-watchos/CombineEx-t.build/Objects-normal/arm64/CombineEx-OutputFileMap.json -save-temps -no-color-diagnostics -explicit-module-build -module-cache-path /Users/admin/builder/spi-builder-workspace/.derivedData/Build/Intermediates.noindex/SwiftExplicitPrecompiledModules -clang-scanner-module-cache-path /Users/admin/builder/spi-builder-workspace/.derivedData/ModuleCache.noindex -sdk-module-cache-path /Users/admin/builder/spi-builder-workspace/.derivedData/SDKExplicitPrecompiledModules -emit-dependencies -emit-module -emit-module-path /Users/admin/builder/spi-builder-workspace/.derivedData/Build/Intermediates.noindex/CombineEx.build/Debug-watchos/CombineEx-t.build/Objects-normal/arm64/CombineEx.swiftmodule -serialize-diagnostics -dependency-scan-serialize-diagnostics-path /Users/admin/builder/spi-builder-workspace/.derivedData/Build/Intermediates.noindex/CombineEx.build/Debug-watchos/CombineEx-t.build/Objects-normal/arm64/CombineEx-dependency-scan.dia -validate-clang-modules-once -clang-build-session-file /Users/admin/builder/spi-builder-workspace/.derivedData/ModuleCache.noindex/Session.modulevalidation -Xcc -fmodules-prune-interval\=86400 -Xcc -fmodules-prune-after\=345600 -package-name combineex -emit-const-values -const-gather-protocols-list /Users/admin/builder/spi-builder-workspace/.derivedData/Build/Intermediates.noindex/CombineEx.build/Debug-watchos/CombineEx-t.build/Objects-normal/arm64/CombineEx_const_extract_protocols.json -Xcc -I/Users/admin/builder/spi-builder-workspace/.derivedData/Build/Products/Debug-watchos/include -Xcc -I/Users/admin/builder/spi-builder-workspace/.derivedData/Build/Intermediates.noindex/CombineEx.build/Debug-watchos/CombineEx-t.build/DerivedSources-normal/arm64 -Xcc -I/Users/admin/builder/spi-builder-workspace/.derivedData/Build/Intermediates.noindex/CombineEx.build/Debug-watchos/CombineEx-t.build/DerivedSources/arm64 -Xcc -I/Users/admin/builder/spi-builder-workspace/.derivedData/Build/Intermediates.noindex/CombineEx.build/Debug-watchos/CombineEx-t.build/DerivedSources -Xcc -DSWIFT_PACKAGE -Xcc -DDEBUG\=1 -emit-objc-header -emit-objc-header-path /Users/admin/builder/spi-builder-workspace/.derivedData/Build/Intermediates.noindex/CombineEx.build/Debug-watchos/CombineEx-t.build/Objects-normal/arm64/CombineEx-Swift.h -working-directory /Users/admin/builder/spi-builder-workspace/.swiftpm/xcode -experimental-emit-module-separately -disable-cmo
SwiftDriver CombineEx normal arm64_32 com.apple.xcode.tools.swift.compiler (in target 'CombineEx' from project 'CombineEx')
cd /Users/admin/builder/spi-builder-workspace/.swiftpm/xcode
builtin-SwiftDriver -- /Applications/Xcode-27.0.0-Release.Candidate.app/Contents/Developer/Toolchains/XcodeDefault.xctoolchain/usr/bin/swiftc -parse-as-library -module-name CombineEx -Onone @/Users/admin/builder/spi-builder-workspace/.derivedData/Build/Intermediates.noindex/CombineEx.build/Debug-watchos/CombineEx-t.build/Objects-normal/arm64_32/CombineEx.SwiftFileList -DSWIFT_PACKAGE -DDEBUG -DSWIFT_MODULE_RESOURCE_BUNDLE_UNAVAILABLE -DXcode -plugin-path /Applications/Xcode-27.0.0-Release.Candidate.app/Contents/Developer/Toolchains/XcodeDefault.xctoolchain/usr/lib/swift/host/plugins/testing -enable-experimental-feature DebugDescriptionMacro -sdk /Applications/Xcode-27.0.0-Release.Candidate.app/Contents/Developer/Platforms/WatchOS.platform/Developer/SDKs/WatchOS27.0.sdk -target arm64_32-apple-watchos9.0 -g -module-cache-path /Users/admin/builder/spi-builder-workspace/.derivedData/ModuleCache.noindex -Xfrontend -serialize-debugging-options -profile-coverage-mapping -profile-generate -enable-testing -suppress-warnings -index-store-path /Users/admin/builder/spi-builder-workspace/.derivedData/Index.noindex/DataStore -Xcc -D_LIBCPP_HARDENING_MODE\=_LIBCPP_HARDENING_MODE_DEBUG -swift-version 5 -I /Users/admin/builder/spi-builder-workspace/.derivedData/Build/Products/Debug-watchos -Isystem /Applications/Xcode-27.0.0-Release.Candidate.app/Contents/Developer/Platforms/WatchOS.platform/Developer/usr/lib -F /Users/admin/builder/spi-builder-workspace/.derivedData/Build/Products/Debug-watchos -F /Applications/Xcode-27.0.0-Release.Candidate.app/Contents/Developer/Platforms/WatchOS.platform/Developer/Library/Frameworks -F /Applications/Xcode-27.0.0-Release.Candidate.app/Contents/Developer/Platforms/WatchOS.platform/Developer/SDKs/WatchOS27.0.sdk/Developer/Library/Frameworks -c -j10 -enable-batch-mode -incremental -Xcc -ivfsstatcache -Xcc /Users/admin/builder/spi-builder-workspace/.derivedData/SDKStatCaches.noindex/watchos27.0-24R360-e829b21a6f8c9b70876ba0858053c04477534ef55a1706bf4c1112bbb242f0a2.sdkstatcache -output-file-map /Users/admin/builder/spi-builder-workspace/.derivedData/Build/Intermediates.noindex/CombineEx.build/Debug-watchos/CombineEx-t.build/Objects-normal/arm64_32/CombineEx-OutputFileMap.json -save-temps -no-color-diagnostics -explicit-module-build -module-cache-path /Users/admin/builder/spi-builder-workspace/.derivedData/Build/Intermediates.noindex/SwiftExplicitPrecompiledModules -clang-scanner-module-cache-path /Users/admin/builder/spi-builder-workspace/.derivedData/ModuleCache.noindex -sdk-module-cache-path /Users/admin/builder/spi-builder-workspace/.derivedData/SDKExplicitPrecompiledModules -emit-dependencies -emit-module -emit-module-path /Users/admin/builder/spi-builder-workspace/.derivedData/Build/Intermediates.noindex/CombineEx.build/Debug-watchos/CombineEx-t.build/Objects-normal/arm64_32/CombineEx.swiftmodule -serialize-diagnostics -dependency-scan-serialize-diagnostics-path /Users/admin/builder/spi-builder-workspace/.derivedData/Build/Intermediates.noindex/CombineEx.build/Debug-watchos/CombineEx-t.build/Objects-normal/arm64_32/CombineEx-dependency-scan.dia -validate-clang-modules-once -clang-build-session-file /Users/admin/builder/spi-builder-workspace/.derivedData/ModuleCache.noindex/Session.modulevalidation -Xcc -fmodules-prune-interval\=86400 -Xcc -fmodules-prune-after\=345600 -package-name combineex -emit-const-values -const-gather-protocols-list /Users/admin/builder/spi-builder-workspace/.derivedData/Build/Intermediates.noindex/CombineEx.build/Debug-watchos/CombineEx-t.build/Objects-normal/arm64_32/CombineEx_const_extract_protocols.json -Xcc -I/Users/admin/builder/spi-builder-workspace/.derivedData/Build/Products/Debug-watchos/include -Xcc -I/Users/admin/builder/spi-builder-workspace/.derivedData/Build/Intermediates.noindex/CombineEx.build/Debug-watchos/CombineEx-t.build/DerivedSources-normal/arm64_32 -Xcc -I/Users/admin/builder/spi-builder-workspace/.derivedData/Build/Intermediates.noindex/CombineEx.build/Debug-watchos/CombineEx-t.build/DerivedSources/arm64_32 -Xcc -I/Users/admin/builder/spi-builder-workspace/.derivedData/Build/Intermediates.noindex/CombineEx.build/Debug-watchos/CombineEx-t.build/DerivedSources -Xcc -DSWIFT_PACKAGE -Xcc -DDEBUG\=1 -emit-objc-header -emit-objc-header-path /Users/admin/builder/spi-builder-workspace/.derivedData/Build/Intermediates.noindex/CombineEx.build/Debug-watchos/CombineEx-t.build/Objects-normal/arm64_32/CombineEx-Swift.h -working-directory /Users/admin/builder/spi-builder-workspace/.swiftpm/xcode -experimental-emit-module-separately -disable-cmo
SwiftDriver Mortar normal arm64_32 com.apple.xcode.tools.swift.compiler (in target 'Mortar' from project 'Mortar')
cd /Users/admin/builder/spi-builder-workspace/.swiftpm/xcode
builtin-SwiftDriver -- /Applications/Xcode-27.0.0-Release.Candidate.app/Contents/Developer/Toolchains/XcodeDefault.xctoolchain/usr/bin/swiftc -parse-as-library -module-name Mortar -Onone @/Users/admin/builder/spi-builder-workspace/.derivedData/Build/Intermediates.noindex/Mortar.build/Debug-watchos/Mortar-t.build/Objects-normal/arm64_32/Mortar.SwiftFileList -DSWIFT_PACKAGE -DDEBUG -DSWIFT_MODULE_RESOURCE_BUNDLE_UNAVAILABLE -DXcode -plugin-path /Applications/Xcode-27.0.0-Release.Candidate.app/Contents/Developer/Toolchains/XcodeDefault.xctoolchain/usr/lib/swift/host/plugins/testing -enable-experimental-feature DebugDescriptionMacro -sdk /Applications/Xcode-27.0.0-Release.Candidate.app/Contents/Developer/Platforms/WatchOS.platform/Developer/SDKs/WatchOS27.0.sdk -target arm64_32-apple-watchos10.0 -g -module-cache-path /Users/admin/builder/spi-builder-workspace/.derivedData/ModuleCache.noindex -Xfrontend -serialize-debugging-options -profile-coverage-mapping -profile-generate -enable-testing -index-store-path /Users/admin/builder/spi-builder-workspace/.derivedData/Index.noindex/DataStore -Xcc -D_LIBCPP_HARDENING_MODE\=_LIBCPP_HARDENING_MODE_DEBUG -swift-version 5 -I /Users/admin/builder/spi-builder-workspace/.derivedData/Build/Products/Debug-watchos -Isystem /Applications/Xcode-27.0.0-Release.Candidate.app/Contents/Developer/Platforms/WatchOS.platform/Developer/usr/lib -F /Users/admin/builder/spi-builder-workspace/.derivedData/Build/Products/Debug-watchos/PackageFrameworks -F /Users/admin/builder/spi-builder-workspace/.derivedData/Build/Products/Debug-watchos -F /Applications/Xcode-27.0.0-Release.Candidate.app/Contents/Developer/Platforms/WatchOS.platform/Developer/Library/Frameworks -F /Applications/Xcode-27.0.0-Release.Candidate.app/Contents/Developer/Platforms/WatchOS.platform/Developer/SDKs/WatchOS27.0.sdk/Developer/Library/Frameworks -c -j10 -enable-batch-mode -incremental -Xcc -ivfsstatcache -Xcc /Users/admin/builder/spi-builder-workspace/.derivedData/SDKStatCaches.noindex/watchos27.0-24R360-e829b21a6f8c9b70876ba0858053c04477534ef55a1706bf4c1112bbb242f0a2.sdkstatcache -output-file-map /Users/admin/builder/spi-builder-workspace/.derivedData/Build/Intermediates.noindex/Mortar.build/Debug-watchos/Mortar-t.build/Objects-normal/arm64_32/Mortar-OutputFileMap.json -save-temps -no-color-diagnostics -explicit-module-build -module-cache-path /Users/admin/builder/spi-builder-workspace/.derivedData/Build/Intermediates.noindex/SwiftExplicitPrecompiledModules -clang-scanner-module-cache-path /Users/admin/builder/spi-builder-workspace/.derivedData/ModuleCache.noindex -sdk-module-cache-path /Users/admin/builder/spi-builder-workspace/.derivedData/SDKExplicitPrecompiledModules -emit-dependencies -emit-module -emit-module-path /Users/admin/builder/spi-builder-workspace/.derivedData/Build/Intermediates.noindex/Mortar.build/Debug-watchos/Mortar-t.build/Objects-normal/arm64_32/Mortar.swiftmodule -serialize-diagnostics -dependency-scan-serialize-diagnostics-path /Users/admin/builder/spi-builder-workspace/.derivedData/Build/Intermediates.noindex/Mortar.build/Debug-watchos/Mortar-t.build/Objects-normal/arm64_32/Mortar-dependency-scan.dia -validate-clang-modules-once -clang-build-session-file /Users/admin/builder/spi-builder-workspace/.derivedData/ModuleCache.noindex/Session.modulevalidation -Xcc -fmodules-prune-interval\=86400 -Xcc -fmodules-prune-after\=345600 -package-name spi_builder_workspace -emit-const-values -const-gather-protocols-list /Users/admin/builder/spi-builder-workspace/.derivedData/Build/Intermediates.noindex/Mortar.build/Debug-watchos/Mortar-t.build/Objects-normal/arm64_32/Mortar_const_extract_protocols.json -Xcc -I/Users/admin/builder/spi-builder-workspace/.derivedData/Build/Products/Debug-watchos/include -Xcc -I/Users/admin/builder/spi-builder-workspace/.derivedData/Build/Intermediates.noindex/Mortar.build/Debug-watchos/Mortar-t.build/DerivedSources-normal/arm64_32 -Xcc -I/Users/admin/builder/spi-builder-workspace/.derivedData/Build/Intermediates.noindex/Mortar.build/Debug-watchos/Mortar-t.build/DerivedSources/arm64_32 -Xcc -I/Users/admin/builder/spi-builder-workspace/.derivedData/Build/Intermediates.noindex/Mortar.build/Debug-watchos/Mortar-t.build/DerivedSources -Xcc -DSWIFT_PACKAGE -Xcc -DDEBUG\=1 -emit-objc-header -emit-objc-header-path /Users/admin/builder/spi-builder-workspace/.derivedData/Build/Intermediates.noindex/Mortar.build/Debug-watchos/Mortar-t.build/Objects-normal/arm64_32/Mortar-Swift.h -working-directory /Users/admin/builder/spi-builder-workspace/.swiftpm/xcode -experimental-emit-module-separately -disable-cmo
error: Clang dependency scanning failure: (in target 'Mortar' from project 'Mortar')
/Users/admin/builder/spi-builder-workspace/Mortar/Exports.swift:12:19: error: Unable to resolve module dependency: 'AppKit' (in target 'Mortar' from project 'Mortar')
note: A dependency of main module 'Mortar'
/Users/admin/builder/spi-builder-workspace/Mortar/ManagedViews/ManagedViewCommon.swift:12:8: note: Also imported here
/Users/admin/builder/spi-builder-workspace/Mortar/Mortar.swift:20:8: note: Also imported here
/Users/admin/builder/spi-builder-workspace/Mortar/MortarStyle.swift:9:8: note: Also imported here
/Users/admin/builder/spi-builder-workspace/Mortar/Exports.swift:12:19: note: A dependency of main module 'Mortar'
@_exported import AppKit
^ (in target 'Mortar' from project 'Mortar')
/Users/admin/builder/spi-builder-workspace/Mortar/ManagedViews/ManagedViewCommon.swift:12:8: note: Also imported here
import AppKit
^ (in target 'Mortar' from project 'Mortar')
/Users/admin/builder/spi-builder-workspace/Mortar/Mortar.swift:20:8: note: Also imported here
import AppKit
^ (in target 'Mortar' from project 'Mortar')
/Users/admin/builder/spi-builder-workspace/Mortar/MortarStyle.swift:9:8: note: Also imported here
import AppKit
^ (in target 'Mortar' from project 'Mortar')
PruneExplicitPrecompiledModules /Users/admin/builder/spi-builder-workspace/.derivedData/Build/Intermediates.noindex/ExplicitPrecompiledModules
PruneExplicitPrecompiledModules /Users/admin/builder/spi-builder-workspace/.derivedData/Build/Intermediates.noindex/SwiftExplicitPrecompiledModules
PruneExplicitPrecompiledModules /Users/admin/builder/spi-builder-workspace/.derivedData/SDKExplicitPrecompiledModules
2026-09-24 02:46:10.262 xcodebuild[871:5226] [MT] IDERunDestination: Supported platforms for the buildables in the current scheme is empty.
** BUILD FAILED **
The following build commands failed:
SwiftDriver Mortar normal arm64 com.apple.xcode.tools.swift.compiler (in target 'Mortar' from project 'Mortar')
SwiftDriver Mortar normal arm64_32 com.apple.xcode.tools.swift.compiler (in target 'Mortar' from project 'Mortar')
Building workspace Mortar with scheme Mortar
(3 failures)
BUILD FAILURE 6.4 watchOS