Build Information
Failed to build PerfectSessionMySQL, reference 3.2.0 (f199b2), with Swift 6.4 for watchOS using Xcode 27.0 on 16 Sep 2026 19:30:28 UTC.
Build Command
env DEVELOPER_DIR=/Applications/Xcode-27.0.0-Release.Candidate.app xcrun xcodebuild -IDEClonedSourcePackagesDirPathOverride=$PWD/.dependencies -skipMacroValidation -skipPackagePluginValidation -derivedDataPath $PWD/.derivedData build -scheme PerfectSessionMySQL -destination generic/platform=watchOSBuild Log
SwiftDriver PerfectThread normal arm64 com.apple.xcode.tools.swift.compiler (in target 'PerfectThread' from project 'PerfectThread')
cd /Users/admin/builder/spi-builder-workspace/.swiftpm/xcode
builtin-SwiftDriver -- /Applications/Xcode-27.0.0-Release.Candidate.app/Contents/Developer/Toolchains/XcodeDefault.xctoolchain/usr/bin/swiftc -parse-as-library -module-name PerfectThread -Onone @/Users/admin/builder/spi-builder-workspace/.derivedData/Build/Intermediates.noindex/PerfectThread.build/Debug-watchos/PerfectThread-t.build/Objects-normal/arm64/PerfectThread.SwiftFileList -DSWIFT_PACKAGE -DDEBUG -DSWIFT_MODULE_RESOURCE_BUNDLE_UNAVAILABLE -DXcode -plugin-path /Applications/Xcode-27.0.0-Release.Candidate.app/Contents/Developer/Toolchains/XcodeDefault.xctoolchain/usr/lib/swift/host/plugins/testing -enable-experimental-feature DebugDescriptionMacro -sdk /Applications/Xcode-27.0.0-Release.Candidate.app/Contents/Developer/Platforms/WatchOS.platform/Developer/SDKs/WatchOS27.0.sdk -target arm64-apple-watchos9.0 -g -module-cache-path /Users/admin/builder/spi-builder-workspace/.derivedData/ModuleCache.noindex -Xfrontend -serialize-debugging-options -enable-testing -suppress-warnings -index-store-path /Users/admin/builder/spi-builder-workspace/.derivedData/Index.noindex/DataStore -Xcc -D_LIBCPP_HARDENING_MODE\=_LIBCPP_HARDENING_MODE_DEBUG -swift-version 4 -I /Users/admin/builder/spi-builder-workspace/.derivedData/Build/Products/Debug-watchos -Isystem /Applications/Xcode-27.0.0-Release.Candidate.app/Contents/Developer/Platforms/WatchOS.platform/Developer/usr/lib -F /Users/admin/builder/spi-builder-workspace/.derivedData/Build/Products/Debug-watchos -F /Applications/Xcode-27.0.0-Release.Candidate.app/Contents/Developer/Platforms/WatchOS.platform/Developer/Library/Frameworks -F /Applications/Xcode-27.0.0-Release.Candidate.app/Contents/Developer/Platforms/WatchOS.platform/Developer/SDKs/WatchOS27.0.sdk/Developer/Library/Frameworks -c -j10 -enable-batch-mode -incremental -Xcc -ivfsstatcache -Xcc /Users/admin/builder/spi-builder-workspace/.derivedData/SDKStatCaches.noindex/watchos27.0-24R360-e829b21a6f8c9b70876ba0858053c04477534ef55a1706bf4c1112bbb242f0a2.sdkstatcache -output-file-map /Users/admin/builder/spi-builder-workspace/.derivedData/Build/Intermediates.noindex/PerfectThread.build/Debug-watchos/PerfectThread-t.build/Objects-normal/arm64/PerfectThread-OutputFileMap.json -save-temps -no-color-diagnostics -emit-dependencies -emit-module -emit-module-path /Users/admin/builder/spi-builder-workspace/.derivedData/Build/Intermediates.noindex/PerfectThread.build/Debug-watchos/PerfectThread-t.build/Objects-normal/arm64/PerfectThread.swiftmodule -serialize-diagnostics -validate-clang-modules-once -clang-build-session-file /Users/admin/builder/spi-builder-workspace/.derivedData/ModuleCache.noindex/Session.modulevalidation -Xcc -fmodules-prune-interval\=86400 -Xcc -fmodules-prune-after\=345600 -emit-const-values -const-gather-protocols-list /Users/admin/builder/spi-builder-workspace/.derivedData/Build/Intermediates.noindex/PerfectThread.build/Debug-watchos/PerfectThread-t.build/Objects-normal/arm64/PerfectThread_const_extract_protocols.json -Xcc -I/Users/admin/builder/spi-builder-workspace/.derivedData/Build/Products/Debug-watchos/include -Xcc -I/Users/admin/builder/spi-builder-workspace/.derivedData/Build/Intermediates.noindex/PerfectThread.build/Debug-watchos/PerfectThread-t.build/DerivedSources-normal/arm64 -Xcc -I/Users/admin/builder/spi-builder-workspace/.derivedData/Build/Intermediates.noindex/PerfectThread.build/Debug-watchos/PerfectThread-t.build/DerivedSources/arm64 -Xcc -I/Users/admin/builder/spi-builder-workspace/.derivedData/Build/Intermediates.noindex/PerfectThread.build/Debug-watchos/PerfectThread-t.build/DerivedSources -Xcc -DSWIFT_PACKAGE -Xcc -DDEBUG\=1 -emit-objc-header -emit-objc-header-path /Users/admin/builder/spi-builder-workspace/.derivedData/Build/Intermediates.noindex/PerfectThread.build/Debug-watchos/PerfectThread-t.build/Objects-normal/arm64/PerfectThread-Swift.h -working-directory /Users/admin/builder/spi-builder-workspace/.swiftpm/xcode -experimental-emit-module-separately -disable-cmo
SwiftDriver PerfectLib normal arm64 com.apple.xcode.tools.swift.compiler (in target 'PerfectLib' from project 'PerfectLib')
cd /Users/admin/builder/spi-builder-workspace/.swiftpm/xcode
builtin-SwiftDriver -- /Applications/Xcode-27.0.0-Release.Candidate.app/Contents/Developer/Toolchains/XcodeDefault.xctoolchain/usr/bin/swiftc -parse-as-library -module-name PerfectLib -Onone @/Users/admin/builder/spi-builder-workspace/.derivedData/Build/Intermediates.noindex/PerfectLib.build/Debug-watchos/PerfectLib-t.build/Objects-normal/arm64/PerfectLib.SwiftFileList -DSWIFT_PACKAGE -DDEBUG -DSWIFT_MODULE_RESOURCE_BUNDLE_UNAVAILABLE -DXcode -plugin-path /Applications/Xcode-27.0.0-Release.Candidate.app/Contents/Developer/Toolchains/XcodeDefault.xctoolchain/usr/lib/swift/host/plugins/testing -enable-experimental-feature DebugDescriptionMacro -sdk /Applications/Xcode-27.0.0-Release.Candidate.app/Contents/Developer/Platforms/WatchOS.platform/Developer/SDKs/WatchOS27.0.sdk -target arm64-apple-watchos9.0 -g -module-cache-path /Users/admin/builder/spi-builder-workspace/.derivedData/ModuleCache.noindex -Xfrontend -serialize-debugging-options -enable-testing -suppress-warnings -index-store-path /Users/admin/builder/spi-builder-workspace/.derivedData/Index.noindex/DataStore -Xcc -D_LIBCPP_HARDENING_MODE\=_LIBCPP_HARDENING_MODE_DEBUG -swift-version 4 -I /Users/admin/builder/spi-builder-workspace/.derivedData/Build/Products/Debug-watchos -Isystem /Applications/Xcode-27.0.0-Release.Candidate.app/Contents/Developer/Platforms/WatchOS.platform/Developer/usr/lib -F /Users/admin/builder/spi-builder-workspace/.derivedData/Build/Products/Debug-watchos -F /Applications/Xcode-27.0.0-Release.Candidate.app/Contents/Developer/Platforms/WatchOS.platform/Developer/Library/Frameworks -F /Applications/Xcode-27.0.0-Release.Candidate.app/Contents/Developer/Platforms/WatchOS.platform/Developer/SDKs/WatchOS27.0.sdk/Developer/Library/Frameworks -c -j10 -enable-batch-mode -incremental -Xcc -ivfsstatcache -Xcc /Users/admin/builder/spi-builder-workspace/.derivedData/SDKStatCaches.noindex/watchos27.0-24R360-e829b21a6f8c9b70876ba0858053c04477534ef55a1706bf4c1112bbb242f0a2.sdkstatcache -output-file-map /Users/admin/builder/spi-builder-workspace/.derivedData/Build/Intermediates.noindex/PerfectLib.build/Debug-watchos/PerfectLib-t.build/Objects-normal/arm64/PerfectLib-OutputFileMap.json -save-temps -no-color-diagnostics -emit-dependencies -emit-module -emit-module-path /Users/admin/builder/spi-builder-workspace/.derivedData/Build/Intermediates.noindex/PerfectLib.build/Debug-watchos/PerfectLib-t.build/Objects-normal/arm64/PerfectLib.swiftmodule -serialize-diagnostics -validate-clang-modules-once -clang-build-session-file /Users/admin/builder/spi-builder-workspace/.derivedData/ModuleCache.noindex/Session.modulevalidation -Xcc -fmodules-prune-interval\=86400 -Xcc -fmodules-prune-after\=345600 -emit-const-values -const-gather-protocols-list /Users/admin/builder/spi-builder-workspace/.derivedData/Build/Intermediates.noindex/PerfectLib.build/Debug-watchos/PerfectLib-t.build/Objects-normal/arm64/PerfectLib_const_extract_protocols.json -Xcc -I/Users/admin/builder/spi-builder-workspace/.derivedData/Build/Products/Debug-watchos/include -Xcc -I/Users/admin/builder/spi-builder-workspace/.derivedData/Build/Intermediates.noindex/PerfectLib.build/Debug-watchos/PerfectLib-t.build/DerivedSources-normal/arm64 -Xcc -I/Users/admin/builder/spi-builder-workspace/.derivedData/Build/Intermediates.noindex/PerfectLib.build/Debug-watchos/PerfectLib-t.build/DerivedSources/arm64 -Xcc -I/Users/admin/builder/spi-builder-workspace/.derivedData/Build/Intermediates.noindex/PerfectLib.build/Debug-watchos/PerfectLib-t.build/DerivedSources -Xcc -DSWIFT_PACKAGE -Xcc -DDEBUG\=1 -emit-objc-header -emit-objc-header-path /Users/admin/builder/spi-builder-workspace/.derivedData/Build/Intermediates.noindex/PerfectLib.build/Debug-watchos/PerfectLib-t.build/Objects-normal/arm64/PerfectLib-Swift.h -working-directory /Users/admin/builder/spi-builder-workspace/.swiftpm/xcode -experimental-emit-module-separately -disable-cmo
SwiftDriver PerfectLib normal arm64_32 com.apple.xcode.tools.swift.compiler (in target 'PerfectLib' from project 'PerfectLib')
cd /Users/admin/builder/spi-builder-workspace/.swiftpm/xcode
builtin-SwiftDriver -- /Applications/Xcode-27.0.0-Release.Candidate.app/Contents/Developer/Toolchains/XcodeDefault.xctoolchain/usr/bin/swiftc -parse-as-library -module-name PerfectLib -Onone @/Users/admin/builder/spi-builder-workspace/.derivedData/Build/Intermediates.noindex/PerfectLib.build/Debug-watchos/PerfectLib-t.build/Objects-normal/arm64_32/PerfectLib.SwiftFileList -DSWIFT_PACKAGE -DDEBUG -DSWIFT_MODULE_RESOURCE_BUNDLE_UNAVAILABLE -DXcode -plugin-path /Applications/Xcode-27.0.0-Release.Candidate.app/Contents/Developer/Toolchains/XcodeDefault.xctoolchain/usr/lib/swift/host/plugins/testing -enable-experimental-feature DebugDescriptionMacro -sdk /Applications/Xcode-27.0.0-Release.Candidate.app/Contents/Developer/Platforms/WatchOS.platform/Developer/SDKs/WatchOS27.0.sdk -target arm64_32-apple-watchos9.0 -g -module-cache-path /Users/admin/builder/spi-builder-workspace/.derivedData/ModuleCache.noindex -Xfrontend -serialize-debugging-options -enable-testing -suppress-warnings -index-store-path /Users/admin/builder/spi-builder-workspace/.derivedData/Index.noindex/DataStore -Xcc -D_LIBCPP_HARDENING_MODE\=_LIBCPP_HARDENING_MODE_DEBUG -swift-version 4 -I /Users/admin/builder/spi-builder-workspace/.derivedData/Build/Products/Debug-watchos -Isystem /Applications/Xcode-27.0.0-Release.Candidate.app/Contents/Developer/Platforms/WatchOS.platform/Developer/usr/lib -F /Users/admin/builder/spi-builder-workspace/.derivedData/Build/Products/Debug-watchos -F /Applications/Xcode-27.0.0-Release.Candidate.app/Contents/Developer/Platforms/WatchOS.platform/Developer/Library/Frameworks -F /Applications/Xcode-27.0.0-Release.Candidate.app/Contents/Developer/Platforms/WatchOS.platform/Developer/SDKs/WatchOS27.0.sdk/Developer/Library/Frameworks -c -j10 -enable-batch-mode -incremental -Xcc -ivfsstatcache -Xcc /Users/admin/builder/spi-builder-workspace/.derivedData/SDKStatCaches.noindex/watchos27.0-24R360-e829b21a6f8c9b70876ba0858053c04477534ef55a1706bf4c1112bbb242f0a2.sdkstatcache -output-file-map /Users/admin/builder/spi-builder-workspace/.derivedData/Build/Intermediates.noindex/PerfectLib.build/Debug-watchos/PerfectLib-t.build/Objects-normal/arm64_32/PerfectLib-OutputFileMap.json -save-temps -no-color-diagnostics -emit-dependencies -emit-module -emit-module-path /Users/admin/builder/spi-builder-workspace/.derivedData/Build/Intermediates.noindex/PerfectLib.build/Debug-watchos/PerfectLib-t.build/Objects-normal/arm64_32/PerfectLib.swiftmodule -serialize-diagnostics -validate-clang-modules-once -clang-build-session-file /Users/admin/builder/spi-builder-workspace/.derivedData/ModuleCache.noindex/Session.modulevalidation -Xcc -fmodules-prune-interval\=86400 -Xcc -fmodules-prune-after\=345600 -emit-const-values -const-gather-protocols-list /Users/admin/builder/spi-builder-workspace/.derivedData/Build/Intermediates.noindex/PerfectLib.build/Debug-watchos/PerfectLib-t.build/Objects-normal/arm64_32/PerfectLib_const_extract_protocols.json -Xcc -I/Users/admin/builder/spi-builder-workspace/.derivedData/Build/Products/Debug-watchos/include -Xcc -I/Users/admin/builder/spi-builder-workspace/.derivedData/Build/Intermediates.noindex/PerfectLib.build/Debug-watchos/PerfectLib-t.build/DerivedSources-normal/arm64_32 -Xcc -I/Users/admin/builder/spi-builder-workspace/.derivedData/Build/Intermediates.noindex/PerfectLib.build/Debug-watchos/PerfectLib-t.build/DerivedSources/arm64_32 -Xcc -I/Users/admin/builder/spi-builder-workspace/.derivedData/Build/Intermediates.noindex/PerfectLib.build/Debug-watchos/PerfectLib-t.build/DerivedSources -Xcc -DSWIFT_PACKAGE -Xcc -DDEBUG\=1 -emit-objc-header -emit-objc-header-path /Users/admin/builder/spi-builder-workspace/.derivedData/Build/Intermediates.noindex/PerfectLib.build/Debug-watchos/PerfectLib-t.build/Objects-normal/arm64_32/PerfectLib-Swift.h -working-directory /Users/admin/builder/spi-builder-workspace/.swiftpm/xcode -experimental-emit-module-separately -disable-cmo
SwiftDriver PerfectCRUD normal arm64_32 com.apple.xcode.tools.swift.compiler (in target 'PerfectCRUD' from project 'PerfectCRUD')
cd /Users/admin/builder/spi-builder-workspace/.swiftpm/xcode
builtin-SwiftDriver -- /Applications/Xcode-27.0.0-Release.Candidate.app/Contents/Developer/Toolchains/XcodeDefault.xctoolchain/usr/bin/swiftc -parse-as-library -module-name PerfectCRUD -Onone @/Users/admin/builder/spi-builder-workspace/.derivedData/Build/Intermediates.noindex/PerfectCRUD.build/Debug-watchos/PerfectCRUD-t.build/Objects-normal/arm64_32/PerfectCRUD.SwiftFileList -DSWIFT_PACKAGE -DDEBUG -DSWIFT_MODULE_RESOURCE_BUNDLE_UNAVAILABLE -DXcode -plugin-path /Applications/Xcode-27.0.0-Release.Candidate.app/Contents/Developer/Toolchains/XcodeDefault.xctoolchain/usr/lib/swift/host/plugins/testing -enable-experimental-feature DebugDescriptionMacro -sdk /Applications/Xcode-27.0.0-Release.Candidate.app/Contents/Developer/Platforms/WatchOS.platform/Developer/SDKs/WatchOS27.0.sdk -target arm64_32-apple-watchos9.0 -g -module-cache-path /Users/admin/builder/spi-builder-workspace/.derivedData/ModuleCache.noindex -Xfrontend -serialize-debugging-options -enable-testing -suppress-warnings -index-store-path /Users/admin/builder/spi-builder-workspace/.derivedData/Index.noindex/DataStore -Xcc -D_LIBCPP_HARDENING_MODE\=_LIBCPP_HARDENING_MODE_DEBUG -swift-version 4 -I /Users/admin/builder/spi-builder-workspace/.derivedData/Build/Products/Debug-watchos -Isystem /Applications/Xcode-27.0.0-Release.Candidate.app/Contents/Developer/Platforms/WatchOS.platform/Developer/usr/lib -F /Users/admin/builder/spi-builder-workspace/.derivedData/Build/Products/Debug-watchos -F /Applications/Xcode-27.0.0-Release.Candidate.app/Contents/Developer/Platforms/WatchOS.platform/Developer/Library/Frameworks -F /Applications/Xcode-27.0.0-Release.Candidate.app/Contents/Developer/Platforms/WatchOS.platform/Developer/SDKs/WatchOS27.0.sdk/Developer/Library/Frameworks -c -j10 -enable-batch-mode -incremental -Xcc -ivfsstatcache -Xcc /Users/admin/builder/spi-builder-workspace/.derivedData/SDKStatCaches.noindex/watchos27.0-24R360-e829b21a6f8c9b70876ba0858053c04477534ef55a1706bf4c1112bbb242f0a2.sdkstatcache -output-file-map /Users/admin/builder/spi-builder-workspace/.derivedData/Build/Intermediates.noindex/PerfectCRUD.build/Debug-watchos/PerfectCRUD-t.build/Objects-normal/arm64_32/PerfectCRUD-OutputFileMap.json -save-temps -no-color-diagnostics -emit-dependencies -emit-module -emit-module-path /Users/admin/builder/spi-builder-workspace/.derivedData/Build/Intermediates.noindex/PerfectCRUD.build/Debug-watchos/PerfectCRUD-t.build/Objects-normal/arm64_32/PerfectCRUD.swiftmodule -serialize-diagnostics -validate-clang-modules-once -clang-build-session-file /Users/admin/builder/spi-builder-workspace/.derivedData/ModuleCache.noindex/Session.modulevalidation -Xcc -fmodules-prune-interval\=86400 -Xcc -fmodules-prune-after\=345600 -emit-const-values -const-gather-protocols-list /Users/admin/builder/spi-builder-workspace/.derivedData/Build/Intermediates.noindex/PerfectCRUD.build/Debug-watchos/PerfectCRUD-t.build/Objects-normal/arm64_32/PerfectCRUD_const_extract_protocols.json -Xcc -I/Users/admin/builder/spi-builder-workspace/.derivedData/Build/Products/Debug-watchos/include -Xcc -I/Users/admin/builder/spi-builder-workspace/.derivedData/Build/Intermediates.noindex/PerfectCRUD.build/Debug-watchos/PerfectCRUD-t.build/DerivedSources-normal/arm64_32 -Xcc -I/Users/admin/builder/spi-builder-workspace/.derivedData/Build/Intermediates.noindex/PerfectCRUD.build/Debug-watchos/PerfectCRUD-t.build/DerivedSources/arm64_32 -Xcc -I/Users/admin/builder/spi-builder-workspace/.derivedData/Build/Intermediates.noindex/PerfectCRUD.build/Debug-watchos/PerfectCRUD-t.build/DerivedSources -Xcc -DSWIFT_PACKAGE -Xcc -DDEBUG\=1 -emit-objc-header -emit-objc-header-path /Users/admin/builder/spi-builder-workspace/.derivedData/Build/Intermediates.noindex/PerfectCRUD.build/Debug-watchos/PerfectCRUD-t.build/Objects-normal/arm64_32/PerfectCRUD-Swift.h -working-directory /Users/admin/builder/spi-builder-workspace/.swiftpm/xcode -experimental-emit-module-separately -disable-cmo
SwiftDriver PerfectCRUD normal arm64 com.apple.xcode.tools.swift.compiler (in target 'PerfectCRUD' from project 'PerfectCRUD')
cd /Users/admin/builder/spi-builder-workspace/.swiftpm/xcode
builtin-SwiftDriver -- /Applications/Xcode-27.0.0-Release.Candidate.app/Contents/Developer/Toolchains/XcodeDefault.xctoolchain/usr/bin/swiftc -parse-as-library -module-name PerfectCRUD -Onone @/Users/admin/builder/spi-builder-workspace/.derivedData/Build/Intermediates.noindex/PerfectCRUD.build/Debug-watchos/PerfectCRUD-t.build/Objects-normal/arm64/PerfectCRUD.SwiftFileList -DSWIFT_PACKAGE -DDEBUG -DSWIFT_MODULE_RESOURCE_BUNDLE_UNAVAILABLE -DXcode -plugin-path /Applications/Xcode-27.0.0-Release.Candidate.app/Contents/Developer/Toolchains/XcodeDefault.xctoolchain/usr/lib/swift/host/plugins/testing -enable-experimental-feature DebugDescriptionMacro -sdk /Applications/Xcode-27.0.0-Release.Candidate.app/Contents/Developer/Platforms/WatchOS.platform/Developer/SDKs/WatchOS27.0.sdk -target arm64-apple-watchos9.0 -g -module-cache-path /Users/admin/builder/spi-builder-workspace/.derivedData/ModuleCache.noindex -Xfrontend -serialize-debugging-options -enable-testing -suppress-warnings -index-store-path /Users/admin/builder/spi-builder-workspace/.derivedData/Index.noindex/DataStore -Xcc -D_LIBCPP_HARDENING_MODE\=_LIBCPP_HARDENING_MODE_DEBUG -swift-version 4 -I /Users/admin/builder/spi-builder-workspace/.derivedData/Build/Products/Debug-watchos -Isystem /Applications/Xcode-27.0.0-Release.Candidate.app/Contents/Developer/Platforms/WatchOS.platform/Developer/usr/lib -F /Users/admin/builder/spi-builder-workspace/.derivedData/Build/Products/Debug-watchos -F /Applications/Xcode-27.0.0-Release.Candidate.app/Contents/Developer/Platforms/WatchOS.platform/Developer/Library/Frameworks -F /Applications/Xcode-27.0.0-Release.Candidate.app/Contents/Developer/Platforms/WatchOS.platform/Developer/SDKs/WatchOS27.0.sdk/Developer/Library/Frameworks -c -j10 -enable-batch-mode -incremental -Xcc -ivfsstatcache -Xcc /Users/admin/builder/spi-builder-workspace/.derivedData/SDKStatCaches.noindex/watchos27.0-24R360-e829b21a6f8c9b70876ba0858053c04477534ef55a1706bf4c1112bbb242f0a2.sdkstatcache -output-file-map /Users/admin/builder/spi-builder-workspace/.derivedData/Build/Intermediates.noindex/PerfectCRUD.build/Debug-watchos/PerfectCRUD-t.build/Objects-normal/arm64/PerfectCRUD-OutputFileMap.json -save-temps -no-color-diagnostics -emit-dependencies -emit-module -emit-module-path /Users/admin/builder/spi-builder-workspace/.derivedData/Build/Intermediates.noindex/PerfectCRUD.build/Debug-watchos/PerfectCRUD-t.build/Objects-normal/arm64/PerfectCRUD.swiftmodule -serialize-diagnostics -validate-clang-modules-once -clang-build-session-file /Users/admin/builder/spi-builder-workspace/.derivedData/ModuleCache.noindex/Session.modulevalidation -Xcc -fmodules-prune-interval\=86400 -Xcc -fmodules-prune-after\=345600 -emit-const-values -const-gather-protocols-list /Users/admin/builder/spi-builder-workspace/.derivedData/Build/Intermediates.noindex/PerfectCRUD.build/Debug-watchos/PerfectCRUD-t.build/Objects-normal/arm64/PerfectCRUD_const_extract_protocols.json -Xcc -I/Users/admin/builder/spi-builder-workspace/.derivedData/Build/Products/Debug-watchos/include -Xcc -I/Users/admin/builder/spi-builder-workspace/.derivedData/Build/Intermediates.noindex/PerfectCRUD.build/Debug-watchos/PerfectCRUD-t.build/DerivedSources-normal/arm64 -Xcc -I/Users/admin/builder/spi-builder-workspace/.derivedData/Build/Intermediates.noindex/PerfectCRUD.build/Debug-watchos/PerfectCRUD-t.build/DerivedSources/arm64 -Xcc -I/Users/admin/builder/spi-builder-workspace/.derivedData/Build/Intermediates.noindex/PerfectCRUD.build/Debug-watchos/PerfectCRUD-t.build/DerivedSources -Xcc -DSWIFT_PACKAGE -Xcc -DDEBUG\=1 -emit-objc-header -emit-objc-header-path /Users/admin/builder/spi-builder-workspace/.derivedData/Build/Intermediates.noindex/PerfectCRUD.build/Debug-watchos/PerfectCRUD-t.build/Objects-normal/arm64/PerfectCRUD-Swift.h -working-directory /Users/admin/builder/spi-builder-workspace/.swiftpm/xcode -experimental-emit-module-separately -disable-cmo
PrecompileModule /Users/admin/builder/spi-builder-workspace/.derivedData/Build/Intermediates.noindex/ExplicitPrecompiledModules/ptrcheck-69N7XULRWVQ3Z7QOO3EM3A89F.scan
cd /
builtin-precompileModule /Users/admin/builder/spi-builder-workspace/.derivedData/Build/Intermediates.noindex/ExplicitPrecompiledModules/ptrcheck-69N7XULRWVQ3Z7QOO3EM3A89F.scan
PrecompileModule /Users/admin/builder/spi-builder-workspace/.derivedData/Build/Intermediates.noindex/ExplicitPrecompiledModules/_Builtin_float-EOHQAMFR1MUX8C8DZY4RR74MN.scan
cd /
builtin-precompileModule /Users/admin/builder/spi-builder-workspace/.derivedData/Build/Intermediates.noindex/ExplicitPrecompiledModules/_Builtin_float-EOHQAMFR1MUX8C8DZY4RR74MN.scan
PrecompileModule /Users/admin/builder/spi-builder-workspace/.derivedData/Build/Intermediates.noindex/ExplicitPrecompiledModules/_Builtin_stddef-2G16WS4KI1O8GRURG8GT0OWEX.scan
cd /
builtin-precompileModule /Users/admin/builder/spi-builder-workspace/.derivedData/Build/Intermediates.noindex/ExplicitPrecompiledModules/_Builtin_stddef-2G16WS4KI1O8GRURG8GT0OWEX.scan
PrecompileModule /Users/admin/builder/spi-builder-workspace/.derivedData/Build/Intermediates.noindex/ExplicitPrecompiledModules/_Builtin_stdarg-3FBU3SHG4221H48J15ES3MF8K.scan
cd /
builtin-precompileModule /Users/admin/builder/spi-builder-workspace/.derivedData/Build/Intermediates.noindex/ExplicitPrecompiledModules/_Builtin_stdarg-3FBU3SHG4221H48J15ES3MF8K.scan
PrecompileModule /Users/admin/builder/spi-builder-workspace/.derivedData/Build/Intermediates.noindex/ExplicitPrecompiledModules/_AvailabilityInternal-3HK0O2LNV5YUZD8JY7W3J1FYI.scan
cd /
builtin-precompileModule /Users/admin/builder/spi-builder-workspace/.derivedData/Build/Intermediates.noindex/ExplicitPrecompiledModules/_AvailabilityInternal-3HK0O2LNV5YUZD8JY7W3J1FYI.scan
ScanDependencies /Users/admin/builder/spi-builder-workspace/.derivedData/Build/Intermediates.noindex/COpenSSL.build/Debug-watchos/COpenSSL-t.build/Objects-normal/arm64_32/wp_.o /Users/admin/builder/spi-builder-workspace/.dependencies/checkouts/Perfect-COpenSSL/COpenSSL/wp_.c normal arm64_32 c com.apple.compilers.llvm.clang.1_0.compiler (in target 'COpenSSL' from project 'COpenSSL')
cd /Users/admin/builder/spi-builder-workspace/.swiftpm/xcode
Using response file: /Users/admin/builder/spi-builder-workspace/.derivedData/Build/Intermediates.noindex/COpenSSL.build/Debug-watchos/COpenSSL-t.build/Objects-normal/arm64_32/7187679823f38a2a940e0043cdf9d637-common-args.resp
builtin-ScanDependencies -o /Users/admin/builder/spi-builder-workspace/.derivedData/Build/Intermediates.noindex/COpenSSL.build/Debug-watchos/COpenSSL-t.build/Objects-normal/arm64_32/wp_.o.scan -- /Applications/Xcode-27.0.0-Release.Candidate.app/Contents/Developer/Toolchains/XcodeDefault.xctoolchain/usr/bin/clang -x c -ivfsstatcache /Users/admin/builder/spi-builder-workspace/.derivedData/SDKStatCaches.noindex/watchos27.0-24R360-e829b21a6f8c9b70876ba0858053c04477534ef55a1706bf4c1112bbb242f0a2.sdkstatcache -target arm64_32-apple-watchos9.0 -fmessage-length\=0 -fdiagnostics-show-note-include-stack -fmacro-backtrace-limit\=0 -fno-color-diagnostics -fmodules-prune-interval\=86400 -fmodules-prune-after\=345600 -fbuild-session-file\=/Users/admin/builder/spi-builder-workspace/.derivedData/ModuleCache.noindex/Session.modulevalidation -fmodules-validate-once-per-build-session -Wnon-modular-include-in-framework-module -Werror\=non-modular-include-in-framework-module -Wno-trigraphs -Wno-missing-field-initializers -Wno-missing-prototypes -Wno-return-type -Wno-missing-braces -Wparentheses -Wswitch -Wno-unused-function -Wno-unused-label -Wno-unused-parameter -Wno-unused-variable -Wunused-value -Wno-empty-body -Wno-uninitialized -Wno-unknown-pragmas -w -Wno-shadow -Wno-four-char-constants -Wno-conversion -Wno-constant-conversion -Wno-int-conversion -Wno-bool-conversion -Wno-enum-conversion -Wno-float-conversion -Wno-non-literal-null-conversion -Wno-objc-literal-conversion -Wno-shorten-64-to-32 -Wpointer-sign -Wno-newline-eof -Wno-implicit-fallthrough -isysroot /Applications/Xcode-27.0.0-Release.Candidate.app/Contents/Developer/Platforms/WatchOS.platform/Developer/SDKs/WatchOS27.0.sdk -fstrict-aliasing -Wdeprecated-declarations -Wno-sign-conversion -Wno-infinite-recursion -Wno-comma -Wno-block-capture-autoreleasing -Wno-strict-prototypes -Wno-semicolon-before-method-body -index-store-path /Users/admin/builder/spi-builder-workspace/.derivedData/Index.noindex/DataStore @/Users/admin/builder/spi-builder-workspace/.derivedData/Build/Intermediates.noindex/COpenSSL.build/Debug-watchos/COpenSSL-t.build/Objects-normal/arm64_32/7187679823f38a2a940e0043cdf9d637-common-args.resp -MMD -MT dependencies -MF /Users/admin/builder/spi-builder-workspace/.derivedData/Build/Intermediates.noindex/COpenSSL.build/Debug-watchos/COpenSSL-t.build/Objects-normal/arm64_32/wp_.d --serialize-diagnostics /Users/admin/builder/spi-builder-workspace/.derivedData/Build/Intermediates.noindex/COpenSSL.build/Debug-watchos/COpenSSL-t.build/Objects-normal/arm64_32/wp_.dia -c /Users/admin/builder/spi-builder-workspace/.dependencies/checkouts/Perfect-COpenSSL/COpenSSL/wp_.c -o /Users/admin/builder/spi-builder-workspace/.derivedData/Build/Intermediates.noindex/COpenSSL.build/Debug-watchos/COpenSSL-t.build/Objects-normal/arm64_32/wp_.o -index-unit-output-path /COpenSSL.build/Debug-watchos/COpenSSL-t.build/Objects-normal/arm64_32/wp_.o
SwiftEmitModule normal arm64_32 Emitting\ module\ for\ PerfectThread (in target 'PerfectThread' from project 'PerfectThread')
SwiftCompile normal arm64_32 (in target 'PerfectThread' from project 'PerfectThread')
cd /Users/admin/builder/spi-builder-workspace/.swiftpm/xcode
SwiftEmitModule normal arm64 Emitting\ module\ for\ PerfectThread (in target 'PerfectThread' from project 'PerfectThread')
SwiftCompile normal arm64 (in target 'PerfectThread' from project 'PerfectThread')
cd /Users/admin/builder/spi-builder-workspace/.swiftpm/xcode
SwiftCompile normal arm64 Compiling\ ThreadQueue.swift /Users/admin/builder/spi-builder-workspace/.dependencies/checkouts/Perfect-Thread/Sources/PerfectThread/ThreadQueue.swift (in target 'PerfectThread' from project 'PerfectThread')
SwiftCompile normal arm64 /Users/admin/builder/spi-builder-workspace/.dependencies/checkouts/Perfect-Thread/Sources/PerfectThread/ThreadQueue.swift (in target 'PerfectThread' from project 'PerfectThread')
cd /Users/admin/builder/spi-builder-workspace/.swiftpm/xcode
builtin-SwiftPerFileCompile ThreadQueue.swift
SwiftCompile normal arm64_32 Compiling\ ThreadQueue.swift /Users/admin/builder/spi-builder-workspace/.dependencies/checkouts/Perfect-Thread/Sources/PerfectThread/ThreadQueue.swift (in target 'PerfectThread' from project 'PerfectThread')
SwiftCompile normal arm64_32 /Users/admin/builder/spi-builder-workspace/.dependencies/checkouts/Perfect-Thread/Sources/PerfectThread/ThreadQueue.swift (in target 'PerfectThread' from project 'PerfectThread')
cd /Users/admin/builder/spi-builder-workspace/.swiftpm/xcode
builtin-SwiftPerFileCompile ThreadQueue.swift
SwiftCompile normal arm64 Compiling\ Promise.swift /Users/admin/builder/spi-builder-workspace/.dependencies/checkouts/Perfect-Thread/Sources/PerfectThread/Promise.swift (in target 'PerfectThread' from project 'PerfectThread')
SwiftCompile normal arm64 /Users/admin/builder/spi-builder-workspace/.dependencies/checkouts/Perfect-Thread/Sources/PerfectThread/Promise.swift (in target 'PerfectThread' from project 'PerfectThread')
cd /Users/admin/builder/spi-builder-workspace/.swiftpm/xcode
builtin-SwiftPerFileCompile Promise.swift
SwiftCompile normal arm64_32 Compiling\ Promise.swift /Users/admin/builder/spi-builder-workspace/.dependencies/checkouts/Perfect-Thread/Sources/PerfectThread/Promise.swift (in target 'PerfectThread' from project 'PerfectThread')
SwiftCompile normal arm64_32 /Users/admin/builder/spi-builder-workspace/.dependencies/checkouts/Perfect-Thread/Sources/PerfectThread/Promise.swift (in target 'PerfectThread' from project 'PerfectThread')
cd /Users/admin/builder/spi-builder-workspace/.swiftpm/xcode
builtin-SwiftPerFileCompile Promise.swift
SwiftCompile normal arm64_32 Compiling\ Threading.swift /Users/admin/builder/spi-builder-workspace/.dependencies/checkouts/Perfect-Thread/Sources/PerfectThread/Threading.swift (in target 'PerfectThread' from project 'PerfectThread')
SwiftCompile normal arm64_32 /Users/admin/builder/spi-builder-workspace/.dependencies/checkouts/Perfect-Thread/Sources/PerfectThread/Threading.swift (in target 'PerfectThread' from project 'PerfectThread')
cd /Users/admin/builder/spi-builder-workspace/.swiftpm/xcode
builtin-SwiftPerFileCompile Threading.swift
SwiftEmitModule normal arm64_32 Emitting\ module\ for\ PerfectLib (in target 'PerfectLib' from project 'PerfectLib')
/Users/admin/builder/spi-builder-workspace/.dependencies/checkouts/PerfectLib/Sources/PerfectLib/SysProcess.swift:102:3: error: 'posix_spawn_file_actions_init' is unavailable in watchOS
100 | var spawnRes = 0
101 | #else
102 | posix_spawn_file_actions_init(&action);
| `- error: 'posix_spawn_file_actions_init' is unavailable in watchOS
103 | posix_spawn_file_actions_adddup2(&action, fSTDOUT[1], STDOUT_FILENO);
104 | posix_spawn_file_actions_adddup2(&action, fSTDIN[0], STDIN_FILENO);
/Applications/Xcode-27.0.0-Release.Candidate.app/Contents/Developer/Platforms/WatchOS.platform/Developer/SDKs/WatchOS27.0.sdk/usr/include/spawn.h:89:9: note: 'posix_spawn_file_actions_init' has been explicitly marked unavailable here
87 | int posix_spawn_file_actions_destroy(posix_spawn_file_actions_t *) __API_AVAILABLE(macos(10.5), ios(2.0)) __API_UNAVAILABLE(watchos, tvos);
88 |
89 | int posix_spawn_file_actions_init(posix_spawn_file_actions_t *) __API_AVAILABLE(macos(10.5), ios(2.0)) __API_UNAVAILABLE(watchos, tvos);
| `- note: 'posix_spawn_file_actions_init' has been explicitly marked unavailable here
90 |
91 | int posix_spawnattr_destroy(posix_spawnattr_t *) __API_AVAILABLE(macos(10.5), ios(2.0)) __API_UNAVAILABLE(watchos, tvos);
/Users/admin/builder/spi-builder-workspace/.dependencies/checkouts/PerfectLib/Sources/PerfectLib/SysProcess.swift:103:3: error: 'posix_spawn_file_actions_adddup2' is unavailable in watchOS
101 | #else
102 | posix_spawn_file_actions_init(&action);
103 | posix_spawn_file_actions_adddup2(&action, fSTDOUT[1], STDOUT_FILENO);
| `- error: 'posix_spawn_file_actions_adddup2' is unavailable in watchOS
104 | posix_spawn_file_actions_adddup2(&action, fSTDIN[0], STDIN_FILENO);
105 | posix_spawn_file_actions_adddup2(&action, fSTDERR[1], STDERR_FILENO);
/Applications/Xcode-27.0.0-Release.Candidate.app/Contents/Developer/Platforms/WatchOS.platform/Developer/SDKs/WatchOS27.0.sdk/usr/include/spawn.h:80:9: note: 'posix_spawn_file_actions_adddup2' has been explicitly marked unavailable here
78 | int posix_spawn_file_actions_addclose(posix_spawn_file_actions_t *, int) __API_AVAILABLE(macos(10.5), ios(2.0)) __API_UNAVAILABLE(watchos, tvos);
79 |
80 | int posix_spawn_file_actions_adddup2(posix_spawn_file_actions_t *, int,
| `- note: 'posix_spawn_file_actions_adddup2' has been explicitly marked unavailable here
81 | int) __API_AVAILABLE(macos(10.5), ios(2.0)) __API_UNAVAILABLE(watchos, tvos);
82 |
/Users/admin/builder/spi-builder-workspace/.dependencies/checkouts/PerfectLib/Sources/PerfectLib/SysProcess.swift:104:3: error: 'posix_spawn_file_actions_adddup2' is unavailable in watchOS
102 | posix_spawn_file_actions_init(&action);
103 | posix_spawn_file_actions_adddup2(&action, fSTDOUT[1], STDOUT_FILENO);
104 | posix_spawn_file_actions_adddup2(&action, fSTDIN[0], STDIN_FILENO);
| `- error: 'posix_spawn_file_actions_adddup2' is unavailable in watchOS
105 | posix_spawn_file_actions_adddup2(&action, fSTDERR[1], STDERR_FILENO);
106 |
/Applications/Xcode-27.0.0-Release.Candidate.app/Contents/Developer/Platforms/WatchOS.platform/Developer/SDKs/WatchOS27.0.sdk/usr/include/spawn.h:80:9: note: 'posix_spawn_file_actions_adddup2' has been explicitly marked unavailable here
78 | int posix_spawn_file_actions_addclose(posix_spawn_file_actions_t *, int) __API_AVAILABLE(macos(10.5), ios(2.0)) __API_UNAVAILABLE(watchos, tvos);
79 |
80 | int posix_spawn_file_actions_adddup2(posix_spawn_file_actions_t *, int,
| `- note: 'posix_spawn_file_actions_adddup2' has been explicitly marked unavailable here
81 | int) __API_AVAILABLE(macos(10.5), ios(2.0)) __API_UNAVAILABLE(watchos, tvos);
82 |
/Users/admin/builder/spi-builder-workspace/.dependencies/checkouts/PerfectLib/Sources/PerfectLib/SysProcess.swift:105:3: error: 'posix_spawn_file_actions_adddup2' is unavailable in watchOS
103 | posix_spawn_file_actions_adddup2(&action, fSTDOUT[1], STDOUT_FILENO);
104 | posix_spawn_file_actions_adddup2(&action, fSTDIN[0], STDIN_FILENO);
105 | posix_spawn_file_actions_adddup2(&action, fSTDERR[1], STDERR_FILENO);
| `- error: 'posix_spawn_file_actions_adddup2' is unavailable in watchOS
106 |
107 | posix_spawn_file_actions_addclose(&action, fSTDOUT[0]);
/Applications/Xcode-27.0.0-Release.Candidate.app/Contents/Developer/Platforms/WatchOS.platform/Developer/SDKs/WatchOS27.0.sdk/usr/include/spawn.h:80:9: note: 'posix_spawn_file_actions_adddup2' has been explicitly marked unavailable here
78 | int posix_spawn_file_actions_addclose(posix_spawn_file_actions_t *, int) __API_AVAILABLE(macos(10.5), ios(2.0)) __API_UNAVAILABLE(watchos, tvos);
79 |
80 | int posix_spawn_file_actions_adddup2(posix_spawn_file_actions_t *, int,
| `- note: 'posix_spawn_file_actions_adddup2' has been explicitly marked unavailable here
81 | int) __API_AVAILABLE(macos(10.5), ios(2.0)) __API_UNAVAILABLE(watchos, tvos);
82 |
/Users/admin/builder/spi-builder-workspace/.dependencies/checkouts/PerfectLib/Sources/PerfectLib/SysProcess.swift:107:3: error: 'posix_spawn_file_actions_addclose' is unavailable in watchOS
105 | posix_spawn_file_actions_adddup2(&action, fSTDERR[1], STDERR_FILENO);
106 |
107 | posix_spawn_file_actions_addclose(&action, fSTDOUT[0]);
| `- error: 'posix_spawn_file_actions_addclose' is unavailable in watchOS
108 | posix_spawn_file_actions_addclose(&action, fSTDIN[0]);
109 | posix_spawn_file_actions_addclose(&action, fSTDERR[0]);
/Applications/Xcode-27.0.0-Release.Candidate.app/Contents/Developer/Platforms/WatchOS.platform/Developer/SDKs/WatchOS27.0.sdk/usr/include/spawn.h:78:9: note: 'posix_spawn_file_actions_addclose' has been explicitly marked unavailable here
76 | int) __API_AVAILABLE(macos(26.0)) __API_UNAVAILABLE(ios, tvos, watchos, visionos);
77 |
78 | int posix_spawn_file_actions_addclose(posix_spawn_file_actions_t *, int) __API_AVAILABLE(macos(10.5), ios(2.0)) __API_UNAVAILABLE(watchos, tvos);
| `- note: 'posix_spawn_file_actions_addclose' has been explicitly marked unavailable here
79 |
80 | int posix_spawn_file_actions_adddup2(posix_spawn_file_actions_t *, int,
/Users/admin/builder/spi-builder-workspace/.dependencies/checkouts/PerfectLib/Sources/PerfectLib/SysProcess.swift:108:3: error: 'posix_spawn_file_actions_addclose' is unavailable in watchOS
106 |
107 | posix_spawn_file_actions_addclose(&action, fSTDOUT[0]);
108 | posix_spawn_file_actions_addclose(&action, fSTDIN[0]);
| `- error: 'posix_spawn_file_actions_addclose' is unavailable in watchOS
109 | posix_spawn_file_actions_addclose(&action, fSTDERR[0]);
110 | posix_spawn_file_actions_addclose(&action, fSTDOUT[1]);
/Applications/Xcode-27.0.0-Release.Candidate.app/Contents/Developer/Platforms/WatchOS.platform/Developer/SDKs/WatchOS27.0.sdk/usr/include/spawn.h:78:9: note: 'posix_spawn_file_actions_addclose' has been explicitly marked unavailable here
76 | int) __API_AVAILABLE(macos(26.0)) __API_UNAVAILABLE(ios, tvos, watchos, visionos);
77 |
78 | int posix_spawn_file_actions_addclose(posix_spawn_file_actions_t *, int) __API_AVAILABLE(macos(10.5), ios(2.0)) __API_UNAVAILABLE(watchos, tvos);
| `- note: 'posix_spawn_file_actions_addclose' has been explicitly marked unavailable here
79 |
80 | int posix_spawn_file_actions_adddup2(posix_spawn_file_actions_t *, int,
/Users/admin/builder/spi-builder-workspace/.dependencies/checkouts/PerfectLib/Sources/PerfectLib/SysProcess.swift:109:3: error: 'posix_spawn_file_actions_addclose' is unavailable in watchOS
107 | posix_spawn_file_actions_addclose(&action, fSTDOUT[0]);
108 | posix_spawn_file_actions_addclose(&action, fSTDIN[0]);
109 | posix_spawn_file_actions_addclose(&action, fSTDERR[0]);
| `- error: 'posix_spawn_file_actions_addclose' is unavailable in watchOS
110 | posix_spawn_file_actions_addclose(&action, fSTDOUT[1]);
111 | posix_spawn_file_actions_addclose(&action, fSTDIN[1]);
/Applications/Xcode-27.0.0-Release.Candidate.app/Contents/Developer/Platforms/WatchOS.platform/Developer/SDKs/WatchOS27.0.sdk/usr/include/spawn.h:78:9: note: 'posix_spawn_file_actions_addclose' has been explicitly marked unavailable here
76 | int) __API_AVAILABLE(macos(26.0)) __API_UNAVAILABLE(ios, tvos, watchos, visionos);
77 |
78 | int posix_spawn_file_actions_addclose(posix_spawn_file_actions_t *, int) __API_AVAILABLE(macos(10.5), ios(2.0)) __API_UNAVAILABLE(watchos, tvos);
| `- note: 'posix_spawn_file_actions_addclose' has been explicitly marked unavailable here
79 |
80 | int posix_spawn_file_actions_adddup2(posix_spawn_file_actions_t *, int,
/Users/admin/builder/spi-builder-workspace/.dependencies/checkouts/PerfectLib/Sources/PerfectLib/SysProcess.swift:110:3: error: 'posix_spawn_file_actions_addclose' is unavailable in watchOS
108 | posix_spawn_file_actions_addclose(&action, fSTDIN[0]);
109 | posix_spawn_file_actions_addclose(&action, fSTDERR[0]);
110 | posix_spawn_file_actions_addclose(&action, fSTDOUT[1]);
| `- error: 'posix_spawn_file_actions_addclose' is unavailable in watchOS
111 | posix_spawn_file_actions_addclose(&action, fSTDIN[1]);
112 | posix_spawn_file_actions_addclose(&action, fSTDERR[1]);
/Applications/Xcode-27.0.0-Release.Candidate.app/Contents/Developer/Platforms/WatchOS.platform/Developer/SDKs/WatchOS27.0.sdk/usr/include/spawn.h:78:9: note: 'posix_spawn_file_actions_addclose' has been explicitly marked unavailable here
76 | int) __API_AVAILABLE(macos(26.0)) __API_UNAVAILABLE(ios, tvos, watchos, visionos);
77 |
78 | int posix_spawn_file_actions_addclose(posix_spawn_file_actions_t *, int) __API_AVAILABLE(macos(10.5), ios(2.0)) __API_UNAVAILABLE(watchos, tvos);
| `- note: 'posix_spawn_file_actions_addclose' has been explicitly marked unavailable here
79 |
80 | int posix_spawn_file_actions_adddup2(posix_spawn_file_actions_t *, int,
/Users/admin/builder/spi-builder-workspace/.dependencies/checkouts/PerfectLib/Sources/PerfectLib/SysProcess.swift:111:3: error: 'posix_spawn_file_actions_addclose' is unavailable in watchOS
109 | posix_spawn_file_actions_addclose(&action, fSTDERR[0]);
110 | posix_spawn_file_actions_addclose(&action, fSTDOUT[1]);
111 | posix_spawn_file_actions_addclose(&action, fSTDIN[1]);
| `- error: 'posix_spawn_file_actions_addclose' is unavailable in watchOS
112 | posix_spawn_file_actions_addclose(&action, fSTDERR[1]);
113 |
/Applications/Xcode-27.0.0-Release.Candidate.app/Contents/Developer/Platforms/WatchOS.platform/Developer/SDKs/WatchOS27.0.sdk/usr/include/spawn.h:78:9: note: 'posix_spawn_file_actions_addclose' has been explicitly marked unavailable here
76 | int) __API_AVAILABLE(macos(26.0)) __API_UNAVAILABLE(ios, tvos, watchos, visionos);
77 |
78 | int posix_spawn_file_actions_addclose(posix_spawn_file_actions_t *, int) __API_AVAILABLE(macos(10.5), ios(2.0)) __API_UNAVAILABLE(watchos, tvos);
| `- note: 'posix_spawn_file_actions_addclose' has been explicitly marked unavailable here
79 |
80 | int posix_spawn_file_actions_adddup2(posix_spawn_file_actions_t *, int,
/Users/admin/builder/spi-builder-workspace/.dependencies/checkouts/PerfectLib/Sources/PerfectLib/SysProcess.swift:112:3: error: 'posix_spawn_file_actions_addclose' is unavailable in watchOS
110 | posix_spawn_file_actions_addclose(&action, fSTDOUT[1]);
111 | posix_spawn_file_actions_addclose(&action, fSTDIN[1]);
112 | posix_spawn_file_actions_addclose(&action, fSTDERR[1]);
| `- error: 'posix_spawn_file_actions_addclose' is unavailable in watchOS
113 |
114 | posix_spawnattr_init(&attr)
/Applications/Xcode-27.0.0-Release.Candidate.app/Contents/Developer/Platforms/WatchOS.platform/Developer/SDKs/WatchOS27.0.sdk/usr/include/spawn.h:78:9: note: 'posix_spawn_file_actions_addclose' has been explicitly marked unavailable here
76 | int) __API_AVAILABLE(macos(26.0)) __API_UNAVAILABLE(ios, tvos, watchos, visionos);
77 |
78 | int posix_spawn_file_actions_addclose(posix_spawn_file_actions_t *, int) __API_AVAILABLE(macos(10.5), ios(2.0)) __API_UNAVAILABLE(watchos, tvos);
| `- note: 'posix_spawn_file_actions_addclose' has been explicitly marked unavailable here
79 |
80 | int posix_spawn_file_actions_adddup2(posix_spawn_file_actions_t *, int,
/Users/admin/builder/spi-builder-workspace/.dependencies/checkouts/PerfectLib/Sources/PerfectLib/SysProcess.swift:114:3: error: 'posix_spawnattr_init' is unavailable in watchOS
112 | posix_spawn_file_actions_addclose(&action, fSTDERR[1]);
113 |
114 | posix_spawnattr_init(&attr)
| `- error: 'posix_spawnattr_init' is unavailable in watchOS
115 |
116 | if newGroup {
/Applications/Xcode-27.0.0-Release.Candidate.app/Contents/Developer/Platforms/WatchOS.platform/Developer/SDKs/WatchOS27.0.sdk/usr/include/spawn.h:105:9: note: 'posix_spawnattr_init' has been explicitly marked unavailable here
103 | sigset_t * __restrict) __API_AVAILABLE(macos(10.5), ios(2.0)) __API_UNAVAILABLE(watchos, tvos);
104 |
105 | int posix_spawnattr_init(posix_spawnattr_t *) __API_AVAILABLE(macos(10.5), ios(2.0)) __API_UNAVAILABLE(watchos, tvos);
| `- note: 'posix_spawnattr_init' has been explicitly marked unavailable here
106 |
107 | int posix_spawnattr_setsigdefault(posix_spawnattr_t * __restrict,
/Users/admin/builder/spi-builder-workspace/.dependencies/checkouts/PerfectLib/Sources/PerfectLib/SysProcess.swift:119:4: error: 'posix_spawnattr_setflags' is unavailable in watchOS
117 | // By default, all flags are unset after the init call
118 | // so no need to OR in the existing flags.
119 | posix_spawnattr_setflags(&attr, Int16(POSIX_SPAWN_SETPGROUP))
| `- error: 'posix_spawnattr_setflags' is unavailable in watchOS
120 | }
121 |
/Applications/Xcode-27.0.0-Release.Candidate.app/Contents/Developer/Platforms/WatchOS.platform/Developer/SDKs/WatchOS27.0.sdk/usr/include/spawn.h:110:9: note: 'posix_spawnattr_setflags' has been explicitly marked unavailable here
108 | const sigset_t * __restrict) __API_AVAILABLE(macos(10.5), ios(2.0)) __API_UNAVAILABLE(watchos, tvos);
109 |
110 | int posix_spawnattr_setflags(posix_spawnattr_t *, short) __API_AVAILABLE(macos(10.5), ios(2.0)) __API_UNAVAILABLE(watchos, tvos);
| `- note: 'posix_spawnattr_setflags' has been explicitly marked unavailable here
111 |
112 | int posix_spawnattr_setpgroup(posix_spawnattr_t *, pid_t) __API_AVAILABLE(macos(10.5), ios(2.0)) __API_UNAVAILABLE(watchos, tvos);
/Users/admin/builder/spi-builder-workspace/.dependencies/checkouts/PerfectLib/Sources/PerfectLib/SysProcess.swift:124:3: error: 'posix_spawn_file_actions_destroy' is unavailable in watchOS
122 | var procPid = pid_t()
123 | let spawnRes = posix_spawnp(&procPid, cmd, &action, &attr, cArgs, cEnv)
124 | posix_spawn_file_actions_destroy(&action)
| `- error: 'posix_spawn_file_actions_destroy' is unavailable in watchOS
125 | posix_spawnattr_destroy(&attr)
126 |
/Applications/Xcode-27.0.0-Release.Candidate.app/Contents/Developer/Platforms/WatchOS.platform/Developer/SDKs/WatchOS27.0.sdk/usr/include/spawn.h:87:9: note: 'posix_spawn_file_actions_destroy' has been explicitly marked unavailable here
85 | const char * __restrict, int, mode_t) __API_AVAILABLE(macos(10.5), ios(2.0)) __API_UNAVAILABLE(watchos, tvos);
86 |
87 | int posix_spawn_file_actions_destroy(posix_spawn_file_actions_t *) __API_AVAILABLE(macos(10.5), ios(2.0)) __API_UNAVAILABLE(watchos, tvos);
| `- note: 'posix_spawn_file_actions_destroy' has been explicitly marked unavailable here
88 |
89 | int posix_spawn_file_actions_init(posix_spawn_file_actions_t *) __API_AVAILABLE(macos(10.5), ios(2.0)) __API_UNAVAILABLE(watchos, tvos);
/Users/admin/builder/spi-builder-workspace/.dependencies/checkouts/PerfectLib/Sources/PerfectLib/SysProcess.swift:125:3: error: 'posix_spawnattr_destroy' is unavailable in watchOS
123 | let spawnRes = posix_spawnp(&procPid, cmd, &action, &attr, cArgs, cEnv)
124 | posix_spawn_file_actions_destroy(&action)
125 | posix_spawnattr_destroy(&attr)
| `- error: 'posix_spawnattr_destroy' is unavailable in watchOS
126 |
127 | for idx in 0..<cArgsCount {
/Applications/Xcode-27.0.0-Release.Candidate.app/Contents/Developer/Platforms/WatchOS.platform/Developer/SDKs/WatchOS27.0.sdk/usr/include/spawn.h:91:9: note: 'posix_spawnattr_destroy' has been explicitly marked unavailable here
89 | int posix_spawn_file_actions_init(posix_spawn_file_actions_t *) __API_AVAILABLE(macos(10.5), ios(2.0)) __API_UNAVAILABLE(watchos, tvos);
90 |
91 | int posix_spawnattr_destroy(posix_spawnattr_t *) __API_AVAILABLE(macos(10.5), ios(2.0)) __API_UNAVAILABLE(watchos, tvos);
| `- note: 'posix_spawnattr_destroy' has been explicitly marked unavailable here
92 |
93 | int posix_spawnattr_getsigdefault(const posix_spawnattr_t * __restrict,
Failed frontend command:
/Applications/Xcode-27.0.0-Release.Candidate.app/Contents/Developer/Toolchains/XcodeDefault.xctoolchain/usr/bin/swift-frontend -frontend -emit-module -experimental-skip-non-inlinable-function-bodies-without-types /Users/admin/builder/spi-builder-workspace/.dependencies/checkouts/PerfectLib/Sources/PerfectLib/Bytes.swift /Users/admin/builder/spi-builder-workspace/.dependencies/checkouts/PerfectLib/Sources/PerfectLib/Dir.swift /Users/admin/builder/spi-builder-workspace/.dependencies/checkouts/PerfectLib/Sources/PerfectLib/File.swift /Users/admin/builder/spi-builder-workspace/.dependencies/checkouts/PerfectLib/Sources/PerfectLib/JSONConvertible.swift /Users/admin/builder/spi-builder-workspace/.dependencies/checkouts/PerfectLib/Sources/PerfectLib/Log.swift /Users/admin/builder/spi-builder-workspace/.dependencies/checkouts/PerfectLib/Sources/PerfectLib/PerfectError.swift /Users/admin/builder/spi-builder-workspace/.dependencies/checkouts/PerfectLib/Sources/PerfectLib/PerfectServer.swift /Users/admin/builder/spi-builder-workspace/.dependencies/checkouts/PerfectLib/Sources/PerfectLib/SysProcess.swift /Users/admin/builder/spi-builder-workspace/.dependencies/checkouts/PerfectLib/Sources/PerfectLib/Utilities.swift -target arm64_32-apple-watchos9.0 -enable-objc-interop -sdk /Applications/Xcode-27.0.0-Release.Candidate.app/Contents/Developer/Platforms/WatchOS.platform/Developer/SDKs/WatchOS27.0.sdk -I /Users/admin/builder/spi-builder-workspace/.derivedData/Build/Products/Debug-watchos -Isystem /Applications/Xcode-27.0.0-Release.Candidate.app/Contents/Developer/Platforms/WatchOS.platform/Developer/usr/lib -F /Users/admin/builder/spi-builder-workspace/.derivedData/Build/Products/Debug-watchos -F /Applications/Xcode-27.0.0-Release.Candidate.app/Contents/Developer/Platforms/WatchOS.platform/Developer/Library/Frameworks -F /Applications/Xcode-27.0.0-Release.Candidate.app/Contents/Developer/Platforms/WatchOS.platform/Developer/SDKs/WatchOS27.0.sdk/Developer/Library/Frameworks -module-cache-path /Users/admin/builder/spi-builder-workspace/.derivedData/ModuleCache.noindex -no-color-diagnostics -Xcc -fno-color-diagnostics -enable-testing -g -debug-info-format\=dwarf -dwarf-version\=4 -suppress-warnings -swift-version 4 -Onone -D SWIFT_PACKAGE -D DEBUG -D SWIFT_MODULE_RESOURCE_BUNDLE_UNAVAILABLE -D Xcode -serialize-debugging-options -enable-experimental-feature DebugDescriptionMacro -empty-abi-descriptor -plugin-path /Applications/Xcode-27.0.0-Release.Candidate.app/Contents/Developer/Toolchains/XcodeDefault.xctoolchain/usr/lib/swift/host/plugins/testing -validate-clang-modules-once -clang-build-session-file /Users/admin/builder/spi-builder-workspace/.derivedData/ModuleCache.noindex/Session.modulevalidation -Xcc -working-directory -Xcc /Users/admin/builder/spi-builder-workspace/.swiftpm/xcode -enable-anonymous-context-mangled-names -file-compilation-dir /Users/admin/builder/spi-builder-workspace/.swiftpm/xcode -Xcc -D_LIBCPP_HARDENING_MODE\=_LIBCPP_HARDENING_MODE_DEBUG -Xcc -ivfsstatcache -Xcc /Users/admin/builder/spi-builder-workspace/.derivedData/SDKStatCaches.noindex/watchos27.0-24R360-e829b21a6f8c9b70876ba0858053c04477534ef55a1706bf4c1112bbb242f0a2.sdkstatcache -Xcc -fmodules-prune-interval\=86400 -Xcc -fmodules-prune-after\=345600 -Xcc -I/Users/admin/builder/spi-builder-workspace/.derivedData/Build/Products/Debug-watchos/include -Xcc -I/Users/admin/builder/spi-builder-workspace/.derivedData/Build/Intermediates.noindex/PerfectLib.build/Debug-watchos/PerfectLib-t.build/DerivedSources-normal/arm64_32 -Xcc -I/Users/admin/builder/spi-builder-workspace/.derivedData/Build/Intermediates.noindex/PerfectLib.build/Debug-watchos/PerfectLib-t.build/DerivedSources/arm64_32 -Xcc -I/Users/admin/builder/spi-builder-workspace/.derivedData/Build/Intermediates.noindex/PerfectLib.build/Debug-watchos/PerfectLib-t.build/DerivedSources -Xcc -DSWIFT_PACKAGE -Xcc -DDEBUG\=1 -no-auto-bridging-header-chaining -module-name PerfectLib -const-gather-protocols-file /Users/admin/builder/spi-builder-workspace/.derivedData/Build/Intermediates.noindex/PerfectLib.build/Debug-watchos/PerfectLib-t.build/Objects-normal/arm64_32/PerfectLib_const_extract_protocols.json -disable-clang-spi -target-sdk-version 27.0 -target-sdk-name watchos27.0 -external-plugin-path /Applications/Xcode-27.0.0-Release.Candidate.app/Contents/Developer/Platforms/WatchOS.platform/Developer/usr/lib/swift/host/plugins\#/Applications/Xcode-27.0.0-Release.Candidate.app/Contents/Developer/Platforms/WatchOS.platform/Developer/usr/bin/swift-plugin-server -external-plugin-path /Applications/Xcode-27.0.0-Release.Candidate.app/Contents/Developer/Platforms/WatchOS.platform/Developer/usr/local/lib/swift/host/plugins\#/Applications/Xcode-27.0.0-Release.Candidate.app/Contents/Developer/Platforms/WatchOS.platform/Developer/usr/bin/swift-plugin-server -in-process-plugin-server-path /Applications/Xcode-27.0.0-Release.Candidate.app/Contents/Developer/Toolchains/XcodeDefault.xctoolchain/usr/lib/swift/host/libSwiftInProcPluginServer.dylib -plugin-path /Applications/Xcode-27.0.0-Release.Candidate.app/Contents/Developer/Toolchains/XcodeDefault.xctoolchain/usr/lib/swift/host/plugins -plugin-path /Applications/Xcode-27.0.0-Release.Candidate.app/Contents/Developer/Toolchains/XcodeDefault.xctoolchain/usr/local/lib/swift/host/plugins -emit-module-doc-path /Users/admin/builder/spi-builder-workspace/.derivedData/Build/Intermediates.noindex/PerfectLib.build/Debug-watchos/PerfectLib-t.build/Objects-normal/arm64_32/PerfectLib.swiftdoc -emit-module-source-info-path /Users/admin/builder/spi-builder-workspace/.derivedData/Build/Intermediates.noindex/PerfectLib.build/Debug-watchos/PerfectLib-t.build/Objects-normal/arm64_32/PerfectLib.swiftsourceinfo -emit-objc-header-path /Users/admin/builder/spi-builder-workspace/.derivedData/Build/Intermediates.noindex/PerfectLib.build/Debug-watchos/PerfectLib-t.build/Objects-normal/arm64_32/PerfectLib-Swift.h -serialize-diagnostics-path /Users/admin/builder/spi-builder-workspace/.derivedData/Build/Intermediates.noindex/PerfectLib.build/Debug-watchos/PerfectLib-t.build/Objects-normal/arm64_32/PerfectLib-primary-emit-module.dia -emit-dependencies-path /Users/admin/builder/spi-builder-workspace/.derivedData/Build/Intermediates.noindex/PerfectLib.build/Debug-watchos/PerfectLib-t.build/Objects-normal/arm64_32/PerfectLib-primary-emit-module.d -parse-as-library -o /Users/admin/builder/spi-builder-workspace/.derivedData/Build/Intermediates.noindex/PerfectLib.build/Debug-watchos/PerfectLib-t.build/Objects-normal/arm64_32/PerfectLib.swiftmodule -emit-abi-descriptor-path /Users/admin/builder/spi-builder-workspace/.derivedData/Build/Intermediates.noindex/PerfectLib.build/Debug-watchos/PerfectLib-t.build/Objects-normal/arm64_32/PerfectLib.abi.json
SwiftCompile normal arm64_32 (in target 'PerfectLib' from project 'PerfectLib')
cd /Users/admin/builder/spi-builder-workspace/.swiftpm/xcode
SwiftEmitModule normal arm64 Emitting\ module\ for\ PerfectLib (in target 'PerfectLib' from project 'PerfectLib')
SwiftCompile normal arm64 (in target 'PerfectLib' from project 'PerfectLib')
cd /Users/admin/builder/spi-builder-workspace/.swiftpm/xcode
PrecompileModule /Users/admin/builder/spi-builder-workspace/.derivedData/Build/Intermediates.noindex/ExplicitPrecompiledModules/_DarwinFoundation1-13H6FXL1GBYYXRCWTA0PD05GF.scan
cd /
builtin-precompileModule /Users/admin/builder/spi-builder-workspace/.derivedData/Build/Intermediates.noindex/ExplicitPrecompiledModules/_DarwinFoundation1-13H6FXL1GBYYXRCWTA0PD05GF.scan
SwiftEmitModule normal arm64_32 Emitting\ module\ for\ PerfectCRUD (in target 'PerfectCRUD' from project 'PerfectCRUD')
SwiftCompile normal arm64_32 (in target 'PerfectCRUD' from project 'PerfectCRUD')
cd /Users/admin/builder/spi-builder-workspace/.swiftpm/xcode
PruneExplicitPrecompiledModules /Users/admin/builder/spi-builder-workspace/.derivedData/Build/Intermediates.noindex/SwiftExplicitPrecompiledModules
PruneExplicitPrecompiledModules /Users/admin/builder/spi-builder-workspace/.derivedData/Build/Intermediates.noindex/ExplicitPrecompiledModules
PruneExplicitPrecompiledModules /Users/admin/builder/spi-builder-workspace/.derivedData/SDKExplicitPrecompiledModules
2026-09-16 15:30:19.215 xcodebuild[1178:6307] [MT] IDERunDestination: Supported platforms for the buildables in the current scheme is empty.
** BUILD FAILED **
The following build commands failed:
SwiftEmitModule normal arm64_32 Emitting\ module\ for\ PerfectLib (in target 'PerfectLib' from project 'PerfectLib')
SwiftCompile normal arm64_32 (in target 'PerfectLib' from project 'PerfectLib')
Building workspace PerfectSessionMySQL with scheme PerfectSessionMySQL
(3 failures)
Command line invocation:
/Applications/Xcode-27.0.0-Release.Candidate.app/Contents/Developer/usr/bin/xcodebuild -IDEClonedSourcePackagesDirPathOverride=/Users/admin/builder/spi-builder-workspace/.dependencies -resolvePackageDependencies
Resolve Package Graph
ignoring declared target(s) 'mysqlclient' in the system packageignoring declared target(s) 'cURL' in the system packageyou may be able to install mysqlclient using your system-packager:
brew install mysql
you may be able to install libcurl using your system-packager:
brew install curl
Resolved source packages:
PerfectCURL: https://github.com/PerfectlySoft/Perfect-CURL.git @ 3.1.0
PerfectLib: https://github.com/PerfectlySoft/PerfectLib.git @ 3.1.4
PerfectThread: https://github.com/PerfectlySoft/Perfect-Thread.git @ 3.0.7
PerfectSession: https://github.com/PerfectlySoft/Perfect-Session.git @ 3.1.5
PerfectNet: https://github.com/PerfectlySoft/Perfect-Net.git @ 3.3.0
PerfectLogger: https://github.com/PerfectlySoft/Perfect-Logger.git @ 3.3.0
mysqlclient: https://github.com/PerfectlySoft/Perfect-mysqlclient.git @ 2.1.1
COpenSSL: https://github.com/PerfectlySoft/Perfect-COpenSSL.git @ 4.0.2
PerfectCrypto: https://github.com/PerfectlySoft/Perfect-Crypto.git @ 3.3.0
PerfectHTTP: https://github.com/PerfectlySoft/Perfect-HTTP.git @ 3.3.0
PerfectSessionMySQL: /Users/admin/builder/spi-builder-workspace
PerfectMySQL: https://github.com/PerfectlySoft/Perfect-MySQL.git @ 3.5.1
cURL: https://github.com/PerfectlySoft/Perfect-libcurl.git @ 2.1.0
PerfectCRUD: https://github.com/PerfectlySoft/Perfect-CRUD.git @ 1.2.3
resolved source packages: PerfectCURL, PerfectLib, PerfectThread, PerfectSession, PerfectNet, PerfectLogger, mysqlclient, COpenSSL, PerfectCrypto, PerfectHTTP, PerfectSessionMySQL, PerfectMySQL, cURL, PerfectCRUD
2026-09-16 15:30:24.502 xcodebuild[1324:7099] [MT] IDERunDestination: Supported platforms for the buildables in the current scheme is empty.
{
"dependencies" : [
{
"identity" : "perfect-session",
"requirement" : {
"range" : [
{
"lower_bound" : "3.0.0",
"upper_bound" : "4.0.0"
}
]
},
"type" : "sourceControl",
"url" : "https://github.com/PerfectlySoft/Perfect-Session.git"
},
{
"identity" : "perfect-mysql",
"requirement" : {
"range" : [
{
"lower_bound" : "3.0.0",
"upper_bound" : "4.0.0"
}
]
},
"type" : "sourceControl",
"url" : "https://github.com/PerfectlySoft/Perfect-MySQL.git"
}
],
"manifest_display_name" : "PerfectSessionMySQL",
"name" : "PerfectSessionMySQL",
"path" : "/Users/admin/builder/spi-builder-workspace",
"platforms" : [
],
"products" : [
{
"name" : "PerfectSessionMySQL",
"targets" : [
"PerfectSessionMySQL"
],
"type" : {
"library" : [
"automatic"
]
}
}
],
"targets" : [
{
"c99name" : "PerfectSessionMySQL",
"module_type" : "SwiftTarget",
"name" : "PerfectSessionMySQL",
"path" : "Sources/PerfectSessionMySQL",
"product_dependencies" : [
"PerfectSession",
"PerfectMySQL"
],
"product_memberships" : [
"PerfectSessionMySQL"
],
"sources" : [
"MySQLSessionDriver.swift",
"MySQLSessions.swift",
"Redirect.swift"
],
"type" : "library"
}
],
"tools_version" : "4.2"
}
{
"workspace" : {
"name" : "PerfectSessionMySQL",
"schemes" : [
"PerfectSessionMySQL"
]
}
}
2026-09-16 15:30:25.881 xcodebuild[1339:7173] [MT] IDERunDestination: Supported platforms for the buildables in the current scheme is empty.
Running build ...
env DEVELOPER_DIR=/Applications/Xcode-27.0.0-Release.Candidate.app xcrun xcodebuild -IDEClonedSourcePackagesDirPathOverride=$PWD/.dependencies -skipMacroValidation -skipPackagePluginValidation -derivedDataPath $PWD/.derivedData build -scheme PerfectSessionMySQL -destination generic/platform=watchOS
Command line invocation:
/Applications/Xcode-27.0.0-Release.Candidate.app/Contents/Developer/usr/bin/xcodebuild -IDEClonedSourcePackagesDirPathOverride=/Users/admin/builder/spi-builder-workspace/.dependencies -skipMacroValidation -skipPackagePluginValidation -derivedDataPath /Users/admin/builder/spi-builder-workspace/.derivedData build -scheme PerfectSessionMySQL -destination generic/platform=watchOS
Resolve Package Graph
ignoring declared target(s) 'mysqlclient' in the system packageignoring declared target(s) 'cURL' in the system packageyou may be able to install mysqlclient using your system-packager:
brew install mysql
you may be able to install libcurl using your system-packager:
brew install curl
Resolved source packages:
PerfectMySQL: https://github.com/PerfectlySoft/Perfect-MySQL.git @ 3.5.1
PerfectHTTP: https://github.com/PerfectlySoft/Perfect-HTTP.git @ 3.3.0
mysqlclient: https://github.com/PerfectlySoft/Perfect-mysqlclient.git @ 2.1.1
PerfectCrypto: https://github.com/PerfectlySoft/Perfect-Crypto.git @ 3.3.0
COpenSSL: https://github.com/PerfectlySoft/Perfect-COpenSSL.git @ 4.0.2
PerfectCURL: https://github.com/PerfectlySoft/Perfect-CURL.git @ 3.1.0
PerfectSessionMySQL: /Users/admin/builder/spi-builder-workspace
PerfectSession: https://github.com/PerfectlySoft/Perfect-Session.git @ 3.1.5
PerfectLib: https://github.com/PerfectlySoft/PerfectLib.git @ 3.1.4
PerfectLogger: https://github.com/PerfectlySoft/Perfect-Logger.git @ 3.3.0
PerfectThread: https://github.com/PerfectlySoft/Perfect-Thread.git @ 3.0.7
PerfectCRUD: https://github.com/PerfectlySoft/Perfect-CRUD.git @ 1.2.3
cURL: https://github.com/PerfectlySoft/Perfect-libcurl.git @ 2.1.0
PerfectNet: https://github.com/PerfectlySoft/Perfect-Net.git @ 3.3.0
ComputePackagePrebuildTargetDependencyGraph
Prepare packages
CreateBuildRequest
SendProjectDescription
CreateBuildOperation
ComputeTargetDependencyGraph
note: Building targets in dependency order
note: Target dependency graph (26 targets)
Target 'PerfectSessionMySQL-product' in project 'PerfectSessionMySQL'
➜ Explicit dependency on target 'PerfectSessionMySQL' in project 'PerfectSessionMySQL'
➜ Explicit dependency on target 'PerfectSession-product' in project 'PerfectSession'
➜ Explicit dependency on target 'PerfectMySQL-product' in project 'PerfectMySQL'
Target 'PerfectSessionMySQL' in project 'PerfectSessionMySQL'
➜ Explicit dependency on target 'PerfectSession-product' in project 'PerfectSession'
➜ Explicit dependency on target 'PerfectMySQL-product' in project 'PerfectMySQL'
Target 'PerfectMySQL-product' in project 'PerfectMySQL'
➜ Explicit dependency on target 'PerfectMySQL' in project 'PerfectMySQL'
➜ Explicit dependency on target 'PerfectCRUD-product' in project 'PerfectCRUD'
Target 'PerfectMySQL' in project 'PerfectMySQL'
➜ Explicit dependency on target 'mysqlclient' in project 'mysqlclient'
➜ Explicit dependency on target 'PerfectCRUD-product' in project 'PerfectCRUD'
Target 'PerfectCRUD-product' in project 'PerfectCRUD'
➜ Explicit dependency on target 'PerfectCRUD' in project 'PerfectCRUD'
Target 'PerfectCRUD' in project 'PerfectCRUD' (no dependencies)
Target 'mysqlclient' in project 'mysqlclient' (no dependencies)
Target 'PerfectSession-product' in project 'PerfectSession'
➜ Explicit dependency on target 'PerfectSession' in project 'PerfectSession'
➜ Explicit dependency on target 'PerfectLogger-product' in project 'PerfectLogger'
Target 'PerfectSession' in project 'PerfectSession'
➜ Explicit dependency on target 'PerfectLogger-product' in project 'PerfectLogger'
Target 'PerfectLogger-product' in project 'PerfectLogger'
➜ Explicit dependency on target 'PerfectLogger' in project 'PerfectLogger'
➜ Explicit dependency on target 'PerfectCURL-product' in project 'PerfectCURL'
Target 'PerfectLogger' in project 'PerfectLogger'
➜ Explicit dependency on target 'PerfectCURL-product' in project 'PerfectCURL'
Target 'PerfectCURL-product' in project 'PerfectCURL'
➜ Explicit dependency on target 'PerfectCURL' in project 'PerfectCURL'
➜ Explicit dependency on target 'PerfectHTTP-product' in project 'PerfectHTTP'
Target 'PerfectCURL' in project 'PerfectCURL'
➜ Explicit dependency on target 'cURL' in project 'cURL'
➜ Explicit dependency on target 'PerfectHTTP-product' in project 'PerfectHTTP'
Target 'PerfectHTTP-product' in project 'PerfectHTTP'
➜ Explicit dependency on target 'PerfectHTTP' in project 'PerfectHTTP'
➜ Explicit dependency on target 'PerfectLib-product' in project 'PerfectLib'
➜ Explicit dependency on target 'PerfectNet-product' in project 'PerfectNet'
Target 'PerfectHTTP' in project 'PerfectHTTP'
➜ Explicit dependency on target 'PerfectLib-product' in project 'PerfectLib'
➜ Explicit dependency on target 'PerfectNet-product' in project 'PerfectNet'
Target 'PerfectNet-product' in project 'PerfectNet'
➜ Explicit dependency on target 'PerfectNet' in project 'PerfectNet'
➜ Explicit dependency on target 'PerfectCrypto-product' in project 'PerfectCrypto'
➜ Explicit dependency on target 'PerfectThread-product' in project 'PerfectThread'
Target 'PerfectNet' in project 'PerfectNet'
➜ Explicit dependency on target 'PerfectCrypto-product' in project 'PerfectCrypto'
➜ Explicit dependency on target 'PerfectThread-product' in project 'PerfectThread'
Target 'PerfectCrypto-product' in project 'PerfectCrypto'
➜ Explicit dependency on target 'PerfectCrypto' in project 'PerfectCrypto'
➜ Explicit dependency on target 'PerfectLib-product' in project 'PerfectLib'
➜ Explicit dependency on target 'PerfectThread-product' in project 'PerfectThread'
➜ Explicit dependency on target 'COpenSSL-product' in project 'COpenSSL'
Target 'PerfectCrypto' in project 'PerfectCrypto'
➜ Explicit dependency on target 'PerfectLib-product' in project 'PerfectLib'
➜ Explicit dependency on target 'PerfectThread-product' in project 'PerfectThread'
➜ Explicit dependency on target 'COpenSSL-product' in project 'COpenSSL'
Target 'COpenSSL-product' in project 'COpenSSL'
➜ Explicit dependency on target 'COpenSSL' in project 'COpenSSL'
Target 'COpenSSL' in project 'COpenSSL' (no dependencies)
Target 'PerfectThread-product' in project 'PerfectThread'
➜ Explicit dependency on target 'PerfectThread' in project 'PerfectThread'
Target 'PerfectThread' in project 'PerfectThread' (no dependencies)
Target 'PerfectLib-product' in project 'PerfectLib'
➜ Explicit dependency on target 'PerfectLib' in project 'PerfectLib'
Target 'PerfectLib' in project 'PerfectLib' (no dependencies)
Target 'cURL' in project 'cURL' (no dependencies)
GatherProvisioningInputs
CreateBuildDescription
ClangStatCache /Applications/Xcode-27.0.0-Release.Candidate.app/Contents/Developer/Toolchains/XcodeDefault.xctoolchain/usr/bin/clang-stat-cache /Applications/Xcode-27.0.0-Release.Candidate.app/Contents/Developer/Platforms/WatchOS.platform/Developer/SDKs/WatchOS27.0.sdk /Users/admin/builder/spi-builder-workspace/.derivedData/SDKStatCaches.noindex/watchos27.0-24R360-e829b21a6f8c9b70876ba0858053c04477534ef55a1706bf4c1112bbb242f0a2.sdkstatcache
cd /Users/admin/builder/spi-builder-workspace/.swiftpm/xcode
/Applications/Xcode-27.0.0-Release.Candidate.app/Contents/Developer/Toolchains/XcodeDefault.xctoolchain/usr/bin/clang-stat-cache /Applications/Xcode-27.0.0-Release.Candidate.app/Contents/Developer/Platforms/WatchOS.platform/Developer/SDKs/WatchOS27.0.sdk -o /Users/admin/builder/spi-builder-workspace/.derivedData/SDKStatCaches.noindex/watchos27.0-24R360-e829b21a6f8c9b70876ba0858053c04477534ef55a1706bf4c1112bbb242f0a2.sdkstatcache
ScanDependencies /Users/admin/builder/spi-builder-workspace/.derivedData/Build/Intermediates.noindex/COpenSSL.build/Debug-watchos/COpenSSL-t.build/Objects-normal/arm64_32/v3err.o /Users/admin/builder/spi-builder-workspace/.dependencies/checkouts/Perfect-COpenSSL/COpenSSL/v3err.c normal arm64_32 c com.apple.compilers.llvm.clang.1_0.compiler (in target 'COpenSSL' from project 'COpenSSL')
cd /Users/admin/builder/spi-builder-workspace/.swiftpm/xcode
Using response file: /Users/admin/builder/spi-builder-workspace/.derivedData/Build/Intermediates.noindex/COpenSSL.build/Debug-watchos/COpenSSL-t.build/Objects-normal/arm64_32/7187679823f38a2a940e0043cdf9d637-common-args.resp
builtin-ScanDependencies -o /Users/admin/builder/spi-builder-workspace/.derivedData/Build/Intermediates.noindex/COpenSSL.build/Debug-watchos/COpenSSL-t.build/Objects-normal/arm64_32/v3err.o.scan -- /Applications/Xcode-27.0.0-Release.Candidate.app/Contents/Developer/Toolchains/XcodeDefault.xctoolchain/usr/bin/clang -x c -ivfsstatcache /Users/admin/builder/spi-builder-workspace/.derivedData/SDKStatCaches.noindex/watchos27.0-24R360-e829b21a6f8c9b70876ba0858053c04477534ef55a1706bf4c1112bbb242f0a2.sdkstatcache -target arm64_32-apple-watchos9.0 -fmessage-length\=0 -fdiagnostics-show-note-include-stack -fmacro-backtrace-limit\=0 -fno-color-diagnostics -fmodules-prune-interval\=86400 -fmodules-prune-after\=345600 -fbuild-session-file\=/Users/admin/builder/spi-builder-workspace/.derivedData/ModuleCache.noindex/Session.modulevalidation -fmodules-validate-once-per-build-session -Wnon-modular-include-in-framework-module -Werror\=non-modular-include-in-framework-module -Wno-trigraphs -Wno-missing-field-initializers -Wno-missing-prototypes -Wno-return-type -Wno-missing-braces -Wparentheses -Wswitch -Wno-unused-function -Wno-unused-label -Wno-unused-parameter -Wno-unused-variable -Wunused-value -Wno-empty-body -Wno-uninitialized -Wno-unknown-pragmas -w -Wno-shadow -Wno-four-char-constants -Wno-conversion -Wno-constant-conversion -Wno-int-conversion -Wno-bool-conversion -Wno-enum-conversion -Wno-float-conversion -Wno-non-literal-null-conversion -Wno-objc-literal-conversion -Wno-shorten-64-to-32 -Wpointer-sign -Wno-newline-eof -Wno-implicit-fallthrough -isysroot /Applications/Xcode-27.0.0-Release.Candidate.app/Contents/Developer/Platforms/WatchOS.platform/Developer/SDKs/WatchOS27.0.sdk -fstrict-aliasing -Wdeprecated-declarations -Wno-sign-conversion -Wno-infinite-recursion -Wno-comma -Wno-block-capture-autoreleasing -Wno-strict-prototypes -Wno-semicolon-before-method-body -index-store-path /Users/admin/builder/spi-builder-workspace/.derivedData/Index.noindex/DataStore @/Users/admin/builder/spi-builder-workspace/.derivedData/Build/Intermediates.noindex/COpenSSL.build/Debug-watchos/COpenSSL-t.build/Objects-normal/arm64_32/7187679823f38a2a940e0043cdf9d637-common-args.resp -MMD -MT dependencies -MF /Users/admin/builder/spi-builder-workspace/.derivedData/Build/Intermediates.noindex/COpenSSL.build/Debug-watchos/COpenSSL-t.build/Objects-normal/arm64_32/v3err.d --serialize-diagnostics /Users/admin/builder/spi-builder-workspace/.derivedData/Build/Intermediates.noindex/COpenSSL.build/Debug-watchos/COpenSSL-t.build/Objects-normal/arm64_32/v3err.dia -c /Users/admin/builder/spi-builder-workspace/.dependencies/checkouts/Perfect-COpenSSL/COpenSSL/v3err.c -o /Users/admin/builder/spi-builder-workspace/.derivedData/Build/Intermediates.noindex/COpenSSL.build/Debug-watchos/COpenSSL-t.build/Objects-normal/arm64_32/v3err.o -index-unit-output-path /COpenSSL.build/Debug-watchos/COpenSSL-t.build/Objects-normal/arm64_32/v3err.o
ScanDependencies /Users/admin/builder/spi-builder-workspace/.derivedData/Build/Intermediates.noindex/COpenSSL.build/Debug-watchos/COpenSSL-t.build/Objects-normal/arm64_32/v3_lib.o /Users/admin/builder/spi-builder-workspace/.dependencies/checkouts/Perfect-COpenSSL/COpenSSL/v3_lib.c normal arm64_32 c com.apple.compilers.llvm.clang.1_0.compiler (in target 'COpenSSL' from project 'COpenSSL')
cd /Users/admin/builder/spi-builder-workspace/.swiftpm/xcode
Using response file: /Users/admin/builder/spi-builder-workspace/.derivedData/Build/Intermediates.noindex/COpenSSL.build/Debug-watchos/COpenSSL-t.build/Objects-normal/arm64_32/7187679823f38a2a940e0043cdf9d637-common-args.resp
builtin-ScanDependencies -o /Users/admin/builder/spi-builder-workspace/.derivedData/Build/Intermediates.noindex/COpenSSL.build/Debug-watchos/COpenSSL-t.build/Objects-normal/arm64_32/v3_lib.o.scan -- /Applications/Xcode-27.0.0-Release.Candidate.app/Contents/Developer/Toolchains/XcodeDefault.xctoolchain/usr/bin/clang -x c -ivfsstatcache /Users/admin/builder/spi-builder-workspace/.derivedData/SDKStatCaches.noindex/watchos27.0-24R360-e829b21a6f8c9b70876ba0858053c04477534ef55a1706bf4c1112bbb242f0a2.sdkstatcache -target arm64_32-apple-watchos9.0 -fmessage-length\=0 -fdiagnostics-show-note-include-stack -fmacro-backtrace-limit\=0 -fno-color-diagnostics -fmodules-prune-interval\=86400 -fmodules-prune-after\=345600 -fbuild-session-file\=/Users/admin/builder/spi-builder-workspace/.derivedData/ModuleCache.noindex/Session.modulevalidation -fmodules-validate-once-per-build-session -Wnon-modular-include-in-framework-module -Werror\=non-modular-include-in-framework-module -Wno-trigraphs -Wno-missing-field-initializers -Wno-missing-prototypes -Wno-return-type -Wno-missing-braces -Wparentheses -Wswitch -Wno-unused-function -Wno-unused-label -Wno-unused-parameter -Wno-unused-variable -Wunused-value -Wno-empty-body -Wno-uninitialized -Wno-unknown-pragmas -w -Wno-shadow -Wno-four-char-constants -Wno-conversion -Wno-constant-conversion -Wno-int-conversion -Wno-bool-conversion -Wno-enum-conversion -Wno-float-conversion -Wno-non-literal-null-conversion -Wno-objc-literal-conversion -Wno-shorten-64-to-32 -Wpointer-sign -Wno-newline-eof -Wno-implicit-fallthrough -isysroot /Applications/Xcode-27.0.0-Release.Candidate.app/Contents/Developer/Platforms/WatchOS.platform/Developer/SDKs/WatchOS27.0.sdk -fstrict-aliasing -Wdeprecated-declarations -Wno-sign-conversion -Wno-infinite-recursion -Wno-comma -Wno-block-capture-autoreleasing -Wno-strict-prototypes -Wno-semicolon-before-method-body -index-store-path /Users/admin/builder/spi-builder-workspace/.derivedData/Index.noindex/DataStore @/Users/admin/builder/spi-builder-workspace/.derivedData/Build/Intermediates.noindex/COpenSSL.build/Debug-watchos/COpenSSL-t.build/Objects-normal/arm64_32/7187679823f38a2a940e0043cdf9d637-common-args.resp -MMD -MT dependencies -MF /Users/admin/builder/spi-builder-workspace/.derivedData/Build/Intermediates.noindex/COpenSSL.build/Debug-watchos/COpenSSL-t.build/Objects-normal/arm64_32/v3_lib.d --serialize-diagnostics /Users/admin/builder/spi-builder-workspace/.derivedData/Build/Intermediates.noindex/COpenSSL.build/Debug-watchos/COpenSSL-t.build/Objects-normal/arm64_32/v3_lib.dia -c /Users/admin/builder/spi-builder-workspace/.dependencies/checkouts/Perfect-COpenSSL/COpenSSL/v3_lib.c -o /Users/admin/builder/spi-builder-workspace/.derivedData/Build/Intermediates.noindex/COpenSSL.build/Debug-watchos/COpenSSL-t.build/Objects-normal/arm64_32/v3_lib.o -index-unit-output-path /COpenSSL.build/Debug-watchos/COpenSSL-t.build/Objects-normal/arm64_32/v3_lib.o
ScanDependencies /Users/admin/builder/spi-builder-workspace/.derivedData/Build/Intermediates.noindex/COpenSSL.build/Debug-watchos/COpenSSL-t.build/Objects-normal/arm64_32/v3_.o /Users/admin/builder/spi-builder-workspace/.dependencies/checkouts/Perfect-COpenSSL/COpenSSL/v3_.c normal arm64_32 c com.apple.compilers.llvm.clang.1_0.compiler (in target 'COpenSSL' from project 'COpenSSL')
cd /Users/admin/builder/spi-builder-workspace/.swiftpm/xcode
Using response file: /Users/admin/builder/spi-builder-workspace/.derivedData/Build/Intermediates.noindex/COpenSSL.build/Debug-watchos/COpenSSL-t.build/Objects-normal/arm64_32/7187679823f38a2a940e0043cdf9d637-common-args.resp
builtin-ScanDependencies -o /Users/admin/builder/spi-builder-workspace/.derivedData/Build/Intermediates.noindex/COpenSSL.build/Debug-watchos/COpenSSL-t.build/Objects-normal/arm64_32/v3_.o.scan -- /Applications/Xcode-27.0.0-Release.Candidate.app/Contents/Developer/Toolchains/XcodeDefault.xctoolchain/usr/bin/clang -x c -ivfsstatcache /Users/admin/builder/spi-builder-workspace/.derivedData/SDKStatCaches.noindex/watchos27.0-24R360-e829b21a6f8c9b70876ba0858053c04477534ef55a1706bf4c1112bbb242f0a2.sdkstatcache -target arm64_32-apple-watchos9.0 -fmessage-length\=0 -fdiagnostics-show-note-include-stack -fmacro-backtrace-limit\=0 -fno-color-diagnostics -fmodules-prune-interval\=86400 -fmodules-prune-after\=345600 -fbuild-session-file\=/Users/admin/builder/spi-builder-workspace/.derivedData/ModuleCache.noindex/Session.modulevalidation -fmodules-validate-once-per-build-session -Wnon-modular-include-in-framework-module -Werror\=non-modular-include-in-framework-module -Wno-trigraphs -Wno-missing-field-initializers -Wno-missing-prototypes -Wno-return-type -Wno-missing-braces -Wparentheses -Wswitch -Wno-unused-function -Wno-unused-label -Wno-unused-parameter -Wno-unused-variable -Wunused-value -Wno-empty-body -Wno-uninitialized -Wno-unknown-pragmas -w -Wno-shadow -Wno-four-char-constants -Wno-conversion -Wno-constant-conversion -Wno-int-conversion -Wno-bool-conversion -Wno-enum-conversion -Wno-float-conversion -Wno-non-literal-null-conversion -Wno-objc-literal-conversion -Wno-shorten-64-to-32 -Wpointer-sign -Wno-newline-eof -Wno-implicit-fallthrough -isysroot /Applications/Xcode-27.0.0-Release.Candidate.app/Contents/Developer/Platforms/WatchOS.platform/Developer/SDKs/WatchOS27.0.sdk -fstrict-aliasing -Wdeprecated-declarations -Wno-sign-conversion -Wno-infinite-recursion -Wno-comma -Wno-block-capture-autoreleasing -Wno-strict-prototypes -Wno-semicolon-before-method-body -index-store-path /Users/admin/builder/spi-builder-workspace/.derivedData/Index.noindex/DataStore @/Users/admin/builder/spi-builder-workspace/.derivedData/Build/Intermediates.noindex/COpenSSL.build/Debug-watchos/COpenSSL-t.build/Objects-normal/arm64_32/7187679823f38a2a940e0043cdf9d637-common-args.resp -MMD -MT dependencies -MF /Users/admin/builder/spi-builder-workspace/.derivedData/Build/Intermediates.noindex/COpenSSL.build/Debug-watchos/COpenSSL-t.build/Objects-normal/arm64_32/v3_.d --serialize-diagnostics /Users/admin/builder/spi-builder-workspace/.derivedData/Build/Intermediates.noindex/COpenSSL.build/Debug-watchos/COpenSSL-t.build/Objects-normal/arm64_32/v3_.dia -c /Users/admin/builder/spi-builder-workspace/.dependencies/checkouts/Perfect-COpenSSL/COpenSSL/v3_.c -o /Users/admin/builder/spi-builder-workspace/.derivedData/Build/Intermediates.noindex/COpenSSL.build/Debug-watchos/COpenSSL-t.build/Objects-normal/arm64_32/v3_.o -index-unit-output-path /COpenSSL.build/Debug-watchos/COpenSSL-t.build/Objects-normal/arm64_32/v3_.o
ScanDependencies /Users/admin/builder/spi-builder-workspace/.derivedData/Build/Intermediates.noindex/COpenSSL.build/Debug-watchos/COpenSSL-t.build/Objects-normal/arm64_32/uid.o /Users/admin/builder/spi-builder-workspace/.dependencies/checkouts/Perfect-COpenSSL/COpenSSL/uid.c normal arm64_32 c com.apple.compilers.llvm.clang.1_0.compiler (in target 'COpenSSL' from project 'COpenSSL')
cd /Users/admin/builder/spi-builder-workspace/.swiftpm/xcode
Using response file: /Users/admin/builder/spi-builder-workspace/.derivedData/Build/Intermediates.noindex/COpenSSL.build/Debug-watchos/COpenSSL-t.build/Objects-normal/arm64_32/7187679823f38a2a940e0043cdf9d637-common-args.resp
builtin-ScanDependencies -o /Users/admin/builder/spi-builder-workspace/.derivedData/Build/Intermediates.noindex/COpenSSL.build/Debug-watchos/COpenSSL-t.build/Objects-normal/arm64_32/uid.o.scan -- /Applications/Xcode-27.0.0-Release.Candidate.app/Contents/Developer/Toolchains/XcodeDefault.xctoolchain/usr/bin/clang -x c -ivfsstatcache /Users/admin/builder/spi-builder-workspace/.derivedData/SDKStatCaches.noindex/watchos27.0-24R360-e829b21a6f8c9b70876ba0858053c04477534ef55a1706bf4c1112bbb242f0a2.sdkstatcache -target arm64_32-apple-watchos9.0 -fmessage-length\=0 -fdiagnostics-show-note-include-stack -fmacro-backtrace-limit\=0 -fno-color-diagnostics -fmodules-prune-interval\=86400 -fmodules-prune-after\=345600 -fbuild-session-file\=/Users/admin/builder/spi-builder-workspace/.derivedData/ModuleCache.noindex/Session.modulevalidation -fmodules-validate-once-per-build-session -Wnon-modular-include-in-framework-module -Werror\=non-modular-include-in-framework-module -Wno-trigraphs -Wno-missing-field-initializers -Wno-missing-prototypes -Wno-return-type -Wno-missing-braces -Wparentheses -Wswitch -Wno-unused-function -Wno-unused-label -Wno-unused-parameter -Wno-unused-variable -Wunused-value -Wno-empty-body -Wno-uninitialized -Wno-unknown-pragmas -w -Wno-shadow -Wno-four-char-constants -Wno-conversion -Wno-constant-conversion -Wno-int-conversion -Wno-bool-conversion -Wno-enum-conversion -Wno-float-conversion -Wno-non-literal-null-conversion -Wno-objc-literal-conversion -Wno-shorten-64-to-32 -Wpointer-sign -Wno-newline-eof -Wno-implicit-fallthrough -isysroot /Applications/Xcode-27.0.0-Release.Candidate.app/Contents/Developer/Platforms/WatchOS.platform/Developer/SDKs/WatchOS27.0.sdk -fstrict-aliasing -Wdeprecated-declarations -Wno-sign-conversion -Wno-infinite-recursion -Wno-comma -Wno-block-capture-autoreleasing -Wno-strict-prototypes -Wno-semicolon-before-method-body -index-store-path /Users/admin/builder/spi-builder-workspace/.derivedData/Index.noindex/DataStore @/Users/admin/builder/spi-builder-workspace/.derivedData/Build/Intermediates.noindex/COpenSSL.build/Debug-watchos/COpenSSL-t.build/Objects-normal/arm64_32/7187679823f38a2a940e0043cdf9d637-common-args.resp -MMD -MT dependencies -MF /Users/admin/builder/spi-builder-workspace/.derivedData/Build/Intermediates.noindex/COpenSSL.build/Debug-watchos/COpenSSL-t.build/Objects-normal/arm64_32/uid.d --serialize-diagnostics /Users/admin/builder/spi-builder-workspace/.derivedData/Build/Intermediates.noindex/COpenSSL.build/Debug-watchos/COpenSSL-t.build/Objects-normal/arm64_32/uid.dia -c /Users/admin/builder/spi-builder-workspace/.dependencies/checkouts/Perfect-COpenSSL/COpenSSL/uid.c -o /Users/admin/builder/spi-builder-workspace/.derivedData/Build/Intermediates.noindex/COpenSSL.build/Debug-watchos/COpenSSL-t.build/Objects-normal/arm64_32/uid.o -index-unit-output-path /COpenSSL.build/Debug-watchos/COpenSSL-t.build/Objects-normal/arm64_32/uid.o
ScanDependencies /Users/admin/builder/spi-builder-workspace/.derivedData/Build/Intermediates.noindex/COpenSSL.build/Debug-watchos/COpenSSL-t.build/Objects-normal/arm64_32/ui_.o /Users/admin/builder/spi-builder-workspace/.dependencies/checkouts/Perfect-COpenSSL/COpenSSL/ui_.c normal arm64_32 c com.apple.compilers.llvm.clang.1_0.compiler (in target 'COpenSSL' from project 'COpenSSL')
cd /Users/admin/builder/spi-builder-workspace/.swiftpm/xcode
Using response file: /Users/admin/builder/spi-builder-workspace/.derivedData/Build/Intermediates.noindex/COpenSSL.build/Debug-watchos/COpenSSL-t.build/Objects-normal/arm64_32/7187679823f38a2a940e0043cdf9d637-common-args.resp
builtin-ScanDependencies -o /Users/admin/builder/spi-builder-workspace/.derivedData/Build/Intermediates.noindex/COpenSSL.build/Debug-watchos/COpenSSL-t.build/Objects-normal/arm64_32/ui_.o.scan -- /Applications/Xcode-27.0.0-Release.Candidate.app/Contents/Developer/Toolchains/XcodeDefault.xctoolchain/usr/bin/clang -x c -ivfsstatcache /Users/admin/builder/spi-builder-workspace/.derivedData/SDKStatCaches.noindex/watchos27.0-24R360-e829b21a6f8c9b70876ba0858053c04477534ef55a1706bf4c1112bbb242f0a2.sdkstatcache -target arm64_32-apple-watchos9.0 -fmessage-length\=0 -fdiagnostics-show-note-include-stack -fmacro-backtrace-limit\=0 -fno-color-diagnostics -fmodules-prune-interval\=86400 -fmodules-prune-after\=345600 -fbuild-session-file\=/Users/admin/builder/spi-builder-workspace/.derivedData/ModuleCache.noindex/Session.modulevalidation -fmodules-validate-once-per-build-session -Wnon-modular-include-in-framework-module -Werror\=non-modular-include-in-framework-module -Wno-trigraphs -Wno-missing-field-initializers -Wno-missing-prototypes -Wno-return-type -Wno-missing-braces -Wparentheses -Wswitch -Wno-unused-function -Wno-unused-label -Wno-unused-parameter -Wno-unused-variable -Wunused-value -Wno-empty-body -Wno-uninitialized -Wno-unknown-pragmas -w -Wno-shadow -Wno-four-char-constants -Wno-conversion -Wno-constant-conversion -Wno-int-conversion -Wno-bool-conversion -Wno-enum-conversion -Wno-float-conversion -Wno-non-literal-null-conversion -Wno-objc-literal-conversion -Wno-shorten-64-to-32 -Wpointer-sign -Wno-newline-eof -Wno-implicit-fallthrough -isysroot /Applications/Xcode-27.0.0-Release.Candidate.app/Contents/Developer/Platforms/WatchOS.platform/Developer/SDKs/WatchOS27.0.sdk -fstrict-aliasing -Wdeprecated-declarations -Wno-sign-conversion -Wno-infinite-recursion -Wno-comma -Wno-block-capture-autoreleasing -Wno-strict-prototypes -Wno-semicolon-before-method-body -index-store-path /Users/admin/builder/spi-builder-workspace/.derivedData/Index.noindex/DataStore @/Users/admin/builder/spi-builder-workspace/.derivedData/Build/Intermediates.noindex/COpenSSL.build/Debug-watchos/COpenSSL-t.build/Objects-normal/arm64_32/7187679823f38a2a940e0043cdf9d637-common-args.resp -MMD -MT dependencies -MF /Users/admin/builder/spi-builder-workspace/.derivedData/Build/Intermediates.noindex/COpenSSL.build/Debug-watchos/COpenSSL-t.build/Objects-normal/arm64_32/ui_.d --serialize-diagnostics /Users/admin/builder/spi-builder-workspace/.derivedData/Build/Intermediates.noindex/COpenSSL.build/Debug-watchos/COpenSSL-t.build/Objects-normal/arm64_32/ui_.dia -c /Users/admin/builder/spi-builder-workspace/.dependencies/checkouts/Perfect-COpenSSL/COpenSSL/ui_.c -o /Users/admin/builder/spi-builder-workspace/.derivedData/Build/Intermediates.noindex/COpenSSL.build/Debug-watchos/COpenSSL-t.build/Objects-normal/arm64_32/ui_.o -index-unit-output-path /COpenSSL.build/Debug-watchos/COpenSSL-t.build/Objects-normal/arm64_32/ui_.o
ScanDependencies /Users/admin/builder/spi-builder-workspace/.derivedData/Build/Intermediates.noindex/COpenSSL.build/Debug-watchos/COpenSSL-t.build/Objects-normal/arm64_32/txt_db.o /Users/admin/builder/spi-builder-workspace/.dependencies/checkouts/Perfect-COpenSSL/COpenSSL/txt_db.c normal arm64_32 c com.apple.compilers.llvm.clang.1_0.compiler (in target 'COpenSSL' from project 'COpenSSL')
cd /Users/admin/builder/spi-builder-workspace/.swiftpm/xcode
Using response file: /Users/admin/builder/spi-builder-workspace/.derivedData/Build/Intermediates.noindex/COpenSSL.build/Debug-watchos/COpenSSL-t.build/Objects-normal/arm64_32/7187679823f38a2a940e0043cdf9d637-common-args.resp
builtin-ScanDependencies -o /Users/admin/builder/spi-builder-workspace/.derivedData/Build/Intermediates.noindex/COpenSSL.build/Debug-watchos/COpenSSL-t.build/Objects-normal/arm64_32/txt_db.o.scan -- /Applications/Xcode-27.0.0-Release.Candidate.app/Contents/Developer/Toolchains/XcodeDefault.xctoolchain/usr/bin/clang -x c -ivfsstatcache /Users/admin/builder/spi-builder-workspace/.derivedData/SDKStatCaches.noindex/watchos27.0-24R360-e829b21a6f8c9b70876ba0858053c04477534ef55a1706bf4c1112bbb242f0a2.sdkstatcache -target arm64_32-apple-watchos9.0 -fmessage-length\=0 -fdiagnostics-show-note-include-stack -fmacro-backtrace-limit\=0 -fno-color-diagnostics -fmodules-prune-interval\=86400 -fmodules-prune-after\=345600 -fbuild-session-file\=/Users/admin/builder/spi-builder-workspace/.derivedData/ModuleCache.noindex/Session.modulevalidation -fmodules-validate-once-per-build-session -Wnon-modular-include-in-framework-module -Werror\=non-modular-include-in-framework-module -Wno-trigraphs -Wno-missing-field-initializers -Wno-missing-prototypes -Wno-return-type -Wno-missing-braces -Wparentheses -Wswitch -Wno-unused-function -Wno-unused-label -Wno-unused-parameter -Wno-unused-variable -Wunused-value -Wno-empty-body -Wno-uninitialized -Wno-unknown-pragmas -w -Wno-shadow -Wno-four-char-constants -Wno-conversion -Wno-constant-conversion -Wno-int-conversion -Wno-bool-conversion -Wno-enum-conversion -Wno-float-conversion -Wno-non-literal-null-conversion -Wno-objc-literal-conversion -Wno-shorten-64-to-32 -Wpointer-sign -Wno-newline-eof -Wno-implicit-fallthrough -isysroot /Applications/Xcode-27.0.0-Release.Candidate.app/Contents/Developer/Platforms/WatchOS.platform/Developer/SDKs/WatchOS27.0.sdk -fstrict-aliasing -Wdeprecated-declarations -Wno-sign-conversion -Wno-infinite-recursion -Wno-comma -Wno-block-capture-autoreleasing -Wno-strict-prototypes -Wno-semicolon-before-method-body -index-store-path /Users/admin/builder/spi-builder-workspace/.derivedData/Index.noindex/DataStore @/Users/admin/builder/spi-builder-workspace/.derivedData/Build/Intermediates.noindex/COpenSSL.build/Debug-watchos/COpenSSL-t.build/Objects-normal/arm64_32/7187679823f38a2a940e0043cdf9d637-common-args.resp -MMD -MT dependencies -MF /Users/admin/builder/spi-builder-workspace/.derivedData/Build/Intermediates.noindex/COpenSSL.build/Debug-watchos/COpenSSL-t.build/Objects-normal/arm64_32/txt_db.d --serialize-diagnostics /Users/admin/builder/spi-builder-workspace/.derivedData/Build/Intermediates.noindex/COpenSSL.build/Debug-watchos/COpenSSL-t.build/Objects-normal/arm64_32/txt_db.dia -c /Users/admin/builder/spi-builder-workspace/.dependencies/checkouts/Perfect-COpenSSL/COpenSSL/txt_db.c -o /Users/admin/builder/spi-builder-workspace/.derivedData/Build/Intermediates.noindex/COpenSSL.build/Debug-watchos/COpenSSL-t.build/Objects-normal/arm64_32/txt_db.o -index-unit-output-path /COpenSSL.build/Debug-watchos/COpenSSL-t.build/Objects-normal/arm64_32/txt_db.o
ScanDependencies /Users/admin/builder/spi-builder-workspace/.derivedData/Build/Intermediates.noindex/COpenSSL.build/Debug-watchos/COpenSSL-t.build/Objects-normal/arm64_32/ts_.o /Users/admin/builder/spi-builder-workspace/.dependencies/checkouts/Perfect-COpenSSL/COpenSSL/ts_.c normal arm64_32 c com.apple.compilers.llvm.clang.1_0.compiler (in target 'COpenSSL' from project 'COpenSSL')
cd /Users/admin/builder/spi-builder-workspace/.swiftpm/xcode
Using response file: /Users/admin/builder/spi-builder-workspace/.derivedData/Build/Intermediates.noindex/COpenSSL.build/Debug-watchos/COpenSSL-t.build/Objects-normal/arm64_32/7187679823f38a2a940e0043cdf9d637-common-args.resp
builtin-ScanDependencies -o /Users/admin/builder/spi-builder-workspace/.derivedData/Build/Intermediates.noindex/COpenSSL.build/Debug-watchos/COpenSSL-t.build/Objects-normal/arm64_32/ts_.o.scan -- /Applications/Xcode-27.0.0-Release.Candidate.app/Contents/Developer/Toolchains/XcodeDefault.xctoolchain/usr/bin/clang -x c -ivfsstatcache /Users/admin/builder/spi-builder-workspace/.derivedData/SDKStatCaches.noindex/watchos27.0-24R360-e829b21a6f8c9b70876ba0858053c04477534ef55a1706bf4c1112bbb242f0a2.sdkstatcache -target arm64_32-apple-watchos9.0 -fmessage-length\=0 -fdiagnostics-show-note-include-stack -fmacro-backtrace-limit\=0 -fno-color-diagnostics -fmodules-prune-interval\=86400 -fmodules-prune-after\=345600 -fbuild-session-file\=/Users/admin/builder/spi-builder-workspace/.derivedData/ModuleCache.noindex/Session.modulevalidation -fmodules-validate-once-per-build-session -Wnon-modular-include-in-framework-module -Werror\=non-modular-include-in-framework-module -Wno-trigraphs -Wno-missing-field-initializers -Wno-missing-prototypes -Wno-return-type -Wno-missing-braces -Wparentheses -Wswitch -Wno-unused-function -Wno-unused-label -Wno-unused-parameter -Wno-unused-variable -Wunused-value -Wno-empty-body -Wno-uninitialized -Wno-unknown-pragmas -w -Wno-shadow -Wno-four-char-constants -Wno-conversion -Wno-constant-conversion -Wno-int-conversion -Wno-bool-conversion -Wno-enum-conversion -Wno-float-conversion -Wno-non-literal-null-conversion -Wno-objc-literal-conversion -Wno-shorten-64-to-32 -Wpointer-sign -Wno-newline-eof -Wno-implicit-fallthrough -isysroot /Applications/Xcode-27.0.0-Release.Candidate.app/Contents/Developer/Platforms/WatchOS.platform/Developer/SDKs/WatchOS27.0.sdk -fstrict-aliasing -Wdeprecated-declarations -Wno-sign-conversion -Wno-infinite-recursion -Wno-comma -Wno-block-capture-autoreleasing -Wno-strict-prototypes -Wno-semicolon-before-method-body -index-store-path /Users/admin/builder/spi-builder-workspace/.derivedData/Index.noindex/DataStore @/Users/admin/builder/spi-builder-workspace/.derivedData/Build/Intermediates.noindex/COpenSSL.build/Debug-watchos/COpenSSL-t.build/Objects-normal/arm64_32/7187679823f38a2a940e0043cdf9d637-common-args.resp -MMD -MT dependencies -MF /Users/admin/builder/spi-builder-workspace/.derivedData/Build/Intermediates.noindex/COpenSSL.build/Debug-watchos/COpenSSL-t.build/Objects-normal/arm64_32/ts_.d --serialize-diagnostics /Users/admin/builder/spi-builder-workspace/.derivedData/Build/Intermediates.noindex/COpenSSL.build/Debug-watchos/COpenSSL-t.build/Objects-normal/arm64_32/ts_.dia -c /Users/admin/builder/spi-builder-workspace/.dependencies/checkouts/Perfect-COpenSSL/COpenSSL/ts_.c -o /Users/admin/builder/spi-builder-workspace/.derivedData/Build/Intermediates.noindex/COpenSSL.build/Debug-watchos/COpenSSL-t.build/Objects-normal/arm64_32/ts_.o -index-unit-output-path /COpenSSL.build/Debug-watchos/COpenSSL-t.build/Objects-normal/arm64_32/ts_.o
ScanDependencies /Users/admin/builder/spi-builder-workspace/.derivedData/Build/Intermediates.noindex/COpenSSL.build/Debug-watchos/COpenSSL-t.build/Objects-normal/arm64_32/tls_srp.o /Users/admin/builder/spi-builder-workspace/.dependencies/checkouts/Perfect-COpenSSL/COpenSSL/tls_srp.c normal arm64_32 c com.apple.compilers.llvm.clang.1_0.compiler (in target 'COpenSSL' from project 'COpenSSL')
cd /Users/admin/builder/spi-builder-workspace/.swiftpm/xcode
Using response file: /Users/admin/builder/spi-builder-workspace/.derivedData/Build/Intermediates.noindex/COpenSSL.build/Debug-watchos/COpenSSL-t.build/Objects-normal/arm64_32/7187679823f38a2a940e0043cdf9d637-common-args.resp
builtin-ScanDependencies -o /Users/admin/builder/spi-builder-workspace/.derivedData/Build/Intermediates.noindex/COpenSSL.build/Debug-watchos/COpenSSL-t.build/Objects-normal/arm64_32/tls_srp.o.scan -- /Applications/Xcode-27.0.0-Release.Candidate.app/Contents/Developer/Toolchains/XcodeDefault.xctoolchain/usr/bin/clang -x c -ivfsstatcache /Users/admin/builder/spi-builder-workspace/.derivedData/SDKStatCaches.noindex/watchos27.0-24R360-e829b21a6f8c9b70876ba0858053c04477534ef55a1706bf4c1112bbb242f0a2.sdkstatcache -target arm64_32-apple-watchos9.0 -fmessage-length\=0 -fdiagnostics-show-note-include-stack -fmacro-backtrace-limit\=0 -fno-color-diagnostics -fmodules-prune-interval\=86400 -fmodules-prune-after\=345600 -fbuild-session-file\=/Users/admin/builder/spi-builder-workspace/.derivedData/ModuleCache.noindex/Session.modulevalidation -fmodules-validate-once-per-build-session -Wnon-modular-include-in-framework-module -Werror\=non-modular-include-in-framework-module -Wno-trigraphs -Wno-missing-field-initializers -Wno-missing-prototypes -Wno-return-type -Wno-missing-braces -Wparentheses -Wswitch -Wno-unused-function -Wno-unused-label -Wno-unused-parameter -Wno-unused-variable -Wunused-value -Wno-empty-body -Wno-uninitialized -Wno-unknown-pragmas -w -Wno-shadow -Wno-four-char-constants -Wno-conversion -Wno-constant-conversion -Wno-int-conversion -Wno-bool-conversion -Wno-enum-conversion -Wno-float-conversion -Wno-non-literal-null-conversion -Wno-objc-literal-conversion -Wno-shorten-64-to-32 -Wpointer-sign -Wno-newline-eof -Wno-implicit-fallthrough -isysroot /Applications/Xcode-27.0.0-Release.Candidate.app/Contents/Developer/Platforms/WatchOS.platform/Developer/SDKs/WatchOS27.0.sdk -fstrict-aliasing -Wdeprecated-declarations -Wno-sign-conversion -Wno-infinite-recursion -Wno-comma -Wno-block-capture-autoreleasing -Wno-strict-prototypes -Wno-semicolon-before-method-body -index-store-path /Users/admin/builder/spi-builder-workspace/.derivedData/Index.noindex/DataStore @/Users/admin/builder/spi-builder-workspace/.derivedData/Build/Intermediates.noindex/COpenSSL.build/Debug-watchos/COpenSSL-t.build/Objects-normal/arm64_32/7187679823f38a2a940e0043cdf9d637-common-args.resp -MMD -MT dependencies -MF /Users/admin/builder/spi-builder-workspace/.derivedData/Build/Intermediates.noindex/COpenSSL.build/Debug-watchos/COpenSSL-t.build/Objects-normal/arm64_32/tls_srp.d --serialize-diagnostics /Users/admin/builder/spi-builder-workspace/.derivedData/Build/Intermediates.noindex/COpenSSL.build/Debug-watchos/COpenSSL-t.build/Objects-normal/arm64_32/tls_srp.dia -c /Users/admin/builder/spi-builder-workspace/.dependencies/checkouts/Perfect-COpenSSL/COpenSSL/tls_srp.c -o /Users/admin/builder/spi-builder-workspace/.derivedData/Build/Intermediates.noindex/COpenSSL.build/Debug-watchos/COpenSSL-t.build/Objects-normal/arm64_32/tls_srp.o -index-unit-output-path /COpenSSL.build/Debug-watchos/COpenSSL-t.build/Objects-normal/arm64_32/tls_srp.o
ScanDependencies /Users/admin/builder/spi-builder-workspace/.derivedData/Build/Intermediates.noindex/COpenSSL.build/Debug-watchos/COpenSSL-t.build/Objects-normal/arm64_32/th-lock.o /Users/admin/builder/spi-builder-workspace/.dependencies/checkouts/Perfect-COpenSSL/COpenSSL/th-lock.c normal arm64_32 c com.apple.compilers.llvm.clang.1_0.compiler (in target 'COpenSSL' from project 'COpenSSL')
cd /Users/admin/builder/spi-builder-workspace/.swiftpm/xcode
Using response file: /Users/admin/builder/spi-builder-workspace/.derivedData/Build/Intermediates.noindex/COpenSSL.build/Debug-watchos/COpenSSL-t.build/Objects-normal/arm64_32/7187679823f38a2a940e0043cdf9d637-common-args.resp
builtin-ScanDependencies -o /Users/admin/builder/spi-builder-workspace/.derivedData/Build/Intermediates.noindex/COpenSSL.build/Debug-watchos/COpenSSL-t.build/Objects-normal/arm64_32/th-lock.o.scan -- /Applications/Xcode-27.0.0-Release.Candidate.app/Contents/Developer/Toolchains/XcodeDefault.xctoolchain/usr/bin/clang -x c -ivfsstatcache /Users/admin/builder/spi-builder-workspace/.derivedData/SDKStatCaches.noindex/watchos27.0-24R360-e829b21a6f8c9b70876ba0858053c04477534ef55a1706bf4c1112bbb242f0a2.sdkstatcache -target arm64_32-apple-watchos9.0 -fmessage-length\=0 -fdiagnostics-show-note-include-stack -fmacro-backtrace-limit\=0 -fno-color-diagnostics -fmodules-prune-interval\=86400 -fmodules-prune-after\=345600 -fbuild-session-file\=/Users/admin/builder/spi-builder-workspace/.derivedData/ModuleCache.noindex/Session.modulevalidation -fmodules-validate-once-per-build-session -Wnon-modular-include-in-framework-module -Werror\=non-modular-include-in-framework-module -Wno-trigraphs -Wno-missing-field-initializers -Wno-missing-prototypes -Wno-return-type -Wno-missing-braces -Wparentheses -Wswitch -Wno-unused-function -Wno-unused-label -Wno-unused-parameter -Wno-unused-variable -Wunused-value -Wno-empty-body -Wno-uninitialized -Wno-unknown-pragmas -w -Wno-shadow -Wno-four-char-constants -Wno-conversion -Wno-constant-conversion -Wno-int-conversion -Wno-bool-conversion -Wno-enum-conversion -Wno-float-conversion -Wno-non-literal-null-conversion -Wno-objc-literal-conversion -Wno-shorten-64-to-32 -Wpointer-sign -Wno-newline-eof -Wno-implicit-fallthrough -isysroot /Applications/Xcode-27.0.0-Release.Candidate.app/Contents/Developer/Platforms/WatchOS.platform/Developer/SDKs/WatchOS27.0.sdk -fstrict-aliasing -Wdeprecated-declarations -Wno-sign-conversion -Wno-infinite-recursion -Wno-comma -Wno-block-capture-autoreleasing -Wno-strict-prototypes -Wno-semicolon-before-method-body -index-store-path /Users/admin/builder/spi-builder-workspace/.derivedData/Index.noindex/DataStore @/Users/admin/builder/spi-builder-workspace/.derivedData/Build/Intermediates.noindex/COpenSSL.build/Debug-watchos/COpenSSL-t.build/Objects-normal/arm64_32/7187679823f38a2a940e0043cdf9d637-common-args.resp -MMD -MT dependencies -MF /Users/admin/builder/spi-builder-workspace/.derivedData/Build/Intermediates.noindex/COpenSSL.build/Debug-watchos/COpenSSL-t.build/Objects-normal/arm64_32/th-lock.d --serialize-diagnostics /Users/admin/builder/spi-builder-workspace/.derivedData/Build/Intermediates.noindex/COpenSSL.build/Debug-watchos/COpenSSL-t.build/Objects-normal/arm64_32/th-lock.dia -c /Users/admin/builder/spi-builder-workspace/.dependencies/checkouts/Perfect-COpenSSL/COpenSSL/th-lock.c -o /Users/admin/builder/spi-builder-workspace/.derivedData/Build/Intermediates.noindex/COpenSSL.build/Debug-watchos/COpenSSL-t.build/Objects-normal/arm64_32/th-lock.o -index-unit-output-path /COpenSSL.build/Debug-watchos/COpenSSL-t.build/Objects-normal/arm64_32/th-lock.o
ScanDependencies /Users/admin/builder/spi-builder-workspace/.derivedData/Build/Intermediates.noindex/COpenSSL.build/Debug-watchos/COpenSSL-t.build/Objects-normal/arm64_32/tb_store.o /Users/admin/builder/spi-builder-workspace/.dependencies/checkouts/Perfect-COpenSSL/COpenSSL/tb_store.c normal arm64_32 c com.apple.compilers.llvm.clang.1_0.compiler (in target 'COpenSSL' from project 'COpenSSL')
cd /Users/admin/builder/spi-builder-workspace/.swiftpm/xcode
Using response file: /Users/admin/builder/spi-builder-workspace/.derivedData/Build/Intermediates.noindex/COpenSSL.build/Debug-watchos/COpenSSL-t.build/Objects-normal/arm64_32/7187679823f38a2a940e0043cdf9d637-common-args.resp
builtin-ScanDependencies -o /Users/admin/builder/spi-builder-workspace/.derivedData/Build/Intermediates.noindex/COpenSSL.build/Debug-watchos/COpenSSL-t.build/Objects-normal/arm64_32/tb_store.o.scan -- /Applications/Xcode-27.0.0-Release.Candidate.app/Contents/Developer/Toolchains/XcodeDefault.xctoolchain/usr/bin/clang -x c -ivfsstatcache /Users/admin/builder/spi-builder-workspace/.derivedData/SDKStatCaches.noindex/watchos27.0-24R360-e829b21a6f8c9b70876ba0858053c04477534ef55a1706bf4c1112bbb242f0a2.sdkstatcache -target arm64_32-apple-watchos9.0 -fmessage-length\=0 -fdiagnostics-show-note-include-stack -fmacro-backtrace-limit\=0 -fno-color-diagnostics -fmodules-prune-interval\=86400 -fmodules-prune-after\=345600 -fbuild-session-file\=/Users/admin/builder/spi-builder-workspace/.derivedData/ModuleCache.noindex/Session.modulevalidation -fmodules-validate-once-per-build-session -Wnon-modular-include-in-framework-module -Werror\=non-modular-include-in-framework-module -Wno-trigraphs -Wno-missing-field-initializers -Wno-missing-prototypes -Wno-return-type -Wno-missing-braces -Wparentheses -Wswitch -Wno-unused-function -Wno-unused-label -Wno-unused-parameter -Wno-unused-variable -Wunused-value -Wno-empty-body -Wno-uninitialized -Wno-unknown-pragmas -w -Wno-shadow -Wno-four-char-constants -Wno-conversion -Wno-constant-conversion -Wno-int-conversion -Wno-bool-conversion -Wno-enum-conversion -Wno-float-conversion -Wno-non-literal-null-conversion -Wno-objc-literal-conversion -Wno-shorten-64-to-32 -Wpointer-sign -Wno-newline-eof -Wno-implicit-fallthrough -isysroot /Applications/Xcode-27.0.0-Release.Candidate.app/Contents/Developer/Platforms/WatchOS.platform/Developer/SDKs/WatchOS27.0.sdk -fstrict-aliasing -Wdeprecated-declarations -Wno-sign-conversion -Wno-infinite-recursion -Wno-comma -Wno-block-capture-autoreleasing -Wno-strict-prototypes -Wno-semicolon-before-method-body -index-store-path /Users/admin/builder/spi-builder-workspace/.derivedData/Index.noindex/DataStore @/Users/admin/builder/spi-builder-workspace/.derivedData/Build/Intermediates.noindex/COpenSSL.build/Debug-watchos/COpenSSL-t.build/Objects-normal/arm64_32/7187679823f38a2a940e0043cdf9d637-common-args.resp -MMD -MT dependencies -MF /Users/admin/builder/spi-builder-workspace/.derivedData/Build/Intermediates.noindex/COpenSSL.build/Debug-watchos/COpenSSL-t.build/Objects-normal/arm64_32/tb_store.d --serialize-diagnostics /Users/admin/builder/spi-builder-workspace/.derivedData/Build/Intermediates.noindex/COpenSSL.build/Debug-watchos/COpenSSL-t.build/Objects-normal/arm64_32/tb_store.dia -c /Users/admin/builder/spi-builder-workspace/.dependencies/checkouts/Perfect-COpenSSL/COpenSSL/tb_store.c -o /Users/admin/builder/spi-builder-workspace/.derivedData/Build/Intermediates.noindex/COpenSSL.build/Debug-watchos/COpenSSL-t.build/Objects-normal/arm64_32/tb_store.o -index-unit-output-path /COpenSSL.build/Debug-watchos/COpenSSL-t.build/Objects-normal/arm64_32/tb_store.o
SwiftDriver PerfectThread normal arm64_32 com.apple.xcode.tools.swift.compiler (in target 'PerfectThread' from project 'PerfectThread')
cd /Users/admin/builder/spi-builder-workspace/.swiftpm/xcode
builtin-SwiftDriver -- /Applications/Xcode-27.0.0-Release.Candidate.app/Contents/Developer/Toolchains/XcodeDefault.xctoolchain/usr/bin/swiftc -parse-as-library -module-name PerfectThread -Onone @/Users/admin/builder/spi-builder-workspace/.derivedData/Build/Intermediates.noindex/PerfectThread.build/Debug-watchos/PerfectThread-t.build/Objects-normal/arm64_32/PerfectThread.SwiftFileList -DSWIFT_PACKAGE -DDEBUG -DSWIFT_MODULE_RESOURCE_BUNDLE_UNAVAILABLE -DXcode -plugin-path /Applications/Xcode-27.0.0-Release.Candidate.app/Contents/Developer/Toolchains/XcodeDefault.xctoolchain/usr/lib/swift/host/plugins/testing -enable-experimental-feature DebugDescriptionMacro -sdk /Applications/Xcode-27.0.0-Release.Candidate.app/Contents/Developer/Platforms/WatchOS.platform/Developer/SDKs/WatchOS27.0.sdk -target arm64_32-apple-watchos9.0 -g -module-cache-path /Users/admin/builder/spi-builder-workspace/.derivedData/ModuleCache.noindex -Xfrontend -serialize-debugging-options -enable-testing -suppress-warnings -index-store-path /Users/admin/builder/spi-builder-workspace/.derivedData/Index.noindex/DataStore -Xcc -D_LIBCPP_HARDENING_MODE\=_LIBCPP_HARDENING_MODE_DEBUG -swift-version 4 -I /Users/admin/builder/spi-builder-workspace/.derivedData/Build/Products/Debug-watchos -Isystem /Applications/Xcode-27.0.0-Release.Candidate.app/Contents/Developer/Platforms/WatchOS.platform/Developer/usr/lib -F /Users/admin/builder/spi-builder-workspace/.derivedData/Build/Products/Debug-watchos -F /Applications/Xcode-27.0.0-Release.Candidate.app/Contents/Developer/Platforms/WatchOS.platform/Developer/Library/Frameworks -F /Applications/Xcode-27.0.0-Release.Candidate.app/Contents/Developer/Platforms/WatchOS.platform/Developer/SDKs/WatchOS27.0.sdk/Developer/Library/Frameworks -c -j10 -enable-batch-mode -incremental -Xcc -ivfsstatcache -Xcc /Users/admin/builder/spi-builder-workspace/.derivedData/SDKStatCaches.noindex/watchos27.0-24R360-e829b21a6f8c9b70876ba0858053c04477534ef55a1706bf4c1112bbb242f0a2.sdkstatcache -output-file-map /Users/admin/builder/spi-builder-workspace/.derivedData/Build/Intermediates.noindex/PerfectThread.build/Debug-watchos/PerfectThread-t.build/Objects-normal/arm64_32/PerfectThread-OutputFileMap.json -save-temps -no-color-diagnostics -emit-dependencies -emit-module -emit-module-path /Users/admin/builder/spi-builder-workspace/.derivedData/Build/Intermediates.noindex/PerfectThread.build/Debug-watchos/PerfectThread-t.build/Objects-normal/arm64_32/PerfectThread.swiftmodule -serialize-diagnostics -validate-clang-modules-once -clang-build-session-file /Users/admin/builder/spi-builder-workspace/.derivedData/ModuleCache.noindex/Session.modulevalidation -Xcc -fmodules-prune-interval\=86400 -Xcc -fmodules-prune-after\=345600 -emit-const-values -const-gather-protocols-list /Users/admin/builder/spi-builder-workspace/.derivedData/Build/Intermediates.noindex/PerfectThread.build/Debug-watchos/PerfectThread-t.build/Objects-normal/arm64_32/PerfectThread_const_extract_protocols.json -Xcc -I/Users/admin/builder/spi-builder-workspace/.derivedData/Build/Products/Debug-watchos/include -Xcc -I/Users/admin/builder/spi-builder-workspace/.derivedData/Build/Intermediates.noindex/PerfectThread.build/Debug-watchos/PerfectThread-t.build/DerivedSources-normal/arm64_32 -Xcc -I/Users/admin/builder/spi-builder-workspace/.derivedData/Build/Intermediates.noindex/PerfectThread.build/Debug-watchos/PerfectThread-t.build/DerivedSources/arm64_32 -Xcc -I/Users/admin/builder/spi-builder-workspace/.derivedData/Build/Intermediates.noindex/PerfectThread.build/Debug-watchos/PerfectThread-t.build/DerivedSources -Xcc -DSWIFT_PACKAGE -Xcc -DDEBUG\=1 -emit-objc-header -emit-objc-header-path /Users/admin/builder/spi-builder-workspace/.derivedData/Build/Intermediates.noindex/PerfectThread.build/Debug-watchos/PerfectThread-t.build/Objects-normal/arm64_32/PerfectThread-Swift.h -working-directory /Users/admin/builder/spi-builder-workspace/.swiftpm/xcode -experimental-emit-module-separately -disable-cmo
SwiftDriver PerfectThread normal arm64 com.apple.xcode.tools.swift.compiler (in target 'PerfectThread' from project 'PerfectThread')
cd /Users/admin/builder/spi-builder-workspace/.swiftpm/xcode
builtin-SwiftDriver -- /Applications/Xcode-27.0.0-Release.Candidate.app/Contents/Developer/Toolchains/XcodeDefault.xctoolchain/usr/bin/swiftc -parse-as-library -module-name PerfectThread -Onone @/Users/admin/builder/spi-builder-workspace/.derivedData/Build/Intermediates.noindex/PerfectThread.build/Debug-watchos/PerfectThread-t.build/Objects-normal/arm64/PerfectThread.SwiftFileList -DSWIFT_PACKAGE -DDEBUG -DSWIFT_MODULE_RESOURCE_BUNDLE_UNAVAILABLE -DXcode -plugin-path /Applications/Xcode-27.0.0-Release.Candidate.app/Contents/Developer/Toolchains/XcodeDefault.xctoolchain/usr/lib/swift/host/plugins/testing -enable-experimental-feature DebugDescriptionMacro -sdk /Applications/Xcode-27.0.0-Release.Candidate.app/Contents/Developer/Platforms/WatchOS.platform/Developer/SDKs/WatchOS27.0.sdk -target arm64-apple-watchos9.0 -g -module-cache-path /Users/admin/builder/spi-builder-workspace/.derivedData/ModuleCache.noindex -Xfrontend -serialize-debugging-options -enable-testing -suppress-warnings -index-store-path /Users/admin/builder/spi-builder-workspace/.derivedData/Index.noindex/DataStore -Xcc -D_LIBCPP_HARDENING_MODE\=_LIBCPP_HARDENING_MODE_DEBUG -swift-version 4 -I /Users/admin/builder/spi-builder-workspace/.derivedData/Build/Products/Debug-watchos -Isystem /Applications/Xcode-27.0.0-Release.Candidate.app/Contents/Developer/Platforms/WatchOS.platform/Developer/usr/lib -F /Users/admin/builder/spi-builder-workspace/.derivedData/Build/Products/Debug-watchos -F /Applications/Xcode-27.0.0-Release.Candidate.app/Contents/Developer/Platforms/WatchOS.platform/Developer/Library/Frameworks -F /Applications/Xcode-27.0.0-Release.Candidate.app/Contents/Developer/Platforms/WatchOS.platform/Developer/SDKs/WatchOS27.0.sdk/Developer/Library/Frameworks -c -j10 -enable-batch-mode -incremental -Xcc -ivfsstatcache -Xcc /Users/admin/builder/spi-builder-workspace/.derivedData/SDKStatCaches.noindex/watchos27.0-24R360-e829b21a6f8c9b70876ba0858053c04477534ef55a1706bf4c1112bbb242f0a2.sdkstatcache -output-file-map /Users/admin/builder/spi-builder-workspace/.derivedData/Build/Intermediates.noindex/PerfectThread.build/Debug-watchos/PerfectThread-t.build/Objects-normal/arm64/PerfectThread-OutputFileMap.json -save-temps -no-color-diagnostics -emit-dependencies -emit-module -emit-module-path /Users/admin/builder/spi-builder-workspace/.derivedData/Build/Intermediates.noindex/PerfectThread.build/Debug-watchos/PerfectThread-t.build/Objects-normal/arm64/PerfectThread.swiftmodule -serialize-diagnostics -validate-clang-modules-once -clang-build-session-file /Users/admin/builder/spi-builder-workspace/.derivedData/ModuleCache.noindex/Session.modulevalidation -Xcc -fmodules-prune-interval\=86400 -Xcc -fmodules-prune-after\=345600 -emit-const-values -const-gather-protocols-list /Users/admin/builder/spi-builder-workspace/.derivedData/Build/Intermediates.noindex/PerfectThread.build/Debug-watchos/PerfectThread-t.build/Objects-normal/arm64/PerfectThread_const_extract_protocols.json -Xcc -I/Users/admin/builder/spi-builder-workspace/.derivedData/Build/Products/Debug-watchos/include -Xcc -I/Users/admin/builder/spi-builder-workspace/.derivedData/Build/Intermediates.noindex/PerfectThread.build/Debug-watchos/PerfectThread-t.build/DerivedSources-normal/arm64 -Xcc -I/Users/admin/builder/spi-builder-workspace/.derivedData/Build/Intermediates.noindex/PerfectThread.build/Debug-watchos/PerfectThread-t.build/DerivedSources/arm64 -Xcc -I/Users/admin/builder/spi-builder-workspace/.derivedData/Build/Intermediates.noindex/PerfectThread.build/Debug-watchos/PerfectThread-t.build/DerivedSources -Xcc -DSWIFT_PACKAGE -Xcc -DDEBUG\=1 -emit-objc-header -emit-objc-header-path /Users/admin/builder/spi-builder-workspace/.derivedData/Build/Intermediates.noindex/PerfectThread.build/Debug-watchos/PerfectThread-t.build/Objects-normal/arm64/PerfectThread-Swift.h -working-directory /Users/admin/builder/spi-builder-workspace/.swiftpm/xcode -experimental-emit-module-separately -disable-cmo
SwiftDriver PerfectLib normal arm64 com.apple.xcode.tools.swift.compiler (in target 'PerfectLib' from project 'PerfectLib')
cd /Users/admin/builder/spi-builder-workspace/.swiftpm/xcode
builtin-SwiftDriver -- /Applications/Xcode-27.0.0-Release.Candidate.app/Contents/Developer/Toolchains/XcodeDefault.xctoolchain/usr/bin/swiftc -parse-as-library -module-name PerfectLib -Onone @/Users/admin/builder/spi-builder-workspace/.derivedData/Build/Intermediates.noindex/PerfectLib.build/Debug-watchos/PerfectLib-t.build/Objects-normal/arm64/PerfectLib.SwiftFileList -DSWIFT_PACKAGE -DDEBUG -DSWIFT_MODULE_RESOURCE_BUNDLE_UNAVAILABLE -DXcode -plugin-path /Applications/Xcode-27.0.0-Release.Candidate.app/Contents/Developer/Toolchains/XcodeDefault.xctoolchain/usr/lib/swift/host/plugins/testing -enable-experimental-feature DebugDescriptionMacro -sdk /Applications/Xcode-27.0.0-Release.Candidate.app/Contents/Developer/Platforms/WatchOS.platform/Developer/SDKs/WatchOS27.0.sdk -target arm64-apple-watchos9.0 -g -module-cache-path /Users/admin/builder/spi-builder-workspace/.derivedData/ModuleCache.noindex -Xfrontend -serialize-debugging-options -enable-testing -suppress-warnings -index-store-path /Users/admin/builder/spi-builder-workspace/.derivedData/Index.noindex/DataStore -Xcc -D_LIBCPP_HARDENING_MODE\=_LIBCPP_HARDENING_MODE_DEBUG -swift-version 4 -I /Users/admin/builder/spi-builder-workspace/.derivedData/Build/Products/Debug-watchos -Isystem /Applications/Xcode-27.0.0-Release.Candidate.app/Contents/Developer/Platforms/WatchOS.platform/Developer/usr/lib -F /Users/admin/builder/spi-builder-workspace/.derivedData/Build/Products/Debug-watchos -F /Applications/Xcode-27.0.0-Release.Candidate.app/Contents/Developer/Platforms/WatchOS.platform/Developer/Library/Frameworks -F /Applications/Xcode-27.0.0-Release.Candidate.app/Contents/Developer/Platforms/WatchOS.platform/Developer/SDKs/WatchOS27.0.sdk/Developer/Library/Frameworks -c -j10 -enable-batch-mode -incremental -Xcc -ivfsstatcache -Xcc /Users/admin/builder/spi-builder-workspace/.derivedData/SDKStatCaches.noindex/watchos27.0-24R360-e829b21a6f8c9b70876ba0858053c04477534ef55a1706bf4c1112bbb242f0a2.sdkstatcache -output-file-map /Users/admin/builder/spi-builder-workspace/.derivedData/Build/Intermediates.noindex/PerfectLib.build/Debug-watchos/PerfectLib-t.build/Objects-normal/arm64/PerfectLib-OutputFileMap.json -save-temps -no-color-diagnostics -emit-dependencies -emit-module -emit-module-path /Users/admin/builder/spi-builder-workspace/.derivedData/Build/Intermediates.noindex/PerfectLib.build/Debug-watchos/PerfectLib-t.build/Objects-normal/arm64/PerfectLib.swiftmodule -serialize-diagnostics -validate-clang-modules-once -clang-build-session-file /Users/admin/builder/spi-builder-workspace/.derivedData/ModuleCache.noindex/Session.modulevalidation -Xcc -fmodules-prune-interval\=86400 -Xcc -fmodules-prune-after\=345600 -emit-const-values -const-gather-protocols-list /Users/admin/builder/spi-builder-workspace/.derivedData/Build/Intermediates.noindex/PerfectLib.build/Debug-watchos/PerfectLib-t.build/Objects-normal/arm64/PerfectLib_const_extract_protocols.json -Xcc -I/Users/admin/builder/spi-builder-workspace/.derivedData/Build/Products/Debug-watchos/include -Xcc -I/Users/admin/builder/spi-builder-workspace/.derivedData/Build/Intermediates.noindex/PerfectLib.build/Debug-watchos/PerfectLib-t.build/DerivedSources-normal/arm64 -Xcc -I/Users/admin/builder/spi-builder-workspace/.derivedData/Build/Intermediates.noindex/PerfectLib.build/Debug-watchos/PerfectLib-t.build/DerivedSources/arm64 -Xcc -I/Users/admin/builder/spi-builder-workspace/.derivedData/Build/Intermediates.noindex/PerfectLib.build/Debug-watchos/PerfectLib-t.build/DerivedSources -Xcc -DSWIFT_PACKAGE -Xcc -DDEBUG\=1 -emit-objc-header -emit-objc-header-path /Users/admin/builder/spi-builder-workspace/.derivedData/Build/Intermediates.noindex/PerfectLib.build/Debug-watchos/PerfectLib-t.build/Objects-normal/arm64/PerfectLib-Swift.h -working-directory /Users/admin/builder/spi-builder-workspace/.swiftpm/xcode -experimental-emit-module-separately -disable-cmo
SwiftDriver PerfectLib normal arm64_32 com.apple.xcode.tools.swift.compiler (in target 'PerfectLib' from project 'PerfectLib')
cd /Users/admin/builder/spi-builder-workspace/.swiftpm/xcode
builtin-SwiftDriver -- /Applications/Xcode-27.0.0-Release.Candidate.app/Contents/Developer/Toolchains/XcodeDefault.xctoolchain/usr/bin/swiftc -parse-as-library -module-name PerfectLib -Onone @/Users/admin/builder/spi-builder-workspace/.derivedData/Build/Intermediates.noindex/PerfectLib.build/Debug-watchos/PerfectLib-t.build/Objects-normal/arm64_32/PerfectLib.SwiftFileList -DSWIFT_PACKAGE -DDEBUG -DSWIFT_MODULE_RESOURCE_BUNDLE_UNAVAILABLE -DXcode -plugin-path /Applications/Xcode-27.0.0-Release.Candidate.app/Contents/Developer/Toolchains/XcodeDefault.xctoolchain/usr/lib/swift/host/plugins/testing -enable-experimental-feature DebugDescriptionMacro -sdk /Applications/Xcode-27.0.0-Release.Candidate.app/Contents/Developer/Platforms/WatchOS.platform/Developer/SDKs/WatchOS27.0.sdk -target arm64_32-apple-watchos9.0 -g -module-cache-path /Users/admin/builder/spi-builder-workspace/.derivedData/ModuleCache.noindex -Xfrontend -serialize-debugging-options -enable-testing -suppress-warnings -index-store-path /Users/admin/builder/spi-builder-workspace/.derivedData/Index.noindex/DataStore -Xcc -D_LIBCPP_HARDENING_MODE\=_LIBCPP_HARDENING_MODE_DEBUG -swift-version 4 -I /Users/admin/builder/spi-builder-workspace/.derivedData/Build/Products/Debug-watchos -Isystem /Applications/Xcode-27.0.0-Release.Candidate.app/Contents/Developer/Platforms/WatchOS.platform/Developer/usr/lib -F /Users/admin/builder/spi-builder-workspace/.derivedData/Build/Products/Debug-watchos -F /Applications/Xcode-27.0.0-Release.Candidate.app/Contents/Developer/Platforms/WatchOS.platform/Developer/Library/Frameworks -F /Applications/Xcode-27.0.0-Release.Candidate.app/Contents/Developer/Platforms/WatchOS.platform/Developer/SDKs/WatchOS27.0.sdk/Developer/Library/Frameworks -c -j10 -enable-batch-mode -incremental -Xcc -ivfsstatcache -Xcc /Users/admin/builder/spi-builder-workspace/.derivedData/SDKStatCaches.noindex/watchos27.0-24R360-e829b21a6f8c9b70876ba0858053c04477534ef55a1706bf4c1112bbb242f0a2.sdkstatcache -output-file-map /Users/admin/builder/spi-builder-workspace/.derivedData/Build/Intermediates.noindex/PerfectLib.build/Debug-watchos/PerfectLib-t.build/Objects-normal/arm64_32/PerfectLib-OutputFileMap.json -save-temps -no-color-diagnostics -emit-dependencies -emit-module -emit-module-path /Users/admin/builder/spi-builder-workspace/.derivedData/Build/Intermediates.noindex/PerfectLib.build/Debug-watchos/PerfectLib-t.build/Objects-normal/arm64_32/PerfectLib.swiftmodule -serialize-diagnostics -validate-clang-modules-once -clang-build-session-file /Users/admin/builder/spi-builder-workspace/.derivedData/ModuleCache.noindex/Session.modulevalidation -Xcc -fmodules-prune-interval\=86400 -Xcc -fmodules-prune-after\=345600 -emit-const-values -const-gather-protocols-list /Users/admin/builder/spi-builder-workspace/.derivedData/Build/Intermediates.noindex/PerfectLib.build/Debug-watchos/PerfectLib-t.build/Objects-normal/arm64_32/PerfectLib_const_extract_protocols.json -Xcc -I/Users/admin/builder/spi-builder-workspace/.derivedData/Build/Products/Debug-watchos/include -Xcc -I/Users/admin/builder/spi-builder-workspace/.derivedData/Build/Intermediates.noindex/PerfectLib.build/Debug-watchos/PerfectLib-t.build/DerivedSources-normal/arm64_32 -Xcc -I/Users/admin/builder/spi-builder-workspace/.derivedData/Build/Intermediates.noindex/PerfectLib.build/Debug-watchos/PerfectLib-t.build/DerivedSources/arm64_32 -Xcc -I/Users/admin/builder/spi-builder-workspace/.derivedData/Build/Intermediates.noindex/PerfectLib.build/Debug-watchos/PerfectLib-t.build/DerivedSources -Xcc -DSWIFT_PACKAGE -Xcc -DDEBUG\=1 -emit-objc-header -emit-objc-header-path /Users/admin/builder/spi-builder-workspace/.derivedData/Build/Intermediates.noindex/PerfectLib.build/Debug-watchos/PerfectLib-t.build/Objects-normal/arm64_32/PerfectLib-Swift.h -working-directory /Users/admin/builder/spi-builder-workspace/.swiftpm/xcode -experimental-emit-module-separately -disable-cmo
SwiftDriver PerfectCRUD normal arm64_32 com.apple.xcode.tools.swift.compiler (in target 'PerfectCRUD' from project 'PerfectCRUD')
cd /Users/admin/builder/spi-builder-workspace/.swiftpm/xcode
builtin-SwiftDriver -- /Applications/Xcode-27.0.0-Release.Candidate.app/Contents/Developer/Toolchains/XcodeDefault.xctoolchain/usr/bin/swiftc -parse-as-library -module-name PerfectCRUD -Onone @/Users/admin/builder/spi-builder-workspace/.derivedData/Build/Intermediates.noindex/PerfectCRUD.build/Debug-watchos/PerfectCRUD-t.build/Objects-normal/arm64_32/PerfectCRUD.SwiftFileList -DSWIFT_PACKAGE -DDEBUG -DSWIFT_MODULE_RESOURCE_BUNDLE_UNAVAILABLE -DXcode -plugin-path /Applications/Xcode-27.0.0-Release.Candidate.app/Contents/Developer/Toolchains/XcodeDefault.xctoolchain/usr/lib/swift/host/plugins/testing -enable-experimental-feature DebugDescriptionMacro -sdk /Applications/Xcode-27.0.0-Release.Candidate.app/Contents/Developer/Platforms/WatchOS.platform/Developer/SDKs/WatchOS27.0.sdk -target arm64_32-apple-watchos9.0 -g -module-cache-path /Users/admin/builder/spi-builder-workspace/.derivedData/ModuleCache.noindex -Xfrontend -serialize-debugging-options -enable-testing -suppress-warnings -index-store-path /Users/admin/builder/spi-builder-workspace/.derivedData/Index.noindex/DataStore -Xcc -D_LIBCPP_HARDENING_MODE\=_LIBCPP_HARDENING_MODE_DEBUG -swift-version 4 -I /Users/admin/builder/spi-builder-workspace/.derivedData/Build/Products/Debug-watchos -Isystem /Applications/Xcode-27.0.0-Release.Candidate.app/Contents/Developer/Platforms/WatchOS.platform/Developer/usr/lib -F /Users/admin/builder/spi-builder-workspace/.derivedData/Build/Products/Debug-watchos -F /Applications/Xcode-27.0.0-Release.Candidate.app/Contents/Developer/Platforms/WatchOS.platform/Developer/Library/Frameworks -F /Applications/Xcode-27.0.0-Release.Candidate.app/Contents/Developer/Platforms/WatchOS.platform/Developer/SDKs/WatchOS27.0.sdk/Developer/Library/Frameworks -c -j10 -enable-batch-mode -incremental -Xcc -ivfsstatcache -Xcc /Users/admin/builder/spi-builder-workspace/.derivedData/SDKStatCaches.noindex/watchos27.0-24R360-e829b21a6f8c9b70876ba0858053c04477534ef55a1706bf4c1112bbb242f0a2.sdkstatcache -output-file-map /Users/admin/builder/spi-builder-workspace/.derivedData/Build/Intermediates.noindex/PerfectCRUD.build/Debug-watchos/PerfectCRUD-t.build/Objects-normal/arm64_32/PerfectCRUD-OutputFileMap.json -save-temps -no-color-diagnostics -emit-dependencies -emit-module -emit-module-path /Users/admin/builder/spi-builder-workspace/.derivedData/Build/Intermediates.noindex/PerfectCRUD.build/Debug-watchos/PerfectCRUD-t.build/Objects-normal/arm64_32/PerfectCRUD.swiftmodule -serialize-diagnostics -validate-clang-modules-once -clang-build-session-file /Users/admin/builder/spi-builder-workspace/.derivedData/ModuleCache.noindex/Session.modulevalidation -Xcc -fmodules-prune-interval\=86400 -Xcc -fmodules-prune-after\=345600 -emit-const-values -const-gather-protocols-list /Users/admin/builder/spi-builder-workspace/.derivedData/Build/Intermediates.noindex/PerfectCRUD.build/Debug-watchos/PerfectCRUD-t.build/Objects-normal/arm64_32/PerfectCRUD_const_extract_protocols.json -Xcc -I/Users/admin/builder/spi-builder-workspace/.derivedData/Build/Products/Debug-watchos/include -Xcc -I/Users/admin/builder/spi-builder-workspace/.derivedData/Build/Intermediates.noindex/PerfectCRUD.build/Debug-watchos/PerfectCRUD-t.build/DerivedSources-normal/arm64_32 -Xcc -I/Users/admin/builder/spi-builder-workspace/.derivedData/Build/Intermediates.noindex/PerfectCRUD.build/Debug-watchos/PerfectCRUD-t.build/DerivedSources/arm64_32 -Xcc -I/Users/admin/builder/spi-builder-workspace/.derivedData/Build/Intermediates.noindex/PerfectCRUD.build/Debug-watchos/PerfectCRUD-t.build/DerivedSources -Xcc -DSWIFT_PACKAGE -Xcc -DDEBUG\=1 -emit-objc-header -emit-objc-header-path /Users/admin/builder/spi-builder-workspace/.derivedData/Build/Intermediates.noindex/PerfectCRUD.build/Debug-watchos/PerfectCRUD-t.build/Objects-normal/arm64_32/PerfectCRUD-Swift.h -working-directory /Users/admin/builder/spi-builder-workspace/.swiftpm/xcode -experimental-emit-module-separately -disable-cmo
SwiftDriver PerfectCRUD normal arm64 com.apple.xcode.tools.swift.compiler (in target 'PerfectCRUD' from project 'PerfectCRUD')
cd /Users/admin/builder/spi-builder-workspace/.swiftpm/xcode
builtin-SwiftDriver -- /Applications/Xcode-27.0.0-Release.Candidate.app/Contents/Developer/Toolchains/XcodeDefault.xctoolchain/usr/bin/swiftc -parse-as-library -module-name PerfectCRUD -Onone @/Users/admin/builder/spi-builder-workspace/.derivedData/Build/Intermediates.noindex/PerfectCRUD.build/Debug-watchos/PerfectCRUD-t.build/Objects-normal/arm64/PerfectCRUD.SwiftFileList -DSWIFT_PACKAGE -DDEBUG -DSWIFT_MODULE_RESOURCE_BUNDLE_UNAVAILABLE -DXcode -plugin-path /Applications/Xcode-27.0.0-Release.Candidate.app/Contents/Developer/Toolchains/XcodeDefault.xctoolchain/usr/lib/swift/host/plugins/testing -enable-experimental-feature DebugDescriptionMacro -sdk /Applications/Xcode-27.0.0-Release.Candidate.app/Contents/Developer/Platforms/WatchOS.platform/Developer/SDKs/WatchOS27.0.sdk -target arm64-apple-watchos9.0 -g -module-cache-path /Users/admin/builder/spi-builder-workspace/.derivedData/ModuleCache.noindex -Xfrontend -serialize-debugging-options -enable-testing -suppress-warnings -index-store-path /Users/admin/builder/spi-builder-workspace/.derivedData/Index.noindex/DataStore -Xcc -D_LIBCPP_HARDENING_MODE\=_LIBCPP_HARDENING_MODE_DEBUG -swift-version 4 -I /Users/admin/builder/spi-builder-workspace/.derivedData/Build/Products/Debug-watchos -Isystem /Applications/Xcode-27.0.0-Release.Candidate.app/Contents/Developer/Platforms/WatchOS.platform/Developer/usr/lib -F /Users/admin/builder/spi-builder-workspace/.derivedData/Build/Products/Debug-watchos -F /Applications/Xcode-27.0.0-Release.Candidate.app/Contents/Developer/Platforms/WatchOS.platform/Developer/Library/Frameworks -F /Applications/Xcode-27.0.0-Release.Candidate.app/Contents/Developer/Platforms/WatchOS.platform/Developer/SDKs/WatchOS27.0.sdk/Developer/Library/Frameworks -c -j10 -enable-batch-mode -incremental -Xcc -ivfsstatcache -Xcc /Users/admin/builder/spi-builder-workspace/.derivedData/SDKStatCaches.noindex/watchos27.0-24R360-e829b21a6f8c9b70876ba0858053c04477534ef55a1706bf4c1112bbb242f0a2.sdkstatcache -output-file-map /Users/admin/builder/spi-builder-workspace/.derivedData/Build/Intermediates.noindex/PerfectCRUD.build/Debug-watchos/PerfectCRUD-t.build/Objects-normal/arm64/PerfectCRUD-OutputFileMap.json -save-temps -no-color-diagnostics -emit-dependencies -emit-module -emit-module-path /Users/admin/builder/spi-builder-workspace/.derivedData/Build/Intermediates.noindex/PerfectCRUD.build/Debug-watchos/PerfectCRUD-t.build/Objects-normal/arm64/PerfectCRUD.swiftmodule -serialize-diagnostics -validate-clang-modules-once -clang-build-session-file /Users/admin/builder/spi-builder-workspace/.derivedData/ModuleCache.noindex/Session.modulevalidation -Xcc -fmodules-prune-interval\=86400 -Xcc -fmodules-prune-after\=345600 -emit-const-values -const-gather-protocols-list /Users/admin/builder/spi-builder-workspace/.derivedData/Build/Intermediates.noindex/PerfectCRUD.build/Debug-watchos/PerfectCRUD-t.build/Objects-normal/arm64/PerfectCRUD_const_extract_protocols.json -Xcc -I/Users/admin/builder/spi-builder-workspace/.derivedData/Build/Products/Debug-watchos/include -Xcc -I/Users/admin/builder/spi-builder-workspace/.derivedData/Build/Intermediates.noindex/PerfectCRUD.build/Debug-watchos/PerfectCRUD-t.build/DerivedSources-normal/arm64 -Xcc -I/Users/admin/builder/spi-builder-workspace/.derivedData/Build/Intermediates.noindex/PerfectCRUD.build/Debug-watchos/PerfectCRUD-t.build/DerivedSources/arm64 -Xcc -I/Users/admin/builder/spi-builder-workspace/.derivedData/Build/Intermediates.noindex/PerfectCRUD.build/Debug-watchos/PerfectCRUD-t.build/DerivedSources -Xcc -DSWIFT_PACKAGE -Xcc -DDEBUG\=1 -emit-objc-header -emit-objc-header-path /Users/admin/builder/spi-builder-workspace/.derivedData/Build/Intermediates.noindex/PerfectCRUD.build/Debug-watchos/PerfectCRUD-t.build/Objects-normal/arm64/PerfectCRUD-Swift.h -working-directory /Users/admin/builder/spi-builder-workspace/.swiftpm/xcode -experimental-emit-module-separately -disable-cmo
PrecompileModule /Users/admin/builder/spi-builder-workspace/.derivedData/Build/Intermediates.noindex/ExplicitPrecompiledModules/_DarwinFoundation2-UOPWJD88NWYOYIOBXLEYL9XL.scan
cd /
builtin-precompileModule /Users/admin/builder/spi-builder-workspace/.derivedData/Build/Intermediates.noindex/ExplicitPrecompiledModules/_DarwinFoundation2-UOPWJD88NWYOYIOBXLEYL9XL.scan
PrecompileModule /Users/admin/builder/spi-builder-workspace/.derivedData/Build/Intermediates.noindex/ExplicitPrecompiledModules/_Builtin_limits-6E5IW1WWU6EKZ86KTL42OEAKK.scan
cd /
builtin-precompileModule /Users/admin/builder/spi-builder-workspace/.derivedData/Build/Intermediates.noindex/ExplicitPrecompiledModules/_Builtin_limits-6E5IW1WWU6EKZ86KTL42OEAKK.scan
ScanDependencies /Users/admin/builder/spi-builder-workspace/.derivedData/Build/Intermediates.noindex/COpenSSL.build/Debug-watchos/COpenSSL-t.build/Objects-normal/arm64_32/tb_rsa.o /Users/admin/builder/spi-builder-workspace/.dependencies/checkouts/Perfect-COpenSSL/COpenSSL/tb_rsa.c normal arm64_32 c com.apple.compilers.llvm.clang.1_0.compiler (in target 'COpenSSL' from project 'COpenSSL')
cd /Users/admin/builder/spi-builder-workspace/.swiftpm/xcode
Using response file: /Users/admin/builder/spi-builder-workspace/.derivedData/Build/Intermediates.noindex/COpenSSL.build/Debug-watchos/COpenSSL-t.build/Objects-normal/arm64_32/7187679823f38a2a940e0043cdf9d637-common-args.resp
builtin-ScanDependencies -o /Users/admin/builder/spi-builder-workspace/.derivedData/Build/Intermediates.noindex/COpenSSL.build/Debug-watchos/COpenSSL-t.build/Objects-normal/arm64_32/tb_rsa.o.scan -- /Applications/Xcode-27.0.0-Release.Candidate.app/Contents/Developer/Toolchains/XcodeDefault.xctoolchain/usr/bin/clang -x c -ivfsstatcache /Users/admin/builder/spi-builder-workspace/.derivedData/SDKStatCaches.noindex/watchos27.0-24R360-e829b21a6f8c9b70876ba0858053c04477534ef55a1706bf4c1112bbb242f0a2.sdkstatcache -target arm64_32-apple-watchos9.0 -fmessage-length\=0 -fdiagnostics-show-note-include-stack -fmacro-backtrace-limit\=0 -fno-color-diagnostics -fmodules-prune-interval\=86400 -fmodules-prune-after\=345600 -fbuild-session-file\=/Users/admin/builder/spi-builder-workspace/.derivedData/ModuleCache.noindex/Session.modulevalidation -fmodules-validate-once-per-build-session -Wnon-modular-include-in-framework-module -Werror\=non-modular-include-in-framework-module -Wno-trigraphs -Wno-missing-field-initializers -Wno-missing-prototypes -Wno-return-type -Wno-missing-braces -Wparentheses -Wswitch -Wno-unused-function -Wno-unused-label -Wno-unused-parameter -Wno-unused-variable -Wunused-value -Wno-empty-body -Wno-uninitialized -Wno-unknown-pragmas -w -Wno-shadow -Wno-four-char-constants -Wno-conversion -Wno-constant-conversion -Wno-int-conversion -Wno-bool-conversion -Wno-enum-conversion -Wno-float-conversion -Wno-non-literal-null-conversion -Wno-objc-literal-conversion -Wno-shorten-64-to-32 -Wpointer-sign -Wno-newline-eof -Wno-implicit-fallthrough -isysroot /Applications/Xcode-27.0.0-Release.Candidate.app/Contents/Developer/Platforms/WatchOS.platform/Developer/SDKs/WatchOS27.0.sdk -fstrict-aliasing -Wdeprecated-declarations -Wno-sign-conversion -Wno-infinite-recursion -Wno-comma -Wno-block-capture-autoreleasing -Wno-strict-prototypes -Wno-semicolon-before-method-body -index-store-path /Users/admin/builder/spi-builder-workspace/.derivedData/Index.noindex/DataStore @/Users/admin/builder/spi-builder-workspace/.derivedData/Build/Intermediates.noindex/COpenSSL.build/Debug-watchos/COpenSSL-t.build/Objects-normal/arm64_32/7187679823f38a2a940e0043cdf9d637-common-args.resp -MMD -MT dependencies -MF /Users/admin/builder/spi-builder-workspace/.derivedData/Build/Intermediates.noindex/COpenSSL.build/Debug-watchos/COpenSSL-t.build/Objects-normal/arm64_32/tb_rsa.d --serialize-diagnostics /Users/admin/builder/spi-builder-workspace/.derivedData/Build/Intermediates.noindex/COpenSSL.build/Debug-watchos/COpenSSL-t.build/Objects-normal/arm64_32/tb_rsa.dia -c /Users/admin/builder/spi-builder-workspace/.dependencies/checkouts/Perfect-COpenSSL/COpenSSL/tb_rsa.c -o /Users/admin/builder/spi-builder-workspace/.derivedData/Build/Intermediates.noindex/COpenSSL.build/Debug-watchos/COpenSSL-t.build/Objects-normal/arm64_32/tb_rsa.o -index-unit-output-path /COpenSSL.build/Debug-watchos/COpenSSL-t.build/Objects-normal/arm64_32/tb_rsa.o
ScanDependencies /Users/admin/builder/spi-builder-workspace/.derivedData/Build/Intermediates.noindex/COpenSSL.build/Debug-watchos/COpenSSL-t.build/Objects-normal/arm64_32/tb_rand.o /Users/admin/builder/spi-builder-workspace/.dependencies/checkouts/Perfect-COpenSSL/COpenSSL/tb_rand.c normal arm64_32 c com.apple.compilers.llvm.clang.1_0.compiler (in target 'COpenSSL' from project 'COpenSSL')
cd /Users/admin/builder/spi-builder-workspace/.swiftpm/xcode
Using response file: /Users/admin/builder/spi-builder-workspace/.derivedData/Build/Intermediates.noindex/COpenSSL.build/Debug-watchos/COpenSSL-t.build/Objects-normal/arm64_32/7187679823f38a2a940e0043cdf9d637-common-args.resp
builtin-ScanDependencies -o /Users/admin/builder/spi-builder-workspace/.derivedData/Build/Intermediates.noindex/COpenSSL.build/Debug-watchos/COpenSSL-t.build/Objects-normal/arm64_32/tb_rand.o.scan -- /Applications/Xcode-27.0.0-Release.Candidate.app/Contents/Developer/Toolchains/XcodeDefault.xctoolchain/usr/bin/clang -x c -ivfsstatcache /Users/admin/builder/spi-builder-workspace/.derivedData/SDKStatCaches.noindex/watchos27.0-24R360-e829b21a6f8c9b70876ba0858053c04477534ef55a1706bf4c1112bbb242f0a2.sdkstatcache -target arm64_32-apple-watchos9.0 -fmessage-length\=0 -fdiagnostics-show-note-include-stack -fmacro-backtrace-limit\=0 -fno-color-diagnostics -fmodules-prune-interval\=86400 -fmodules-prune-after\=345600 -fbuild-session-file\=/Users/admin/builder/spi-builder-workspace/.derivedData/ModuleCache.noindex/Session.modulevalidation -fmodules-validate-once-per-build-session -Wnon-modular-include-in-framework-module -Werror\=non-modular-include-in-framework-module -Wno-trigraphs -Wno-missing-field-initializers -Wno-missing-prototypes -Wno-return-type -Wno-missing-braces -Wparentheses -Wswitch -Wno-unused-function -Wno-unused-label -Wno-unused-parameter -Wno-unused-variable -Wunused-value -Wno-empty-body -Wno-uninitialized -Wno-unknown-pragmas -w -Wno-shadow -Wno-four-char-constants -Wno-conversion -Wno-constant-conversion -Wno-int-conversion -Wno-bool-conversion -Wno-enum-conversion -Wno-float-conversion -Wno-non-literal-null-conversion -Wno-objc-literal-conversion -Wno-shorten-64-to-32 -Wpointer-sign -Wno-newline-eof -Wno-implicit-fallthrough -isysroot /Applications/Xcode-27.0.0-Release.Candidate.app/Contents/Developer/Platforms/WatchOS.platform/Developer/SDKs/WatchOS27.0.sdk -fstrict-aliasing -Wdeprecated-declarations -Wno-sign-conversion -Wno-infinite-recursion -Wno-comma -Wno-block-capture-autoreleasing -Wno-strict-prototypes -Wno-semicolon-before-method-body -index-store-path /Users/admin/builder/spi-builder-workspace/.derivedData/Index.noindex/DataStore @/Users/admin/builder/spi-builder-workspace/.derivedData/Build/Intermediates.noindex/COpenSSL.build/Debug-watchos/COpenSSL-t.build/Objects-normal/arm64_32/7187679823f38a2a940e0043cdf9d637-common-args.resp -MMD -MT dependencies -MF /Users/admin/builder/spi-builder-workspace/.derivedData/Build/Intermediates.noindex/COpenSSL.build/Debug-watchos/COpenSSL-t.build/Objects-normal/arm64_32/tb_rand.d --serialize-diagnostics /Users/admin/builder/spi-builder-workspace/.derivedData/Build/Intermediates.noindex/COpenSSL.build/Debug-watchos/COpenSSL-t.build/Objects-normal/arm64_32/tb_rand.dia -c /Users/admin/builder/spi-builder-workspace/.dependencies/checkouts/Perfect-COpenSSL/COpenSSL/tb_rand.c -o /Users/admin/builder/spi-builder-workspace/.derivedData/Build/Intermediates.noindex/COpenSSL.build/Debug-watchos/COpenSSL-t.build/Objects-normal/arm64_32/tb_rand.o -index-unit-output-path /COpenSSL.build/Debug-watchos/COpenSSL-t.build/Objects-normal/arm64_32/tb_rand.o
PrecompileModule /Users/admin/builder/spi-builder-workspace/.derivedData/Build/Intermediates.noindex/ExplicitPrecompiledModules/_Builtin_stdbool-C795FZDBIYT8T1PWQI3ZQAS0Z.scan
cd /
builtin-precompileModule /Users/admin/builder/spi-builder-workspace/.derivedData/Build/Intermediates.noindex/ExplicitPrecompiledModules/_Builtin_stdbool-C795FZDBIYT8T1PWQI3ZQAS0Z.scan
ScanDependencies /Users/admin/builder/spi-builder-workspace/.derivedData/Build/Intermediates.noindex/COpenSSL.build/Debug-watchos/COpenSSL-t.build/Objects-normal/arm64_32/tb_pkmeth.o /Users/admin/builder/spi-builder-workspace/.dependencies/checkouts/Perfect-COpenSSL/COpenSSL/tb_pkmeth.c normal arm64_32 c com.apple.compilers.llvm.clang.1_0.compiler (in target 'COpenSSL' from project 'COpenSSL')
cd /Users/admin/builder/spi-builder-workspace/.swiftpm/xcode
Using response file: /Users/admin/builder/spi-builder-workspace/.derivedData/Build/Intermediates.noindex/COpenSSL.build/Debug-watchos/COpenSSL-t.build/Objects-normal/arm64_32/7187679823f38a2a940e0043cdf9d637-common-args.resp
builtin-ScanDependencies -o /Users/admin/builder/spi-builder-workspace/.derivedData/Build/Intermediates.noindex/COpenSSL.build/Debug-watchos/COpenSSL-t.build/Objects-normal/arm64_32/tb_pkmeth.o.scan -- /Applications/Xcode-27.0.0-Release.Candidate.app/Contents/Developer/Toolchains/XcodeDefault.xctoolchain/usr/bin/clang -x c -ivfsstatcache /Users/admin/builder/spi-builder-workspace/.derivedData/SDKStatCaches.noindex/watchos27.0-24R360-e829b21a6f8c9b70876ba0858053c04477534ef55a1706bf4c1112bbb242f0a2.sdkstatcache -target arm64_32-apple-watchos9.0 -fmessage-length\=0 -fdiagnostics-show-note-include-stack -fmacro-backtrace-limit\=0 -fno-color-diagnostics -fmodules-prune-interval\=86400 -fmodules-prune-after\=345600 -fbuild-session-file\=/Users/admin/builder/spi-builder-workspace/.derivedData/ModuleCache.noindex/Session.modulevalidation -fmodules-validate-once-per-build-session -Wnon-modular-include-in-framework-module -Werror\=non-modular-include-in-framework-module -Wno-trigraphs -Wno-missing-field-initializers -Wno-missing-prototypes -Wno-return-type -Wno-missing-braces -Wparentheses -Wswitch -Wno-unused-function -Wno-unused-label -Wno-unused-parameter -Wno-unused-variable -Wunused-value -Wno-empty-body -Wno-uninitialized -Wno-unknown-pragmas -w -Wno-shadow -Wno-four-char-constants -Wno-conversion -Wno-constant-conversion -Wno-int-conversion -Wno-bool-conversion -Wno-enum-conversion -Wno-float-conversion -Wno-non-literal-null-conversion -Wno-objc-literal-conversion -Wno-shorten-64-to-32 -Wpointer-sign -Wno-newline-eof -Wno-implicit-fallthrough -isysroot /Applications/Xcode-27.0.0-Release.Candidate.app/Contents/Developer/Platforms/WatchOS.platform/Developer/SDKs/WatchOS27.0.sdk -fstrict-aliasing -Wdeprecated-declarations -Wno-sign-conversion -Wno-infinite-recursion -Wno-comma -Wno-block-capture-autoreleasing -Wno-strict-prototypes -Wno-semicolon-before-method-body -index-store-path /Users/admin/builder/spi-builder-workspace/.derivedData/Index.noindex/DataStore @/Users/admin/builder/spi-builder-workspace/.derivedData/Build/Intermediates.noindex/COpenSSL.build/Debug-watchos/COpenSSL-t.build/Objects-normal/arm64_32/7187679823f38a2a940e0043cdf9d637-common-args.resp -MMD -MT dependencies -MF /Users/admin/builder/spi-builder-workspace/.derivedData/Build/Intermediates.noindex/COpenSSL.build/Debug-watchos/COpenSSL-t.build/Objects-normal/arm64_32/tb_pkmeth.d --serialize-diagnostics /Users/admin/builder/spi-builder-workspace/.derivedData/Build/Intermediates.noindex/COpenSSL.build/Debug-watchos/COpenSSL-t.build/Objects-normal/arm64_32/tb_pkmeth.dia -c /Users/admin/builder/spi-builder-workspace/.dependencies/checkouts/Perfect-COpenSSL/COpenSSL/tb_pkmeth.c -o /Users/admin/builder/spi-builder-workspace/.derivedData/Build/Intermediates.noindex/COpenSSL.build/Debug-watchos/COpenSSL-t.build/Objects-normal/arm64_32/tb_pkmeth.o -index-unit-output-path /COpenSSL.build/Debug-watchos/COpenSSL-t.build/Objects-normal/arm64_32/tb_pkmeth.o
SwiftEmitModule normal arm64_32 Emitting\ module\ for\ PerfectThread (in target 'PerfectThread' from project 'PerfectThread')
SwiftCompile normal arm64_32 (in target 'PerfectThread' from project 'PerfectThread')
cd /Users/admin/builder/spi-builder-workspace/.swiftpm/xcode
SwiftEmitModule normal arm64 Emitting\ module\ for\ PerfectThread (in target 'PerfectThread' from project 'PerfectThread')
SwiftCompile normal arm64 (in target 'PerfectThread' from project 'PerfectThread')
cd /Users/admin/builder/spi-builder-workspace/.swiftpm/xcode
SwiftCompile normal arm64 Compiling\ Threading.swift /Users/admin/builder/spi-builder-workspace/.dependencies/checkouts/Perfect-Thread/Sources/PerfectThread/Threading.swift (in target 'PerfectThread' from project 'PerfectThread')
SwiftCompile normal arm64 /Users/admin/builder/spi-builder-workspace/.dependencies/checkouts/Perfect-Thread/Sources/PerfectThread/Threading.swift (in target 'PerfectThread' from project 'PerfectThread')
cd /Users/admin/builder/spi-builder-workspace/.swiftpm/xcode
builtin-SwiftPerFileCompile Threading.swift
SwiftCompile normal arm64 Compiling\ ThreadQueue.swift /Users/admin/builder/spi-builder-workspace/.dependencies/checkouts/Perfect-Thread/Sources/PerfectThread/ThreadQueue.swift (in target 'PerfectThread' from project 'PerfectThread')
SwiftCompile normal arm64 /Users/admin/builder/spi-builder-workspace/.dependencies/checkouts/Perfect-Thread/Sources/PerfectThread/ThreadQueue.swift (in target 'PerfectThread' from project 'PerfectThread')
cd /Users/admin/builder/spi-builder-workspace/.swiftpm/xcode
builtin-SwiftPerFileCompile ThreadQueue.swift
SwiftCompile normal arm64_32 Compiling\ ThreadQueue.swift /Users/admin/builder/spi-builder-workspace/.dependencies/checkouts/Perfect-Thread/Sources/PerfectThread/ThreadQueue.swift (in target 'PerfectThread' from project 'PerfectThread')
SwiftCompile normal arm64_32 /Users/admin/builder/spi-builder-workspace/.dependencies/checkouts/Perfect-Thread/Sources/PerfectThread/ThreadQueue.swift (in target 'PerfectThread' from project 'PerfectThread')
cd /Users/admin/builder/spi-builder-workspace/.swiftpm/xcode
builtin-SwiftPerFileCompile ThreadQueue.swift
SwiftCompile normal arm64_32 Compiling\ Threading.swift /Users/admin/builder/spi-builder-workspace/.dependencies/checkouts/Perfect-Thread/Sources/PerfectThread/Threading.swift (in target 'PerfectThread' from project 'PerfectThread')
SwiftCompile normal arm64_32 /Users/admin/builder/spi-builder-workspace/.dependencies/checkouts/Perfect-Thread/Sources/PerfectThread/Threading.swift (in target 'PerfectThread' from project 'PerfectThread')
cd /Users/admin/builder/spi-builder-workspace/.swiftpm/xcode
builtin-SwiftPerFileCompile Threading.swift
SwiftCompile normal arm64 Compiling\ Promise.swift /Users/admin/builder/spi-builder-workspace/.dependencies/checkouts/Perfect-Thread/Sources/PerfectThread/Promise.swift (in target 'PerfectThread' from project 'PerfectThread')
SwiftCompile normal arm64 /Users/admin/builder/spi-builder-workspace/.dependencies/checkouts/Perfect-Thread/Sources/PerfectThread/Promise.swift (in target 'PerfectThread' from project 'PerfectThread')
cd /Users/admin/builder/spi-builder-workspace/.swiftpm/xcode
builtin-SwiftPerFileCompile Promise.swift
SwiftEmitModule normal arm64 Emitting\ module\ for\ PerfectLib (in target 'PerfectLib' from project 'PerfectLib')
/Users/admin/builder/spi-builder-workspace/.dependencies/checkouts/PerfectLib/Sources/PerfectLib/SysProcess.swift:102:3: error: 'posix_spawn_file_actions_init' is unavailable in watchOS
100 | var spawnRes = 0
101 | #else
102 | posix_spawn_file_actions_init(&action);
| `- error: 'posix_spawn_file_actions_init' is unavailable in watchOS
103 | posix_spawn_file_actions_adddup2(&action, fSTDOUT[1], STDOUT_FILENO);
104 | posix_spawn_file_actions_adddup2(&action, fSTDIN[0], STDIN_FILENO);
/Applications/Xcode-27.0.0-Release.Candidate.app/Contents/Developer/Platforms/WatchOS.platform/Developer/SDKs/WatchOS27.0.sdk/usr/include/spawn.h:89:9: note: 'posix_spawn_file_actions_init' has been explicitly marked unavailable here
87 | int posix_spawn_file_actions_destroy(posix_spawn_file_actions_t *) __API_AVAILABLE(macos(10.5), ios(2.0)) __API_UNAVAILABLE(watchos, tvos);
88 |
89 | int posix_spawn_file_actions_init(posix_spawn_file_actions_t *) __API_AVAILABLE(macos(10.5), ios(2.0)) __API_UNAVAILABLE(watchos, tvos);
| `- note: 'posix_spawn_file_actions_init' has been explicitly marked unavailable here
90 |
91 | int posix_spawnattr_destroy(posix_spawnattr_t *) __API_AVAILABLE(macos(10.5), ios(2.0)) __API_UNAVAILABLE(watchos, tvos);
/Users/admin/builder/spi-builder-workspace/.dependencies/checkouts/PerfectLib/Sources/PerfectLib/SysProcess.swift:103:3: error: 'posix_spawn_file_actions_adddup2' is unavailable in watchOS
101 | #else
102 | posix_spawn_file_actions_init(&action);
103 | posix_spawn_file_actions_adddup2(&action, fSTDOUT[1], STDOUT_FILENO);
| `- error: 'posix_spawn_file_actions_adddup2' is unavailable in watchOS
104 | posix_spawn_file_actions_adddup2(&action, fSTDIN[0], STDIN_FILENO);
105 | posix_spawn_file_actions_adddup2(&action, fSTDERR[1], STDERR_FILENO);
/Applications/Xcode-27.0.0-Release.Candidate.app/Contents/Developer/Platforms/WatchOS.platform/Developer/SDKs/WatchOS27.0.sdk/usr/include/spawn.h:80:9: note: 'posix_spawn_file_actions_adddup2' has been explicitly marked unavailable here
78 | int posix_spawn_file_actions_addclose(posix_spawn_file_actions_t *, int) __API_AVAILABLE(macos(10.5), ios(2.0)) __API_UNAVAILABLE(watchos, tvos);
79 |
80 | int posix_spawn_file_actions_adddup2(posix_spawn_file_actions_t *, int,
| `- note: 'posix_spawn_file_actions_adddup2' has been explicitly marked unavailable here
81 | int) __API_AVAILABLE(macos(10.5), ios(2.0)) __API_UNAVAILABLE(watchos, tvos);
82 |
/Users/admin/builder/spi-builder-workspace/.dependencies/checkouts/PerfectLib/Sources/PerfectLib/SysProcess.swift:104:3: error: 'posix_spawn_file_actions_adddup2' is unavailable in watchOS
102 | posix_spawn_file_actions_init(&action);
103 | posix_spawn_file_actions_adddup2(&action, fSTDOUT[1], STDOUT_FILENO);
104 | posix_spawn_file_actions_adddup2(&action, fSTDIN[0], STDIN_FILENO);
| `- error: 'posix_spawn_file_actions_adddup2' is unavailable in watchOS
105 | posix_spawn_file_actions_adddup2(&action, fSTDERR[1], STDERR_FILENO);
106 |
/Applications/Xcode-27.0.0-Release.Candidate.app/Contents/Developer/Platforms/WatchOS.platform/Developer/SDKs/WatchOS27.0.sdk/usr/include/spawn.h:80:9: note: 'posix_spawn_file_actions_adddup2' has been explicitly marked unavailable here
78 | int posix_spawn_file_actions_addclose(posix_spawn_file_actions_t *, int) __API_AVAILABLE(macos(10.5), ios(2.0)) __API_UNAVAILABLE(watchos, tvos);
79 |
80 | int posix_spawn_file_actions_adddup2(posix_spawn_file_actions_t *, int,
| `- note: 'posix_spawn_file_actions_adddup2' has been explicitly marked unavailable here
81 | int) __API_AVAILABLE(macos(10.5), ios(2.0)) __API_UNAVAILABLE(watchos, tvos);
82 |
/Users/admin/builder/spi-builder-workspace/.dependencies/checkouts/PerfectLib/Sources/PerfectLib/SysProcess.swift:105:3: error: 'posix_spawn_file_actions_adddup2' is unavailable in watchOS
103 | posix_spawn_file_actions_adddup2(&action, fSTDOUT[1], STDOUT_FILENO);
104 | posix_spawn_file_actions_adddup2(&action, fSTDIN[0], STDIN_FILENO);
105 | posix_spawn_file_actions_adddup2(&action, fSTDERR[1], STDERR_FILENO);
| `- error: 'posix_spawn_file_actions_adddup2' is unavailable in watchOS
106 |
107 | posix_spawn_file_actions_addclose(&action, fSTDOUT[0]);
/Applications/Xcode-27.0.0-Release.Candidate.app/Contents/Developer/Platforms/WatchOS.platform/Developer/SDKs/WatchOS27.0.sdk/usr/include/spawn.h:80:9: note: 'posix_spawn_file_actions_adddup2' has been explicitly marked unavailable here
78 | int posix_spawn_file_actions_addclose(posix_spawn_file_actions_t *, int) __API_AVAILABLE(macos(10.5), ios(2.0)) __API_UNAVAILABLE(watchos, tvos);
79 |
80 | int posix_spawn_file_actions_adddup2(posix_spawn_file_actions_t *, int,
| `- note: 'posix_spawn_file_actions_adddup2' has been explicitly marked unavailable here
81 | int) __API_AVAILABLE(macos(10.5), ios(2.0)) __API_UNAVAILABLE(watchos, tvos);
82 |
/Users/admin/builder/spi-builder-workspace/.dependencies/checkouts/PerfectLib/Sources/PerfectLib/SysProcess.swift:107:3: error: 'posix_spawn_file_actions_addclose' is unavailable in watchOS
105 | posix_spawn_file_actions_adddup2(&action, fSTDERR[1], STDERR_FILENO);
106 |
107 | posix_spawn_file_actions_addclose(&action, fSTDOUT[0]);
| `- error: 'posix_spawn_file_actions_addclose' is unavailable in watchOS
108 | posix_spawn_file_actions_addclose(&action, fSTDIN[0]);
109 | posix_spawn_file_actions_addclose(&action, fSTDERR[0]);
/Applications/Xcode-27.0.0-Release.Candidate.app/Contents/Developer/Platforms/WatchOS.platform/Developer/SDKs/WatchOS27.0.sdk/usr/include/spawn.h:78:9: note: 'posix_spawn_file_actions_addclose' has been explicitly marked unavailable here
76 | int) __API_AVAILABLE(macos(26.0)) __API_UNAVAILABLE(ios, tvos, watchos, visionos);
77 |
78 | int posix_spawn_file_actions_addclose(posix_spawn_file_actions_t *, int) __API_AVAILABLE(macos(10.5), ios(2.0)) __API_UNAVAILABLE(watchos, tvos);
| `- note: 'posix_spawn_file_actions_addclose' has been explicitly marked unavailable here
79 |
80 | int posix_spawn_file_actions_adddup2(posix_spawn_file_actions_t *, int,
/Users/admin/builder/spi-builder-workspace/.dependencies/checkouts/PerfectLib/Sources/PerfectLib/SysProcess.swift:108:3: error: 'posix_spawn_file_actions_addclose' is unavailable in watchOS
106 |
107 | posix_spawn_file_actions_addclose(&action, fSTDOUT[0]);
108 | posix_spawn_file_actions_addclose(&action, fSTDIN[0]);
| `- error: 'posix_spawn_file_actions_addclose' is unavailable in watchOS
109 | posix_spawn_file_actions_addclose(&action, fSTDERR[0]);
110 | posix_spawn_file_actions_addclose(&action, fSTDOUT[1]);
/Applications/Xcode-27.0.0-Release.Candidate.app/Contents/Developer/Platforms/WatchOS.platform/Developer/SDKs/WatchOS27.0.sdk/usr/include/spawn.h:78:9: note: 'posix_spawn_file_actions_addclose' has been explicitly marked unavailable here
76 | int) __API_AVAILABLE(macos(26.0)) __API_UNAVAILABLE(ios, tvos, watchos, visionos);
77 |
78 | int posix_spawn_file_actions_addclose(posix_spawn_file_actions_t *, int) __API_AVAILABLE(macos(10.5), ios(2.0)) __API_UNAVAILABLE(watchos, tvos);
| `- note: 'posix_spawn_file_actions_addclose' has been explicitly marked unavailable here
79 |
80 | int posix_spawn_file_actions_adddup2(posix_spawn_file_actions_t *, int,
/Users/admin/builder/spi-builder-workspace/.dependencies/checkouts/PerfectLib/Sources/PerfectLib/SysProcess.swift:109:3: error: 'posix_spawn_file_actions_addclose' is unavailable in watchOS
107 | posix_spawn_file_actions_addclose(&action, fSTDOUT[0]);
108 | posix_spawn_file_actions_addclose(&action, fSTDIN[0]);
109 | posix_spawn_file_actions_addclose(&action, fSTDERR[0]);
| `- error: 'posix_spawn_file_actions_addclose' is unavailable in watchOS
110 | posix_spawn_file_actions_addclose(&action, fSTDOUT[1]);
111 | posix_spawn_file_actions_addclose(&action, fSTDIN[1]);
/Applications/Xcode-27.0.0-Release.Candidate.app/Contents/Developer/Platforms/WatchOS.platform/Developer/SDKs/WatchOS27.0.sdk/usr/include/spawn.h:78:9: note: 'posix_spawn_file_actions_addclose' has been explicitly marked unavailable here
76 | int) __API_AVAILABLE(macos(26.0)) __API_UNAVAILABLE(ios, tvos, watchos, visionos);
77 |
78 | int posix_spawn_file_actions_addclose(posix_spawn_file_actions_t *, int) __API_AVAILABLE(macos(10.5), ios(2.0)) __API_UNAVAILABLE(watchos, tvos);
| `- note: 'posix_spawn_file_actions_addclose' has been explicitly marked unavailable here
79 |
80 | int posix_spawn_file_actions_adddup2(posix_spawn_file_actions_t *, int,
/Users/admin/builder/spi-builder-workspace/.dependencies/checkouts/PerfectLib/Sources/PerfectLib/SysProcess.swift:110:3: error: 'posix_spawn_file_actions_addclose' is unavailable in watchOS
108 | posix_spawn_file_actions_addclose(&action, fSTDIN[0]);
109 | posix_spawn_file_actions_addclose(&action, fSTDERR[0]);
110 | posix_spawn_file_actions_addclose(&action, fSTDOUT[1]);
| `- error: 'posix_spawn_file_actions_addclose' is unavailable in watchOS
111 | posix_spawn_file_actions_addclose(&action, fSTDIN[1]);
112 | posix_spawn_file_actions_addclose(&action, fSTDERR[1]);
/Applications/Xcode-27.0.0-Release.Candidate.app/Contents/Developer/Platforms/WatchOS.platform/Developer/SDKs/WatchOS27.0.sdk/usr/include/spawn.h:78:9: note: 'posix_spawn_file_actions_addclose' has been explicitly marked unavailable here
76 | int) __API_AVAILABLE(macos(26.0)) __API_UNAVAILABLE(ios, tvos, watchos, visionos);
77 |
78 | int posix_spawn_file_actions_addclose(posix_spawn_file_actions_t *, int) __API_AVAILABLE(macos(10.5), ios(2.0)) __API_UNAVAILABLE(watchos, tvos);
| `- note: 'posix_spawn_file_actions_addclose' has been explicitly marked unavailable here
79 |
80 | int posix_spawn_file_actions_adddup2(posix_spawn_file_actions_t *, int,
/Users/admin/builder/spi-builder-workspace/.dependencies/checkouts/PerfectLib/Sources/PerfectLib/SysProcess.swift:111:3: error: 'posix_spawn_file_actions_addclose' is unavailable in watchOS
109 | posix_spawn_file_actions_addclose(&action, fSTDERR[0]);
110 | posix_spawn_file_actions_addclose(&action, fSTDOUT[1]);
111 | posix_spawn_file_actions_addclose(&action, fSTDIN[1]);
| `- error: 'posix_spawn_file_actions_addclose' is unavailable in watchOS
112 | posix_spawn_file_actions_addclose(&action, fSTDERR[1]);
113 |
/Applications/Xcode-27.0.0-Release.Candidate.app/Contents/Developer/Platforms/WatchOS.platform/Developer/SDKs/WatchOS27.0.sdk/usr/include/spawn.h:78:9: note: 'posix_spawn_file_actions_addclose' has been explicitly marked unavailable here
76 | int) __API_AVAILABLE(macos(26.0)) __API_UNAVAILABLE(ios, tvos, watchos, visionos);
77 |
78 | int posix_spawn_file_actions_addclose(posix_spawn_file_actions_t *, int) __API_AVAILABLE(macos(10.5), ios(2.0)) __API_UNAVAILABLE(watchos, tvos);
| `- note: 'posix_spawn_file_actions_addclose' has been explicitly marked unavailable here
79 |
80 | int posix_spawn_file_actions_adddup2(posix_spawn_file_actions_t *, int,
/Users/admin/builder/spi-builder-workspace/.dependencies/checkouts/PerfectLib/Sources/PerfectLib/SysProcess.swift:112:3: error: 'posix_spawn_file_actions_addclose' is unavailable in watchOS
110 | posix_spawn_file_actions_addclose(&action, fSTDOUT[1]);
111 | posix_spawn_file_actions_addclose(&action, fSTDIN[1]);
112 | posix_spawn_file_actions_addclose(&action, fSTDERR[1]);
| `- error: 'posix_spawn_file_actions_addclose' is unavailable in watchOS
113 |
114 | posix_spawnattr_init(&attr)
/Applications/Xcode-27.0.0-Release.Candidate.app/Contents/Developer/Platforms/WatchOS.platform/Developer/SDKs/WatchOS27.0.sdk/usr/include/spawn.h:78:9: note: 'posix_spawn_file_actions_addclose' has been explicitly marked unavailable here
76 | int) __API_AVAILABLE(macos(26.0)) __API_UNAVAILABLE(ios, tvos, watchos, visionos);
77 |
78 | int posix_spawn_file_actions_addclose(posix_spawn_file_actions_t *, int) __API_AVAILABLE(macos(10.5), ios(2.0)) __API_UNAVAILABLE(watchos, tvos);
| `- note: 'posix_spawn_file_actions_addclose' has been explicitly marked unavailable here
79 |
80 | int posix_spawn_file_actions_adddup2(posix_spawn_file_actions_t *, int,
/Users/admin/builder/spi-builder-workspace/.dependencies/checkouts/PerfectLib/Sources/PerfectLib/SysProcess.swift:114:3: error: 'posix_spawnattr_init' is unavailable in watchOS
112 | posix_spawn_file_actions_addclose(&action, fSTDERR[1]);
113 |
114 | posix_spawnattr_init(&attr)
| `- error: 'posix_spawnattr_init' is unavailable in watchOS
115 |
116 | if newGroup {
/Applications/Xcode-27.0.0-Release.Candidate.app/Contents/Developer/Platforms/WatchOS.platform/Developer/SDKs/WatchOS27.0.sdk/usr/include/spawn.h:105:9: note: 'posix_spawnattr_init' has been explicitly marked unavailable here
103 | sigset_t * __restrict) __API_AVAILABLE(macos(10.5), ios(2.0)) __API_UNAVAILABLE(watchos, tvos);
104 |
105 | int posix_spawnattr_init(posix_spawnattr_t *) __API_AVAILABLE(macos(10.5), ios(2.0)) __API_UNAVAILABLE(watchos, tvos);
| `- note: 'posix_spawnattr_init' has been explicitly marked unavailable here
106 |
107 | int posix_spawnattr_setsigdefault(posix_spawnattr_t * __restrict,
/Users/admin/builder/spi-builder-workspace/.dependencies/checkouts/PerfectLib/Sources/PerfectLib/SysProcess.swift:119:4: error: 'posix_spawnattr_setflags' is unavailable in watchOS
117 | // By default, all flags are unset after the init call
118 | // so no need to OR in the existing flags.
119 | posix_spawnattr_setflags(&attr, Int16(POSIX_SPAWN_SETPGROUP))
| `- error: 'posix_spawnattr_setflags' is unavailable in watchOS
120 | }
121 |
/Applications/Xcode-27.0.0-Release.Candidate.app/Contents/Developer/Platforms/WatchOS.platform/Developer/SDKs/WatchOS27.0.sdk/usr/include/spawn.h:110:9: note: 'posix_spawnattr_setflags' has been explicitly marked unavailable here
108 | const sigset_t * __restrict) __API_AVAILABLE(macos(10.5), ios(2.0)) __API_UNAVAILABLE(watchos, tvos);
109 |
110 | int posix_spawnattr_setflags(posix_spawnattr_t *, short) __API_AVAILABLE(macos(10.5), ios(2.0)) __API_UNAVAILABLE(watchos, tvos);
| `- note: 'posix_spawnattr_setflags' has been explicitly marked unavailable here
111 |
112 | int posix_spawnattr_setpgroup(posix_spawnattr_t *, pid_t) __API_AVAILABLE(macos(10.5), ios(2.0)) __API_UNAVAILABLE(watchos, tvos);
/Users/admin/builder/spi-builder-workspace/.dependencies/checkouts/PerfectLib/Sources/PerfectLib/SysProcess.swift:124:3: error: 'posix_spawn_file_actions_destroy' is unavailable in watchOS
122 | var procPid = pid_t()
123 | let spawnRes = posix_spawnp(&procPid, cmd, &action, &attr, cArgs, cEnv)
124 | posix_spawn_file_actions_destroy(&action)
| `- error: 'posix_spawn_file_actions_destroy' is unavailable in watchOS
125 | posix_spawnattr_destroy(&attr)
126 |
/Applications/Xcode-27.0.0-Release.Candidate.app/Contents/Developer/Platforms/WatchOS.platform/Developer/SDKs/WatchOS27.0.sdk/usr/include/spawn.h:87:9: note: 'posix_spawn_file_actions_destroy' has been explicitly marked unavailable here
85 | const char * __restrict, int, mode_t) __API_AVAILABLE(macos(10.5), ios(2.0)) __API_UNAVAILABLE(watchos, tvos);
86 |
87 | int posix_spawn_file_actions_destroy(posix_spawn_file_actions_t *) __API_AVAILABLE(macos(10.5), ios(2.0)) __API_UNAVAILABLE(watchos, tvos);
| `- note: 'posix_spawn_file_actions_destroy' has been explicitly marked unavailable here
88 |
89 | int posix_spawn_file_actions_init(posix_spawn_file_actions_t *) __API_AVAILABLE(macos(10.5), ios(2.0)) __API_UNAVAILABLE(watchos, tvos);
/Users/admin/builder/spi-builder-workspace/.dependencies/checkouts/PerfectLib/Sources/PerfectLib/SysProcess.swift:125:3: error: 'posix_spawnattr_destroy' is unavailable in watchOS
123 | let spawnRes = posix_spawnp(&procPid, cmd, &action, &attr, cArgs, cEnv)
124 | posix_spawn_file_actions_destroy(&action)
125 | posix_spawnattr_destroy(&attr)
| `- error: 'posix_spawnattr_destroy' is unavailable in watchOS
126 |
127 | for idx in 0..<cArgsCount {
/Applications/Xcode-27.0.0-Release.Candidate.app/Contents/Developer/Platforms/WatchOS.platform/Developer/SDKs/WatchOS27.0.sdk/usr/include/spawn.h:91:9: note: 'posix_spawnattr_destroy' has been explicitly marked unavailable here
89 | int posix_spawn_file_actions_init(posix_spawn_file_actions_t *) __API_AVAILABLE(macos(10.5), ios(2.0)) __API_UNAVAILABLE(watchos, tvos);
90 |
91 | int posix_spawnattr_destroy(posix_spawnattr_t *) __API_AVAILABLE(macos(10.5), ios(2.0)) __API_UNAVAILABLE(watchos, tvos);
| `- note: 'posix_spawnattr_destroy' has been explicitly marked unavailable here
92 |
93 | int posix_spawnattr_getsigdefault(const posix_spawnattr_t * __restrict,
Failed frontend command:
/Applications/Xcode-27.0.0-Release.Candidate.app/Contents/Developer/Toolchains/XcodeDefault.xctoolchain/usr/bin/swift-frontend -frontend -emit-module -experimental-skip-non-inlinable-function-bodies-without-types /Users/admin/builder/spi-builder-workspace/.dependencies/checkouts/PerfectLib/Sources/PerfectLib/Bytes.swift /Users/admin/builder/spi-builder-workspace/.dependencies/checkouts/PerfectLib/Sources/PerfectLib/Dir.swift /Users/admin/builder/spi-builder-workspace/.dependencies/checkouts/PerfectLib/Sources/PerfectLib/File.swift /Users/admin/builder/spi-builder-workspace/.dependencies/checkouts/PerfectLib/Sources/PerfectLib/JSONConvertible.swift /Users/admin/builder/spi-builder-workspace/.dependencies/checkouts/PerfectLib/Sources/PerfectLib/Log.swift /Users/admin/builder/spi-builder-workspace/.dependencies/checkouts/PerfectLib/Sources/PerfectLib/PerfectError.swift /Users/admin/builder/spi-builder-workspace/.dependencies/checkouts/PerfectLib/Sources/PerfectLib/PerfectServer.swift /Users/admin/builder/spi-builder-workspace/.dependencies/checkouts/PerfectLib/Sources/PerfectLib/SysProcess.swift /Users/admin/builder/spi-builder-workspace/.dependencies/checkouts/PerfectLib/Sources/PerfectLib/Utilities.swift -target arm64-apple-watchos9.0 -Xllvm -aarch64-use-tbi -enable-objc-interop -stack-check -sdk /Applications/Xcode-27.0.0-Release.Candidate.app/Contents/Developer/Platforms/WatchOS.platform/Developer/SDKs/WatchOS27.0.sdk -I /Users/admin/builder/spi-builder-workspace/.derivedData/Build/Products/Debug-watchos -Isystem /Applications/Xcode-27.0.0-Release.Candidate.app/Contents/Developer/Platforms/WatchOS.platform/Developer/usr/lib -F /Users/admin/builder/spi-builder-workspace/.derivedData/Build/Products/Debug-watchos -F /Applications/Xcode-27.0.0-Release.Candidate.app/Contents/Developer/Platforms/WatchOS.platform/Developer/Library/Frameworks -F /Applications/Xcode-27.0.0-Release.Candidate.app/Contents/Developer/Platforms/WatchOS.platform/Developer/SDKs/WatchOS27.0.sdk/Developer/Library/Frameworks -module-cache-path /Users/admin/builder/spi-builder-workspace/.derivedData/ModuleCache.noindex -no-color-diagnostics -Xcc -fno-color-diagnostics -enable-testing -g -debug-info-format\=dwarf -dwarf-version\=4 -suppress-warnings -swift-version 4 -Onone -D SWIFT_PACKAGE -D DEBUG -D SWIFT_MODULE_RESOURCE_BUNDLE_UNAVAILABLE -D Xcode -serialize-debugging-options -enable-experimental-feature DebugDescriptionMacro -empty-abi-descriptor -plugin-path /Applications/Xcode-27.0.0-Release.Candidate.app/Contents/Developer/Toolchains/XcodeDefault.xctoolchain/usr/lib/swift/host/plugins/testing -validate-clang-modules-once -clang-build-session-file /Users/admin/builder/spi-builder-workspace/.derivedData/ModuleCache.noindex/Session.modulevalidation -Xcc -working-directory -Xcc /Users/admin/builder/spi-builder-workspace/.swiftpm/xcode -enable-anonymous-context-mangled-names -file-compilation-dir /Users/admin/builder/spi-builder-workspace/.swiftpm/xcode -Xcc -D_LIBCPP_HARDENING_MODE\=_LIBCPP_HARDENING_MODE_DEBUG -Xcc -ivfsstatcache -Xcc /Users/admin/builder/spi-builder-workspace/.derivedData/SDKStatCaches.noindex/watchos27.0-24R360-e829b21a6f8c9b70876ba0858053c04477534ef55a1706bf4c1112bbb242f0a2.sdkstatcache -Xcc -fmodules-prune-interval\=86400 -Xcc -fmodules-prune-after\=345600 -Xcc -I/Users/admin/builder/spi-builder-workspace/.derivedData/Build/Products/Debug-watchos/include -Xcc -I/Users/admin/builder/spi-builder-workspace/.derivedData/Build/Intermediates.noindex/PerfectLib.build/Debug-watchos/PerfectLib-t.build/DerivedSources-normal/arm64 -Xcc -I/Users/admin/builder/spi-builder-workspace/.derivedData/Build/Intermediates.noindex/PerfectLib.build/Debug-watchos/PerfectLib-t.build/DerivedSources/arm64 -Xcc -I/Users/admin/builder/spi-builder-workspace/.derivedData/Build/Intermediates.noindex/PerfectLib.build/Debug-watchos/PerfectLib-t.build/DerivedSources -Xcc -DSWIFT_PACKAGE -Xcc -DDEBUG\=1 -no-auto-bridging-header-chaining -module-name PerfectLib -const-gather-protocols-file /Users/admin/builder/spi-builder-workspace/.derivedData/Build/Intermediates.noindex/PerfectLib.build/Debug-watchos/PerfectLib-t.build/Objects-normal/arm64/PerfectLib_const_extract_protocols.json -disable-clang-spi -target-sdk-version 27.0 -target-sdk-name watchos27.0 -external-plugin-path /Applications/Xcode-27.0.0-Release.Candidate.app/Contents/Developer/Platforms/WatchOS.platform/Developer/usr/lib/swift/host/plugins\#/Applications/Xcode-27.0.0-Release.Candidate.app/Contents/Developer/Platforms/WatchOS.platform/Developer/usr/bin/swift-plugin-server -external-plugin-path /Applications/Xcode-27.0.0-Release.Candidate.app/Contents/Developer/Platforms/WatchOS.platform/Developer/usr/local/lib/swift/host/plugins\#/Applications/Xcode-27.0.0-Release.Candidate.app/Contents/Developer/Platforms/WatchOS.platform/Developer/usr/bin/swift-plugin-server -in-process-plugin-server-path /Applications/Xcode-27.0.0-Release.Candidate.app/Contents/Developer/Toolchains/XcodeDefault.xctoolchain/usr/lib/swift/host/libSwiftInProcPluginServer.dylib -plugin-path /Applications/Xcode-27.0.0-Release.Candidate.app/Contents/Developer/Toolchains/XcodeDefault.xctoolchain/usr/lib/swift/host/plugins -plugin-path /Applications/Xcode-27.0.0-Release.Candidate.app/Contents/Developer/Toolchains/XcodeDefault.xctoolchain/usr/local/lib/swift/host/plugins -emit-module-doc-path /Users/admin/builder/spi-builder-workspace/.derivedData/Build/Intermediates.noindex/PerfectLib.build/Debug-watchos/PerfectLib-t.build/Objects-normal/arm64/PerfectLib.swiftdoc -emit-module-source-info-path /Users/admin/builder/spi-builder-workspace/.derivedData/Build/Intermediates.noindex/PerfectLib.build/Debug-watchos/PerfectLib-t.build/Objects-normal/arm64/PerfectLib.swiftsourceinfo -emit-objc-header-path /Users/admin/builder/spi-builder-workspace/.derivedData/Build/Intermediates.noindex/PerfectLib.build/Debug-watchos/PerfectLib-t.build/Objects-normal/arm64/PerfectLib-Swift.h -serialize-diagnostics-path /Users/admin/builder/spi-builder-workspace/.derivedData/Build/Intermediates.noindex/PerfectLib.build/Debug-watchos/PerfectLib-t.build/Objects-normal/arm64/PerfectLib-primary-emit-module.dia -emit-dependencies-path /Users/admin/builder/spi-builder-workspace/.derivedData/Build/Intermediates.noindex/PerfectLib.build/Debug-watchos/PerfectLib-t.build/Objects-normal/arm64/PerfectLib-primary-emit-module.d -parse-as-library -o /Users/admin/builder/spi-builder-workspace/.derivedData/Build/Intermediates.noindex/PerfectLib.build/Debug-watchos/PerfectLib-t.build/Objects-normal/arm64/PerfectLib.swiftmodule -emit-abi-descriptor-path /Users/admin/builder/spi-builder-workspace/.derivedData/Build/Intermediates.noindex/PerfectLib.build/Debug-watchos/PerfectLib-t.build/Objects-normal/arm64/PerfectLib.abi.json
SwiftCompile normal arm64 (in target 'PerfectLib' from project 'PerfectLib')
cd /Users/admin/builder/spi-builder-workspace/.swiftpm/xcode
SwiftEmitModule normal arm64_32 Emitting\ module\ for\ PerfectLib (in target 'PerfectLib' from project 'PerfectLib')
/Users/admin/builder/spi-builder-workspace/.dependencies/checkouts/PerfectLib/Sources/PerfectLib/SysProcess.swift:102:3: error: 'posix_spawn_file_actions_init' is unavailable in watchOS
100 | var spawnRes = 0
101 | #else
102 | posix_spawn_file_actions_init(&action);
| `- error: 'posix_spawn_file_actions_init' is unavailable in watchOS
103 | posix_spawn_file_actions_adddup2(&action, fSTDOUT[1], STDOUT_FILENO);
104 | posix_spawn_file_actions_adddup2(&action, fSTDIN[0], STDIN_FILENO);
/Applications/Xcode-27.0.0-Release.Candidate.app/Contents/Developer/Platforms/WatchOS.platform/Developer/SDKs/WatchOS27.0.sdk/usr/include/spawn.h:89:9: note: 'posix_spawn_file_actions_init' has been explicitly marked unavailable here
87 | int posix_spawn_file_actions_destroy(posix_spawn_file_actions_t *) __API_AVAILABLE(macos(10.5), ios(2.0)) __API_UNAVAILABLE(watchos, tvos);
88 |
89 | int posix_spawn_file_actions_init(posix_spawn_file_actions_t *) __API_AVAILABLE(macos(10.5), ios(2.0)) __API_UNAVAILABLE(watchos, tvos);
| `- note: 'posix_spawn_file_actions_init' has been explicitly marked unavailable here
90 |
91 | int posix_spawnattr_destroy(posix_spawnattr_t *) __API_AVAILABLE(macos(10.5), ios(2.0)) __API_UNAVAILABLE(watchos, tvos);
/Users/admin/builder/spi-builder-workspace/.dependencies/checkouts/PerfectLib/Sources/PerfectLib/SysProcess.swift:103:3: error: 'posix_spawn_file_actions_adddup2' is unavailable in watchOS
101 | #else
102 | posix_spawn_file_actions_init(&action);
103 | posix_spawn_file_actions_adddup2(&action, fSTDOUT[1], STDOUT_FILENO);
| `- error: 'posix_spawn_file_actions_adddup2' is unavailable in watchOS
104 | posix_spawn_file_actions_adddup2(&action, fSTDIN[0], STDIN_FILENO);
105 | posix_spawn_file_actions_adddup2(&action, fSTDERR[1], STDERR_FILENO);
/Applications/Xcode-27.0.0-Release.Candidate.app/Contents/Developer/Platforms/WatchOS.platform/Developer/SDKs/WatchOS27.0.sdk/usr/include/spawn.h:80:9: note: 'posix_spawn_file_actions_adddup2' has been explicitly marked unavailable here
78 | int posix_spawn_file_actions_addclose(posix_spawn_file_actions_t *, int) __API_AVAILABLE(macos(10.5), ios(2.0)) __API_UNAVAILABLE(watchos, tvos);
79 |
80 | int posix_spawn_file_actions_adddup2(posix_spawn_file_actions_t *, int,
| `- note: 'posix_spawn_file_actions_adddup2' has been explicitly marked unavailable here
81 | int) __API_AVAILABLE(macos(10.5), ios(2.0)) __API_UNAVAILABLE(watchos, tvos);
82 |
/Users/admin/builder/spi-builder-workspace/.dependencies/checkouts/PerfectLib/Sources/PerfectLib/SysProcess.swift:104:3: error: 'posix_spawn_file_actions_adddup2' is unavailable in watchOS
102 | posix_spawn_file_actions_init(&action);
103 | posix_spawn_file_actions_adddup2(&action, fSTDOUT[1], STDOUT_FILENO);
104 | posix_spawn_file_actions_adddup2(&action, fSTDIN[0], STDIN_FILENO);
| `- error: 'posix_spawn_file_actions_adddup2' is unavailable in watchOS
105 | posix_spawn_file_actions_adddup2(&action, fSTDERR[1], STDERR_FILENO);
106 |
/Applications/Xcode-27.0.0-Release.Candidate.app/Contents/Developer/Platforms/WatchOS.platform/Developer/SDKs/WatchOS27.0.sdk/usr/include/spawn.h:80:9: note: 'posix_spawn_file_actions_adddup2' has been explicitly marked unavailable here
78 | int posix_spawn_file_actions_addclose(posix_spawn_file_actions_t *, int) __API_AVAILABLE(macos(10.5), ios(2.0)) __API_UNAVAILABLE(watchos, tvos);
79 |
80 | int posix_spawn_file_actions_adddup2(posix_spawn_file_actions_t *, int,
| `- note: 'posix_spawn_file_actions_adddup2' has been explicitly marked unavailable here
81 | int) __API_AVAILABLE(macos(10.5), ios(2.0)) __API_UNAVAILABLE(watchos, tvos);
82 |
/Users/admin/builder/spi-builder-workspace/.dependencies/checkouts/PerfectLib/Sources/PerfectLib/SysProcess.swift:105:3: error: 'posix_spawn_file_actions_adddup2' is unavailable in watchOS
103 | posix_spawn_file_actions_adddup2(&action, fSTDOUT[1], STDOUT_FILENO);
104 | posix_spawn_file_actions_adddup2(&action, fSTDIN[0], STDIN_FILENO);
105 | posix_spawn_file_actions_adddup2(&action, fSTDERR[1], STDERR_FILENO);
| `- error: 'posix_spawn_file_actions_adddup2' is unavailable in watchOS
106 |
107 | posix_spawn_file_actions_addclose(&action, fSTDOUT[0]);
/Applications/Xcode-27.0.0-Release.Candidate.app/Contents/Developer/Platforms/WatchOS.platform/Developer/SDKs/WatchOS27.0.sdk/usr/include/spawn.h:80:9: note: 'posix_spawn_file_actions_adddup2' has been explicitly marked unavailable here
78 | int posix_spawn_file_actions_addclose(posix_spawn_file_actions_t *, int) __API_AVAILABLE(macos(10.5), ios(2.0)) __API_UNAVAILABLE(watchos, tvos);
79 |
80 | int posix_spawn_file_actions_adddup2(posix_spawn_file_actions_t *, int,
| `- note: 'posix_spawn_file_actions_adddup2' has been explicitly marked unavailable here
81 | int) __API_AVAILABLE(macos(10.5), ios(2.0)) __API_UNAVAILABLE(watchos, tvos);
82 |
/Users/admin/builder/spi-builder-workspace/.dependencies/checkouts/PerfectLib/Sources/PerfectLib/SysProcess.swift:107:3: error: 'posix_spawn_file_actions_addclose' is unavailable in watchOS
105 | posix_spawn_file_actions_adddup2(&action, fSTDERR[1], STDERR_FILENO);
106 |
107 | posix_spawn_file_actions_addclose(&action, fSTDOUT[0]);
| `- error: 'posix_spawn_file_actions_addclose' is unavailable in watchOS
108 | posix_spawn_file_actions_addclose(&action, fSTDIN[0]);
109 | posix_spawn_file_actions_addclose(&action, fSTDERR[0]);
/Applications/Xcode-27.0.0-Release.Candidate.app/Contents/Developer/Platforms/WatchOS.platform/Developer/SDKs/WatchOS27.0.sdk/usr/include/spawn.h:78:9: note: 'posix_spawn_file_actions_addclose' has been explicitly marked unavailable here
76 | int) __API_AVAILABLE(macos(26.0)) __API_UNAVAILABLE(ios, tvos, watchos, visionos);
77 |
78 | int posix_spawn_file_actions_addclose(posix_spawn_file_actions_t *, int) __API_AVAILABLE(macos(10.5), ios(2.0)) __API_UNAVAILABLE(watchos, tvos);
| `- note: 'posix_spawn_file_actions_addclose' has been explicitly marked unavailable here
79 |
80 | int posix_spawn_file_actions_adddup2(posix_spawn_file_actions_t *, int,
/Users/admin/builder/spi-builder-workspace/.dependencies/checkouts/PerfectLib/Sources/PerfectLib/SysProcess.swift:108:3: error: 'posix_spawn_file_actions_addclose' is unavailable in watchOS
106 |
107 | posix_spawn_file_actions_addclose(&action, fSTDOUT[0]);
108 | posix_spawn_file_actions_addclose(&action, fSTDIN[0]);
| `- error: 'posix_spawn_file_actions_addclose' is unavailable in watchOS
109 | posix_spawn_file_actions_addclose(&action, fSTDERR[0]);
110 | posix_spawn_file_actions_addclose(&action, fSTDOUT[1]);
/Applications/Xcode-27.0.0-Release.Candidate.app/Contents/Developer/Platforms/WatchOS.platform/Developer/SDKs/WatchOS27.0.sdk/usr/include/spawn.h:78:9: note: 'posix_spawn_file_actions_addclose' has been explicitly marked unavailable here
76 | int) __API_AVAILABLE(macos(26.0)) __API_UNAVAILABLE(ios, tvos, watchos, visionos);
77 |
78 | int posix_spawn_file_actions_addclose(posix_spawn_file_actions_t *, int) __API_AVAILABLE(macos(10.5), ios(2.0)) __API_UNAVAILABLE(watchos, tvos);
| `- note: 'posix_spawn_file_actions_addclose' has been explicitly marked unavailable here
79 |
80 | int posix_spawn_file_actions_adddup2(posix_spawn_file_actions_t *, int,
/Users/admin/builder/spi-builder-workspace/.dependencies/checkouts/PerfectLib/Sources/PerfectLib/SysProcess.swift:109:3: error: 'posix_spawn_file_actions_addclose' is unavailable in watchOS
107 | posix_spawn_file_actions_addclose(&action, fSTDOUT[0]);
108 | posix_spawn_file_actions_addclose(&action, fSTDIN[0]);
109 | posix_spawn_file_actions_addclose(&action, fSTDERR[0]);
| `- error: 'posix_spawn_file_actions_addclose' is unavailable in watchOS
110 | posix_spawn_file_actions_addclose(&action, fSTDOUT[1]);
111 | posix_spawn_file_actions_addclose(&action, fSTDIN[1]);
/Applications/Xcode-27.0.0-Release.Candidate.app/Contents/Developer/Platforms/WatchOS.platform/Developer/SDKs/WatchOS27.0.sdk/usr/include/spawn.h:78:9: note: 'posix_spawn_file_actions_addclose' has been explicitly marked unavailable here
76 | int) __API_AVAILABLE(macos(26.0)) __API_UNAVAILABLE(ios, tvos, watchos, visionos);
77 |
78 | int posix_spawn_file_actions_addclose(posix_spawn_file_actions_t *, int) __API_AVAILABLE(macos(10.5), ios(2.0)) __API_UNAVAILABLE(watchos, tvos);
| `- note: 'posix_spawn_file_actions_addclose' has been explicitly marked unavailable here
79 |
80 | int posix_spawn_file_actions_adddup2(posix_spawn_file_actions_t *, int,
/Users/admin/builder/spi-builder-workspace/.dependencies/checkouts/PerfectLib/Sources/PerfectLib/SysProcess.swift:110:3: error: 'posix_spawn_file_actions_addclose' is unavailable in watchOS
108 | posix_spawn_file_actions_addclose(&action, fSTDIN[0]);
109 | posix_spawn_file_actions_addclose(&action, fSTDERR[0]);
110 | posix_spawn_file_actions_addclose(&action, fSTDOUT[1]);
| `- error: 'posix_spawn_file_actions_addclose' is unavailable in watchOS
111 | posix_spawn_file_actions_addclose(&action, fSTDIN[1]);
112 | posix_spawn_file_actions_addclose(&action, fSTDERR[1]);
/Applications/Xcode-27.0.0-Release.Candidate.app/Contents/Developer/Platforms/WatchOS.platform/Developer/SDKs/WatchOS27.0.sdk/usr/include/spawn.h:78:9: note: 'posix_spawn_file_actions_addclose' has been explicitly marked unavailable here
76 | int) __API_AVAILABLE(macos(26.0)) __API_UNAVAILABLE(ios, tvos, watchos, visionos);
77 |
78 | int posix_spawn_file_actions_addclose(posix_spawn_file_actions_t *, int) __API_AVAILABLE(macos(10.5), ios(2.0)) __API_UNAVAILABLE(watchos, tvos);
| `- note: 'posix_spawn_file_actions_addclose' has been explicitly marked unavailable here
79 |
80 | int posix_spawn_file_actions_adddup2(posix_spawn_file_actions_t *, int,
/Users/admin/builder/spi-builder-workspace/.dependencies/checkouts/PerfectLib/Sources/PerfectLib/SysProcess.swift:111:3: error: 'posix_spawn_file_actions_addclose' is unavailable in watchOS
109 | posix_spawn_file_actions_addclose(&action, fSTDERR[0]);
110 | posix_spawn_file_actions_addclose(&action, fSTDOUT[1]);
111 | posix_spawn_file_actions_addclose(&action, fSTDIN[1]);
| `- error: 'posix_spawn_file_actions_addclose' is unavailable in watchOS
112 | posix_spawn_file_actions_addclose(&action, fSTDERR[1]);
113 |
/Applications/Xcode-27.0.0-Release.Candidate.app/Contents/Developer/Platforms/WatchOS.platform/Developer/SDKs/WatchOS27.0.sdk/usr/include/spawn.h:78:9: note: 'posix_spawn_file_actions_addclose' has been explicitly marked unavailable here
76 | int) __API_AVAILABLE(macos(26.0)) __API_UNAVAILABLE(ios, tvos, watchos, visionos);
77 |
78 | int posix_spawn_file_actions_addclose(posix_spawn_file_actions_t *, int) __API_AVAILABLE(macos(10.5), ios(2.0)) __API_UNAVAILABLE(watchos, tvos);
| `- note: 'posix_spawn_file_actions_addclose' has been explicitly marked unavailable here
79 |
80 | int posix_spawn_file_actions_adddup2(posix_spawn_file_actions_t *, int,
/Users/admin/builder/spi-builder-workspace/.dependencies/checkouts/PerfectLib/Sources/PerfectLib/SysProcess.swift:112:3: error: 'posix_spawn_file_actions_addclose' is unavailable in watchOS
110 | posix_spawn_file_actions_addclose(&action, fSTDOUT[1]);
111 | posix_spawn_file_actions_addclose(&action, fSTDIN[1]);
112 | posix_spawn_file_actions_addclose(&action, fSTDERR[1]);
| `- error: 'posix_spawn_file_actions_addclose' is unavailable in watchOS
113 |
114 | posix_spawnattr_init(&attr)
/Applications/Xcode-27.0.0-Release.Candidate.app/Contents/Developer/Platforms/WatchOS.platform/Developer/SDKs/WatchOS27.0.sdk/usr/include/spawn.h:78:9: note: 'posix_spawn_file_actions_addclose' has been explicitly marked unavailable here
76 | int) __API_AVAILABLE(macos(26.0)) __API_UNAVAILABLE(ios, tvos, watchos, visionos);
77 |
78 | int posix_spawn_file_actions_addclose(posix_spawn_file_actions_t *, int) __API_AVAILABLE(macos(10.5), ios(2.0)) __API_UNAVAILABLE(watchos, tvos);
| `- note: 'posix_spawn_file_actions_addclose' has been explicitly marked unavailable here
79 |
80 | int posix_spawn_file_actions_adddup2(posix_spawn_file_actions_t *, int,
/Users/admin/builder/spi-builder-workspace/.dependencies/checkouts/PerfectLib/Sources/PerfectLib/SysProcess.swift:114:3: error: 'posix_spawnattr_init' is unavailable in watchOS
112 | posix_spawn_file_actions_addclose(&action, fSTDERR[1]);
113 |
114 | posix_spawnattr_init(&attr)
| `- error: 'posix_spawnattr_init' is unavailable in watchOS
115 |
116 | if newGroup {
/Applications/Xcode-27.0.0-Release.Candidate.app/Contents/Developer/Platforms/WatchOS.platform/Developer/SDKs/WatchOS27.0.sdk/usr/include/spawn.h:105:9: note: 'posix_spawnattr_init' has been explicitly marked unavailable here
103 | sigset_t * __restrict) __API_AVAILABLE(macos(10.5), ios(2.0)) __API_UNAVAILABLE(watchos, tvos);
104 |
105 | int posix_spawnattr_init(posix_spawnattr_t *) __API_AVAILABLE(macos(10.5), ios(2.0)) __API_UNAVAILABLE(watchos, tvos);
| `- note: 'posix_spawnattr_init' has been explicitly marked unavailable here
106 |
107 | int posix_spawnattr_setsigdefault(posix_spawnattr_t * __restrict,
/Users/admin/builder/spi-builder-workspace/.dependencies/checkouts/PerfectLib/Sources/PerfectLib/SysProcess.swift:119:4: error: 'posix_spawnattr_setflags' is unavailable in watchOS
117 | // By default, all flags are unset after the init call
118 | // so no need to OR in the existing flags.
119 | posix_spawnattr_setflags(&attr, Int16(POSIX_SPAWN_SETPGROUP))
| `- error: 'posix_spawnattr_setflags' is unavailable in watchOS
120 | }
121 |
/Applications/Xcode-27.0.0-Release.Candidate.app/Contents/Developer/Platforms/WatchOS.platform/Developer/SDKs/WatchOS27.0.sdk/usr/include/spawn.h:110:9: note: 'posix_spawnattr_setflags' has been explicitly marked unavailable here
108 | const sigset_t * __restrict) __API_AVAILABLE(macos(10.5), ios(2.0)) __API_UNAVAILABLE(watchos, tvos);
109 |
110 | int posix_spawnattr_setflags(posix_spawnattr_t *, short) __API_AVAILABLE(macos(10.5), ios(2.0)) __API_UNAVAILABLE(watchos, tvos);
| `- note: 'posix_spawnattr_setflags' has been explicitly marked unavailable here
111 |
112 | int posix_spawnattr_setpgroup(posix_spawnattr_t *, pid_t) __API_AVAILABLE(macos(10.5), ios(2.0)) __API_UNAVAILABLE(watchos, tvos);
/Users/admin/builder/spi-builder-workspace/.dependencies/checkouts/PerfectLib/Sources/PerfectLib/SysProcess.swift:124:3: error: 'posix_spawn_file_actions_destroy' is unavailable in watchOS
122 | var procPid = pid_t()
123 | let spawnRes = posix_spawnp(&procPid, cmd, &action, &attr, cArgs, cEnv)
124 | posix_spawn_file_actions_destroy(&action)
| `- error: 'posix_spawn_file_actions_destroy' is unavailable in watchOS
125 | posix_spawnattr_destroy(&attr)
126 |
/Applications/Xcode-27.0.0-Release.Candidate.app/Contents/Developer/Platforms/WatchOS.platform/Developer/SDKs/WatchOS27.0.sdk/usr/include/spawn.h:87:9: note: 'posix_spawn_file_actions_destroy' has been explicitly marked unavailable here
85 | const char * __restrict, int, mode_t) __API_AVAILABLE(macos(10.5), ios(2.0)) __API_UNAVAILABLE(watchos, tvos);
86 |
87 | int posix_spawn_file_actions_destroy(posix_spawn_file_actions_t *) __API_AVAILABLE(macos(10.5), ios(2.0)) __API_UNAVAILABLE(watchos, tvos);
| `- note: 'posix_spawn_file_actions_destroy' has been explicitly marked unavailable here
88 |
89 | int posix_spawn_file_actions_init(posix_spawn_file_actions_t *) __API_AVAILABLE(macos(10.5), ios(2.0)) __API_UNAVAILABLE(watchos, tvos);
/Users/admin/builder/spi-builder-workspace/.dependencies/checkouts/PerfectLib/Sources/PerfectLib/SysProcess.swift:125:3: error: 'posix_spawnattr_destroy' is unavailable in watchOS
123 | let spawnRes = posix_spawnp(&procPid, cmd, &action, &attr, cArgs, cEnv)
124 | posix_spawn_file_actions_destroy(&action)
125 | posix_spawnattr_destroy(&attr)
| `- error: 'posix_spawnattr_destroy' is unavailable in watchOS
126 |
127 | for idx in 0..<cArgsCount {
/Applications/Xcode-27.0.0-Release.Candidate.app/Contents/Developer/Platforms/WatchOS.platform/Developer/SDKs/WatchOS27.0.sdk/usr/include/spawn.h:91:9: note: 'posix_spawnattr_destroy' has been explicitly marked unavailable here
89 | int posix_spawn_file_actions_init(posix_spawn_file_actions_t *) __API_AVAILABLE(macos(10.5), ios(2.0)) __API_UNAVAILABLE(watchos, tvos);
90 |
91 | int posix_spawnattr_destroy(posix_spawnattr_t *) __API_AVAILABLE(macos(10.5), ios(2.0)) __API_UNAVAILABLE(watchos, tvos);
| `- note: 'posix_spawnattr_destroy' has been explicitly marked unavailable here
92 |
93 | int posix_spawnattr_getsigdefault(const posix_spawnattr_t * __restrict,
SwiftCompile normal arm64_32 (in target 'PerfectLib' from project 'PerfectLib')
cd /Users/admin/builder/spi-builder-workspace/.swiftpm/xcode
SwiftEmitModule normal arm64_32 Emitting\ module\ for\ PerfectCRUD (in target 'PerfectCRUD' from project 'PerfectCRUD')
SwiftCompile normal arm64_32 (in target 'PerfectCRUD' from project 'PerfectCRUD')
cd /Users/admin/builder/spi-builder-workspace/.swiftpm/xcode
SwiftEmitModule normal arm64 Emitting\ module\ for\ PerfectCRUD (in target 'PerfectCRUD' from project 'PerfectCRUD')
SwiftCompile normal arm64 (in target 'PerfectCRUD' from project 'PerfectCRUD')
cd /Users/admin/builder/spi-builder-workspace/.swiftpm/xcode
SwiftDriverJobDiscovery normal arm64 Emitting module for PerfectThread (in target 'PerfectThread' from project 'PerfectThread')
PrecompileModule /Users/admin/builder/spi-builder-workspace/.derivedData/Build/Intermediates.noindex/ExplicitPrecompiledModules/_Builtin_stdint-C9F8CC0X0IM0BACQMFOUG41PC.scan
cd /
builtin-precompileModule /Users/admin/builder/spi-builder-workspace/.derivedData/Build/Intermediates.noindex/ExplicitPrecompiledModules/_Builtin_stdint-C9F8CC0X0IM0BACQMFOUG41PC.scan
SwiftDriverJobDiscovery normal arm64_32 Emitting module for PerfectThread (in target 'PerfectThread' from project 'PerfectThread')
SwiftDriver\ Compilation\ Requirements PerfectThread normal arm64_32 com.apple.xcode.tools.swift.compiler (in target 'PerfectThread' from project 'PerfectThread')
cd /Users/admin/builder/spi-builder-workspace/.swiftpm/xcode
builtin-Swift-Compilation-Requirements -- /Applications/Xcode-27.0.0-Release.Candidate.app/Contents/Developer/Toolchains/XcodeDefault.xctoolchain/usr/bin/swiftc -parse-as-library -module-name PerfectThread -Onone @/Users/admin/builder/spi-builder-workspace/.derivedData/Build/Intermediates.noindex/PerfectThread.build/Debug-watchos/PerfectThread-t.build/Objects-normal/arm64_32/PerfectThread.SwiftFileList -DSWIFT_PACKAGE -DDEBUG -DSWIFT_MODULE_RESOURCE_BUNDLE_UNAVAILABLE -DXcode -plugin-path /Applications/Xcode-27.0.0-Release.Candidate.app/Contents/Developer/Toolchains/XcodeDefault.xctoolchain/usr/lib/swift/host/plugins/testing -enable-experimental-feature DebugDescriptionMacro -sdk /Applications/Xcode-27.0.0-Release.Candidate.app/Contents/Developer/Platforms/WatchOS.platform/Developer/SDKs/WatchOS27.0.sdk -target arm64_32-apple-watchos9.0 -g -module-cache-path /Users/admin/builder/spi-builder-workspace/.derivedData/ModuleCache.noindex -Xfrontend -serialize-debugging-options -enable-testing -suppress-warnings -index-store-path /Users/admin/builder/spi-builder-workspace/.derivedData/Index.noindex/DataStore -Xcc -D_LIBCPP_HARDENING_MODE\=_LIBCPP_HARDENING_MODE_DEBUG -swift-version 4 -I /Users/admin/builder/spi-builder-workspace/.derivedData/Build/Products/Debug-watchos -Isystem /Applications/Xcode-27.0.0-Release.Candidate.app/Contents/Developer/Platforms/WatchOS.platform/Developer/usr/lib -F /Users/admin/builder/spi-builder-workspace/.derivedData/Build/Products/Debug-watchos -F /Applications/Xcode-27.0.0-Release.Candidate.app/Contents/Developer/Platforms/WatchOS.platform/Developer/Library/Frameworks -F /Applications/Xcode-27.0.0-Release.Candidate.app/Contents/Developer/Platforms/WatchOS.platform/Developer/SDKs/WatchOS27.0.sdk/Developer/Library/Frameworks -c -j10 -enable-batch-mode -incremental -Xcc -ivfsstatcache -Xcc /Users/admin/builder/spi-builder-workspace/.derivedData/SDKStatCaches.noindex/watchos27.0-24R360-e829b21a6f8c9b70876ba0858053c04477534ef55a1706bf4c1112bbb242f0a2.sdkstatcache -output-file-map /Users/admin/builder/spi-builder-workspace/.derivedData/Build/Intermediates.noindex/PerfectThread.build/Debug-watchos/PerfectThread-t.build/Objects-normal/arm64_32/PerfectThread-OutputFileMap.json -save-temps -no-color-diagnostics -emit-dependencies -emit-module -emit-module-path /Users/admin/builder/spi-builder-workspace/.derivedData/Build/Intermediates.noindex/PerfectThread.build/Debug-watchos/PerfectThread-t.build/Objects-normal/arm64_32/PerfectThread.swiftmodule -serialize-diagnostics -validate-clang-modules-once -clang-build-session-file /Users/admin/builder/spi-builder-workspace/.derivedData/ModuleCache.noindex/Session.modulevalidation -Xcc -fmodules-prune-interval\=86400 -Xcc -fmodules-prune-after\=345600 -emit-const-values -const-gather-protocols-list /Users/admin/builder/spi-builder-workspace/.derivedData/Build/Intermediates.noindex/PerfectThread.build/Debug-watchos/PerfectThread-t.build/Objects-normal/arm64_32/PerfectThread_const_extract_protocols.json -Xcc -I/Users/admin/builder/spi-builder-workspace/.derivedData/Build/Products/Debug-watchos/include -Xcc -I/Users/admin/builder/spi-builder-workspace/.derivedData/Build/Intermediates.noindex/PerfectThread.build/Debug-watchos/PerfectThread-t.build/DerivedSources-normal/arm64_32 -Xcc -I/Users/admin/builder/spi-builder-workspace/.derivedData/Build/Intermediates.noindex/PerfectThread.build/Debug-watchos/PerfectThread-t.build/DerivedSources/arm64_32 -Xcc -I/Users/admin/builder/spi-builder-workspace/.derivedData/Build/Intermediates.noindex/PerfectThread.build/Debug-watchos/PerfectThread-t.build/DerivedSources -Xcc -DSWIFT_PACKAGE -Xcc -DDEBUG\=1 -emit-objc-header -emit-objc-header-path /Users/admin/builder/spi-builder-workspace/.derivedData/Build/Intermediates.noindex/PerfectThread.build/Debug-watchos/PerfectThread-t.build/Objects-normal/arm64_32/PerfectThread-Swift.h -working-directory /Users/admin/builder/spi-builder-workspace/.swiftpm/xcode -experimental-emit-module-separately -disable-cmo
SwiftDriver\ Compilation\ Requirements PerfectThread normal arm64 com.apple.xcode.tools.swift.compiler (in target 'PerfectThread' from project 'PerfectThread')
cd /Users/admin/builder/spi-builder-workspace/.swiftpm/xcode
builtin-Swift-Compilation-Requirements -- /Applications/Xcode-27.0.0-Release.Candidate.app/Contents/Developer/Toolchains/XcodeDefault.xctoolchain/usr/bin/swiftc -parse-as-library -module-name PerfectThread -Onone @/Users/admin/builder/spi-builder-workspace/.derivedData/Build/Intermediates.noindex/PerfectThread.build/Debug-watchos/PerfectThread-t.build/Objects-normal/arm64/PerfectThread.SwiftFileList -DSWIFT_PACKAGE -DDEBUG -DSWIFT_MODULE_RESOURCE_BUNDLE_UNAVAILABLE -DXcode -plugin-path /Applications/Xcode-27.0.0-Release.Candidate.app/Contents/Developer/Toolchains/XcodeDefault.xctoolchain/usr/lib/swift/host/plugins/testing -enable-experimental-feature DebugDescriptionMacro -sdk /Applications/Xcode-27.0.0-Release.Candidate.app/Contents/Developer/Platforms/WatchOS.platform/Developer/SDKs/WatchOS27.0.sdk -target arm64-apple-watchos9.0 -g -module-cache-path /Users/admin/builder/spi-builder-workspace/.derivedData/ModuleCache.noindex -Xfrontend -serialize-debugging-options -enable-testing -suppress-warnings -index-store-path /Users/admin/builder/spi-builder-workspace/.derivedData/Index.noindex/DataStore -Xcc -D_LIBCPP_HARDENING_MODE\=_LIBCPP_HARDENING_MODE_DEBUG -swift-version 4 -I /Users/admin/builder/spi-builder-workspace/.derivedData/Build/Products/Debug-watchos -Isystem /Applications/Xcode-27.0.0-Release.Candidate.app/Contents/Developer/Platforms/WatchOS.platform/Developer/usr/lib -F /Users/admin/builder/spi-builder-workspace/.derivedData/Build/Products/Debug-watchos -F /Applications/Xcode-27.0.0-Release.Candidate.app/Contents/Developer/Platforms/WatchOS.platform/Developer/Library/Frameworks -F /Applications/Xcode-27.0.0-Release.Candidate.app/Contents/Developer/Platforms/WatchOS.platform/Developer/SDKs/WatchOS27.0.sdk/Developer/Library/Frameworks -c -j10 -enable-batch-mode -incremental -Xcc -ivfsstatcache -Xcc /Users/admin/builder/spi-builder-workspace/.derivedData/SDKStatCaches.noindex/watchos27.0-24R360-e829b21a6f8c9b70876ba0858053c04477534ef55a1706bf4c1112bbb242f0a2.sdkstatcache -output-file-map /Users/admin/builder/spi-builder-workspace/.derivedData/Build/Intermediates.noindex/PerfectThread.build/Debug-watchos/PerfectThread-t.build/Objects-normal/arm64/PerfectThread-OutputFileMap.json -save-temps -no-color-diagnostics -emit-dependencies -emit-module -emit-module-path /Users/admin/builder/spi-builder-workspace/.derivedData/Build/Intermediates.noindex/PerfectThread.build/Debug-watchos/PerfectThread-t.build/Objects-normal/arm64/PerfectThread.swiftmodule -serialize-diagnostics -validate-clang-modules-once -clang-build-session-file /Users/admin/builder/spi-builder-workspace/.derivedData/ModuleCache.noindex/Session.modulevalidation -Xcc -fmodules-prune-interval\=86400 -Xcc -fmodules-prune-after\=345600 -emit-const-values -const-gather-protocols-list /Users/admin/builder/spi-builder-workspace/.derivedData/Build/Intermediates.noindex/PerfectThread.build/Debug-watchos/PerfectThread-t.build/Objects-normal/arm64/PerfectThread_const_extract_protocols.json -Xcc -I/Users/admin/builder/spi-builder-workspace/.derivedData/Build/Products/Debug-watchos/include -Xcc -I/Users/admin/builder/spi-builder-workspace/.derivedData/Build/Intermediates.noindex/PerfectThread.build/Debug-watchos/PerfectThread-t.build/DerivedSources-normal/arm64 -Xcc -I/Users/admin/builder/spi-builder-workspace/.derivedData/Build/Intermediates.noindex/PerfectThread.build/Debug-watchos/PerfectThread-t.build/DerivedSources/arm64 -Xcc -I/Users/admin/builder/spi-builder-workspace/.derivedData/Build/Intermediates.noindex/PerfectThread.build/Debug-watchos/PerfectThread-t.build/DerivedSources -Xcc -DSWIFT_PACKAGE -Xcc -DDEBUG\=1 -emit-objc-header -emit-objc-header-path /Users/admin/builder/spi-builder-workspace/.derivedData/Build/Intermediates.noindex/PerfectThread.build/Debug-watchos/PerfectThread-t.build/Objects-normal/arm64/PerfectThread-Swift.h -working-directory /Users/admin/builder/spi-builder-workspace/.swiftpm/xcode -experimental-emit-module-separately -disable-cmo
PrecompileModule /Users/admin/builder/spi-builder-workspace/.derivedData/Build/Intermediates.noindex/ExplicitPrecompiledModules/_DarwinFoundation3-8YQJHADOAGVLGCJ0XL0EXZ0DO.scan
cd /
builtin-precompileModule /Users/admin/builder/spi-builder-workspace/.derivedData/Build/Intermediates.noindex/ExplicitPrecompiledModules/_DarwinFoundation3-8YQJHADOAGVLGCJ0XL0EXZ0DO.scan
SwiftMergeGeneratedHeaders /Users/admin/builder/spi-builder-workspace/.derivedData/Build/Intermediates.noindex/GeneratedModuleMaps-watchos/PerfectThread-Swift.h /Users/admin/builder/spi-builder-workspace/.derivedData/Build/Intermediates.noindex/PerfectThread.build/Debug-watchos/PerfectThread-t.build/Objects-normal/arm64/PerfectThread-Swift.h /Users/admin/builder/spi-builder-workspace/.derivedData/Build/Intermediates.noindex/PerfectThread.build/Debug-watchos/PerfectThread-t.build/Objects-normal/arm64_32/PerfectThread-Swift.h (in target 'PerfectThread' from project 'PerfectThread')
cd /Users/admin/builder/spi-builder-workspace/.dependencies/checkouts/Perfect-Thread
builtin-swiftHeaderTool -arch arm64 /Users/admin/builder/spi-builder-workspace/.derivedData/Build/Intermediates.noindex/PerfectThread.build/Debug-watchos/PerfectThread-t.build/Objects-normal/arm64/PerfectThread-Swift.h -arch arm64_32 /Users/admin/builder/spi-builder-workspace/.derivedData/Build/Intermediates.noindex/PerfectThread.build/Debug-watchos/PerfectThread-t.build/Objects-normal/arm64_32/PerfectThread-Swift.h -o /Users/admin/builder/spi-builder-workspace/.derivedData/Build/Intermediates.noindex/GeneratedModuleMaps-watchos/PerfectThread-Swift.h
PruneExplicitPrecompiledModules /Users/admin/builder/spi-builder-workspace/.derivedData/SDKExplicitPrecompiledModules
PruneExplicitPrecompiledModules /Users/admin/builder/spi-builder-workspace/.derivedData/Build/Intermediates.noindex/SwiftExplicitPrecompiledModules
PruneExplicitPrecompiledModules /Users/admin/builder/spi-builder-workspace/.derivedData/Build/Intermediates.noindex/ExplicitPrecompiledModules
2026-09-16 15:30:27.034 xcodebuild[1347:7208] [MT] IDERunDestination: Supported platforms for the buildables in the current scheme is empty.
** BUILD FAILED **
The following build commands failed:
SwiftEmitModule normal arm64 Emitting\ module\ for\ PerfectLib (in target 'PerfectLib' from project 'PerfectLib')
SwiftCompile normal arm64 (in target 'PerfectLib' from project 'PerfectLib')
Building workspace PerfectSessionMySQL with scheme PerfectSessionMySQL
(3 failures)
BUILD FAILURE 6.4 watchOS