Build Information
Failed to build KadrPhotos, reference main (890192), with Swift 6.4 for tvOS using Xcode 27.0 on 27 Sep 2026 13:16:31 UTC.
Build Command
env DEVELOPER_DIR=/Applications/Xcode-27.0.0-Release.Candidate.app xcrun xcodebuild -IDEClonedSourcePackagesDirPathOverride=$PWD/.dependencies -skipMacroValidation -skipPackagePluginValidation -derivedDataPath $PWD/.derivedData build -scheme KadrPhotos -destination generic/platform=tvOSBuild Log
========================================
RunAll
========================================
Builder version: 5.1.0
Interrupt handler set up.
========================================
Checkout
========================================
Clone URL: https://github.com/SteliyanH/kadr-photos.git
Reference: main
Initialized empty Git repository in /Users/admin/builder/spi-builder-workspace/.git/
From https://github.com/SteliyanH/kadr-photos
* branch main -> FETCH_HEAD
* [new branch] main -> origin/main
HEAD is now at 8901922 Merge pull request #60 from SteliyanH/develop
Cloned https://github.com/SteliyanH/kadr-photos.git
Revision (git rev-parse @):
8901922aa36f06e254cdeab1032d44231a425048
SPI manifest file found: $PWD/.spi.yml
SUCCESS checkout https://github.com/SteliyanH/kadr-photos.git at main
========================================
Build
========================================
Selected platform: tvOS
Swift version: 6.4
Building package at path: $PWD
https://github.com/SteliyanH/kadr-photos.git
Command line invocation:
/Applications/Xcode-27.0.0-Release.Candidate.app/Contents/Developer/usr/bin/xcodebuild -IDEClonedSourcePackagesDirPathOverride=/Users/admin/builder/spi-builder-workspace/.dependencies -resolvePackageDependencies
Resolve Package Graph
Fetching from https://github.com/SteliyanH/kadr.git
Creating working copy of package ‘kadr’
Checking out 1.1.0 of package ‘kadr’
Resolve Package Graph
Resolved source packages:
Kadr: https://github.com/SteliyanH/kadr.git @ 1.1.0
KadrPhotos: /Users/admin/builder/spi-builder-workspace
resolved source packages: Kadr, KadrPhotos
2026-09-27 09:15:43.040 xcodebuild[524:3007] [MT] IDERunDestination: Supported platforms for the buildables in the current scheme is empty.
{
"dependencies" : [
{
"identity" : "kadr",
"requirement" : {
"range" : [
{
"lower_bound" : "1.0.0",
"upper_bound" : "2.0.0"
}
]
},
"type" : "sourceControl",
"url" : "https://github.com/SteliyanH/kadr.git"
}
],
"manifest_display_name" : "KadrPhotos",
"name" : "KadrPhotos",
"path" : "/Users/admin/builder/spi-builder-workspace",
"platforms" : [
{
"name" : "ios",
"version" : "17.0"
},
{
"name" : "macos",
"version" : "14.0"
},
{
"name" : "visionos",
"version" : "1.0"
}
],
"products" : [
{
"name" : "KadrPhotos",
"targets" : [
"KadrPhotos"
],
"type" : {
"library" : [
"automatic"
]
}
}
],
"targets" : [
{
"c99name" : "KadrPhotosTests",
"module_type" : "SwiftTarget",
"name" : "KadrPhotosTests",
"path" : "Tests/KadrPhotosTests",
"sources" : [
"AlbumListingTests.swift",
"ClipFromPickerTests.swift",
"DepthExtractionTests.swift",
"KadrPhotosTests.swift",
"LivePhotoTests.swift",
"MetadataTests.swift",
"OverlayHelpersTests.swift",
"PhotoPickerAsyncResultsTests.swift",
"PhotoPickerTests.swift",
"PhotosClipErrorLocalizedTests.swift",
"PhotosClipResolverTests.swift",
"SlowMotionTests.swift",
"VideoHDRMetadataTests.swift"
],
"target_dependencies" : [
"KadrPhotos"
],
"type" : "test"
},
{
"c99name" : "KadrPhotos",
"module_type" : "SwiftTarget",
"name" : "KadrPhotos",
"path" : "Sources/KadrPhotos",
"product_dependencies" : [
"Kadr"
],
"product_memberships" : [
"KadrPhotos"
],
"sources" : [
"KadrPhotos.swift",
"PhotoAssetMetadata.swift",
"PhotoPicker+AsyncResults.swift",
"PhotoPicker.swift",
"PhotoPickerResult.swift",
"PhotosClipError+LocalizedError.swift",
"PhotosClipError.swift",
"PhotosClipResolver+Album.swift",
"PhotosClipResolver+Depth.swift",
"PhotosClipResolver+Image.swift",
"PhotosClipResolver+LivePhoto.swift",
"PhotosClipResolver+Metadata.swift",
"PhotosClipResolver+Options.swift",
"PhotosClipResolver+Overlays.swift",
"PhotosClipResolver+PhotoPicker.swift",
"PhotosClipResolver+SlowMotion.swift",
"PhotosClipResolver.swift",
"VideoHDRMetadata.swift"
],
"type" : "library"
}
],
"tools_version" : "6.0"
}
{
"workspace" : {
"name" : "KadrPhotos",
"schemes" : [
"KadrPhotos"
]
}
}
2026-09-27 09:16:15.315 xcodebuild[658:3972] [MT] IDERunDestination: Supported platforms for the buildables in the current scheme is empty.
Running build ...
env DEVELOPER_DIR=/Applications/Xcode-27.0.0-Release.Candidate.app xcrun xcodebuild -IDEClonedSourcePackagesDirPathOverride=$PWD/.dependencies -skipMacroValidation -skipPackagePluginValidation -derivedDataPath $PWD/.derivedData build -scheme KadrPhotos -destination generic/platform=tvOS
Command line invocation:
/Applications/Xcode-27.0.0-Release.Candidate.app/Contents/Developer/usr/bin/xcodebuild -IDEClonedSourcePackagesDirPathOverride=/Users/admin/builder/spi-builder-workspace/.dependencies -skipMacroValidation -skipPackagePluginValidation -derivedDataPath /Users/admin/builder/spi-builder-workspace/.derivedData build -scheme KadrPhotos -destination generic/platform=tvOS
Resolve Package Graph
Resolve Package Graph
Resolved source packages:
KadrPhotos: /Users/admin/builder/spi-builder-workspace
Kadr: https://github.com/SteliyanH/kadr.git @ 1.1.0
ComputePackagePrebuildTargetDependencyGraph
Prepare packages
CreateBuildRequest
SendProjectDescription
CreateBuildOperation
ComputeTargetDependencyGraph
note: Building targets in dependency order
note: Target dependency graph (4 targets)
Target 'KadrPhotos-product' in project 'KadrPhotos'
➜ Explicit dependency on target 'KadrPhotos' in project 'KadrPhotos'
➜ Explicit dependency on target 'Kadr-product' in project 'Kadr'
Target 'KadrPhotos' in project 'KadrPhotos'
➜ Explicit dependency on target 'Kadr-product' in project 'Kadr'
Target 'Kadr-product' in project 'Kadr'
➜ Explicit dependency on target 'Kadr' in project 'Kadr'
Target 'Kadr' in project 'Kadr' (no dependencies)
GatherProvisioningInputs
CreateBuildDescription
ExecuteExternalTool /Applications/Xcode-27.0.0-Release.Candidate.app/Contents/Developer/Toolchains/XcodeDefault.xctoolchain/usr/bin/clang -v -E -dM -isysroot /Applications/Xcode-27.0.0-Release.Candidate.app/Contents/Developer/Platforms/AppleTVOS.platform/Developer/SDKs/AppleTVOS27.0.sdk -x c -c /dev/null
ExecuteExternalTool /Applications/Xcode-27.0.0-Release.Candidate.app/Contents/Developer/Toolchains/XcodeDefault.xctoolchain/usr/bin/swiftc --version
ExecuteExternalTool /Applications/Xcode-27.0.0-Release.Candidate.app/Contents/Developer/Toolchains/XcodeDefault.xctoolchain/usr/bin/ld -version_details
ReadFileContents /Applications/Xcode-27.0.0-Release.Candidate.app/Contents/Developer/Toolchains/XcodeDefault.xctoolchain/usr/share/docc/features.json
Build description signature: a32bfceb88c2b44f02a9ec4443398f92
Build description path: /Users/admin/builder/spi-builder-workspace/.derivedData/Build/Intermediates.noindex/XCBuildData/a32bfceb88c2b44f02a9ec4443398f92.xcbuilddata
CreateBuildDirectory /Users/admin/builder/spi-builder-workspace/.derivedData/SDKExplicitPrecompiledModules
cd /Users/admin/builder/spi-builder-workspace/.swiftpm/xcode
builtin-create-build-directory /Users/admin/builder/spi-builder-workspace/.derivedData/SDKExplicitPrecompiledModules
CreateBuildDirectory /Users/admin/builder/spi-builder-workspace/.derivedData/ModuleCache.noindex
cd /Users/admin/builder/spi-builder-workspace/.swiftpm/xcode
builtin-create-build-directory /Users/admin/builder/spi-builder-workspace/.derivedData/ModuleCache.noindex
CreateBuildDirectory /Users/admin/builder/spi-builder-workspace/.derivedData/CompilationCache.noindex
cd /Users/admin/builder/spi-builder-workspace/.swiftpm/xcode
builtin-create-build-directory /Users/admin/builder/spi-builder-workspace/.derivedData/CompilationCache.noindex
ClangStatCache /Applications/Xcode-27.0.0-Release.Candidate.app/Contents/Developer/Toolchains/XcodeDefault.xctoolchain/usr/bin/clang-stat-cache /Applications/Xcode-27.0.0-Release.Candidate.app/Contents/Developer/Platforms/AppleTVOS.platform/Developer/SDKs/AppleTVOS27.0.sdk /Users/admin/builder/spi-builder-workspace/.derivedData/SDKStatCaches.noindex/appletvos27.0-24J360-e829b21a6f8c9b70876ba0858053c044b32bfd8d43560033f8d89884cdb90028.sdkstatcache
cd /Users/admin/builder/spi-builder-workspace/.swiftpm/xcode
/Applications/Xcode-27.0.0-Release.Candidate.app/Contents/Developer/Toolchains/XcodeDefault.xctoolchain/usr/bin/clang-stat-cache /Applications/Xcode-27.0.0-Release.Candidate.app/Contents/Developer/Platforms/AppleTVOS.platform/Developer/SDKs/AppleTVOS27.0.sdk -o /Users/admin/builder/spi-builder-workspace/.derivedData/SDKStatCaches.noindex/appletvos27.0-24J360-e829b21a6f8c9b70876ba0858053c044b32bfd8d43560033f8d89884cdb90028.sdkstatcache
CreateBuildDirectory /Users/admin/builder/spi-builder-workspace/.derivedData/Build/Products
cd /Users/admin/builder/spi-builder-workspace/.swiftpm/xcode
builtin-create-build-directory /Users/admin/builder/spi-builder-workspace/.derivedData/Build/Products
CreateBuildDirectory /Users/admin/builder/spi-builder-workspace/.derivedData/Build/Intermediates.noindex
cd /Users/admin/builder/spi-builder-workspace/.swiftpm/xcode
builtin-create-build-directory /Users/admin/builder/spi-builder-workspace/.derivedData/Build/Intermediates.noindex
CreateBuildDirectory /Users/admin/builder/spi-builder-workspace/.derivedData/Build/Products/Debug-appletvos
cd /Users/admin/builder/spi-builder-workspace/.swiftpm/xcode
builtin-create-build-directory /Users/admin/builder/spi-builder-workspace/.derivedData/Build/Products/Debug-appletvos
CreateBuildDirectory /Users/admin/builder/spi-builder-workspace/.derivedData/Build/Intermediates.noindex/PrecompiledHeaders
cd /Users/admin/builder/spi-builder-workspace/.swiftpm/xcode
builtin-create-build-directory /Users/admin/builder/spi-builder-workspace/.derivedData/Build/Intermediates.noindex/PrecompiledHeaders
CreateBuildDirectory /Users/admin/builder/spi-builder-workspace/.derivedData/Build/Intermediates.noindex/ExplicitPrecompiledModules
cd /Users/admin/builder/spi-builder-workspace/.swiftpm/xcode
builtin-create-build-directory /Users/admin/builder/spi-builder-workspace/.derivedData/Build/Intermediates.noindex/ExplicitPrecompiledModules
CreateBuildDirectory /Users/admin/builder/spi-builder-workspace/.derivedData/Build/Intermediates.noindex/SwiftExplicitPrecompiledModules
cd /Users/admin/builder/spi-builder-workspace/.swiftpm/xcode
builtin-create-build-directory /Users/admin/builder/spi-builder-workspace/.derivedData/Build/Intermediates.noindex/SwiftExplicitPrecompiledModules
CreateBuildDirectory /Users/admin/builder/spi-builder-workspace/.derivedData/Build/Intermediates.noindex/EagerLinkingTBDs/Debug-appletvos
cd /Users/admin/builder/spi-builder-workspace/.swiftpm/xcode
builtin-create-build-directory /Users/admin/builder/spi-builder-workspace/.derivedData/Build/Intermediates.noindex/EagerLinkingTBDs/Debug-appletvos
CreateBuildDirectory /Users/admin/builder/spi-builder-workspace/.derivedData/Build/Products/Debug-appletvos/PackageFrameworks
cd /Users/admin/builder/spi-builder-workspace/.swiftpm/xcode
builtin-create-build-directory /Users/admin/builder/spi-builder-workspace/.derivedData/Build/Products/Debug-appletvos/PackageFrameworks
WriteAuxiliaryFile /Users/admin/builder/spi-builder-workspace/.derivedData/Build/Intermediates.noindex/KadrPhotos.build/Debug-appletvos/KadrPhotos-t.build/KadrPhotos.modulemap (in target 'KadrPhotos' from project 'KadrPhotos')
cd /Users/admin/builder/spi-builder-workspace
write-file /Users/admin/builder/spi-builder-workspace/.derivedData/Build/Intermediates.noindex/KadrPhotos.build/Debug-appletvos/KadrPhotos-t.build/KadrPhotos.modulemap
WriteAuxiliaryFile /Users/admin/builder/spi-builder-workspace/.derivedData/Build/Intermediates.noindex/Kadr.build/Debug-appletvos/Kadr-t.build/Kadr.modulemap (in target 'Kadr' from project 'Kadr')
cd /Users/admin/builder/spi-builder-workspace/.dependencies/checkouts/kadr
write-file /Users/admin/builder/spi-builder-workspace/.derivedData/Build/Intermediates.noindex/Kadr.build/Debug-appletvos/Kadr-t.build/Kadr.modulemap
WriteAuxiliaryFile /Users/admin/builder/spi-builder-workspace/.derivedData/Build/Intermediates.noindex/KadrPhotos.build/Debug-appletvos/KadrPhotos-t.build/Objects-normal/arm64/KadrPhotos.LinkFileList (in target 'KadrPhotos' from project 'KadrPhotos')
cd /Users/admin/builder/spi-builder-workspace
write-file /Users/admin/builder/spi-builder-workspace/.derivedData/Build/Intermediates.noindex/KadrPhotos.build/Debug-appletvos/KadrPhotos-t.build/Objects-normal/arm64/KadrPhotos.LinkFileList
WriteAuxiliaryFile /Users/admin/builder/spi-builder-workspace/.derivedData/Build/Intermediates.noindex/KadrPhotos.build/Debug-appletvos/KadrPhotos-t.build/Objects-normal/arm64/KadrPhotos.SwiftFileList (in target 'KadrPhotos' from project 'KadrPhotos')
cd /Users/admin/builder/spi-builder-workspace
write-file /Users/admin/builder/spi-builder-workspace/.derivedData/Build/Intermediates.noindex/KadrPhotos.build/Debug-appletvos/KadrPhotos-t.build/Objects-normal/arm64/KadrPhotos.SwiftFileList
WriteAuxiliaryFile /Users/admin/builder/spi-builder-workspace/.derivedData/Build/Intermediates.noindex/KadrPhotos.build/Debug-appletvos/KadrPhotos-t.build/Objects-normal/arm64/KadrPhotos_const_extract_protocols.json (in target 'KadrPhotos' from project 'KadrPhotos')
cd /Users/admin/builder/spi-builder-workspace
write-file /Users/admin/builder/spi-builder-workspace/.derivedData/Build/Intermediates.noindex/KadrPhotos.build/Debug-appletvos/KadrPhotos-t.build/Objects-normal/arm64/KadrPhotos_const_extract_protocols.json
WriteAuxiliaryFile /Users/admin/builder/spi-builder-workspace/.derivedData/Build/Intermediates.noindex/KadrPhotos.build/Debug-appletvos/KadrPhotos-t.build/Objects-normal/arm64/KadrPhotos.SwiftConstValuesFileList (in target 'KadrPhotos' from project 'KadrPhotos')
cd /Users/admin/builder/spi-builder-workspace
write-file /Users/admin/builder/spi-builder-workspace/.derivedData/Build/Intermediates.noindex/KadrPhotos.build/Debug-appletvos/KadrPhotos-t.build/Objects-normal/arm64/KadrPhotos.SwiftConstValuesFileList
WriteAuxiliaryFile /Users/admin/builder/spi-builder-workspace/.derivedData/Build/Intermediates.noindex/KadrPhotos.build/Debug-appletvos/KadrPhotos-t.build/Objects-normal/arm64/KadrPhotos-OutputFileMap.json (in target 'KadrPhotos' from project 'KadrPhotos')
cd /Users/admin/builder/spi-builder-workspace
write-file /Users/admin/builder/spi-builder-workspace/.derivedData/Build/Intermediates.noindex/KadrPhotos.build/Debug-appletvos/KadrPhotos-t.build/Objects-normal/arm64/KadrPhotos-OutputFileMap.json
WriteAuxiliaryFile /Users/admin/builder/spi-builder-workspace/.derivedData/Build/Intermediates.noindex/Kadr.build/Debug-appletvos/Kadr-t.build/Objects-normal/arm64/Kadr.SwiftFileList (in target 'Kadr' from project 'Kadr')
cd /Users/admin/builder/spi-builder-workspace/.dependencies/checkouts/kadr
write-file /Users/admin/builder/spi-builder-workspace/.derivedData/Build/Intermediates.noindex/Kadr.build/Debug-appletvos/Kadr-t.build/Objects-normal/arm64/Kadr.SwiftFileList
WriteAuxiliaryFile /Users/admin/builder/spi-builder-workspace/.derivedData/Build/Intermediates.noindex/Kadr.build/Debug-appletvos/Kadr-t.build/Objects-normal/arm64/Kadr_const_extract_protocols.json (in target 'Kadr' from project 'Kadr')
cd /Users/admin/builder/spi-builder-workspace/.dependencies/checkouts/kadr
write-file /Users/admin/builder/spi-builder-workspace/.derivedData/Build/Intermediates.noindex/Kadr.build/Debug-appletvos/Kadr-t.build/Objects-normal/arm64/Kadr_const_extract_protocols.json
WriteAuxiliaryFile /Users/admin/builder/spi-builder-workspace/.derivedData/Build/Intermediates.noindex/KadrPhotos.build/Debug-appletvos/KadrPhotos-t.build/KadrPhotos.DependencyStaticMetadataFileList (in target 'KadrPhotos' from project 'KadrPhotos')
cd /Users/admin/builder/spi-builder-workspace
write-file /Users/admin/builder/spi-builder-workspace/.derivedData/Build/Intermediates.noindex/KadrPhotos.build/Debug-appletvos/KadrPhotos-t.build/KadrPhotos.DependencyStaticMetadataFileList
WriteAuxiliaryFile /Users/admin/builder/spi-builder-workspace/.derivedData/Build/Intermediates.noindex/KadrPhotos.build/Debug-appletvos/KadrPhotos-t.build/KadrPhotos.DependencyMetadataFileList (in target 'KadrPhotos' from project 'KadrPhotos')
cd /Users/admin/builder/spi-builder-workspace
write-file /Users/admin/builder/spi-builder-workspace/.derivedData/Build/Intermediates.noindex/KadrPhotos.build/Debug-appletvos/KadrPhotos-t.build/KadrPhotos.DependencyMetadataFileList
WriteAuxiliaryFile /Users/admin/builder/spi-builder-workspace/.derivedData/Build/Intermediates.noindex/Kadr.build/Debug-appletvos/Kadr-t.build/Objects-normal/arm64/Kadr.SwiftConstValuesFileList (in target 'Kadr' from project 'Kadr')
cd /Users/admin/builder/spi-builder-workspace/.dependencies/checkouts/kadr
write-file /Users/admin/builder/spi-builder-workspace/.derivedData/Build/Intermediates.noindex/Kadr.build/Debug-appletvos/Kadr-t.build/Objects-normal/arm64/Kadr.SwiftConstValuesFileList
WriteAuxiliaryFile /Users/admin/builder/spi-builder-workspace/.derivedData/Build/Intermediates.noindex/Kadr.build/Debug-appletvos/Kadr-t.build/Objects-normal/arm64/Kadr.LinkFileList (in target 'Kadr' from project 'Kadr')
cd /Users/admin/builder/spi-builder-workspace/.dependencies/checkouts/kadr
write-file /Users/admin/builder/spi-builder-workspace/.derivedData/Build/Intermediates.noindex/Kadr.build/Debug-appletvos/Kadr-t.build/Objects-normal/arm64/Kadr.LinkFileList
WriteAuxiliaryFile /Users/admin/builder/spi-builder-workspace/.derivedData/Build/Intermediates.noindex/Kadr.build/Debug-appletvos/Kadr-t.build/Objects-normal/arm64/Kadr-OutputFileMap.json (in target 'Kadr' from project 'Kadr')
cd /Users/admin/builder/spi-builder-workspace/.dependencies/checkouts/kadr
write-file /Users/admin/builder/spi-builder-workspace/.derivedData/Build/Intermediates.noindex/Kadr.build/Debug-appletvos/Kadr-t.build/Objects-normal/arm64/Kadr-OutputFileMap.json
Copy /Users/admin/builder/spi-builder-workspace/.derivedData/Build/Intermediates.noindex/GeneratedModuleMaps-appletvos/KadrPhotos.modulemap /Users/admin/builder/spi-builder-workspace/.derivedData/Build/Intermediates.noindex/KadrPhotos.build/Debug-appletvos/KadrPhotos-t.build/KadrPhotos.modulemap (in target 'KadrPhotos' from project 'KadrPhotos')
cd /Users/admin/builder/spi-builder-workspace
builtin-copy -exclude .DS_Store -exclude CVS -exclude .svn -exclude .git -exclude .hg -resolve-src-symlinks /Users/admin/builder/spi-builder-workspace/.derivedData/Build/Intermediates.noindex/KadrPhotos.build/Debug-appletvos/KadrPhotos-t.build/KadrPhotos.modulemap /Users/admin/builder/spi-builder-workspace/.derivedData/Build/Intermediates.noindex/GeneratedModuleMaps-appletvos
WriteAuxiliaryFile /Users/admin/builder/spi-builder-workspace/.derivedData/Build/Intermediates.noindex/Kadr.build/Debug-appletvos/Kadr-t.build/Kadr.DependencyStaticMetadataFileList (in target 'Kadr' from project 'Kadr')
cd /Users/admin/builder/spi-builder-workspace/.dependencies/checkouts/kadr
write-file /Users/admin/builder/spi-builder-workspace/.derivedData/Build/Intermediates.noindex/Kadr.build/Debug-appletvos/Kadr-t.build/Kadr.DependencyStaticMetadataFileList
WriteAuxiliaryFile /Users/admin/builder/spi-builder-workspace/.derivedData/Build/Intermediates.noindex/Kadr.build/Debug-appletvos/Kadr-t.build/Kadr.DependencyMetadataFileList (in target 'Kadr' from project 'Kadr')
cd /Users/admin/builder/spi-builder-workspace/.dependencies/checkouts/kadr
write-file /Users/admin/builder/spi-builder-workspace/.derivedData/Build/Intermediates.noindex/Kadr.build/Debug-appletvos/Kadr-t.build/Kadr.DependencyMetadataFileList
Copy /Users/admin/builder/spi-builder-workspace/.derivedData/Build/Intermediates.noindex/GeneratedModuleMaps-appletvos/Kadr.modulemap /Users/admin/builder/spi-builder-workspace/.derivedData/Build/Intermediates.noindex/Kadr.build/Debug-appletvos/Kadr-t.build/Kadr.modulemap (in target 'Kadr' from project 'Kadr')
cd /Users/admin/builder/spi-builder-workspace/.dependencies/checkouts/kadr
builtin-copy -exclude .DS_Store -exclude CVS -exclude .svn -exclude .git -exclude .hg -resolve-src-symlinks /Users/admin/builder/spi-builder-workspace/.derivedData/Build/Intermediates.noindex/Kadr.build/Debug-appletvos/Kadr-t.build/Kadr.modulemap /Users/admin/builder/spi-builder-workspace/.derivedData/Build/Intermediates.noindex/GeneratedModuleMaps-appletvos
SwiftDriver Kadr normal arm64 com.apple.xcode.tools.swift.compiler (in target 'Kadr' from project 'Kadr')
cd /Users/admin/builder/spi-builder-workspace/.swiftpm/xcode
builtin-SwiftDriver -- /Applications/Xcode-27.0.0-Release.Candidate.app/Contents/Developer/Toolchains/XcodeDefault.xctoolchain/usr/bin/swiftc -parse-as-library -module-name Kadr -Onone @/Users/admin/builder/spi-builder-workspace/.derivedData/Build/Intermediates.noindex/Kadr.build/Debug-appletvos/Kadr-t.build/Objects-normal/arm64/Kadr.SwiftFileList -DSWIFT_PACKAGE -DDEBUG -DSWIFT_MODULE_RESOURCE_BUNDLE_UNAVAILABLE -DXcode -enable-experimental-feature StrictConcurrency -plugin-path /Applications/Xcode-27.0.0-Release.Candidate.app/Contents/Developer/Toolchains/XcodeDefault.xctoolchain/usr/lib/swift/host/plugins/testing -enable-experimental-feature DebugDescriptionMacro -sdk /Applications/Xcode-27.0.0-Release.Candidate.app/Contents/Developer/Platforms/AppleTVOS.platform/Developer/SDKs/AppleTVOS27.0.sdk -target arm64-apple-tvos17.0 -g -module-cache-path /Users/admin/builder/spi-builder-workspace/.derivedData/ModuleCache.noindex -Xfrontend -serialize-debugging-options -profile-coverage-mapping -profile-generate -enable-testing -suppress-warnings -index-store-path /Users/admin/builder/spi-builder-workspace/.derivedData/Index.noindex/DataStore -Xcc -D_LIBCPP_HARDENING_MODE\=_LIBCPP_HARDENING_MODE_DEBUG -swift-version 6 -I /Users/admin/builder/spi-builder-workspace/.derivedData/Build/Products/Debug-appletvos -Isystem /Applications/Xcode-27.0.0-Release.Candidate.app/Contents/Developer/Platforms/AppleTVOS.platform/Developer/usr/lib -F /Users/admin/builder/spi-builder-workspace/.derivedData/Build/Products/Debug-appletvos -F /Applications/Xcode-27.0.0-Release.Candidate.app/Contents/Developer/Platforms/AppleTVOS.platform/Developer/Library/Frameworks -F /Applications/Xcode-27.0.0-Release.Candidate.app/Contents/Developer/Platforms/AppleTVOS.platform/Developer/SDKs/AppleTVOS27.0.sdk/Developer/Library/Frameworks -c -j10 -enable-batch-mode -incremental -Xcc -ivfsstatcache -Xcc /Users/admin/builder/spi-builder-workspace/.derivedData/SDKStatCaches.noindex/appletvos27.0-24J360-e829b21a6f8c9b70876ba0858053c044b32bfd8d43560033f8d89884cdb90028.sdkstatcache -output-file-map /Users/admin/builder/spi-builder-workspace/.derivedData/Build/Intermediates.noindex/Kadr.build/Debug-appletvos/Kadr-t.build/Objects-normal/arm64/Kadr-OutputFileMap.json -save-temps -no-color-diagnostics -explicit-module-build -module-cache-path /Users/admin/builder/spi-builder-workspace/.derivedData/Build/Intermediates.noindex/SwiftExplicitPrecompiledModules -clang-scanner-module-cache-path /Users/admin/builder/spi-builder-workspace/.derivedData/ModuleCache.noindex -sdk-module-cache-path /Users/admin/builder/spi-builder-workspace/.derivedData/SDKExplicitPrecompiledModules -emit-dependencies -emit-module -emit-module-path /Users/admin/builder/spi-builder-workspace/.derivedData/Build/Intermediates.noindex/Kadr.build/Debug-appletvos/Kadr-t.build/Objects-normal/arm64/Kadr.swiftmodule -serialize-diagnostics -dependency-scan-serialize-diagnostics-path /Users/admin/builder/spi-builder-workspace/.derivedData/Build/Intermediates.noindex/Kadr.build/Debug-appletvos/Kadr-t.build/Objects-normal/arm64/Kadr-dependency-scan.dia -user-module-version 1.1.0 -validate-clang-modules-once -clang-build-session-file /Users/admin/builder/spi-builder-workspace/.derivedData/ModuleCache.noindex/Session.modulevalidation -Xcc -fmodules-prune-interval\=86400 -Xcc -fmodules-prune-after\=345600 -package-name kadr -emit-const-values -const-gather-protocols-list /Users/admin/builder/spi-builder-workspace/.derivedData/Build/Intermediates.noindex/Kadr.build/Debug-appletvos/Kadr-t.build/Objects-normal/arm64/Kadr_const_extract_protocols.json -Xcc -I/Users/admin/builder/spi-builder-workspace/.derivedData/Build/Products/Debug-appletvos/include -Xcc -I/Users/admin/builder/spi-builder-workspace/.derivedData/Build/Intermediates.noindex/Kadr.build/Debug-appletvos/Kadr-t.build/DerivedSources-normal/arm64 -Xcc -I/Users/admin/builder/spi-builder-workspace/.derivedData/Build/Intermediates.noindex/Kadr.build/Debug-appletvos/Kadr-t.build/DerivedSources/arm64 -Xcc -I/Users/admin/builder/spi-builder-workspace/.derivedData/Build/Intermediates.noindex/Kadr.build/Debug-appletvos/Kadr-t.build/DerivedSources -Xcc -DSWIFT_PACKAGE -Xcc -DDEBUG\=1 -emit-objc-header -emit-objc-header-path /Users/admin/builder/spi-builder-workspace/.derivedData/Build/Intermediates.noindex/Kadr.build/Debug-appletvos/Kadr-t.build/Objects-normal/arm64/Kadr-Swift.h -working-directory /Users/admin/builder/spi-builder-workspace/.swiftpm/xcode -experimental-emit-module-separately -disable-cmo
SwiftExplicitDependencyGeneratePcm arm64 /Users/admin/builder/spi-builder-workspace/.derivedData/SDKExplicitPrecompiledModules/_Builtin_stdarg-719DH4G2R3NRP3HRX5HE8WX08.pcm
SwiftExplicitDependencyGeneratePcm arm64 /Users/admin/builder/spi-builder-workspace/.derivedData/SDKExplicitPrecompiledModules/ptrcheck-BA65H1NXYZJ0BLLWO9HZOAZ6Y.pcm
SwiftExplicitDependencyGeneratePcm arm64 /Users/admin/builder/spi-builder-workspace/.derivedData/SDKExplicitPrecompiledModules/_AvailabilityInternal-99L1JVU5TYE8S0FGGB7E09QQS.pcm
SwiftExplicitDependencyGeneratePcm arm64 /Users/admin/builder/spi-builder-workspace/.derivedData/SDKExplicitPrecompiledModules/DeveloperToolsSupport-CJV8SY9BXJUTONPFWMLQEGTXA.pcm
SwiftExplicitDependencyGeneratePcm arm64 /Users/admin/builder/spi-builder-workspace/.derivedData/SDKExplicitPrecompiledModules/_Builtin_stddef-1MAO6P3OSQFGZFQEPM31XXNSS.pcm
SwiftExplicitDependencyGeneratePcm arm64 /Users/admin/builder/spi-builder-workspace/.derivedData/SDKExplicitPrecompiledModules/SwiftShims-73G9EXEO9PVWB6PL1BR4TAJ0B.pcm
SwiftExplicitDependencyGeneratePcm arm64 /Users/admin/builder/spi-builder-workspace/.derivedData/SDKExplicitPrecompiledModules/ptrauth-EMKXYE8GN9BK4M3ODSTVDUJU2.pcm
SwiftExplicitDependencyGeneratePcm arm64 /Users/admin/builder/spi-builder-workspace/.derivedData/SDKExplicitPrecompiledModules/_SwiftConcurrencyShims-3HZGHPZQL3GY71QUHDRB0P39S.pcm
SwiftExplicitDependencyGeneratePcm arm64 /Users/admin/builder/spi-builder-workspace/.derivedData/SDKExplicitPrecompiledModules/_Builtin_float-3RF4B70MBHPP952AX3GNZ8W3H.pcm
SwiftExplicitDependencyGeneratePcm arm64 /Users/admin/builder/spi-builder-workspace/.derivedData/SDKExplicitPrecompiledModules/_Builtin_stdbool-4UUPXTY52W6RPSB0N2WGGLTJT.pcm
SwiftExplicitDependencyGeneratePcm arm64 /Users/admin/builder/spi-builder-workspace/.derivedData/SDKExplicitPrecompiledModules/_DarwinFoundation1-90NUFDXQ765U5FR62173FT21A.pcm
SwiftExplicitDependencyGeneratePcm arm64 /Users/admin/builder/spi-builder-workspace/.derivedData/SDKExplicitPrecompiledModules/_DarwinFoundation2-EPKSYG5WMVE7WSPFQB4C0UC59.pcm
SwiftExplicitDependencyGeneratePcm arm64 /Users/admin/builder/spi-builder-workspace/.derivedData/SDKExplicitPrecompiledModules/_Builtin_limits-3JICJWOCEYXXXNXAMEJBF6UQN.pcm
SwiftExplicitDependencyGeneratePcm arm64 /Users/admin/builder/spi-builder-workspace/.derivedData/SDKExplicitPrecompiledModules/string_h-B6D36UOVIZC2Y0YE3KEZLZAP6.pcm
SwiftExplicitDependencyGeneratePcm arm64 /Users/admin/builder/spi-builder-workspace/.derivedData/SDKExplicitPrecompiledModules/_Builtin_stdint-A8OKY0NXO26BZ4GWYKP79TKL9.pcm
SwiftExplicitDependencyGeneratePcm arm64 /Users/admin/builder/spi-builder-workspace/.derivedData/SDKExplicitPrecompiledModules/sys_types-CATSGLJDZ8UZUMKHO6M4I4PJT.pcm
SwiftExplicitDependencyGeneratePcm arm64 /Users/admin/builder/spi-builder-workspace/.derivedData/SDKExplicitPrecompiledModules/_Builtin_tgmath-320K271Z6IM134IWIB7S3LTD.pcm
SwiftExplicitDependencyGeneratePcm arm64 /Users/admin/builder/spi-builder-workspace/.derivedData/SDKExplicitPrecompiledModules/_Builtin_intrinsics-AQDFY8KQQX9Z38C6EI15S53EQ.pcm
SwiftExplicitDependencyGeneratePcm arm64 /Users/admin/builder/spi-builder-workspace/.derivedData/SDKExplicitPrecompiledModules/_DarwinFoundation3-63L5I5VCGX6CLI6HI7OWUXJN6.pcm
SwiftExplicitDependencyGeneratePcm arm64 /Users/admin/builder/spi-builder-workspace/.derivedData/SDKExplicitPrecompiledModules/_Builtin_stdatomic-71DQV8BR56LNANL900GGEC9KO.pcm
SwiftExplicitDependencyGeneratePcm arm64 /Users/admin/builder/spi-builder-workspace/.derivedData/SDKExplicitPrecompiledModules/_Builtin_inttypes-80RS02PM2X81SP8N0Q7X05540.pcm
SwiftExplicitDependencyGeneratePcm arm64 /Users/admin/builder/spi-builder-workspace/.derivedData/SDKExplicitPrecompiledModules/Darwin-1VTILT8KA42CNDAUB0H1FM7MC.pcm
SwiftExplicitDependencyGeneratePcm arm64 /Users/admin/builder/spi-builder-workspace/.derivedData/SDKExplicitPrecompiledModules/simd-D50CDGAQRFNF5E2BA2UWCCHLJ.pcm
SwiftExplicitDependencyGeneratePcm arm64 /Users/admin/builder/spi-builder-workspace/.derivedData/SDKExplicitPrecompiledModules/ObjectiveC-CC0BYHG21IQMMT48PGDNSK7G6.pcm
SwiftExplicitDependencyGeneratePcm arm64 /Users/admin/builder/spi-builder-workspace/.derivedData/SDKExplicitPrecompiledModules/MachO-A5KLTMTLJD1DPHEYPZHUSRJ4O.pcm
SwiftExplicitDependencyGeneratePcm arm64 /Users/admin/builder/spi-builder-workspace/.derivedData/SDKExplicitPrecompiledModules/os_object-1TJLDNS7X3UT7Y5TM4QQ2RN6G.pcm
SwiftExplicitDependencyGeneratePcm arm64 /Users/admin/builder/spi-builder-workspace/.derivedData/SDKExplicitPrecompiledModules/os_workgroup-E61GF9E8FAHZGKXVOV9QHUD27.pcm
SwiftExplicitDependencyGeneratePcm arm64 /Users/admin/builder/spi-builder-workspace/.derivedData/SDKExplicitPrecompiledModules/Dispatch-F564M6B2H1RRD83XZ8EBWFSHE.pcm
SwiftExplicitDependencyGeneratePcm arm64 /Users/admin/builder/spi-builder-workspace/.derivedData/SDKExplicitPrecompiledModules/Spatial-2KZFBWN278VTZL619Y96SAJC9.pcm
SwiftExplicitDependencyGeneratePcm arm64 /Users/admin/builder/spi-builder-workspace/.derivedData/SDKExplicitPrecompiledModules/CoreFoundation-A4LOYEEJIFQKOPZRDOG9M3N2K.pcm
SwiftExplicitDependencyGeneratePcm arm64 /Users/admin/builder/spi-builder-workspace/.derivedData/SDKExplicitPrecompiledModules/XPC-2WVXL0UION0MYZOZAJZC6DUXD.pcm
SwiftExplicitDependencyGeneratePcm arm64 /Users/admin/builder/spi-builder-workspace/.derivedData/SDKExplicitPrecompiledModules/os-4NLIUP5HHN7FW5ML70YLEU8QE.pcm
SwiftExplicitDependencyGeneratePcm arm64 /Users/admin/builder/spi-builder-workspace/.derivedData/SDKExplicitPrecompiledModules/CFNetwork-8S7XZ5SI3TWM2JOZPDZPRY8W9.pcm
SwiftExplicitDependencyGeneratePcm arm64 /Users/admin/builder/spi-builder-workspace/.derivedData/SDKExplicitPrecompiledModules/CoreGraphics-D8Y0X4J52BHG7HHUQLTX6SXE1.pcm
SwiftExplicitDependencyGeneratePcm arm64 /Users/admin/builder/spi-builder-workspace/.derivedData/SDKExplicitPrecompiledModules/CoreAudioTypes-3D575H9KXE9GWSK6ZWEWBV9TM.pcm
SwiftExplicitDependencyGeneratePcm arm64 /Users/admin/builder/spi-builder-workspace/.derivedData/SDKExplicitPrecompiledModules/Security-6KU6X9W8QDIJW83JUF0DRES83.pcm
SwiftExplicitDependencyGeneratePcm arm64 /Users/admin/builder/spi-builder-workspace/.derivedData/SDKExplicitPrecompiledModules/CoreAudio-46JNU59TK6U76A9ILN06CT9NS.pcm
SwiftExplicitDependencyGeneratePcm arm64 /Users/admin/builder/spi-builder-workspace/.derivedData/SDKExplicitPrecompiledModules/Foundation-1AS5K10MY6XENLLR2NDUCKYTM.pcm
SwiftExplicitDependencyGeneratePcm arm64 /Users/admin/builder/spi-builder-workspace/.derivedData/SDKExplicitPrecompiledModules/ImageIO-48DA7ET77Q34HPZP9CPHI9VS4.pcm
SwiftExplicitDependencyGeneratePcm arm64 /Users/admin/builder/spi-builder-workspace/.derivedData/SDKExplicitPrecompiledModules/CoreText-E0GG8D3D527TJX7D2QEHFQLM2.pcm
SwiftExplicitDependencyGeneratePcm arm64 /Users/admin/builder/spi-builder-workspace/.derivedData/SDKExplicitPrecompiledModules/_LocationEssentials-2OY9351FRBO717MIULOKMYA9E.pcm
SwiftExplicitDependencyGeneratePcm arm64 /Users/admin/builder/spi-builder-workspace/.derivedData/SDKExplicitPrecompiledModules/OSLog-1UX1YGRJSIOEO9YC3MNFFD818.pcm
SwiftExplicitDependencyGeneratePcm arm64 /Users/admin/builder/spi-builder-workspace/.derivedData/SDKExplicitPrecompiledModules/UserNotifications-AKH3GC0FQWUK55FNTW4WEMFQE.pcm
SwiftExplicitDependencyGeneratePcm arm64 /Users/admin/builder/spi-builder-workspace/.derivedData/SDKExplicitPrecompiledModules/CoreTransferable-84B3V3M9DHRIQERK179SSQO5U.pcm
SwiftExplicitDependencyGeneratePcm arm64 /Users/admin/builder/spi-builder-workspace/.derivedData/SDKExplicitPrecompiledModules/DataDetection-9IX0C1MAX33MS6TCZDSNKXEO8.pcm
SwiftExplicitDependencyGeneratePcm arm64 /Users/admin/builder/spi-builder-workspace/.derivedData/SDKExplicitPrecompiledModules/CoreMIDI-B30Z2AL3XECIIRY4VF47O5AZP.pcm
SwiftExplicitDependencyGeneratePcm arm64 /Users/admin/builder/spi-builder-workspace/.derivedData/SDKExplicitPrecompiledModules/UniformTypeIdentifiers-DQ77M7R0D7VCBK0YUO3VHCRB1.pcm
SwiftExplicitDependencyGeneratePcm arm64 /Users/admin/builder/spi-builder-workspace/.derivedData/SDKExplicitPrecompiledModules/AVRouting-1D04U5TBLVBV1SGX0SZE8SJLX.pcm
SwiftExplicitDependencyGeneratePcm arm64 /Users/admin/builder/spi-builder-workspace/.derivedData/SDKExplicitPrecompiledModules/Symbols-9TNA7JIKOEYVTYC7A16HCS4Z8.pcm
SwiftExplicitDependencyGeneratePcm arm64 /Users/admin/builder/spi-builder-workspace/.derivedData/SDKExplicitPrecompiledModules/IOSurface-DEQULTJ8SC21O986FDCNTM8FX.pcm
SwiftExplicitDependencyGeneratePcm arm64 /Users/admin/builder/spi-builder-workspace/.derivedData/SDKExplicitPrecompiledModules/Accessibility-EAPB6A95K5V0S27QNKR6ATG7F.pcm
SwiftExplicitDependencyGeneratePcm arm64 /Users/admin/builder/spi-builder-workspace/.derivedData/SDKExplicitPrecompiledModules/UIUtilities-9NQVCWATNLLVY125LB74695HY.pcm
SwiftExplicitDependencyGeneratePcm arm64 /Users/admin/builder/spi-builder-workspace/.derivedData/SDKExplicitPrecompiledModules/CoreLocation-6939X9DMB2SA43P0TYB7Z14Z5.pcm
SwiftExplicitDependencyGeneratePcm arm64 /Users/admin/builder/spi-builder-workspace/.derivedData/SDKExplicitPrecompiledModules/Metal-52GB3RCZ6A2WEZ7RWCXV2WL0N.pcm
SwiftExplicitDependencyGeneratePcm arm64 /Users/admin/builder/spi-builder-workspace/.derivedData/SDKExplicitPrecompiledModules/OpenGLES-6Y33D4DDPO1R82EJXT1SIGNPS.pcm
SwiftExplicitDependencyGeneratePcm arm64 /Users/admin/builder/spi-builder-workspace/.derivedData/SDKExplicitPrecompiledModules/AudioToolbox-9V31DICOPA27I0F5R9SY4TSML.pcm
SwiftExplicitDependencyGeneratePcm arm64 /Users/admin/builder/spi-builder-workspace/.derivedData/SDKExplicitPrecompiledModules/CoreVideo-5G4VAY32QMJB00PUALI6188LK.pcm
SwiftExplicitDependencyGeneratePcm arm64 /Users/admin/builder/spi-builder-workspace/.derivedData/SDKExplicitPrecompiledModules/QuartzCore-DSNZZA81DYNK4OK1ANRR6HM7G.pcm
SwiftExplicitDependencyGeneratePcm arm64 /Users/admin/builder/spi-builder-workspace/.derivedData/SDKExplicitPrecompiledModules/Accelerate-4OM38ARAUSAKBIDE0QD1Z5KTS.pcm
SwiftExplicitDependencyGeneratePcm arm64 /Users/admin/builder/spi-builder-workspace/.derivedData/SDKExplicitPrecompiledModules/CoreMedia-43BPYBY7ZACBDCUTAJXJFLTBP.pcm
SwiftExplicitDependencyGeneratePcm arm64 /Users/admin/builder/spi-builder-workspace/.derivedData/SDKExplicitPrecompiledModules/CoreImage-ATUQ374FIDJPA1DF5BLR644CG.pcm
SwiftExplicitDependencyGeneratePcm arm64 /Users/admin/builder/spi-builder-workspace/.derivedData/SDKExplicitPrecompiledModules/SwiftUICore-7SJQ9GB90ACGZV5NB09LFJIRX.pcm
SwiftExplicitDependencyGeneratePcm arm64 /Users/admin/builder/spi-builder-workspace/.derivedData/SDKExplicitPrecompiledModules/UIKit-42T2ZGON9LDZUXRIAUKELQ554.pcm
SwiftExplicitDependencyGeneratePcm arm64 /Users/admin/builder/spi-builder-workspace/.derivedData/SDKExplicitPrecompiledModules/VideoToolbox-6AXV5B7IB0FN5DXUTUG5ITQEA.pcm
SwiftExplicitDependencyGeneratePcm arm64 /Users/admin/builder/spi-builder-workspace/.derivedData/SDKExplicitPrecompiledModules/MediaToolbox-BE3KU6HBZSJI7WDP3WV3ZD4H.pcm
SwiftExplicitDependencyGeneratePcm arm64 /Users/admin/builder/spi-builder-workspace/.derivedData/SDKExplicitPrecompiledModules/AVFAudio-8NW4NDEP5052P5EQPU4CJYSUE.pcm
SwiftExplicitDependencyGeneratePcm arm64 /Users/admin/builder/spi-builder-workspace/.derivedData/SDKExplicitPrecompiledModules/AVFoundation-EIWJ6PBPOZ2W1SBMRDTGJLC8P.pcm
SwiftEmitModule normal arm64 Emitting\ module\ for\ Kadr (in target 'Kadr' from project 'Kadr')
SwiftCompile normal arm64 (in target 'Kadr' from project 'Kadr')
cd /Users/admin/builder/spi-builder-workspace/.swiftpm/xcode
SwiftCompile normal arm64 Compiling\ TextOverlay.swift,\ TextShadow.swift,\ TextStroke.swift,\ TextStyle.swift,\ Watermark.swift,\ PlatformTypes.swift,\ Timecode.swift /Users/admin/builder/spi-builder-workspace/.dependencies/checkouts/kadr/Sources/Kadr/Overlays/TextOverlay.swift /Users/admin/builder/spi-builder-workspace/.dependencies/checkouts/kadr/Sources/Kadr/Overlays/TextShadow.swift /Users/admin/builder/spi-builder-workspace/.dependencies/checkouts/kadr/Sources/Kadr/Overlays/TextStroke.swift /Users/admin/builder/spi-builder-workspace/.dependencies/checkouts/kadr/Sources/Kadr/Overlays/TextStyle.swift /Users/admin/builder/spi-builder-workspace/.dependencies/checkouts/kadr/Sources/Kadr/Overlays/Watermark.swift /Users/admin/builder/spi-builder-workspace/.dependencies/checkouts/kadr/Sources/Kadr/Platform/PlatformTypes.swift /Users/admin/builder/spi-builder-workspace/.dependencies/checkouts/kadr/Sources/Kadr/Time/Timecode.swift (in target 'Kadr' from project 'Kadr')
SwiftCompile normal arm64 /Users/admin/builder/spi-builder-workspace/.dependencies/checkouts/kadr/Sources/Kadr/Overlays/TextOverlay.swift (in target 'Kadr' from project 'Kadr')
cd /Users/admin/builder/spi-builder-workspace/.swiftpm/xcode
builtin-SwiftPerFileCompile TextOverlay.swift
SwiftCompile normal arm64 /Users/admin/builder/spi-builder-workspace/.dependencies/checkouts/kadr/Sources/Kadr/Overlays/TextShadow.swift (in target 'Kadr' from project 'Kadr')
cd /Users/admin/builder/spi-builder-workspace/.swiftpm/xcode
builtin-SwiftPerFileCompile TextShadow.swift
SwiftCompile normal arm64 /Users/admin/builder/spi-builder-workspace/.dependencies/checkouts/kadr/Sources/Kadr/Overlays/TextStroke.swift (in target 'Kadr' from project 'Kadr')
cd /Users/admin/builder/spi-builder-workspace/.swiftpm/xcode
builtin-SwiftPerFileCompile TextStroke.swift
SwiftCompile normal arm64 /Users/admin/builder/spi-builder-workspace/.dependencies/checkouts/kadr/Sources/Kadr/Overlays/TextStyle.swift (in target 'Kadr' from project 'Kadr')
cd /Users/admin/builder/spi-builder-workspace/.swiftpm/xcode
builtin-SwiftPerFileCompile TextStyle.swift
SwiftCompile normal arm64 /Users/admin/builder/spi-builder-workspace/.dependencies/checkouts/kadr/Sources/Kadr/Overlays/Watermark.swift (in target 'Kadr' from project 'Kadr')
cd /Users/admin/builder/spi-builder-workspace/.swiftpm/xcode
builtin-SwiftPerFileCompile Watermark.swift
SwiftCompile normal arm64 /Users/admin/builder/spi-builder-workspace/.dependencies/checkouts/kadr/Sources/Kadr/Platform/PlatformTypes.swift (in target 'Kadr' from project 'Kadr')
cd /Users/admin/builder/spi-builder-workspace/.swiftpm/xcode
builtin-SwiftPerFileCompile PlatformTypes.swift
SwiftCompile normal arm64 /Users/admin/builder/spi-builder-workspace/.dependencies/checkouts/kadr/Sources/Kadr/Time/Timecode.swift (in target 'Kadr' from project 'Kadr')
cd /Users/admin/builder/spi-builder-workspace/.swiftpm/xcode
builtin-SwiftPerFileCompile Timecode.swift
SwiftCompile normal arm64 Compiling\ Clip+AnimationClearing.swift,\ Clip+FilterID.swift,\ Clip+Speed.swift,\ ImageOverlay.swift,\ Overlay.swift,\ StickerOverlay.swift,\ TextAnimation.swift /Users/admin/builder/spi-builder-workspace/.dependencies/checkouts/kadr/Sources/Kadr/Modifiers/Clip+AnimationClearing.swift /Users/admin/builder/spi-builder-workspace/.dependencies/checkouts/kadr/Sources/Kadr/Modifiers/Clip+FilterID.swift /Users/admin/builder/spi-builder-workspace/.dependencies/checkouts/kadr/Sources/Kadr/Modifiers/Clip+Speed.swift /Users/admin/builder/spi-builder-workspace/.dependencies/checkouts/kadr/Sources/Kadr/Overlays/ImageOverlay.swift /Users/admin/builder/spi-builder-workspace/.dependencies/checkouts/kadr/Sources/Kadr/Overlays/Overlay.swift /Users/admin/builder/spi-builder-workspace/.dependencies/checkouts/kadr/Sources/Kadr/Overlays/StickerOverlay.swift /Users/admin/builder/spi-builder-workspace/.dependencies/checkouts/kadr/Sources/Kadr/Overlays/TextAnimation.swift (in target 'Kadr' from project 'Kadr')
SwiftCompile normal arm64 /Users/admin/builder/spi-builder-workspace/.dependencies/checkouts/kadr/Sources/Kadr/Modifiers/Clip+AnimationClearing.swift (in target 'Kadr' from project 'Kadr')
cd /Users/admin/builder/spi-builder-workspace/.swiftpm/xcode
builtin-SwiftPerFileCompile Clip+AnimationClearing.swift
SwiftCompile normal arm64 /Users/admin/builder/spi-builder-workspace/.dependencies/checkouts/kadr/Sources/Kadr/Modifiers/Clip+FilterID.swift (in target 'Kadr' from project 'Kadr')
cd /Users/admin/builder/spi-builder-workspace/.swiftpm/xcode
builtin-SwiftPerFileCompile Clip+FilterID.swift
SwiftCompile normal arm64 /Users/admin/builder/spi-builder-workspace/.dependencies/checkouts/kadr/Sources/Kadr/Modifiers/Clip+Speed.swift (in target 'Kadr' from project 'Kadr')
cd /Users/admin/builder/spi-builder-workspace/.swiftpm/xcode
builtin-SwiftPerFileCompile Clip+Speed.swift
SwiftCompile normal arm64 /Users/admin/builder/spi-builder-workspace/.dependencies/checkouts/kadr/Sources/Kadr/Overlays/ImageOverlay.swift (in target 'Kadr' from project 'Kadr')
cd /Users/admin/builder/spi-builder-workspace/.swiftpm/xcode
builtin-SwiftPerFileCompile ImageOverlay.swift
SwiftCompile normal arm64 /Users/admin/builder/spi-builder-workspace/.dependencies/checkouts/kadr/Sources/Kadr/Overlays/Overlay.swift (in target 'Kadr' from project 'Kadr')
cd /Users/admin/builder/spi-builder-workspace/.swiftpm/xcode
builtin-SwiftPerFileCompile Overlay.swift
SwiftCompile normal arm64 /Users/admin/builder/spi-builder-workspace/.dependencies/checkouts/kadr/Sources/Kadr/Overlays/StickerOverlay.swift (in target 'Kadr' from project 'Kadr')
cd /Users/admin/builder/spi-builder-workspace/.swiftpm/xcode
builtin-SwiftPerFileCompile StickerOverlay.swift
SwiftCompile normal arm64 /Users/admin/builder/spi-builder-workspace/.dependencies/checkouts/kadr/Sources/Kadr/Overlays/TextAnimation.swift (in target 'Kadr' from project 'Kadr')
cd /Users/admin/builder/spi-builder-workspace/.swiftpm/xcode
builtin-SwiftPerFileCompile TextAnimation.swift
SwiftCompile normal arm64 Compiling\ FilterID.swift,\ Frame.swift,\ LayerID.swift,\ Layout.swift,\ Position.swift,\ Size.swift,\ Transform.swift /Users/admin/builder/spi-builder-workspace/.dependencies/checkouts/kadr/Sources/Kadr/Layout/FilterID.swift /Users/admin/builder/spi-builder-workspace/.dependencies/checkouts/kadr/Sources/Kadr/Layout/Frame.swift /Users/admin/builder/spi-builder-workspace/.dependencies/checkouts/kadr/Sources/Kadr/Layout/LayerID.swift /Users/admin/builder/spi-builder-workspace/.dependencies/checkouts/kadr/Sources/Kadr/Layout/Layout.swift /Users/admin/builder/spi-builder-workspace/.dependencies/checkouts/kadr/Sources/Kadr/Layout/Position.swift /Users/admin/builder/spi-builder-workspace/.dependencies/checkouts/kadr/Sources/Kadr/Layout/Size.swift /Users/admin/builder/spi-builder-workspace/.dependencies/checkouts/kadr/Sources/Kadr/Layout/Transform.swift (in target 'Kadr' from project 'Kadr')
SwiftCompile normal arm64 /Users/admin/builder/spi-builder-workspace/.dependencies/checkouts/kadr/Sources/Kadr/Layout/FilterID.swift (in target 'Kadr' from project 'Kadr')
cd /Users/admin/builder/spi-builder-workspace/.swiftpm/xcode
builtin-SwiftPerFileCompile FilterID.swift
SwiftCompile normal arm64 /Users/admin/builder/spi-builder-workspace/.dependencies/checkouts/kadr/Sources/Kadr/Layout/Frame.swift (in target 'Kadr' from project 'Kadr')
cd /Users/admin/builder/spi-builder-workspace/.swiftpm/xcode
builtin-SwiftPerFileCompile Frame.swift
SwiftCompile normal arm64 /Users/admin/builder/spi-builder-workspace/.dependencies/checkouts/kadr/Sources/Kadr/Layout/LayerID.swift (in target 'Kadr' from project 'Kadr')
cd /Users/admin/builder/spi-builder-workspace/.swiftpm/xcode
builtin-SwiftPerFileCompile LayerID.swift
SwiftCompile normal arm64 /Users/admin/builder/spi-builder-workspace/.dependencies/checkouts/kadr/Sources/Kadr/Layout/Layout.swift (in target 'Kadr' from project 'Kadr')
cd /Users/admin/builder/spi-builder-workspace/.swiftpm/xcode
builtin-SwiftPerFileCompile Layout.swift
SwiftCompile normal arm64 /Users/admin/builder/spi-builder-workspace/.dependencies/checkouts/kadr/Sources/Kadr/Layout/Position.swift (in target 'Kadr' from project 'Kadr')
cd /Users/admin/builder/spi-builder-workspace/.swiftpm/xcode
builtin-SwiftPerFileCompile Position.swift
SwiftCompile normal arm64 /Users/admin/builder/spi-builder-workspace/.dependencies/checkouts/kadr/Sources/Kadr/Layout/Size.swift (in target 'Kadr' from project 'Kadr')
cd /Users/admin/builder/spi-builder-workspace/.swiftpm/xcode
builtin-SwiftPerFileCompile Size.swift
SwiftCompile normal arm64 /Users/admin/builder/spi-builder-workspace/.dependencies/checkouts/kadr/Sources/Kadr/Layout/Transform.swift (in target 'Kadr' from project 'Kadr')
cd /Users/admin/builder/spi-builder-workspace/.swiftpm/xcode
builtin-SwiftPerFileCompile Transform.swift
SwiftCompile normal arm64 Compiling\ ThumbnailGenerator.swift,\ KadrError+LocalizedError.swift,\ KadrError.swift,\ ExportProgress.swift,\ ExportSettings.swift,\ Exporter.swift,\ Preset.swift /Users/admin/builder/spi-builder-workspace/.dependencies/checkouts/kadr/Sources/Kadr/Engine/ThumbnailGenerator.swift /Users/admin/builder/spi-builder-workspace/.dependencies/checkouts/kadr/Sources/Kadr/Errors/KadrError+LocalizedError.swift /Users/admin/builder/spi-builder-workspace/.dependencies/checkouts/kadr/Sources/Kadr/Errors/KadrError.swift /Users/admin/builder/spi-builder-workspace/.dependencies/checkouts/kadr/Sources/Kadr/Export/ExportProgress.swift /Users/admin/builder/spi-builder-workspace/.dependencies/checkouts/kadr/Sources/Kadr/Export/ExportSettings.swift /Users/admin/builder/spi-builder-workspace/.dependencies/checkouts/kadr/Sources/Kadr/Export/Exporter.swift /Users/admin/builder/spi-builder-workspace/.dependencies/checkouts/kadr/Sources/Kadr/Export/Preset.swift (in target 'Kadr' from project 'Kadr')
SwiftCompile normal arm64 /Users/admin/builder/spi-builder-workspace/.dependencies/checkouts/kadr/Sources/Kadr/Engine/ThumbnailGenerator.swift (in target 'Kadr' from project 'Kadr')
cd /Users/admin/builder/spi-builder-workspace/.swiftpm/xcode
builtin-SwiftPerFileCompile ThumbnailGenerator.swift
SwiftCompile normal arm64 /Users/admin/builder/spi-builder-workspace/.dependencies/checkouts/kadr/Sources/Kadr/Errors/KadrError+LocalizedError.swift (in target 'Kadr' from project 'Kadr')
cd /Users/admin/builder/spi-builder-workspace/.swiftpm/xcode
builtin-SwiftPerFileCompile KadrError+LocalizedError.swift
SwiftCompile normal arm64 /Users/admin/builder/spi-builder-workspace/.dependencies/checkouts/kadr/Sources/Kadr/Errors/KadrError.swift (in target 'Kadr' from project 'Kadr')
cd /Users/admin/builder/spi-builder-workspace/.swiftpm/xcode
builtin-SwiftPerFileCompile KadrError.swift
SwiftCompile normal arm64 /Users/admin/builder/spi-builder-workspace/.dependencies/checkouts/kadr/Sources/Kadr/Export/ExportProgress.swift (in target 'Kadr' from project 'Kadr')
cd /Users/admin/builder/spi-builder-workspace/.swiftpm/xcode
builtin-SwiftPerFileCompile ExportProgress.swift
SwiftCompile normal arm64 /Users/admin/builder/spi-builder-workspace/.dependencies/checkouts/kadr/Sources/Kadr/Export/ExportSettings.swift (in target 'Kadr' from project 'Kadr')
cd /Users/admin/builder/spi-builder-workspace/.swiftpm/xcode
builtin-SwiftPerFileCompile ExportSettings.swift
SwiftCompile normal arm64 /Users/admin/builder/spi-builder-workspace/.dependencies/checkouts/kadr/Sources/Kadr/Export/Exporter.swift (in target 'Kadr' from project 'Kadr')
cd /Users/admin/builder/spi-builder-workspace/.swiftpm/xcode
builtin-SwiftPerFileCompile Exporter.swift
SwiftCompile normal arm64 /Users/admin/builder/spi-builder-workspace/.dependencies/checkouts/kadr/Sources/Kadr/Export/Preset.swift (in target 'Kadr' from project 'Kadr')
cd /Users/admin/builder/spi-builder-workspace/.swiftpm/xcode
builtin-SwiftPerFileCompile Preset.swift
SwiftCompile normal arm64 Compiling\ ChromaKey.swift,\ Filter.swift,\ FilterKind.swift,\ LUT.swift,\ Anchor.swift,\ ClipID.swift,\ CropRegion.swift /Users/admin/builder/spi-builder-workspace/.dependencies/checkouts/kadr/Sources/Kadr/Filters/ChromaKey.swift /Users/admin/builder/spi-builder-workspace/.dependencies/checkouts/kadr/Sources/Kadr/Filters/Filter.swift /Users/admin/builder/spi-builder-workspace/.dependencies/checkouts/kadr/Sources/Kadr/Filters/FilterKind.swift /Users/admin/builder/spi-builder-workspace/.dependencies/checkouts/kadr/Sources/Kadr/Filters/LUT.swift /Users/admin/builder/spi-builder-workspace/.dependencies/checkouts/kadr/Sources/Kadr/Layout/Anchor.swift /Users/admin/builder/spi-builder-workspace/.dependencies/checkouts/kadr/Sources/Kadr/Layout/ClipID.swift /Users/admin/builder/spi-builder-workspace/.dependencies/checkouts/kadr/Sources/Kadr/Layout/CropRegion.swift (in target 'Kadr' from project 'Kadr')
SwiftCompile normal arm64 /Users/admin/builder/spi-builder-workspace/.dependencies/checkouts/kadr/Sources/Kadr/Filters/ChromaKey.swift (in target 'Kadr' from project 'Kadr')
cd /Users/admin/builder/spi-builder-workspace/.swiftpm/xcode
builtin-SwiftPerFileCompile ChromaKey.swift
SwiftCompile normal arm64 /Users/admin/builder/spi-builder-workspace/.dependencies/checkouts/kadr/Sources/Kadr/Filters/Filter.swift (in target 'Kadr' from project 'Kadr')
cd /Users/admin/builder/spi-builder-workspace/.swiftpm/xcode
builtin-SwiftPerFileCompile Filter.swift
SwiftCompile normal arm64 /Users/admin/builder/spi-builder-workspace/.dependencies/checkouts/kadr/Sources/Kadr/Filters/FilterKind.swift (in target 'Kadr' from project 'Kadr')
cd /Users/admin/builder/spi-builder-workspace/.swiftpm/xcode
builtin-SwiftPerFileCompile FilterKind.swift
SwiftCompile normal arm64 /Users/admin/builder/spi-builder-workspace/.dependencies/checkouts/kadr/Sources/Kadr/Filters/LUT.swift (in target 'Kadr' from project 'Kadr')
cd /Users/admin/builder/spi-builder-workspace/.swiftpm/xcode
builtin-SwiftPerFileCompile LUT.swift
SwiftCompile normal arm64 /Users/admin/builder/spi-builder-workspace/.dependencies/checkouts/kadr/Sources/Kadr/Layout/Anchor.swift (in target 'Kadr' from project 'Kadr')
cd /Users/admin/builder/spi-builder-workspace/.swiftpm/xcode
builtin-SwiftPerFileCompile Anchor.swift
SwiftCompile normal arm64 /Users/admin/builder/spi-builder-workspace/.dependencies/checkouts/kadr/Sources/Kadr/Layout/ClipID.swift (in target 'Kadr' from project 'Kadr')
cd /Users/admin/builder/spi-builder-workspace/.swiftpm/xcode
builtin-SwiftPerFileCompile ClipID.swift
SwiftCompile normal arm64 /Users/admin/builder/spi-builder-workspace/.dependencies/checkouts/kadr/Sources/Kadr/Layout/CropRegion.swift (in target 'Kadr' from project 'Kadr')
cd /Users/admin/builder/spi-builder-workspace/.swiftpm/xcode
builtin-SwiftPerFileCompile CropRegion.swift
SwiftCompile normal arm64 Compiling\ CancellationToken.swift,\ CompositionBuilder.swift,\ Compositor.swift,\ CropCompositor.swift,\ ExportEngine.swift,\ FilterProcessor.swift,\ ImageEncoder.swift /Users/admin/builder/spi-builder-workspace/.dependencies/checkouts/kadr/Sources/Kadr/Engine/CancellationToken.swift /Users/admin/builder/spi-builder-workspace/.dependencies/checkouts/kadr/Sources/Kadr/Engine/CompositionBuilder.swift /Users/admin/builder/spi-builder-workspace/.dependencies/checkouts/kadr/Sources/Kadr/Engine/Compositor.swift /Users/admin/builder/spi-builder-workspace/.dependencies/checkouts/kadr/Sources/Kadr/Engine/CropCompositor.swift /Users/admin/builder/spi-builder-workspace/.dependencies/checkouts/kadr/Sources/Kadr/Engine/ExportEngine.swift /Users/admin/builder/spi-builder-workspace/.dependencies/checkouts/kadr/Sources/Kadr/Engine/FilterProcessor.swift /Users/admin/builder/spi-builder-workspace/.dependencies/checkouts/kadr/Sources/Kadr/Engine/ImageEncoder.swift (in target 'Kadr' from project 'Kadr')
SwiftCompile normal arm64 /Users/admin/builder/spi-builder-workspace/.dependencies/checkouts/kadr/Sources/Kadr/Engine/CancellationToken.swift (in target 'Kadr' from project 'Kadr')
cd /Users/admin/builder/spi-builder-workspace/.swiftpm/xcode
builtin-SwiftPerFileCompile CancellationToken.swift
SwiftCompile normal arm64 /Users/admin/builder/spi-builder-workspace/.dependencies/checkouts/kadr/Sources/Kadr/Engine/CompositionBuilder.swift (in target 'Kadr' from project 'Kadr')
cd /Users/admin/builder/spi-builder-workspace/.swiftpm/xcode
builtin-SwiftPerFileCompile CompositionBuilder.swift
SwiftCompile normal arm64 /Users/admin/builder/spi-builder-workspace/.dependencies/checkouts/kadr/Sources/Kadr/Engine/Compositor.swift (in target 'Kadr' from project 'Kadr')
cd /Users/admin/builder/spi-builder-workspace/.swiftpm/xcode
builtin-SwiftPerFileCompile Compositor.swift
SwiftCompile normal arm64 /Users/admin/builder/spi-builder-workspace/.dependencies/checkouts/kadr/Sources/Kadr/Engine/CropCompositor.swift (in target 'Kadr' from project 'Kadr')
cd /Users/admin/builder/spi-builder-workspace/.swiftpm/xcode
builtin-SwiftPerFileCompile CropCompositor.swift
SwiftCompile normal arm64 /Users/admin/builder/spi-builder-workspace/.dependencies/checkouts/kadr/Sources/Kadr/Engine/ExportEngine.swift (in target 'Kadr' from project 'Kadr')
cd /Users/admin/builder/spi-builder-workspace/.swiftpm/xcode
builtin-SwiftPerFileCompile ExportEngine.swift
SwiftCompile normal arm64 /Users/admin/builder/spi-builder-workspace/.dependencies/checkouts/kadr/Sources/Kadr/Engine/FilterProcessor.swift (in target 'Kadr' from project 'Kadr')
cd /Users/admin/builder/spi-builder-workspace/.swiftpm/xcode
builtin-SwiftPerFileCompile FilterProcessor.swift
SwiftCompile normal arm64 /Users/admin/builder/spi-builder-workspace/.dependencies/checkouts/kadr/Sources/Kadr/Engine/ImageEncoder.swift (in target 'Kadr' from project 'Kadr')
cd /Users/admin/builder/spi-builder-workspace/.swiftpm/xcode
builtin-SwiftPerFileCompile ImageEncoder.swift
SwiftCompile normal arm64 Compiling\ KadrVideoCompositor.swift,\ MaskCompositor.swift,\ MultiInputCompositor.swift,\ OverlayRenderer.swift,\ PlaybackComposer.swift,\ ReverseProcessor.swift,\ SpeedCurveSampler.swift /Users/admin/builder/spi-builder-workspace/.dependencies/checkouts/kadr/Sources/Kadr/Engine/KadrVideoCompositor.swift /Users/admin/builder/spi-builder-workspace/.dependencies/checkouts/kadr/Sources/Kadr/Engine/MaskCompositor.swift /Users/admin/builder/spi-builder-workspace/.dependencies/checkouts/kadr/Sources/Kadr/Engine/MultiInputCompositor.swift /Users/admin/builder/spi-builder-workspace/.dependencies/checkouts/kadr/Sources/Kadr/Engine/OverlayRenderer.swift /Users/admin/builder/spi-builder-workspace/.dependencies/checkouts/kadr/Sources/Kadr/Engine/PlaybackComposer.swift /Users/admin/builder/spi-builder-workspace/.dependencies/checkouts/kadr/Sources/Kadr/Engine/ReverseProcessor.swift /Users/admin/builder/spi-builder-workspace/.dependencies/checkouts/kadr/Sources/Kadr/Engine/SpeedCurveSampler.swift (in target 'Kadr' from project 'Kadr')
SwiftCompile normal arm64 /Users/admin/builder/spi-builder-workspace/.dependencies/checkouts/kadr/Sources/Kadr/Engine/KadrVideoCompositor.swift (in target 'Kadr' from project 'Kadr')
cd /Users/admin/builder/spi-builder-workspace/.swiftpm/xcode
builtin-SwiftPerFileCompile KadrVideoCompositor.swift
SwiftCompile normal arm64 /Users/admin/builder/spi-builder-workspace/.dependencies/checkouts/kadr/Sources/Kadr/Engine/MaskCompositor.swift (in target 'Kadr' from project 'Kadr')
cd /Users/admin/builder/spi-builder-workspace/.swiftpm/xcode
builtin-SwiftPerFileCompile MaskCompositor.swift
SwiftCompile normal arm64 /Users/admin/builder/spi-builder-workspace/.dependencies/checkouts/kadr/Sources/Kadr/Engine/MultiInputCompositor.swift (in target 'Kadr' from project 'Kadr')
cd /Users/admin/builder/spi-builder-workspace/.swiftpm/xcode
builtin-SwiftPerFileCompile MultiInputCompositor.swift
SwiftCompile normal arm64 /Users/admin/builder/spi-builder-workspace/.dependencies/checkouts/kadr/Sources/Kadr/Engine/OverlayRenderer.swift (in target 'Kadr' from project 'Kadr')
cd /Users/admin/builder/spi-builder-workspace/.swiftpm/xcode
builtin-SwiftPerFileCompile OverlayRenderer.swift
SwiftCompile normal arm64 /Users/admin/builder/spi-builder-workspace/.dependencies/checkouts/kadr/Sources/Kadr/Engine/PlaybackComposer.swift (in target 'Kadr' from project 'Kadr')
cd /Users/admin/builder/spi-builder-workspace/.swiftpm/xcode
builtin-SwiftPerFileCompile PlaybackComposer.swift
SwiftCompile normal arm64 /Users/admin/builder/spi-builder-workspace/.dependencies/checkouts/kadr/Sources/Kadr/Engine/ReverseProcessor.swift (in target 'Kadr' from project 'Kadr')
cd /Users/admin/builder/spi-builder-workspace/.swiftpm/xcode
builtin-SwiftPerFileCompile ReverseProcessor.swift
SwiftCompile normal arm64 /Users/admin/builder/spi-builder-workspace/.dependencies/checkouts/kadr/Sources/Kadr/Engine/SpeedCurveSampler.swift (in target 'Kadr' from project 'Kadr')
cd /Users/admin/builder/spi-builder-workspace/.swiftpm/xcode
builtin-SwiftPerFileCompile SpeedCurveSampler.swift
SwiftCompile normal arm64 Compiling\ Caption.swift,\ Clip.swift,\ ImageClip+Color.swift,\ ImageClip.swift,\ SampleMedia.swift,\ TitleSequence.swift,\ Track.swift /Users/admin/builder/spi-builder-workspace/.dependencies/checkouts/kadr/Sources/Kadr/DSL/Caption.swift /Users/admin/builder/spi-builder-workspace/.dependencies/checkouts/kadr/Sources/Kadr/DSL/Clip.swift /Users/admin/builder/spi-builder-workspace/.dependencies/checkouts/kadr/Sources/Kadr/DSL/ImageClip+Color.swift /Users/admin/builder/spi-builder-workspace/.dependencies/checkouts/kadr/Sources/Kadr/DSL/ImageClip.swift /Users/admin/builder/spi-builder-workspace/.dependencies/checkouts/kadr/Sources/Kadr/DSL/SampleMedia.swift /Users/admin/builder/spi-builder-workspace/.dependencies/checkouts/kadr/Sources/Kadr/DSL/TitleSequence.swift /Users/admin/builder/spi-builder-workspace/.dependencies/checkouts/kadr/Sources/Kadr/DSL/Track.swift (in target 'Kadr' from project 'Kadr')
SwiftCompile normal arm64 /Users/admin/builder/spi-builder-workspace/.dependencies/checkouts/kadr/Sources/Kadr/DSL/Caption.swift (in target 'Kadr' from project 'Kadr')
cd /Users/admin/builder/spi-builder-workspace/.swiftpm/xcode
builtin-SwiftPerFileCompile Caption.swift
SwiftCompile normal arm64 /Users/admin/builder/spi-builder-workspace/.dependencies/checkouts/kadr/Sources/Kadr/DSL/Clip.swift (in target 'Kadr' from project 'Kadr')
cd /Users/admin/builder/spi-builder-workspace/.swiftpm/xcode
builtin-SwiftPerFileCompile Clip.swift
SwiftCompile normal arm64 /Users/admin/builder/spi-builder-workspace/.dependencies/checkouts/kadr/Sources/Kadr/DSL/ImageClip+Color.swift (in target 'Kadr' from project 'Kadr')
cd /Users/admin/builder/spi-builder-workspace/.swiftpm/xcode
builtin-SwiftPerFileCompile ImageClip+Color.swift
SwiftCompile normal arm64 /Users/admin/builder/spi-builder-workspace/.dependencies/checkouts/kadr/Sources/Kadr/DSL/ImageClip.swift (in target 'Kadr' from project 'Kadr')
cd /Users/admin/builder/spi-builder-workspace/.swiftpm/xcode
builtin-SwiftPerFileCompile ImageClip.swift
SwiftCompile normal arm64 /Users/admin/builder/spi-builder-workspace/.dependencies/checkouts/kadr/Sources/Kadr/DSL/SampleMedia.swift (in target 'Kadr' from project 'Kadr')
cd /Users/admin/builder/spi-builder-workspace/.swiftpm/xcode
builtin-SwiftPerFileCompile SampleMedia.swift
SwiftCompile normal arm64 /Users/admin/builder/spi-builder-workspace/.dependencies/checkouts/kadr/Sources/Kadr/DSL/TitleSequence.swift (in target 'Kadr' from project 'Kadr')
cd /Users/admin/builder/spi-builder-workspace/.swiftpm/xcode
builtin-SwiftPerFileCompile TitleSequence.swift
SwiftCompile normal arm64 /Users/admin/builder/spi-builder-workspace/.dependencies/checkouts/kadr/Sources/Kadr/DSL/Track.swift (in target 'Kadr' from project 'Kadr')
cd /Users/admin/builder/spi-builder-workspace/.swiftpm/xcode
builtin-SwiftPerFileCompile Track.swift
SwiftCompile normal arm64 Compiling\ Animatable.swift,\ Animation.swift,\ TimingFunction.swift,\ AudioBuilder.swift,\ AudioTimePitchAlgorithm.swift,\ AudioTrack.swift,\ BackgroundMusic.swift /Users/admin/builder/spi-builder-workspace/.dependencies/checkouts/kadr/Sources/Kadr/Animation/Animatable.swift /Users/admin/builder/spi-builder-workspace/.dependencies/checkouts/kadr/Sources/Kadr/Animation/Animation.swift /Users/admin/builder/spi-builder-workspace/.dependencies/checkouts/kadr/Sources/Kadr/Animation/TimingFunction.swift /Users/admin/builder/spi-builder-workspace/.dependencies/checkouts/kadr/Sources/Kadr/DSL/AudioBuilder.swift /Users/admin/builder/spi-builder-workspace/.dependencies/checkouts/kadr/Sources/Kadr/DSL/AudioTimePitchAlgorithm.swift /Users/admin/builder/spi-builder-workspace/.dependencies/checkouts/kadr/Sources/Kadr/DSL/AudioTrack.swift /Users/admin/builder/spi-builder-workspace/.dependencies/checkouts/kadr/Sources/Kadr/DSL/BackgroundMusic.swift (in target 'Kadr' from project 'Kadr')
SwiftCompile normal arm64 /Users/admin/builder/spi-builder-workspace/.dependencies/checkouts/kadr/Sources/Kadr/Animation/Animatable.swift (in target 'Kadr' from project 'Kadr')
cd /Users/admin/builder/spi-builder-workspace/.swiftpm/xcode
builtin-SwiftPerFileCompile Animatable.swift
SwiftCompile normal arm64 /Users/admin/builder/spi-builder-workspace/.dependencies/checkouts/kadr/Sources/Kadr/Animation/Animation.swift (in target 'Kadr' from project 'Kadr')
cd /Users/admin/builder/spi-builder-workspace/.swiftpm/xcode
builtin-SwiftPerFileCompile Animation.swift
SwiftCompile normal arm64 /Users/admin/builder/spi-builder-workspace/.dependencies/checkouts/kadr/Sources/Kadr/Animation/TimingFunction.swift (in target 'Kadr' from project 'Kadr')
cd /Users/admin/builder/spi-builder-workspace/.swiftpm/xcode
builtin-SwiftPerFileCompile TimingFunction.swift
SwiftCompile normal arm64 /Users/admin/builder/spi-builder-workspace/.dependencies/checkouts/kadr/Sources/Kadr/DSL/AudioBuilder.swift (in target 'Kadr' from project 'Kadr')
cd /Users/admin/builder/spi-builder-workspace/.swiftpm/xcode
builtin-SwiftPerFileCompile AudioBuilder.swift
SwiftCompile normal arm64 /Users/admin/builder/spi-builder-workspace/.dependencies/checkouts/kadr/Sources/Kadr/DSL/AudioTimePitchAlgorithm.swift (in target 'Kadr' from project 'Kadr')
cd /Users/admin/builder/spi-builder-workspace/.swiftpm/xcode
builtin-SwiftPerFileCompile AudioTimePitchAlgorithm.swift
SwiftCompile normal arm64 /Users/admin/builder/spi-builder-workspace/.dependencies/checkouts/kadr/Sources/Kadr/DSL/AudioTrack.swift (in target 'Kadr' from project 'Kadr')
cd /Users/admin/builder/spi-builder-workspace/.swiftpm/xcode
builtin-SwiftPerFileCompile AudioTrack.swift
SwiftCompile normal arm64 /Users/admin/builder/spi-builder-workspace/.dependencies/checkouts/kadr/Sources/Kadr/DSL/BackgroundMusic.swift (in target 'Kadr' from project 'Kadr')
cd /Users/admin/builder/spi-builder-workspace/.swiftpm/xcode
builtin-SwiftPerFileCompile BackgroundMusic.swift
SwiftCompile normal arm64 Compiling\ Transition.swift,\ Video.swift,\ VideoBuilder.swift,\ VideoClip.swift,\ AssetWriterExporter.swift,\ AudioWaveform.swift,\ AudioWaveformLoader.swift /Users/admin/builder/spi-builder-workspace/.dependencies/checkouts/kadr/Sources/Kadr/DSL/Transition.swift /Users/admin/builder/spi-builder-workspace/.dependencies/checkouts/kadr/Sources/Kadr/DSL/Video.swift /Users/admin/builder/spi-builder-workspace/.dependencies/checkouts/kadr/Sources/Kadr/DSL/VideoBuilder.swift /Users/admin/builder/spi-builder-workspace/.dependencies/checkouts/kadr/Sources/Kadr/DSL/VideoClip.swift /Users/admin/builder/spi-builder-workspace/.dependencies/checkouts/kadr/Sources/Kadr/Engine/AssetWriterExporter.swift /Users/admin/builder/spi-builder-workspace/.dependencies/checkouts/kadr/Sources/Kadr/Engine/AudioWaveform.swift /Users/admin/builder/spi-builder-workspace/.dependencies/checkouts/kadr/Sources/Kadr/Engine/AudioWaveformLoader.swift (in target 'Kadr' from project 'Kadr')
SwiftCompile normal arm64 /Users/admin/builder/spi-builder-workspace/.dependencies/checkouts/kadr/Sources/Kadr/DSL/Transition.swift (in target 'Kadr' from project 'Kadr')
cd /Users/admin/builder/spi-builder-workspace/.swiftpm/xcode
builtin-SwiftPerFileCompile Transition.swift
SwiftCompile normal arm64 /Users/admin/builder/spi-builder-workspace/.dependencies/checkouts/kadr/Sources/Kadr/DSL/Video.swift (in target 'Kadr' from project 'Kadr')
cd /Users/admin/builder/spi-builder-workspace/.swiftpm/xcode
builtin-SwiftPerFileCompile Video.swift
SwiftCompile normal arm64 /Users/admin/builder/spi-builder-workspace/.dependencies/checkouts/kadr/Sources/Kadr/DSL/VideoBuilder.swift (in target 'Kadr' from project 'Kadr')
cd /Users/admin/builder/spi-builder-workspace/.swiftpm/xcode
builtin-SwiftPerFileCompile VideoBuilder.swift
SwiftCompile normal arm64 /Users/admin/builder/spi-builder-workspace/.dependencies/checkouts/kadr/Sources/Kadr/DSL/VideoClip.swift (in target 'Kadr' from project 'Kadr')
cd /Users/admin/builder/spi-builder-workspace/.swiftpm/xcode
builtin-SwiftPerFileCompile VideoClip.swift
SwiftCompile normal arm64 /Users/admin/builder/spi-builder-workspace/.dependencies/checkouts/kadr/Sources/Kadr/Engine/AssetWriterExporter.swift (in target 'Kadr' from project 'Kadr')
cd /Users/admin/builder/spi-builder-workspace/.swiftpm/xcode
builtin-SwiftPerFileCompile AssetWriterExporter.swift
SwiftCompile normal arm64 /Users/admin/builder/spi-builder-workspace/.dependencies/checkouts/kadr/Sources/Kadr/Engine/AudioWaveform.swift (in target 'Kadr' from project 'Kadr')
cd /Users/admin/builder/spi-builder-workspace/.swiftpm/xcode
builtin-SwiftPerFileCompile AudioWaveform.swift
SwiftCompile normal arm64 /Users/admin/builder/spi-builder-workspace/.dependencies/checkouts/kadr/Sources/Kadr/Engine/AudioWaveformLoader.swift (in target 'Kadr' from project 'Kadr')
cd /Users/admin/builder/spi-builder-workspace/.swiftpm/xcode
builtin-SwiftPerFileCompile AudioWaveformLoader.swift
SwiftDriverJobDiscovery normal arm64 Emitting module for Kadr (in target 'Kadr' from project 'Kadr')
SwiftDriver\ Compilation\ Requirements Kadr normal arm64 com.apple.xcode.tools.swift.compiler (in target 'Kadr' from project 'Kadr')
cd /Users/admin/builder/spi-builder-workspace/.swiftpm/xcode
builtin-Swift-Compilation-Requirements -- /Applications/Xcode-27.0.0-Release.Candidate.app/Contents/Developer/Toolchains/XcodeDefault.xctoolchain/usr/bin/swiftc -parse-as-library -module-name Kadr -Onone @/Users/admin/builder/spi-builder-workspace/.derivedData/Build/Intermediates.noindex/Kadr.build/Debug-appletvos/Kadr-t.build/Objects-normal/arm64/Kadr.SwiftFileList -DSWIFT_PACKAGE -DDEBUG -DSWIFT_MODULE_RESOURCE_BUNDLE_UNAVAILABLE -DXcode -enable-experimental-feature StrictConcurrency -plugin-path /Applications/Xcode-27.0.0-Release.Candidate.app/Contents/Developer/Toolchains/XcodeDefault.xctoolchain/usr/lib/swift/host/plugins/testing -enable-experimental-feature DebugDescriptionMacro -sdk /Applications/Xcode-27.0.0-Release.Candidate.app/Contents/Developer/Platforms/AppleTVOS.platform/Developer/SDKs/AppleTVOS27.0.sdk -target arm64-apple-tvos17.0 -g -module-cache-path /Users/admin/builder/spi-builder-workspace/.derivedData/ModuleCache.noindex -Xfrontend -serialize-debugging-options -profile-coverage-mapping -profile-generate -enable-testing -suppress-warnings -index-store-path /Users/admin/builder/spi-builder-workspace/.derivedData/Index.noindex/DataStore -Xcc -D_LIBCPP_HARDENING_MODE\=_LIBCPP_HARDENING_MODE_DEBUG -swift-version 6 -I /Users/admin/builder/spi-builder-workspace/.derivedData/Build/Products/Debug-appletvos -Isystem /Applications/Xcode-27.0.0-Release.Candidate.app/Contents/Developer/Platforms/AppleTVOS.platform/Developer/usr/lib -F /Users/admin/builder/spi-builder-workspace/.derivedData/Build/Products/Debug-appletvos -F /Applications/Xcode-27.0.0-Release.Candidate.app/Contents/Developer/Platforms/AppleTVOS.platform/Developer/Library/Frameworks -F /Applications/Xcode-27.0.0-Release.Candidate.app/Contents/Developer/Platforms/AppleTVOS.platform/Developer/SDKs/AppleTVOS27.0.sdk/Developer/Library/Frameworks -c -j10 -enable-batch-mode -incremental -Xcc -ivfsstatcache -Xcc /Users/admin/builder/spi-builder-workspace/.derivedData/SDKStatCaches.noindex/appletvos27.0-24J360-e829b21a6f8c9b70876ba0858053c044b32bfd8d43560033f8d89884cdb90028.sdkstatcache -output-file-map /Users/admin/builder/spi-builder-workspace/.derivedData/Build/Intermediates.noindex/Kadr.build/Debug-appletvos/Kadr-t.build/Objects-normal/arm64/Kadr-OutputFileMap.json -save-temps -no-color-diagnostics -explicit-module-build -module-cache-path /Users/admin/builder/spi-builder-workspace/.derivedData/Build/Intermediates.noindex/SwiftExplicitPrecompiledModules -clang-scanner-module-cache-path /Users/admin/builder/spi-builder-workspace/.derivedData/ModuleCache.noindex -sdk-module-cache-path /Users/admin/builder/spi-builder-workspace/.derivedData/SDKExplicitPrecompiledModules -emit-dependencies -emit-module -emit-module-path /Users/admin/builder/spi-builder-workspace/.derivedData/Build/Intermediates.noindex/Kadr.build/Debug-appletvos/Kadr-t.build/Objects-normal/arm64/Kadr.swiftmodule -serialize-diagnostics -dependency-scan-serialize-diagnostics-path /Users/admin/builder/spi-builder-workspace/.derivedData/Build/Intermediates.noindex/Kadr.build/Debug-appletvos/Kadr-t.build/Objects-normal/arm64/Kadr-dependency-scan.dia -user-module-version 1.1.0 -validate-clang-modules-once -clang-build-session-file /Users/admin/builder/spi-builder-workspace/.derivedData/ModuleCache.noindex/Session.modulevalidation -Xcc -fmodules-prune-interval\=86400 -Xcc -fmodules-prune-after\=345600 -package-name kadr -emit-const-values -const-gather-protocols-list /Users/admin/builder/spi-builder-workspace/.derivedData/Build/Intermediates.noindex/Kadr.build/Debug-appletvos/Kadr-t.build/Objects-normal/arm64/Kadr_const_extract_protocols.json -Xcc -I/Users/admin/builder/spi-builder-workspace/.derivedData/Build/Products/Debug-appletvos/include -Xcc -I/Users/admin/builder/spi-builder-workspace/.derivedData/Build/Intermediates.noindex/Kadr.build/Debug-appletvos/Kadr-t.build/DerivedSources-normal/arm64 -Xcc -I/Users/admin/builder/spi-builder-workspace/.derivedData/Build/Intermediates.noindex/Kadr.build/Debug-appletvos/Kadr-t.build/DerivedSources/arm64 -Xcc -I/Users/admin/builder/spi-builder-workspace/.derivedData/Build/Intermediates.noindex/Kadr.build/Debug-appletvos/Kadr-t.build/DerivedSources -Xcc -DSWIFT_PACKAGE -Xcc -DDEBUG\=1 -emit-objc-header -emit-objc-header-path /Users/admin/builder/spi-builder-workspace/.derivedData/Build/Intermediates.noindex/Kadr.build/Debug-appletvos/Kadr-t.build/Objects-normal/arm64/Kadr-Swift.h -working-directory /Users/admin/builder/spi-builder-workspace/.swiftpm/xcode -experimental-emit-module-separately -disable-cmo
SwiftDriverJobDiscovery normal arm64 Compiling FilterID.swift, Frame.swift, LayerID.swift, Layout.swift, Position.swift, Size.swift, Transform.swift (in target 'Kadr' from project 'Kadr')
SwiftMergeGeneratedHeaders /Users/admin/builder/spi-builder-workspace/.derivedData/Build/Intermediates.noindex/GeneratedModuleMaps-appletvos/Kadr-Swift.h /Users/admin/builder/spi-builder-workspace/.derivedData/Build/Intermediates.noindex/Kadr.build/Debug-appletvos/Kadr-t.build/Objects-normal/arm64/Kadr-Swift.h (in target 'Kadr' from project 'Kadr')
cd /Users/admin/builder/spi-builder-workspace/.dependencies/checkouts/kadr
builtin-swiftHeaderTool -arch arm64 /Users/admin/builder/spi-builder-workspace/.derivedData/Build/Intermediates.noindex/Kadr.build/Debug-appletvos/Kadr-t.build/Objects-normal/arm64/Kadr-Swift.h -o /Users/admin/builder/spi-builder-workspace/.derivedData/Build/Intermediates.noindex/GeneratedModuleMaps-appletvos/Kadr-Swift.h
Copy /Users/admin/builder/spi-builder-workspace/.derivedData/Build/Products/Debug-appletvos/Kadr.swiftmodule/arm64-apple-tvos.swiftmodule /Users/admin/builder/spi-builder-workspace/.derivedData/Build/Intermediates.noindex/Kadr.build/Debug-appletvos/Kadr-t.build/Objects-normal/arm64/Kadr.swiftmodule (in target 'Kadr' from project 'Kadr')
cd /Users/admin/builder/spi-builder-workspace/.dependencies/checkouts/kadr
builtin-copy -exclude .DS_Store -exclude CVS -exclude .svn -exclude .git -exclude .hg -resolve-src-symlinks -rename /Users/admin/builder/spi-builder-workspace/.derivedData/Build/Intermediates.noindex/Kadr.build/Debug-appletvos/Kadr-t.build/Objects-normal/arm64/Kadr.swiftmodule /Users/admin/builder/spi-builder-workspace/.derivedData/Build/Products/Debug-appletvos/Kadr.swiftmodule/arm64-apple-tvos.swiftmodule
Copy /Users/admin/builder/spi-builder-workspace/.derivedData/Build/Products/Debug-appletvos/Kadr.swiftmodule/arm64-apple-tvos.swiftdoc /Users/admin/builder/spi-builder-workspace/.derivedData/Build/Intermediates.noindex/Kadr.build/Debug-appletvos/Kadr-t.build/Objects-normal/arm64/Kadr.swiftdoc (in target 'Kadr' from project 'Kadr')
cd /Users/admin/builder/spi-builder-workspace/.dependencies/checkouts/kadr
builtin-copy -exclude .DS_Store -exclude CVS -exclude .svn -exclude .git -exclude .hg -resolve-src-symlinks -rename /Users/admin/builder/spi-builder-workspace/.derivedData/Build/Intermediates.noindex/Kadr.build/Debug-appletvos/Kadr-t.build/Objects-normal/arm64/Kadr.swiftdoc /Users/admin/builder/spi-builder-workspace/.derivedData/Build/Products/Debug-appletvos/Kadr.swiftmodule/arm64-apple-tvos.swiftdoc
Copy /Users/admin/builder/spi-builder-workspace/.derivedData/Build/Products/Debug-appletvos/Kadr.swiftmodule/arm64-apple-tvos.abi.json /Users/admin/builder/spi-builder-workspace/.derivedData/Build/Intermediates.noindex/Kadr.build/Debug-appletvos/Kadr-t.build/Objects-normal/arm64/Kadr.abi.json (in target 'Kadr' from project 'Kadr')
cd /Users/admin/builder/spi-builder-workspace/.dependencies/checkouts/kadr
builtin-copy -exclude .DS_Store -exclude CVS -exclude .svn -exclude .git -exclude .hg -resolve-src-symlinks -rename /Users/admin/builder/spi-builder-workspace/.derivedData/Build/Intermediates.noindex/Kadr.build/Debug-appletvos/Kadr-t.build/Objects-normal/arm64/Kadr.abi.json /Users/admin/builder/spi-builder-workspace/.derivedData/Build/Products/Debug-appletvos/Kadr.swiftmodule/arm64-apple-tvos.abi.json
Copy /Users/admin/builder/spi-builder-workspace/.derivedData/Build/Products/Debug-appletvos/Kadr.swiftmodule/Project/arm64-apple-tvos.swiftsourceinfo /Users/admin/builder/spi-builder-workspace/.derivedData/Build/Intermediates.noindex/Kadr.build/Debug-appletvos/Kadr-t.build/Objects-normal/arm64/Kadr.swiftsourceinfo (in target 'Kadr' from project 'Kadr')
cd /Users/admin/builder/spi-builder-workspace/.dependencies/checkouts/kadr
builtin-copy -exclude .DS_Store -exclude CVS -exclude .svn -exclude .git -exclude .hg -resolve-src-symlinks -rename /Users/admin/builder/spi-builder-workspace/.derivedData/Build/Intermediates.noindex/Kadr.build/Debug-appletvos/Kadr-t.build/Objects-normal/arm64/Kadr.swiftsourceinfo /Users/admin/builder/spi-builder-workspace/.derivedData/Build/Products/Debug-appletvos/Kadr.swiftmodule/Project/arm64-apple-tvos.swiftsourceinfo
SwiftDriver KadrPhotos normal arm64 com.apple.xcode.tools.swift.compiler (in target 'KadrPhotos' from project 'KadrPhotos')
cd /Users/admin/builder/spi-builder-workspace/.swiftpm/xcode
builtin-SwiftDriver -- /Applications/Xcode-27.0.0-Release.Candidate.app/Contents/Developer/Toolchains/XcodeDefault.xctoolchain/usr/bin/swiftc -parse-as-library -module-name KadrPhotos -Onone @/Users/admin/builder/spi-builder-workspace/.derivedData/Build/Intermediates.noindex/KadrPhotos.build/Debug-appletvos/KadrPhotos-t.build/Objects-normal/arm64/KadrPhotos.SwiftFileList -DSWIFT_PACKAGE -DDEBUG -DSWIFT_MODULE_RESOURCE_BUNDLE_UNAVAILABLE -DXcode -enable-experimental-feature StrictConcurrency -plugin-path /Applications/Xcode-27.0.0-Release.Candidate.app/Contents/Developer/Toolchains/XcodeDefault.xctoolchain/usr/lib/swift/host/plugins/testing -enable-experimental-feature DebugDescriptionMacro -sdk /Applications/Xcode-27.0.0-Release.Candidate.app/Contents/Developer/Platforms/AppleTVOS.platform/Developer/SDKs/AppleTVOS27.0.sdk -target arm64-apple-tvos17.0 -g -module-cache-path /Users/admin/builder/spi-builder-workspace/.derivedData/ModuleCache.noindex -Xfrontend -serialize-debugging-options -profile-coverage-mapping -profile-generate -enable-testing -index-store-path /Users/admin/builder/spi-builder-workspace/.derivedData/Index.noindex/DataStore -Xcc -D_LIBCPP_HARDENING_MODE\=_LIBCPP_HARDENING_MODE_DEBUG -swift-version 6 -I /Users/admin/builder/spi-builder-workspace/.derivedData/Build/Products/Debug-appletvos -Isystem /Applications/Xcode-27.0.0-Release.Candidate.app/Contents/Developer/Platforms/AppleTVOS.platform/Developer/usr/lib -F /Users/admin/builder/spi-builder-workspace/.derivedData/Build/Products/Debug-appletvos/PackageFrameworks -F /Users/admin/builder/spi-builder-workspace/.derivedData/Build/Products/Debug-appletvos -F /Applications/Xcode-27.0.0-Release.Candidate.app/Contents/Developer/Platforms/AppleTVOS.platform/Developer/Library/Frameworks -F /Applications/Xcode-27.0.0-Release.Candidate.app/Contents/Developer/Platforms/AppleTVOS.platform/Developer/SDKs/AppleTVOS27.0.sdk/Developer/Library/Frameworks -c -j10 -enable-batch-mode -incremental -Xcc -ivfsstatcache -Xcc /Users/admin/builder/spi-builder-workspace/.derivedData/SDKStatCaches.noindex/appletvos27.0-24J360-e829b21a6f8c9b70876ba0858053c044b32bfd8d43560033f8d89884cdb90028.sdkstatcache -output-file-map /Users/admin/builder/spi-builder-workspace/.derivedData/Build/Intermediates.noindex/KadrPhotos.build/Debug-appletvos/KadrPhotos-t.build/Objects-normal/arm64/KadrPhotos-OutputFileMap.json -save-temps -no-color-diagnostics -explicit-module-build -module-cache-path /Users/admin/builder/spi-builder-workspace/.derivedData/Build/Intermediates.noindex/SwiftExplicitPrecompiledModules -clang-scanner-module-cache-path /Users/admin/builder/spi-builder-workspace/.derivedData/ModuleCache.noindex -sdk-module-cache-path /Users/admin/builder/spi-builder-workspace/.derivedData/SDKExplicitPrecompiledModules -emit-dependencies -emit-module -emit-module-path /Users/admin/builder/spi-builder-workspace/.derivedData/Build/Intermediates.noindex/KadrPhotos.build/Debug-appletvos/KadrPhotos-t.build/Objects-normal/arm64/KadrPhotos.swiftmodule -serialize-diagnostics -dependency-scan-serialize-diagnostics-path /Users/admin/builder/spi-builder-workspace/.derivedData/Build/Intermediates.noindex/KadrPhotos.build/Debug-appletvos/KadrPhotos-t.build/Objects-normal/arm64/KadrPhotos-dependency-scan.dia -validate-clang-modules-once -clang-build-session-file /Users/admin/builder/spi-builder-workspace/.derivedData/ModuleCache.noindex/Session.modulevalidation -Xcc -fmodules-prune-interval\=86400 -Xcc -fmodules-prune-after\=345600 -package-name spi_builder_workspace -emit-const-values -const-gather-protocols-list /Users/admin/builder/spi-builder-workspace/.derivedData/Build/Intermediates.noindex/KadrPhotos.build/Debug-appletvos/KadrPhotos-t.build/Objects-normal/arm64/KadrPhotos_const_extract_protocols.json -Xcc -I/Users/admin/builder/spi-builder-workspace/.derivedData/Build/Products/Debug-appletvos/include -Xcc -I/Users/admin/builder/spi-builder-workspace/.derivedData/Build/Intermediates.noindex/KadrPhotos.build/Debug-appletvos/KadrPhotos-t.build/DerivedSources-normal/arm64 -Xcc -I/Users/admin/builder/spi-builder-workspace/.derivedData/Build/Intermediates.noindex/KadrPhotos.build/Debug-appletvos/KadrPhotos-t.build/DerivedSources/arm64 -Xcc -I/Users/admin/builder/spi-builder-workspace/.derivedData/Build/Intermediates.noindex/KadrPhotos.build/Debug-appletvos/KadrPhotos-t.build/DerivedSources -Xcc -DSWIFT_PACKAGE -Xcc -DDEBUG\=1 -emit-objc-header -emit-objc-header-path /Users/admin/builder/spi-builder-workspace/.derivedData/Build/Intermediates.noindex/KadrPhotos.build/Debug-appletvos/KadrPhotos-t.build/Objects-normal/arm64/KadrPhotos-Swift.h -working-directory /Users/admin/builder/spi-builder-workspace/.swiftpm/xcode -experimental-emit-module-separately -disable-cmo
SwiftDriverJobDiscovery normal arm64 Compiling Animatable.swift, Animation.swift, TimingFunction.swift, AudioBuilder.swift, AudioTimePitchAlgorithm.swift, AudioTrack.swift, BackgroundMusic.swift (in target 'Kadr' from project 'Kadr')
SwiftExplicitDependencyGeneratePcm arm64 /Users/admin/builder/spi-builder-workspace/.derivedData/SDKExplicitPrecompiledModules/SwiftUI-B634212FU5XQXG1OEBY2WYYH3.pcm
SwiftExplicitDependencyGeneratePcm arm64 /Users/admin/builder/spi-builder-workspace/.derivedData/SDKExplicitPrecompiledModules/dnssd-7VUW0RVJB191I6NVP5YRI048.pcm
SwiftExplicitDependencyGeneratePcm arm64 /Users/admin/builder/spi-builder-workspace/.derivedData/SDKExplicitPrecompiledModules/CloudKit-44VT130VGD582GUHMKNMJIDC4.pcm
SwiftExplicitDependencyGeneratePcm arm64 /Users/admin/builder/spi-builder-workspace/.derivedData/SDKExplicitPrecompiledModules/Photos-1VT3F2TWEYCZ4LOS0I7A07P3P.pcm
SwiftExplicitDependencyGeneratePcm arm64 /Users/admin/builder/spi-builder-workspace/.derivedData/SDKExplicitPrecompiledModules/Network-8TZA0BI5UY8U40VGTMYI8CJAW.pcm
SwiftExplicitDependencyGeneratePcm arm64 /Users/admin/builder/spi-builder-workspace/.derivedData/SDKExplicitPrecompiledModules/CoreData-3R0N6HKKQMVS32U7KOKR14383.pcm
SwiftExplicitDependencyGeneratePcm arm64 /Users/admin/builder/spi-builder-workspace/.derivedData/SDKExplicitPrecompiledModules/PhotosUI-1CVOYASXAGT9AV5SBRBGPYFQG.pcm
SwiftExplicitDependencyGeneratePcm arm64 /Users/admin/builder/spi-builder-workspace/.derivedData/SDKExplicitPrecompiledModules/ExtensionFoundation-ANH3W0EK51VMBV9PZ6ROU3HI0.pcm
SwiftEmitModule normal arm64 Emitting\ module\ for\ KadrPhotos (in target 'KadrPhotos' from project 'KadrPhotos')
/Users/admin/builder/spi-builder-workspace/Sources/KadrPhotos/PhotoPicker.swift:100:32: error: cannot find type 'PHPickerFilter' in scope
98 | /// constructing the configuration. `nil` means "no filter applied" (the
99 | /// default Photos picker UX).
100 | internal var phFilter: PHPickerFilter? {
| `- error: cannot find type 'PHPickerFilter' in scope
101 | switch self {
102 | case .images: return .images
/Users/admin/builder/spi-builder-workspace/Sources/KadrPhotos/PhotoPicker.swift:117:30: error: cannot find type 'PHPickerConfiguration' in scope
115 | case compatible
116 |
117 | internal var phMode: PHPickerConfiguration.AssetRepresentationMode {
| `- error: cannot find type 'PHPickerConfiguration' in scope
118 | switch self {
119 | case .automatic: return .automatic
/Users/admin/builder/spi-builder-workspace/Sources/KadrPhotos/PhotoPicker.swift:136:10: error: cannot find type 'PHPickerConfiguration' in scope
134 | nonisolated internal static func makePHConfiguration(
135 | from config: Configuration
136 | ) -> PHPickerConfiguration {
| `- error: cannot find type 'PHPickerConfiguration' in scope
137 | var phConfig = PHPickerConfiguration(photoLibrary: .shared())
138 | phConfig.selectionLimit = config.selectionLimit
/Users/admin/builder/spi-builder-workspace/Sources/KadrPhotos/PhotoPicker.swift:149:61: error: cannot find type 'PHPickerResult' in scope
147 | /// `assetIdentifier` (rare; happens when the picker can't expose a stable
148 | /// reference, e.g. some shared albums). Pure — exposed for tests.
149 | nonisolated internal static func mapResults(_ results: [PHPickerResult]) -> [PhotoPickerResult] {
| `- error: cannot find type 'PHPickerResult' in scope
150 | results.compactMap { result in
151 | guard let id = result.assetIdentifier else { return nil }
/Users/admin/builder/spi-builder-workspace/Sources/KadrPhotos/PhotoPicker.swift:169:52: error: 'PHPickerViewController' is unavailable in tvOS
167 | }
168 |
169 | func makeUIViewController(context: Context) -> PHPickerViewController {
| `- error: 'PHPickerViewController' is unavailable in tvOS
170 | let phConfig = PhotoPicker.makePHConfiguration(from: configuration)
171 | let controller = PHPickerViewController(configuration: phConfig)
/Applications/Xcode-27.0.0-Release.Candidate.app/Contents/Developer/Platforms/AppleTVOS.platform/Developer/SDKs/AppleTVOS27.0.sdk/System/Library/Frameworks/PhotosUI.framework/Headers/PHPicker.h:263:12: note: 'PHPickerViewController' has been explicitly marked unavailable here
261 | API_UNAVAILABLE(watchos)
262 | #if __has_include(<UIKit/UIViewController.h>) && TARGET_OS_IPHONE
263 | @interface PHPickerViewController : UIViewController
| `- note: 'PHPickerViewController' has been explicitly marked unavailable here
264 | #elif __has_include(<AppKit/NSViewController.h>)
265 | @interface PHPickerViewController : NSViewController
/Users/admin/builder/spi-builder-workspace/Sources/KadrPhotos/PhotoPicker.swift:176:53: error: 'PHPickerViewController' is unavailable in tvOS
174 | }
175 |
176 | func updateUIViewController(_ uiViewController: PHPickerViewController, context: Context) {
| `- error: 'PHPickerViewController' is unavailable in tvOS
177 | // PHPickerViewController doesn't reconfigure post-init; nothing to do.
178 | }
/Applications/Xcode-27.0.0-Release.Candidate.app/Contents/Developer/Platforms/AppleTVOS.platform/Developer/SDKs/AppleTVOS27.0.sdk/System/Library/Frameworks/PhotosUI.framework/Headers/PHPicker.h:263:12: note: 'PHPickerViewController' has been explicitly marked unavailable here
261 | API_UNAVAILABLE(watchos)
262 | #if __has_include(<UIKit/UIViewController.h>) && TARGET_OS_IPHONE
263 | @interface PHPickerViewController : UIViewController
| `- note: 'PHPickerViewController' has been explicitly marked unavailable here
264 | #elif __has_include(<AppKit/NSViewController.h>)
265 | @interface PHPickerViewController : NSViewController
/Users/admin/builder/spi-builder-workspace/Sources/KadrPhotos/PhotoPicker.swift:161:16: warning: unavailable class 'PHPickerViewController' was used to satisfy a requirement of protocol 'UIViewControllerRepresentable'; this will be an error in a future Swift language mode
159 | #if canImport(UIKit)
160 |
161 | private struct Bridge: UIViewControllerRepresentable {
| `- warning: unavailable class 'PHPickerViewController' was used to satisfy a requirement of protocol 'UIViewControllerRepresentable'; this will be an error in a future Swift language mode
162 | let delivery: PhotoPicker.Delivery
163 | let configuration: PhotoPicker.Configuration
/Applications/Xcode-27.0.0-Release.Candidate.app/Contents/Developer/Platforms/AppleTVOS.platform/Developer/SDKs/AppleTVOS27.0.sdk/System/Library/Frameworks/PhotosUI.framework/Headers/PHPicker.h:263:12: note: 'PHPickerViewController' declared here
261 | API_UNAVAILABLE(watchos)
262 | #if __has_include(<UIKit/UIViewController.h>) && TARGET_OS_IPHONE
263 | @interface PHPickerViewController : UIViewController
| `- note: 'PHPickerViewController' declared here
264 | #elif __has_include(<AppKit/NSViewController.h>)
265 | @interface PHPickerViewController : NSViewController
SwiftUI.UIViewControllerRepresentable.UIViewControllerType:2:16: note: requirement 'UIViewControllerType' declared here
1 | protocol UIViewControllerRepresentable {
2 | associatedtype UIViewControllerType : UIViewController}
| `- note: requirement 'UIViewControllerType' declared here
3 |
/Users/admin/builder/spi-builder-workspace/Sources/KadrPhotos/PhotoPicker.swift:182:44: error: cannot find type 'PHPickerViewControllerDelegate' in scope
180 |
181 | @MainActor
182 | private final class Coordinator: NSObject, PHPickerViewControllerDelegate {
| `- error: cannot find type 'PHPickerViewControllerDelegate' in scope
183 | private let delivery: PhotoPicker.Delivery
184 |
/Users/admin/builder/spi-builder-workspace/Sources/KadrPhotos/PhotoPicker.swift:189:90: error: cannot find type 'PHPickerResult' in scope
187 | }
188 |
189 | nonisolated func picker(_ picker: PHPickerViewController, didFinishPicking results: [PHPickerResult]) {
| `- error: cannot find type 'PHPickerResult' in scope
190 | let mapped = PhotoPicker.mapResults(results)
191 | let delivery = self.delivery
/Users/admin/builder/spi-builder-workspace/Sources/KadrPhotos/PhotoPicker.swift:189:39: error: 'PHPickerViewController' is unavailable in tvOS
187 | }
188 |
189 | nonisolated func picker(_ picker: PHPickerViewController, didFinishPicking results: [PHPickerResult]) {
| `- error: 'PHPickerViewController' is unavailable in tvOS
190 | let mapped = PhotoPicker.mapResults(results)
191 | let delivery = self.delivery
/Applications/Xcode-27.0.0-Release.Candidate.app/Contents/Developer/Platforms/AppleTVOS.platform/Developer/SDKs/AppleTVOS27.0.sdk/System/Library/Frameworks/PhotosUI.framework/Headers/PHPicker.h:263:12: note: 'PHPickerViewController' has been explicitly marked unavailable here
261 | API_UNAVAILABLE(watchos)
262 | #if __has_include(<UIKit/UIViewController.h>) && TARGET_OS_IPHONE
263 | @interface PHPickerViewController : UIViewController
| `- note: 'PHPickerViewController' has been explicitly marked unavailable here
264 | #elif __has_include(<AppKit/NSViewController.h>)
265 | @interface PHPickerViewController : NSViewController
Failed frontend command:
/Applications/Xcode-27.0.0-Release.Candidate.app/Contents/Developer/Toolchains/XcodeDefault.xctoolchain/usr/bin/swift-frontend -frontend -emit-module -experimental-skip-non-inlinable-function-bodies-without-types /Users/admin/builder/spi-builder-workspace/Sources/KadrPhotos/KadrPhotos.swift /Users/admin/builder/spi-builder-workspace/Sources/KadrPhotos/PhotoAssetMetadata.swift /Users/admin/builder/spi-builder-workspace/Sources/KadrPhotos/PhotoPicker+AsyncResults.swift /Users/admin/builder/spi-builder-workspace/Sources/KadrPhotos/PhotoPicker.swift /Users/admin/builder/spi-builder-workspace/Sources/KadrPhotos/PhotoPickerResult.swift /Users/admin/builder/spi-builder-workspace/Sources/KadrPhotos/PhotosClipError+LocalizedError.swift /Users/admin/builder/spi-builder-workspace/Sources/KadrPhotos/PhotosClipError.swift /Users/admin/builder/spi-builder-workspace/Sources/KadrPhotos/PhotosClipResolver+Album.swift /Users/admin/builder/spi-builder-workspace/Sources/KadrPhotos/PhotosClipResolver+Depth.swift /Users/admin/builder/spi-builder-workspace/Sources/KadrPhotos/PhotosClipResolver+Image.swift /Users/admin/builder/spi-builder-workspace/Sources/KadrPhotos/PhotosClipResolver+LivePhoto.swift /Users/admin/builder/spi-builder-workspace/Sources/KadrPhotos/PhotosClipResolver+Metadata.swift /Users/admin/builder/spi-builder-workspace/Sources/KadrPhotos/PhotosClipResolver+Options.swift /Users/admin/builder/spi-builder-workspace/Sources/KadrPhotos/PhotosClipResolver+Overlays.swift /Users/admin/builder/spi-builder-workspace/Sources/KadrPhotos/PhotosClipResolver+PhotoPicker.swift /Users/admin/builder/spi-builder-workspace/Sources/KadrPhotos/PhotosClipResolver+SlowMotion.swift /Users/admin/builder/spi-builder-workspace/Sources/KadrPhotos/PhotosClipResolver.swift /Users/admin/builder/spi-builder-workspace/Sources/KadrPhotos/VideoHDRMetadata.swift -target arm64-apple-tvos17.0 -module-can-import-version Photos 913.0.103 913.0.103 -module-can-import-version PhotosUI 913.0.103 913.0.103 -module-can-import-version UIKit 9127.0.84.1 9127.0.84 -disable-cross-import-overlay-search -swift-module-cross-import Photos /Applications/Xcode-27.0.0-Release.Candidate.app/Contents/Developer/Platforms/AppleTVOS.platform/Developer/SDKs/AppleTVOS.sdk/System/Library/Frameworks/Photos.framework/Modules/Photos.swiftcrossimport/AppIntents.swiftoverlay -swift-module-cross-import Photos /Applications/Xcode-27.0.0-Release.Candidate.app/Contents/Developer/Platforms/AppleTVOS.platform/Developer/SDKs/AppleTVOS27.0.sdk/System/Library/Frameworks/Photos.framework/Modules/Photos.swiftcrossimport/AppIntents.swiftoverlay -load-resolved-plugin /Applications/Xcode-27.0.0-Release.Candidate.app/Contents/Developer/Platforms/AppleTVOS.platform/Developer/usr/lib/swift/host/plugins/libFoundationMacros.dylib\#/Applications/Xcode-27.0.0-Release.Candidate.app/Contents/Developer/Platforms/AppleTVOS.platform/Developer/usr/bin/swift-plugin-server\#FoundationMacros -load-resolved-plugin /Applications/Xcode-27.0.0-Release.Candidate.app/Contents/Developer/Platforms/AppleTVOS.platform/Developer/usr/lib/swift/host/plugins/libObservationMacros.dylib\#/Applications/Xcode-27.0.0-Release.Candidate.app/Contents/Developer/Platforms/AppleTVOS.platform/Developer/usr/bin/swift-plugin-server\#ObservationMacros -load-resolved-plugin /Applications/Xcode-27.0.0-Release.Candidate.app/Contents/Developer/Platforms/AppleTVOS.platform/Developer/usr/lib/swift/host/plugins/libPreviewsMacros.dylib\#/Applications/Xcode-27.0.0-Release.Candidate.app/Contents/Developer/Platforms/AppleTVOS.platform/Developer/usr/bin/swift-plugin-server\#PreviewsMacros -load-resolved-plugin /Applications/Xcode-27.0.0-Release.Candidate.app/Contents/Developer/Platforms/AppleTVOS.platform/Developer/usr/lib/swift/host/plugins/libSwiftMacros.dylib\#/Applications/Xcode-27.0.0-Release.Candidate.app/Contents/Developer/Platforms/AppleTVOS.platform/Developer/usr/bin/swift-plugin-server\#SwiftMacros -load-resolved-plugin /Applications/Xcode-27.0.0-Release.Candidate.app/Contents/Developer/Platforms/AppleTVOS.platform/Developer/usr/lib/swift/host/plugins/libSwiftUIMacros.dylib\#/Applications/Xcode-27.0.0-Release.Candidate.app/Contents/Developer/Platforms/AppleTVOS.platform/Developer/usr/bin/swift-plugin-server\#SwiftUIMacros -disable-implicit-swift-modules -Xcc -fno-implicit-modules -Xcc -fno-implicit-module-maps -explicit-swift-module-map-file /Users/admin/builder/spi-builder-workspace/.derivedData/Build/Intermediates.noindex/KadrPhotos.build/Debug-appletvos/KadrPhotos-t.build/Objects-normal/arm64/KadrPhotos-dependencies-1.json -Xllvm -aarch64-use-tbi -enable-objc-interop -stack-check -sdk /Applications/Xcode-27.0.0-Release.Candidate.app/Contents/Developer/Platforms/AppleTVOS.platform/Developer/SDKs/AppleTVOS27.0.sdk -I /Users/admin/builder/spi-builder-workspace/.derivedData/Build/Products/Debug-appletvos -Isystem /Applications/Xcode-27.0.0-Release.Candidate.app/Contents/Developer/Platforms/AppleTVOS.platform/Developer/usr/lib -F /Users/admin/builder/spi-builder-workspace/.derivedData/Build/Products/Debug-appletvos/PackageFrameworks -F /Users/admin/builder/spi-builder-workspace/.derivedData/Build/Products/Debug-appletvos -F /Applications/Xcode-27.0.0-Release.Candidate.app/Contents/Developer/Platforms/AppleTVOS.platform/Developer/Library/Frameworks -F /Applications/Xcode-27.0.0-Release.Candidate.app/Contents/Developer/Platforms/AppleTVOS.platform/Developer/SDKs/AppleTVOS27.0.sdk/Developer/Library/Frameworks -module-cache-path /Users/admin/builder/spi-builder-workspace/.derivedData/Build/Intermediates.noindex/SwiftExplicitPrecompiledModules -no-color-diagnostics -Xcc -fno-color-diagnostics -enable-testing -g -debug-info-format\=dwarf -dwarf-version\=4 -profile-generate -profile-coverage-mapping -swift-version 6 -Onone -D SWIFT_PACKAGE -D DEBUG -D SWIFT_MODULE_RESOURCE_BUNDLE_UNAVAILABLE -D Xcode -serialize-debugging-options -enable-experimental-feature StrictConcurrency -enable-experimental-feature DebugDescriptionMacro -empty-abi-descriptor -validate-clang-modules-once -clang-build-session-file /Users/admin/builder/spi-builder-workspace/.derivedData/ModuleCache.noindex/Session.modulevalidation -Xcc -working-directory -Xcc /Users/admin/builder/spi-builder-workspace/.swiftpm/xcode -enable-anonymous-context-mangled-names -file-compilation-dir /Users/admin/builder/spi-builder-workspace/.swiftpm/xcode -Xcc -D_LIBCPP_HARDENING_MODE\=_LIBCPP_HARDENING_MODE_DEBUG -Xcc -ivfsstatcache -Xcc /Users/admin/builder/spi-builder-workspace/.derivedData/SDKStatCaches.noindex/appletvos27.0-24J360-e829b21a6f8c9b70876ba0858053c044b32bfd8d43560033f8d89884cdb90028.sdkstatcache -Xcc -fmodules-prune-interval\=86400 -Xcc -fmodules-prune-after\=345600 -Xcc -I/Users/admin/builder/spi-builder-workspace/.derivedData/Build/Products/Debug-appletvos/include -Xcc -I/Users/admin/builder/spi-builder-workspace/.derivedData/Build/Intermediates.noindex/KadrPhotos.build/Debug-appletvos/KadrPhotos-t.build/DerivedSources-normal/arm64 -Xcc -I/Users/admin/builder/spi-builder-workspace/.derivedData/Build/Intermediates.noindex/KadrPhotos.build/Debug-appletvos/KadrPhotos-t.build/DerivedSources/arm64 -Xcc -I/Users/admin/builder/spi-builder-workspace/.derivedData/Build/Intermediates.noindex/KadrPhotos.build/Debug-appletvos/KadrPhotos-t.build/DerivedSources -Xcc -DSWIFT_PACKAGE -Xcc -DDEBUG\=1 -no-auto-bridging-header-chaining -module-name KadrPhotos -package-name spi_builder_workspace -const-gather-protocols-file /Users/admin/builder/spi-builder-workspace/.derivedData/Build/Intermediates.noindex/KadrPhotos.build/Debug-appletvos/KadrPhotos-t.build/Objects-normal/arm64/KadrPhotos_const_extract_protocols.json -disable-clang-spi -clang-target arm64-apple-tvos27.0 -target-sdk-version 27.0 -target-sdk-name appletvos27.0 -in-process-plugin-server-path /Applications/Xcode-27.0.0-Release.Candidate.app/Contents/Developer/Toolchains/XcodeDefault.xctoolchain/usr/lib/swift/host/libSwiftInProcPluginServer.dylib -emit-module-doc-path /Users/admin/builder/spi-builder-workspace/.derivedData/Build/Intermediates.noindex/KadrPhotos.build/Debug-appletvos/KadrPhotos-t.build/Objects-normal/arm64/KadrPhotos.swiftdoc -emit-module-source-info-path /Users/admin/builder/spi-builder-workspace/.derivedData/Build/Intermediates.noindex/KadrPhotos.build/Debug-appletvos/KadrPhotos-t.build/Objects-normal/arm64/KadrPhotos.swiftsourceinfo -emit-objc-header-path /Users/admin/builder/spi-builder-workspace/.derivedData/Build/Intermediates.noindex/KadrPhotos.build/Debug-appletvos/KadrPhotos-t.build/Objects-normal/arm64/KadrPhotos-Swift.h -serialize-diagnostics-path /Users/admin/builder/spi-builder-workspace/.derivedData/Build/Intermediates.noindex/KadrPhotos.build/Debug-appletvos/KadrPhotos-t.build/Objects-normal/arm64/KadrPhotos-primary-emit-module.dia -emit-dependencies-path /Users/admin/builder/spi-builder-workspace/.derivedData/Build/Intermediates.noindex/KadrPhotos.build/Debug-appletvos/KadrPhotos-t.build/Objects-normal/arm64/KadrPhotos-primary-emit-module.d -parse-as-library -o /Users/admin/builder/spi-builder-workspace/.derivedData/Build/Intermediates.noindex/KadrPhotos.build/Debug-appletvos/KadrPhotos-t.build/Objects-normal/arm64/KadrPhotos.swiftmodule -emit-abi-descriptor-path /Users/admin/builder/spi-builder-workspace/.derivedData/Build/Intermediates.noindex/KadrPhotos.build/Debug-appletvos/KadrPhotos-t.build/Objects-normal/arm64/KadrPhotos.abi.json
SwiftCompile normal arm64 (in target 'KadrPhotos' from project 'KadrPhotos')
cd /Users/admin/builder/spi-builder-workspace/.swiftpm/xcode
SwiftCompile normal arm64 Compiling\ PhotoPickerResult.swift,\ PhotosClipError+LocalizedError.swift /Users/admin/builder/spi-builder-workspace/Sources/KadrPhotos/PhotoPickerResult.swift /Users/admin/builder/spi-builder-workspace/Sources/KadrPhotos/PhotosClipError+LocalizedError.swift (in target 'KadrPhotos' from project 'KadrPhotos')
SwiftCompile normal arm64 /Users/admin/builder/spi-builder-workspace/Sources/KadrPhotos/PhotoPickerResult.swift (in target 'KadrPhotos' from project 'KadrPhotos')
cd /Users/admin/builder/spi-builder-workspace/.swiftpm/xcode
builtin-SwiftPerFileCompile PhotoPickerResult.swift
SwiftCompile normal arm64 /Users/admin/builder/spi-builder-workspace/Sources/KadrPhotos/PhotosClipError+LocalizedError.swift (in target 'KadrPhotos' from project 'KadrPhotos')
cd /Users/admin/builder/spi-builder-workspace/.swiftpm/xcode
builtin-SwiftPerFileCompile PhotosClipError+LocalizedError.swift
SwiftCompile normal arm64 Compiling\ VideoHDRMetadata.swift /Users/admin/builder/spi-builder-workspace/Sources/KadrPhotos/VideoHDRMetadata.swift (in target 'KadrPhotos' from project 'KadrPhotos')
SwiftCompile normal arm64 /Users/admin/builder/spi-builder-workspace/Sources/KadrPhotos/VideoHDRMetadata.swift (in target 'KadrPhotos' from project 'KadrPhotos')
cd /Users/admin/builder/spi-builder-workspace/.swiftpm/xcode
builtin-SwiftPerFileCompile VideoHDRMetadata.swift
SwiftDriverJobDiscovery normal arm64 Compiling CancellationToken.swift, CompositionBuilder.swift, Compositor.swift, CropCompositor.swift, ExportEngine.swift, FilterProcessor.swift, ImageEncoder.swift (in target 'Kadr' from project 'Kadr')
SwiftCompile normal arm64 Compiling\ KadrPhotos.swift,\ PhotoAssetMetadata.swift /Users/admin/builder/spi-builder-workspace/Sources/KadrPhotos/KadrPhotos.swift /Users/admin/builder/spi-builder-workspace/Sources/KadrPhotos/PhotoAssetMetadata.swift (in target 'KadrPhotos' from project 'KadrPhotos')
SwiftCompile normal arm64 (in target 'KadrPhotos' from project 'KadrPhotos')
cd /Users/admin/builder/spi-builder-workspace/.swiftpm/xcode
SwiftCompile normal arm64 /Users/admin/builder/spi-builder-workspace/Sources/KadrPhotos/PhotoAssetMetadata.swift (in target 'KadrPhotos' from project 'KadrPhotos')
cd /Users/admin/builder/spi-builder-workspace/.swiftpm/xcode
builtin-SwiftPerFileCompile PhotoAssetMetadata.swift
SwiftDriverJobDiscovery normal arm64 Compiling Clip+AnimationClearing.swift, Clip+FilterID.swift, Clip+Speed.swift, ImageOverlay.swift, Overlay.swift, StickerOverlay.swift, TextAnimation.swift (in target 'Kadr' from project 'Kadr')
SwiftCompile normal arm64 Compiling\ PhotosClipResolver.swift /Users/admin/builder/spi-builder-workspace/Sources/KadrPhotos/PhotosClipResolver.swift (in target 'KadrPhotos' from project 'KadrPhotos')
SwiftCompile normal arm64 /Users/admin/builder/spi-builder-workspace/Sources/KadrPhotos/PhotosClipResolver.swift (in target 'KadrPhotos' from project 'KadrPhotos')
cd /Users/admin/builder/spi-builder-workspace/.swiftpm/xcode
builtin-SwiftPerFileCompile PhotosClipResolver.swift
SwiftCompile normal arm64 Compiling\ PhotosClipResolver+Depth.swift,\ PhotosClipResolver+Image.swift /Users/admin/builder/spi-builder-workspace/Sources/KadrPhotos/PhotosClipResolver+Depth.swift /Users/admin/builder/spi-builder-workspace/Sources/KadrPhotos/PhotosClipResolver+Image.swift (in target 'KadrPhotos' from project 'KadrPhotos')
SwiftCompile normal arm64 /Users/admin/builder/spi-builder-workspace/Sources/KadrPhotos/PhotosClipResolver+Depth.swift (in target 'KadrPhotos' from project 'KadrPhotos')
cd /Users/admin/builder/spi-builder-workspace/.swiftpm/xcode
builtin-SwiftPerFileCompile PhotosClipResolver+Depth.swift
SwiftCompile normal arm64 /Users/admin/builder/spi-builder-workspace/Sources/KadrPhotos/PhotosClipResolver+Image.swift (in target 'KadrPhotos' from project 'KadrPhotos')
cd /Users/admin/builder/spi-builder-workspace/.swiftpm/xcode
builtin-SwiftPerFileCompile PhotosClipResolver+Image.swift
SwiftDriverJobDiscovery normal arm64 Compiling TextOverlay.swift, TextShadow.swift, TextStroke.swift, TextStyle.swift, Watermark.swift, PlatformTypes.swift, Timecode.swift (in target 'Kadr' from project 'Kadr')
SwiftCompile normal arm64 Compiling\ PhotosClipResolver+LivePhoto.swift,\ PhotosClipResolver+Metadata.swift /Users/admin/builder/spi-builder-workspace/Sources/KadrPhotos/PhotosClipResolver+LivePhoto.swift /Users/admin/builder/spi-builder-workspace/Sources/KadrPhotos/PhotosClipResolver+Metadata.swift (in target 'KadrPhotos' from project 'KadrPhotos')
SwiftCompile normal arm64 /Users/admin/builder/spi-builder-workspace/Sources/KadrPhotos/PhotosClipResolver+LivePhoto.swift (in target 'KadrPhotos' from project 'KadrPhotos')
cd /Users/admin/builder/spi-builder-workspace/.swiftpm/xcode
builtin-SwiftPerFileCompile PhotosClipResolver+LivePhoto.swift
SwiftCompile normal arm64 /Users/admin/builder/spi-builder-workspace/Sources/KadrPhotos/PhotosClipResolver+Metadata.swift (in target 'KadrPhotos' from project 'KadrPhotos')
cd /Users/admin/builder/spi-builder-workspace/.swiftpm/xcode
builtin-SwiftPerFileCompile PhotosClipResolver+Metadata.swift
SwiftCompile normal arm64 Compiling\ PhotosClipResolver+PhotoPicker.swift,\ PhotosClipResolver+SlowMotion.swift /Users/admin/builder/spi-builder-workspace/Sources/KadrPhotos/PhotosClipResolver+PhotoPicker.swift /Users/admin/builder/spi-builder-workspace/Sources/KadrPhotos/PhotosClipResolver+SlowMotion.swift (in target 'KadrPhotos' from project 'KadrPhotos')
SwiftCompile normal arm64 /Users/admin/builder/spi-builder-workspace/Sources/KadrPhotos/PhotosClipResolver+PhotoPicker.swift (in target 'KadrPhotos' from project 'KadrPhotos')
cd /Users/admin/builder/spi-builder-workspace/.swiftpm/xcode
builtin-SwiftPerFileCompile PhotosClipResolver+PhotoPicker.swift
SwiftCompile normal arm64 /Users/admin/builder/spi-builder-workspace/Sources/KadrPhotos/PhotosClipResolver+SlowMotion.swift (in target 'KadrPhotos' from project 'KadrPhotos')
cd /Users/admin/builder/spi-builder-workspace/.swiftpm/xcode
builtin-SwiftPerFileCompile PhotosClipResolver+SlowMotion.swift
SwiftDriverJobDiscovery normal arm64 Compiling ThumbnailGenerator.swift, KadrError+LocalizedError.swift, KadrError.swift, ExportProgress.swift, ExportSettings.swift, Exporter.swift, Preset.swift (in target 'Kadr' from project 'Kadr')
SwiftCompile normal arm64 Compiling\ PhotosClipError.swift,\ PhotosClipResolver+Album.swift /Users/admin/builder/spi-builder-workspace/Sources/KadrPhotos/PhotosClipError.swift /Users/admin/builder/spi-builder-workspace/Sources/KadrPhotos/PhotosClipResolver+Album.swift (in target 'KadrPhotos' from project 'KadrPhotos')
SwiftCompile normal arm64 /Users/admin/builder/spi-builder-workspace/Sources/KadrPhotos/PhotosClipError.swift (in target 'KadrPhotos' from project 'KadrPhotos')
cd /Users/admin/builder/spi-builder-workspace/.swiftpm/xcode
builtin-SwiftPerFileCompile PhotosClipError.swift
SwiftCompile normal arm64 /Users/admin/builder/spi-builder-workspace/Sources/KadrPhotos/PhotosClipResolver+Album.swift (in target 'KadrPhotos' from project 'KadrPhotos')
cd /Users/admin/builder/spi-builder-workspace/.swiftpm/xcode
builtin-SwiftPerFileCompile PhotosClipResolver+Album.swift
SwiftDriverJobDiscovery normal arm64 Compiling KadrVideoCompositor.swift, MaskCompositor.swift, MultiInputCompositor.swift, OverlayRenderer.swift, PlaybackComposer.swift, ReverseProcessor.swift, SpeedCurveSampler.swift (in target 'Kadr' from project 'Kadr')
SwiftDriverJobDiscovery normal arm64 Compiling Caption.swift, Clip.swift, ImageClip+Color.swift, ImageClip.swift, SampleMedia.swift, TitleSequence.swift, Track.swift (in target 'Kadr' from project 'Kadr')
SwiftDriverJobDiscovery normal arm64 Compiling ChromaKey.swift, Filter.swift, FilterKind.swift, LUT.swift, Anchor.swift, ClipID.swift, CropRegion.swift (in target 'Kadr' from project 'Kadr')
SwiftCompile normal arm64 Compiling\ PhotosClipResolver+Options.swift,\ PhotosClipResolver+Overlays.swift /Users/admin/builder/spi-builder-workspace/Sources/KadrPhotos/PhotosClipResolver+Options.swift /Users/admin/builder/spi-builder-workspace/Sources/KadrPhotos/PhotosClipResolver+Overlays.swift (in target 'KadrPhotos' from project 'KadrPhotos')
SwiftCompile normal arm64 /Users/admin/builder/spi-builder-workspace/Sources/KadrPhotos/PhotosClipResolver+Options.swift (in target 'KadrPhotos' from project 'KadrPhotos')
cd /Users/admin/builder/spi-builder-workspace/.swiftpm/xcode
builtin-SwiftPerFileCompile PhotosClipResolver+Options.swift
SwiftCompile normal arm64 /Users/admin/builder/spi-builder-workspace/Sources/KadrPhotos/PhotosClipResolver+Overlays.swift (in target 'KadrPhotos' from project 'KadrPhotos')
cd /Users/admin/builder/spi-builder-workspace/.swiftpm/xcode
builtin-SwiftPerFileCompile PhotosClipResolver+Overlays.swift
PruneExplicitPrecompiledModules /Users/admin/builder/spi-builder-workspace/.derivedData/Build/Intermediates.noindex/ExplicitPrecompiledModules
PruneExplicitPrecompiledModules /Users/admin/builder/spi-builder-workspace/.derivedData/Build/Intermediates.noindex/SwiftExplicitPrecompiledModules
PruneExplicitPrecompiledModules /Users/admin/builder/spi-builder-workspace/.derivedData/SDKExplicitPrecompiledModules
2026-09-27 09:16:17.762 xcodebuild[659:4014] [MT] IDERunDestination: Supported platforms for the buildables in the current scheme is empty.
** BUILD FAILED **
The following build commands failed:
SwiftEmitModule normal arm64 Emitting\ module\ for\ KadrPhotos (in target 'KadrPhotos' from project 'KadrPhotos')
SwiftCompile normal arm64 (in target 'KadrPhotos' from project 'KadrPhotos')
Building workspace KadrPhotos with scheme KadrPhotos
(3 failures)
Command line invocation:
/Applications/Xcode-27.0.0-Release.Candidate.app/Contents/Developer/usr/bin/xcodebuild -IDEClonedSourcePackagesDirPathOverride=/Users/admin/builder/spi-builder-workspace/.dependencies -resolvePackageDependencies
Resolve Package Graph
Resolved source packages:
Kadr: https://github.com/SteliyanH/kadr.git @ 1.1.0
KadrPhotos: /Users/admin/builder/spi-builder-workspace
resolved source packages: Kadr, KadrPhotos
2026-09-27 09:16:27.543 xcodebuild[798:4831] [MT] IDERunDestination: Supported platforms for the buildables in the current scheme is empty.
{
"dependencies" : [
{
"identity" : "kadr",
"requirement" : {
"range" : [
{
"lower_bound" : "1.0.0",
"upper_bound" : "2.0.0"
}
]
},
"type" : "sourceControl",
"url" : "https://github.com/SteliyanH/kadr.git"
}
],
"manifest_display_name" : "KadrPhotos",
"name" : "KadrPhotos",
"path" : "/Users/admin/builder/spi-builder-workspace",
"platforms" : [
{
"name" : "ios",
"version" : "17.0"
},
{
"name" : "macos",
"version" : "14.0"
},
{
"name" : "visionos",
"version" : "1.0"
}
],
"products" : [
{
"name" : "KadrPhotos",
"targets" : [
"KadrPhotos"
],
"type" : {
"library" : [
"automatic"
]
}
}
],
"targets" : [
{
"c99name" : "KadrPhotosTests",
"module_type" : "SwiftTarget",
"name" : "KadrPhotosTests",
"path" : "Tests/KadrPhotosTests",
"sources" : [
"AlbumListingTests.swift",
"ClipFromPickerTests.swift",
"DepthExtractionTests.swift",
"KadrPhotosTests.swift",
"LivePhotoTests.swift",
"MetadataTests.swift",
"OverlayHelpersTests.swift",
"PhotoPickerAsyncResultsTests.swift",
"PhotoPickerTests.swift",
"PhotosClipErrorLocalizedTests.swift",
"PhotosClipResolverTests.swift",
"SlowMotionTests.swift",
"VideoHDRMetadataTests.swift"
],
"target_dependencies" : [
"KadrPhotos"
],
"type" : "test"
},
{
"c99name" : "KadrPhotos",
"module_type" : "SwiftTarget",
"name" : "KadrPhotos",
"path" : "Sources/KadrPhotos",
"product_dependencies" : [
"Kadr"
],
"product_memberships" : [
"KadrPhotos"
],
"sources" : [
"KadrPhotos.swift",
"PhotoAssetMetadata.swift",
"PhotoPicker+AsyncResults.swift",
"PhotoPicker.swift",
"PhotoPickerResult.swift",
"PhotosClipError+LocalizedError.swift",
"PhotosClipError.swift",
"PhotosClipResolver+Album.swift",
"PhotosClipResolver+Depth.swift",
"PhotosClipResolver+Image.swift",
"PhotosClipResolver+LivePhoto.swift",
"PhotosClipResolver+Metadata.swift",
"PhotosClipResolver+Options.swift",
"PhotosClipResolver+Overlays.swift",
"PhotosClipResolver+PhotoPicker.swift",
"PhotosClipResolver+SlowMotion.swift",
"PhotosClipResolver.swift",
"VideoHDRMetadata.swift"
],
"type" : "library"
}
],
"tools_version" : "6.0"
}
{
"workspace" : {
"name" : "KadrPhotos",
"schemes" : [
"KadrPhotos"
]
}
}
2026-09-27 09:16:28.987 xcodebuild[806:4899] [MT] IDERunDestination: Supported platforms for the buildables in the current scheme is empty.
Running build ...
env DEVELOPER_DIR=/Applications/Xcode-27.0.0-Release.Candidate.app xcrun xcodebuild -IDEClonedSourcePackagesDirPathOverride=$PWD/.dependencies -skipMacroValidation -skipPackagePluginValidation -derivedDataPath $PWD/.derivedData build -scheme KadrPhotos -destination generic/platform=tvOS
Command line invocation:
/Applications/Xcode-27.0.0-Release.Candidate.app/Contents/Developer/usr/bin/xcodebuild -IDEClonedSourcePackagesDirPathOverride=/Users/admin/builder/spi-builder-workspace/.dependencies -skipMacroValidation -skipPackagePluginValidation -derivedDataPath /Users/admin/builder/spi-builder-workspace/.derivedData build -scheme KadrPhotos -destination generic/platform=tvOS
Resolve Package Graph
Resolved source packages:
Kadr: https://github.com/SteliyanH/kadr.git @ 1.1.0
KadrPhotos: /Users/admin/builder/spi-builder-workspace
ComputePackagePrebuildTargetDependencyGraph
Prepare packages
CreateBuildRequest
SendProjectDescription
CreateBuildOperation
ComputeTargetDependencyGraph
note: Building targets in dependency order
note: Target dependency graph (4 targets)
Target 'KadrPhotos-product' in project 'KadrPhotos'
➜ Explicit dependency on target 'KadrPhotos' in project 'KadrPhotos'
➜ Explicit dependency on target 'Kadr-product' in project 'Kadr'
Target 'KadrPhotos' in project 'KadrPhotos'
➜ Explicit dependency on target 'Kadr-product' in project 'Kadr'
Target 'Kadr-product' in project 'Kadr'
➜ Explicit dependency on target 'Kadr' in project 'Kadr'
Target 'Kadr' in project 'Kadr' (no dependencies)
GatherProvisioningInputs
CreateBuildDescription
ClangStatCache /Applications/Xcode-27.0.0-Release.Candidate.app/Contents/Developer/Toolchains/XcodeDefault.xctoolchain/usr/bin/clang-stat-cache /Applications/Xcode-27.0.0-Release.Candidate.app/Contents/Developer/Platforms/AppleTVOS.platform/Developer/SDKs/AppleTVOS27.0.sdk /Users/admin/builder/spi-builder-workspace/.derivedData/SDKStatCaches.noindex/appletvos27.0-24J360-e829b21a6f8c9b70876ba0858053c044b32bfd8d43560033f8d89884cdb90028.sdkstatcache
cd /Users/admin/builder/spi-builder-workspace/.swiftpm/xcode
/Applications/Xcode-27.0.0-Release.Candidate.app/Contents/Developer/Toolchains/XcodeDefault.xctoolchain/usr/bin/clang-stat-cache /Applications/Xcode-27.0.0-Release.Candidate.app/Contents/Developer/Platforms/AppleTVOS.platform/Developer/SDKs/AppleTVOS27.0.sdk -o /Users/admin/builder/spi-builder-workspace/.derivedData/SDKStatCaches.noindex/appletvos27.0-24J360-e829b21a6f8c9b70876ba0858053c044b32bfd8d43560033f8d89884cdb90028.sdkstatcache
SwiftDriver Kadr normal arm64 com.apple.xcode.tools.swift.compiler (in target 'Kadr' from project 'Kadr')
cd /Users/admin/builder/spi-builder-workspace/.swiftpm/xcode
builtin-SwiftDriver -- /Applications/Xcode-27.0.0-Release.Candidate.app/Contents/Developer/Toolchains/XcodeDefault.xctoolchain/usr/bin/swiftc -parse-as-library -module-name Kadr -Onone @/Users/admin/builder/spi-builder-workspace/.derivedData/Build/Intermediates.noindex/Kadr.build/Debug-appletvos/Kadr-t.build/Objects-normal/arm64/Kadr.SwiftFileList -DSWIFT_PACKAGE -DDEBUG -DSWIFT_MODULE_RESOURCE_BUNDLE_UNAVAILABLE -DXcode -enable-experimental-feature StrictConcurrency -plugin-path /Applications/Xcode-27.0.0-Release.Candidate.app/Contents/Developer/Toolchains/XcodeDefault.xctoolchain/usr/lib/swift/host/plugins/testing -enable-experimental-feature DebugDescriptionMacro -sdk /Applications/Xcode-27.0.0-Release.Candidate.app/Contents/Developer/Platforms/AppleTVOS.platform/Developer/SDKs/AppleTVOS27.0.sdk -target arm64-apple-tvos17.0 -g -module-cache-path /Users/admin/builder/spi-builder-workspace/.derivedData/ModuleCache.noindex -Xfrontend -serialize-debugging-options -profile-coverage-mapping -profile-generate -enable-testing -suppress-warnings -index-store-path /Users/admin/builder/spi-builder-workspace/.derivedData/Index.noindex/DataStore -Xcc -D_LIBCPP_HARDENING_MODE\=_LIBCPP_HARDENING_MODE_DEBUG -swift-version 6 -I /Users/admin/builder/spi-builder-workspace/.derivedData/Build/Products/Debug-appletvos -Isystem /Applications/Xcode-27.0.0-Release.Candidate.app/Contents/Developer/Platforms/AppleTVOS.platform/Developer/usr/lib -F /Users/admin/builder/spi-builder-workspace/.derivedData/Build/Products/Debug-appletvos -F /Applications/Xcode-27.0.0-Release.Candidate.app/Contents/Developer/Platforms/AppleTVOS.platform/Developer/Library/Frameworks -F /Applications/Xcode-27.0.0-Release.Candidate.app/Contents/Developer/Platforms/AppleTVOS.platform/Developer/SDKs/AppleTVOS27.0.sdk/Developer/Library/Frameworks -c -j10 -enable-batch-mode -incremental -Xcc -ivfsstatcache -Xcc /Users/admin/builder/spi-builder-workspace/.derivedData/SDKStatCaches.noindex/appletvos27.0-24J360-e829b21a6f8c9b70876ba0858053c044b32bfd8d43560033f8d89884cdb90028.sdkstatcache -output-file-map /Users/admin/builder/spi-builder-workspace/.derivedData/Build/Intermediates.noindex/Kadr.build/Debug-appletvos/Kadr-t.build/Objects-normal/arm64/Kadr-OutputFileMap.json -save-temps -no-color-diagnostics -explicit-module-build -module-cache-path /Users/admin/builder/spi-builder-workspace/.derivedData/Build/Intermediates.noindex/SwiftExplicitPrecompiledModules -clang-scanner-module-cache-path /Users/admin/builder/spi-builder-workspace/.derivedData/ModuleCache.noindex -sdk-module-cache-path /Users/admin/builder/spi-builder-workspace/.derivedData/SDKExplicitPrecompiledModules -emit-dependencies -emit-module -emit-module-path /Users/admin/builder/spi-builder-workspace/.derivedData/Build/Intermediates.noindex/Kadr.build/Debug-appletvos/Kadr-t.build/Objects-normal/arm64/Kadr.swiftmodule -serialize-diagnostics -dependency-scan-serialize-diagnostics-path /Users/admin/builder/spi-builder-workspace/.derivedData/Build/Intermediates.noindex/Kadr.build/Debug-appletvos/Kadr-t.build/Objects-normal/arm64/Kadr-dependency-scan.dia -user-module-version 1.1.0 -validate-clang-modules-once -clang-build-session-file /Users/admin/builder/spi-builder-workspace/.derivedData/ModuleCache.noindex/Session.modulevalidation -Xcc -fmodules-prune-interval\=86400 -Xcc -fmodules-prune-after\=345600 -package-name kadr -emit-const-values -const-gather-protocols-list /Users/admin/builder/spi-builder-workspace/.derivedData/Build/Intermediates.noindex/Kadr.build/Debug-appletvos/Kadr-t.build/Objects-normal/arm64/Kadr_const_extract_protocols.json -Xcc -I/Users/admin/builder/spi-builder-workspace/.derivedData/Build/Products/Debug-appletvos/include -Xcc -I/Users/admin/builder/spi-builder-workspace/.derivedData/Build/Intermediates.noindex/Kadr.build/Debug-appletvos/Kadr-t.build/DerivedSources-normal/arm64 -Xcc -I/Users/admin/builder/spi-builder-workspace/.derivedData/Build/Intermediates.noindex/Kadr.build/Debug-appletvos/Kadr-t.build/DerivedSources/arm64 -Xcc -I/Users/admin/builder/spi-builder-workspace/.derivedData/Build/Intermediates.noindex/Kadr.build/Debug-appletvos/Kadr-t.build/DerivedSources -Xcc -DSWIFT_PACKAGE -Xcc -DDEBUG\=1 -emit-objc-header -emit-objc-header-path /Users/admin/builder/spi-builder-workspace/.derivedData/Build/Intermediates.noindex/Kadr.build/Debug-appletvos/Kadr-t.build/Objects-normal/arm64/Kadr-Swift.h -working-directory /Users/admin/builder/spi-builder-workspace/.swiftpm/xcode -experimental-emit-module-separately -disable-cmo
SwiftDriver KadrPhotos normal arm64 com.apple.xcode.tools.swift.compiler (in target 'KadrPhotos' from project 'KadrPhotos')
cd /Users/admin/builder/spi-builder-workspace/.swiftpm/xcode
builtin-SwiftDriver -- /Applications/Xcode-27.0.0-Release.Candidate.app/Contents/Developer/Toolchains/XcodeDefault.xctoolchain/usr/bin/swiftc -parse-as-library -module-name KadrPhotos -Onone @/Users/admin/builder/spi-builder-workspace/.derivedData/Build/Intermediates.noindex/KadrPhotos.build/Debug-appletvos/KadrPhotos-t.build/Objects-normal/arm64/KadrPhotos.SwiftFileList -DSWIFT_PACKAGE -DDEBUG -DSWIFT_MODULE_RESOURCE_BUNDLE_UNAVAILABLE -DXcode -enable-experimental-feature StrictConcurrency -plugin-path /Applications/Xcode-27.0.0-Release.Candidate.app/Contents/Developer/Toolchains/XcodeDefault.xctoolchain/usr/lib/swift/host/plugins/testing -enable-experimental-feature DebugDescriptionMacro -sdk /Applications/Xcode-27.0.0-Release.Candidate.app/Contents/Developer/Platforms/AppleTVOS.platform/Developer/SDKs/AppleTVOS27.0.sdk -target arm64-apple-tvos17.0 -g -module-cache-path /Users/admin/builder/spi-builder-workspace/.derivedData/ModuleCache.noindex -Xfrontend -serialize-debugging-options -profile-coverage-mapping -profile-generate -enable-testing -index-store-path /Users/admin/builder/spi-builder-workspace/.derivedData/Index.noindex/DataStore -Xcc -D_LIBCPP_HARDENING_MODE\=_LIBCPP_HARDENING_MODE_DEBUG -swift-version 6 -I /Users/admin/builder/spi-builder-workspace/.derivedData/Build/Products/Debug-appletvos -Isystem /Applications/Xcode-27.0.0-Release.Candidate.app/Contents/Developer/Platforms/AppleTVOS.platform/Developer/usr/lib -F /Users/admin/builder/spi-builder-workspace/.derivedData/Build/Products/Debug-appletvos/PackageFrameworks -F /Users/admin/builder/spi-builder-workspace/.derivedData/Build/Products/Debug-appletvos -F /Applications/Xcode-27.0.0-Release.Candidate.app/Contents/Developer/Platforms/AppleTVOS.platform/Developer/Library/Frameworks -F /Applications/Xcode-27.0.0-Release.Candidate.app/Contents/Developer/Platforms/AppleTVOS.platform/Developer/SDKs/AppleTVOS27.0.sdk/Developer/Library/Frameworks -c -j10 -enable-batch-mode -incremental -Xcc -ivfsstatcache -Xcc /Users/admin/builder/spi-builder-workspace/.derivedData/SDKStatCaches.noindex/appletvos27.0-24J360-e829b21a6f8c9b70876ba0858053c044b32bfd8d43560033f8d89884cdb90028.sdkstatcache -output-file-map /Users/admin/builder/spi-builder-workspace/.derivedData/Build/Intermediates.noindex/KadrPhotos.build/Debug-appletvos/KadrPhotos-t.build/Objects-normal/arm64/KadrPhotos-OutputFileMap.json -save-temps -no-color-diagnostics -explicit-module-build -module-cache-path /Users/admin/builder/spi-builder-workspace/.derivedData/Build/Intermediates.noindex/SwiftExplicitPrecompiledModules -clang-scanner-module-cache-path /Users/admin/builder/spi-builder-workspace/.derivedData/ModuleCache.noindex -sdk-module-cache-path /Users/admin/builder/spi-builder-workspace/.derivedData/SDKExplicitPrecompiledModules -emit-dependencies -emit-module -emit-module-path /Users/admin/builder/spi-builder-workspace/.derivedData/Build/Intermediates.noindex/KadrPhotos.build/Debug-appletvos/KadrPhotos-t.build/Objects-normal/arm64/KadrPhotos.swiftmodule -serialize-diagnostics -dependency-scan-serialize-diagnostics-path /Users/admin/builder/spi-builder-workspace/.derivedData/Build/Intermediates.noindex/KadrPhotos.build/Debug-appletvos/KadrPhotos-t.build/Objects-normal/arm64/KadrPhotos-dependency-scan.dia -validate-clang-modules-once -clang-build-session-file /Users/admin/builder/spi-builder-workspace/.derivedData/ModuleCache.noindex/Session.modulevalidation -Xcc -fmodules-prune-interval\=86400 -Xcc -fmodules-prune-after\=345600 -package-name spi_builder_workspace -emit-const-values -const-gather-protocols-list /Users/admin/builder/spi-builder-workspace/.derivedData/Build/Intermediates.noindex/KadrPhotos.build/Debug-appletvos/KadrPhotos-t.build/Objects-normal/arm64/KadrPhotos_const_extract_protocols.json -Xcc -I/Users/admin/builder/spi-builder-workspace/.derivedData/Build/Products/Debug-appletvos/include -Xcc -I/Users/admin/builder/spi-builder-workspace/.derivedData/Build/Intermediates.noindex/KadrPhotos.build/Debug-appletvos/KadrPhotos-t.build/DerivedSources-normal/arm64 -Xcc -I/Users/admin/builder/spi-builder-workspace/.derivedData/Build/Intermediates.noindex/KadrPhotos.build/Debug-appletvos/KadrPhotos-t.build/DerivedSources/arm64 -Xcc -I/Users/admin/builder/spi-builder-workspace/.derivedData/Build/Intermediates.noindex/KadrPhotos.build/Debug-appletvos/KadrPhotos-t.build/DerivedSources -Xcc -DSWIFT_PACKAGE -Xcc -DDEBUG\=1 -emit-objc-header -emit-objc-header-path /Users/admin/builder/spi-builder-workspace/.derivedData/Build/Intermediates.noindex/KadrPhotos.build/Debug-appletvos/KadrPhotos-t.build/Objects-normal/arm64/KadrPhotos-Swift.h -working-directory /Users/admin/builder/spi-builder-workspace/.swiftpm/xcode -experimental-emit-module-separately -disable-cmo
SwiftCompile normal arm64 Compiling\ PhotoPickerResult.swift,\ PhotosClipError+LocalizedError.swift /Users/admin/builder/spi-builder-workspace/Sources/KadrPhotos/PhotoPickerResult.swift /Users/admin/builder/spi-builder-workspace/Sources/KadrPhotos/PhotosClipError+LocalizedError.swift (in target 'KadrPhotos' from project 'KadrPhotos')
SwiftCompile normal arm64 /Users/admin/builder/spi-builder-workspace/Sources/KadrPhotos/PhotoPickerResult.swift (in target 'KadrPhotos' from project 'KadrPhotos')
cd /Users/admin/builder/spi-builder-workspace/.swiftpm/xcode
builtin-SwiftPerFileCompile PhotoPickerResult.swift
SwiftCompile normal arm64 /Users/admin/builder/spi-builder-workspace/Sources/KadrPhotos/PhotosClipError+LocalizedError.swift (in target 'KadrPhotos' from project 'KadrPhotos')
cd /Users/admin/builder/spi-builder-workspace/.swiftpm/xcode
builtin-SwiftPerFileCompile PhotosClipError+LocalizedError.swift
SwiftCompile normal arm64 Compiling\ KadrPhotos.swift,\ PhotoAssetMetadata.swift /Users/admin/builder/spi-builder-workspace/Sources/KadrPhotos/KadrPhotos.swift /Users/admin/builder/spi-builder-workspace/Sources/KadrPhotos/PhotoAssetMetadata.swift (in target 'KadrPhotos' from project 'KadrPhotos')
SwiftCompile normal arm64 (in target 'KadrPhotos' from project 'KadrPhotos')
cd /Users/admin/builder/spi-builder-workspace/.swiftpm/xcode
SwiftCompile normal arm64 /Users/admin/builder/spi-builder-workspace/Sources/KadrPhotos/PhotoAssetMetadata.swift (in target 'KadrPhotos' from project 'KadrPhotos')
cd /Users/admin/builder/spi-builder-workspace/.swiftpm/xcode
builtin-SwiftPerFileCompile PhotoAssetMetadata.swift
SwiftCompile normal arm64 Compiling\ PhotosClipError.swift,\ PhotosClipResolver+Album.swift /Users/admin/builder/spi-builder-workspace/Sources/KadrPhotos/PhotosClipError.swift /Users/admin/builder/spi-builder-workspace/Sources/KadrPhotos/PhotosClipResolver+Album.swift (in target 'KadrPhotos' from project 'KadrPhotos')
SwiftCompile normal arm64 /Users/admin/builder/spi-builder-workspace/Sources/KadrPhotos/PhotosClipError.swift (in target 'KadrPhotos' from project 'KadrPhotos')
cd /Users/admin/builder/spi-builder-workspace/.swiftpm/xcode
builtin-SwiftPerFileCompile PhotosClipError.swift
SwiftCompile normal arm64 /Users/admin/builder/spi-builder-workspace/Sources/KadrPhotos/PhotosClipResolver+Album.swift (in target 'KadrPhotos' from project 'KadrPhotos')
cd /Users/admin/builder/spi-builder-workspace/.swiftpm/xcode
builtin-SwiftPerFileCompile PhotosClipResolver+Album.swift
SwiftCompile normal arm64 Compiling\ PhotoPicker+AsyncResults.swift,\ PhotoPicker.swift /Users/admin/builder/spi-builder-workspace/Sources/KadrPhotos/PhotoPicker+AsyncResults.swift /Users/admin/builder/spi-builder-workspace/Sources/KadrPhotos/PhotoPicker.swift (in target 'KadrPhotos' from project 'KadrPhotos')
/Users/admin/builder/spi-builder-workspace/Sources/KadrPhotos/PhotoPicker.swift:100:32: error: cannot find type 'PHPickerFilter' in scope
98 | /// constructing the configuration. `nil` means "no filter applied" (the
99 | /// default Photos picker UX).
100 | internal var phFilter: PHPickerFilter? {
| `- error: cannot find type 'PHPickerFilter' in scope
101 | switch self {
102 | case .images: return .images
/Users/admin/builder/spi-builder-workspace/Sources/KadrPhotos/PhotoPicker.swift:117:30: error: cannot find type 'PHPickerConfiguration' in scope
115 | case compatible
116 |
117 | internal var phMode: PHPickerConfiguration.AssetRepresentationMode {
| `- error: cannot find type 'PHPickerConfiguration' in scope
118 | switch self {
119 | case .automatic: return .automatic
/Users/admin/builder/spi-builder-workspace/Sources/KadrPhotos/PhotoPicker.swift:136:10: error: cannot find type 'PHPickerConfiguration' in scope
134 | nonisolated internal static func makePHConfiguration(
135 | from config: Configuration
136 | ) -> PHPickerConfiguration {
| `- error: cannot find type 'PHPickerConfiguration' in scope
137 | var phConfig = PHPickerConfiguration(photoLibrary: .shared())
138 | phConfig.selectionLimit = config.selectionLimit
/Users/admin/builder/spi-builder-workspace/Sources/KadrPhotos/PhotoPicker.swift:149:61: error: cannot find type 'PHPickerResult' in scope
147 | /// `assetIdentifier` (rare; happens when the picker can't expose a stable
148 | /// reference, e.g. some shared albums). Pure — exposed for tests.
149 | nonisolated internal static func mapResults(_ results: [PHPickerResult]) -> [PhotoPickerResult] {
| `- error: cannot find type 'PHPickerResult' in scope
150 | results.compactMap { result in
151 | guard let id = result.assetIdentifier else { return nil }
/Users/admin/builder/spi-builder-workspace/Sources/KadrPhotos/PhotoPicker.swift:169:52: error: 'PHPickerViewController' is unavailable in tvOS
167 | }
168 |
169 | func makeUIViewController(context: Context) -> PHPickerViewController {
| `- error: 'PHPickerViewController' is unavailable in tvOS
170 | let phConfig = PhotoPicker.makePHConfiguration(from: configuration)
171 | let controller = PHPickerViewController(configuration: phConfig)
/Applications/Xcode-27.0.0-Release.Candidate.app/Contents/Developer/Platforms/AppleTVOS.platform/Developer/SDKs/AppleTVOS27.0.sdk/System/Library/Frameworks/PhotosUI.framework/Headers/PHPicker.h:263:12: note: 'PHPickerViewController' has been explicitly marked unavailable here
261 | API_UNAVAILABLE(watchos)
262 | #if __has_include(<UIKit/UIViewController.h>) && TARGET_OS_IPHONE
263 | @interface PHPickerViewController : UIViewController
| `- note: 'PHPickerViewController' has been explicitly marked unavailable here
264 | #elif __has_include(<AppKit/NSViewController.h>)
265 | @interface PHPickerViewController : NSViewController
/Users/admin/builder/spi-builder-workspace/Sources/KadrPhotos/PhotoPicker.swift:176:53: error: 'PHPickerViewController' is unavailable in tvOS
174 | }
175 |
176 | func updateUIViewController(_ uiViewController: PHPickerViewController, context: Context) {
| `- error: 'PHPickerViewController' is unavailable in tvOS
177 | // PHPickerViewController doesn't reconfigure post-init; nothing to do.
178 | }
/Applications/Xcode-27.0.0-Release.Candidate.app/Contents/Developer/Platforms/AppleTVOS.platform/Developer/SDKs/AppleTVOS27.0.sdk/System/Library/Frameworks/PhotosUI.framework/Headers/PHPicker.h:263:12: note: 'PHPickerViewController' has been explicitly marked unavailable here
261 | API_UNAVAILABLE(watchos)
262 | #if __has_include(<UIKit/UIViewController.h>) && TARGET_OS_IPHONE
263 | @interface PHPickerViewController : UIViewController
| `- note: 'PHPickerViewController' has been explicitly marked unavailable here
264 | #elif __has_include(<AppKit/NSViewController.h>)
265 | @interface PHPickerViewController : NSViewController
/Users/admin/builder/spi-builder-workspace/Sources/KadrPhotos/PhotoPicker.swift:161:16: warning: unavailable class 'PHPickerViewController' was used to satisfy a requirement of protocol 'UIViewControllerRepresentable'; this will be an error in a future Swift language mode
159 | #if canImport(UIKit)
160 |
161 | private struct Bridge: UIViewControllerRepresentable {
| `- warning: unavailable class 'PHPickerViewController' was used to satisfy a requirement of protocol 'UIViewControllerRepresentable'; this will be an error in a future Swift language mode
162 | let delivery: PhotoPicker.Delivery
163 | let configuration: PhotoPicker.Configuration
/Applications/Xcode-27.0.0-Release.Candidate.app/Contents/Developer/Platforms/AppleTVOS.platform/Developer/SDKs/AppleTVOS27.0.sdk/System/Library/Frameworks/PhotosUI.framework/Headers/PHPicker.h:263:12: note: 'PHPickerViewController' declared here
261 | API_UNAVAILABLE(watchos)
262 | #if __has_include(<UIKit/UIViewController.h>) && TARGET_OS_IPHONE
263 | @interface PHPickerViewController : UIViewController
| `- note: 'PHPickerViewController' declared here
264 | #elif __has_include(<AppKit/NSViewController.h>)
265 | @interface PHPickerViewController : NSViewController
SwiftUI.UIViewControllerRepresentable.UIViewControllerType:2:16: note: requirement 'UIViewControllerType' declared here
1 | protocol UIViewControllerRepresentable {
2 | associatedtype UIViewControllerType : UIViewController}
| `- note: requirement 'UIViewControllerType' declared here
3 |
/Users/admin/builder/spi-builder-workspace/Sources/KadrPhotos/PhotoPicker.swift:182:44: error: cannot find type 'PHPickerViewControllerDelegate' in scope
180 |
181 | @MainActor
182 | private final class Coordinator: NSObject, PHPickerViewControllerDelegate {
| `- error: cannot find type 'PHPickerViewControllerDelegate' in scope
183 | private let delivery: PhotoPicker.Delivery
184 |
/Users/admin/builder/spi-builder-workspace/Sources/KadrPhotos/PhotoPicker.swift:189:90: error: cannot find type 'PHPickerResult' in scope
187 | }
188 |
189 | nonisolated func picker(_ picker: PHPickerViewController, didFinishPicking results: [PHPickerResult]) {
| `- error: cannot find type 'PHPickerResult' in scope
190 | let mapped = PhotoPicker.mapResults(results)
191 | let delivery = self.delivery
/Users/admin/builder/spi-builder-workspace/Sources/KadrPhotos/PhotoPicker.swift:189:39: error: 'PHPickerViewController' is unavailable in tvOS
187 | }
188 |
189 | nonisolated func picker(_ picker: PHPickerViewController, didFinishPicking results: [PHPickerResult]) {
| `- error: 'PHPickerViewController' is unavailable in tvOS
190 | let mapped = PhotoPicker.mapResults(results)
191 | let delivery = self.delivery
/Applications/Xcode-27.0.0-Release.Candidate.app/Contents/Developer/Platforms/AppleTVOS.platform/Developer/SDKs/AppleTVOS27.0.sdk/System/Library/Frameworks/PhotosUI.framework/Headers/PHPicker.h:263:12: note: 'PHPickerViewController' has been explicitly marked unavailable here
261 | API_UNAVAILABLE(watchos)
262 | #if __has_include(<UIKit/UIViewController.h>) && TARGET_OS_IPHONE
263 | @interface PHPickerViewController : UIViewController
| `- note: 'PHPickerViewController' has been explicitly marked unavailable here
264 | #elif __has_include(<AppKit/NSViewController.h>)
265 | @interface PHPickerViewController : NSViewController
/Users/admin/builder/spi-builder-workspace/Sources/KadrPhotos/PhotoPicker.swift:137:24: error: cannot find 'PHPickerConfiguration' in scope
135 | from config: Configuration
136 | ) -> PHPickerConfiguration {
137 | var phConfig = PHPickerConfiguration(photoLibrary: .shared())
| `- error: cannot find 'PHPickerConfiguration' in scope
138 | phConfig.selectionLimit = config.selectionLimit
139 | phConfig.preferredAssetRepresentationMode = config.preferredAssetRepresentationMode.phMode
SwiftCompile normal arm64 /Users/admin/builder/spi-builder-workspace/Sources/KadrPhotos/PhotoPicker+AsyncResults.swift (in target 'KadrPhotos' from project 'KadrPhotos')
cd /Users/admin/builder/spi-builder-workspace/.swiftpm/xcode
builtin-SwiftPerFileCompile PhotoPicker+AsyncResults.swift
SwiftCompile normal arm64 /Users/admin/builder/spi-builder-workspace/Sources/KadrPhotos/PhotoPicker.swift (in target 'KadrPhotos' from project 'KadrPhotos')
cd /Users/admin/builder/spi-builder-workspace/.swiftpm/xcode
builtin-SwiftPerFileCompile PhotoPicker.swift
SwiftCompile normal arm64 Compiling\ PhotosClipResolver.swift /Users/admin/builder/spi-builder-workspace/Sources/KadrPhotos/PhotosClipResolver.swift (in target 'KadrPhotos' from project 'KadrPhotos')
SwiftCompile normal arm64 /Users/admin/builder/spi-builder-workspace/Sources/KadrPhotos/PhotosClipResolver.swift (in target 'KadrPhotos' from project 'KadrPhotos')
cd /Users/admin/builder/spi-builder-workspace/.swiftpm/xcode
builtin-SwiftPerFileCompile PhotosClipResolver.swift
SwiftCompile normal arm64 Compiling\ PhotosClipResolver+Options.swift,\ PhotosClipResolver+Overlays.swift /Users/admin/builder/spi-builder-workspace/Sources/KadrPhotos/PhotosClipResolver+Options.swift /Users/admin/builder/spi-builder-workspace/Sources/KadrPhotos/PhotosClipResolver+Overlays.swift (in target 'KadrPhotos' from project 'KadrPhotos')
SwiftCompile normal arm64 /Users/admin/builder/spi-builder-workspace/Sources/KadrPhotos/PhotosClipResolver+Options.swift (in target 'KadrPhotos' from project 'KadrPhotos')
cd /Users/admin/builder/spi-builder-workspace/.swiftpm/xcode
builtin-SwiftPerFileCompile PhotosClipResolver+Options.swift
SwiftCompile normal arm64 /Users/admin/builder/spi-builder-workspace/Sources/KadrPhotos/PhotosClipResolver+Overlays.swift (in target 'KadrPhotos' from project 'KadrPhotos')
cd /Users/admin/builder/spi-builder-workspace/.swiftpm/xcode
builtin-SwiftPerFileCompile PhotosClipResolver+Overlays.swift
SwiftCompile normal arm64 Compiling\ VideoHDRMetadata.swift /Users/admin/builder/spi-builder-workspace/Sources/KadrPhotos/VideoHDRMetadata.swift (in target 'KadrPhotos' from project 'KadrPhotos')
SwiftCompile normal arm64 /Users/admin/builder/spi-builder-workspace/Sources/KadrPhotos/VideoHDRMetadata.swift (in target 'KadrPhotos' from project 'KadrPhotos')
cd /Users/admin/builder/spi-builder-workspace/.swiftpm/xcode
builtin-SwiftPerFileCompile VideoHDRMetadata.swift
SwiftEmitModule normal arm64 Emitting\ module\ for\ KadrPhotos (in target 'KadrPhotos' from project 'KadrPhotos')
/Users/admin/builder/spi-builder-workspace/Sources/KadrPhotos/PhotoPicker.swift:100:32: error: cannot find type 'PHPickerFilter' in scope
98 | /// constructing the configuration. `nil` means "no filter applied" (the
99 | /// default Photos picker UX).
100 | internal var phFilter: PHPickerFilter? {
| `- error: cannot find type 'PHPickerFilter' in scope
101 | switch self {
102 | case .images: return .images
/Users/admin/builder/spi-builder-workspace/Sources/KadrPhotos/PhotoPicker.swift:117:30: error: cannot find type 'PHPickerConfiguration' in scope
115 | case compatible
116 |
117 | internal var phMode: PHPickerConfiguration.AssetRepresentationMode {
| `- error: cannot find type 'PHPickerConfiguration' in scope
118 | switch self {
119 | case .automatic: return .automatic
/Users/admin/builder/spi-builder-workspace/Sources/KadrPhotos/PhotoPicker.swift:136:10: error: cannot find type 'PHPickerConfiguration' in scope
134 | nonisolated internal static func makePHConfiguration(
135 | from config: Configuration
136 | ) -> PHPickerConfiguration {
| `- error: cannot find type 'PHPickerConfiguration' in scope
137 | var phConfig = PHPickerConfiguration(photoLibrary: .shared())
138 | phConfig.selectionLimit = config.selectionLimit
/Users/admin/builder/spi-builder-workspace/Sources/KadrPhotos/PhotoPicker.swift:149:61: error: cannot find type 'PHPickerResult' in scope
147 | /// `assetIdentifier` (rare; happens when the picker can't expose a stable
148 | /// reference, e.g. some shared albums). Pure — exposed for tests.
149 | nonisolated internal static func mapResults(_ results: [PHPickerResult]) -> [PhotoPickerResult] {
| `- error: cannot find type 'PHPickerResult' in scope
150 | results.compactMap { result in
151 | guard let id = result.assetIdentifier else { return nil }
/Users/admin/builder/spi-builder-workspace/Sources/KadrPhotos/PhotoPicker.swift:169:52: error: 'PHPickerViewController' is unavailable in tvOS
167 | }
168 |
169 | func makeUIViewController(context: Context) -> PHPickerViewController {
| `- error: 'PHPickerViewController' is unavailable in tvOS
170 | let phConfig = PhotoPicker.makePHConfiguration(from: configuration)
171 | let controller = PHPickerViewController(configuration: phConfig)
/Applications/Xcode-27.0.0-Release.Candidate.app/Contents/Developer/Platforms/AppleTVOS.platform/Developer/SDKs/AppleTVOS27.0.sdk/System/Library/Frameworks/PhotosUI.framework/Headers/PHPicker.h:263:12: note: 'PHPickerViewController' has been explicitly marked unavailable here
261 | API_UNAVAILABLE(watchos)
262 | #if __has_include(<UIKit/UIViewController.h>) && TARGET_OS_IPHONE
263 | @interface PHPickerViewController : UIViewController
| `- note: 'PHPickerViewController' has been explicitly marked unavailable here
264 | #elif __has_include(<AppKit/NSViewController.h>)
265 | @interface PHPickerViewController : NSViewController
/Users/admin/builder/spi-builder-workspace/Sources/KadrPhotos/PhotoPicker.swift:176:53: error: 'PHPickerViewController' is unavailable in tvOS
174 | }
175 |
176 | func updateUIViewController(_ uiViewController: PHPickerViewController, context: Context) {
| `- error: 'PHPickerViewController' is unavailable in tvOS
177 | // PHPickerViewController doesn't reconfigure post-init; nothing to do.
178 | }
/Applications/Xcode-27.0.0-Release.Candidate.app/Contents/Developer/Platforms/AppleTVOS.platform/Developer/SDKs/AppleTVOS27.0.sdk/System/Library/Frameworks/PhotosUI.framework/Headers/PHPicker.h:263:12: note: 'PHPickerViewController' has been explicitly marked unavailable here
261 | API_UNAVAILABLE(watchos)
262 | #if __has_include(<UIKit/UIViewController.h>) && TARGET_OS_IPHONE
263 | @interface PHPickerViewController : UIViewController
| `- note: 'PHPickerViewController' has been explicitly marked unavailable here
264 | #elif __has_include(<AppKit/NSViewController.h>)
265 | @interface PHPickerViewController : NSViewController
/Users/admin/builder/spi-builder-workspace/Sources/KadrPhotos/PhotoPicker.swift:161:16: warning: unavailable class 'PHPickerViewController' was used to satisfy a requirement of protocol 'UIViewControllerRepresentable'; this will be an error in a future Swift language mode
159 | #if canImport(UIKit)
160 |
161 | private struct Bridge: UIViewControllerRepresentable {
| `- warning: unavailable class 'PHPickerViewController' was used to satisfy a requirement of protocol 'UIViewControllerRepresentable'; this will be an error in a future Swift language mode
162 | let delivery: PhotoPicker.Delivery
163 | let configuration: PhotoPicker.Configuration
/Applications/Xcode-27.0.0-Release.Candidate.app/Contents/Developer/Platforms/AppleTVOS.platform/Developer/SDKs/AppleTVOS27.0.sdk/System/Library/Frameworks/PhotosUI.framework/Headers/PHPicker.h:263:12: note: 'PHPickerViewController' declared here
261 | API_UNAVAILABLE(watchos)
262 | #if __has_include(<UIKit/UIViewController.h>) && TARGET_OS_IPHONE
263 | @interface PHPickerViewController : UIViewController
| `- note: 'PHPickerViewController' declared here
264 | #elif __has_include(<AppKit/NSViewController.h>)
265 | @interface PHPickerViewController : NSViewController
SwiftUI.UIViewControllerRepresentable.UIViewControllerType:2:16: note: requirement 'UIViewControllerType' declared here
1 | protocol UIViewControllerRepresentable {
2 | associatedtype UIViewControllerType : UIViewController}
| `- note: requirement 'UIViewControllerType' declared here
3 |
/Users/admin/builder/spi-builder-workspace/Sources/KadrPhotos/PhotoPicker.swift:182:44: error: cannot find type 'PHPickerViewControllerDelegate' in scope
180 |
181 | @MainActor
182 | private final class Coordinator: NSObject, PHPickerViewControllerDelegate {
| `- error: cannot find type 'PHPickerViewControllerDelegate' in scope
183 | private let delivery: PhotoPicker.Delivery
184 |
/Users/admin/builder/spi-builder-workspace/Sources/KadrPhotos/PhotoPicker.swift:189:90: error: cannot find type 'PHPickerResult' in scope
187 | }
188 |
189 | nonisolated func picker(_ picker: PHPickerViewController, didFinishPicking results: [PHPickerResult]) {
| `- error: cannot find type 'PHPickerResult' in scope
190 | let mapped = PhotoPicker.mapResults(results)
191 | let delivery = self.delivery
/Users/admin/builder/spi-builder-workspace/Sources/KadrPhotos/PhotoPicker.swift:189:39: error: 'PHPickerViewController' is unavailable in tvOS
187 | }
188 |
189 | nonisolated func picker(_ picker: PHPickerViewController, didFinishPicking results: [PHPickerResult]) {
| `- error: 'PHPickerViewController' is unavailable in tvOS
190 | let mapped = PhotoPicker.mapResults(results)
191 | let delivery = self.delivery
/Applications/Xcode-27.0.0-Release.Candidate.app/Contents/Developer/Platforms/AppleTVOS.platform/Developer/SDKs/AppleTVOS27.0.sdk/System/Library/Frameworks/PhotosUI.framework/Headers/PHPicker.h:263:12: note: 'PHPickerViewController' has been explicitly marked unavailable here
261 | API_UNAVAILABLE(watchos)
262 | #if __has_include(<UIKit/UIViewController.h>) && TARGET_OS_IPHONE
263 | @interface PHPickerViewController : UIViewController
| `- note: 'PHPickerViewController' has been explicitly marked unavailable here
264 | #elif __has_include(<AppKit/NSViewController.h>)
265 | @interface PHPickerViewController : NSViewController
Failed frontend command:
/Applications/Xcode-27.0.0-Release.Candidate.app/Contents/Developer/Toolchains/XcodeDefault.xctoolchain/usr/bin/swift-frontend -frontend -emit-module -experimental-skip-non-inlinable-function-bodies-without-types /Users/admin/builder/spi-builder-workspace/Sources/KadrPhotos/KadrPhotos.swift /Users/admin/builder/spi-builder-workspace/Sources/KadrPhotos/PhotoAssetMetadata.swift /Users/admin/builder/spi-builder-workspace/Sources/KadrPhotos/PhotoPicker+AsyncResults.swift /Users/admin/builder/spi-builder-workspace/Sources/KadrPhotos/PhotoPicker.swift /Users/admin/builder/spi-builder-workspace/Sources/KadrPhotos/PhotoPickerResult.swift /Users/admin/builder/spi-builder-workspace/Sources/KadrPhotos/PhotosClipError+LocalizedError.swift /Users/admin/builder/spi-builder-workspace/Sources/KadrPhotos/PhotosClipError.swift /Users/admin/builder/spi-builder-workspace/Sources/KadrPhotos/PhotosClipResolver+Album.swift /Users/admin/builder/spi-builder-workspace/Sources/KadrPhotos/PhotosClipResolver+Depth.swift /Users/admin/builder/spi-builder-workspace/Sources/KadrPhotos/PhotosClipResolver+Image.swift /Users/admin/builder/spi-builder-workspace/Sources/KadrPhotos/PhotosClipResolver+LivePhoto.swift /Users/admin/builder/spi-builder-workspace/Sources/KadrPhotos/PhotosClipResolver+Metadata.swift /Users/admin/builder/spi-builder-workspace/Sources/KadrPhotos/PhotosClipResolver+Options.swift /Users/admin/builder/spi-builder-workspace/Sources/KadrPhotos/PhotosClipResolver+Overlays.swift /Users/admin/builder/spi-builder-workspace/Sources/KadrPhotos/PhotosClipResolver+PhotoPicker.swift /Users/admin/builder/spi-builder-workspace/Sources/KadrPhotos/PhotosClipResolver+SlowMotion.swift /Users/admin/builder/spi-builder-workspace/Sources/KadrPhotos/PhotosClipResolver.swift /Users/admin/builder/spi-builder-workspace/Sources/KadrPhotos/VideoHDRMetadata.swift -target arm64-apple-tvos17.0 -module-can-import-version Photos 913.0.103 913.0.103 -module-can-import-version PhotosUI 913.0.103 913.0.103 -module-can-import-version UIKit 9127.0.84.1 9127.0.84 -disable-cross-import-overlay-search -swift-module-cross-import Photos /Applications/Xcode-27.0.0-Release.Candidate.app/Contents/Developer/Platforms/AppleTVOS.platform/Developer/SDKs/AppleTVOS.sdk/System/Library/Frameworks/Photos.framework/Modules/Photos.swiftcrossimport/AppIntents.swiftoverlay -swift-module-cross-import Photos /Applications/Xcode-27.0.0-Release.Candidate.app/Contents/Developer/Platforms/AppleTVOS.platform/Developer/SDKs/AppleTVOS27.0.sdk/System/Library/Frameworks/Photos.framework/Modules/Photos.swiftcrossimport/AppIntents.swiftoverlay -load-resolved-plugin /Applications/Xcode-27.0.0-Release.Candidate.app/Contents/Developer/Platforms/AppleTVOS.platform/Developer/usr/lib/swift/host/plugins/libFoundationMacros.dylib\#/Applications/Xcode-27.0.0-Release.Candidate.app/Contents/Developer/Platforms/AppleTVOS.platform/Developer/usr/bin/swift-plugin-server\#FoundationMacros -load-resolved-plugin /Applications/Xcode-27.0.0-Release.Candidate.app/Contents/Developer/Platforms/AppleTVOS.platform/Developer/usr/lib/swift/host/plugins/libObservationMacros.dylib\#/Applications/Xcode-27.0.0-Release.Candidate.app/Contents/Developer/Platforms/AppleTVOS.platform/Developer/usr/bin/swift-plugin-server\#ObservationMacros -load-resolved-plugin /Applications/Xcode-27.0.0-Release.Candidate.app/Contents/Developer/Platforms/AppleTVOS.platform/Developer/usr/lib/swift/host/plugins/libPreviewsMacros.dylib\#/Applications/Xcode-27.0.0-Release.Candidate.app/Contents/Developer/Platforms/AppleTVOS.platform/Developer/usr/bin/swift-plugin-server\#PreviewsMacros -load-resolved-plugin /Applications/Xcode-27.0.0-Release.Candidate.app/Contents/Developer/Platforms/AppleTVOS.platform/Developer/usr/lib/swift/host/plugins/libSwiftMacros.dylib\#/Applications/Xcode-27.0.0-Release.Candidate.app/Contents/Developer/Platforms/AppleTVOS.platform/Developer/usr/bin/swift-plugin-server\#SwiftMacros -load-resolved-plugin /Applications/Xcode-27.0.0-Release.Candidate.app/Contents/Developer/Platforms/AppleTVOS.platform/Developer/usr/lib/swift/host/plugins/libSwiftUIMacros.dylib\#/Applications/Xcode-27.0.0-Release.Candidate.app/Contents/Developer/Platforms/AppleTVOS.platform/Developer/usr/bin/swift-plugin-server\#SwiftUIMacros -disable-implicit-swift-modules -Xcc -fno-implicit-modules -Xcc -fno-implicit-module-maps -explicit-swift-module-map-file /Users/admin/builder/spi-builder-workspace/.derivedData/Build/Intermediates.noindex/KadrPhotos.build/Debug-appletvos/KadrPhotos-t.build/Objects-normal/arm64/KadrPhotos-dependencies-1.json -Xllvm -aarch64-use-tbi -enable-objc-interop -stack-check -sdk /Applications/Xcode-27.0.0-Release.Candidate.app/Contents/Developer/Platforms/AppleTVOS.platform/Developer/SDKs/AppleTVOS27.0.sdk -I /Users/admin/builder/spi-builder-workspace/.derivedData/Build/Products/Debug-appletvos -Isystem /Applications/Xcode-27.0.0-Release.Candidate.app/Contents/Developer/Platforms/AppleTVOS.platform/Developer/usr/lib -F /Users/admin/builder/spi-builder-workspace/.derivedData/Build/Products/Debug-appletvos/PackageFrameworks -F /Users/admin/builder/spi-builder-workspace/.derivedData/Build/Products/Debug-appletvos -F /Applications/Xcode-27.0.0-Release.Candidate.app/Contents/Developer/Platforms/AppleTVOS.platform/Developer/Library/Frameworks -F /Applications/Xcode-27.0.0-Release.Candidate.app/Contents/Developer/Platforms/AppleTVOS.platform/Developer/SDKs/AppleTVOS27.0.sdk/Developer/Library/Frameworks -module-cache-path /Users/admin/builder/spi-builder-workspace/.derivedData/Build/Intermediates.noindex/SwiftExplicitPrecompiledModules -no-color-diagnostics -Xcc -fno-color-diagnostics -enable-testing -g -debug-info-format\=dwarf -dwarf-version\=4 -profile-generate -profile-coverage-mapping -swift-version 6 -Onone -D SWIFT_PACKAGE -D DEBUG -D SWIFT_MODULE_RESOURCE_BUNDLE_UNAVAILABLE -D Xcode -serialize-debugging-options -enable-experimental-feature StrictConcurrency -enable-experimental-feature DebugDescriptionMacro -empty-abi-descriptor -validate-clang-modules-once -clang-build-session-file /Users/admin/builder/spi-builder-workspace/.derivedData/ModuleCache.noindex/Session.modulevalidation -Xcc -working-directory -Xcc /Users/admin/builder/spi-builder-workspace/.swiftpm/xcode -enable-anonymous-context-mangled-names -file-compilation-dir /Users/admin/builder/spi-builder-workspace/.swiftpm/xcode -Xcc -D_LIBCPP_HARDENING_MODE\=_LIBCPP_HARDENING_MODE_DEBUG -Xcc -ivfsstatcache -Xcc /Users/admin/builder/spi-builder-workspace/.derivedData/SDKStatCaches.noindex/appletvos27.0-24J360-e829b21a6f8c9b70876ba0858053c044b32bfd8d43560033f8d89884cdb90028.sdkstatcache -Xcc -fmodules-prune-interval\=86400 -Xcc -fmodules-prune-after\=345600 -Xcc -I/Users/admin/builder/spi-builder-workspace/.derivedData/Build/Products/Debug-appletvos/include -Xcc -I/Users/admin/builder/spi-builder-workspace/.derivedData/Build/Intermediates.noindex/KadrPhotos.build/Debug-appletvos/KadrPhotos-t.build/DerivedSources-normal/arm64 -Xcc -I/Users/admin/builder/spi-builder-workspace/.derivedData/Build/Intermediates.noindex/KadrPhotos.build/Debug-appletvos/KadrPhotos-t.build/DerivedSources/arm64 -Xcc -I/Users/admin/builder/spi-builder-workspace/.derivedData/Build/Intermediates.noindex/KadrPhotos.build/Debug-appletvos/KadrPhotos-t.build/DerivedSources -Xcc -DSWIFT_PACKAGE -Xcc -DDEBUG\=1 -no-auto-bridging-header-chaining -module-name KadrPhotos -package-name spi_builder_workspace -const-gather-protocols-file /Users/admin/builder/spi-builder-workspace/.derivedData/Build/Intermediates.noindex/KadrPhotos.build/Debug-appletvos/KadrPhotos-t.build/Objects-normal/arm64/KadrPhotos_const_extract_protocols.json -disable-clang-spi -clang-target arm64-apple-tvos27.0 -target-sdk-version 27.0 -target-sdk-name appletvos27.0 -in-process-plugin-server-path /Applications/Xcode-27.0.0-Release.Candidate.app/Contents/Developer/Toolchains/XcodeDefault.xctoolchain/usr/lib/swift/host/libSwiftInProcPluginServer.dylib -emit-module-doc-path /Users/admin/builder/spi-builder-workspace/.derivedData/Build/Intermediates.noindex/KadrPhotos.build/Debug-appletvos/KadrPhotos-t.build/Objects-normal/arm64/KadrPhotos.swiftdoc -emit-module-source-info-path /Users/admin/builder/spi-builder-workspace/.derivedData/Build/Intermediates.noindex/KadrPhotos.build/Debug-appletvos/KadrPhotos-t.build/Objects-normal/arm64/KadrPhotos.swiftsourceinfo -emit-objc-header-path /Users/admin/builder/spi-builder-workspace/.derivedData/Build/Intermediates.noindex/KadrPhotos.build/Debug-appletvos/KadrPhotos-t.build/Objects-normal/arm64/KadrPhotos-Swift.h -serialize-diagnostics-path /Users/admin/builder/spi-builder-workspace/.derivedData/Build/Intermediates.noindex/KadrPhotos.build/Debug-appletvos/KadrPhotos-t.build/Objects-normal/arm64/KadrPhotos-primary-emit-module.dia -emit-dependencies-path /Users/admin/builder/spi-builder-workspace/.derivedData/Build/Intermediates.noindex/KadrPhotos.build/Debug-appletvos/KadrPhotos-t.build/Objects-normal/arm64/KadrPhotos-primary-emit-module.d -parse-as-library -o /Users/admin/builder/spi-builder-workspace/.derivedData/Build/Intermediates.noindex/KadrPhotos.build/Debug-appletvos/KadrPhotos-t.build/Objects-normal/arm64/KadrPhotos.swiftmodule -emit-abi-descriptor-path /Users/admin/builder/spi-builder-workspace/.derivedData/Build/Intermediates.noindex/KadrPhotos.build/Debug-appletvos/KadrPhotos-t.build/Objects-normal/arm64/KadrPhotos.abi.json
SwiftCompile normal arm64 (in target 'KadrPhotos' from project 'KadrPhotos')
cd /Users/admin/builder/spi-builder-workspace/.swiftpm/xcode
SwiftCompile normal arm64 Compiling\ PhotosClipResolver+PhotoPicker.swift,\ PhotosClipResolver+SlowMotion.swift /Users/admin/builder/spi-builder-workspace/Sources/KadrPhotos/PhotosClipResolver+PhotoPicker.swift /Users/admin/builder/spi-builder-workspace/Sources/KadrPhotos/PhotosClipResolver+SlowMotion.swift (in target 'KadrPhotos' from project 'KadrPhotos')
SwiftCompile normal arm64 /Users/admin/builder/spi-builder-workspace/Sources/KadrPhotos/PhotosClipResolver+PhotoPicker.swift (in target 'KadrPhotos' from project 'KadrPhotos')
cd /Users/admin/builder/spi-builder-workspace/.swiftpm/xcode
builtin-SwiftPerFileCompile PhotosClipResolver+PhotoPicker.swift
SwiftCompile normal arm64 /Users/admin/builder/spi-builder-workspace/Sources/KadrPhotos/PhotosClipResolver+SlowMotion.swift (in target 'KadrPhotos' from project 'KadrPhotos')
cd /Users/admin/builder/spi-builder-workspace/.swiftpm/xcode
builtin-SwiftPerFileCompile PhotosClipResolver+SlowMotion.swift
SwiftCompile normal arm64 Compiling\ PhotosClipResolver+LivePhoto.swift,\ PhotosClipResolver+Metadata.swift /Users/admin/builder/spi-builder-workspace/Sources/KadrPhotos/PhotosClipResolver+LivePhoto.swift /Users/admin/builder/spi-builder-workspace/Sources/KadrPhotos/PhotosClipResolver+Metadata.swift (in target 'KadrPhotos' from project 'KadrPhotos')
SwiftCompile normal arm64 /Users/admin/builder/spi-builder-workspace/Sources/KadrPhotos/PhotosClipResolver+LivePhoto.swift (in target 'KadrPhotos' from project 'KadrPhotos')
cd /Users/admin/builder/spi-builder-workspace/.swiftpm/xcode
builtin-SwiftPerFileCompile PhotosClipResolver+LivePhoto.swift
SwiftCompile normal arm64 /Users/admin/builder/spi-builder-workspace/Sources/KadrPhotos/PhotosClipResolver+Metadata.swift (in target 'KadrPhotos' from project 'KadrPhotos')
cd /Users/admin/builder/spi-builder-workspace/.swiftpm/xcode
builtin-SwiftPerFileCompile PhotosClipResolver+Metadata.swift
SwiftEmitModule normal arm64 Emitting\ module\ for\ Kadr (in target 'Kadr' from project 'Kadr')
SwiftCompile normal arm64 (in target 'Kadr' from project 'Kadr')
cd /Users/admin/builder/spi-builder-workspace/.swiftpm/xcode
PruneExplicitPrecompiledModules /Users/admin/builder/spi-builder-workspace/.derivedData/SDKExplicitPrecompiledModules
PruneExplicitPrecompiledModules /Users/admin/builder/spi-builder-workspace/.derivedData/Build/Intermediates.noindex/SwiftExplicitPrecompiledModules
PruneExplicitPrecompiledModules /Users/admin/builder/spi-builder-workspace/.derivedData/Build/Intermediates.noindex/ExplicitPrecompiledModules
2026-09-27 09:16:30.116 xcodebuild[807:4926] [MT] IDERunDestination: Supported platforms for the buildables in the current scheme is empty.
** BUILD FAILED **
The following build commands failed:
SwiftEmitModule normal arm64 Emitting\ module\ for\ KadrPhotos (in target 'KadrPhotos' from project 'KadrPhotos')
SwiftCompile normal arm64 (in target 'KadrPhotos' from project 'KadrPhotos')
Building workspace KadrPhotos with scheme KadrPhotos
(3 failures)
BUILD FAILURE 6.4 tvOS