The Swift Package Index logo.Swift Package Index

Build Information

Failed to build LevelPlay-Vungle-Adapter-Swift-Package, reference 5.16.0 (ed47d2), with Swift 6.4 for watchOS using Xcode 27.0 on 4 Oct 2026 00:22:30 UTC.

Build Command

env DEVELOPER_DIR=/Applications/Xcode-27.0.0-Release.Candidate.app xcrun xcodebuild -IDEClonedSourcePackagesDirPathOverride=$PWD/.dependencies -skipMacroValidation -skipPackagePluginValidation -derivedDataPath $PWD/.derivedData build -scheme LevelPlay-Vungle-Adapter-Swift-Package -destination generic/platform=watchOS

Build Log

========================================
RunAll
========================================
Builder version: 5.1.1
Interrupt handler set up.
========================================
Checkout
========================================
Clone URL: https://github.com/ironsource-mobile/LevelPlay-Vungle-Adapter-Swift-Package.git
Reference: 5.16.0
Initialized empty Git repository in /Users/admin/builder/spi-builder-workspace/.git/
From https://github.com/ironsource-mobile/LevelPlay-Vungle-Adapter-Swift-Package
 * tag               5.16.0     -> FETCH_HEAD
HEAD is now at ed47d20 Release 5.16.0 - SDK 7.7.8 (#1)
Cloned https://github.com/ironsource-mobile/LevelPlay-Vungle-Adapter-Swift-Package.git
Revision (git rev-parse @):
ed47d20aab244785ef4ea3df66cd8254ac7ddcb5
SUCCESS checkout https://github.com/ironsource-mobile/LevelPlay-Vungle-Adapter-Swift-Package.git at 5.16.0
========================================
Build
========================================
Selected platform:         watchOS
Swift version:             6.4
Building package at path:  $PWD
https://github.com/ironsource-mobile/LevelPlay-Vungle-Adapter-Swift-Package.git
Command line invocation:
    /Applications/Xcode-27.0.0-Release.Candidate.app/Contents/Developer/usr/bin/xcodebuild -IDEClonedSourcePackagesDirPathOverride=/Users/admin/builder/spi-builder-workspace/.dependencies -resolvePackageDependencies
Resolve Package Graph
Fetching from https://github.com/ironsource-mobile/LevelPlay-Swift-Package
Fetching from https://github.com/Vungle/VungleAdsSDK-SwiftPackageManager
Fetching from https://github.com/ironsource-mobile/Unity-Ad-Quality-Swift-Package
Creating working copy of package ‘Unity-Ad-Quality-Swift-Package’
Checking out 9.10.0 of package ‘Unity-Ad-Quality-Swift-Package’
Creating working copy of package ‘VungleAdsSDK-SwiftPackageManager’
Checking out 7.7.8 of package ‘VungleAdsSDK-SwiftPackageManager’
Creating working copy of package ‘LevelPlay-Swift-Package’
Checking out 9.6.1 of package ‘LevelPlay-Swift-Package’
Resolve Package Graph
Resolved source packages:
  LevelPlay-Swift-Package: https://github.com/ironsource-mobile/LevelPlay-Swift-Package @ 9.6.1
  VungleAdsSDK: https://github.com/Vungle/VungleAdsSDK-SwiftPackageManager @ 7.7.8
  LevelPlay-Vungle-Adapter-Swift-Package: /Users/admin/builder/spi-builder-workspace
  Unity-Ad-Quality-Swift-Package: https://github.com/ironsource-mobile/Unity-Ad-Quality-Swift-Package @ 9.10.0
resolved source packages: LevelPlay-Swift-Package, VungleAdsSDK, LevelPlay-Vungle-Adapter-Swift-Package, Unity-Ad-Quality-Swift-Package
2026-10-03 20:21:50.423 xcodebuild[529:3031] [MT] IDERunDestination: Supported platforms for the buildables in the current scheme is empty.
{
  "dependencies" : [
    {
      "identity" : "vungleadssdk-swiftpackagemanager",
      "requirement" : {
        "exact" : [
          "7.7.8"
        ]
      },
      "type" : "sourceControl",
      "url" : "https://github.com/Vungle/VungleAdsSDK-SwiftPackageManager"
    },
    {
      "identity" : "levelplay-swift-package",
      "requirement" : {
        "range" : [
          {
            "lower_bound" : "9.2.0",
            "upper_bound" : "10.0.0"
          }
        ]
      },
      "type" : "sourceControl",
      "url" : "https://github.com/ironsource-mobile/LevelPlay-Swift-Package"
    }
  ],
  "manifest_display_name" : "LevelPlay-Vungle-Adapter-Swift-Package",
  "name" : "LevelPlay-Vungle-Adapter-Swift-Package",
  "path" : "/Users/admin/builder/spi-builder-workspace",
  "platforms" : [
    {
      "name" : "ios",
      "version" : "12.0"
    }
  ],
  "products" : [
    {
      "name" : "VungleAdapter",
      "targets" : [
        "VungleAdapter"
      ],
      "type" : {
        "library" : [
          "automatic"
        ]
      }
    }
  ],
  "targets" : [
    {
      "c99name" : "VungleAdapterSDK",
      "module_type" : "BinaryTarget",
      "name" : "VungleAdapterSDK",
      "path" : "remote/archive/ISVungleAdapter5.16.0.zip",
      "product_memberships" : [
        "VungleAdapter"
      ],
      "sources" : [
      ],
      "type" : "binary"
    },
    {
      "c99name" : "VungleAdapter",
      "module_type" : "SwiftTarget",
      "name" : "VungleAdapter",
      "path" : "Sources/VungleAdapter",
      "product_dependencies" : [
        "VungleAdsSDK",
        "UnityMediationSDK"
      ],
      "product_memberships" : [
        "VungleAdapter"
      ],
      "sources" : [
        "VungleAdapter.swift"
      ],
      "target_dependencies" : [
        "VungleAdapterSDK"
      ],
      "type" : "library"
    }
  ],
  "tools_version" : "6.0"
}
{
  "workspace" : {
    "name" : "LevelPlay-Vungle-Adapter-Swift-Package",
    "schemes" : [
      "LevelPlay-Vungle-Adapter-Swift-Package"
    ]
  }
}
2026-10-03 20:22:22.533 xcodebuild[806:4598] [MT] IDERunDestination: Supported platforms for the buildables in the current scheme is empty.
Running build ...
env DEVELOPER_DIR=/Applications/Xcode-27.0.0-Release.Candidate.app xcrun xcodebuild -IDEClonedSourcePackagesDirPathOverride=$PWD/.dependencies -skipMacroValidation -skipPackagePluginValidation -derivedDataPath $PWD/.derivedData build -scheme LevelPlay-Vungle-Adapter-Swift-Package -destination generic/platform=watchOS
Command line invocation:
    /Applications/Xcode-27.0.0-Release.Candidate.app/Contents/Developer/usr/bin/xcodebuild -IDEClonedSourcePackagesDirPathOverride=/Users/admin/builder/spi-builder-workspace/.dependencies -skipMacroValidation -skipPackagePluginValidation -derivedDataPath /Users/admin/builder/spi-builder-workspace/.derivedData build -scheme LevelPlay-Vungle-Adapter-Swift-Package -destination generic/platform=watchOS
Resolve Package Graph
Resolve Package Graph
Resolved source packages:
  LevelPlay-Vungle-Adapter-Swift-Package: /Users/admin/builder/spi-builder-workspace
  VungleAdsSDK: https://github.com/Vungle/VungleAdsSDK-SwiftPackageManager @ 7.7.8
  Unity-Ad-Quality-Swift-Package: https://github.com/ironsource-mobile/Unity-Ad-Quality-Swift-Package @ 9.10.0
  LevelPlay-Swift-Package: https://github.com/ironsource-mobile/LevelPlay-Swift-Package @ 9.6.1
ComputePackagePrebuildTargetDependencyGraph
Prepare packages
CreateBuildRequest
SendProjectDescription
CreateBuildOperation
ComputeTargetDependencyGraph
note: Building targets in dependency order
note: Target dependency graph (6 targets)
    Target 'VungleAdapter-product' in project 'LevelPlay-Vungle-Adapter-Swift-Package'
        ➜ Explicit dependency on target 'VungleAdapter' in project 'LevelPlay-Vungle-Adapter-Swift-Package'
        ➜ Explicit dependency on target 'VungleAdsSDK-product' in project 'VungleAdsSDK'
        ➜ Explicit dependency on target 'UnityMediationSDK-product' in project 'LevelPlay-Swift-Package'
    Target 'VungleAdapter' in project 'LevelPlay-Vungle-Adapter-Swift-Package'
        ➜ Explicit dependency on target 'VungleAdsSDK-product' in project 'VungleAdsSDK'
        ➜ Explicit dependency on target 'UnityMediationSDK-product' in project 'LevelPlay-Swift-Package'
    Target 'UnityMediationSDK-product' in project 'LevelPlay-Swift-Package'
        ➜ Explicit dependency on target 'LPSPM' in project 'LevelPlay-Swift-Package'
        ➜ Explicit dependency on target 'AdQuality-product' in project 'Unity-Ad-Quality-Swift-Package'
    Target 'LPSPM' in project 'LevelPlay-Swift-Package'
        ➜ Explicit dependency on target 'AdQuality-product' in project 'Unity-Ad-Quality-Swift-Package'
    Target 'AdQuality-product' in project 'Unity-Ad-Quality-Swift-Package' (no dependencies)
    Target 'VungleAdsSDK-product' in project 'VungleAdsSDK' (no dependencies)
GatherProvisioningInputs
CreateBuildDescription
ExecuteExternalTool /Applications/Xcode-27.0.0-Release.Candidate.app/Contents/Developer/Toolchains/XcodeDefault.xctoolchain/usr/bin/clang -v -E -dM -isysroot /Applications/Xcode-27.0.0-Release.Candidate.app/Contents/Developer/Platforms/WatchOS.platform/Developer/SDKs/WatchOS27.0.sdk -x c -c /dev/null
ExecuteExternalTool /Applications/Xcode-27.0.0-Release.Candidate.app/Contents/Developer/Toolchains/XcodeDefault.xctoolchain/usr/bin/swiftc --version
ExecuteExternalTool /Applications/Xcode-27.0.0-Release.Candidate.app/Contents/Developer/Toolchains/XcodeDefault.xctoolchain/usr/bin/ld -version_details
Build description signature: 971a1ff3eecc9b6d088be61d2e8807af
Build description path: /Users/admin/builder/spi-builder-workspace/.derivedData/Build/Intermediates.noindex/XCBuildData/971a1ff3eecc9b6d088be61d2e8807af.xcbuilddata
/Users/admin/builder/spi-builder-workspace/.dependencies/artifacts/vungleadssdk-swiftpackagemanager/VungleAdsSDK/VungleAdsSDK.xcframework:1:1: error: While building for watchOS, no library for this platform was found in '/Users/admin/builder/spi-builder-workspace/.dependencies/artifacts/vungleadssdk-swiftpackagemanager/VungleAdsSDK/VungleAdsSDK.xcframework'. (in target 'VungleAdsSDK-product' from project 'VungleAdsSDK')
/Users/admin/builder/spi-builder-workspace/.dependencies/artifacts/levelplay-swift-package/IronSourceSDK/IronSource.xcframework:1:1: error: While building for watchOS, no library for this platform was found in '/Users/admin/builder/spi-builder-workspace/.dependencies/artifacts/levelplay-swift-package/IronSourceSDK/IronSource.xcframework'. (in target 'UnityMediationSDK-product' from project 'LevelPlay-Swift-Package')
/Users/admin/builder/spi-builder-workspace/.dependencies/artifacts/unity-ad-quality-swift-package/AdQuality/IronSourceAdQualitySDK.xcframework:1:1: error: While building for watchOS, no library for this platform was found in '/Users/admin/builder/spi-builder-workspace/.dependencies/artifacts/unity-ad-quality-swift-package/AdQuality/IronSourceAdQualitySDK.xcframework'. (in target 'UnityMediationSDK-product' from project 'LevelPlay-Swift-Package')
/Users/admin/builder/spi-builder-workspace/.dependencies/artifacts/unity-ad-quality-swift-package/AdQuality/IronSourceAdQualitySDK.xcframework:1:1: error: While building for watchOS, no library for this platform was found in '/Users/admin/builder/spi-builder-workspace/.dependencies/artifacts/unity-ad-quality-swift-package/AdQuality/IronSourceAdQualitySDK.xcframework'. (in target 'UnityMediationSDK-product' from project 'LevelPlay-Swift-Package')
/Users/admin/builder/spi-builder-workspace/.dependencies/artifacts/unity-ad-quality-swift-package/AdQuality/IronSourceAdQualitySDK.xcframework:1:1: error: While building for watchOS, no library for this platform was found in '/Users/admin/builder/spi-builder-workspace/.dependencies/artifacts/unity-ad-quality-swift-package/AdQuality/IronSourceAdQualitySDK.xcframework'. (in target 'AdQuality-product' from project 'Unity-Ad-Quality-Swift-Package')
/Users/admin/builder/spi-builder-workspace/.dependencies/artifacts/levelplay-swift-package/IronSourceSDK/IronSource.xcframework:1:1: error: While building for watchOS, no library for this platform was found in '/Users/admin/builder/spi-builder-workspace/.dependencies/artifacts/levelplay-swift-package/IronSourceSDK/IronSource.xcframework'. (in target 'LPSPM' from project 'LevelPlay-Swift-Package')
/Users/admin/builder/spi-builder-workspace/.dependencies/artifacts/unity-ad-quality-swift-package/AdQuality/IronSourceAdQualitySDK.xcframework:1:1: error: While building for watchOS, no library for this platform was found in '/Users/admin/builder/spi-builder-workspace/.dependencies/artifacts/unity-ad-quality-swift-package/AdQuality/IronSourceAdQualitySDK.xcframework'. (in target 'LPSPM' from project 'LevelPlay-Swift-Package')
/Users/admin/builder/spi-builder-workspace/.dependencies/artifacts/spi-builder-workspace/VungleAdapterSDK/ISVungleAdapter.xcframework:1:1: error: While building for watchOS, no library for this platform was found in '/Users/admin/builder/spi-builder-workspace/.dependencies/artifacts/spi-builder-workspace/VungleAdapterSDK/ISVungleAdapter.xcframework'. (in target 'VungleAdapter-product' from project 'LevelPlay-Vungle-Adapter-Swift-Package')
/Users/admin/builder/spi-builder-workspace/.dependencies/artifacts/vungleadssdk-swiftpackagemanager/VungleAdsSDK/VungleAdsSDK.xcframework:1:1: error: While building for watchOS, no library for this platform was found in '/Users/admin/builder/spi-builder-workspace/.dependencies/artifacts/vungleadssdk-swiftpackagemanager/VungleAdsSDK/VungleAdsSDK.xcframework'. (in target 'VungleAdapter-product' from project 'LevelPlay-Vungle-Adapter-Swift-Package')
/Users/admin/builder/spi-builder-workspace/.dependencies/artifacts/vungleadssdk-swiftpackagemanager/VungleAdsSDK/VungleAdsSDK.xcframework:1:1: error: While building for watchOS, no library for this platform was found in '/Users/admin/builder/spi-builder-workspace/.dependencies/artifacts/vungleadssdk-swiftpackagemanager/VungleAdsSDK/VungleAdsSDK.xcframework'. (in target 'VungleAdapter-product' from project 'LevelPlay-Vungle-Adapter-Swift-Package')
/Users/admin/builder/spi-builder-workspace/.dependencies/artifacts/levelplay-swift-package/IronSourceSDK/IronSource.xcframework:1:1: error: While building for watchOS, no library for this platform was found in '/Users/admin/builder/spi-builder-workspace/.dependencies/artifacts/levelplay-swift-package/IronSourceSDK/IronSource.xcframework'. (in target 'VungleAdapter-product' from project 'LevelPlay-Vungle-Adapter-Swift-Package')
/Users/admin/builder/spi-builder-workspace/.dependencies/artifacts/unity-ad-quality-swift-package/AdQuality/IronSourceAdQualitySDK.xcframework:1:1: error: While building for watchOS, no library for this platform was found in '/Users/admin/builder/spi-builder-workspace/.dependencies/artifacts/unity-ad-quality-swift-package/AdQuality/IronSourceAdQualitySDK.xcframework'. (in target 'VungleAdapter-product' from project 'LevelPlay-Vungle-Adapter-Swift-Package')
/Users/admin/builder/spi-builder-workspace/.dependencies/artifacts/unity-ad-quality-swift-package/AdQuality/IronSourceAdQualitySDK.xcframework:1:1: error: While building for watchOS, no library for this platform was found in '/Users/admin/builder/spi-builder-workspace/.dependencies/artifacts/unity-ad-quality-swift-package/AdQuality/IronSourceAdQualitySDK.xcframework'. (in target 'VungleAdapter-product' from project 'LevelPlay-Vungle-Adapter-Swift-Package')
/Users/admin/builder/spi-builder-workspace/.dependencies/artifacts/spi-builder-workspace/VungleAdapterSDK/ISVungleAdapter.xcframework:1:1: error: While building for watchOS, no library for this platform was found in '/Users/admin/builder/spi-builder-workspace/.dependencies/artifacts/spi-builder-workspace/VungleAdapterSDK/ISVungleAdapter.xcframework'. (in target 'VungleAdapter' from project 'LevelPlay-Vungle-Adapter-Swift-Package')
/Users/admin/builder/spi-builder-workspace/.dependencies/artifacts/vungleadssdk-swiftpackagemanager/VungleAdsSDK/VungleAdsSDK.xcframework:1:1: error: While building for watchOS, no library for this platform was found in '/Users/admin/builder/spi-builder-workspace/.dependencies/artifacts/vungleadssdk-swiftpackagemanager/VungleAdsSDK/VungleAdsSDK.xcframework'. (in target 'VungleAdapter' from project 'LevelPlay-Vungle-Adapter-Swift-Package')
2026-10-03 20:22:25.639 xcodebuild[807:4643] [MT] IDERunDestination: Supported platforms for the buildables in the current scheme is empty.
** BUILD FAILED **
The following build commands failed:
	Building workspace LevelPlay-Vungle-Adapter-Swift-Package with scheme LevelPlay-Vungle-Adapter-Swift-Package
(1 failure)
Command line invocation:
    /Applications/Xcode-27.0.0-Release.Candidate.app/Contents/Developer/usr/bin/xcodebuild -IDEClonedSourcePackagesDirPathOverride=/Users/admin/builder/spi-builder-workspace/.dependencies -resolvePackageDependencies
Resolve Package Graph
Resolved source packages:
  LevelPlay-Vungle-Adapter-Swift-Package: /Users/admin/builder/spi-builder-workspace
  Unity-Ad-Quality-Swift-Package: https://github.com/ironsource-mobile/Unity-Ad-Quality-Swift-Package @ 9.10.0
  LevelPlay-Swift-Package: https://github.com/ironsource-mobile/LevelPlay-Swift-Package @ 9.6.1
  VungleAdsSDK: https://github.com/Vungle/VungleAdsSDK-SwiftPackageManager @ 7.7.8
resolved source packages: LevelPlay-Vungle-Adapter-Swift-Package, Unity-Ad-Quality-Swift-Package, LevelPlay-Swift-Package, VungleAdsSDK
2026-10-03 20:22:27.553 xcodebuild[845:4867] [MT] IDERunDestination: Supported platforms for the buildables in the current scheme is empty.
{
  "dependencies" : [
    {
      "identity" : "vungleadssdk-swiftpackagemanager",
      "requirement" : {
        "exact" : [
          "7.7.8"
        ]
      },
      "type" : "sourceControl",
      "url" : "https://github.com/Vungle/VungleAdsSDK-SwiftPackageManager"
    },
    {
      "identity" : "levelplay-swift-package",
      "requirement" : {
        "range" : [
          {
            "lower_bound" : "9.2.0",
            "upper_bound" : "10.0.0"
          }
        ]
      },
      "type" : "sourceControl",
      "url" : "https://github.com/ironsource-mobile/LevelPlay-Swift-Package"
    }
  ],
  "manifest_display_name" : "LevelPlay-Vungle-Adapter-Swift-Package",
  "name" : "LevelPlay-Vungle-Adapter-Swift-Package",
  "path" : "/Users/admin/builder/spi-builder-workspace",
  "platforms" : [
    {
      "name" : "ios",
      "version" : "12.0"
    }
  ],
  "products" : [
    {
      "name" : "VungleAdapter",
      "targets" : [
        "VungleAdapter"
      ],
      "type" : {
        "library" : [
          "automatic"
        ]
      }
    }
  ],
  "targets" : [
    {
      "c99name" : "VungleAdapterSDK",
      "module_type" : "BinaryTarget",
      "name" : "VungleAdapterSDK",
      "path" : "remote/archive/ISVungleAdapter5.16.0.zip",
      "product_memberships" : [
        "VungleAdapter"
      ],
      "sources" : [
      ],
      "type" : "binary"
    },
    {
      "c99name" : "VungleAdapter",
      "module_type" : "SwiftTarget",
      "name" : "VungleAdapter",
      "path" : "Sources/VungleAdapter",
      "product_dependencies" : [
        "VungleAdsSDK",
        "UnityMediationSDK"
      ],
      "product_memberships" : [
        "VungleAdapter"
      ],
      "sources" : [
        "VungleAdapter.swift"
      ],
      "target_dependencies" : [
        "VungleAdapterSDK"
      ],
      "type" : "library"
    }
  ],
  "tools_version" : "6.0"
}
{
  "workspace" : {
    "name" : "LevelPlay-Vungle-Adapter-Swift-Package",
    "schemes" : [
      "LevelPlay-Vungle-Adapter-Swift-Package"
    ]
  }
}
2026-10-03 20:22:28.825 xcodebuild[853:4934] [MT] IDERunDestination: Supported platforms for the buildables in the current scheme is empty.
Running build ...
env DEVELOPER_DIR=/Applications/Xcode-27.0.0-Release.Candidate.app xcrun xcodebuild -IDEClonedSourcePackagesDirPathOverride=$PWD/.dependencies -skipMacroValidation -skipPackagePluginValidation -derivedDataPath $PWD/.derivedData build -scheme LevelPlay-Vungle-Adapter-Swift-Package -destination generic/platform=watchOS
Command line invocation:
    /Applications/Xcode-27.0.0-Release.Candidate.app/Contents/Developer/usr/bin/xcodebuild -IDEClonedSourcePackagesDirPathOverride=/Users/admin/builder/spi-builder-workspace/.dependencies -skipMacroValidation -skipPackagePluginValidation -derivedDataPath /Users/admin/builder/spi-builder-workspace/.derivedData build -scheme LevelPlay-Vungle-Adapter-Swift-Package -destination generic/platform=watchOS
Resolve Package Graph
Resolved source packages:
  VungleAdsSDK: https://github.com/Vungle/VungleAdsSDK-SwiftPackageManager @ 7.7.8
  LevelPlay-Swift-Package: https://github.com/ironsource-mobile/LevelPlay-Swift-Package @ 9.6.1
  Unity-Ad-Quality-Swift-Package: https://github.com/ironsource-mobile/Unity-Ad-Quality-Swift-Package @ 9.10.0
  LevelPlay-Vungle-Adapter-Swift-Package: /Users/admin/builder/spi-builder-workspace
ComputePackagePrebuildTargetDependencyGraph
Prepare packages
CreateBuildRequest
SendProjectDescription
CreateBuildOperation
ComputeTargetDependencyGraph
note: Building targets in dependency order
note: Target dependency graph (6 targets)
    Target 'VungleAdapter-product' in project 'LevelPlay-Vungle-Adapter-Swift-Package'
        ➜ Explicit dependency on target 'VungleAdapter' in project 'LevelPlay-Vungle-Adapter-Swift-Package'
        ➜ Explicit dependency on target 'VungleAdsSDK-product' in project 'VungleAdsSDK'
        ➜ Explicit dependency on target 'UnityMediationSDK-product' in project 'LevelPlay-Swift-Package'
    Target 'VungleAdapter' in project 'LevelPlay-Vungle-Adapter-Swift-Package'
        ➜ Explicit dependency on target 'VungleAdsSDK-product' in project 'VungleAdsSDK'
        ➜ Explicit dependency on target 'UnityMediationSDK-product' in project 'LevelPlay-Swift-Package'
    Target 'UnityMediationSDK-product' in project 'LevelPlay-Swift-Package'
        ➜ Explicit dependency on target 'LPSPM' in project 'LevelPlay-Swift-Package'
        ➜ Explicit dependency on target 'AdQuality-product' in project 'Unity-Ad-Quality-Swift-Package'
    Target 'LPSPM' in project 'LevelPlay-Swift-Package'
        ➜ Explicit dependency on target 'AdQuality-product' in project 'Unity-Ad-Quality-Swift-Package'
    Target 'AdQuality-product' in project 'Unity-Ad-Quality-Swift-Package' (no dependencies)
    Target 'VungleAdsSDK-product' in project 'VungleAdsSDK' (no dependencies)
GatherProvisioningInputs
CreateBuildDescription
/Users/admin/builder/spi-builder-workspace/.dependencies/artifacts/vungleadssdk-swiftpackagemanager/VungleAdsSDK/VungleAdsSDK.xcframework:1:1: error: While building for watchOS, no library for this platform was found in '/Users/admin/builder/spi-builder-workspace/.dependencies/artifacts/vungleadssdk-swiftpackagemanager/VungleAdsSDK/VungleAdsSDK.xcframework'. (in target 'VungleAdsSDK-product' from project 'VungleAdsSDK')
/Users/admin/builder/spi-builder-workspace/.dependencies/artifacts/levelplay-swift-package/IronSourceSDK/IronSource.xcframework:1:1: error: While building for watchOS, no library for this platform was found in '/Users/admin/builder/spi-builder-workspace/.dependencies/artifacts/levelplay-swift-package/IronSourceSDK/IronSource.xcframework'. (in target 'UnityMediationSDK-product' from project 'LevelPlay-Swift-Package')
/Users/admin/builder/spi-builder-workspace/.dependencies/artifacts/unity-ad-quality-swift-package/AdQuality/IronSourceAdQualitySDK.xcframework:1:1: error: While building for watchOS, no library for this platform was found in '/Users/admin/builder/spi-builder-workspace/.dependencies/artifacts/unity-ad-quality-swift-package/AdQuality/IronSourceAdQualitySDK.xcframework'. (in target 'UnityMediationSDK-product' from project 'LevelPlay-Swift-Package')
/Users/admin/builder/spi-builder-workspace/.dependencies/artifacts/unity-ad-quality-swift-package/AdQuality/IronSourceAdQualitySDK.xcframework:1:1: error: While building for watchOS, no library for this platform was found in '/Users/admin/builder/spi-builder-workspace/.dependencies/artifacts/unity-ad-quality-swift-package/AdQuality/IronSourceAdQualitySDK.xcframework'. (in target 'UnityMediationSDK-product' from project 'LevelPlay-Swift-Package')
/Users/admin/builder/spi-builder-workspace/.dependencies/artifacts/unity-ad-quality-swift-package/AdQuality/IronSourceAdQualitySDK.xcframework:1:1: error: While building for watchOS, no library for this platform was found in '/Users/admin/builder/spi-builder-workspace/.dependencies/artifacts/unity-ad-quality-swift-package/AdQuality/IronSourceAdQualitySDK.xcframework'. (in target 'AdQuality-product' from project 'Unity-Ad-Quality-Swift-Package')
/Users/admin/builder/spi-builder-workspace/.dependencies/artifacts/spi-builder-workspace/VungleAdapterSDK/ISVungleAdapter.xcframework:1:1: error: While building for watchOS, no library for this platform was found in '/Users/admin/builder/spi-builder-workspace/.dependencies/artifacts/spi-builder-workspace/VungleAdapterSDK/ISVungleAdapter.xcframework'. (in target 'VungleAdapter' from project 'LevelPlay-Vungle-Adapter-Swift-Package')
/Users/admin/builder/spi-builder-workspace/.dependencies/artifacts/vungleadssdk-swiftpackagemanager/VungleAdsSDK/VungleAdsSDK.xcframework:1:1: error: While building for watchOS, no library for this platform was found in '/Users/admin/builder/spi-builder-workspace/.dependencies/artifacts/vungleadssdk-swiftpackagemanager/VungleAdsSDK/VungleAdsSDK.xcframework'. (in target 'VungleAdapter' from project 'LevelPlay-Vungle-Adapter-Swift-Package')
/Users/admin/builder/spi-builder-workspace/.dependencies/artifacts/levelplay-swift-package/IronSourceSDK/IronSource.xcframework:1:1: error: While building for watchOS, no library for this platform was found in '/Users/admin/builder/spi-builder-workspace/.dependencies/artifacts/levelplay-swift-package/IronSourceSDK/IronSource.xcframework'. (in target 'VungleAdapter-product' from project 'LevelPlay-Vungle-Adapter-Swift-Package')
/Users/admin/builder/spi-builder-workspace/.dependencies/artifacts/spi-builder-workspace/VungleAdapterSDK/ISVungleAdapter.xcframework:1:1: error: While building for watchOS, no library for this platform was found in '/Users/admin/builder/spi-builder-workspace/.dependencies/artifacts/spi-builder-workspace/VungleAdapterSDK/ISVungleAdapter.xcframework'. (in target 'VungleAdapter-product' from project 'LevelPlay-Vungle-Adapter-Swift-Package')
/Users/admin/builder/spi-builder-workspace/.dependencies/artifacts/unity-ad-quality-swift-package/AdQuality/IronSourceAdQualitySDK.xcframework:1:1: error: While building for watchOS, no library for this platform was found in '/Users/admin/builder/spi-builder-workspace/.dependencies/artifacts/unity-ad-quality-swift-package/AdQuality/IronSourceAdQualitySDK.xcframework'. (in target 'VungleAdapter-product' from project 'LevelPlay-Vungle-Adapter-Swift-Package')
/Users/admin/builder/spi-builder-workspace/.dependencies/artifacts/unity-ad-quality-swift-package/AdQuality/IronSourceAdQualitySDK.xcframework:1:1: error: While building for watchOS, no library for this platform was found in '/Users/admin/builder/spi-builder-workspace/.dependencies/artifacts/unity-ad-quality-swift-package/AdQuality/IronSourceAdQualitySDK.xcframework'. (in target 'VungleAdapter-product' from project 'LevelPlay-Vungle-Adapter-Swift-Package')
/Users/admin/builder/spi-builder-workspace/.dependencies/artifacts/vungleadssdk-swiftpackagemanager/VungleAdsSDK/VungleAdsSDK.xcframework:1:1: error: While building for watchOS, no library for this platform was found in '/Users/admin/builder/spi-builder-workspace/.dependencies/artifacts/vungleadssdk-swiftpackagemanager/VungleAdsSDK/VungleAdsSDK.xcframework'. (in target 'VungleAdapter-product' from project 'LevelPlay-Vungle-Adapter-Swift-Package')
/Users/admin/builder/spi-builder-workspace/.dependencies/artifacts/vungleadssdk-swiftpackagemanager/VungleAdsSDK/VungleAdsSDK.xcframework:1:1: error: While building for watchOS, no library for this platform was found in '/Users/admin/builder/spi-builder-workspace/.dependencies/artifacts/vungleadssdk-swiftpackagemanager/VungleAdsSDK/VungleAdsSDK.xcframework'. (in target 'VungleAdapter-product' from project 'LevelPlay-Vungle-Adapter-Swift-Package')
/Users/admin/builder/spi-builder-workspace/.dependencies/artifacts/levelplay-swift-package/IronSourceSDK/IronSource.xcframework:1:1: error: While building for watchOS, no library for this platform was found in '/Users/admin/builder/spi-builder-workspace/.dependencies/artifacts/levelplay-swift-package/IronSourceSDK/IronSource.xcframework'. (in target 'LPSPM' from project 'LevelPlay-Swift-Package')
/Users/admin/builder/spi-builder-workspace/.dependencies/artifacts/unity-ad-quality-swift-package/AdQuality/IronSourceAdQualitySDK.xcframework:1:1: error: While building for watchOS, no library for this platform was found in '/Users/admin/builder/spi-builder-workspace/.dependencies/artifacts/unity-ad-quality-swift-package/AdQuality/IronSourceAdQualitySDK.xcframework'. (in target 'LPSPM' from project 'LevelPlay-Swift-Package')
2026-10-03 20:22:29.836 xcodebuild[854:4962] [MT] IDERunDestination: Supported platforms for the buildables in the current scheme is empty.
** BUILD FAILED **
The following build commands failed:
	Building workspace LevelPlay-Vungle-Adapter-Swift-Package with scheme LevelPlay-Vungle-Adapter-Swift-Package
(1 failure)
BUILD FAILURE 6.4 watchOS