Build Information
Failed to build SwiftUIPHPicker, reference main (f91179), with Swift 6.4 for tvOS using Xcode 27.0 on 20 Sep 2026 11:51:21 UTC.
Build Command
env DEVELOPER_DIR=/Applications/Xcode-27.0.0-Release.Candidate.app xcrun xcodebuild -IDEClonedSourcePackagesDirPathOverride=$PWD/.dependencies -skipMacroValidation -skipPackagePluginValidation -derivedDataPath $PWD/.derivedData build -scheme SwiftUIPHPicker -destination generic/platform=tvOSBuild Log
========================================
RunAll
========================================
Builder version: 5.1.0
Interrupt handler set up.
========================================
Checkout
========================================
Clone URL: https://github.com/edonv/SwiftUIPHPicker.git
Reference: main
Initialized empty Git repository in /Users/admin/builder/spi-builder-workspace/.git/
From https://github.com/edonv/SwiftUIPHPicker
* branch main -> FETCH_HEAD
* [new branch] main -> origin/main
HEAD is now at f91179f Added empty privacy manifest
Cloned https://github.com/edonv/SwiftUIPHPicker.git
Revision (git rev-parse @):
f91179f7318805da94e096b87cc938d58aa30383
SPI manifest file found: $PWD/.spi.yml
SUCCESS checkout https://github.com/edonv/SwiftUIPHPicker.git at main
========================================
Build
========================================
Selected platform: tvOS
Swift version: 6.4
Building package at path: $PWD
https://github.com/edonv/SwiftUIPHPicker.git
Command line invocation:
/Applications/Xcode-27.0.0-Release.Candidate.app/Contents/Developer/usr/bin/xcodebuild -IDEClonedSourcePackagesDirPathOverride=/Users/admin/builder/spi-builder-workspace/.dependencies -resolvePackageDependencies
Resolve Package Graph
Resolve Package Graph
Resolved source packages:
SwiftUIPHPicker: /Users/admin/builder/spi-builder-workspace
resolved source packages: SwiftUIPHPicker
2026-09-20 07:50:23.442 xcodebuild[524:3002] [MT] IDERunDestination: Supported platforms for the buildables in the current scheme is empty.
2026-09-20 07:50:23.591 xcodebuild[524:3002] [MT] IDERunDestination: Supported platforms for the buildables in the current scheme is empty.
2026-09-20 07:50:25.198 xcodebuild[524:3002] [MT] IDERunDestination: Supported platforms for the buildables in the current scheme is empty.
{
"dependencies" : [
],
"manifest_display_name" : "SwiftUIPHPicker",
"name" : "SwiftUIPHPicker",
"path" : "/Users/admin/builder/spi-builder-workspace",
"platforms" : [
{
"name" : "ios",
"version" : "14.0"
},
{
"name" : "macos",
"version" : "13.0"
},
{
"name" : "maccatalyst",
"version" : "14.0"
}
],
"products" : [
{
"name" : "SwiftUIPHPicker",
"targets" : [
"SwiftUIPHPicker"
],
"type" : {
"library" : [
"automatic"
]
}
}
],
"targets" : [
{
"c99name" : "SwiftUIPHPickerTests",
"module_type" : "SwiftTarget",
"name" : "SwiftUIPHPickerTests",
"path" : "Tests/SwiftUIPHPickerTests",
"sources" : [
"SwiftUIPHPickerTests.swift"
],
"target_dependencies" : [
"SwiftUIPHPicker"
],
"type" : "test"
},
{
"c99name" : "SwiftUIPHPicker",
"module_type" : "SwiftTarget",
"name" : "SwiftUIPHPicker",
"path" : "Sources/SwiftUIPHPicker",
"product_memberships" : [
"SwiftUIPHPicker"
],
"sources" : [
"FileManager+Extensions.swift",
"NSItemProvider+Extensions.swift",
"PHImage.swift",
"PHPicker+EnvironmentValues.swift",
"PHPicker+PresentationModifier.swift",
"PHPicker.swift",
"PHSelectedObject.swift"
],
"type" : "library"
}
],
"tools_version" : "5.7"
}
{
"workspace" : {
"name" : "SwiftUIPHPicker",
"schemes" : [
"SwiftUIPHPicker"
]
}
}
2026-09-20 07:51:10.079 xcodebuild[622:3888] [MT] IDERunDestination: Supported platforms for the buildables in the current scheme is empty.
2026-09-20 07:51:10.220 xcodebuild[622:3888] [MT] IDERunDestination: Supported platforms for the buildables in the current scheme is empty.
Running build ...
env DEVELOPER_DIR=/Applications/Xcode-27.0.0-Release.Candidate.app xcrun xcodebuild -IDEClonedSourcePackagesDirPathOverride=$PWD/.dependencies -skipMacroValidation -skipPackagePluginValidation -derivedDataPath $PWD/.derivedData build -scheme SwiftUIPHPicker -destination generic/platform=tvOS
Command line invocation:
/Applications/Xcode-27.0.0-Release.Candidate.app/Contents/Developer/usr/bin/xcodebuild -IDEClonedSourcePackagesDirPathOverride=/Users/admin/builder/spi-builder-workspace/.dependencies -skipMacroValidation -skipPackagePluginValidation -derivedDataPath /Users/admin/builder/spi-builder-workspace/.derivedData build -scheme SwiftUIPHPicker -destination generic/platform=tvOS
Resolve Package Graph
Resolved source packages:
SwiftUIPHPicker: /Users/admin/builder/spi-builder-workspace
ComputePackagePrebuildTargetDependencyGraph
Prepare packages
CreateBuildRequest
SendProjectDescription
CreateBuildOperation
ComputeTargetDependencyGraph
note: Building targets in dependency order
note: Target dependency graph (3 targets)
Target 'SwiftUIPHPickerTests-product' in project 'SwiftUIPHPicker'
➜ Explicit dependency on target 'SwiftUIPHPicker' in project 'SwiftUIPHPicker'
Target 'SwiftUIPHPicker-product' in project 'SwiftUIPHPicker'
➜ Explicit dependency on target 'SwiftUIPHPicker' in project 'SwiftUIPHPicker'
Target 'SwiftUIPHPicker' in project 'SwiftUIPHPicker' (no dependencies)
GatherProvisioningInputs
CreateBuildDescription
ExecuteExternalTool /Applications/Xcode-27.0.0-Release.Candidate.app/Contents/Developer/Toolchains/XcodeDefault.xctoolchain/usr/bin/clang -v -E -dM -isysroot /Applications/Xcode-27.0.0-Release.Candidate.app/Contents/Developer/Platforms/AppleTVOS.platform/Developer/SDKs/AppleTVOS27.0.sdk -x c -c /dev/null
ExecuteExternalTool /Applications/Xcode-27.0.0-Release.Candidate.app/Contents/Developer/Toolchains/XcodeDefault.xctoolchain/usr/bin/swiftc --version
ExecuteExternalTool /Applications/Xcode-27.0.0-Release.Candidate.app/Contents/Developer/Toolchains/XcodeDefault.xctoolchain/usr/bin/ld -version_details
Build description signature: bccf8e4499014ddacfd51f8a4b99776a
Build description path: /Users/admin/builder/spi-builder-workspace/.derivedData/Build/Intermediates.noindex/XCBuildData/bccf8e4499014ddacfd51f8a4b99776a.xcbuilddata
CreateBuildDirectory /Users/admin/builder/spi-builder-workspace/.derivedData/SDKExplicitPrecompiledModules
cd /Users/admin/builder/spi-builder-workspace/.swiftpm/xcode
builtin-create-build-directory /Users/admin/builder/spi-builder-workspace/.derivedData/SDKExplicitPrecompiledModules
CreateBuildDirectory /Users/admin/builder/spi-builder-workspace/.derivedData/ModuleCache.noindex
cd /Users/admin/builder/spi-builder-workspace/.swiftpm/xcode
builtin-create-build-directory /Users/admin/builder/spi-builder-workspace/.derivedData/ModuleCache.noindex
CreateBuildDirectory /Users/admin/builder/spi-builder-workspace/.derivedData/CompilationCache.noindex
cd /Users/admin/builder/spi-builder-workspace/.swiftpm/xcode
builtin-create-build-directory /Users/admin/builder/spi-builder-workspace/.derivedData/CompilationCache.noindex
CreateBuildDirectory /Users/admin/builder/spi-builder-workspace/.derivedData/Build/Intermediates.noindex
cd /Users/admin/builder/spi-builder-workspace/.swiftpm/xcode
builtin-create-build-directory /Users/admin/builder/spi-builder-workspace/.derivedData/Build/Intermediates.noindex
CreateBuildDirectory /Users/admin/builder/spi-builder-workspace/.derivedData/Build/Products
cd /Users/admin/builder/spi-builder-workspace/.swiftpm/xcode
builtin-create-build-directory /Users/admin/builder/spi-builder-workspace/.derivedData/Build/Products
ClangStatCache /Applications/Xcode-27.0.0-Release.Candidate.app/Contents/Developer/Toolchains/XcodeDefault.xctoolchain/usr/bin/clang-stat-cache /Applications/Xcode-27.0.0-Release.Candidate.app/Contents/Developer/Platforms/AppleTVOS.platform/Developer/SDKs/AppleTVOS27.0.sdk /Users/admin/builder/spi-builder-workspace/.derivedData/SDKStatCaches.noindex/appletvos27.0-24J360-e829b21a6f8c9b70876ba0858053c044b32bfd8d43560033f8d89884cdb90028.sdkstatcache
cd /Users/admin/builder/spi-builder-workspace/.swiftpm/xcode
/Applications/Xcode-27.0.0-Release.Candidate.app/Contents/Developer/Toolchains/XcodeDefault.xctoolchain/usr/bin/clang-stat-cache /Applications/Xcode-27.0.0-Release.Candidate.app/Contents/Developer/Platforms/AppleTVOS.platform/Developer/SDKs/AppleTVOS27.0.sdk -o /Users/admin/builder/spi-builder-workspace/.derivedData/SDKStatCaches.noindex/appletvos27.0-24J360-e829b21a6f8c9b70876ba0858053c044b32bfd8d43560033f8d89884cdb90028.sdkstatcache
CreateBuildDirectory /Users/admin/builder/spi-builder-workspace/.derivedData/Build/Intermediates.noindex/SwiftExplicitPrecompiledModules
cd /Users/admin/builder/spi-builder-workspace/.swiftpm/xcode
builtin-create-build-directory /Users/admin/builder/spi-builder-workspace/.derivedData/Build/Intermediates.noindex/SwiftExplicitPrecompiledModules
CreateBuildDirectory /Users/admin/builder/spi-builder-workspace/.derivedData/Build/Intermediates.noindex/PrecompiledHeaders
cd /Users/admin/builder/spi-builder-workspace/.swiftpm/xcode
builtin-create-build-directory /Users/admin/builder/spi-builder-workspace/.derivedData/Build/Intermediates.noindex/PrecompiledHeaders
CreateBuildDirectory /Users/admin/builder/spi-builder-workspace/.derivedData/Build/Intermediates.noindex/ExplicitPrecompiledModules
cd /Users/admin/builder/spi-builder-workspace/.swiftpm/xcode
builtin-create-build-directory /Users/admin/builder/spi-builder-workspace/.derivedData/Build/Intermediates.noindex/ExplicitPrecompiledModules
CreateBuildDirectory /Users/admin/builder/spi-builder-workspace/.derivedData/Build/Products/Debug-appletvos
cd /Users/admin/builder/spi-builder-workspace/.swiftpm/xcode
builtin-create-build-directory /Users/admin/builder/spi-builder-workspace/.derivedData/Build/Products/Debug-appletvos
CreateBuildDirectory /Users/admin/builder/spi-builder-workspace/.derivedData/Build/Intermediates.noindex/EagerLinkingTBDs/Debug-appletvos
cd /Users/admin/builder/spi-builder-workspace/.swiftpm/xcode
builtin-create-build-directory /Users/admin/builder/spi-builder-workspace/.derivedData/Build/Intermediates.noindex/EagerLinkingTBDs/Debug-appletvos
CreateBuildDirectory /Users/admin/builder/spi-builder-workspace/.derivedData/Build/Products/Debug-appletvos/PackageFrameworks
cd /Users/admin/builder/spi-builder-workspace/.swiftpm/xcode
builtin-create-build-directory /Users/admin/builder/spi-builder-workspace/.derivedData/Build/Products/Debug-appletvos/PackageFrameworks
WriteAuxiliaryFile /Users/admin/builder/spi-builder-workspace/.derivedData/Build/Intermediates.noindex/SwiftUIPHPicker.build/Debug-appletvos/SwiftUIPHPickerTests-p.build/SwiftUIPHPickerTests.DependencyMetadataFileList (in target 'SwiftUIPHPickerTests-product' from project 'SwiftUIPHPicker')
cd /Users/admin/builder/spi-builder-workspace
write-file /Users/admin/builder/spi-builder-workspace/.derivedData/Build/Intermediates.noindex/SwiftUIPHPicker.build/Debug-appletvos/SwiftUIPHPickerTests-p.build/SwiftUIPHPickerTests.DependencyMetadataFileList
WriteAuxiliaryFile /Users/admin/builder/spi-builder-workspace/.derivedData/Build/Intermediates.noindex/SwiftUIPHPicker.build/Debug-appletvos/SwiftUIPHPicker-t.build/SwiftUIPHPicker.DependencyStaticMetadataFileList (in target 'SwiftUIPHPicker' from project 'SwiftUIPHPicker')
cd /Users/admin/builder/spi-builder-workspace
write-file /Users/admin/builder/spi-builder-workspace/.derivedData/Build/Intermediates.noindex/SwiftUIPHPicker.build/Debug-appletvos/SwiftUIPHPicker-t.build/SwiftUIPHPicker.DependencyStaticMetadataFileList
WriteAuxiliaryFile /Users/admin/builder/spi-builder-workspace/.derivedData/Build/Intermediates.noindex/SwiftUIPHPicker.build/Debug-appletvos/SwiftUIPHPickerTests-p.build/empty-SwiftUIPHPickerTests.plist (in target 'SwiftUIPHPickerTests-product' from project 'SwiftUIPHPicker')
cd /Users/admin/builder/spi-builder-workspace
write-file /Users/admin/builder/spi-builder-workspace/.derivedData/Build/Intermediates.noindex/SwiftUIPHPicker.build/Debug-appletvos/SwiftUIPHPickerTests-p.build/empty-SwiftUIPHPickerTests.plist
WriteAuxiliaryFile /Users/admin/builder/spi-builder-workspace/.derivedData/Build/Intermediates.noindex/SwiftUIPHPicker.build/Debug-appletvos/SwiftUIPHPicker-t.build/SwiftUIPHPicker.modulemap (in target 'SwiftUIPHPicker' from project 'SwiftUIPHPicker')
cd /Users/admin/builder/spi-builder-workspace
write-file /Users/admin/builder/spi-builder-workspace/.derivedData/Build/Intermediates.noindex/SwiftUIPHPicker.build/Debug-appletvos/SwiftUIPHPicker-t.build/SwiftUIPHPicker.modulemap
WriteAuxiliaryFile /Users/admin/builder/spi-builder-workspace/.derivedData/Build/Intermediates.noindex/SwiftUIPHPicker.build/Debug-appletvos/SwiftUIPHPickerTests-p.build/SwiftUIPHPickerTests.DependencyStaticMetadataFileList (in target 'SwiftUIPHPickerTests-product' from project 'SwiftUIPHPicker')
cd /Users/admin/builder/spi-builder-workspace
write-file /Users/admin/builder/spi-builder-workspace/.derivedData/Build/Intermediates.noindex/SwiftUIPHPicker.build/Debug-appletvos/SwiftUIPHPickerTests-p.build/SwiftUIPHPickerTests.DependencyStaticMetadataFileList
WriteAuxiliaryFile /Users/admin/builder/spi-builder-workspace/.derivedData/Build/Intermediates.noindex/SwiftUIPHPicker.build/Debug-appletvos/SwiftUIPHPickerTests-p.build/Objects-normal/arm64/SwiftUIPHPickerTests.SwiftFileList (in target 'SwiftUIPHPickerTests-product' from project 'SwiftUIPHPicker')
cd /Users/admin/builder/spi-builder-workspace
write-file /Users/admin/builder/spi-builder-workspace/.derivedData/Build/Intermediates.noindex/SwiftUIPHPicker.build/Debug-appletvos/SwiftUIPHPickerTests-p.build/Objects-normal/arm64/SwiftUIPHPickerTests.SwiftFileList
WriteAuxiliaryFile /Users/admin/builder/spi-builder-workspace/.derivedData/Build/Intermediates.noindex/SwiftUIPHPicker.build/Debug-appletvos/SwiftUIPHPicker-t.build/Objects-normal/arm64/SwiftUIPHPicker_const_extract_protocols.json (in target 'SwiftUIPHPicker' from project 'SwiftUIPHPicker')
cd /Users/admin/builder/spi-builder-workspace
write-file /Users/admin/builder/spi-builder-workspace/.derivedData/Build/Intermediates.noindex/SwiftUIPHPicker.build/Debug-appletvos/SwiftUIPHPicker-t.build/Objects-normal/arm64/SwiftUIPHPicker_const_extract_protocols.json
WriteAuxiliaryFile /Users/admin/builder/spi-builder-workspace/.derivedData/Build/Intermediates.noindex/SwiftUIPHPicker.build/Debug-appletvos/SwiftUIPHPickerTests-p.build/Objects-normal/arm64/SwiftUIPHPickerTests_const_extract_protocols.json (in target 'SwiftUIPHPickerTests-product' from project 'SwiftUIPHPicker')
cd /Users/admin/builder/spi-builder-workspace
write-file /Users/admin/builder/spi-builder-workspace/.derivedData/Build/Intermediates.noindex/SwiftUIPHPicker.build/Debug-appletvos/SwiftUIPHPickerTests-p.build/Objects-normal/arm64/SwiftUIPHPickerTests_const_extract_protocols.json
WriteAuxiliaryFile /Users/admin/builder/spi-builder-workspace/.derivedData/Build/Intermediates.noindex/SwiftUIPHPicker.build/Debug-appletvos/SwiftUIPHPickerTests-p.build/Objects-normal/arm64/SwiftUIPHPickerTests.SwiftConstValuesFileList (in target 'SwiftUIPHPickerTests-product' from project 'SwiftUIPHPicker')
cd /Users/admin/builder/spi-builder-workspace
write-file /Users/admin/builder/spi-builder-workspace/.derivedData/Build/Intermediates.noindex/SwiftUIPHPicker.build/Debug-appletvos/SwiftUIPHPickerTests-p.build/Objects-normal/arm64/SwiftUIPHPickerTests.SwiftConstValuesFileList
WriteAuxiliaryFile /Users/admin/builder/spi-builder-workspace/.derivedData/Build/Intermediates.noindex/SwiftUIPHPicker.build/Debug-appletvos/SwiftUIPHPickerTests-p.build/Objects-normal/arm64/SwiftUIPHPickerTests.LinkFileList (in target 'SwiftUIPHPickerTests-product' from project 'SwiftUIPHPicker')
cd /Users/admin/builder/spi-builder-workspace
write-file /Users/admin/builder/spi-builder-workspace/.derivedData/Build/Intermediates.noindex/SwiftUIPHPicker.build/Debug-appletvos/SwiftUIPHPickerTests-p.build/Objects-normal/arm64/SwiftUIPHPickerTests.LinkFileList
WriteAuxiliaryFile /Users/admin/builder/spi-builder-workspace/.derivedData/Build/Intermediates.noindex/SwiftUIPHPicker.build/Debug-appletvos/SwiftUIPHPickerTests-p.build/Objects-normal/arm64/SwiftUIPHPickerTests-OutputFileMap.json (in target 'SwiftUIPHPickerTests-product' from project 'SwiftUIPHPicker')
cd /Users/admin/builder/spi-builder-workspace
write-file /Users/admin/builder/spi-builder-workspace/.derivedData/Build/Intermediates.noindex/SwiftUIPHPicker.build/Debug-appletvos/SwiftUIPHPickerTests-p.build/Objects-normal/arm64/SwiftUIPHPickerTests-OutputFileMap.json
WriteAuxiliaryFile /Users/admin/builder/spi-builder-workspace/.derivedData/Build/Intermediates.noindex/SwiftUIPHPicker.build/Debug-appletvos/SwiftUIPHPicker-t.build/SwiftUIPHPicker.DependencyMetadataFileList (in target 'SwiftUIPHPicker' from project 'SwiftUIPHPicker')
cd /Users/admin/builder/spi-builder-workspace
write-file /Users/admin/builder/spi-builder-workspace/.derivedData/Build/Intermediates.noindex/SwiftUIPHPicker.build/Debug-appletvos/SwiftUIPHPicker-t.build/SwiftUIPHPicker.DependencyMetadataFileList
WriteAuxiliaryFile /Users/admin/builder/spi-builder-workspace/.derivedData/Build/Intermediates.noindex/SwiftUIPHPicker.build/Debug-appletvos/SwiftUIPHPicker-t.build/Objects-normal/arm64/SwiftUIPHPicker.SwiftFileList (in target 'SwiftUIPHPicker' from project 'SwiftUIPHPicker')
cd /Users/admin/builder/spi-builder-workspace
write-file /Users/admin/builder/spi-builder-workspace/.derivedData/Build/Intermediates.noindex/SwiftUIPHPicker.build/Debug-appletvos/SwiftUIPHPicker-t.build/Objects-normal/arm64/SwiftUIPHPicker.SwiftFileList
WriteAuxiliaryFile /Users/admin/builder/spi-builder-workspace/.derivedData/Build/Intermediates.noindex/SwiftUIPHPicker.build/Debug-appletvos/SwiftUIPHPicker-t.build/Objects-normal/arm64/SwiftUIPHPicker.SwiftConstValuesFileList (in target 'SwiftUIPHPicker' from project 'SwiftUIPHPicker')
cd /Users/admin/builder/spi-builder-workspace
write-file /Users/admin/builder/spi-builder-workspace/.derivedData/Build/Intermediates.noindex/SwiftUIPHPicker.build/Debug-appletvos/SwiftUIPHPicker-t.build/Objects-normal/arm64/SwiftUIPHPicker.SwiftConstValuesFileList
WriteAuxiliaryFile /Users/admin/builder/spi-builder-workspace/.derivedData/Build/Intermediates.noindex/SwiftUIPHPicker.build/Debug-appletvos/SwiftUIPHPicker-t.build/Objects-normal/arm64/SwiftUIPHPicker.LinkFileList (in target 'SwiftUIPHPicker' from project 'SwiftUIPHPicker')
cd /Users/admin/builder/spi-builder-workspace
write-file /Users/admin/builder/spi-builder-workspace/.derivedData/Build/Intermediates.noindex/SwiftUIPHPicker.build/Debug-appletvos/SwiftUIPHPicker-t.build/Objects-normal/arm64/SwiftUIPHPicker.LinkFileList
WriteAuxiliaryFile /Users/admin/builder/spi-builder-workspace/.derivedData/Build/Intermediates.noindex/SwiftUIPHPicker.build/Debug-appletvos/SwiftUIPHPicker-t.build/Objects-normal/arm64/SwiftUIPHPicker-OutputFileMap.json (in target 'SwiftUIPHPicker' from project 'SwiftUIPHPicker')
cd /Users/admin/builder/spi-builder-workspace
write-file /Users/admin/builder/spi-builder-workspace/.derivedData/Build/Intermediates.noindex/SwiftUIPHPicker.build/Debug-appletvos/SwiftUIPHPicker-t.build/Objects-normal/arm64/SwiftUIPHPicker-OutputFileMap.json
MkDir /Users/admin/builder/spi-builder-workspace/.derivedData/Build/Products/Debug-appletvos/SwiftUIPHPickerTests.xctest (in target 'SwiftUIPHPickerTests-product' from project 'SwiftUIPHPicker')
cd /Users/admin/builder/spi-builder-workspace
/bin/mkdir -p /Users/admin/builder/spi-builder-workspace/.derivedData/Build/Products/Debug-appletvos/SwiftUIPHPickerTests.xctest
Copy /Users/admin/builder/spi-builder-workspace/.derivedData/Build/Intermediates.noindex/GeneratedModuleMaps-appletvos/SwiftUIPHPicker.modulemap /Users/admin/builder/spi-builder-workspace/.derivedData/Build/Intermediates.noindex/SwiftUIPHPicker.build/Debug-appletvos/SwiftUIPHPicker-t.build/SwiftUIPHPicker.modulemap (in target 'SwiftUIPHPicker' from project 'SwiftUIPHPicker')
cd /Users/admin/builder/spi-builder-workspace
builtin-copy -exclude .DS_Store -exclude CVS -exclude .svn -exclude .git -exclude .hg -resolve-src-symlinks /Users/admin/builder/spi-builder-workspace/.derivedData/Build/Intermediates.noindex/SwiftUIPHPicker.build/Debug-appletvos/SwiftUIPHPicker-t.build/SwiftUIPHPicker.modulemap /Users/admin/builder/spi-builder-workspace/.derivedData/Build/Intermediates.noindex/GeneratedModuleMaps-appletvos
SwiftDriver SwiftUIPHPicker normal arm64 com.apple.xcode.tools.swift.compiler (in target 'SwiftUIPHPicker' from project 'SwiftUIPHPicker')
cd /Users/admin/builder/spi-builder-workspace/.swiftpm/xcode
builtin-SwiftDriver -- /Applications/Xcode-27.0.0-Release.Candidate.app/Contents/Developer/Toolchains/XcodeDefault.xctoolchain/usr/bin/swiftc -parse-as-library -module-name SwiftUIPHPicker -Onone @/Users/admin/builder/spi-builder-workspace/.derivedData/Build/Intermediates.noindex/SwiftUIPHPicker.build/Debug-appletvos/SwiftUIPHPicker-t.build/Objects-normal/arm64/SwiftUIPHPicker.SwiftFileList -DSWIFT_PACKAGE -DDEBUG -DSWIFT_MODULE_RESOURCE_BUNDLE_UNAVAILABLE -DXcode -plugin-path /Applications/Xcode-27.0.0-Release.Candidate.app/Contents/Developer/Toolchains/XcodeDefault.xctoolchain/usr/lib/swift/host/plugins/testing -enable-experimental-feature DebugDescriptionMacro -sdk /Applications/Xcode-27.0.0-Release.Candidate.app/Contents/Developer/Platforms/AppleTVOS.platform/Developer/SDKs/AppleTVOS27.0.sdk -target arm64-apple-tvos15.0 -g -module-cache-path /Users/admin/builder/spi-builder-workspace/.derivedData/ModuleCache.noindex -Xfrontend -serialize-debugging-options -profile-coverage-mapping -profile-generate -enable-testing -index-store-path /Users/admin/builder/spi-builder-workspace/.derivedData/Index.noindex/DataStore -Xcc -D_LIBCPP_HARDENING_MODE\=_LIBCPP_HARDENING_MODE_DEBUG -swift-version 5 -I /Users/admin/builder/spi-builder-workspace/.derivedData/Build/Products/Debug-appletvos -Isystem /Applications/Xcode-27.0.0-Release.Candidate.app/Contents/Developer/Platforms/AppleTVOS.platform/Developer/usr/lib -F /Users/admin/builder/spi-builder-workspace/.derivedData/Build/Products/Debug-appletvos -F /Applications/Xcode-27.0.0-Release.Candidate.app/Contents/Developer/Platforms/AppleTVOS.platform/Developer/Library/Frameworks -F /Applications/Xcode-27.0.0-Release.Candidate.app/Contents/Developer/Platforms/AppleTVOS.platform/Developer/SDKs/AppleTVOS27.0.sdk/Developer/Library/Frameworks -c -j10 -enable-batch-mode -incremental -Xcc -ivfsstatcache -Xcc /Users/admin/builder/spi-builder-workspace/.derivedData/SDKStatCaches.noindex/appletvos27.0-24J360-e829b21a6f8c9b70876ba0858053c044b32bfd8d43560033f8d89884cdb90028.sdkstatcache -output-file-map /Users/admin/builder/spi-builder-workspace/.derivedData/Build/Intermediates.noindex/SwiftUIPHPicker.build/Debug-appletvos/SwiftUIPHPicker-t.build/Objects-normal/arm64/SwiftUIPHPicker-OutputFileMap.json -save-temps -no-color-diagnostics -explicit-module-build -module-cache-path /Users/admin/builder/spi-builder-workspace/.derivedData/Build/Intermediates.noindex/SwiftExplicitPrecompiledModules -clang-scanner-module-cache-path /Users/admin/builder/spi-builder-workspace/.derivedData/ModuleCache.noindex -sdk-module-cache-path /Users/admin/builder/spi-builder-workspace/.derivedData/SDKExplicitPrecompiledModules -emit-dependencies -emit-module -emit-module-path /Users/admin/builder/spi-builder-workspace/.derivedData/Build/Intermediates.noindex/SwiftUIPHPicker.build/Debug-appletvos/SwiftUIPHPicker-t.build/Objects-normal/arm64/SwiftUIPHPicker.swiftmodule -serialize-diagnostics -dependency-scan-serialize-diagnostics-path /Users/admin/builder/spi-builder-workspace/.derivedData/Build/Intermediates.noindex/SwiftUIPHPicker.build/Debug-appletvos/SwiftUIPHPicker-t.build/Objects-normal/arm64/SwiftUIPHPicker-dependency-scan.dia -validate-clang-modules-once -clang-build-session-file /Users/admin/builder/spi-builder-workspace/.derivedData/ModuleCache.noindex/Session.modulevalidation -Xcc -fmodules-prune-interval\=86400 -Xcc -fmodules-prune-after\=345600 -emit-const-values -const-gather-protocols-list /Users/admin/builder/spi-builder-workspace/.derivedData/Build/Intermediates.noindex/SwiftUIPHPicker.build/Debug-appletvos/SwiftUIPHPicker-t.build/Objects-normal/arm64/SwiftUIPHPicker_const_extract_protocols.json -Xcc -I/Users/admin/builder/spi-builder-workspace/.derivedData/Build/Products/Debug-appletvos/include -Xcc -I/Users/admin/builder/spi-builder-workspace/.derivedData/Build/Intermediates.noindex/SwiftUIPHPicker.build/Debug-appletvos/SwiftUIPHPicker-t.build/DerivedSources-normal/arm64 -Xcc -I/Users/admin/builder/spi-builder-workspace/.derivedData/Build/Intermediates.noindex/SwiftUIPHPicker.build/Debug-appletvos/SwiftUIPHPicker-t.build/DerivedSources/arm64 -Xcc -I/Users/admin/builder/spi-builder-workspace/.derivedData/Build/Intermediates.noindex/SwiftUIPHPicker.build/Debug-appletvos/SwiftUIPHPicker-t.build/DerivedSources -Xcc -DSWIFT_PACKAGE -Xcc -DDEBUG\=1 -emit-objc-header -emit-objc-header-path /Users/admin/builder/spi-builder-workspace/.derivedData/Build/Intermediates.noindex/SwiftUIPHPicker.build/Debug-appletvos/SwiftUIPHPicker-t.build/Objects-normal/arm64/SwiftUIPHPicker-Swift.h -working-directory /Users/admin/builder/spi-builder-workspace/.swiftpm/xcode -experimental-emit-module-separately -disable-cmo
SwiftExplicitDependencyGeneratePcm arm64 /Users/admin/builder/spi-builder-workspace/.derivedData/SDKExplicitPrecompiledModules/_Builtin_stdbool-AHRDH5EKLY6D04C5E42F3VCQI.pcm
SwiftExplicitDependencyGeneratePcm arm64 /Users/admin/builder/spi-builder-workspace/.derivedData/SDKExplicitPrecompiledModules/_AvailabilityInternal-BV2EDDP0MI5QJDDPEEV4D9D3V.pcm
SwiftExplicitDependencyGeneratePcm arm64 /Users/admin/builder/spi-builder-workspace/.derivedData/SDKExplicitPrecompiledModules/_SwiftConcurrencyShims-BY5PD8KF1L5KF6F4Q69HE3TJ4.pcm
SwiftExplicitDependencyGeneratePcm arm64 /Users/admin/builder/spi-builder-workspace/.derivedData/SDKExplicitPrecompiledModules/DeveloperToolsSupport-B1X8RI63V48AJRTH2RK6JAARV.pcm
SwiftExplicitDependencyGeneratePcm arm64 /Users/admin/builder/spi-builder-workspace/.derivedData/SDKExplicitPrecompiledModules/_Builtin_float-8ZJAYZ85YBOAOP52Y9H6IUNP3.pcm
SwiftExplicitDependencyGeneratePcm arm64 /Users/admin/builder/spi-builder-workspace/.derivedData/SDKExplicitPrecompiledModules/ptrcheck-2AZ6B5IBYD3RRRTFWN2ONASY3.pcm
SwiftExplicitDependencyGeneratePcm arm64 /Users/admin/builder/spi-builder-workspace/.derivedData/SDKExplicitPrecompiledModules/_Builtin_stdarg-BO2OCAUYVAXDRVQWQ8ISKGNUQ.pcm
SwiftExplicitDependencyGeneratePcm arm64 /Users/admin/builder/spi-builder-workspace/.derivedData/SDKExplicitPrecompiledModules/SwiftShims-8N4EXJ4RUJTR8K9OO3CMOH1EP.pcm
SwiftExplicitDependencyGeneratePcm arm64 /Users/admin/builder/spi-builder-workspace/.derivedData/SDKExplicitPrecompiledModules/ptrauth-8X2KEPL7CTRPS40TUB9APHPK6.pcm
SwiftExplicitDependencyGeneratePcm arm64 /Users/admin/builder/spi-builder-workspace/.derivedData/SDKExplicitPrecompiledModules/_Builtin_stddef-9ZJZ6FDEZNKTZU8YLPMFT9RAQ.pcm
SwiftExplicitDependencyGeneratePcm arm64 /Users/admin/builder/spi-builder-workspace/.derivedData/SDKExplicitPrecompiledModules/_DarwinFoundation1-JOTYMOA1YZCIJ2NON6FQ848O.pcm
SwiftExplicitDependencyGeneratePcm arm64 /Users/admin/builder/spi-builder-workspace/.derivedData/SDKExplicitPrecompiledModules/ExtensionFoundation-6QFD7DEZ8B0V1CPXCTN45UZ81.pcm
SwiftExplicitDependencyGeneratePcm arm64 /Users/admin/builder/spi-builder-workspace/.derivedData/SDKExplicitPrecompiledModules/_Builtin_limits-7JU2HP127LIT1X9E2V3D8WZ1.pcm
SwiftExplicitDependencyGeneratePcm arm64 /Users/admin/builder/spi-builder-workspace/.derivedData/SDKExplicitPrecompiledModules/_DarwinFoundation2-AOGAN1O02NKXRJN5V73AV3V3M.pcm
SwiftExplicitDependencyGeneratePcm arm64 /Users/admin/builder/spi-builder-workspace/.derivedData/SDKExplicitPrecompiledModules/sys_types-8GCAV1YMG5UUGHUID3CA20TCH.pcm
SwiftExplicitDependencyGeneratePcm arm64 /Users/admin/builder/spi-builder-workspace/.derivedData/SDKExplicitPrecompiledModules/string_h-6EVHP7A717OUS5DMC78F79HWO.pcm
SwiftExplicitDependencyGeneratePcm arm64 /Users/admin/builder/spi-builder-workspace/.derivedData/SDKExplicitPrecompiledModules/_Builtin_stdint-6NFTB6IBKS143IVPGT1EKB7HO.pcm
SwiftExplicitDependencyGeneratePcm arm64 /Users/admin/builder/spi-builder-workspace/.derivedData/SDKExplicitPrecompiledModules/_Builtin_tgmath-7ULT1EUHDHW4OZPSTT33H6QGE.pcm
SwiftExplicitDependencyGeneratePcm arm64 /Users/admin/builder/spi-builder-workspace/.derivedData/SDKExplicitPrecompiledModules/_Builtin_intrinsics-437O2R2NID4WAQVENR63GR82C.pcm
SwiftExplicitDependencyGeneratePcm arm64 /Users/admin/builder/spi-builder-workspace/.derivedData/SDKExplicitPrecompiledModules/_DarwinFoundation3-8SR3855WDFHQPR6G9GHOI2C07.pcm
SwiftExplicitDependencyGeneratePcm arm64 /Users/admin/builder/spi-builder-workspace/.derivedData/SDKExplicitPrecompiledModules/_Builtin_stdatomic-3YXHN678NGYM3NL9POJ2HVEIF.pcm
SwiftExplicitDependencyGeneratePcm arm64 /Users/admin/builder/spi-builder-workspace/.derivedData/SDKExplicitPrecompiledModules/_Builtin_inttypes-6X1IQ3QK9KEVKXOK9Y79EW7J3.pcm
SwiftExplicitDependencyGeneratePcm arm64 /Users/admin/builder/spi-builder-workspace/.derivedData/SDKExplicitPrecompiledModules/Darwin-DBSQAVBBPC3D2OMU5ZI2RXMST.pcm
SwiftExplicitDependencyGeneratePcm arm64 /Users/admin/builder/spi-builder-workspace/.derivedData/SDKExplicitPrecompiledModules/simd-117QUXEUT3Z7UQCUYWV2UA228.pcm
SwiftExplicitDependencyGeneratePcm arm64 /Users/admin/builder/spi-builder-workspace/.derivedData/SDKExplicitPrecompiledModules/MachO-EH3F5PJCIZG05NO51CEFSZYPW.pcm
SwiftExplicitDependencyGeneratePcm arm64 /Users/admin/builder/spi-builder-workspace/.derivedData/SDKExplicitPrecompiledModules/ObjectiveC-5250FDCE56N8508OR6XUYDKZM.pcm
SwiftExplicitDependencyGeneratePcm arm64 /Users/admin/builder/spi-builder-workspace/.derivedData/SDKExplicitPrecompiledModules/os_object-E2DGZ0SX0TULQHULZRPO6OKNW.pcm
SwiftExplicitDependencyGeneratePcm arm64 /Users/admin/builder/spi-builder-workspace/.derivedData/SDKExplicitPrecompiledModules/os_workgroup-DBUFF7811DKMX7VPBOJPGGF1U.pcm
SwiftExplicitDependencyGeneratePcm arm64 /Users/admin/builder/spi-builder-workspace/.derivedData/SDKExplicitPrecompiledModules/Dispatch-1QL58A0V50C39KVAIC6C38SHL.pcm
SwiftExplicitDependencyGeneratePcm arm64 /Users/admin/builder/spi-builder-workspace/.derivedData/SDKExplicitPrecompiledModules/Spatial-7U8NLEFXSB8BR7PJQGVMF5A4Q.pcm
SwiftExplicitDependencyGeneratePcm arm64 /Users/admin/builder/spi-builder-workspace/.derivedData/SDKExplicitPrecompiledModules/CoreFoundation-7TPJ7ENDC4L1A1ESHYI9TXS0D.pcm
SwiftExplicitDependencyGeneratePcm arm64 /Users/admin/builder/spi-builder-workspace/.derivedData/SDKExplicitPrecompiledModules/dnssd-EP05MCI8X9XCB9GCC2I2LPUJV.pcm
SwiftExplicitDependencyGeneratePcm arm64 /Users/admin/builder/spi-builder-workspace/.derivedData/SDKExplicitPrecompiledModules/XPC-6O2DJFT3QUJ7QKTD3SNUB6PCR.pcm
SwiftExplicitDependencyGeneratePcm arm64 /Users/admin/builder/spi-builder-workspace/.derivedData/SDKExplicitPrecompiledModules/os-3GJI8H0BNAEZPQPQ1V0VVY3FY.pcm
SwiftExplicitDependencyGeneratePcm arm64 /Users/admin/builder/spi-builder-workspace/.derivedData/SDKExplicitPrecompiledModules/CoreAudioTypes-E7EH96HAL3G83QSWLT7VWYIP4.pcm
SwiftExplicitDependencyGeneratePcm arm64 /Users/admin/builder/spi-builder-workspace/.derivedData/SDKExplicitPrecompiledModules/CFNetwork-2CUR2VK9S3S3WPFXPNXNUWYGN.pcm
SwiftExplicitDependencyGeneratePcm arm64 /Users/admin/builder/spi-builder-workspace/.derivedData/SDKExplicitPrecompiledModules/Security-8VMXEKVDA3MHUH9AOTP905DID.pcm
SwiftExplicitDependencyGeneratePcm arm64 /Users/admin/builder/spi-builder-workspace/.derivedData/SDKExplicitPrecompiledModules/CoreGraphics-CWSP3J98S2658BYCVL6RP99T3.pcm
SwiftExplicitDependencyGeneratePcm arm64 /Users/admin/builder/spi-builder-workspace/.derivedData/SDKExplicitPrecompiledModules/CoreAudio-6IR1XRM0Q9YQZMFW89F3H4V3X.pcm
SwiftExplicitDependencyGeneratePcm arm64 /Users/admin/builder/spi-builder-workspace/.derivedData/SDKExplicitPrecompiledModules/Foundation-BSSIP64DIGUKMAYJOG1WPQ78X.pcm
SwiftExplicitDependencyGeneratePcm arm64 /Users/admin/builder/spi-builder-workspace/.derivedData/SDKExplicitPrecompiledModules/CoreText-59NY7PABM0I4V978161FOC04A.pcm
SwiftExplicitDependencyGeneratePcm arm64 /Users/admin/builder/spi-builder-workspace/.derivedData/SDKExplicitPrecompiledModules/ImageIO-88D4CLEBD4CLWQKT78PZ6H1O8.pcm
SwiftExplicitDependencyGeneratePcm arm64 /Users/admin/builder/spi-builder-workspace/.derivedData/SDKExplicitPrecompiledModules/AVRouting-53KTSRU06N7KHZMUFWVUAHAVC.pcm
SwiftExplicitDependencyGeneratePcm arm64 /Users/admin/builder/spi-builder-workspace/.derivedData/SDKExplicitPrecompiledModules/Network-4N07O3JN82GNOWXYH2TBMWON5.pcm
SwiftExplicitDependencyGeneratePcm arm64 /Users/admin/builder/spi-builder-workspace/.derivedData/SDKExplicitPrecompiledModules/CoreTransferable-7V4O8DATEQ9F7SDNTCW8YWLG3.pcm
SwiftExplicitDependencyGeneratePcm arm64 /Users/admin/builder/spi-builder-workspace/.derivedData/SDKExplicitPrecompiledModules/Symbols-B5AU9VM9Y7NU79RLMH13Z4IFM.pcm
SwiftExplicitDependencyGeneratePcm arm64 /Users/admin/builder/spi-builder-workspace/.derivedData/SDKExplicitPrecompiledModules/IOSurface-38FJ1CKX9FV2RD97O64Z7QB17.pcm
SwiftExplicitDependencyGeneratePcm arm64 /Users/admin/builder/spi-builder-workspace/.derivedData/SDKExplicitPrecompiledModules/OSLog-7OT6HHTMY0ZFEQJ095LJZ6NLC.pcm
SwiftExplicitDependencyGeneratePcm arm64 /Users/admin/builder/spi-builder-workspace/.derivedData/SDKExplicitPrecompiledModules/CoreData-DYMPHH3PH8AX9I1FHA4VFJ675.pcm
SwiftExplicitDependencyGeneratePcm arm64 /Users/admin/builder/spi-builder-workspace/.derivedData/SDKExplicitPrecompiledModules/UIUtilities-6ZFJ1AK4H8IBGEBMYQBWGBYLK.pcm
SwiftExplicitDependencyGeneratePcm arm64 /Users/admin/builder/spi-builder-workspace/.derivedData/SDKExplicitPrecompiledModules/CoreMIDI-23HL6T8YUJM8DF3NKDJAU0CM7.pcm
SwiftExplicitDependencyGeneratePcm arm64 /Users/admin/builder/spi-builder-workspace/.derivedData/SDKExplicitPrecompiledModules/DataDetection-37JIYZ2GWDA1L166PP1D9JKAF.pcm
SwiftExplicitDependencyGeneratePcm arm64 /Users/admin/builder/spi-builder-workspace/.derivedData/SDKExplicitPrecompiledModules/UniformTypeIdentifiers-95CC8U42ZA9STP5K6GP9ZVJS5.pcm
SwiftExplicitDependencyGeneratePcm arm64 /Users/admin/builder/spi-builder-workspace/.derivedData/SDKExplicitPrecompiledModules/Accessibility-B6BODGZ4MQQTY0PBC4SHRP009.pcm
SwiftExplicitDependencyGeneratePcm arm64 /Users/admin/builder/spi-builder-workspace/.derivedData/SDKExplicitPrecompiledModules/_LocationEssentials-ETSJ65FELPWR8WH8G49R1DF2E.pcm
SwiftExplicitDependencyGeneratePcm arm64 /Users/admin/builder/spi-builder-workspace/.derivedData/SDKExplicitPrecompiledModules/UserNotifications-E9ZW5TH066WIJWH9080RC5NG4.pcm
SwiftExplicitDependencyGeneratePcm arm64 /Users/admin/builder/spi-builder-workspace/.derivedData/SDKExplicitPrecompiledModules/Metal-2KYBS7IML1SD788M91YV7Q0CC.pcm
SwiftExplicitDependencyGeneratePcm arm64 /Users/admin/builder/spi-builder-workspace/.derivedData/SDKExplicitPrecompiledModules/OpenGLES-4NY99CNDU9WUNUYEIXSS1QFGE.pcm
SwiftExplicitDependencyGeneratePcm arm64 /Users/admin/builder/spi-builder-workspace/.derivedData/SDKExplicitPrecompiledModules/AudioToolbox-BFZSY3NS10U8E5FG2JHTQ7SO8.pcm
SwiftExplicitDependencyGeneratePcm arm64 /Users/admin/builder/spi-builder-workspace/.derivedData/SDKExplicitPrecompiledModules/CoreLocation-YVXXAOMVX0JH2KO1XTTKTY51.pcm
SwiftExplicitDependencyGeneratePcm arm64 /Users/admin/builder/spi-builder-workspace/.derivedData/SDKExplicitPrecompiledModules/CloudKit-87XEUK0KFMLVKAO7BT1XG0RKM.pcm
SwiftExplicitDependencyGeneratePcm arm64 /Users/admin/builder/spi-builder-workspace/.derivedData/SDKExplicitPrecompiledModules/CoreVideo-DPU0PB5X0XLSVA2ETRGI6FJBM.pcm
SwiftExplicitDependencyGeneratePcm arm64 /Users/admin/builder/spi-builder-workspace/.derivedData/SDKExplicitPrecompiledModules/QuartzCore-DJSYAWKXFGVSAK5CQMOB3JSR.pcm
SwiftExplicitDependencyGeneratePcm arm64 /Users/admin/builder/spi-builder-workspace/.derivedData/SDKExplicitPrecompiledModules/CoreImage-7S2AFJ8EIY3DUFYLEAX1JR1QV.pcm
SwiftExplicitDependencyGeneratePcm arm64 /Users/admin/builder/spi-builder-workspace/.derivedData/SDKExplicitPrecompiledModules/CoreMedia-4OUKVT03LV547KZJDPPJRJ4F8.pcm
SwiftExplicitDependencyGeneratePcm arm64 /Users/admin/builder/spi-builder-workspace/.derivedData/SDKExplicitPrecompiledModules/SwiftUICore-543QU5V2NHKUFCYFJDKUJ7NYG.pcm
SwiftExplicitDependencyGeneratePcm arm64 /Users/admin/builder/spi-builder-workspace/.derivedData/SDKExplicitPrecompiledModules/VideoToolbox-9D68N9ZVOUSE0ZFYNU39RYT33.pcm
SwiftExplicitDependencyGeneratePcm arm64 /Users/admin/builder/spi-builder-workspace/.derivedData/SDKExplicitPrecompiledModules/AVFAudio-I2OUXVW3JAJP9H9YYQSK67OC.pcm
SwiftExplicitDependencyGeneratePcm arm64 /Users/admin/builder/spi-builder-workspace/.derivedData/SDKExplicitPrecompiledModules/MediaToolbox-4OQJAKJ1UOGLVUHH8TJFAFUX8.pcm
SwiftExplicitDependencyGeneratePcm arm64 /Users/admin/builder/spi-builder-workspace/.derivedData/SDKExplicitPrecompiledModules/UIKit-1TKWN7VC2X6N3ITMRVA2G0EB2.pcm
SwiftExplicitDependencyGeneratePcm arm64 /Users/admin/builder/spi-builder-workspace/.derivedData/SDKExplicitPrecompiledModules/AVFoundation-4DKPNMYIKC5WBJ7VZILY1MMIU.pcm
SwiftExplicitDependencyGeneratePcm arm64 /Users/admin/builder/spi-builder-workspace/.derivedData/SDKExplicitPrecompiledModules/Photos-7MEE6JGC4O3TFWLBV7USC0WXU.pcm
SwiftExplicitDependencyGeneratePcm arm64 /Users/admin/builder/spi-builder-workspace/.derivedData/SDKExplicitPrecompiledModules/SwiftUI-7BV1YDT6IZWW6B8OC6ENV0Y0F.pcm
SwiftExplicitDependencyGeneratePcm arm64 /Users/admin/builder/spi-builder-workspace/.derivedData/SDKExplicitPrecompiledModules/PhotosUI-3WOBAURVFS536UVVLDSV0Z32C.pcm
SwiftEmitModule normal arm64 Emitting\ module\ for\ SwiftUIPHPicker (in target 'SwiftUIPHPicker' from project 'SwiftUIPHPicker')
/Users/admin/builder/spi-builder-workspace/Sources/SwiftUIPHPicker/PHPicker+EnvironmentValues.swift:14:30: error: cannot find type 'PHPickerConfiguration' in scope
12 |
13 | private struct PHPickerConfigurationEnvironmentKey: EnvironmentKey {
14 | static let defaultValue: PHPickerConfiguration = .init(photoLibrary: .shared())
| `- error: cannot find type 'PHPickerConfiguration' in scope
15 | }
16 |
/Users/admin/builder/spi-builder-workspace/Sources/SwiftUIPHPicker/PHPicker+EnvironmentValues.swift:13:16: error: type 'PHPickerConfigurationEnvironmentKey' does not conform to protocol 'EnvironmentKey'
11 | // MARK: - PHPickerConfigurationEnvironmentKey
12 |
13 | private struct PHPickerConfigurationEnvironmentKey: EnvironmentKey {
| |- error: type 'PHPickerConfigurationEnvironmentKey' does not conform to protocol 'EnvironmentKey'
| `- note: add stubs for conformance
14 | static let defaultValue: PHPickerConfiguration = .init(photoLibrary: .shared())
15 | }
SwiftUI.EnvironmentKey.Value:2:16: note: protocol requires nested type 'Value'
1 | protocol EnvironmentKey {
2 | associatedtype Value}
| `- note: protocol requires nested type 'Value'
3 |
/Users/admin/builder/spi-builder-workspace/Sources/SwiftUIPHPicker/PHPicker+EnvironmentValues.swift:18:41: error: cannot find type 'PHPickerConfiguration' in scope
16 |
17 | extension EnvironmentValues {
18 | internal var phPickerConfiguration: PHPickerConfiguration {
| `- error: cannot find type 'PHPickerConfiguration' in scope
19 | get { self[PHPickerConfigurationEnvironmentKey.self] }
20 | set { self[PHPickerConfigurationEnvironmentKey.self] = newValue }
/Users/admin/builder/spi-builder-workspace/Sources/SwiftUIPHPicker/PHPicker+EnvironmentValues.swift:46:36: error: cannot find type 'PHPickerConfiguration' in scope
44 | /// - value: The new value to set for the item specified by `keyPath`.
45 | public func phPickerConfiguration<V>(
46 | _ keyPath: WritableKeyPath<PHPickerConfiguration, V>,
| `- error: cannot find type 'PHPickerConfiguration' in scope
47 | _ value: V
48 | ) -> some View {
/Users/admin/builder/spi-builder-workspace/Sources/SwiftUIPHPicker/PHPicker+EnvironmentValues.swift:55:99: error: cannot find type 'PHPickerConfiguration' in scope
53 |
54 | /// Transforms the `PHPickerConfiguration` with the given function.
55 | public func phPickerTransformConfiguration(_ configurationHandler: @escaping (_ config: inout PHPickerConfiguration) -> Void) -> some View {
| `- error: cannot find type 'PHPickerConfiguration' in scope
56 | self.transformEnvironment(\.phPickerConfiguration) { config in
57 | configurationHandler(&config)
/Users/admin/builder/spi-builder-workspace/Sources/SwiftUIPHPicker/PHPicker+EnvironmentValues.swift:74:55: error: cannot find type 'PHPickerConfiguration' in scope
72 | /// - Parameter behavior: The new selection behavior for the picker.
73 | @available(iOS 15, macCatalyst 15, macOS 13, *)
74 | public func phPickerSelectionBehavior(_ behavior: PHPickerConfiguration.Selection) -> some View {
| `- error: cannot find type 'PHPickerConfiguration' in scope
75 | self.transformEnvironment(\.phPickerConfiguration) { config in
76 | config.selection = behavior
/Users/admin/builder/spi-builder-workspace/Sources/SwiftUIPHPicker/PHPicker+EnvironmentValues.swift:84:42: error: cannot find type 'PHPickerFilter' in scope
82 | /// By default, a configuration object displays all asset types: images, Live Photos, and videos.
83 | /// - Parameter filter: The new filter applied to restrict the asset types the picker displays.
84 | public func phPickerFilter(_ filter: PHPickerFilter?) -> some View {
| `- error: cannot find type 'PHPickerFilter' in scope
85 | self.transformEnvironment(\.phPickerConfiguration) { config in
86 | config.filter = filter
/Users/admin/builder/spi-builder-workspace/Sources/SwiftUIPHPicker/PHPicker+EnvironmentValues.swift:96:66: error: cannot find type 'PHPickerConfiguration' in scope
94 | /// The system may perform additional transcoding to convert the asset you request to the compatable representation. Use [`PHPickerConfiguration.AssetRepresentationMode.current`](https://developer.apple.com/documentation/photokit/phpickerconfiguration/assetrepresentationmode/current) to avoid transcoding, if possible.
95 | /// - Parameter mode: The new mode that determines which representation to use if an asset contains more than one.
96 | public func phPickerPreferredAssetRepresentationMode(_ mode: PHPickerConfiguration.AssetRepresentationMode) -> some View {
| `- error: cannot find type 'PHPickerConfiguration' in scope
97 | self.transformEnvironment(\.phPickerConfiguration) { config in
98 | config.preferredAssetRepresentationMode = mode
/Users/admin/builder/spi-builder-workspace/Sources/SwiftUIPHPicker/PHPicker.swift:12:18: error: cannot convert value of type 'KeyPath<Root, Value>' to expected argument type 'Value.Type'
10 |
11 | public struct PHPicker {
12 | @Environment(\.phPickerConfiguration)
| `- error: cannot convert value of type 'KeyPath<Root, Value>' to expected argument type 'Value.Type'
13 | private var phPickerConfiguration
14 |
/Users/admin/builder/spi-builder-workspace/Sources/SwiftUIPHPicker/PHPicker.swift:12:6: error: generic parameter 'Value' could not be inferred
10 |
11 | public struct PHPicker {
12 | @Environment(\.phPickerConfiguration)
| `- error: generic parameter 'Value' could not be inferred
13 | private var phPickerConfiguration
14 |
/Users/admin/builder/spi-builder-workspace/Sources/SwiftUIPHPicker/PHPicker.swift:12:18: error: cannot infer key path type from context; consider explicitly specifying a root type
10 |
11 | public struct PHPicker {
12 | @Environment(\.phPickerConfiguration)
| `- error: cannot infer key path type from context; consider explicitly specifying a root type
13 | private var phPickerConfiguration
14 |
/Users/admin/builder/spi-builder-workspace/Sources/SwiftUIPHPicker/PHPicker.swift:44:59: error: 'PHPickerViewController' is unavailable in tvOS
42 |
43 | extension PHPicker: UIViewControllerRepresentable {
44 | public func makeUIViewController(context: Context) -> PHPickerViewController {
| `- error: 'PHPickerViewController' is unavailable in tvOS
45 | let picker = PHPickerViewController(configuration: context.environment.phPickerConfiguration)
46 | picker.delegate = context.coordinator
/Applications/Xcode-27.0.0-Release.Candidate.app/Contents/Developer/Platforms/AppleTVOS.platform/Developer/SDKs/AppleTVOS27.0.sdk/System/Library/Frameworks/PhotosUI.framework/Headers/PHPicker.h:263:12: note: 'PHPickerViewController' has been explicitly marked unavailable here
261 | API_UNAVAILABLE(watchos)
262 | #if __has_include(<UIKit/UIViewController.h>) && TARGET_OS_IPHONE
263 | @interface PHPickerViewController : UIViewController
| `- note: 'PHPickerViewController' has been explicitly marked unavailable here
264 | #elif __has_include(<AppKit/NSViewController.h>)
265 | @interface PHPickerViewController : NSViewController
/Users/admin/builder/spi-builder-workspace/Sources/SwiftUIPHPicker/PHPicker.swift:50:60: error: 'PHPickerViewController' is unavailable in tvOS
48 | }
49 |
50 | public func updateUIViewController(_ uiViewController: PHPickerViewController, context: Context) {
| `- error: 'PHPickerViewController' is unavailable in tvOS
51 |
52 | }
/Applications/Xcode-27.0.0-Release.Candidate.app/Contents/Developer/Platforms/AppleTVOS.platform/Developer/SDKs/AppleTVOS27.0.sdk/System/Library/Frameworks/PhotosUI.framework/Headers/PHPicker.h:263:12: note: 'PHPickerViewController' has been explicitly marked unavailable here
261 | API_UNAVAILABLE(watchos)
262 | #if __has_include(<UIKit/UIViewController.h>) && TARGET_OS_IPHONE
263 | @interface PHPickerViewController : UIViewController
| `- note: 'PHPickerViewController' has been explicitly marked unavailable here
264 | #elif __has_include(<AppKit/NSViewController.h>)
265 | @interface PHPickerViewController : NSViewController
/Users/admin/builder/spi-builder-workspace/Sources/SwiftUIPHPicker/PHPicker.swift:43:1: warning: unavailable class 'PHPickerViewController' was used to satisfy a requirement of protocol 'UIViewControllerRepresentable'; this will be an error in a future Swift language mode
41 | import UIKit
42 |
43 | extension PHPicker: UIViewControllerRepresentable {
| `- warning: unavailable class 'PHPickerViewController' was used to satisfy a requirement of protocol 'UIViewControllerRepresentable'; this will be an error in a future Swift language mode
44 | public func makeUIViewController(context: Context) -> PHPickerViewController {
45 | let picker = PHPickerViewController(configuration: context.environment.phPickerConfiguration)
/Applications/Xcode-27.0.0-Release.Candidate.app/Contents/Developer/Platforms/AppleTVOS.platform/Developer/SDKs/AppleTVOS27.0.sdk/System/Library/Frameworks/PhotosUI.framework/Headers/PHPicker.h:263:12: note: 'PHPickerViewController' declared here
261 | API_UNAVAILABLE(watchos)
262 | #if __has_include(<UIKit/UIViewController.h>) && TARGET_OS_IPHONE
263 | @interface PHPickerViewController : UIViewController
| `- note: 'PHPickerViewController' declared here
264 | #elif __has_include(<AppKit/NSViewController.h>)
265 | @interface PHPickerViewController : NSViewController
SwiftUI.UIViewControllerRepresentable.UIViewControllerType:2:16: note: requirement 'UIViewControllerType' declared here
1 | protocol UIViewControllerRepresentable {
2 | associatedtype UIViewControllerType : UIViewController}
| `- note: requirement 'UIViewControllerType' declared here
3 |
/Users/admin/builder/spi-builder-workspace/Sources/SwiftUIPHPicker/PHPicker.swift:73:41: error: cannot find type 'PHPickerViewControllerDelegate' in scope
71 |
72 | extension PHPicker {
73 | public class Coordinator: NSObject, PHPickerViewControllerDelegate {
| `- error: cannot find type 'PHPickerViewControllerDelegate' in scope
74 | var parent: PHPicker
75 |
/Users/admin/builder/spi-builder-workspace/Sources/SwiftUIPHPicker/PHPicker.swift:80:89: error: cannot find type 'PHPickerResult' in scope
78 | }
79 |
80 | public func picker(_ picker: PHPickerViewController, didFinishPicking results: [PHPickerResult]) {
| `- error: cannot find type 'PHPickerResult' in scope
81 | #if canImport(UIKit) && (os(iOS) || targetEnvironment(macCatalyst))
82 | picker.dismiss(animated: true)
/Users/admin/builder/spi-builder-workspace/Sources/SwiftUIPHPicker/PHPicker.swift:80:38: error: 'PHPickerViewController' is unavailable in tvOS
78 | }
79 |
80 | public func picker(_ picker: PHPickerViewController, didFinishPicking results: [PHPickerResult]) {
| `- error: 'PHPickerViewController' is unavailable in tvOS
81 | #if canImport(UIKit) && (os(iOS) || targetEnvironment(macCatalyst))
82 | picker.dismiss(animated: true)
/Applications/Xcode-27.0.0-Release.Candidate.app/Contents/Developer/Platforms/AppleTVOS.platform/Developer/SDKs/AppleTVOS27.0.sdk/System/Library/Frameworks/PhotosUI.framework/Headers/PHPicker.h:263:12: note: 'PHPickerViewController' has been explicitly marked unavailable here
261 | API_UNAVAILABLE(watchos)
262 | #if __has_include(<UIKit/UIViewController.h>) && TARGET_OS_IPHONE
263 | @interface PHPickerViewController : UIViewController
| `- note: 'PHPickerViewController' has been explicitly marked unavailable here
264 | #elif __has_include(<AppKit/NSViewController.h>)
265 | @interface PHPickerViewController : NSViewController
/Users/admin/builder/spi-builder-workspace/Sources/SwiftUIPHPicker/PHPicker.swift:92:61: error: cannot find type 'PHPickerResult' in scope
90 | }
91 |
92 | private func asyncLoadSelectedImages(from results: [PHPickerResult]) {
| `- error: cannot find type 'PHPickerResult' in scope
93 | let keepLivePhotosIntact = parent.keepLivePhotosIntact
94 | let destinationHandler = parent.phPickerVideoDestination
Failed frontend command:
SwiftCompile normal arm64 (in target 'SwiftUIPHPicker' from project 'SwiftUIPHPicker')
cd /Users/admin/builder/spi-builder-workspace/.swiftpm/xcode
/Applications/Xcode-27.0.0-Release.Candidate.app/Contents/Developer/Toolchains/XcodeDefault.xctoolchain/usr/bin/swift-frontend -frontend -emit-module -experimental-skip-non-inlinable-function-bodies-without-types /Users/admin/builder/spi-builder-workspace/Sources/SwiftUIPHPicker/FileManager+Extensions.swift /Users/admin/builder/spi-builder-workspace/Sources/SwiftUIPHPicker/NSItemProvider+Extensions.swift /Users/admin/builder/spi-builder-workspace/Sources/SwiftUIPHPicker/PHImage.swift /Users/admin/builder/spi-builder-workspace/Sources/SwiftUIPHPicker/PHPicker+EnvironmentValues.swift /Users/admin/builder/spi-builder-workspace/Sources/SwiftUIPHPicker/PHPicker+PresentationModifier.swift /Users/admin/builder/spi-builder-workspace/Sources/SwiftUIPHPicker/PHPicker.swift /Users/admin/builder/spi-builder-workspace/Sources/SwiftUIPHPicker/PHSelectedObject.swift -target arm64-apple-tvos15.0 -module-can-import-version UIKit 9127.0.84.1 9127.0.84 -disable-cross-import-overlay-search -swift-module-cross-import Photos /Applications/Xcode-27.0.0-Release.Candidate.app/Contents/Developer/Platforms/AppleTVOS.platform/Developer/SDKs/AppleTVOS.sdk/System/Library/Frameworks/Photos.framework/Modules/Photos.swiftcrossimport/AppIntents.swiftoverlay -swift-module-cross-import Photos /Applications/Xcode-27.0.0-Release.Candidate.app/Contents/Developer/Platforms/AppleTVOS.platform/Developer/SDKs/AppleTVOS27.0.sdk/System/Library/Frameworks/Photos.framework/Modules/Photos.swiftcrossimport/AppIntents.swiftoverlay -load-resolved-plugin /Applications/Xcode-27.0.0-Release.Candidate.app/Contents/Developer/Platforms/AppleTVOS.platform/Developer/usr/lib/swift/host/plugins/libFoundationMacros.dylib\#/Applications/Xcode-27.0.0-Release.Candidate.app/Contents/Developer/Platforms/AppleTVOS.platform/Developer/usr/bin/swift-plugin-server\#FoundationMacros -load-resolved-plugin /Applications/Xcode-27.0.0-Release.Candidate.app/Contents/Developer/Platforms/AppleTVOS.platform/Developer/usr/lib/swift/host/plugins/libObservationMacros.dylib\#/Applications/Xcode-27.0.0-Release.Candidate.app/Contents/Developer/Platforms/AppleTVOS.platform/Developer/usr/bin/swift-plugin-server\#ObservationMacros -load-resolved-plugin /Applications/Xcode-27.0.0-Release.Candidate.app/Contents/Developer/Platforms/AppleTVOS.platform/Developer/usr/lib/swift/host/plugins/libPreviewsMacros.dylib\#/Applications/Xcode-27.0.0-Release.Candidate.app/Contents/Developer/Platforms/AppleTVOS.platform/Developer/usr/bin/swift-plugin-server\#PreviewsMacros -load-resolved-plugin /Applications/Xcode-27.0.0-Release.Candidate.app/Contents/Developer/Platforms/AppleTVOS.platform/Developer/usr/lib/swift/host/plugins/libSwiftMacros.dylib\#/Applications/Xcode-27.0.0-Release.Candidate.app/Contents/Developer/Platforms/AppleTVOS.platform/Developer/usr/bin/swift-plugin-server\#SwiftMacros -load-resolved-plugin /Applications/Xcode-27.0.0-Release.Candidate.app/Contents/Developer/Platforms/AppleTVOS.platform/Developer/usr/lib/swift/host/plugins/libSwiftUIMacros.dylib\#/Applications/Xcode-27.0.0-Release.Candidate.app/Contents/Developer/Platforms/AppleTVOS.platform/Developer/usr/bin/swift-plugin-server\#SwiftUIMacros -disable-implicit-swift-modules -Xcc -fno-implicit-modules -Xcc -fno-implicit-module-maps -explicit-swift-module-map-file /Users/admin/builder/spi-builder-workspace/.derivedData/Build/Intermediates.noindex/SwiftUIPHPicker.build/Debug-appletvos/SwiftUIPHPicker-t.build/Objects-normal/arm64/SwiftUIPHPicker-dependencies-1.json -Xllvm -aarch64-use-tbi -enable-objc-interop -stack-check -sdk /Applications/Xcode-27.0.0-Release.Candidate.app/Contents/Developer/Platforms/AppleTVOS.platform/Developer/SDKs/AppleTVOS27.0.sdk -I /Users/admin/builder/spi-builder-workspace/.derivedData/Build/Products/Debug-appletvos -Isystem /Applications/Xcode-27.0.0-Release.Candidate.app/Contents/Developer/Platforms/AppleTVOS.platform/Developer/usr/lib -F /Users/admin/builder/spi-builder-workspace/.derivedData/Build/Products/Debug-appletvos -F /Applications/Xcode-27.0.0-Release.Candidate.app/Contents/Developer/Platforms/AppleTVOS.platform/Developer/Library/Frameworks -F /Applications/Xcode-27.0.0-Release.Candidate.app/Contents/Developer/Platforms/AppleTVOS.platform/Developer/SDKs/AppleTVOS27.0.sdk/Developer/Library/Frameworks -module-cache-path /Users/admin/builder/spi-builder-workspace/.derivedData/Build/Intermediates.noindex/SwiftExplicitPrecompiledModules -no-color-diagnostics -Xcc -fno-color-diagnostics -enable-testing -g -debug-info-format\=dwarf -dwarf-version\=4 -profile-generate -profile-coverage-mapping -swift-version 5 -Onone -D SWIFT_PACKAGE -D DEBUG -D SWIFT_MODULE_RESOURCE_BUNDLE_UNAVAILABLE -D Xcode -serialize-debugging-options -enable-experimental-feature DebugDescriptionMacro -empty-abi-descriptor -validate-clang-modules-once -clang-build-session-file /Users/admin/builder/spi-builder-workspace/.derivedData/ModuleCache.noindex/Session.modulevalidation -Xcc -working-directory -Xcc /Users/admin/builder/spi-builder-workspace/.swiftpm/xcode -enable-anonymous-context-mangled-names -file-compilation-dir /Users/admin/builder/spi-builder-workspace/.swiftpm/xcode -Xcc -D_LIBCPP_HARDENING_MODE\=_LIBCPP_HARDENING_MODE_DEBUG -Xcc -ivfsstatcache -Xcc /Users/admin/builder/spi-builder-workspace/.derivedData/SDKStatCaches.noindex/appletvos27.0-24J360-e829b21a6f8c9b70876ba0858053c044b32bfd8d43560033f8d89884cdb90028.sdkstatcache -Xcc -fmodules-prune-interval\=86400 -Xcc -fmodules-prune-after\=345600 -Xcc -I/Users/admin/builder/spi-builder-workspace/.derivedData/Build/Products/Debug-appletvos/include -Xcc -I/Users/admin/builder/spi-builder-workspace/.derivedData/Build/Intermediates.noindex/SwiftUIPHPicker.build/Debug-appletvos/SwiftUIPHPicker-t.build/DerivedSources-normal/arm64 -Xcc -I/Users/admin/builder/spi-builder-workspace/.derivedData/Build/Intermediates.noindex/SwiftUIPHPicker.build/Debug-appletvos/SwiftUIPHPicker-t.build/DerivedSources/arm64 -Xcc -I/Users/admin/builder/spi-builder-workspace/.derivedData/Build/Intermediates.noindex/SwiftUIPHPicker.build/Debug-appletvos/SwiftUIPHPicker-t.build/DerivedSources -Xcc -DSWIFT_PACKAGE -Xcc -DDEBUG\=1 -no-auto-bridging-header-chaining -module-name SwiftUIPHPicker -const-gather-protocols-file /Users/admin/builder/spi-builder-workspace/.derivedData/Build/Intermediates.noindex/SwiftUIPHPicker.build/Debug-appletvos/SwiftUIPHPicker-t.build/Objects-normal/arm64/SwiftUIPHPicker_const_extract_protocols.json -disable-clang-spi -clang-target arm64-apple-tvos27.0 -target-sdk-version 27.0 -target-sdk-name appletvos27.0 -in-process-plugin-server-path /Applications/Xcode-27.0.0-Release.Candidate.app/Contents/Developer/Toolchains/XcodeDefault.xctoolchain/usr/lib/swift/host/libSwiftInProcPluginServer.dylib -emit-module-doc-path /Users/admin/builder/spi-builder-workspace/.derivedData/Build/Intermediates.noindex/SwiftUIPHPicker.build/Debug-appletvos/SwiftUIPHPicker-t.build/Objects-normal/arm64/SwiftUIPHPicker.swiftdoc -emit-module-source-info-path /Users/admin/builder/spi-builder-workspace/.derivedData/Build/Intermediates.noindex/SwiftUIPHPicker.build/Debug-appletvos/SwiftUIPHPicker-t.build/Objects-normal/arm64/SwiftUIPHPicker.swiftsourceinfo -emit-objc-header-path /Users/admin/builder/spi-builder-workspace/.derivedData/Build/Intermediates.noindex/SwiftUIPHPicker.build/Debug-appletvos/SwiftUIPHPicker-t.build/Objects-normal/arm64/SwiftUIPHPicker-Swift.h -serialize-diagnostics-path /Users/admin/builder/spi-builder-workspace/.derivedData/Build/Intermediates.noindex/SwiftUIPHPicker.build/Debug-appletvos/SwiftUIPHPicker-t.build/Objects-normal/arm64/SwiftUIPHPicker-primary-emit-module.dia -emit-dependencies-path /Users/admin/builder/spi-builder-workspace/.derivedData/Build/Intermediates.noindex/SwiftUIPHPicker.build/Debug-appletvos/SwiftUIPHPicker-t.build/Objects-normal/arm64/SwiftUIPHPicker-primary-emit-module.d -parse-as-library -o /Users/admin/builder/spi-builder-workspace/.derivedData/Build/Intermediates.noindex/SwiftUIPHPicker.build/Debug-appletvos/SwiftUIPHPicker-t.build/Objects-normal/arm64/SwiftUIPHPicker.swiftmodule -emit-abi-descriptor-path /Users/admin/builder/spi-builder-workspace/.derivedData/Build/Intermediates.noindex/SwiftUIPHPicker.build/Debug-appletvos/SwiftUIPHPicker-t.build/Objects-normal/arm64/SwiftUIPHPicker.abi.json
SwiftCompile normal arm64 Compiling\ PHPicker+PresentationModifier.swift /Users/admin/builder/spi-builder-workspace/Sources/SwiftUIPHPicker/PHPicker+PresentationModifier.swift (in target 'SwiftUIPHPicker' from project 'SwiftUIPHPicker')
SwiftCompile normal arm64 /Users/admin/builder/spi-builder-workspace/Sources/SwiftUIPHPicker/PHPicker+PresentationModifier.swift (in target 'SwiftUIPHPicker' from project 'SwiftUIPHPicker')
cd /Users/admin/builder/spi-builder-workspace/.swiftpm/xcode
builtin-SwiftPerFileCompile PHPicker+PresentationModifier.swift
/Users/admin/builder/spi-builder-workspace/Sources/SwiftUIPHPicker/PHPicker+EnvironmentValues.swift:18:41: error: cannot find type 'PHPickerConfiguration' in scope
16 |
17 | extension EnvironmentValues {
18 | internal var phPickerConfiguration: PHPickerConfiguration {
| `- error: cannot find type 'PHPickerConfiguration' in scope
19 | get { self[PHPickerConfigurationEnvironmentKey.self] }
20 | set { self[PHPickerConfigurationEnvironmentKey.self] = newValue }
/Users/admin/builder/spi-builder-workspace/Sources/SwiftUIPHPicker/PHPicker.swift:12:18: error: cannot convert value of type 'KeyPath<Root, Value>' to expected argument type 'Value.Type'
10 |
11 | public struct PHPicker {
12 | @Environment(\.phPickerConfiguration)
| `- error: cannot convert value of type 'KeyPath<Root, Value>' to expected argument type 'Value.Type'
13 | private var phPickerConfiguration
14 |
/Users/admin/builder/spi-builder-workspace/Sources/SwiftUIPHPicker/PHPicker.swift:12:6: error: generic parameter 'Value' could not be inferred
10 |
11 | public struct PHPicker {
12 | @Environment(\.phPickerConfiguration)
| `- error: generic parameter 'Value' could not be inferred
13 | private var phPickerConfiguration
14 |
SwiftCompile normal arm64 Compiling\ PHImage.swift /Users/admin/builder/spi-builder-workspace/Sources/SwiftUIPHPicker/PHImage.swift (in target 'SwiftUIPHPicker' from project 'SwiftUIPHPicker')
SwiftCompile normal arm64 /Users/admin/builder/spi-builder-workspace/Sources/SwiftUIPHPicker/PHImage.swift (in target 'SwiftUIPHPicker' from project 'SwiftUIPHPicker')
cd /Users/admin/builder/spi-builder-workspace/.swiftpm/xcode
builtin-SwiftPerFileCompile PHImage.swift
SwiftCompile normal arm64 Compiling\ PHSelectedObject.swift /Users/admin/builder/spi-builder-workspace/Sources/SwiftUIPHPicker/PHSelectedObject.swift (in target 'SwiftUIPHPicker' from project 'SwiftUIPHPicker')
SwiftCompile normal arm64 /Users/admin/builder/spi-builder-workspace/Sources/SwiftUIPHPicker/PHSelectedObject.swift (in target 'SwiftUIPHPicker' from project 'SwiftUIPHPicker')
cd /Users/admin/builder/spi-builder-workspace/.swiftpm/xcode
builtin-SwiftPerFileCompile PHSelectedObject.swift
SwiftCompile normal arm64 Compiling\ NSItemProvider+Extensions.swift /Users/admin/builder/spi-builder-workspace/Sources/SwiftUIPHPicker/NSItemProvider+Extensions.swift (in target 'SwiftUIPHPicker' from project 'SwiftUIPHPicker')
SwiftCompile normal arm64 /Users/admin/builder/spi-builder-workspace/Sources/SwiftUIPHPicker/NSItemProvider+Extensions.swift (in target 'SwiftUIPHPicker' from project 'SwiftUIPHPicker')
cd /Users/admin/builder/spi-builder-workspace/.swiftpm/xcode
builtin-SwiftPerFileCompile NSItemProvider+Extensions.swift
SwiftCompile normal arm64 Compiling\ PHPicker.swift /Users/admin/builder/spi-builder-workspace/Sources/SwiftUIPHPicker/PHPicker.swift (in target 'SwiftUIPHPicker' from project 'SwiftUIPHPicker')
/Users/admin/builder/spi-builder-workspace/Sources/SwiftUIPHPicker/PHPicker+EnvironmentValues.swift:18:41: error: cannot find type 'PHPickerConfiguration' in scope
16 |
17 | extension EnvironmentValues {
18 | internal var phPickerConfiguration: PHPickerConfiguration {
| `- error: cannot find type 'PHPickerConfiguration' in scope
19 | get { self[PHPickerConfigurationEnvironmentKey.self] }
20 | set { self[PHPickerConfigurationEnvironmentKey.self] = newValue }
/Users/admin/builder/spi-builder-workspace/Sources/SwiftUIPHPicker/PHPicker.swift:12:6: error: generic parameter 'Value' could not be inferred
10 |
11 | public struct PHPicker {
12 | @Environment(\.phPickerConfiguration)
| `- error: generic parameter 'Value' could not be inferred
13 | private var phPickerConfiguration
14 |
/Users/admin/builder/spi-builder-workspace/Sources/SwiftUIPHPicker/PHPicker.swift:12:18: error: cannot convert value of type 'KeyPath<Root, Value>' to expected argument type 'Value.Type'
10 |
11 | public struct PHPicker {
12 | @Environment(\.phPickerConfiguration)
| `- error: cannot convert value of type 'KeyPath<Root, Value>' to expected argument type 'Value.Type'
13 | private var phPickerConfiguration
14 |
/Users/admin/builder/spi-builder-workspace/Sources/SwiftUIPHPicker/PHPicker.swift:12:18: error: cannot infer key path type from context; consider explicitly specifying a root type
10 |
11 | public struct PHPicker {
12 | @Environment(\.phPickerConfiguration)
| `- error: cannot infer key path type from context; consider explicitly specifying a root type
13 | private var phPickerConfiguration
14 |
/Users/admin/builder/spi-builder-workspace/Sources/SwiftUIPHPicker/PHPicker.swift:44:59: error: 'PHPickerViewController' is unavailable in tvOS
42 |
43 | extension PHPicker: UIViewControllerRepresentable {
44 | public func makeUIViewController(context: Context) -> PHPickerViewController {
| `- error: 'PHPickerViewController' is unavailable in tvOS
45 | let picker = PHPickerViewController(configuration: context.environment.phPickerConfiguration)
46 | picker.delegate = context.coordinator
/Applications/Xcode-27.0.0-Release.Candidate.app/Contents/Developer/Platforms/AppleTVOS.platform/Developer/SDKs/AppleTVOS27.0.sdk/System/Library/Frameworks/PhotosUI.framework/Headers/PHPicker.h:263:12: note: 'PHPickerViewController' has been explicitly marked unavailable here
261 | API_UNAVAILABLE(watchos)
262 | #if __has_include(<UIKit/UIViewController.h>) && TARGET_OS_IPHONE
263 | @interface PHPickerViewController : UIViewController
| `- note: 'PHPickerViewController' has been explicitly marked unavailable here
264 | #elif __has_include(<AppKit/NSViewController.h>)
265 | @interface PHPickerViewController : NSViewController
/Users/admin/builder/spi-builder-workspace/Sources/SwiftUIPHPicker/PHPicker.swift:50:60: error: 'PHPickerViewController' is unavailable in tvOS
48 | }
49 |
50 | public func updateUIViewController(_ uiViewController: PHPickerViewController, context: Context) {
| `- error: 'PHPickerViewController' is unavailable in tvOS
51 |
52 | }
/Applications/Xcode-27.0.0-Release.Candidate.app/Contents/Developer/Platforms/AppleTVOS.platform/Developer/SDKs/AppleTVOS27.0.sdk/System/Library/Frameworks/PhotosUI.framework/Headers/PHPicker.h:263:12: note: 'PHPickerViewController' has been explicitly marked unavailable here
261 | API_UNAVAILABLE(watchos)
262 | #if __has_include(<UIKit/UIViewController.h>) && TARGET_OS_IPHONE
263 | @interface PHPickerViewController : UIViewController
| `- note: 'PHPickerViewController' has been explicitly marked unavailable here
264 | #elif __has_include(<AppKit/NSViewController.h>)
265 | @interface PHPickerViewController : NSViewController
/Users/admin/builder/spi-builder-workspace/Sources/SwiftUIPHPicker/PHPicker.swift:43:1: warning: unavailable class 'PHPickerViewController' was used to satisfy a requirement of protocol 'UIViewControllerRepresentable'; this will be an error in a future Swift language mode
41 | import UIKit
42 |
43 | extension PHPicker: UIViewControllerRepresentable {
| `- warning: unavailable class 'PHPickerViewController' was used to satisfy a requirement of protocol 'UIViewControllerRepresentable'; this will be an error in a future Swift language mode
44 | public func makeUIViewController(context: Context) -> PHPickerViewController {
45 | let picker = PHPickerViewController(configuration: context.environment.phPickerConfiguration)
/Applications/Xcode-27.0.0-Release.Candidate.app/Contents/Developer/Platforms/AppleTVOS.platform/Developer/SDKs/AppleTVOS27.0.sdk/System/Library/Frameworks/PhotosUI.framework/Headers/PHPicker.h:263:12: note: 'PHPickerViewController' declared here
261 | API_UNAVAILABLE(watchos)
262 | #if __has_include(<UIKit/UIViewController.h>) && TARGET_OS_IPHONE
263 | @interface PHPickerViewController : UIViewController
| `- note: 'PHPickerViewController' declared here
264 | #elif __has_include(<AppKit/NSViewController.h>)
265 | @interface PHPickerViewController : NSViewController
SwiftUI.UIViewControllerRepresentable.UIViewControllerType:2:16: note: requirement 'UIViewControllerType' declared here
1 | protocol UIViewControllerRepresentable {
2 | associatedtype UIViewControllerType : UIViewController}
| `- note: requirement 'UIViewControllerType' declared here
3 |
/Users/admin/builder/spi-builder-workspace/Sources/SwiftUIPHPicker/PHPicker.swift:73:41: error: cannot find type 'PHPickerViewControllerDelegate' in scope
71 |
72 | extension PHPicker {
73 | public class Coordinator: NSObject, PHPickerViewControllerDelegate {
| `- error: cannot find type 'PHPickerViewControllerDelegate' in scope
74 | var parent: PHPicker
75 |
/Users/admin/builder/spi-builder-workspace/Sources/SwiftUIPHPicker/PHPicker.swift:80:89: error: cannot find type 'PHPickerResult' in scope
78 | }
79 |
80 | public func picker(_ picker: PHPickerViewController, didFinishPicking results: [PHPickerResult]) {
| `- error: cannot find type 'PHPickerResult' in scope
81 | #if canImport(UIKit) && (os(iOS) || targetEnvironment(macCatalyst))
82 | picker.dismiss(animated: true)
/Users/admin/builder/spi-builder-workspace/Sources/SwiftUIPHPicker/PHPicker.swift:80:38: error: 'PHPickerViewController' is unavailable in tvOS
78 | }
79 |
80 | public func picker(_ picker: PHPickerViewController, didFinishPicking results: [PHPickerResult]) {
| `- error: 'PHPickerViewController' is unavailable in tvOS
81 | #if canImport(UIKit) && (os(iOS) || targetEnvironment(macCatalyst))
82 | picker.dismiss(animated: true)
/Applications/Xcode-27.0.0-Release.Candidate.app/Contents/Developer/Platforms/AppleTVOS.platform/Developer/SDKs/AppleTVOS27.0.sdk/System/Library/Frameworks/PhotosUI.framework/Headers/PHPicker.h:263:12: note: 'PHPickerViewController' has been explicitly marked unavailable here
261 | API_UNAVAILABLE(watchos)
262 | #if __has_include(<UIKit/UIViewController.h>) && TARGET_OS_IPHONE
263 | @interface PHPickerViewController : UIViewController
| `- note: 'PHPickerViewController' has been explicitly marked unavailable here
264 | #elif __has_include(<AppKit/NSViewController.h>)
265 | @interface PHPickerViewController : NSViewController
SwiftCompile normal arm64 /Users/admin/builder/spi-builder-workspace/Sources/SwiftUIPHPicker/PHPicker.swift (in target 'SwiftUIPHPicker' from project 'SwiftUIPHPicker')
cd /Users/admin/builder/spi-builder-workspace/.swiftpm/xcode
builtin-SwiftPerFileCompile PHPicker.swift
SwiftCompile normal arm64 Compiling\ FileManager+Extensions.swift /Users/admin/builder/spi-builder-workspace/Sources/SwiftUIPHPicker/FileManager+Extensions.swift (in target 'SwiftUIPHPicker' from project 'SwiftUIPHPicker')
SwiftCompile normal arm64 /Users/admin/builder/spi-builder-workspace/Sources/SwiftUIPHPicker/FileManager+Extensions.swift (in target 'SwiftUIPHPicker' from project 'SwiftUIPHPicker')
cd /Users/admin/builder/spi-builder-workspace/.swiftpm/xcode
builtin-SwiftPerFileCompile FileManager+Extensions.swift
SwiftCompile normal arm64 Compiling\ PHPicker+EnvironmentValues.swift /Users/admin/builder/spi-builder-workspace/Sources/SwiftUIPHPicker/PHPicker+EnvironmentValues.swift (in target 'SwiftUIPHPicker' from project 'SwiftUIPHPicker')
SwiftCompile normal arm64 /Users/admin/builder/spi-builder-workspace/Sources/SwiftUIPHPicker/PHPicker+EnvironmentValues.swift (in target 'SwiftUIPHPicker' from project 'SwiftUIPHPicker')
cd /Users/admin/builder/spi-builder-workspace/.swiftpm/xcode
builtin-SwiftPerFileCompile PHPicker+EnvironmentValues.swift
/Users/admin/builder/spi-builder-workspace/Sources/SwiftUIPHPicker/PHPicker+EnvironmentValues.swift:14:30: error: cannot find type 'PHPickerConfiguration' in scope
12 |
13 | private struct PHPickerConfigurationEnvironmentKey: EnvironmentKey {
14 | static let defaultValue: PHPickerConfiguration = .init(photoLibrary: .shared())
| `- error: cannot find type 'PHPickerConfiguration' in scope
15 | }
16 |
/Users/admin/builder/spi-builder-workspace/Sources/SwiftUIPHPicker/PHPicker+EnvironmentValues.swift:13:16: error: type 'PHPickerConfigurationEnvironmentKey' does not conform to protocol 'EnvironmentKey'
11 | // MARK: - PHPickerConfigurationEnvironmentKey
12 |
13 | private struct PHPickerConfigurationEnvironmentKey: EnvironmentKey {
| |- error: type 'PHPickerConfigurationEnvironmentKey' does not conform to protocol 'EnvironmentKey'
| `- note: add stubs for conformance
14 | static let defaultValue: PHPickerConfiguration = .init(photoLibrary: .shared())
15 | }
SwiftUI.EnvironmentKey.Value:2:16: note: protocol requires nested type 'Value'
1 | protocol EnvironmentKey {
2 | associatedtype Value}
| `- note: protocol requires nested type 'Value'
3 |
/Users/admin/builder/spi-builder-workspace/Sources/SwiftUIPHPicker/PHPicker+EnvironmentValues.swift:18:41: error: cannot find type 'PHPickerConfiguration' in scope
16 |
17 | extension EnvironmentValues {
18 | internal var phPickerConfiguration: PHPickerConfiguration {
| `- error: cannot find type 'PHPickerConfiguration' in scope
19 | get { self[PHPickerConfigurationEnvironmentKey.self] }
20 | set { self[PHPickerConfigurationEnvironmentKey.self] = newValue }
/Users/admin/builder/spi-builder-workspace/Sources/SwiftUIPHPicker/PHPicker+EnvironmentValues.swift:46:36: error: cannot find type 'PHPickerConfiguration' in scope
44 | /// - value: The new value to set for the item specified by `keyPath`.
45 | public func phPickerConfiguration<V>(
46 | _ keyPath: WritableKeyPath<PHPickerConfiguration, V>,
| `- error: cannot find type 'PHPickerConfiguration' in scope
47 | _ value: V
48 | ) -> some View {
/Users/admin/builder/spi-builder-workspace/Sources/SwiftUIPHPicker/PHPicker+EnvironmentValues.swift:55:99: error: cannot find type 'PHPickerConfiguration' in scope
53 |
54 | /// Transforms the `PHPickerConfiguration` with the given function.
55 | public func phPickerTransformConfiguration(_ configurationHandler: @escaping (_ config: inout PHPickerConfiguration) -> Void) -> some View {
| `- error: cannot find type 'PHPickerConfiguration' in scope
56 | self.transformEnvironment(\.phPickerConfiguration) { config in
57 | configurationHandler(&config)
/Users/admin/builder/spi-builder-workspace/Sources/SwiftUIPHPicker/PHPicker+EnvironmentValues.swift:74:55: error: cannot find type 'PHPickerConfiguration' in scope
72 | /// - Parameter behavior: The new selection behavior for the picker.
73 | @available(iOS 15, macCatalyst 15, macOS 13, *)
74 | public func phPickerSelectionBehavior(_ behavior: PHPickerConfiguration.Selection) -> some View {
| `- error: cannot find type 'PHPickerConfiguration' in scope
75 | self.transformEnvironment(\.phPickerConfiguration) { config in
76 | config.selection = behavior
/Users/admin/builder/spi-builder-workspace/Sources/SwiftUIPHPicker/PHPicker+EnvironmentValues.swift:84:42: error: cannot find type 'PHPickerFilter' in scope
82 | /// By default, a configuration object displays all asset types: images, Live Photos, and videos.
83 | /// - Parameter filter: The new filter applied to restrict the asset types the picker displays.
84 | public func phPickerFilter(_ filter: PHPickerFilter?) -> some View {
| `- error: cannot find type 'PHPickerFilter' in scope
85 | self.transformEnvironment(\.phPickerConfiguration) { config in
86 | config.filter = filter
/Users/admin/builder/spi-builder-workspace/Sources/SwiftUIPHPicker/PHPicker+EnvironmentValues.swift:96:66: error: cannot find type 'PHPickerConfiguration' in scope
94 | /// The system may perform additional transcoding to convert the asset you request to the compatable representation. Use [`PHPickerConfiguration.AssetRepresentationMode.current`](https://developer.apple.com/documentation/photokit/phpickerconfiguration/assetrepresentationmode/current) to avoid transcoding, if possible.
95 | /// - Parameter mode: The new mode that determines which representation to use if an asset contains more than one.
96 | public func phPickerPreferredAssetRepresentationMode(_ mode: PHPickerConfiguration.AssetRepresentationMode) -> some View {
| `- error: cannot find type 'PHPickerConfiguration' in scope
97 | self.transformEnvironment(\.phPickerConfiguration) { config in
98 | config.preferredAssetRepresentationMode = mode
/Users/admin/builder/spi-builder-workspace/Sources/SwiftUIPHPicker/PHPicker+EnvironmentValues.swift:49:35: error: cannot convert value of type 'KeyPath<EnvironmentValues, V>' to expected argument type 'WritableKeyPath<EnvironmentValues, V>'
47 | _ value: V
48 | ) -> some View {
49 | self.transformEnvironment(\.phPickerConfiguration) { config in
| `- error: cannot convert value of type 'KeyPath<EnvironmentValues, V>' to expected argument type 'WritableKeyPath<EnvironmentValues, V>'
50 | config[keyPath: keyPath] = value
51 | }
/Users/admin/builder/spi-builder-workspace/Sources/SwiftUIPHPicker/PHPicker+EnvironmentValues.swift:56:35: error: cannot convert value of type 'KeyPath<EnvironmentValues, V>' to expected argument type 'WritableKeyPath<EnvironmentValues, V>'
54 | /// Transforms the `PHPickerConfiguration` with the given function.
55 | public func phPickerTransformConfiguration(_ configurationHandler: @escaping (_ config: inout PHPickerConfiguration) -> Void) -> some View {
56 | self.transformEnvironment(\.phPickerConfiguration) { config in
| `- error: cannot convert value of type 'KeyPath<EnvironmentValues, V>' to expected argument type 'WritableKeyPath<EnvironmentValues, V>'
57 | configurationHandler(&config)
58 | }
/Users/admin/builder/spi-builder-workspace/Sources/SwiftUIPHPicker/PHPicker+EnvironmentValues.swift:66:35: error: cannot convert value of type 'KeyPath<EnvironmentValues, V>' to expected argument type 'WritableKeyPath<EnvironmentValues, V>'
64 | /// - Parameter limit: The new maximum number of selections the user can make.
65 | public func phPickerMaxSelectionCount(_ limit: Int?) -> some View {
66 | self.transformEnvironment(\.phPickerConfiguration) { config in
| `- error: cannot convert value of type 'KeyPath<EnvironmentValues, V>' to expected argument type 'WritableKeyPath<EnvironmentValues, V>'
67 | config.selectionLimit = limit ?? 0
68 | }
/Users/admin/builder/spi-builder-workspace/Sources/SwiftUIPHPicker/PHPicker+EnvironmentValues.swift:75:35: error: cannot convert value of type 'KeyPath<EnvironmentValues, V>' to expected argument type 'WritableKeyPath<EnvironmentValues, V>'
73 | @available(iOS 15, macCatalyst 15, macOS 13, *)
74 | public func phPickerSelectionBehavior(_ behavior: PHPickerConfiguration.Selection) -> some View {
75 | self.transformEnvironment(\.phPickerConfiguration) { config in
| `- error: cannot convert value of type 'KeyPath<EnvironmentValues, V>' to expected argument type 'WritableKeyPath<EnvironmentValues, V>'
76 | config.selection = behavior
77 | }
/Users/admin/builder/spi-builder-workspace/Sources/SwiftUIPHPicker/PHPicker+EnvironmentValues.swift:85:35: error: cannot convert value of type 'KeyPath<EnvironmentValues, V>' to expected argument type 'WritableKeyPath<EnvironmentValues, V>'
83 | /// - Parameter filter: The new filter applied to restrict the asset types the picker displays.
84 | public func phPickerFilter(_ filter: PHPickerFilter?) -> some View {
85 | self.transformEnvironment(\.phPickerConfiguration) { config in
| `- error: cannot convert value of type 'KeyPath<EnvironmentValues, V>' to expected argument type 'WritableKeyPath<EnvironmentValues, V>'
86 | config.filter = filter
87 | }
/Users/admin/builder/spi-builder-workspace/Sources/SwiftUIPHPicker/PHPicker+EnvironmentValues.swift:97:35: error: cannot convert value of type 'KeyPath<EnvironmentValues, V>' to expected argument type 'WritableKeyPath<EnvironmentValues, V>'
95 | /// - Parameter mode: The new mode that determines which representation to use if an asset contains more than one.
96 | public func phPickerPreferredAssetRepresentationMode(_ mode: PHPickerConfiguration.AssetRepresentationMode) -> some View {
97 | self.transformEnvironment(\.phPickerConfiguration) { config in
| `- error: cannot convert value of type 'KeyPath<EnvironmentValues, V>' to expected argument type 'WritableKeyPath<EnvironmentValues, V>'
98 | config.preferredAssetRepresentationMode = mode
99 | }
PruneExplicitPrecompiledModules /Users/admin/builder/spi-builder-workspace/.derivedData/SDKExplicitPrecompiledModules
PruneExplicitPrecompiledModules /Users/admin/builder/spi-builder-workspace/.derivedData/Build/Intermediates.noindex/ExplicitPrecompiledModules
PruneExplicitPrecompiledModules /Users/admin/builder/spi-builder-workspace/.derivedData/Build/Intermediates.noindex/SwiftExplicitPrecompiledModules
2026-09-20 07:51:11.037 xcodebuild[623:3940] [MT] IDERunDestination: Supported platforms for the buildables in the current scheme is empty.
2026-09-20 07:51:11.181 xcodebuild[623:3940] [MT] IDERunDestination: Supported platforms for the buildables in the current scheme is empty.
** BUILD FAILED **
The following build commands failed:
SwiftCompile normal arm64 (in target 'SwiftUIPHPicker' from project 'SwiftUIPHPicker')
SwiftEmitModule normal arm64 Emitting\ module\ for\ SwiftUIPHPicker (in target 'SwiftUIPHPicker' from project 'SwiftUIPHPicker')
Building workspace SwiftUIPHPicker with scheme SwiftUIPHPicker
(3 failures)
Command line invocation:
/Applications/Xcode-27.0.0-Release.Candidate.app/Contents/Developer/usr/bin/xcodebuild -IDEClonedSourcePackagesDirPathOverride=/Users/admin/builder/spi-builder-workspace/.dependencies -resolvePackageDependencies
Resolve Package Graph
Resolved source packages:
SwiftUIPHPicker: /Users/admin/builder/spi-builder-workspace
resolved source packages: SwiftUIPHPicker
2026-09-20 07:51:17.663 xcodebuild[741:4498] [MT] IDERunDestination: Supported platforms for the buildables in the current scheme is empty.
2026-09-20 07:51:17.807 xcodebuild[741:4498] [MT] IDERunDestination: Supported platforms for the buildables in the current scheme is empty.
{
"dependencies" : [
],
"manifest_display_name" : "SwiftUIPHPicker",
"name" : "SwiftUIPHPicker",
"path" : "/Users/admin/builder/spi-builder-workspace",
"platforms" : [
{
"name" : "ios",
"version" : "14.0"
},
{
"name" : "macos",
"version" : "13.0"
},
{
"name" : "maccatalyst",
"version" : "14.0"
}
],
"products" : [
{
"name" : "SwiftUIPHPicker",
"targets" : [
"SwiftUIPHPicker"
],
"type" : {
"library" : [
"automatic"
]
}
}
],
"targets" : [
{
"c99name" : "SwiftUIPHPickerTests",
"module_type" : "SwiftTarget",
"name" : "SwiftUIPHPickerTests",
"path" : "Tests/SwiftUIPHPickerTests",
"sources" : [
"SwiftUIPHPickerTests.swift"
],
"target_dependencies" : [
"SwiftUIPHPicker"
],
"type" : "test"
},
{
"c99name" : "SwiftUIPHPicker",
"module_type" : "SwiftTarget",
"name" : "SwiftUIPHPicker",
"path" : "Sources/SwiftUIPHPicker",
"product_memberships" : [
"SwiftUIPHPicker"
],
"sources" : [
"FileManager+Extensions.swift",
"NSItemProvider+Extensions.swift",
"PHImage.swift",
"PHPicker+EnvironmentValues.swift",
"PHPicker+PresentationModifier.swift",
"PHPicker.swift",
"PHSelectedObject.swift"
],
"type" : "library"
}
],
"tools_version" : "5.7"
}
{
"workspace" : {
"name" : "SwiftUIPHPicker",
"schemes" : [
"SwiftUIPHPicker"
]
}
}
2026-09-20 07:51:18.913 xcodebuild[749:4564] [MT] IDERunDestination: Supported platforms for the buildables in the current scheme is empty.
2026-09-20 07:51:19.056 xcodebuild[749:4564] [MT] IDERunDestination: Supported platforms for the buildables in the current scheme is empty.
Running build ...
env DEVELOPER_DIR=/Applications/Xcode-27.0.0-Release.Candidate.app xcrun xcodebuild -IDEClonedSourcePackagesDirPathOverride=$PWD/.dependencies -skipMacroValidation -skipPackagePluginValidation -derivedDataPath $PWD/.derivedData build -scheme SwiftUIPHPicker -destination generic/platform=tvOS
Command line invocation:
/Applications/Xcode-27.0.0-Release.Candidate.app/Contents/Developer/usr/bin/xcodebuild -IDEClonedSourcePackagesDirPathOverride=/Users/admin/builder/spi-builder-workspace/.dependencies -skipMacroValidation -skipPackagePluginValidation -derivedDataPath /Users/admin/builder/spi-builder-workspace/.derivedData build -scheme SwiftUIPHPicker -destination generic/platform=tvOS
Resolve Package Graph
Resolved source packages:
SwiftUIPHPicker: /Users/admin/builder/spi-builder-workspace
ComputePackagePrebuildTargetDependencyGraph
Prepare packages
CreateBuildRequest
SendProjectDescription
CreateBuildOperation
ComputeTargetDependencyGraph
note: Building targets in dependency order
note: Target dependency graph (3 targets)
Target 'SwiftUIPHPickerTests-product' in project 'SwiftUIPHPicker'
➜ Explicit dependency on target 'SwiftUIPHPicker' in project 'SwiftUIPHPicker'
Target 'SwiftUIPHPicker-product' in project 'SwiftUIPHPicker'
➜ Explicit dependency on target 'SwiftUIPHPicker' in project 'SwiftUIPHPicker'
Target 'SwiftUIPHPicker' in project 'SwiftUIPHPicker' (no dependencies)
GatherProvisioningInputs
CreateBuildDescription
ClangStatCache /Applications/Xcode-27.0.0-Release.Candidate.app/Contents/Developer/Toolchains/XcodeDefault.xctoolchain/usr/bin/clang-stat-cache /Applications/Xcode-27.0.0-Release.Candidate.app/Contents/Developer/Platforms/AppleTVOS.platform/Developer/SDKs/AppleTVOS27.0.sdk /Users/admin/builder/spi-builder-workspace/.derivedData/SDKStatCaches.noindex/appletvos27.0-24J360-e829b21a6f8c9b70876ba0858053c044b32bfd8d43560033f8d89884cdb90028.sdkstatcache
cd /Users/admin/builder/spi-builder-workspace/.swiftpm/xcode
/Applications/Xcode-27.0.0-Release.Candidate.app/Contents/Developer/Toolchains/XcodeDefault.xctoolchain/usr/bin/clang-stat-cache /Applications/Xcode-27.0.0-Release.Candidate.app/Contents/Developer/Platforms/AppleTVOS.platform/Developer/SDKs/AppleTVOS27.0.sdk -o /Users/admin/builder/spi-builder-workspace/.derivedData/SDKStatCaches.noindex/appletvos27.0-24J360-e829b21a6f8c9b70876ba0858053c044b32bfd8d43560033f8d89884cdb90028.sdkstatcache
SwiftDriver SwiftUIPHPicker normal arm64 com.apple.xcode.tools.swift.compiler (in target 'SwiftUIPHPicker' from project 'SwiftUIPHPicker')
cd /Users/admin/builder/spi-builder-workspace/.swiftpm/xcode
builtin-SwiftDriver -- /Applications/Xcode-27.0.0-Release.Candidate.app/Contents/Developer/Toolchains/XcodeDefault.xctoolchain/usr/bin/swiftc -parse-as-library -module-name SwiftUIPHPicker -Onone @/Users/admin/builder/spi-builder-workspace/.derivedData/Build/Intermediates.noindex/SwiftUIPHPicker.build/Debug-appletvos/SwiftUIPHPicker-t.build/Objects-normal/arm64/SwiftUIPHPicker.SwiftFileList -DSWIFT_PACKAGE -DDEBUG -DSWIFT_MODULE_RESOURCE_BUNDLE_UNAVAILABLE -DXcode -plugin-path /Applications/Xcode-27.0.0-Release.Candidate.app/Contents/Developer/Toolchains/XcodeDefault.xctoolchain/usr/lib/swift/host/plugins/testing -enable-experimental-feature DebugDescriptionMacro -sdk /Applications/Xcode-27.0.0-Release.Candidate.app/Contents/Developer/Platforms/AppleTVOS.platform/Developer/SDKs/AppleTVOS27.0.sdk -target arm64-apple-tvos15.0 -g -module-cache-path /Users/admin/builder/spi-builder-workspace/.derivedData/ModuleCache.noindex -Xfrontend -serialize-debugging-options -profile-coverage-mapping -profile-generate -enable-testing -index-store-path /Users/admin/builder/spi-builder-workspace/.derivedData/Index.noindex/DataStore -Xcc -D_LIBCPP_HARDENING_MODE\=_LIBCPP_HARDENING_MODE_DEBUG -swift-version 5 -I /Users/admin/builder/spi-builder-workspace/.derivedData/Build/Products/Debug-appletvos -Isystem /Applications/Xcode-27.0.0-Release.Candidate.app/Contents/Developer/Platforms/AppleTVOS.platform/Developer/usr/lib -F /Users/admin/builder/spi-builder-workspace/.derivedData/Build/Products/Debug-appletvos -F /Applications/Xcode-27.0.0-Release.Candidate.app/Contents/Developer/Platforms/AppleTVOS.platform/Developer/Library/Frameworks -F /Applications/Xcode-27.0.0-Release.Candidate.app/Contents/Developer/Platforms/AppleTVOS.platform/Developer/SDKs/AppleTVOS27.0.sdk/Developer/Library/Frameworks -c -j10 -enable-batch-mode -incremental -Xcc -ivfsstatcache -Xcc /Users/admin/builder/spi-builder-workspace/.derivedData/SDKStatCaches.noindex/appletvos27.0-24J360-e829b21a6f8c9b70876ba0858053c044b32bfd8d43560033f8d89884cdb90028.sdkstatcache -output-file-map /Users/admin/builder/spi-builder-workspace/.derivedData/Build/Intermediates.noindex/SwiftUIPHPicker.build/Debug-appletvos/SwiftUIPHPicker-t.build/Objects-normal/arm64/SwiftUIPHPicker-OutputFileMap.json -save-temps -no-color-diagnostics -explicit-module-build -module-cache-path /Users/admin/builder/spi-builder-workspace/.derivedData/Build/Intermediates.noindex/SwiftExplicitPrecompiledModules -clang-scanner-module-cache-path /Users/admin/builder/spi-builder-workspace/.derivedData/ModuleCache.noindex -sdk-module-cache-path /Users/admin/builder/spi-builder-workspace/.derivedData/SDKExplicitPrecompiledModules -emit-dependencies -emit-module -emit-module-path /Users/admin/builder/spi-builder-workspace/.derivedData/Build/Intermediates.noindex/SwiftUIPHPicker.build/Debug-appletvos/SwiftUIPHPicker-t.build/Objects-normal/arm64/SwiftUIPHPicker.swiftmodule -serialize-diagnostics -dependency-scan-serialize-diagnostics-path /Users/admin/builder/spi-builder-workspace/.derivedData/Build/Intermediates.noindex/SwiftUIPHPicker.build/Debug-appletvos/SwiftUIPHPicker-t.build/Objects-normal/arm64/SwiftUIPHPicker-dependency-scan.dia -validate-clang-modules-once -clang-build-session-file /Users/admin/builder/spi-builder-workspace/.derivedData/ModuleCache.noindex/Session.modulevalidation -Xcc -fmodules-prune-interval\=86400 -Xcc -fmodules-prune-after\=345600 -emit-const-values -const-gather-protocols-list /Users/admin/builder/spi-builder-workspace/.derivedData/Build/Intermediates.noindex/SwiftUIPHPicker.build/Debug-appletvos/SwiftUIPHPicker-t.build/Objects-normal/arm64/SwiftUIPHPicker_const_extract_protocols.json -Xcc -I/Users/admin/builder/spi-builder-workspace/.derivedData/Build/Products/Debug-appletvos/include -Xcc -I/Users/admin/builder/spi-builder-workspace/.derivedData/Build/Intermediates.noindex/SwiftUIPHPicker.build/Debug-appletvos/SwiftUIPHPicker-t.build/DerivedSources-normal/arm64 -Xcc -I/Users/admin/builder/spi-builder-workspace/.derivedData/Build/Intermediates.noindex/SwiftUIPHPicker.build/Debug-appletvos/SwiftUIPHPicker-t.build/DerivedSources/arm64 -Xcc -I/Users/admin/builder/spi-builder-workspace/.derivedData/Build/Intermediates.noindex/SwiftUIPHPicker.build/Debug-appletvos/SwiftUIPHPicker-t.build/DerivedSources -Xcc -DSWIFT_PACKAGE -Xcc -DDEBUG\=1 -emit-objc-header -emit-objc-header-path /Users/admin/builder/spi-builder-workspace/.derivedData/Build/Intermediates.noindex/SwiftUIPHPicker.build/Debug-appletvos/SwiftUIPHPicker-t.build/Objects-normal/arm64/SwiftUIPHPicker-Swift.h -working-directory /Users/admin/builder/spi-builder-workspace/.swiftpm/xcode -experimental-emit-module-separately -disable-cmo
SwiftCompile normal arm64 Compiling\ NSItemProvider+Extensions.swift /Users/admin/builder/spi-builder-workspace/Sources/SwiftUIPHPicker/NSItemProvider+Extensions.swift (in target 'SwiftUIPHPicker' from project 'SwiftUIPHPicker')
SwiftCompile normal arm64 /Users/admin/builder/spi-builder-workspace/Sources/SwiftUIPHPicker/NSItemProvider+Extensions.swift (in target 'SwiftUIPHPicker' from project 'SwiftUIPHPicker')
cd /Users/admin/builder/spi-builder-workspace/.swiftpm/xcode
builtin-SwiftPerFileCompile NSItemProvider+Extensions.swift
SwiftEmitModule normal arm64 Emitting\ module\ for\ SwiftUIPHPicker (in target 'SwiftUIPHPicker' from project 'SwiftUIPHPicker')
/Users/admin/builder/spi-builder-workspace/Sources/SwiftUIPHPicker/PHPicker+EnvironmentValues.swift:14:30: error: cannot find type 'PHPickerConfiguration' in scope
12 |
13 | private struct PHPickerConfigurationEnvironmentKey: EnvironmentKey {
14 | static let defaultValue: PHPickerConfiguration = .init(photoLibrary: .shared())
| `- error: cannot find type 'PHPickerConfiguration' in scope
15 | }
16 |
/Users/admin/builder/spi-builder-workspace/Sources/SwiftUIPHPicker/PHPicker+EnvironmentValues.swift:13:16: error: type 'PHPickerConfigurationEnvironmentKey' does not conform to protocol 'EnvironmentKey'
11 | // MARK: - PHPickerConfigurationEnvironmentKey
12 |
13 | private struct PHPickerConfigurationEnvironmentKey: EnvironmentKey {
| |- error: type 'PHPickerConfigurationEnvironmentKey' does not conform to protocol 'EnvironmentKey'
| `- note: add stubs for conformance
14 | static let defaultValue: PHPickerConfiguration = .init(photoLibrary: .shared())
15 | }
SwiftUI.EnvironmentKey.Value:2:16: note: protocol requires nested type 'Value'
1 | protocol EnvironmentKey {
2 | associatedtype Value}
| `- note: protocol requires nested type 'Value'
3 |
/Users/admin/builder/spi-builder-workspace/Sources/SwiftUIPHPicker/PHPicker+EnvironmentValues.swift:18:41: error: cannot find type 'PHPickerConfiguration' in scope
16 |
17 | extension EnvironmentValues {
18 | internal var phPickerConfiguration: PHPickerConfiguration {
| `- error: cannot find type 'PHPickerConfiguration' in scope
19 | get { self[PHPickerConfigurationEnvironmentKey.self] }
20 | set { self[PHPickerConfigurationEnvironmentKey.self] = newValue }
/Users/admin/builder/spi-builder-workspace/Sources/SwiftUIPHPicker/PHPicker+EnvironmentValues.swift:46:36: error: cannot find type 'PHPickerConfiguration' in scope
44 | /// - value: The new value to set for the item specified by `keyPath`.
45 | public func phPickerConfiguration<V>(
46 | _ keyPath: WritableKeyPath<PHPickerConfiguration, V>,
| `- error: cannot find type 'PHPickerConfiguration' in scope
47 | _ value: V
48 | ) -> some View {
/Users/admin/builder/spi-builder-workspace/Sources/SwiftUIPHPicker/PHPicker+EnvironmentValues.swift:55:99: error: cannot find type 'PHPickerConfiguration' in scope
53 |
54 | /// Transforms the `PHPickerConfiguration` with the given function.
55 | public func phPickerTransformConfiguration(_ configurationHandler: @escaping (_ config: inout PHPickerConfiguration) -> Void) -> some View {
| `- error: cannot find type 'PHPickerConfiguration' in scope
56 | self.transformEnvironment(\.phPickerConfiguration) { config in
57 | configurationHandler(&config)
/Users/admin/builder/spi-builder-workspace/Sources/SwiftUIPHPicker/PHPicker+EnvironmentValues.swift:74:55: error: cannot find type 'PHPickerConfiguration' in scope
72 | /// - Parameter behavior: The new selection behavior for the picker.
73 | @available(iOS 15, macCatalyst 15, macOS 13, *)
74 | public func phPickerSelectionBehavior(_ behavior: PHPickerConfiguration.Selection) -> some View {
| `- error: cannot find type 'PHPickerConfiguration' in scope
75 | self.transformEnvironment(\.phPickerConfiguration) { config in
76 | config.selection = behavior
/Users/admin/builder/spi-builder-workspace/Sources/SwiftUIPHPicker/PHPicker+EnvironmentValues.swift:84:42: error: cannot find type 'PHPickerFilter' in scope
82 | /// By default, a configuration object displays all asset types: images, Live Photos, and videos.
83 | /// - Parameter filter: The new filter applied to restrict the asset types the picker displays.
84 | public func phPickerFilter(_ filter: PHPickerFilter?) -> some View {
| `- error: cannot find type 'PHPickerFilter' in scope
85 | self.transformEnvironment(\.phPickerConfiguration) { config in
86 | config.filter = filter
/Users/admin/builder/spi-builder-workspace/Sources/SwiftUIPHPicker/PHPicker+EnvironmentValues.swift:96:66: error: cannot find type 'PHPickerConfiguration' in scope
94 | /// The system may perform additional transcoding to convert the asset you request to the compatable representation. Use [`PHPickerConfiguration.AssetRepresentationMode.current`](https://developer.apple.com/documentation/photokit/phpickerconfiguration/assetrepresentationmode/current) to avoid transcoding, if possible.
95 | /// - Parameter mode: The new mode that determines which representation to use if an asset contains more than one.
96 | public func phPickerPreferredAssetRepresentationMode(_ mode: PHPickerConfiguration.AssetRepresentationMode) -> some View {
| `- error: cannot find type 'PHPickerConfiguration' in scope
97 | self.transformEnvironment(\.phPickerConfiguration) { config in
98 | config.preferredAssetRepresentationMode = mode
/Users/admin/builder/spi-builder-workspace/Sources/SwiftUIPHPicker/PHPicker.swift:12:18: error: cannot convert value of type 'KeyPath<Root, Value>' to expected argument type 'Value.Type'
10 |
11 | public struct PHPicker {
12 | @Environment(\.phPickerConfiguration)
| `- error: cannot convert value of type 'KeyPath<Root, Value>' to expected argument type 'Value.Type'
13 | private var phPickerConfiguration
14 |
/Users/admin/builder/spi-builder-workspace/Sources/SwiftUIPHPicker/PHPicker.swift:12:6: error: generic parameter 'Value' could not be inferred
10 |
11 | public struct PHPicker {
12 | @Environment(\.phPickerConfiguration)
| `- error: generic parameter 'Value' could not be inferred
13 | private var phPickerConfiguration
14 |
/Users/admin/builder/spi-builder-workspace/Sources/SwiftUIPHPicker/PHPicker.swift:12:18: error: cannot infer key path type from context; consider explicitly specifying a root type
10 |
11 | public struct PHPicker {
12 | @Environment(\.phPickerConfiguration)
| `- error: cannot infer key path type from context; consider explicitly specifying a root type
13 | private var phPickerConfiguration
14 |
/Users/admin/builder/spi-builder-workspace/Sources/SwiftUIPHPicker/PHPicker.swift:44:59: error: 'PHPickerViewController' is unavailable in tvOS
42 |
43 | extension PHPicker: UIViewControllerRepresentable {
44 | public func makeUIViewController(context: Context) -> PHPickerViewController {
| `- error: 'PHPickerViewController' is unavailable in tvOS
45 | let picker = PHPickerViewController(configuration: context.environment.phPickerConfiguration)
46 | picker.delegate = context.coordinator
/Applications/Xcode-27.0.0-Release.Candidate.app/Contents/Developer/Platforms/AppleTVOS.platform/Developer/SDKs/AppleTVOS27.0.sdk/System/Library/Frameworks/PhotosUI.framework/Headers/PHPicker.h:263:12: note: 'PHPickerViewController' has been explicitly marked unavailable here
261 | API_UNAVAILABLE(watchos)
262 | #if __has_include(<UIKit/UIViewController.h>) && TARGET_OS_IPHONE
263 | @interface PHPickerViewController : UIViewController
| `- note: 'PHPickerViewController' has been explicitly marked unavailable here
264 | #elif __has_include(<AppKit/NSViewController.h>)
265 | @interface PHPickerViewController : NSViewController
/Users/admin/builder/spi-builder-workspace/Sources/SwiftUIPHPicker/PHPicker.swift:50:60: error: 'PHPickerViewController' is unavailable in tvOS
48 | }
49 |
50 | public func updateUIViewController(_ uiViewController: PHPickerViewController, context: Context) {
| `- error: 'PHPickerViewController' is unavailable in tvOS
51 |
52 | }
/Applications/Xcode-27.0.0-Release.Candidate.app/Contents/Developer/Platforms/AppleTVOS.platform/Developer/SDKs/AppleTVOS27.0.sdk/System/Library/Frameworks/PhotosUI.framework/Headers/PHPicker.h:263:12: note: 'PHPickerViewController' has been explicitly marked unavailable here
261 | API_UNAVAILABLE(watchos)
262 | #if __has_include(<UIKit/UIViewController.h>) && TARGET_OS_IPHONE
263 | @interface PHPickerViewController : UIViewController
| `- note: 'PHPickerViewController' has been explicitly marked unavailable here
264 | #elif __has_include(<AppKit/NSViewController.h>)
265 | @interface PHPickerViewController : NSViewController
/Users/admin/builder/spi-builder-workspace/Sources/SwiftUIPHPicker/PHPicker.swift:43:1: warning: unavailable class 'PHPickerViewController' was used to satisfy a requirement of protocol 'UIViewControllerRepresentable'; this will be an error in a future Swift language mode
41 | import UIKit
42 |
43 | extension PHPicker: UIViewControllerRepresentable {
| `- warning: unavailable class 'PHPickerViewController' was used to satisfy a requirement of protocol 'UIViewControllerRepresentable'; this will be an error in a future Swift language mode
44 | public func makeUIViewController(context: Context) -> PHPickerViewController {
45 | let picker = PHPickerViewController(configuration: context.environment.phPickerConfiguration)
/Applications/Xcode-27.0.0-Release.Candidate.app/Contents/Developer/Platforms/AppleTVOS.platform/Developer/SDKs/AppleTVOS27.0.sdk/System/Library/Frameworks/PhotosUI.framework/Headers/PHPicker.h:263:12: note: 'PHPickerViewController' declared here
261 | API_UNAVAILABLE(watchos)
262 | #if __has_include(<UIKit/UIViewController.h>) && TARGET_OS_IPHONE
263 | @interface PHPickerViewController : UIViewController
| `- note: 'PHPickerViewController' declared here
264 | #elif __has_include(<AppKit/NSViewController.h>)
265 | @interface PHPickerViewController : NSViewController
SwiftUI.UIViewControllerRepresentable.UIViewControllerType:2:16: note: requirement 'UIViewControllerType' declared here
1 | protocol UIViewControllerRepresentable {
2 | associatedtype UIViewControllerType : UIViewController}
| `- note: requirement 'UIViewControllerType' declared here
3 |
/Users/admin/builder/spi-builder-workspace/Sources/SwiftUIPHPicker/PHPicker.swift:73:41: error: cannot find type 'PHPickerViewControllerDelegate' in scope
71 |
72 | extension PHPicker {
73 | public class Coordinator: NSObject, PHPickerViewControllerDelegate {
| `- error: cannot find type 'PHPickerViewControllerDelegate' in scope
74 | var parent: PHPicker
75 |
/Users/admin/builder/spi-builder-workspace/Sources/SwiftUIPHPicker/PHPicker.swift:80:89: error: cannot find type 'PHPickerResult' in scope
78 | }
79 |
80 | public func picker(_ picker: PHPickerViewController, didFinishPicking results: [PHPickerResult]) {
| `- error: cannot find type 'PHPickerResult' in scope
81 | #if canImport(UIKit) && (os(iOS) || targetEnvironment(macCatalyst))
82 | picker.dismiss(animated: true)
/Users/admin/builder/spi-builder-workspace/Sources/SwiftUIPHPicker/PHPicker.swift:80:38: error: 'PHPickerViewController' is unavailable in tvOS
78 | }
79 |
80 | public func picker(_ picker: PHPickerViewController, didFinishPicking results: [PHPickerResult]) {
| `- error: 'PHPickerViewController' is unavailable in tvOS
81 | #if canImport(UIKit) && (os(iOS) || targetEnvironment(macCatalyst))
82 | picker.dismiss(animated: true)
/Applications/Xcode-27.0.0-Release.Candidate.app/Contents/Developer/Platforms/AppleTVOS.platform/Developer/SDKs/AppleTVOS27.0.sdk/System/Library/Frameworks/PhotosUI.framework/Headers/PHPicker.h:263:12: note: 'PHPickerViewController' has been explicitly marked unavailable here
261 | API_UNAVAILABLE(watchos)
262 | #if __has_include(<UIKit/UIViewController.h>) && TARGET_OS_IPHONE
263 | @interface PHPickerViewController : UIViewController
| `- note: 'PHPickerViewController' has been explicitly marked unavailable here
264 | #elif __has_include(<AppKit/NSViewController.h>)
265 | @interface PHPickerViewController : NSViewController
/Users/admin/builder/spi-builder-workspace/Sources/SwiftUIPHPicker/PHPicker.swift:92:61: error: cannot find type 'PHPickerResult' in scope
90 | }
91 |
92 | private func asyncLoadSelectedImages(from results: [PHPickerResult]) {
| `- error: cannot find type 'PHPickerResult' in scope
93 | let keepLivePhotosIntact = parent.keepLivePhotosIntact
94 | let destinationHandler = parent.phPickerVideoDestination
Failed frontend command:
/Applications/Xcode-27.0.0-Release.Candidate.app/Contents/Developer/Toolchains/XcodeDefault.xctoolchain/usr/bin/swift-frontend -frontend -emit-module -experimental-skip-non-inlinable-function-bodies-without-types /Users/admin/builder/spi-builder-workspace/Sources/SwiftUIPHPicker/FileManager+Extensions.swift /Users/admin/builder/spi-builder-workspace/Sources/SwiftUIPHPicker/NSItemProvider+Extensions.swift /Users/admin/builder/spi-builder-workspace/Sources/SwiftUIPHPicker/PHImage.swift /Users/admin/builder/spi-builder-workspace/Sources/SwiftUIPHPicker/PHPicker+EnvironmentValues.swift /Users/admin/builder/spi-builder-workspace/Sources/SwiftUIPHPicker/PHPicker+PresentationModifier.swift /Users/admin/builder/spi-builder-workspace/Sources/SwiftUIPHPicker/PHPicker.swift /Users/admin/builder/spi-builder-workspace/Sources/SwiftUIPHPicker/PHSelectedObject.swift -target arm64-apple-tvos15.0 -module-can-import-version UIKit 9127.0.84.1 9127.0.84 -disable-cross-import-overlay-search -swift-module-cross-import Photos /Applications/Xcode-27.0.0-Release.Candidate.app/Contents/Developer/Platforms/AppleTVOS.platform/Developer/SDKs/AppleTVOS.sdk/System/Library/Frameworks/Photos.framework/Modules/Photos.swiftcrossimport/AppIntents.swiftoverlay -swift-module-cross-import Photos /Applications/Xcode-27.0.0-Release.Candidate.app/Contents/Developer/Platforms/AppleTVOS.platform/Developer/SDKs/AppleTVOS27.0.sdk/System/Library/Frameworks/Photos.framework/Modules/Photos.swiftcrossimport/AppIntents.swiftoverlay -load-resolved-plugin /Applications/Xcode-27.0.0-Release.Candidate.app/Contents/Developer/Platforms/AppleTVOS.platform/Developer/usr/lib/swift/host/plugins/libFoundationMacros.dylib\#/Applications/Xcode-27.0.0-Release.Candidate.app/Contents/Developer/Platforms/AppleTVOS.platform/Developer/usr/bin/swift-plugin-server\#FoundationMacros -load-resolved-plugin /Applications/Xcode-27.0.0-Release.Candidate.app/Contents/Developer/Platforms/AppleTVOS.platform/Developer/usr/lib/swift/host/plugins/libObservationMacros.dylib\#/Applications/Xcode-27.0.0-Release.Candidate.app/Contents/Developer/Platforms/AppleTVOS.platform/Developer/usr/bin/swift-plugin-server\#ObservationMacros -load-resolved-plugin /Applications/Xcode-27.0.0-Release.Candidate.app/Contents/Developer/Platforms/AppleTVOS.platform/Developer/usr/lib/swift/host/plugins/libPreviewsMacros.dylib\#/Applications/Xcode-27.0.0-Release.Candidate.app/Contents/Developer/Platforms/AppleTVOS.platform/Developer/usr/bin/swift-plugin-server\#PreviewsMacros -load-resolved-plugin /Applications/Xcode-27.0.0-Release.Candidate.app/Contents/Developer/Platforms/AppleTVOS.platform/Developer/usr/lib/swift/host/plugins/libSwiftMacros.dylib\#/Applications/Xcode-27.0.0-Release.Candidate.app/Contents/Developer/Platforms/AppleTVOS.platform/Developer/usr/bin/swift-plugin-server\#SwiftMacros -load-resolved-plugin /Applications/Xcode-27.0.0-Release.Candidate.app/Contents/Developer/Platforms/AppleTVOS.platform/Developer/usr/lib/swift/host/plugins/libSwiftUIMacros.dylib\#/Applications/Xcode-27.0.0-Release.Candidate.app/Contents/Developer/Platforms/AppleTVOS.platform/Developer/usr/bin/swift-plugin-server\#SwiftUIMacros -disable-implicit-swift-modules -Xcc -fno-implicit-modules -Xcc -fno-implicit-module-maps -explicit-swift-module-map-file /Users/admin/builder/spi-builder-workspace/.derivedData/Build/Intermediates.noindex/SwiftUIPHPicker.build/Debug-appletvos/SwiftUIPHPicker-t.build/Objects-normal/arm64/SwiftUIPHPicker-dependencies-1.json -Xllvm -aarch64-use-tbi -enable-objc-interop -stack-check -sdk /Applications/Xcode-27.0.0-Release.Candidate.app/Contents/Developer/Platforms/AppleTVOS.platform/Developer/SDKs/AppleTVOS27.0.sdk -I /Users/admin/builder/spi-builder-workspace/.derivedData/Build/Products/Debug-appletvos -Isystem /Applications/Xcode-27.0.0-Release.Candidate.app/Contents/Developer/Platforms/AppleTVOS.platform/Developer/usr/lib -F /Users/admin/builder/spi-builder-workspace/.derivedData/Build/Products/Debug-appletvos -F /Applications/Xcode-27.0.0-Release.Candidate.app/Contents/Developer/Platforms/AppleTVOS.platform/Developer/Library/Frameworks -F /Applications/Xcode-27.0.0-Release.Candidate.app/Contents/Developer/Platforms/AppleTVOS.platform/Developer/SDKs/AppleTVOS27.0.sdk/Developer/Library/Frameworks -module-cache-path /Users/admin/builder/spi-builder-workspace/.derivedData/Build/Intermediates.noindex/SwiftExplicitPrecompiledModules -no-color-diagnostics -Xcc -fno-color-diagnostics -enable-testing -g -debug-info-format\=dwarf -dwarf-version\=4 -profile-generate -profile-coverage-mapping -swift-version 5 -Onone -D SWIFT_PACKAGE -D DEBUG -D SWIFT_MODULE_RESOURCE_BUNDLE_UNAVAILABLE -D Xcode -serialize-debugging-options -enable-experimental-feature DebugDescriptionMacro -empty-abi-descriptor -validate-clang-modules-once -clang-build-session-file /Users/admin/builder/spi-builder-workspace/.derivedData/ModuleCache.noindex/Session.modulevalidation -Xcc -working-directory -Xcc /Users/admin/builder/spi-builder-workspace/.swiftpm/xcode -enable-anonymous-context-mangled-names -file-compilation-dir /Users/admin/builder/spi-builder-workspace/.swiftpm/xcode -Xcc -D_LIBCPP_HARDENING_MODE\=_LIBCPP_HARDENING_MODE_DEBUG -Xcc -ivfsstatcache -Xcc /Users/admin/builder/spi-builder-workspace/.derivedData/SDKStatCaches.noindex/appletvos27.0-24J360-e829b21a6f8c9b70876ba0858053c044b32bfd8d43560033f8d89884cdb90028.sdkstatcache -Xcc -fmodules-prune-interval\=86400 -Xcc -fmodules-prune-after\=345600 -Xcc -I/Users/admin/builder/spi-builder-workspace/.derivedData/Build/Products/Debug-appletvos/include -Xcc -I/Users/admin/builder/spi-builder-workspace/.derivedData/Build/Intermediates.noindex/SwiftUIPHPicker.build/Debug-appletvos/SwiftUIPHPicker-t.build/DerivedSources-normal/arm64 -Xcc -I/Users/admin/builder/spi-builder-workspace/.derivedData/Build/Intermediates.noindex/SwiftUIPHPicker.build/Debug-appletvos/SwiftUIPHPicker-t.build/DerivedSources/arm64 -Xcc -I/Users/admin/builder/spi-builder-workspace/.derivedData/Build/Intermediates.noindex/SwiftUIPHPicker.build/Debug-appletvos/SwiftUIPHPicker-t.build/DerivedSources -Xcc -DSWIFT_PACKAGE -Xcc -DDEBUG\=1 -no-auto-bridging-header-chaining -module-name SwiftUIPHPicker -const-gather-protocols-file /Users/admin/builder/spi-builder-workspace/.derivedData/Build/Intermediates.noindex/SwiftUIPHPicker.build/Debug-appletvos/SwiftUIPHPicker-t.build/Objects-normal/arm64/SwiftUIPHPicker_const_extract_protocols.json -disable-clang-spi -clang-target arm64-apple-tvos27.0 -target-sdk-version 27.0 -target-sdk-name appletvos27.0 -in-process-plugin-server-path /Applications/Xcode-27.0.0-Release.Candidate.app/Contents/Developer/Toolchains/XcodeDefault.xctoolchain/usr/lib/swift/host/libSwiftInProcPluginServer.dylib -emit-module-doc-path /Users/admin/builder/spi-builder-workspace/.derivedData/Build/Intermediates.noindex/SwiftUIPHPicker.build/Debug-appletvos/SwiftUIPHPicker-t.build/Objects-normal/arm64/SwiftUIPHPicker.swiftdoc -emit-module-source-info-path /Users/admin/builder/spi-builder-workspace/.derivedData/Build/Intermediates.noindex/SwiftUIPHPicker.build/Debug-appletvos/SwiftUIPHPicker-t.build/Objects-normal/arm64/SwiftUIPHPicker.swiftsourceinfo -emit-objc-header-path /Users/admin/builder/spi-builder-workspace/.derivedData/Build/Intermediates.noindex/SwiftUIPHPicker.build/Debug-appletvos/SwiftUIPHPicker-t.build/Objects-normal/arm64/SwiftUIPHPicker-Swift.h -serialize-diagnostics-path /Users/admin/builder/spi-builder-workspace/.derivedData/Build/Intermediates.noindex/SwiftUIPHPicker.build/Debug-appletvos/SwiftUIPHPicker-t.build/Objects-normal/arm64/SwiftUIPHPicker-primary-emit-module.dia -emit-dependencies-path /Users/admin/builder/spi-builder-workspace/.derivedData/Build/Intermediates.noindex/SwiftUIPHPicker.build/Debug-appletvos/SwiftUIPHPicker-t.build/Objects-normal/arm64/SwiftUIPHPicker-primary-emit-module.d -parse-as-library -o /Users/admin/builder/spi-builder-workspace/.derivedData/Build/Intermediates.noindex/SwiftUIPHPicker.build/Debug-appletvos/SwiftUIPHPicker-t.build/Objects-normal/arm64/SwiftUIPHPicker.swiftmodule -emit-abi-descriptor-path /Users/admin/builder/spi-builder-workspace/.derivedData/Build/Intermediates.noindex/SwiftUIPHPicker.build/Debug-appletvos/SwiftUIPHPicker-t.build/Objects-normal/arm64/SwiftUIPHPicker.abi.json
SwiftCompile normal arm64 (in target 'SwiftUIPHPicker' from project 'SwiftUIPHPicker')
cd /Users/admin/builder/spi-builder-workspace/.swiftpm/xcode
SwiftCompile normal arm64 Compiling\ PHSelectedObject.swift /Users/admin/builder/spi-builder-workspace/Sources/SwiftUIPHPicker/PHSelectedObject.swift (in target 'SwiftUIPHPicker' from project 'SwiftUIPHPicker')
SwiftCompile normal arm64 /Users/admin/builder/spi-builder-workspace/Sources/SwiftUIPHPicker/PHSelectedObject.swift (in target 'SwiftUIPHPicker' from project 'SwiftUIPHPicker')
cd /Users/admin/builder/spi-builder-workspace/.swiftpm/xcode
builtin-SwiftPerFileCompile PHSelectedObject.swift
SwiftCompile normal arm64 Compiling\ PHImage.swift /Users/admin/builder/spi-builder-workspace/Sources/SwiftUIPHPicker/PHImage.swift (in target 'SwiftUIPHPicker' from project 'SwiftUIPHPicker')
SwiftCompile normal arm64 /Users/admin/builder/spi-builder-workspace/Sources/SwiftUIPHPicker/PHImage.swift (in target 'SwiftUIPHPicker' from project 'SwiftUIPHPicker')
cd /Users/admin/builder/spi-builder-workspace/.swiftpm/xcode
builtin-SwiftPerFileCompile PHImage.swift
SwiftCompile normal arm64 Compiling\ PHPicker.swift /Users/admin/builder/spi-builder-workspace/Sources/SwiftUIPHPicker/PHPicker.swift (in target 'SwiftUIPHPicker' from project 'SwiftUIPHPicker')
SwiftCompile normal arm64 /Users/admin/builder/spi-builder-workspace/Sources/SwiftUIPHPicker/PHPicker.swift (in target 'SwiftUIPHPicker' from project 'SwiftUIPHPicker')
cd /Users/admin/builder/spi-builder-workspace/.swiftpm/xcode
builtin-SwiftPerFileCompile PHPicker.swift
/Users/admin/builder/spi-builder-workspace/Sources/SwiftUIPHPicker/PHPicker+EnvironmentValues.swift:18:41: error: cannot find type 'PHPickerConfiguration' in scope
16 |
17 | extension EnvironmentValues {
18 | internal var phPickerConfiguration: PHPickerConfiguration {
| `- error: cannot find type 'PHPickerConfiguration' in scope
19 | get { self[PHPickerConfigurationEnvironmentKey.self] }
20 | set { self[PHPickerConfigurationEnvironmentKey.self] = newValue }
/Users/admin/builder/spi-builder-workspace/Sources/SwiftUIPHPicker/PHPicker.swift:12:18: error: cannot convert value of type 'KeyPath<Root, Value>' to expected argument type 'Value.Type'
10 |
11 | public struct PHPicker {
12 | @Environment(\.phPickerConfiguration)
| `- error: cannot convert value of type 'KeyPath<Root, Value>' to expected argument type 'Value.Type'
13 | private var phPickerConfiguration
14 |
/Users/admin/builder/spi-builder-workspace/Sources/SwiftUIPHPicker/PHPicker.swift:12:6: error: generic parameter 'Value' could not be inferred
10 |
11 | public struct PHPicker {
12 | @Environment(\.phPickerConfiguration)
| `- error: generic parameter 'Value' could not be inferred
13 | private var phPickerConfiguration
14 |
/Users/admin/builder/spi-builder-workspace/Sources/SwiftUIPHPicker/PHPicker.swift:12:18: error: cannot infer key path type from context; consider explicitly specifying a root type
10 |
11 | public struct PHPicker {
12 | @Environment(\.phPickerConfiguration)
| `- error: cannot infer key path type from context; consider explicitly specifying a root type
13 | private var phPickerConfiguration
14 |
/Users/admin/builder/spi-builder-workspace/Sources/SwiftUIPHPicker/PHPicker.swift:44:59: error: 'PHPickerViewController' is unavailable in tvOS
42 |
43 | extension PHPicker: UIViewControllerRepresentable {
44 | public func makeUIViewController(context: Context) -> PHPickerViewController {
| `- error: 'PHPickerViewController' is unavailable in tvOS
45 | let picker = PHPickerViewController(configuration: context.environment.phPickerConfiguration)
46 | picker.delegate = context.coordinator
/Applications/Xcode-27.0.0-Release.Candidate.app/Contents/Developer/Platforms/AppleTVOS.platform/Developer/SDKs/AppleTVOS27.0.sdk/System/Library/Frameworks/PhotosUI.framework/Headers/PHPicker.h:263:12: note: 'PHPickerViewController' has been explicitly marked unavailable here
261 | API_UNAVAILABLE(watchos)
262 | #if __has_include(<UIKit/UIViewController.h>) && TARGET_OS_IPHONE
263 | @interface PHPickerViewController : UIViewController
| `- note: 'PHPickerViewController' has been explicitly marked unavailable here
264 | #elif __has_include(<AppKit/NSViewController.h>)
265 | @interface PHPickerViewController : NSViewController
/Users/admin/builder/spi-builder-workspace/Sources/SwiftUIPHPicker/PHPicker.swift:50:60: error: 'PHPickerViewController' is unavailable in tvOS
48 | }
49 |
50 | public func updateUIViewController(_ uiViewController: PHPickerViewController, context: Context) {
| `- error: 'PHPickerViewController' is unavailable in tvOS
51 |
52 | }
/Applications/Xcode-27.0.0-Release.Candidate.app/Contents/Developer/Platforms/AppleTVOS.platform/Developer/SDKs/AppleTVOS27.0.sdk/System/Library/Frameworks/PhotosUI.framework/Headers/PHPicker.h:263:12: note: 'PHPickerViewController' has been explicitly marked unavailable here
261 | API_UNAVAILABLE(watchos)
262 | #if __has_include(<UIKit/UIViewController.h>) && TARGET_OS_IPHONE
263 | @interface PHPickerViewController : UIViewController
| `- note: 'PHPickerViewController' has been explicitly marked unavailable here
264 | #elif __has_include(<AppKit/NSViewController.h>)
265 | @interface PHPickerViewController : NSViewController
/Users/admin/builder/spi-builder-workspace/Sources/SwiftUIPHPicker/PHPicker.swift:43:1: warning: unavailable class 'PHPickerViewController' was used to satisfy a requirement of protocol 'UIViewControllerRepresentable'; this will be an error in a future Swift language mode
41 | import UIKit
42 |
43 | extension PHPicker: UIViewControllerRepresentable {
| `- warning: unavailable class 'PHPickerViewController' was used to satisfy a requirement of protocol 'UIViewControllerRepresentable'; this will be an error in a future Swift language mode
44 | public func makeUIViewController(context: Context) -> PHPickerViewController {
45 | let picker = PHPickerViewController(configuration: context.environment.phPickerConfiguration)
/Applications/Xcode-27.0.0-Release.Candidate.app/Contents/Developer/Platforms/AppleTVOS.platform/Developer/SDKs/AppleTVOS27.0.sdk/System/Library/Frameworks/PhotosUI.framework/Headers/PHPicker.h:263:12: note: 'PHPickerViewController' declared here
261 | API_UNAVAILABLE(watchos)
262 | #if __has_include(<UIKit/UIViewController.h>) && TARGET_OS_IPHONE
263 | @interface PHPickerViewController : UIViewController
| `- note: 'PHPickerViewController' declared here
264 | #elif __has_include(<AppKit/NSViewController.h>)
265 | @interface PHPickerViewController : NSViewController
SwiftUI.UIViewControllerRepresentable.UIViewControllerType:2:16: note: requirement 'UIViewControllerType' declared here
1 | protocol UIViewControllerRepresentable {
2 | associatedtype UIViewControllerType : UIViewController}
| `- note: requirement 'UIViewControllerType' declared here
3 |
/Users/admin/builder/spi-builder-workspace/Sources/SwiftUIPHPicker/PHPicker.swift:73:41: error: cannot find type 'PHPickerViewControllerDelegate' in scope
71 |
72 | extension PHPicker {
73 | public class Coordinator: NSObject, PHPickerViewControllerDelegate {
| `- error: cannot find type 'PHPickerViewControllerDelegate' in scope
74 | var parent: PHPicker
75 |
/Users/admin/builder/spi-builder-workspace/Sources/SwiftUIPHPicker/PHPicker.swift:80:89: error: cannot find type 'PHPickerResult' in scope
78 | }
79 |
80 | public func picker(_ picker: PHPickerViewController, didFinishPicking results: [PHPickerResult]) {
| `- error: cannot find type 'PHPickerResult' in scope
81 | #if canImport(UIKit) && (os(iOS) || targetEnvironment(macCatalyst))
82 | picker.dismiss(animated: true)
/Users/admin/builder/spi-builder-workspace/Sources/SwiftUIPHPicker/PHPicker.swift:80:38: error: 'PHPickerViewController' is unavailable in tvOS
78 | }
79 |
80 | public func picker(_ picker: PHPickerViewController, didFinishPicking results: [PHPickerResult]) {
| `- error: 'PHPickerViewController' is unavailable in tvOS
81 | #if canImport(UIKit) && (os(iOS) || targetEnvironment(macCatalyst))
82 | picker.dismiss(animated: true)
/Applications/Xcode-27.0.0-Release.Candidate.app/Contents/Developer/Platforms/AppleTVOS.platform/Developer/SDKs/AppleTVOS27.0.sdk/System/Library/Frameworks/PhotosUI.framework/Headers/PHPicker.h:263:12: note: 'PHPickerViewController' has been explicitly marked unavailable here
261 | API_UNAVAILABLE(watchos)
262 | #if __has_include(<UIKit/UIViewController.h>) && TARGET_OS_IPHONE
263 | @interface PHPickerViewController : UIViewController
| `- note: 'PHPickerViewController' has been explicitly marked unavailable here
264 | #elif __has_include(<AppKit/NSViewController.h>)
265 | @interface PHPickerViewController : NSViewController
SwiftCompile normal arm64 Compiling\ FileManager+Extensions.swift /Users/admin/builder/spi-builder-workspace/Sources/SwiftUIPHPicker/FileManager+Extensions.swift (in target 'SwiftUIPHPicker' from project 'SwiftUIPHPicker')
SwiftCompile normal arm64 /Users/admin/builder/spi-builder-workspace/Sources/SwiftUIPHPicker/FileManager+Extensions.swift (in target 'SwiftUIPHPicker' from project 'SwiftUIPHPicker')
cd /Users/admin/builder/spi-builder-workspace/.swiftpm/xcode
builtin-SwiftPerFileCompile FileManager+Extensions.swift
SwiftCompile normal arm64 Compiling\ PHPicker+PresentationModifier.swift /Users/admin/builder/spi-builder-workspace/Sources/SwiftUIPHPicker/PHPicker+PresentationModifier.swift (in target 'SwiftUIPHPicker' from project 'SwiftUIPHPicker')
/Users/admin/builder/spi-builder-workspace/Sources/SwiftUIPHPicker/PHPicker+EnvironmentValues.swift:18:41: error: cannot find type 'PHPickerConfiguration' in scope
16 |
17 | extension EnvironmentValues {
18 | internal var phPickerConfiguration: PHPickerConfiguration {
| `- error: cannot find type 'PHPickerConfiguration' in scope
19 | get { self[PHPickerConfigurationEnvironmentKey.self] }
20 | set { self[PHPickerConfigurationEnvironmentKey.self] = newValue }
/Users/admin/builder/spi-builder-workspace/Sources/SwiftUIPHPicker/PHPicker.swift:12:18: error: cannot convert value of type 'KeyPath<Root, Value>' to expected argument type 'Value.Type'
10 |
11 | public struct PHPicker {
12 | @Environment(\.phPickerConfiguration)
| `- error: cannot convert value of type 'KeyPath<Root, Value>' to expected argument type 'Value.Type'
13 | private var phPickerConfiguration
14 |
/Users/admin/builder/spi-builder-workspace/Sources/SwiftUIPHPicker/PHPicker.swift:12:6: error: generic parameter 'Value' could not be inferred
10 |
11 | public struct PHPicker {
12 | @Environment(\.phPickerConfiguration)
| `- error: generic parameter 'Value' could not be inferred
13 | private var phPickerConfiguration
14 |
SwiftCompile normal arm64 /Users/admin/builder/spi-builder-workspace/Sources/SwiftUIPHPicker/PHPicker+PresentationModifier.swift (in target 'SwiftUIPHPicker' from project 'SwiftUIPHPicker')
cd /Users/admin/builder/spi-builder-workspace/.swiftpm/xcode
builtin-SwiftPerFileCompile PHPicker+PresentationModifier.swift
SwiftCompile normal arm64 Compiling\ PHPicker+EnvironmentValues.swift /Users/admin/builder/spi-builder-workspace/Sources/SwiftUIPHPicker/PHPicker+EnvironmentValues.swift (in target 'SwiftUIPHPicker' from project 'SwiftUIPHPicker')
/Users/admin/builder/spi-builder-workspace/Sources/SwiftUIPHPicker/PHPicker+EnvironmentValues.swift:14:30: error: cannot find type 'PHPickerConfiguration' in scope
12 |
13 | private struct PHPickerConfigurationEnvironmentKey: EnvironmentKey {
14 | static let defaultValue: PHPickerConfiguration = .init(photoLibrary: .shared())
| `- error: cannot find type 'PHPickerConfiguration' in scope
15 | }
16 |
/Users/admin/builder/spi-builder-workspace/Sources/SwiftUIPHPicker/PHPicker+EnvironmentValues.swift:13:16: error: type 'PHPickerConfigurationEnvironmentKey' does not conform to protocol 'EnvironmentKey'
11 | // MARK: - PHPickerConfigurationEnvironmentKey
12 |
13 | private struct PHPickerConfigurationEnvironmentKey: EnvironmentKey {
| |- error: type 'PHPickerConfigurationEnvironmentKey' does not conform to protocol 'EnvironmentKey'
| `- note: add stubs for conformance
14 | static let defaultValue: PHPickerConfiguration = .init(photoLibrary: .shared())
15 | }
SwiftUI.EnvironmentKey.Value:2:16: note: protocol requires nested type 'Value'
1 | protocol EnvironmentKey {
2 | associatedtype Value}
| `- note: protocol requires nested type 'Value'
3 |
/Users/admin/builder/spi-builder-workspace/Sources/SwiftUIPHPicker/PHPicker+EnvironmentValues.swift:18:41: error: cannot find type 'PHPickerConfiguration' in scope
16 |
17 | extension EnvironmentValues {
18 | internal var phPickerConfiguration: PHPickerConfiguration {
| `- error: cannot find type 'PHPickerConfiguration' in scope
19 | get { self[PHPickerConfigurationEnvironmentKey.self] }
20 | set { self[PHPickerConfigurationEnvironmentKey.self] = newValue }
/Users/admin/builder/spi-builder-workspace/Sources/SwiftUIPHPicker/PHPicker+EnvironmentValues.swift:46:36: error: cannot find type 'PHPickerConfiguration' in scope
44 | /// - value: The new value to set for the item specified by `keyPath`.
45 | public func phPickerConfiguration<V>(
46 | _ keyPath: WritableKeyPath<PHPickerConfiguration, V>,
| `- error: cannot find type 'PHPickerConfiguration' in scope
47 | _ value: V
48 | ) -> some View {
/Users/admin/builder/spi-builder-workspace/Sources/SwiftUIPHPicker/PHPicker+EnvironmentValues.swift:55:99: error: cannot find type 'PHPickerConfiguration' in scope
53 |
54 | /// Transforms the `PHPickerConfiguration` with the given function.
55 | public func phPickerTransformConfiguration(_ configurationHandler: @escaping (_ config: inout PHPickerConfiguration) -> Void) -> some View {
| `- error: cannot find type 'PHPickerConfiguration' in scope
56 | self.transformEnvironment(\.phPickerConfiguration) { config in
57 | configurationHandler(&config)
/Users/admin/builder/spi-builder-workspace/Sources/SwiftUIPHPicker/PHPicker+EnvironmentValues.swift:74:55: error: cannot find type 'PHPickerConfiguration' in scope
72 | /// - Parameter behavior: The new selection behavior for the picker.
73 | @available(iOS 15, macCatalyst 15, macOS 13, *)
74 | public func phPickerSelectionBehavior(_ behavior: PHPickerConfiguration.Selection) -> some View {
| `- error: cannot find type 'PHPickerConfiguration' in scope
75 | self.transformEnvironment(\.phPickerConfiguration) { config in
76 | config.selection = behavior
/Users/admin/builder/spi-builder-workspace/Sources/SwiftUIPHPicker/PHPicker+EnvironmentValues.swift:84:42: error: cannot find type 'PHPickerFilter' in scope
82 | /// By default, a configuration object displays all asset types: images, Live Photos, and videos.
83 | /// - Parameter filter: The new filter applied to restrict the asset types the picker displays.
84 | public func phPickerFilter(_ filter: PHPickerFilter?) -> some View {
| `- error: cannot find type 'PHPickerFilter' in scope
85 | self.transformEnvironment(\.phPickerConfiguration) { config in
86 | config.filter = filter
/Users/admin/builder/spi-builder-workspace/Sources/SwiftUIPHPicker/PHPicker+EnvironmentValues.swift:96:66: error: cannot find type 'PHPickerConfiguration' in scope
94 | /// The system may perform additional transcoding to convert the asset you request to the compatable representation. Use [`PHPickerConfiguration.AssetRepresentationMode.current`](https://developer.apple.com/documentation/photokit/phpickerconfiguration/assetrepresentationmode/current) to avoid transcoding, if possible.
95 | /// - Parameter mode: The new mode that determines which representation to use if an asset contains more than one.
96 | public func phPickerPreferredAssetRepresentationMode(_ mode: PHPickerConfiguration.AssetRepresentationMode) -> some View {
| `- error: cannot find type 'PHPickerConfiguration' in scope
97 | self.transformEnvironment(\.phPickerConfiguration) { config in
98 | config.preferredAssetRepresentationMode = mode
/Users/admin/builder/spi-builder-workspace/Sources/SwiftUIPHPicker/PHPicker+EnvironmentValues.swift:49:35: error: cannot convert value of type 'KeyPath<EnvironmentValues, V>' to expected argument type 'WritableKeyPath<EnvironmentValues, V>'
47 | _ value: V
48 | ) -> some View {
49 | self.transformEnvironment(\.phPickerConfiguration) { config in
| `- error: cannot convert value of type 'KeyPath<EnvironmentValues, V>' to expected argument type 'WritableKeyPath<EnvironmentValues, V>'
50 | config[keyPath: keyPath] = value
51 | }
/Users/admin/builder/spi-builder-workspace/Sources/SwiftUIPHPicker/PHPicker+EnvironmentValues.swift:56:35: error: cannot convert value of type 'KeyPath<EnvironmentValues, V>' to expected argument type 'WritableKeyPath<EnvironmentValues, V>'
54 | /// Transforms the `PHPickerConfiguration` with the given function.
55 | public func phPickerTransformConfiguration(_ configurationHandler: @escaping (_ config: inout PHPickerConfiguration) -> Void) -> some View {
56 | self.transformEnvironment(\.phPickerConfiguration) { config in
| `- error: cannot convert value of type 'KeyPath<EnvironmentValues, V>' to expected argument type 'WritableKeyPath<EnvironmentValues, V>'
57 | configurationHandler(&config)
58 | }
/Users/admin/builder/spi-builder-workspace/Sources/SwiftUIPHPicker/PHPicker+EnvironmentValues.swift:66:35: error: cannot convert value of type 'KeyPath<EnvironmentValues, V>' to expected argument type 'WritableKeyPath<EnvironmentValues, V>'
64 | /// - Parameter limit: The new maximum number of selections the user can make.
65 | public func phPickerMaxSelectionCount(_ limit: Int?) -> some View {
66 | self.transformEnvironment(\.phPickerConfiguration) { config in
| `- error: cannot convert value of type 'KeyPath<EnvironmentValues, V>' to expected argument type 'WritableKeyPath<EnvironmentValues, V>'
67 | config.selectionLimit = limit ?? 0
68 | }
/Users/admin/builder/spi-builder-workspace/Sources/SwiftUIPHPicker/PHPicker+EnvironmentValues.swift:75:35: error: cannot convert value of type 'KeyPath<EnvironmentValues, V>' to expected argument type 'WritableKeyPath<EnvironmentValues, V>'
73 | @available(iOS 15, macCatalyst 15, macOS 13, *)
74 | public func phPickerSelectionBehavior(_ behavior: PHPickerConfiguration.Selection) -> some View {
75 | self.transformEnvironment(\.phPickerConfiguration) { config in
| `- error: cannot convert value of type 'KeyPath<EnvironmentValues, V>' to expected argument type 'WritableKeyPath<EnvironmentValues, V>'
76 | config.selection = behavior
77 | }
/Users/admin/builder/spi-builder-workspace/Sources/SwiftUIPHPicker/PHPicker+EnvironmentValues.swift:85:35: error: cannot convert value of type 'KeyPath<EnvironmentValues, V>' to expected argument type 'WritableKeyPath<EnvironmentValues, V>'
83 | /// - Parameter filter: The new filter applied to restrict the asset types the picker displays.
84 | public func phPickerFilter(_ filter: PHPickerFilter?) -> some View {
85 | self.transformEnvironment(\.phPickerConfiguration) { config in
| `- error: cannot convert value of type 'KeyPath<EnvironmentValues, V>' to expected argument type 'WritableKeyPath<EnvironmentValues, V>'
86 | config.filter = filter
87 | }
/Users/admin/builder/spi-builder-workspace/Sources/SwiftUIPHPicker/PHPicker+EnvironmentValues.swift:97:35: error: cannot convert value of type 'KeyPath<EnvironmentValues, V>' to expected argument type 'WritableKeyPath<EnvironmentValues, V>'
95 | /// - Parameter mode: The new mode that determines which representation to use if an asset contains more than one.
96 | public func phPickerPreferredAssetRepresentationMode(_ mode: PHPickerConfiguration.AssetRepresentationMode) -> some View {
97 | self.transformEnvironment(\.phPickerConfiguration) { config in
| `- error: cannot convert value of type 'KeyPath<EnvironmentValues, V>' to expected argument type 'WritableKeyPath<EnvironmentValues, V>'
98 | config.preferredAssetRepresentationMode = mode
99 | }
SwiftCompile normal arm64 /Users/admin/builder/spi-builder-workspace/Sources/SwiftUIPHPicker/PHPicker+EnvironmentValues.swift (in target 'SwiftUIPHPicker' from project 'SwiftUIPHPicker')
cd /Users/admin/builder/spi-builder-workspace/.swiftpm/xcode
builtin-SwiftPerFileCompile PHPicker+EnvironmentValues.swift
PruneExplicitPrecompiledModules /Users/admin/builder/spi-builder-workspace/.derivedData/Build/Intermediates.noindex/SwiftExplicitPrecompiledModules
PruneExplicitPrecompiledModules /Users/admin/builder/spi-builder-workspace/.derivedData/Build/Intermediates.noindex/ExplicitPrecompiledModules
PruneExplicitPrecompiledModules /Users/admin/builder/spi-builder-workspace/.derivedData/SDKExplicitPrecompiledModules
2026-09-20 07:51:19.892 xcodebuild[750:4591] [MT] IDERunDestination: Supported platforms for the buildables in the current scheme is empty.
2026-09-20 07:51:20.039 xcodebuild[750:4591] [MT] IDERunDestination: Supported platforms for the buildables in the current scheme is empty.
** BUILD FAILED **
The following build commands failed:
SwiftEmitModule normal arm64 Emitting\ module\ for\ SwiftUIPHPicker (in target 'SwiftUIPHPicker' from project 'SwiftUIPHPicker')
SwiftCompile normal arm64 (in target 'SwiftUIPHPicker' from project 'SwiftUIPHPicker')
Building workspace SwiftUIPHPicker with scheme SwiftUIPHPicker
(3 failures)
BUILD FAILURE 6.4 tvOS