The Swift Package Index logo.Swift Package Index

Build Information

Failed to build objc-runtime-tools, reference main (c7335e), with Swift 6.4 for Linux on 27 Sep 2026 18:34:43 UTC.

Build Command

bash -c docker run --pull=always --rm -v "checkouts-54344847-1":/host -w "$PWD" -e JAVA_HOME="/root/.sdkman/candidates/java/current" -e SPI_BUILD="1" -e SPI_PROCESSING="1" registry.gitlab.com/saguaro1/spi-images:basic-6.4-latest swift build --triple x86_64-unknown-linux-gnu 2>&1

Build Log

========================================
RunAll
========================================
Builder version: 5.1.0
Interrupt handler set up.
========================================
Checkout
========================================
Clone URL: https://github.com/davdroman/objc-runtime-tools.git
Reference: main
Initialized empty Git repository in /host/spi-builder-workspace/.git/
hint: Using 'master' as the name for the initial branch. This default branch name
hint: is subject to change. To configure the initial branch name to use in all
hint: of your new repositories, which will suppress this warning, call:
hint:
hint: 	git config --global init.defaultBranch <name>
hint:
hint: Names commonly chosen instead of 'master' are 'main', 'trunk' and
hint: 'development'. The just-created branch can be renamed via this command:
hint:
hint: 	git branch -m <name>
From https://github.com/davdroman/objc-runtime-tools
 * branch            main       -> FETCH_HEAD
 * [new branch]      main       -> origin/main
HEAD is now at c7335e2 chore: enforce SwiftFormat configuration (#14)
Cloned https://github.com/davdroman/objc-runtime-tools.git
Revision (git rev-parse @):
c7335e294ab4ac21bab41e6c57fe2bdbb57a2e8c
SPI manifest file found: $PWD/.spi.yml
SUCCESS checkout https://github.com/davdroman/objc-runtime-tools.git at main
========================================
Build
========================================
Selected platform:         linux
Swift version:             6.4
Building package at path:  $PWD
https://github.com/davdroman/objc-runtime-tools.git
Running build ...
bash -c docker run --pull=always --rm -v "checkouts-54344847-1":/host -w "$PWD" -e JAVA_HOME="/root/.sdkman/candidates/java/current" -e SPI_BUILD="1" -e SPI_PROCESSING="1" registry.gitlab.com/saguaro1/spi-images:basic-6.4-latest swift build --triple x86_64-unknown-linux-gnu 2>&1
basic-6.4-latest: Pulling from saguaro1/spi-images
Digest: sha256:c77fcce225e223ac0fafed844619173fc6de8d62dd560eeb28db3182af6a282b
Status: Image is up to date for registry.gitlab.com/saguaro1/spi-images:basic-6.4-latest
Fetching https://github.com/swiftlang/swift-syntax
Fetching https://github.com/pointfreeco/swift-macro-testing
[1/1002] Fetching swift-macro-testing
Fetched https://github.com/pointfreeco/swift-macro-testing (0.55s)
[1/80069] Fetching swift-syntax
Fetched https://github.com/swiftlang/swift-syntax (3.80s)
Computing version for https://github.com/pointfreeco/swift-macro-testing
Computed https://github.com/pointfreeco/swift-macro-testing at 0.7.0 (3.99s)
Fetching https://github.com/pointfreeco/swift-snapshot-testing
[1/16485] Fetching swift-snapshot-testing
Fetched https://github.com/pointfreeco/swift-snapshot-testing (2.05s)
Computing version for https://github.com/swiftlang/swift-syntax
Computed https://github.com/swiftlang/swift-syntax at 604.0.0 (3.26s)
Computing version for https://github.com/pointfreeco/swift-snapshot-testing
Computed https://github.com/pointfreeco/swift-snapshot-testing at 1.19.6 (0.17s)
Fetching https://github.com/pointfreeco/swift-custom-dump
[1/5666] Fetching swift-custom-dump
Fetched https://github.com/pointfreeco/swift-custom-dump (0.55s)
Computing version for https://github.com/pointfreeco/swift-custom-dump
Computed https://github.com/pointfreeco/swift-custom-dump at 1.7.3 (0.73s)
Fetching https://github.com/pointfreeco/swift-issue-reporting
[1/6161] Fetching swift-issue-reporting
Fetched https://github.com/pointfreeco/swift-issue-reporting (0.76s)
Computing version for https://github.com/pointfreeco/swift-issue-reporting
Computed https://github.com/pointfreeco/swift-issue-reporting at 2.1.1 (1.87s)
Creating working copy for https://github.com/pointfreeco/swift-macro-testing
Working copy of https://github.com/pointfreeco/swift-macro-testing resolved at 0.7.0
Creating working copy for https://github.com/swiftlang/swift-syntax
Working copy of https://github.com/swiftlang/swift-syntax resolved at 604.0.0
Creating working copy for https://github.com/pointfreeco/swift-custom-dump
Working copy of https://github.com/pointfreeco/swift-custom-dump resolved at 1.7.3
Creating working copy for https://github.com/pointfreeco/swift-issue-reporting
Working copy of https://github.com/pointfreeco/swift-issue-reporting resolved at 2.1.1
Creating working copy for https://github.com/pointfreeco/swift-snapshot-testing
Working copy of https://github.com/pointfreeco/swift-snapshot-testing resolved at 1.19.6
Building for debugging...
[Computing dependencies]
[Provisioning 2 / 31]
[Pre-planning 1 / 823]
[Planning deferred tasks]
[164 / 342] SwiftSyntax510
[201 / 344]
[207 / 345]
[209 / 354] SwiftSyntax
[212 / 357] SwiftSyntax509
[219 / 358] SwiftSyntax510
[227 / 360] SwiftSyntax603
[230 / 360] SwiftSyntax510
[235 / 361] SwiftSyntax604
[237 / 361] SwiftSyntax
[249 / 380] SwiftDiagnostics
[250 / 389] SwiftParser
[251 / 389] SwiftParser
[252 / 389] SwiftDiagnostics
[254 / 389] SwiftDiagnostics
[260 / 389] SwiftBasicFormat
[265 / 389] SwiftParser
[266 / 389] SwiftParser
[267 / 389] SwiftParser
[268 / 389] SwiftParser
[273 / 389] SwiftParser
[275 / 389] SwiftDiagnostics
[276 / 389] SwiftDiagnostics
[277 / 389] SwiftDiagnostics
[279 / 389] SwiftDiagnostics
[281 / 389] SwiftDiagnostics
[282 / 389] SwiftBasicFormat
[283 / 389] SwiftParserDiagnostics
[284 / 390] SwiftParserDiagnostics
[287 / 390]
[290 / 400] SwiftParserDiagnostics
[291 / 401] SwiftParserDiagnostics
[292 / 401] SwiftParserDiagnostics
[295 / 402] SwiftParserDiagnostics
[298 / 402] SwiftParserDiagnostics
[302 / 402] SwiftParserDiagnostics
[306 / 403]
[309 / 412] SwiftOperators
[310 / 412] SwiftOperators
[316 / 412] SwiftOperators
[318 / 412] SwiftOperators
[321 / 412] SwiftBasicFormat
[325 / 422] SwiftSyntaxBuilder
[326 / 423] SwiftSyntaxBuilder
[328 / 424] SwiftSyntaxBuilder
[330 / 424] SwiftSyntaxBuilder
[331 / 424] SwiftSyntaxBuilder
[331 / 424] SwiftSyntax
[334 / 424] SwiftOperators
[341 / 425] SwiftIfConfig
[343 / 434] SwiftIfConfig
[344 / 434] SwiftIfConfig
[345 / 434] SwiftIfConfig
[346 / 434] SwiftSyntaxBuilder
[348 / 434] SwiftSyntaxBuilder
[355 / 435] SwiftSyntaxMacros
[360 / 445] SwiftSyntaxMacros
[362 / 445] SwiftSyntaxMacros
[365 / 445] SwiftSyntaxMacros
[370 / 445] SwiftSyntaxMacros
[372 / 445] SwiftSyntaxMacros-product
[376 / 455] SwiftSyntaxMacroExpansion
[377 / 455] SwiftSyntaxMacroExpansion
[379 / 457] SwiftSyntaxMacroExpansion
[380 / 457] SwiftSyntaxMacros
[382 / 457] SwiftSyntaxMacroExpansion
[385 / 457] SwiftSyntaxMacroExpansion
[389 / 457] SwiftSyntaxMacroExpansion
[392 / 458]
[394 / 467] SwiftCompilerPluginMessageHandling
[396 / 467] SwiftCompilerPluginMessageHandling
[397 / 467] SwiftCompilerPluginMessageHandling
[399 / 467] SwiftCompilerPluginMessageHandling
[400 / 467] SwiftCompilerPluginMessageHandling
[401 / 467] SwiftCompilerPluginMessageHandling
[408 / 470] SwiftCompilerPlugin
[416 / 471] SwiftCompilerPluginMessageHandling
[416 / 472] SwiftCompilerPlugin
[418 / 472] SwiftCompilerPluginMessageHandling
[420 / 473] SwiftSyntax
[423 / 474] SwiftSyntax
[430 / 474] SwiftIfConfig
[444 / 476] SwizzlingMacro
[453 / 485] AssociationMacro
[454 / 485] AssociationMacro
[454 / 485] SwizzlingMacro
[455 / 485] AssociationMacro
[463 / 487] AssociationMacro
[465 / 489] Association
[465 / 490] Association
error: SwiftCompile normal x86_64 /host/spi-builder-workspace/Sources/Association/Exports.swift failed with a nonzero exit code. Command line:     cd /host
    builtin-SwiftPerFileCompile Exports.swift
/host/spi-builder-workspace/Sources/Association/Exports.swift:1:26: error: no such module 'ObjectiveC.runtime'
1 | @_exported public import ObjectiveC.runtime
  |                          `- error: no such module 'ObjectiveC.runtime'
2 |
Failed frontend command:
/usr/bin/swift-frontend -frontend -c -primary-file /host/spi-builder-workspace/Sources/Association/Exports.swift /host/spi-builder-workspace/Sources/Association/Macros.swift /host/spi-builder-workspace/Sources/Association/Policy.swift -emit-dependencies-path /host/spi-builder-workspace/.build/out/Intermediates.noindex/objc-runtime-tools.build/Debug-linux-x86_64/Association-t.build/Objects-normal/x86_64/Exports.d -emit-const-values-path /host/spi-builder-workspace/.build/out/Intermediates.noindex/objc-runtime-tools.build/Debug-linux-x86_64/Association-t.build/Objects-normal/x86_64/Exports.swiftconstvalues -emit-reference-dependencies-path /host/spi-builder-workspace/.build/out/Intermediates.noindex/objc-runtime-tools.build/Debug-linux-x86_64/Association-t.build/Objects-normal/x86_64/Exports.swiftdeps -serialize-diagnostics-path /host/spi-builder-workspace/.build/out/Intermediates.noindex/objc-runtime-tools.build/Debug-linux-x86_64/Association-t.build/Objects-normal/x86_64/Exports.dia -target x86_64-unknown-linux-gnu -disable-objc-interop -I /host/spi-builder-workspace/.build/out/Products/Debug-linux-x86_64 -module-cache-path /host/spi-builder-workspace/.build/out/ModuleCache.noindex -color-diagnostics -Xcc -fcolor-diagnostics -enable-testing -g -debug-info-format\=dwarf -dwarf-version\=4 -swift-version 6 -Onone -D SWIFT_PACKAGE -D DEBUG -D SWIFT_MODULE_RESOURCE_BUNDLE_UNAVAILABLE -D Xcode -serialize-debugging-options -load-plugin-executable /host/spi-builder-workspace/.build/out/Products/Debug-linux-x86_64/AssociationMacro\#AssociationMacro -enable-upcoming-feature ExistentialAny -enable-upcoming-feature InternalImportsByDefault -enable-upcoming-feature MemberImportVisibility -enable-experimental-feature DebugDescriptionMacro -empty-abi-descriptor -external-plugin-path /usr/lib/swift/host/plugins/testing\#/usr/bin/swift-plugin-server -validate-clang-modules-once -clang-build-session-file /host/spi-builder-workspace/.build/out/ModuleCache.noindex/Session.modulevalidation -Xcc -working-directory -Xcc /host -enable-anonymous-context-mangled-names -file-compilation-dir /host -Xcc -fno-omit-frame-pointer -Xcc -D_LIBCPP_HARDENING_MODE\=_LIBCPP_HARDENING_MODE_DEBUG -Xcc -fmodules-prune-interval\=86400 -Xcc -fmodules-prune-after\=345600 -Xcc -I/host/spi-builder-workspace/.build/out/Products/Debug-linux-x86_64/include -Xcc -I/host/spi-builder-workspace/.build/out/Intermediates.noindex/objc-runtime-tools.build/Debug-linux-x86_64/Association-t.build/DerivedSources-normal/x86_64 -Xcc -I/host/spi-builder-workspace/.build/out/Intermediates.noindex/objc-runtime-tools.build/Debug-linux-x86_64/Association-t.build/DerivedSources/x86_64 -Xcc -I/host/spi-builder-workspace/.build/out/Intermediates.noindex/objc-runtime-tools.build/Debug-linux-x86_64/Association-t.build/DerivedSources -Xcc -DSWIFT_PACKAGE -Xcc -DDEBUG\=1 -no-auto-bridging-header-chaining -module-name Association -package-name spi_builder_workspace -const-gather-protocols-file /host/spi-builder-workspace/.build/out/Intermediates.noindex/objc-runtime-tools.build/Debug-linux-x86_64/Association-t.build/Objects-normal/x86_64/Association_const_extract_protocols.json -in-process-plugin-server-path /usr/lib/swift/host/libSwiftInProcPluginServer.so -plugin-path /usr/lib/swift/host/plugins -plugin-path /usr/local/lib/swift/host/plugins -parse-as-library -o /host/spi-builder-workspace/.build/out/Intermediates.noindex/objc-runtime-tools.build/Debug-linux-x86_64/Association-t.build/Objects-normal/x86_64/Exports.o -index-unit-output-path /objc-runtime-tools.build/Debug-linux-x86_64/Association-t.build/Objects-normal/x86_64/Exports.o -index-store-path /host/spi-builder-workspace/.build/out -index-system-modules
error: SwiftCompile normal x86_64 /host/spi-builder-workspace/Sources/Association/Policy.swift failed with a nonzero exit code. Command line:     cd /host
    builtin-SwiftPerFileCompile Policy.swift
/host/spi-builder-workspace/Sources/Association/Exports.swift:1:26: error: no such module 'ObjectiveC.runtime'
1 | @_exported public import ObjectiveC.runtime
  |                          `- error: no such module 'ObjectiveC.runtime'
2 |
Failed frontend command:
/usr/bin/swift-frontend -frontend -c /host/spi-builder-workspace/Sources/Association/Exports.swift /host/spi-builder-workspace/Sources/Association/Macros.swift -primary-file /host/spi-builder-workspace/Sources/Association/Policy.swift -emit-dependencies-path /host/spi-builder-workspace/.build/out/Intermediates.noindex/objc-runtime-tools.build/Debug-linux-x86_64/Association-t.build/Objects-normal/x86_64/Policy.d -emit-const-values-path /host/spi-builder-workspace/.build/out/Intermediates.noindex/objc-runtime-tools.build/Debug-linux-x86_64/Association-t.build/Objects-normal/x86_64/Policy.swiftconstvalues -emit-reference-dependencies-path /host/spi-builder-workspace/.build/out/Intermediates.noindex/objc-runtime-tools.build/Debug-linux-x86_64/Association-t.build/Objects-normal/x86_64/Policy.swiftdeps -serialize-diagnostics-path /host/spi-builder-workspace/.build/out/Intermediates.noindex/objc-runtime-tools.build/Debug-linux-x86_64/Association-t.build/Objects-normal/x86_64/Policy.dia -target x86_64-unknown-linux-gnu -disable-objc-interop -I /host/spi-builder-workspace/.build/out/Products/Debug-linux-x86_64 -module-cache-path /host/spi-builder-workspace/.build/out/ModuleCache.noindex -color-diagnostics -Xcc -fcolor-diagnostics -enable-testing -g -debug-info-format\=dwarf -dwarf-version\=4 -swift-version 6 -Onone -D SWIFT_PACKAGE -D DEBUG -D SWIFT_MODULE_RESOURCE_BUNDLE_UNAVAILABLE -D Xcode -serialize-debugging-options -load-plugin-executable /host/spi-builder-workspace/.build/out/Products/Debug-linux-x86_64/AssociationMacro\#AssociationMacro -enable-upcoming-feature ExistentialAny -enable-upcoming-feature InternalImportsByDefault -enable-upcoming-feature MemberImportVisibility -enable-experimental-feature DebugDescriptionMacro -empty-abi-descriptor -external-plugin-path /usr/lib/swift/host/plugins/testing\#/usr/bin/swift-plugin-server -validate-clang-modules-once -clang-build-session-file /host/spi-builder-workspace/.build/out/ModuleCache.noindex/Session.modulevalidation -Xcc -working-directory -Xcc /host -enable-anonymous-context-mangled-names -file-compilation-dir /host -Xcc -fno-omit-frame-pointer -Xcc -D_LIBCPP_HARDENING_MODE\=_LIBCPP_HARDENING_MODE_DEBUG -Xcc -fmodules-prune-interval\=86400 -Xcc -fmodules-prune-after\=345600 -Xcc -I/host/spi-builder-workspace/.build/out/Products/Debug-linux-x86_64/include -Xcc -I/host/spi-builder-workspace/.build/out/Intermediates.noindex/objc-runtime-tools.build/Debug-linux-x86_64/Association-t.build/DerivedSources-normal/x86_64 -Xcc -I/host/spi-builder-workspace/.build/out/Intermediates.noindex/objc-runtime-tools.build/Debug-linux-x86_64/Association-t.build/DerivedSources/x86_64 -Xcc -I/host/spi-builder-workspace/.build/out/Intermediates.noindex/objc-runtime-tools.build/Debug-linux-x86_64/Association-t.build/DerivedSources -Xcc -DSWIFT_PACKAGE -Xcc -DDEBUG\=1 -no-auto-bridging-header-chaining -module-name Association -package-name spi_builder_workspace -const-gather-protocols-file /host/spi-builder-workspace/.build/out/Intermediates.noindex/objc-runtime-tools.build/Debug-linux-x86_64/Association-t.build/Objects-normal/x86_64/Association_const_extract_protocols.json -in-process-plugin-server-path /usr/lib/swift/host/libSwiftInProcPluginServer.so -plugin-path /usr/lib/swift/host/plugins -plugin-path /usr/local/lib/swift/host/plugins -parse-as-library -o /host/spi-builder-workspace/.build/out/Intermediates.noindex/objc-runtime-tools.build/Debug-linux-x86_64/Association-t.build/Objects-normal/x86_64/Policy.o -index-unit-output-path /objc-runtime-tools.build/Debug-linux-x86_64/Association-t.build/Objects-normal/x86_64/Policy.o -index-store-path /host/spi-builder-workspace/.build/out -index-system-modules
error: SwiftCompile normal x86_64 failed with a nonzero exit code. Command line:     cd /host

/host/spi-builder-workspace/Sources/Association/Exports.swift:1:26: error: no such module 'ObjectiveC.runtime'
1 | @_exported public import ObjectiveC.runtime
  |                          `- error: no such module 'ObjectiveC.runtime'
2 |
Failed frontend command:
/usr/bin/swift-frontend -frontend -emit-module -experimental-skip-non-inlinable-function-bodies-without-types /host/spi-builder-workspace/Sources/Association/Exports.swift /host/spi-builder-workspace/Sources/Association/Macros.swift /host/spi-builder-workspace/Sources/Association/Policy.swift -target x86_64-unknown-linux-gnu -disable-objc-interop -I /host/spi-builder-workspace/.build/out/Products/Debug-linux-x86_64 -module-cache-path /host/spi-builder-workspace/.build/out/ModuleCache.noindex -color-diagnostics -Xcc -fcolor-diagnostics -enable-testing -g -debug-info-format\=dwarf -dwarf-version\=4 -swift-version 6 -Onone -D SWIFT_PACKAGE -D DEBUG -D SWIFT_MODULE_RESOURCE_BUNDLE_UNAVAILABLE -D Xcode -serialize-debugging-options -load-plugin-executable /host/spi-builder-workspace/.build/out/Products/Debug-linux-x86_64/AssociationMacro\#AssociationMacro -enable-upcoming-feature ExistentialAny -enable-upcoming-feature InternalImportsByDefault -enable-upcoming-feature MemberImportVisibility -enable-experimental-feature DebugDescriptionMacro -empty-abi-descriptor -external-plugin-path /usr/lib/swift/host/plugins/testing\#/usr/bin/swift-plugin-server -validate-clang-modules-once -clang-build-session-file /host/spi-builder-workspace/.build/out/ModuleCache.noindex/Session.modulevalidation -Xcc -working-directory -Xcc /host -enable-anonymous-context-mangled-names -file-compilation-dir /host -Xcc -fno-omit-frame-pointer -Xcc -D_LIBCPP_HARDENING_MODE\=_LIBCPP_HARDENING_MODE_DEBUG -Xcc -fmodules-prune-interval\=86400 -Xcc -fmodules-prune-after\=345600 -Xcc -I/host/spi-builder-workspace/.build/out/Products/Debug-linux-x86_64/include -Xcc -I/host/spi-builder-workspace/.build/out/Intermediates.noindex/objc-runtime-tools.build/Debug-linux-x86_64/Association-t.build/DerivedSources-normal/x86_64 -Xcc -I/host/spi-builder-workspace/.build/out/Intermediates.noindex/objc-runtime-tools.build/Debug-linux-x86_64/Association-t.build/DerivedSources/x86_64 -Xcc -I/host/spi-builder-workspace/.build/out/Intermediates.noindex/objc-runtime-tools.build/Debug-linux-x86_64/Association-t.build/DerivedSources -Xcc -DSWIFT_PACKAGE -Xcc -DDEBUG\=1 -no-auto-bridging-header-chaining -module-name Association -package-name spi_builder_workspace -const-gather-protocols-file /host/spi-builder-workspace/.build/out/Intermediates.noindex/objc-runtime-tools.build/Debug-linux-x86_64/Association-t.build/Objects-normal/x86_64/Association_const_extract_protocols.json -in-process-plugin-server-path /usr/lib/swift/host/libSwiftInProcPluginServer.so -plugin-path /usr/lib/swift/host/plugins -plugin-path /usr/local/lib/swift/host/plugins -emit-module-doc-path /host/spi-builder-workspace/.build/out/Intermediates.noindex/objc-runtime-tools.build/Debug-linux-x86_64/Association-t.build/Objects-normal/x86_64/Modules/Association.swiftdoc -emit-module-source-info-path /host/spi-builder-workspace/.build/out/Intermediates.noindex/objc-runtime-tools.build/Debug-linux-x86_64/Association-t.build/Objects-normal/x86_64/Modules/Association.swiftsourceinfo -emit-objc-header-path /host/spi-builder-workspace/.build/out/Intermediates.noindex/objc-runtime-tools.build/Debug-linux-x86_64/Association-t.build/Objects-normal/x86_64/Association-Swift.h -serialize-diagnostics-path /host/spi-builder-workspace/.build/out/Intermediates.noindex/objc-runtime-tools.build/Debug-linux-x86_64/Association-t.build/Objects-normal/x86_64/Association-primary-emit-module.dia -emit-dependencies-path /host/spi-builder-workspace/.build/out/Intermediates.noindex/objc-runtime-tools.build/Debug-linux-x86_64/Association-t.build/Objects-normal/x86_64/Association-primary-emit-module.d -parse-as-library -o /host/spi-builder-workspace/.build/out/Intermediates.noindex/objc-runtime-tools.build/Debug-linux-x86_64/Association-t.build/Objects-normal/x86_64/Modules/Association.swiftmodule
error: Build failed
BUILD FAILURE 6.4 linux