Build Information
Failed to build Rexy, reference 1.0.1 (3f4527), with Swift 6.4 for macOS (Xcode) using Xcode 27.0 on 16 Sep 2026 15:28:39 UTC.
Build Command
env DEVELOPER_DIR=/Applications/Xcode-27.0.0-Release.Candidate.app xcrun xcodebuild -IDEClonedSourcePackagesDirPathOverride=$PWD/.dependencies -skipMacroValidation -skipPackagePluginValidation -derivedDataPath $PWD/.derivedData build -scheme Rexy -destination platform=macOS,arch=arm64Build Log
========================================
RunAll
========================================
Builder version: 5.1.0
Interrupt handler set up.
========================================
Checkout
========================================
Clone URL: https://github.com/vadymmarkov/rexy.git
Reference: 1.0.1
Initialized empty Git repository in /Users/admin/builder/spi-builder-workspace/.git/
From https://github.com/vadymmarkov/rexy
* tag 1.0.1 -> FETCH_HEAD
HEAD is now at 3f45276 Merge pull request #15 from turtlemaster19/master
Cloned https://github.com/vadymmarkov/rexy.git
Revision (git rev-parse @):
3f4527608c5aced62d65ab6b4452cda69b716dbb
SUCCESS checkout https://github.com/vadymmarkov/rexy.git at 1.0.1
========================================
Build
========================================
Selected platform: macosXcodebuild
Swift version: 6.4
Building package at path: $PWD
https://github.com/vadymmarkov/rexy.git
Command line invocation:
/Applications/Xcode-27.0.0-Release.Candidate.app/Contents/Developer/usr/bin/xcodebuild -IDEClonedSourcePackagesDirPathOverride=/Users/admin/builder/spi-builder-workspace/.dependencies -resolvePackageDependencies
resolved source packages:
{
"dependencies" : [
],
"manifest_display_name" : "Rexy",
"name" : "Rexy",
"path" : "/Users/admin/builder/spi-builder-workspace",
"platforms" : [
],
"products" : [
{
"name" : "Rexy",
"targets" : [
"Rexy"
],
"type" : {
"library" : [
"automatic"
]
}
}
],
"targets" : [
{
"c99name" : "RexyTests",
"module_type" : "SwiftTarget",
"name" : "RexyTests",
"path" : "Tests/RexyTests",
"sources" : [
"CFlagsTests.swift",
"EFlagsTests.swift",
"ErrorTests.swift",
"RegexTests.swift"
],
"target_dependencies" : [
"Rexy"
],
"type" : "test"
},
{
"c99name" : "Rexy",
"module_type" : "SwiftTarget",
"name" : "Rexy",
"path" : "Sources/Rexy",
"product_memberships" : [
"Rexy"
],
"sources" : [
"CFlags.swift",
"EFlags.swift",
"Error.swift",
"Regex.swift",
"String+Rexy.swift"
],
"type" : "library"
}
],
"tools_version" : "5.1"
}
{
"project" : {
"configurations" : [
"Debug",
"Release"
],
"name" : "Rexy",
"schemes" : [
"Rexy"
],
"targets" : [
"Rexy",
"RexyTestSuite"
]
}
}
Running build ...
env DEVELOPER_DIR=/Applications/Xcode-27.0.0-Release.Candidate.app xcrun xcodebuild -IDEClonedSourcePackagesDirPathOverride=$PWD/.dependencies -skipMacroValidation -skipPackagePluginValidation -derivedDataPath $PWD/.derivedData build -scheme Rexy -destination platform=macOS,arch=arm64
Command line invocation:
/Applications/Xcode-27.0.0-Release.Candidate.app/Contents/Developer/usr/bin/xcodebuild -IDEClonedSourcePackagesDirPathOverride=/Users/admin/builder/spi-builder-workspace/.dependencies -skipMacroValidation -skipPackagePluginValidation -derivedDataPath /Users/admin/builder/spi-builder-workspace/.derivedData build -scheme Rexy -destination platform=macOS,arch=arm64
ComputePackagePrebuildTargetDependencyGraph
Prepare packages
CreateBuildRequest
SendProjectDescription
CreateBuildOperation
ComputeTargetDependencyGraph
note: Building targets in dependency order
note: Target dependency graph (1 target)
Target 'Rexy' in project 'Rexy' (no dependencies)
GatherProvisioningInputs
CreateBuildDescription
ExecuteExternalTool /Applications/Xcode-27.0.0-Release.Candidate.app/Contents/Developer/Toolchains/XcodeDefault.xctoolchain/usr/bin/clang -v -E -dM -isysroot /Applications/Xcode-27.0.0-Release.Candidate.app/Contents/Developer/Platforms/MacOSX.platform/Developer/SDKs/MacOSX27.0.sdk -x c -c /dev/null
ExecuteExternalTool /Applications/Xcode-27.0.0-Release.Candidate.app/Contents/Developer/Toolchains/XcodeDefault.xctoolchain/usr/bin/swiftc --version
ExecuteExternalTool /Applications/Xcode-27.0.0-Release.Candidate.app/Contents/Developer/Toolchains/XcodeDefault.xctoolchain/usr/bin/ld -version_details
Build description signature: 4e80d001c1b3d0bbd253be7af7ec21ab
Build description path: /Users/admin/builder/spi-builder-workspace/.derivedData/Build/Intermediates.noindex/XCBuildData/4e80d001c1b3d0bbd253be7af7ec21ab.xcbuilddata
/Users/admin/builder/spi-builder-workspace/Rexy.xcodeproj: error: The macOS deployment target 'MACOSX_DEPLOYMENT_TARGET' is set to 10.10, but the range of supported deployment target versions is 12.0 to 27.0.x. (in target 'Rexy' from project 'Rexy')
** BUILD FAILED **
The following build commands failed:
Building project Rexy with scheme Rexy
(1 failure)
Command line invocation:
/Applications/Xcode-27.0.0-Release.Candidate.app/Contents/Developer/usr/bin/xcodebuild -IDEClonedSourcePackagesDirPathOverride=/Users/admin/builder/spi-builder-workspace/.dependencies -resolvePackageDependencies
resolved source packages:
{
"dependencies" : [
],
"manifest_display_name" : "Rexy",
"name" : "Rexy",
"path" : "/Users/admin/builder/spi-builder-workspace",
"platforms" : [
],
"products" : [
{
"name" : "Rexy",
"targets" : [
"Rexy"
],
"type" : {
"library" : [
"automatic"
]
}
}
],
"targets" : [
{
"c99name" : "RexyTests",
"module_type" : "SwiftTarget",
"name" : "RexyTests",
"path" : "Tests/RexyTests",
"sources" : [
"CFlagsTests.swift",
"EFlagsTests.swift",
"ErrorTests.swift",
"RegexTests.swift"
],
"target_dependencies" : [
"Rexy"
],
"type" : "test"
},
{
"c99name" : "Rexy",
"module_type" : "SwiftTarget",
"name" : "Rexy",
"path" : "Sources/Rexy",
"product_memberships" : [
"Rexy"
],
"sources" : [
"CFlags.swift",
"EFlags.swift",
"Error.swift",
"Regex.swift",
"String+Rexy.swift"
],
"type" : "library"
}
],
"tools_version" : "5.1"
}
{
"project" : {
"configurations" : [
"Debug",
"Release"
],
"name" : "Rexy",
"schemes" : [
"Rexy"
],
"targets" : [
"Rexy",
"RexyTestSuite"
]
}
}
Running build ...
env DEVELOPER_DIR=/Applications/Xcode-27.0.0-Release.Candidate.app xcrun xcodebuild -IDEClonedSourcePackagesDirPathOverride=$PWD/.dependencies -skipMacroValidation -skipPackagePluginValidation -derivedDataPath $PWD/.derivedData build -scheme Rexy -destination platform=macOS,arch=arm64
Command line invocation:
/Applications/Xcode-27.0.0-Release.Candidate.app/Contents/Developer/usr/bin/xcodebuild -IDEClonedSourcePackagesDirPathOverride=/Users/admin/builder/spi-builder-workspace/.dependencies -skipMacroValidation -skipPackagePluginValidation -derivedDataPath /Users/admin/builder/spi-builder-workspace/.derivedData build -scheme Rexy -destination platform=macOS,arch=arm64
ComputePackagePrebuildTargetDependencyGraph
Prepare packages
CreateBuildRequest
SendProjectDescription
CreateBuildOperation
ComputeTargetDependencyGraph
note: Building targets in dependency order
note: Target dependency graph (1 target)
Target 'Rexy' in project 'Rexy' (no dependencies)
GatherProvisioningInputs
CreateBuildDescription
/Users/admin/builder/spi-builder-workspace/Rexy.xcodeproj: error: The macOS deployment target 'MACOSX_DEPLOYMENT_TARGET' is set to 10.10, but the range of supported deployment target versions is 12.0 to 27.0.x. (in target 'Rexy' from project 'Rexy')
** BUILD FAILED **
The following build commands failed:
Building project Rexy with scheme Rexy
(1 failure)
BUILD FAILURE 6.4 macosXcodebuild