Build Information
Failed to build SpeziAccount, reference 2.3.7 (35c6e6), with Swift 6.4 for tvOS using Xcode 27.0 on 24 Sep 2026 02:18:40 UTC.
Build Command
env DEVELOPER_DIR=/Applications/Xcode-27.0.0-Release.Candidate.app xcrun xcodebuild -IDEClonedSourcePackagesDirPathOverride=$PWD/.dependencies -skipMacroValidation -skipPackagePluginValidation -derivedDataPath $PWD/.derivedData build -scheme SpeziAccount-Package -destination generic/platform=tvOSBuild Log
87 | deleteButton.tap()
| `- error: 'tap()' is unavailable in tvOS
88 | } else { // iPhone / iPad / visionOS 1
89 | if !springboard.collectionViews.buttons["Remove App"].waitForExistence(timeout: 5) {
/Applications/Xcode-27.0.0-Release.Candidate.app/Contents/Developer/Platforms/AppleTVOS.platform/Developer/Library/Frameworks/XCUIAutomation.framework/Headers/XCUIElement.h:139:1: note: 'tap()' has been explicitly marked unavailable here
137 | * Sends a tap event to a hittable point computed for the element.
138 | */
139 | - (void)tap API_UNAVAILABLE(tvos);
| `- note: 'tap()' has been explicitly marked unavailable here
140 |
141 | /*!
/Users/admin/builder/spi-builder-workspace/.dependencies/checkouts/XCTestExtensions/Sources/XCTestExtensions/XCUIApplication+DeleteAndLaunch.swift:95:61: error: 'press(forDuration:)' is unavailable in tvOS
93 | XCTAssert(springboard.wait(for: .runningForeground, timeout: 2.0))
94 | XCTAssert(homeScreenIcons[appName].firstMatch.isHittable)
95 | homeScreenIcons[appName].firstMatch.press(forDuration: 1.75)
| `- error: 'press(forDuration:)' is unavailable in tvOS
96 | }
97 | if springboard.collectionViews.buttons["Options"].exists {
/Applications/Xcode-27.0.0-Release.Candidate.app/Contents/Developer/Platforms/AppleTVOS.platform/Developer/Library/Frameworks/XCUIAutomation.framework/Headers/XCUIElement.h:152:1: note: 'press(forDuration:)' has been explicitly marked unavailable here
150 | * Duration in seconds.
151 | */
152 | - (void)pressForDuration:(NSTimeInterval)duration API_UNAVAILABLE(tvos);
| `- note: 'press(forDuration:)' has been explicitly marked unavailable here
153 |
154 | /*!
/Users/admin/builder/spi-builder-workspace/.dependencies/checkouts/XCTestExtensions/Sources/XCTestExtensions/XCUIApplication+DeleteAndLaunch.swift:102:72: error: 'tap()' is unavailable in tvOS
100 | // an "Options" submenu, instead of placing it in the root of the menu.
101 | // So we first need to navigate to that submenu, and then try again
102 | springboard.collectionViews.buttons["Options"].tap()
| `- error: 'tap()' is unavailable in tvOS
103 | XCTAssert(springboard.buttons["Remove App"].waitForExistence(timeout: 5))
104 | }
/Applications/Xcode-27.0.0-Release.Candidate.app/Contents/Developer/Platforms/AppleTVOS.platform/Developer/Library/Frameworks/XCUIAutomation.framework/Headers/XCUIElement.h:139:1: note: 'tap()' has been explicitly marked unavailable here
137 | * Sends a tap event to a hittable point computed for the element.
138 | */
139 | - (void)tap API_UNAVAILABLE(tvos);
| `- note: 'tap()' has been explicitly marked unavailable here
140 |
141 | /*!
/Users/admin/builder/spi-builder-workspace/.dependencies/checkouts/XCTestExtensions/Sources/XCTestExtensions/XCUIApplication+DeleteAndLaunch.swift:106:51: error: 'tap()' is unavailable in tvOS
104 | }
105 | }
106 | springboard.buttons["Remove App"].tap()
| `- error: 'tap()' is unavailable in tvOS
107 | }
108 |
/Applications/Xcode-27.0.0-Release.Candidate.app/Contents/Developer/Platforms/AppleTVOS.platform/Developer/Library/Frameworks/XCUIAutomation.framework/Headers/XCUIElement.h:139:1: note: 'tap()' has been explicitly marked unavailable here
137 | * Sends a tap event to a hittable point computed for the element.
138 | */
139 | - (void)tap API_UNAVAILABLE(tvos);
| `- note: 'tap()' has been explicitly marked unavailable here
140 |
141 | /*!
/Users/admin/builder/spi-builder-workspace/.dependencies/checkouts/XCTestExtensions/Sources/XCTestExtensions/XCUIApplication+DeleteAndLaunch.swift:118:82: error: 'tap()' is unavailable in tvOS
116 | #else
117 | XCTAssert(springboard.alerts["Remove “\(appName)”?"].buttons["Delete App"].waitForExistence(timeout: 10.0))
118 | springboard.alerts["Remove “\(appName)”?"].buttons["Delete App"].tap()
| `- error: 'tap()' is unavailable in tvOS
119 | XCTAssert(springboard.alerts["Delete “\(appName)”?"].buttons["Delete"].waitForExistence(timeout: 10.0))
120 | springboard.alerts["Delete “\(appName)”?"].buttons["Delete"].tap()
/Applications/Xcode-27.0.0-Release.Candidate.app/Contents/Developer/Platforms/AppleTVOS.platform/Developer/Library/Frameworks/XCUIAutomation.framework/Headers/XCUIElement.h:139:1: note: 'tap()' has been explicitly marked unavailable here
137 | * Sends a tap event to a hittable point computed for the element.
138 | */
139 | - (void)tap API_UNAVAILABLE(tvos);
| `- note: 'tap()' has been explicitly marked unavailable here
140 |
141 | /*!
/Users/admin/builder/spi-builder-workspace/.dependencies/checkouts/XCTestExtensions/Sources/XCTestExtensions/XCUIApplication+DeleteAndLaunch.swift:120:78: error: 'tap()' is unavailable in tvOS
118 | springboard.alerts["Remove “\(appName)”?"].buttons["Delete App"].tap()
119 | XCTAssert(springboard.alerts["Delete “\(appName)”?"].buttons["Delete"].waitForExistence(timeout: 10.0))
120 | springboard.alerts["Delete “\(appName)”?"].buttons["Delete"].tap()
| `- error: 'tap()' is unavailable in tvOS
121 | #endif
122 |
/Applications/Xcode-27.0.0-Release.Candidate.app/Contents/Developer/Platforms/AppleTVOS.platform/Developer/Library/Frameworks/XCUIAutomation.framework/Headers/XCUIElement.h:139:1: note: 'tap()' has been explicitly marked unavailable here
137 | * Sends a tap event to a hittable point computed for the element.
138 | */
139 | - (void)tap API_UNAVAILABLE(tvos);
| `- note: 'tap()' has been explicitly marked unavailable here
140 |
141 | /*!
/Users/admin/builder/spi-builder-workspace/.dependencies/checkouts/XCTestExtensions/Sources/XCTestExtensions/XCUIApplication+DeleteAndLaunch.swift:127:62: error: 'tap()' is unavailable in tvOS
125 | let alertTitle = "There is data from “\(appName)” saved in Health"
126 | if springboard.alerts[alertTitle].waitForExistence(timeout: 5.0) {
127 | springboard.alerts[alertTitle].buttons["OK"].tap()
| `- error: 'tap()' is unavailable in tvOS
128 | }
129 |
/Applications/Xcode-27.0.0-Release.Candidate.app/Contents/Developer/Platforms/AppleTVOS.platform/Developer/Library/Frameworks/XCUIAutomation.framework/Headers/XCUIElement.h:139:1: note: 'tap()' has been explicitly marked unavailable here
137 | * Sends a tap event to a hittable point computed for the element.
138 | */
139 | - (void)tap API_UNAVAILABLE(tvos);
| `- note: 'tap()' has been explicitly marked unavailable here
140 |
141 | /*!
SwiftCompile normal arm64 /Users/admin/builder/spi-builder-workspace/.dependencies/checkouts/XCTestExtensions/Sources/XCTestExtensions/XCUIApplication+DeleteAndLaunch.swift (in target 'XCTestExtensions' from project 'XCTestExtensions')
cd /Users/admin/builder/spi-builder-workspace/.swiftpm/xcode
builtin-SwiftPerFileCompile XCUIApplication+DeleteAndLaunch.swift
SwiftExplicitDependencyGeneratePcm arm64 /Users/admin/builder/spi-builder-workspace/.derivedData/SDKExplicitPrecompiledModules/Foundation-3KHMOXHUOEX7MI4E04DWEG25Z.pcm
SwiftCompile normal arm64 Compiling\ XCUIElement+TextEntry.swift /Users/admin/builder/spi-builder-workspace/.dependencies/checkouts/XCTestExtensions/Sources/XCTestExtensions/XCUIElement+TextEntry.swift (in target 'XCTestExtensions' from project 'XCTestExtensions')
/Users/admin/builder/spi-builder-workspace/.dependencies/checkouts/XCTestExtensions/Sources/XCTestExtensions/XCUIElement+TextEntry.swift:120:9: error: cannot find 'typeKey' in scope
118 | #if !os(watchOS)
119 | // we want to delete everything, so move the cursor all the way to the right
120 | typeKey(XCUIKeyboardKey.rightArrow, modifierFlags: .command)
| `- error: cannot find 'typeKey' in scope
121 | #endif
122 | try performDelete(count: textFieldValue.count, options: options)
/Users/admin/builder/spi-builder-workspace/.dependencies/checkouts/XCTestExtensions/Sources/XCTestExtensions/XCUIElement+TextEntry.swift:200:21: error: 'tap()' is unavailable in tvOS
198 | if previousValue.isEmpty && textToEnter.count != valueAfterTextEntry.count {
199 | try performDelete(count: valueAfterTextEntry.count, options: [])
200 | tap() // cursor might not be placed at the rightmost position of the text field
| `- error: 'tap()' is unavailable in tvOS
201 | try performDelete(count: valueAfterTextEntry.count, options: [])
202 | try performEnter(value: previousValue + textToEnter, options: options, recursiveDepth: recursiveDepth + 1)
/Applications/Xcode-27.0.0-Release.Candidate.app/Contents/Developer/Platforms/AppleTVOS.platform/Developer/Library/Frameworks/XCUIAutomation.framework/Headers/XCUIElement.h:139:1: note: 'tap()' has been explicitly marked unavailable here
137 | * Sends a tap event to a hittable point computed for the element.
138 | */
139 | - (void)tap API_UNAVAILABLE(tvos);
| `- note: 'tap()' has been explicitly marked unavailable here
140 |
141 | /*!
/Users/admin/builder/spi-builder-workspace/.dependencies/checkouts/XCTestExtensions/Sources/XCTestExtensions/XCUIElement+TextEntry.swift:215:21: error: 'tap()' is unavailable in tvOS
213 | if previousValue + textToEnter != valueAfterTextEntry {
214 | try performDelete(count: valueAfterTextEntry.count, options: [])
215 | tap() // cursor might not be placed at the rightmost position of the text field
| `- error: 'tap()' is unavailable in tvOS
216 | try performDelete(count: valueAfterTextEntry.count, options: [])
217 |
/Applications/Xcode-27.0.0-Release.Candidate.app/Contents/Developer/Platforms/AppleTVOS.platform/Developer/Library/Frameworks/XCUIAutomation.framework/Headers/XCUIElement.h:139:1: note: 'tap()' has been explicitly marked unavailable here
137 | * Sends a tap event to a hittable point computed for the element.
138 | */
139 | - (void)tap API_UNAVAILABLE(tvos);
| `- note: 'tap()' has been explicitly marked unavailable here
140 |
141 | /*!
/Users/admin/builder/spi-builder-workspace/.dependencies/checkouts/XCTestExtensions/Sources/XCTestExtensions/XCUIElement+TextEntry.swift:237:17: error: cannot find 'coordinate' in scope
235 | var offset = 0.99
236 | repeat {
237 | coordinate(withNormalizedOffset: CGVector(dx: offset, dy: 0.5)).tap()
| `- error: cannot find 'coordinate' in scope
238 | offset -= 0.05
239 | } while offset >= 0 && !app.keyboards.firstMatch.waitForExistence(timeout: 2.0)
/Users/admin/builder/spi-builder-workspace/.dependencies/checkouts/XCTestExtensions/Sources/XCTestExtensions/XCUIElement+TextEntry.swift:243:13: error: cannot find 'typeKey' in scope
241 | #if !os(watchOS)
242 | // move the cursor all the way to the right
243 | typeKey(XCUIKeyboardKey.rightArrow, modifierFlags: .command)
| `- error: cannot find 'typeKey' in scope
244 | #endif
245 | } else {
/Users/admin/builder/spi-builder-workspace/.dependencies/checkouts/XCTestExtensions/Sources/XCTestExtensions/XCUIElement+TextEntry.swift:246:13: error: 'tap()' is unavailable in tvOS
244 | #endif
245 | } else {
246 | tap()
| `- error: 'tap()' is unavailable in tvOS
247 | #if os(visionOS)
248 | XCTAssert(app.visionOSKeyboard.wait(for: .runningForeground, timeout: 2.0))
/Applications/Xcode-27.0.0-Release.Candidate.app/Contents/Developer/Platforms/AppleTVOS.platform/Developer/Library/Frameworks/XCUIAutomation.framework/Headers/XCUIElement.h:139:1: note: 'tap()' has been explicitly marked unavailable here
137 | * Sends a tap event to a hittable point computed for the element.
138 | */
139 | - (void)tap API_UNAVAILABLE(tvos);
| `- note: 'tap()' has been explicitly marked unavailable here
140 |
141 | /*!
Failed frontend command:
/Applications/Xcode-27.0.0-Release.Candidate.app/Contents/Developer/Toolchains/XcodeDefault.xctoolchain/usr/bin/swift-frontend -frontend -c /Users/admin/builder/spi-builder-workspace/.dependencies/checkouts/XCTestExtensions/Sources/XCTestExtensions/XCTAssertThrowsErrorAsync.swift /Users/admin/builder/spi-builder-workspace/.dependencies/checkouts/XCTestExtensions/Sources/XCTestExtensions/XCUIApplication+DeleteAndLaunch.swift /Users/admin/builder/spi-builder-workspace/.dependencies/checkouts/XCTestExtensions/Sources/XCTestExtensions/XCUIApplication+Keyboard.swift /Users/admin/builder/spi-builder-workspace/.dependencies/checkouts/XCTestExtensions/Sources/XCTestExtensions/XCUIApplication+VisionOS.swift /Users/admin/builder/spi-builder-workspace/.dependencies/checkouts/XCTestExtensions/Sources/XCTestExtensions/XCUIElement+Other.swift -primary-file /Users/admin/builder/spi-builder-workspace/.dependencies/checkouts/XCTestExtensions/Sources/XCTestExtensions/XCUIElement+TextEntry.swift /Users/admin/builder/spi-builder-workspace/.dependencies/checkouts/XCTestExtensions/Sources/XCTestExtensions/XCUIElement+Toggle.swift /Users/admin/builder/spi-builder-workspace/.dependencies/checkouts/XCTestExtensions/Sources/XCTestExtensions/XCUIElementQuery+Predicates.swift /Users/admin/builder/spi-builder-workspace/.dependencies/checkouts/XCTestExtensions/Sources/XCTestExtensions/sleep.swift -emit-dependencies-path /Users/admin/builder/spi-builder-workspace/.derivedData/Build/Intermediates.noindex/XCTestExtensions.build/Debug-appletvos/XCTestExtensions-t.build/Objects-normal/arm64/XCUIElement+TextEntry.d -emit-const-values-path /Users/admin/builder/spi-builder-workspace/.derivedData/Build/Intermediates.noindex/XCTestExtensions.build/Debug-appletvos/XCTestExtensions-t.build/Objects-normal/arm64/XCUIElement+TextEntry.swiftconstvalues -emit-reference-dependencies-path /Users/admin/builder/spi-builder-workspace/.derivedData/Build/Intermediates.noindex/XCTestExtensions.build/Debug-appletvos/XCTestExtensions-t.build/Objects-normal/arm64/XCUIElement+TextEntry.swiftdeps -serialize-diagnostics-path /Users/admin/builder/spi-builder-workspace/.derivedData/Build/Intermediates.noindex/XCTestExtensions.build/Debug-appletvos/XCTestExtensions-t.build/Objects-normal/arm64/XCUIElement+TextEntry.dia -target arm64-apple-tvos16.0 -disable-cross-import-overlay-search -load-resolved-plugin /Applications/Xcode-27.0.0-Release.Candidate.app/Contents/Developer/Platforms/AppleTVOS.platform/Developer/usr/lib/swift/host/plugins/libFoundationMacros.dylib\#/Applications/Xcode-27.0.0-Release.Candidate.app/Contents/Developer/Platforms/AppleTVOS.platform/Developer/usr/bin/swift-plugin-server\#FoundationMacros -load-resolved-plugin /Applications/Xcode-27.0.0-Release.Candidate.app/Contents/Developer/Platforms/AppleTVOS.platform/Developer/usr/lib/swift/host/plugins/libObservationMacros.dylib\#/Applications/Xcode-27.0.0-Release.Candidate.app/Contents/Developer/Platforms/AppleTVOS.platform/Developer/usr/bin/swift-plugin-server\#ObservationMacros -load-resolved-plugin /Applications/Xcode-27.0.0-Release.Candidate.app/Contents/Developer/Platforms/AppleTVOS.platform/Developer/usr/lib/swift/host/plugins/libPreviewsMacros.dylib\#/Applications/Xcode-27.0.0-Release.Candidate.app/Contents/Developer/Platforms/AppleTVOS.platform/Developer/usr/bin/swift-plugin-server\#PreviewsMacros -load-resolved-plugin /Applications/Xcode-27.0.0-Release.Candidate.app/Contents/Developer/Platforms/AppleTVOS.platform/Developer/usr/lib/swift/host/plugins/libSwiftMacros.dylib\#/Applications/Xcode-27.0.0-Release.Candidate.app/Contents/Developer/Platforms/AppleTVOS.platform/Developer/usr/bin/swift-plugin-server\#SwiftMacros -load-resolved-plugin /Applications/Xcode-27.0.0-Release.Candidate.app/Contents/Developer/Platforms/AppleTVOS.platform/Developer/usr/lib/swift/host/plugins/libSwiftUIMacros.dylib\#/Applications/Xcode-27.0.0-Release.Candidate.app/Contents/Developer/Platforms/AppleTVOS.platform/Developer/usr/bin/swift-plugin-server\#SwiftUIMacros -disable-implicit-swift-modules -Xcc -fno-implicit-modules -Xcc -fno-implicit-module-maps -explicit-swift-module-map-file /Users/admin/builder/spi-builder-workspace/.derivedData/Build/Intermediates.noindex/XCTestExtensions.build/Debug-appletvos/XCTestExtensions-t.build/Objects-normal/arm64/XCTestExtensions-dependencies-1.json -Xllvm -aarch64-use-tbi -enable-objc-interop -stack-check -sdk /Applications/Xcode-27.0.0-Release.Candidate.app/Contents/Developer/Platforms/AppleTVOS.platform/Developer/SDKs/AppleTVOS27.0.sdk -I /Users/admin/builder/spi-builder-workspace/.derivedData/Build/Products/Debug-appletvos -Isystem /Applications/Xcode-27.0.0-Release.Candidate.app/Contents/Developer/Platforms/AppleTVOS.platform/Developer/usr/lib -F /Users/admin/builder/spi-builder-workspace/.derivedData/Build/Products/Debug-appletvos -F /Applications/Xcode-27.0.0-Release.Candidate.app/Contents/Developer/Platforms/AppleTVOS.platform/Developer/Library/Frameworks -F /Applications/Xcode-27.0.0-Release.Candidate.app/Contents/Developer/Platforms/AppleTVOS.platform/Developer/SDKs/AppleTVOS27.0.sdk/Developer/Library/Frameworks -module-cache-path /Users/admin/builder/spi-builder-workspace/.derivedData/Build/Intermediates.noindex/SwiftExplicitPrecompiledModules -no-color-diagnostics -Xcc -fno-color-diagnostics -enable-testing -g -debug-info-format\=dwarf -dwarf-version\=4 -suppress-warnings -profile-generate -profile-coverage-mapping -swift-version 6 -Onone -D SWIFT_PACKAGE -D DEBUG -D SWIFT_MODULE_RESOURCE_BUNDLE_UNAVAILABLE -D Xcode -serialize-debugging-options -enable-experimental-feature DebugDescriptionMacro -empty-abi-descriptor -user-module-version 1.2.6 -validate-clang-modules-once -clang-build-session-file /Users/admin/builder/spi-builder-workspace/.derivedData/ModuleCache.noindex/Session.modulevalidation -Xcc -working-directory -Xcc /Users/admin/builder/spi-builder-workspace/.swiftpm/xcode -enable-anonymous-context-mangled-names -file-compilation-dir /Users/admin/builder/spi-builder-workspace/.swiftpm/xcode -Xcc -D_LIBCPP_HARDENING_MODE\=_LIBCPP_HARDENING_MODE_DEBUG -Xcc -ivfsstatcache -Xcc /Users/admin/builder/spi-builder-workspace/.derivedData/SDKStatCaches.noindex/appletvos27.0-24J360-e829b21a6f8c9b70876ba0858053c044b32bfd8d43560033f8d89884cdb90028.sdkstatcache -Xcc -fmodules-prune-interval\=86400 -Xcc -fmodules-prune-after\=345600 -Xcc -I/Users/admin/builder/spi-builder-workspace/.derivedData/Build/Products/Debug-appletvos/include -Xcc -I/Users/admin/builder/spi-builder-workspace/.derivedData/Build/Intermediates.noindex/XCTestExtensions.build/Debug-appletvos/XCTestExtensions-t.build/DerivedSources-normal/arm64 -Xcc -I/Users/admin/builder/spi-builder-workspace/.derivedData/Build/Intermediates.noindex/XCTestExtensions.build/Debug-appletvos/XCTestExtensions-t.build/DerivedSources/arm64 -Xcc -I/Users/admin/builder/spi-builder-workspace/.derivedData/Build/Intermediates.noindex/XCTestExtensions.build/Debug-appletvos/XCTestExtensions-t.build/DerivedSources -Xcc -DSWIFT_PACKAGE -Xcc -DDEBUG\=1 -no-auto-bridging-header-chaining -module-name XCTestExtensions -package-name xctestextensions -const-gather-protocols-file /Users/admin/builder/spi-builder-workspace/.derivedData/Build/Intermediates.noindex/XCTestExtensions.build/Debug-appletvos/XCTestExtensions-t.build/Objects-normal/arm64/XCTestExtensions_const_extract_protocols.json -disable-clang-spi -clang-target arm64-apple-tvos27.0 -target-sdk-version 27.0 -target-sdk-name appletvos27.0 -in-process-plugin-server-path /Applications/Xcode-27.0.0-Release.Candidate.app/Contents/Developer/Toolchains/XcodeDefault.xctoolchain/usr/lib/swift/host/libSwiftInProcPluginServer.dylib -parse-as-library -o /Users/admin/builder/spi-builder-workspace/.derivedData/Build/Intermediates.noindex/XCTestExtensions.build/Debug-appletvos/XCTestExtensions-t.build/Objects-normal/arm64/XCUIElement+TextEntry.o -debug-module-path /Users/admin/builder/spi-builder-workspace/.derivedData/Build/Intermediates.noindex/XCTestExtensions.build/Debug-appletvos/XCTestExtensions-t.build/Objects-normal/arm64/XCTestExtensions.swiftmodule -index-unit-output-path /XCTestExtensions.build/Debug-appletvos/XCTestExtensions-t.build/Objects-normal/arm64/XCUIElement+TextEntry.o -index-store-path /Users/admin/builder/spi-builder-workspace/.derivedData/Index.noindex/DataStore -index-system-modules
SwiftCompile normal arm64 /Users/admin/builder/spi-builder-workspace/.dependencies/checkouts/XCTestExtensions/Sources/XCTestExtensions/XCUIElement+TextEntry.swift (in target 'XCTestExtensions' from project 'XCTestExtensions')
cd /Users/admin/builder/spi-builder-workspace/.swiftpm/xcode
builtin-SwiftPerFileCompile XCUIElement+TextEntry.swift
CompileC /Users/admin/builder/spi-builder-workspace/.derivedData/Build/Intermediates.noindex/SpeziFoundation.build/Debug-appletvos/SpeziFoundationObjC-t.build/Objects-normal/arm64/ObjCExceptionHandling.o /Users/admin/builder/spi-builder-workspace/.dependencies/checkouts/SpeziFoundation/Sources/SpeziFoundationObjC/ObjCExceptionHandling.m normal arm64 objective-c com.apple.compilers.llvm.clang.1_0.compiler (in target 'SpeziFoundationObjC' from project 'SpeziFoundation')
cd /Users/admin/builder/spi-builder-workspace/.swiftpm/xcode
Using response file: /Users/admin/builder/spi-builder-workspace/.derivedData/Build/Intermediates.noindex/SpeziFoundation.build/Debug-appletvos/SpeziFoundationObjC-t.build/Objects-normal/arm64/e6072d4f65d7061329687fe24e3d63a7-common-args.resp
/Applications/Xcode-27.0.0-Release.Candidate.app/Contents/Developer/Toolchains/XcodeDefault.xctoolchain/usr/bin/clang -x objective-c -ivfsstatcache /Users/admin/builder/spi-builder-workspace/.derivedData/SDKStatCaches.noindex/appletvos27.0-24J360-e829b21a6f8c9b70876ba0858053c044b32bfd8d43560033f8d89884cdb90028.sdkstatcache -target arm64-apple-tvos17.0 -fmessage-length\=0 -fdiagnostics-show-note-include-stack -fmacro-backtrace-limit\=0 -fno-color-diagnostics -fmodules-prune-interval\=86400 -fmodules-prune-after\=345600 -fbuild-session-file\=/Users/admin/builder/spi-builder-workspace/.derivedData/ModuleCache.noindex/Session.modulevalidation -fmodules-validate-once-per-build-session -Wnon-modular-include-in-framework-module -Werror\=non-modular-include-in-framework-module -Wno-trigraphs -Wno-missing-field-initializers -Wno-missing-prototypes -Wno-return-type -Wno-implicit-atomic-properties -Wno-objc-interface-ivars -Wno-arc-repeated-use-of-weak -Wno-missing-braces -Wparentheses -Wswitch -Wno-unused-function -Wno-unused-label -Wno-unused-parameter -Wno-unused-variable -Wunused-value -Wno-empty-body -Wno-uninitialized -Wno-unknown-pragmas -w -Wno-shadow -Wno-four-char-constants -Wno-conversion -Wno-constant-conversion -Wno-int-conversion -Wno-bool-conversion -Wno-enum-conversion -Wno-float-conversion -Wno-non-literal-null-conversion -Wno-objc-literal-conversion -Wshorten-64-to-32 -Wpointer-sign -Wno-newline-eof -Wno-selector -Wno-strict-selector-match -Wno-undeclared-selector -Wno-deprecated-implementations -Wno-implicit-fallthrough -isysroot /Applications/Xcode-27.0.0-Release.Candidate.app/Contents/Developer/Platforms/AppleTVOS.platform/Developer/SDKs/AppleTVOS27.0.sdk -fstrict-aliasing -Wprotocol -Wdeprecated-declarations -Wno-sign-conversion -Wno-infinite-recursion -Wno-comma -Wno-block-capture-autoreleasing -Wno-strict-prototypes -Wno-semicolon-before-method-body -index-store-path /Users/admin/builder/spi-builder-workspace/.derivedData/Index.noindex/DataStore @/Users/admin/builder/spi-builder-workspace/.derivedData/Build/Intermediates.noindex/SpeziFoundation.build/Debug-appletvos/SpeziFoundationObjC-t.build/Objects-normal/arm64/e6072d4f65d7061329687fe24e3d63a7-common-args.resp -MMD -MT dependencies -MF /Users/admin/builder/spi-builder-workspace/.derivedData/Build/Intermediates.noindex/SpeziFoundation.build/Debug-appletvos/SpeziFoundationObjC-t.build/Objects-normal/arm64/ObjCExceptionHandling.d --serialize-diagnostics /Users/admin/builder/spi-builder-workspace/.derivedData/Build/Intermediates.noindex/SpeziFoundation.build/Debug-appletvos/SpeziFoundationObjC-t.build/Objects-normal/arm64/ObjCExceptionHandling.dia -c /Users/admin/builder/spi-builder-workspace/.dependencies/checkouts/SpeziFoundation/Sources/SpeziFoundationObjC/ObjCExceptionHandling.m -o /Users/admin/builder/spi-builder-workspace/.derivedData/Build/Intermediates.noindex/SpeziFoundation.build/Debug-appletvos/SpeziFoundationObjC-t.build/Objects-normal/arm64/ObjCExceptionHandling.o -index-unit-output-path /SpeziFoundation.build/Debug-appletvos/SpeziFoundationObjC-t.build/Objects-normal/arm64/ObjCExceptionHandling.o
SwiftDriverJobDiscovery normal arm64 Compiling sleep.swift (in target 'XCTestExtensions' from project 'XCTestExtensions')
SwiftDriver\ Compilation RealModule normal arm64 com.apple.xcode.tools.swift.compiler (in target 'RealModule' from project 'swift-numerics')
cd /Users/admin/builder/spi-builder-workspace/.swiftpm/xcode
builtin-Swift-Compilation -- /Applications/Xcode-27.0.0-Release.Candidate.app/Contents/Developer/Toolchains/XcodeDefault.xctoolchain/usr/bin/swiftc -parse-as-library -module-name RealModule -Onone @/Users/admin/builder/spi-builder-workspace/.derivedData/Build/Intermediates.noindex/swift-numerics.build/Debug-appletvos/RealModule-t.build/Objects-normal/arm64/RealModule.SwiftFileList -DSWIFT_PACKAGE -DDEBUG -DSWIFT_MODULE_RESOURCE_BUNDLE_UNAVAILABLE -Xcc -fmodule-map-file\=/Users/admin/builder/spi-builder-workspace/.dependencies/checkouts/swift-numerics/Sources/_NumericsShims/include/module.modulemap -DXcode -plugin-path /Applications/Xcode-27.0.0-Release.Candidate.app/Contents/Developer/Toolchains/XcodeDefault.xctoolchain/usr/lib/swift/host/plugins/testing -enable-experimental-feature DebugDescriptionMacro -sdk /Applications/Xcode-27.0.0-Release.Candidate.app/Contents/Developer/Platforms/AppleTVOS.platform/Developer/SDKs/AppleTVOS27.0.sdk -target arm64-apple-tvos15.0 -g -module-cache-path /Users/admin/builder/spi-builder-workspace/.derivedData/ModuleCache.noindex -Xfrontend -serialize-debugging-options -profile-coverage-mapping -profile-generate -enable-testing -suppress-warnings -index-store-path /Users/admin/builder/spi-builder-workspace/.derivedData/Index.noindex/DataStore -Xcc -D_LIBCPP_HARDENING_MODE\=_LIBCPP_HARDENING_MODE_DEBUG -swift-version 5 -I /Users/admin/builder/spi-builder-workspace/.derivedData/Build/Products/Debug-appletvos -Isystem /Applications/Xcode-27.0.0-Release.Candidate.app/Contents/Developer/Platforms/AppleTVOS.platform/Developer/usr/lib -F /Users/admin/builder/spi-builder-workspace/.derivedData/Build/Products/Debug-appletvos/PackageFrameworks -F /Users/admin/builder/spi-builder-workspace/.derivedData/Build/Products/Debug-appletvos -F /Applications/Xcode-27.0.0-Release.Candidate.app/Contents/Developer/Platforms/AppleTVOS.platform/Developer/Library/Frameworks -F /Applications/Xcode-27.0.0-Release.Candidate.app/Contents/Developer/Platforms/AppleTVOS.platform/Developer/SDKs/AppleTVOS27.0.sdk/Developer/Library/Frameworks -c -j10 -enable-batch-mode -incremental -Xcc -ivfsstatcache -Xcc /Users/admin/builder/spi-builder-workspace/.derivedData/SDKStatCaches.noindex/appletvos27.0-24J360-e829b21a6f8c9b70876ba0858053c044b32bfd8d43560033f8d89884cdb90028.sdkstatcache -output-file-map /Users/admin/builder/spi-builder-workspace/.derivedData/Build/Intermediates.noindex/swift-numerics.build/Debug-appletvos/RealModule-t.build/Objects-normal/arm64/RealModule-OutputFileMap.json -save-temps -no-color-diagnostics -explicit-module-build -module-cache-path /Users/admin/builder/spi-builder-workspace/.derivedData/Build/Intermediates.noindex/SwiftExplicitPrecompiledModules -clang-scanner-module-cache-path /Users/admin/builder/spi-builder-workspace/.derivedData/ModuleCache.noindex -sdk-module-cache-path /Users/admin/builder/spi-builder-workspace/.derivedData/SDKExplicitPrecompiledModules -emit-dependencies -emit-module -emit-module-path /Users/admin/builder/spi-builder-workspace/.derivedData/Build/Intermediates.noindex/swift-numerics.build/Debug-appletvos/RealModule-t.build/Objects-normal/arm64/RealModule.swiftmodule -serialize-diagnostics -dependency-scan-serialize-diagnostics-path /Users/admin/builder/spi-builder-workspace/.derivedData/Build/Intermediates.noindex/swift-numerics.build/Debug-appletvos/RealModule-t.build/Objects-normal/arm64/RealModule-dependency-scan.dia -validate-clang-modules-once -clang-build-session-file /Users/admin/builder/spi-builder-workspace/.derivedData/ModuleCache.noindex/Session.modulevalidation -Xcc -fmodules-prune-interval\=86400 -Xcc -fmodules-prune-after\=345600 -package-name swift_numerics -emit-const-values -const-gather-protocols-list /Users/admin/builder/spi-builder-workspace/.derivedData/Build/Intermediates.noindex/swift-numerics.build/Debug-appletvos/RealModule-t.build/Objects-normal/arm64/RealModule_const_extract_protocols.json -Xcc -I/Users/admin/builder/spi-builder-workspace/.dependencies/checkouts/swift-numerics/Sources/_NumericsShims/include -Xcc -I/Users/admin/builder/spi-builder-workspace/.derivedData/Build/Products/Debug-appletvos/include -Xcc -I/Users/admin/builder/spi-builder-workspace/.derivedData/Build/Intermediates.noindex/swift-numerics.build/Debug-appletvos/RealModule-t.build/DerivedSources-normal/arm64 -Xcc -I/Users/admin/builder/spi-builder-workspace/.derivedData/Build/Intermediates.noindex/swift-numerics.build/Debug-appletvos/RealModule-t.build/DerivedSources/arm64 -Xcc -I/Users/admin/builder/spi-builder-workspace/.derivedData/Build/Intermediates.noindex/swift-numerics.build/Debug-appletvos/RealModule-t.build/DerivedSources -Xcc -DSWIFT_PACKAGE -Xcc -DDEBUG\=1 -emit-objc-header -emit-objc-header-path /Users/admin/builder/spi-builder-workspace/.derivedData/Build/Intermediates.noindex/swift-numerics.build/Debug-appletvos/RealModule-t.build/Objects-normal/arm64/RealModule-Swift.h -working-directory /Users/admin/builder/spi-builder-workspace/.swiftpm/xcode -experimental-emit-module-separately -disable-cmo
Ld /Users/admin/builder/spi-builder-workspace/.derivedData/Build/Products/Debug-appletvos/SpeziFoundationObjC.o normal (in target 'SpeziFoundationObjC' from project 'SpeziFoundation')
cd /Users/admin/builder/spi-builder-workspace/.dependencies/checkouts/SpeziFoundation
/Applications/Xcode-27.0.0-Release.Candidate.app/Contents/Developer/Toolchains/XcodeDefault.xctoolchain/usr/bin/clang -Xlinker -reproducible -target arm64-apple-tvos17.0 -r -isysroot /Applications/Xcode-27.0.0-Release.Candidate.app/Contents/Developer/Platforms/AppleTVOS.platform/Developer/SDKs/AppleTVOS27.0.sdk -O0 -w -Xlinker -no_warn_duplicate_libraries -F/Users/admin/builder/spi-builder-workspace/.derivedData/Build/Intermediates.noindex/EagerLinkingTBDs/Debug-appletvos -F/Users/admin/builder/spi-builder-workspace/.derivedData/Build/Products/Debug-appletvos -iframework /Applications/Xcode-27.0.0-Release.Candidate.app/Contents/Developer/Platforms/AppleTVOS.platform/Developer/Library/Frameworks -iframework /Applications/Xcode-27.0.0-Release.Candidate.app/Contents/Developer/Platforms/AppleTVOS.platform/Developer/SDKs/AppleTVOS27.0.sdk/Developer/Library/Frameworks -filelist /Users/admin/builder/spi-builder-workspace/.derivedData/Build/Intermediates.noindex/SpeziFoundation.build/Debug-appletvos/SpeziFoundationObjC-t.build/Objects-normal/arm64/SpeziFoundationObjC.LinkFileList -nostdlib -Xlinker -object_path_lto -Xlinker /Users/admin/builder/spi-builder-workspace/.derivedData/Build/Intermediates.noindex/SpeziFoundation.build/Debug-appletvos/SpeziFoundationObjC-t.build/Objects-normal/arm64/SpeziFoundationObjC_lto.o -Xlinker -no_deduplicate -Xlinker -debug_variant -Xlinker -dependency_info -Xlinker /Users/admin/builder/spi-builder-workspace/.derivedData/Build/Intermediates.noindex/SpeziFoundation.build/Debug-appletvos/SpeziFoundationObjC-t.build/Objects-normal/arm64/SpeziFoundationObjC_dependency_info.dat -fobjc-arc -fobjc-link-runtime -o /Users/admin/builder/spi-builder-workspace/.derivedData/Build/Products/Debug-appletvos/SpeziFoundationObjC.o
SwiftCompile normal arm64 Compiling\ PhoneNumberUtility.swift,\ RegexManager.swift /Users/admin/builder/spi-builder-workspace/.dependencies/checkouts/PhoneNumberKit/PhoneNumberKit/PhoneNumberUtility.swift /Users/admin/builder/spi-builder-workspace/.dependencies/checkouts/PhoneNumberKit/PhoneNumberKit/RegexManager.swift (in target 'PhoneNumberKit' from project 'PhoneNumberKit')
SwiftCompile normal arm64 /Users/admin/builder/spi-builder-workspace/.dependencies/checkouts/PhoneNumberKit/PhoneNumberKit/PhoneNumberUtility.swift (in target 'PhoneNumberKit' from project 'PhoneNumberKit')
cd /Users/admin/builder/spi-builder-workspace/.swiftpm/xcode
builtin-SwiftPerFileCompile PhoneNumberUtility.swift
SwiftCompile normal arm64 /Users/admin/builder/spi-builder-workspace/.dependencies/checkouts/PhoneNumberKit/PhoneNumberKit/RegexManager.swift (in target 'PhoneNumberKit' from project 'PhoneNumberKit')
cd /Users/admin/builder/spi-builder-workspace/.swiftpm/xcode
builtin-SwiftPerFileCompile RegexManager.swift
SwiftEmitModule normal arm64 Emitting\ module\ for\ ThreadLocalMacros (in target 'ThreadLocalMacros' from project 'ThreadLocal')
SwiftCompile normal arm64 (in target 'ThreadLocalMacros' from project 'ThreadLocal')
cd /Users/admin/builder/spi-builder-workspace/.swiftpm/xcode
SwiftEmitModule normal arm64 Emitting\ module\ for\ SpeziAccountMacros (in target 'SpeziAccountMacros' from project 'SpeziAccount')
SwiftCompile normal arm64 (in target 'SpeziAccountMacros' from project 'SpeziAccount')
cd /Users/admin/builder/spi-builder-workspace/.swiftpm/xcode
SwiftDriverJobDiscovery normal arm64 Emitting module for ThreadLocalMacros (in target 'ThreadLocalMacros' from project 'ThreadLocal')
SwiftDriver\ Compilation\ Requirements ThreadLocalMacros normal arm64 com.apple.xcode.tools.swift.compiler (in target 'ThreadLocalMacros' from project 'ThreadLocal')
cd /Users/admin/builder/spi-builder-workspace/.swiftpm/xcode
builtin-Swift-Compilation-Requirements -- /Applications/Xcode-27.0.0-Release.Candidate.app/Contents/Developer/Toolchains/XcodeDefault.xctoolchain/usr/bin/swiftc -parse-as-library -module-name ThreadLocalMacros -Onone @/Users/admin/builder/spi-builder-workspace/.derivedData/Build/Intermediates.noindex/ThreadLocal.build/Debug/ThreadLocalMacros-t.build/Objects-normal/arm64/ThreadLocalMacros.SwiftFileList -DSWIFT_PACKAGE -DDEBUG -DXcode -enable-upcoming-feature ExistentialAny -I /Users/admin/builder/spi-builder-workspace/.dependencies/prebuilts/swift-syntax/602.0.0/swiftlang-6.4.0.34.1-macosx27.0-MacroSupport/Modules -I /Users/admin/builder/spi-builder-workspace/.dependencies/checkouts/swift-syntax/Sources/_SwiftLibraryPluginProviderCShims/include -I /Users/admin/builder/spi-builder-workspace/.dependencies/checkouts/swift-syntax/Sources/_SwiftSyntaxCShims/include -plugin-path /Applications/Xcode-27.0.0-Release.Candidate.app/Contents/Developer/Toolchains/XcodeDefault.xctoolchain/usr/lib/swift/host/plugins/testing -enable-experimental-feature DebugDescriptionMacro -sdk /Applications/Xcode-27.0.0-Release.Candidate.app/Contents/Developer/Platforms/MacOSX.platform/Developer/SDKs/MacOSX27.0.sdk -target arm64-apple-macos14.0 -g -module-cache-path /Users/admin/builder/spi-builder-workspace/.derivedData/ModuleCache.noindex -Xfrontend -serialize-debugging-options -profile-coverage-mapping -profile-generate -enable-testing -suppress-warnings -index-store-path /Users/admin/builder/spi-builder-workspace/.derivedData/Index.noindex/DataStore -Xcc -D_LIBCPP_HARDENING_MODE\=_LIBCPP_HARDENING_MODE_DEBUG -swift-version 6 -I /Users/admin/builder/spi-builder-workspace/.derivedData/Build/Products/Debug -Isystem /Applications/Xcode-27.0.0-Release.Candidate.app/Contents/Developer/Platforms/MacOSX.platform/Developer/usr/lib -F /Users/admin/builder/spi-builder-workspace/.derivedData/Build/Products/Debug -F /Applications/Xcode-27.0.0-Release.Candidate.app/Contents/Developer/Platforms/MacOSX.platform/Developer/Library/Frameworks -c -j10 -enable-batch-mode -incremental -Xcc -ivfsstatcache -Xcc /Users/admin/builder/spi-builder-workspace/.derivedData/SDKStatCaches.noindex/macosx27.0-26A425-e829b21a6f8c9b70876ba0858053c0446a22442a12e9d48fe1a705f55a1adfc4.sdkstatcache -output-file-map /Users/admin/builder/spi-builder-workspace/.derivedData/Build/Intermediates.noindex/ThreadLocal.build/Debug/ThreadLocalMacros-t.build/Objects-normal/arm64/ThreadLocalMacros-OutputFileMap.json -save-temps -no-color-diagnostics -explicit-module-build -module-cache-path /Users/admin/builder/spi-builder-workspace/.derivedData/Build/Intermediates.noindex/SwiftExplicitPrecompiledModules -clang-scanner-module-cache-path /Users/admin/builder/spi-builder-workspace/.derivedData/ModuleCache.noindex -sdk-module-cache-path /Users/admin/builder/spi-builder-workspace/.derivedData/SDKExplicitPrecompiledModules -emit-dependencies -emit-module -emit-module-path /Users/admin/builder/spi-builder-workspace/.derivedData/Build/Intermediates.noindex/ThreadLocal.build/Debug/ThreadLocalMacros-t.build/Objects-normal/arm64/ThreadLocalMacros.swiftmodule -serialize-diagnostics -dependency-scan-serialize-diagnostics-path /Users/admin/builder/spi-builder-workspace/.derivedData/Build/Intermediates.noindex/ThreadLocal.build/Debug/ThreadLocalMacros-t.build/Objects-normal/arm64/ThreadLocalMacros-dependency-scan.dia -user-module-version 0.1.3 -validate-clang-modules-once -clang-build-session-file /Users/admin/builder/spi-builder-workspace/.derivedData/ModuleCache.noindex/Session.modulevalidation -Xcc -fmodules-prune-interval\=86400 -Xcc -fmodules-prune-after\=345600 -package-name threadlocal -emit-const-values -const-gather-protocols-list /Users/admin/builder/spi-builder-workspace/.derivedData/Build/Intermediates.noindex/ThreadLocal.build/Debug/ThreadLocalMacros-t.build/Objects-normal/arm64/ThreadLocalMacros_const_extract_protocols.json -Xcc -I/Users/admin/builder/spi-builder-workspace/.derivedData/Build/Products/Debug/include -Xcc -I/Users/admin/builder/spi-builder-workspace/.derivedData/Build/Intermediates.noindex/ThreadLocal.build/Debug/ThreadLocalMacros-t.build/DerivedSources-normal/arm64 -Xcc -I/Users/admin/builder/spi-builder-workspace/.derivedData/Build/Intermediates.noindex/ThreadLocal.build/Debug/ThreadLocalMacros-t.build/DerivedSources/arm64 -Xcc -I/Users/admin/builder/spi-builder-workspace/.derivedData/Build/Intermediates.noindex/ThreadLocal.build/Debug/ThreadLocalMacros-t.build/DerivedSources -Xcc -DSWIFT_PACKAGE -Xcc -DDEBUG\=1 -working-directory /Users/admin/builder/spi-builder-workspace/.swiftpm/xcode -experimental-emit-module-separately -disable-cmo
SwiftDriverJobDiscovery normal arm64 Compiling PhoneNumberUtility.swift, RegexManager.swift (in target 'PhoneNumberKit' from project 'PhoneNumberKit')
SwiftCompile normal arm64 Compiling\ ThreadLocalMacros.swift /Users/admin/builder/spi-builder-workspace/.dependencies/checkouts/ThreadLocal/Sources/ThreadLocalMacros/ThreadLocalMacros.swift (in target 'ThreadLocalMacros' from project 'ThreadLocal')
SwiftCompile normal arm64 /Users/admin/builder/spi-builder-workspace/.dependencies/checkouts/ThreadLocal/Sources/ThreadLocalMacros/ThreadLocalMacros.swift (in target 'ThreadLocalMacros' from project 'ThreadLocal')
cd /Users/admin/builder/spi-builder-workspace/.swiftpm/xcode
builtin-SwiftPerFileCompile ThreadLocalMacros.swift
SwiftCompile normal arm64 Compiling\ Diagnostic.swift /Users/admin/builder/spi-builder-workspace/.dependencies/checkouts/ThreadLocal/Sources/ThreadLocalMacros/Diagnostic.swift (in target 'ThreadLocalMacros' from project 'ThreadLocal')
SwiftCompile normal arm64 /Users/admin/builder/spi-builder-workspace/.dependencies/checkouts/ThreadLocal/Sources/ThreadLocalMacros/Diagnostic.swift (in target 'ThreadLocalMacros' from project 'ThreadLocal')
cd /Users/admin/builder/spi-builder-workspace/.swiftpm/xcode
builtin-SwiftPerFileCompile Diagnostic.swift
SwiftDriverJobDiscovery normal arm64 Emitting module for SpeziAccountMacros (in target 'SpeziAccountMacros' from project 'SpeziAccount')
SwiftDriver\ Compilation\ Requirements SpeziAccountMacros normal arm64 com.apple.xcode.tools.swift.compiler (in target 'SpeziAccountMacros' from project 'SpeziAccount')
cd /Users/admin/builder/spi-builder-workspace/.swiftpm/xcode
builtin-Swift-Compilation-Requirements -- /Applications/Xcode-27.0.0-Release.Candidate.app/Contents/Developer/Toolchains/XcodeDefault.xctoolchain/usr/bin/swiftc -parse-as-library -module-name SpeziAccountMacros -Onone @/Users/admin/builder/spi-builder-workspace/.derivedData/Build/Intermediates.noindex/SpeziAccount.build/Debug/SpeziAccountMacros-t.build/Objects-normal/arm64/SpeziAccountMacros.SwiftFileList -DSWIFT_PACKAGE -DDEBUG -DXcode -enable-upcoming-feature ExistentialAny -I /Users/admin/builder/spi-builder-workspace/.dependencies/prebuilts/swift-syntax/602.0.0/swiftlang-6.4.0.34.1-macosx27.0-MacroSupport/Modules -I /Users/admin/builder/spi-builder-workspace/.dependencies/checkouts/swift-syntax/Sources/_SwiftLibraryPluginProviderCShims/include -I /Users/admin/builder/spi-builder-workspace/.dependencies/checkouts/swift-syntax/Sources/_SwiftSyntaxCShims/include -plugin-path /Applications/Xcode-27.0.0-Release.Candidate.app/Contents/Developer/Toolchains/XcodeDefault.xctoolchain/usr/lib/swift/host/plugins/testing -enable-experimental-feature DebugDescriptionMacro -sdk /Applications/Xcode-27.0.0-Release.Candidate.app/Contents/Developer/Platforms/MacOSX.platform/Developer/SDKs/MacOSX27.0.sdk -target arm64-apple-macos14.0 -g -module-cache-path /Users/admin/builder/spi-builder-workspace/.derivedData/ModuleCache.noindex -Xfrontend -serialize-debugging-options -profile-coverage-mapping -profile-generate -enable-testing -index-store-path /Users/admin/builder/spi-builder-workspace/.derivedData/Index.noindex/DataStore -Xcc -D_LIBCPP_HARDENING_MODE\=_LIBCPP_HARDENING_MODE_DEBUG -swift-version 6 -I /Users/admin/builder/spi-builder-workspace/.derivedData/Build/Products/Debug -Isystem /Applications/Xcode-27.0.0-Release.Candidate.app/Contents/Developer/Platforms/MacOSX.platform/Developer/usr/lib -F /Users/admin/builder/spi-builder-workspace/.derivedData/Build/Products/Debug -F /Applications/Xcode-27.0.0-Release.Candidate.app/Contents/Developer/Platforms/MacOSX.platform/Developer/Library/Frameworks -emit-localized-strings -emit-localized-strings-path /Users/admin/builder/spi-builder-workspace/.derivedData/Build/Intermediates.noindex/SpeziAccount.build/Debug/SpeziAccountMacros-t.build/Objects-normal/arm64 -c -j10 -enable-batch-mode -incremental -Xcc -ivfsstatcache -Xcc /Users/admin/builder/spi-builder-workspace/.derivedData/SDKStatCaches.noindex/macosx27.0-26A425-e829b21a6f8c9b70876ba0858053c0446a22442a12e9d48fe1a705f55a1adfc4.sdkstatcache -output-file-map /Users/admin/builder/spi-builder-workspace/.derivedData/Build/Intermediates.noindex/SpeziAccount.build/Debug/SpeziAccountMacros-t.build/Objects-normal/arm64/SpeziAccountMacros-OutputFileMap.json -save-temps -no-color-diagnostics -explicit-module-build -module-cache-path /Users/admin/builder/spi-builder-workspace/.derivedData/Build/Intermediates.noindex/SwiftExplicitPrecompiledModules -clang-scanner-module-cache-path /Users/admin/builder/spi-builder-workspace/.derivedData/ModuleCache.noindex -sdk-module-cache-path /Users/admin/builder/spi-builder-workspace/.derivedData/SDKExplicitPrecompiledModules -emit-dependencies -emit-module -emit-module-path /Users/admin/builder/spi-builder-workspace/.derivedData/Build/Intermediates.noindex/SpeziAccount.build/Debug/SpeziAccountMacros-t.build/Objects-normal/arm64/SpeziAccountMacros.swiftmodule -serialize-diagnostics -dependency-scan-serialize-diagnostics-path /Users/admin/builder/spi-builder-workspace/.derivedData/Build/Intermediates.noindex/SpeziAccount.build/Debug/SpeziAccountMacros-t.build/Objects-normal/arm64/SpeziAccountMacros-dependency-scan.dia -validate-clang-modules-once -clang-build-session-file /Users/admin/builder/spi-builder-workspace/.derivedData/ModuleCache.noindex/Session.modulevalidation -Xcc -fmodules-prune-interval\=86400 -Xcc -fmodules-prune-after\=345600 -package-name spi_builder_workspace -emit-const-values -const-gather-protocols-list /Users/admin/builder/spi-builder-workspace/.derivedData/Build/Intermediates.noindex/SpeziAccount.build/Debug/SpeziAccountMacros-t.build/Objects-normal/arm64/SpeziAccountMacros_const_extract_protocols.json -Xcc -I/Users/admin/builder/spi-builder-workspace/.derivedData/Build/Products/Debug/include -Xcc -I/Users/admin/builder/spi-builder-workspace/.derivedData/Build/Intermediates.noindex/SpeziAccount.build/Debug/SpeziAccountMacros-t.build/DerivedSources-normal/arm64 -Xcc -I/Users/admin/builder/spi-builder-workspace/.derivedData/Build/Intermediates.noindex/SpeziAccount.build/Debug/SpeziAccountMacros-t.build/DerivedSources/arm64 -Xcc -I/Users/admin/builder/spi-builder-workspace/.derivedData/Build/Intermediates.noindex/SpeziAccount.build/Debug/SpeziAccountMacros-t.build/DerivedSources -Xcc -DSWIFT_PACKAGE -Xcc -DDEBUG\=1 -working-directory /Users/admin/builder/spi-builder-workspace/.swiftpm/xcode -experimental-emit-module-separately -disable-cmo
PruneExplicitPrecompiledModules /Users/admin/builder/spi-builder-workspace/.derivedData/SDKExplicitPrecompiledModules
PruneExplicitPrecompiledModules /Users/admin/builder/spi-builder-workspace/.derivedData/Build/Intermediates.noindex/ExplicitPrecompiledModules
PruneExplicitPrecompiledModules /Users/admin/builder/spi-builder-workspace/.derivedData/Build/Intermediates.noindex/SwiftExplicitPrecompiledModules
2026-09-23 22:18:15.489 xcodebuild[1486:7833] [MT] IDERunDestination: Supported platforms for the buildables in the current scheme is empty.
** BUILD FAILED **
The following build commands failed:
SwiftCompile normal arm64 Compiling\ XCUIApplication+Keyboard.swift /Users/admin/builder/spi-builder-workspace/.dependencies/checkouts/XCTestExtensions/Sources/XCTestExtensions/XCUIApplication+Keyboard.swift (in target 'XCTestExtensions' from project 'XCTestExtensions')
SwiftCompile normal arm64 /Users/admin/builder/spi-builder-workspace/.dependencies/checkouts/XCTestExtensions/Sources/XCTestExtensions/XCUIApplication+Keyboard.swift (in target 'XCTestExtensions' from project 'XCTestExtensions')
SwiftCompile normal arm64 Compiling\ XCUIElement+TextEntry.swift /Users/admin/builder/spi-builder-workspace/.dependencies/checkouts/XCTestExtensions/Sources/XCTestExtensions/XCUIElement+TextEntry.swift (in target 'XCTestExtensions' from project 'XCTestExtensions')
SwiftCompile normal arm64 /Users/admin/builder/spi-builder-workspace/.dependencies/checkouts/XCTestExtensions/Sources/XCTestExtensions/XCUIElement+TextEntry.swift (in target 'XCTestExtensions' from project 'XCTestExtensions')
Building workspace SpeziAccount with scheme SpeziAccount-Package
(5 failures)
Command line invocation:
/Applications/Xcode-27.0.0-Release.Candidate.app/Contents/Developer/usr/bin/xcodebuild -IDEClonedSourcePackagesDirPathOverride=/Users/admin/builder/spi-builder-workspace/.dependencies -resolvePackageDependencies
Resolve Package Graph
failed to retrieve search paths with pkg-config; maybe pkg-config is not installedcouldn't find pc file for zlib
Resolved source packages:
PhoneNumberKit: https://github.com/marmelroy/PhoneNumberKit @ 4.3.0
swift-snapshot-testing: https://github.com/pointfreeco/swift-snapshot-testing.git @ 1.19.6
SpeziViews: https://github.com/StanfordSpezi/SpeziViews.git @ 1.12.14
swift-collections: https://github.com/apple/swift-collections.git @ 1.7.0
SpeziAccount: /Users/admin/builder/spi-builder-workspace
swift-atomics: https://github.com/apple/swift-atomics.git @ 1.3.1
RuntimeAssertions: https://github.com/StanfordBDHG/XCTRuntimeAssertions.git @ 2.2.0
swift-log: https://github.com/apple/swift-log @ 1.15.1
swift-numerics: https://github.com/apple/swift-numerics.git @ 1.1.1
SpeziStorage: https://github.com/StanfordSpezi/SpeziStorage.git @ 2.1.4
swift-syntax: https://github.com/swiftlang/swift-syntax.git @ 602.0.0
XCTestExtensions: https://github.com/StanfordBDHG/XCTestExtensions.git @ 1.2.6
swift-custom-dump: https://github.com/pointfreeco/swift-custom-dump @ 1.7.3
NetworkImage: https://github.com/gonzalezreal/NetworkImage @ 6.0.1
Spezi: https://github.com/StanfordSpezi/Spezi.git @ 1.10.2
swift-algorithms: https://github.com/apple/swift-algorithms.git @ 1.2.1
swift-issue-reporting: https://github.com/pointfreeco/swift-issue-reporting @ 2.1.1
zstd: https://github.com/StanfordBDHG/zstd.git @ 1.5.8-beta.1
cmark-gfm: https://github.com/swiftlang/swift-cmark @ 0.9.0
ThreadLocal: https://github.com/StanfordBDHG/ThreadLocal.git @ 0.1.3
SpeziFoundation: https://github.com/StanfordSpezi/SpeziFoundation.git @ 2.7.7
swift-markdown-ui: https://github.com/gonzalezreal/swift-markdown-ui.git @ 2.4.1
resolved source packages: PhoneNumberKit, swift-snapshot-testing, SpeziViews, swift-collections, SpeziAccount, swift-atomics, RuntimeAssertions, swift-log, swift-numerics, SpeziStorage, swift-syntax, XCTestExtensions, swift-custom-dump, NetworkImage, Spezi, swift-algorithms, swift-issue-reporting, zstd, cmark-gfm, ThreadLocal, SpeziFoundation, swift-markdown-ui
2026-09-23 22:18:31.384 xcodebuild[2072:10159] [MT] IDERunDestination: Supported platforms for the buildables in the current scheme is empty.
{
"default_localization" : "en",
"dependencies" : [
{
"identity" : "spezifoundation",
"requirement" : {
"range" : [
{
"lower_bound" : "2.2.1",
"upper_bound" : "3.0.0"
}
]
},
"type" : "sourceControl",
"url" : "https://github.com/StanfordSpezi/SpeziFoundation.git"
},
{
"identity" : "spezi",
"requirement" : {
"range" : [
{
"lower_bound" : "1.8.2",
"upper_bound" : "2.0.0"
}
]
},
"type" : "sourceControl",
"url" : "https://github.com/StanfordSpezi/Spezi.git"
},
{
"identity" : "speziviews",
"requirement" : {
"range" : [
{
"lower_bound" : "1.12.9",
"upper_bound" : "2.0.0"
}
]
},
"type" : "sourceControl",
"url" : "https://github.com/StanfordSpezi/SpeziViews.git"
},
{
"identity" : "spezistorage",
"requirement" : {
"range" : [
{
"lower_bound" : "2.1.1",
"upper_bound" : "3.0.0"
}
]
},
"type" : "sourceControl",
"url" : "https://github.com/StanfordSpezi/SpeziStorage.git"
},
{
"identity" : "xctruntimeassertions",
"requirement" : {
"range" : [
{
"lower_bound" : "2.0.0",
"upper_bound" : "3.0.0"
}
]
},
"type" : "sourceControl",
"url" : "https://github.com/StanfordBDHG/XCTRuntimeAssertions.git"
},
{
"identity" : "xctestextensions",
"requirement" : {
"range" : [
{
"lower_bound" : "1.1.0",
"upper_bound" : "2.0.0"
}
]
},
"type" : "sourceControl",
"url" : "https://github.com/StanfordBDHG/XCTestExtensions.git"
},
{
"identity" : "swift-collections",
"requirement" : {
"range" : [
{
"lower_bound" : "1.1.2",
"upper_bound" : "2.0.0"
}
]
},
"type" : "sourceControl",
"url" : "https://github.com/apple/swift-collections.git"
},
{
"identity" : "swift-atomics",
"requirement" : {
"range" : [
{
"lower_bound" : "1.2.0",
"upper_bound" : "2.0.0"
}
]
},
"type" : "sourceControl",
"url" : "https://github.com/apple/swift-atomics.git"
},
{
"identity" : "swift-syntax",
"requirement" : {
"range" : [
{
"lower_bound" : "602.0.0",
"upper_bound" : "603.0.0"
}
]
},
"type" : "sourceControl",
"url" : "https://github.com/swiftlang/swift-syntax.git"
},
{
"identity" : "swift-snapshot-testing",
"requirement" : {
"range" : [
{
"lower_bound" : "1.17.0",
"upper_bound" : "2.0.0"
}
]
},
"type" : "sourceControl",
"url" : "https://github.com/pointfreeco/swift-snapshot-testing.git"
},
{
"identity" : "phonenumberkit",
"requirement" : {
"range" : [
{
"lower_bound" : "4.1.0",
"upper_bound" : "5.0.0"
}
]
},
"type" : "sourceControl",
"url" : "https://github.com/marmelroy/PhoneNumberKit"
}
],
"manifest_display_name" : "SpeziAccount",
"name" : "SpeziAccount",
"path" : "/Users/admin/builder/spi-builder-workspace",
"platforms" : [
{
"name" : "ios",
"version" : "17.0"
},
{
"name" : "macos",
"version" : "14.0"
},
{
"name" : "maccatalyst",
"version" : "17.0"
},
{
"name" : "visionos",
"version" : "1.0"
}
],
"products" : [
{
"name" : "SpeziAccount",
"targets" : [
"SpeziAccount"
],
"type" : {
"library" : [
"automatic"
]
}
},
{
"name" : "XCTSpeziAccount",
"targets" : [
"XCTSpeziAccount"
],
"type" : {
"library" : [
"automatic"
]
}
},
{
"name" : "SpeziAccountPhoneNumbers",
"targets" : [
"SpeziAccountPhoneNumbers"
],
"type" : {
"library" : [
"automatic"
]
}
},
{
"name" : "SpeziAccountMacros",
"targets" : [
"SpeziAccountMacros"
],
"type" : {
"macro" : null
}
}
],
"targets" : [
{
"c99name" : "XCTSpeziAccount",
"module_type" : "SwiftTarget",
"name" : "XCTSpeziAccount",
"path" : "Sources/XCTSpeziAccount",
"product_dependencies" : [
"XCTestExtensions"
],
"product_memberships" : [
"XCTSpeziAccount"
],
"sources" : [
"XCUIApplication+AccountValues.swift",
"XCUIApplication+Login.swift",
"XCUIApplication+SignupForm.swift"
],
"target_dependencies" : [
"SpeziAccount"
],
"type" : "library"
},
{
"c99name" : "SpeziAccountTests",
"module_type" : "SwiftTarget",
"name" : "SpeziAccountTests",
"path" : "Tests/SpeziAccountTests",
"product_dependencies" : [
"XCTRuntimeAssertions",
"Spezi",
"SpeziTesting",
"SnapshotTesting"
],
"resources" : [
{
"path" : "/Users/admin/builder/spi-builder-workspace/Tests/SpeziAccountTests/__Snapshots__/SnapshotTesting/testAccountHeader.iphone.png",
"rule" : {
"process" : {
}
}
},
{
"path" : "/Users/admin/builder/spi-builder-workspace/Tests/SpeziAccountTests/__Snapshots__/SnapshotTesting/testAccountProviderViewLayoutVariations.iphone-view0-signup.png",
"rule" : {
"process" : {
}
}
},
{
"path" : "/Users/admin/builder/spi-builder-workspace/Tests/SpeziAccountTests/__Snapshots__/SnapshotTesting/testAccountProviderViewLayoutVariations.iphone-view0.png",
"rule" : {
"process" : {
}
}
},
{
"path" : "/Users/admin/builder/spi-builder-workspace/Tests/SpeziAccountTests/__Snapshots__/SnapshotTesting/testAccountProviderViewLayoutVariations.iphone-view1-signup.png",
"rule" : {
"process" : {
}
}
},
{
"path" : "/Users/admin/builder/spi-builder-workspace/Tests/SpeziAccountTests/__Snapshots__/SnapshotTesting/testAccountProviderViewLayoutVariations.iphone-view1.png",
"rule" : {
"process" : {
}
}
},
{
"path" : "/Users/admin/builder/spi-builder-workspace/Tests/SpeziAccountTests/__Snapshots__/SnapshotTesting/testAccountProviderViewLayoutVariations.iphone-view2-signup.png",
"rule" : {
"process" : {
}
}
},
{
"path" : "/Users/admin/builder/spi-builder-workspace/Tests/SpeziAccountTests/__Snapshots__/SnapshotTesting/testAccountProviderViewLayoutVariations.iphone-view2.png",
"rule" : {
"process" : {
}
}
},
{
"path" : "/Users/admin/builder/spi-builder-workspace/Tests/SpeziAccountTests/__Snapshots__/SnapshotTesting/testAccountProviderViewLayoutVariations.iphone-view3-signup.png",
"rule" : {
"process" : {
}
}
},
{
"path" : "/Users/admin/builder/spi-builder-workspace/Tests/SpeziAccountTests/__Snapshots__/SnapshotTesting/testAccountProviderViewLayoutVariations.iphone-view3.png",
"rule" : {
"process" : {
}
}
},
{
"path" : "/Users/admin/builder/spi-builder-workspace/Tests/SpeziAccountTests/__Snapshots__/SnapshotTesting/testAccountProviderViewLayoutVariations.iphone-view4-signup.png",
"rule" : {
"process" : {
}
}
},
{
"path" : "/Users/admin/builder/spi-builder-workspace/Tests/SpeziAccountTests/__Snapshots__/SnapshotTesting/testAccountProviderViewLayoutVariations.iphone-view4.png",
"rule" : {
"process" : {
}
}
},
{
"path" : "/Users/admin/builder/spi-builder-workspace/Tests/SpeziAccountTests/__Snapshots__/SnapshotTesting/testAccountProviderViewLayoutVariations.iphone-view5-signup.png",
"rule" : {
"process" : {
}
}
},
{
"path" : "/Users/admin/builder/spi-builder-workspace/Tests/SpeziAccountTests/__Snapshots__/SnapshotTesting/testAccountProviderViewLayoutVariations.iphone-view5.png",
"rule" : {
"process" : {
}
}
},
{
"path" : "/Users/admin/builder/spi-builder-workspace/Tests/SpeziAccountTests/__Snapshots__/SnapshotTesting/testBoolDisplayView.iphone-viewFalse.png",
"rule" : {
"process" : {
}
}
},
{
"path" : "/Users/admin/builder/spi-builder-workspace/Tests/SpeziAccountTests/__Snapshots__/SnapshotTesting/testBoolDisplayView.iphone-viewFalseNo.png",
"rule" : {
"process" : {
}
}
},
{
"path" : "/Users/admin/builder/spi-builder-workspace/Tests/SpeziAccountTests/__Snapshots__/SnapshotTesting/testBoolDisplayView.iphone-viewTrue.png",
"rule" : {
"process" : {
}
}
},
{
"path" : "/Users/admin/builder/spi-builder-workspace/Tests/SpeziAccountTests/__Snapshots__/SnapshotTesting/testBoolDisplayView.iphone-viewTrueYes.png",
"rule" : {
"process" : {
}
}
},
{
"path" : "/Users/admin/builder/spi-builder-workspace/Tests/SpeziAccountTests/__Snapshots__/SnapshotTesting/testFloatingPointDisplayView.iphone-float.png",
"rule" : {
"process" : {
}
}
},
{
"path" : "/Users/admin/builder/spi-builder-workspace/Tests/SpeziAccountTests/__Snapshots__/SnapshotTesting/testFloatingPointDisplayView.iphone-floatWithUnit.png",
"rule" : {
"process" : {
}
}
},
{
"path" : "/Users/admin/builder/spi-builder-workspace/Tests/SpeziAccountTests/__Snapshots__/SnapshotTesting/testIntegerDisplayView.iphone-integer.png",
"rule" : {
"process" : {
}
}
},
{
"path" : "/Users/admin/builder/spi-builder-workspace/Tests/SpeziAccountTests/__Snapshots__/SnapshotTesting/testIntegerDisplayView.iphone-integerWithUnit.png",
"rule" : {
"process" : {
}
}
},
{
"path" : "/Users/admin/builder/spi-builder-workspace/Tests/SpeziAccountTests/__Snapshots__/SnapshotTesting/testLocalizedStringDisplayView.iphone.png",
"rule" : {
"process" : {
}
}
},
{
"path" : "/Users/admin/builder/spi-builder-workspace/Tests/SpeziAccountTests/__Snapshots__/SnapshotTesting/testStringDisplayView.iphone.png",
"rule" : {
"process" : {
}
}
}
],
"sources" : [
"AccountDetails+Mock.swift",
"AccountDetailsCacheTests.swift",
"AccountDetailsTests.swift",
"AccountNotificationsTests.swift",
"SnapshotTesting.swift"
],
"target_dependencies" : [
"SpeziAccount",
"SpeziAccountPhoneNumbers"
],
"type" : "test"
},
{
"c99name" : "SpeziAccountPhoneNumbers",
"module_type" : "SwiftTarget",
"name" : "SpeziAccountPhoneNumbers",
"path" : "Sources/SpeziAccountPhoneNumbers",
"product_dependencies" : [
"PhoneNumberKit"
],
"product_memberships" : [
"SpeziAccountPhoneNumbers"
],
"resources" : [
{
"path" : "/Users/admin/builder/spi-builder-workspace/Sources/SpeziAccountPhoneNumbers/Resources/Localizable.xcstrings",
"rule" : {
"process" : {
}
}
},
{
"path" : "/Users/admin/builder/spi-builder-workspace/Sources/SpeziAccountPhoneNumbers/Resources/Localizable.xcstrings.license",
"rule" : {
"process" : {
}
}
}
],
"sources" : [
"DataEntry/CountryListSheet.swift",
"DataEntry/OTCEntryView.swift",
"DataEntry/PhoneNumberEntryField.swift",
"DataEntry/PhoneNumberEntryStep.swift",
"DataEntry/PhoneNumberSteps.swift",
"DataEntry/PhoneNumberViewModel.swift",
"DataEntry/PhoneNumbersDetailView.swift",
"DataEntry/VerificationCodeStep.swift",
"PhoneNumbersKey.swift",
"PhoneVerificationConstraint.swift",
"PhoneVerificationProvider.swift"
],
"target_dependencies" : [
"SpeziAccount"
],
"type" : "library"
},
{
"c99name" : "SpeziAccountMacrosTests",
"module_type" : "SwiftTarget",
"name" : "SpeziAccountMacrosTests",
"path" : "Tests/SpeziAccountMacrosTests",
"product_dependencies" : [
"SwiftSyntaxMacros",
"SwiftSyntaxMacrosTestSupport"
],
"sources" : [
"AccountKeyMacroTests.swift"
],
"target_dependencies" : [
"SpeziAccountMacros"
],
"type" : "test"
},
{
"c99name" : "SpeziAccountMacros",
"module_type" : "SwiftTarget",
"name" : "SpeziAccountMacros",
"path" : "Sources/SpeziAccountMacros",
"product_dependencies" : [
"SwiftSyntaxMacros",
"SwiftCompilerPlugin",
"SwiftDiagnostics"
],
"product_memberships" : [
"SpeziAccount",
"XCTSpeziAccount",
"SpeziAccountPhoneNumbers",
"SpeziAccountMacros"
],
"sources" : [
"AccountKeyMacro.swift",
"KeyEntryMacro.swift",
"SpeziAccountDiagnostic.swift",
"SpeziAccountMacros.swift"
],
"type" : "macro"
},
{
"c99name" : "SpeziAccount",
"module_type" : "SwiftTarget",
"name" : "SpeziAccount",
"path" : "Sources/SpeziAccount",
"product_dependencies" : [
"SpeziFoundation",
"Spezi",
"SpeziViews",
"SpeziPersonalInfo",
"SpeziValidation",
"SpeziLocalStorage",
"RuntimeAssertions",
"OrderedCollections",
"Atomics"
],
"product_memberships" : [
"SpeziAccount",
"XCTSpeziAccount",
"SpeziAccountPhoneNumbers"
],
"resources" : [
{
"path" : "/Users/admin/builder/spi-builder-workspace/Sources/SpeziAccount/Resources/Localizable.xcstrings",
"rule" : {
"process" : {
}
}
},
{
"path" : "/Users/admin/builder/spi-builder-workspace/Sources/SpeziAccount/Resources/Localizable.xcstrings.license",
"rule" : {
"process" : {
}
}
}
],
"sources" : [
"Account.swift",
"AccountConfiguration.swift",
"AccountDetailsCache.swift",
"AccountHeader.swift",
"AccountNotifications.swift",
"AccountNotifyConstraint.swift",
"AccountOverview+AccountOperation.swift",
"AccountOverview.swift",
"AccountService/AccountService.swift",
"AccountService/Configuration/AccountServiceConfiguration.swift",
"AccountService/Configuration/AccountServiceConfigurationBuilder.swift",
"AccountService/Configuration/AccountServiceConfigurationKey.swift",
"AccountService/Configuration/FieldValidationRules.swift",
"AccountService/Configuration/RequiredAccountKeys.swift",
"AccountService/Configuration/SupportedAccountKeys.swift",
"AccountService/Configuration/UserIdConfiguration.swift",
"AccountService/Configuration/UserIdType.swift",
"AccountService/IdentityProvider/IdentityProvider.swift",
"AccountService/IdentityProvider/IdentityProviderConfiguration.swift",
"AccountService/IdentityProvider/SecurityRelatedModifier.swift",
"AccountSetup.swift",
"AccountStorageProvider.swift",
"AccountValue/AccountKey+Views.swift",
"AccountValue/AccountKey.swift",
"AccountValue/AccountKeyCategory.swift",
"AccountValue/AccountKeyMacros.swift",
"AccountValue/AccountKeyOptions.swift",
"AccountValue/AccountKeys.swift",
"AccountValue/Collections/AccountAnchor.swift",
"AccountValue/Collections/AccountDetails+Codable.swift",
"AccountValue/Collections/AccountDetails+TestingSupport.swift",
"AccountValue/Collections/AccountDetails.swift",
"AccountValue/Collections/AccountDetailsBuilder.swift",
"AccountValue/Collections/AccountKeyCollection.swift",
"AccountValue/Collections/AccountKeyCollectionBuilder.swift",
"AccountValue/Collections/AccountModifications.swift",
"AccountValue/Collections/AccountStorage.swift",
"AccountValue/Configuration/AccountKeyConfigurationImpl.swift",
"AccountValue/Configuration/AccountKeyRequirement.swift",
"AccountValue/Configuration/AccountOperationError.swift",
"AccountValue/Configuration/AccountValueConfiguration.swift",
"AccountValue/Configuration/ConfiguredAccountKey.swift",
"AccountValue/InitialValue.swift",
"AccountValue/Keys/AccountDetailsFlags.swift",
"AccountValue/Keys/AccountIdKey.swift",
"AccountValue/Keys/AccountServiceConfigurationDetailsKey.swift",
"AccountValue/Keys/DateOfBirthKey.swift",
"AccountValue/Keys/DecodingErrors.swift",
"AccountValue/Keys/EmailAddressKey.swift",
"AccountValue/Keys/GenderIdentityKey.swift",
"AccountValue/Keys/PasswordKey.swift",
"AccountValue/Keys/PersonNameKey.swift",
"AccountValue/Keys/UserIdKey.swift",
"AccountValue/RequiredAccountKey.swift",
"AccountValue/Visitor/AccountKey+Visitor.swift",
"AccountValue/Visitor/AccountKeyVisitor.swift",
"AccountValue/Visitor/AccountValueVisitor.swift",
"Environment/AccountRequiredKey.swift",
"Environment/AccountServiceConfiguration+Environment.swift",
"Environment/AccountViewType.swift",
"Environment/FollowUpBehavior.swift",
"Environment/PasswordFieldType.swift",
"Environment/PreferredSetupStyle.swift",
"Environment/SignupProviderCompliance.swift",
"ExternalAccountStorage.swift",
"Mock/InMemoryAccountService.swift",
"Mock/InMemoryAccountStorageProvider.swift",
"Mock/MockBoolKey.swift",
"Mock/MockDoubleKey.swift",
"Mock/MockNumericKey.swift",
"Model/GenderIdentity.swift",
"Model/KeyPath+ShortDescription.swift",
"Model/UserIdPasswordCredential.swift",
"Model/ValidationRule+Account.swift",
"ViewModel/AccountDisplayModel.swift",
"ViewModel/AccountOverviewFormViewModel.swift",
"ViewModel/AccountOverviewValuesComparator.swift",
"ViewModel/CategorizedAccountKeys.swift",
"ViewModel/ForEachAccountKeyWrapper.swift",
"ViewModel/ViewSizing.swift",
"ViewModifier/AccountRequiredModifier.swift",
"ViewModifier/AnyViewModifier.swift",
"ViewModifier/DisableFieldAssistantsModifier.swift",
"ViewModifier/DismissiveActions.swift",
"ViewModifier/RequiredValidationModifier.swift",
"ViewModifier/VerifyRequiredAccountDetailsModifier.swift",
"Views/AccountOverview/AccountKeyOverviewRow.swift",
"Views/AccountOverview/AccountOverviewForm.swift",
"Views/AccountOverview/AccountOverviewHeader.swift",
"Views/AccountOverview/AccountOverviewSections.swift",
"Views/AccountOverview/NameOverview.swift",
"Views/AccountOverview/OverviewSectionIcons.swift",
"Views/AccountOverview/PasswordChangeSheet.swift",
"Views/AccountOverview/PasswordValidationRuleFooter.swift",
"Views/AccountOverview/SecurityOverview.swift",
"Views/AccountOverview/SingleEditView.swift",
"Views/AccountOverview/View+AccountOverviewObjects.swift",
"Views/AccountSetup/AccountSetupState.swift",
"Views/AccountSetup/DefaultAccountSetupHeader.swift",
"Views/AccountSetup/ExistingAccountView.swift",
"Views/AccountSetup/FollowUpInfoSheet.swift",
"Views/AccountSetup/ServicesDivider.swift",
"Views/AccountSetup/SetupProvider/AccountServiceButton.swift",
"Views/AccountSetup/SetupProvider/AccountSetupProviderView.swift",
"Views/AccountSetup/SetupProvider/LoginSetupView.swift",
"Views/AccountSetup/SetupProvider/SignInWithAppleButton.swift",
"Views/AccountSetup/SetupProvider/SignupSetupView.swift",
"Views/AccountSetup/SignupSectionsView.swift",
"Views/AccountSummaryBox.swift",
"Views/DataDisplay/BoolDisplayView.swift",
"Views/DataDisplay/DataDisplayView.swift",
"Views/DataDisplay/FixedWidthIntegerDisplayView.swift",
"Views/DataDisplay/FloatingPointDisplayView.swift",
"Views/DataDisplay/GridValidationStateFooter.swift",
"Views/DataDisplay/LocalizableStringDisplayView.swift",
"Views/DataDisplay/SetupDisplayView.swift",
"Views/DataDisplay/StringDisplayView.swift",
"Views/DataEntry/BoolEntryView.swift",
"Views/DataEntry/CaseIterablePickerEntryView.swift",
"Views/DataEntry/DataEntryView.swift",
"Views/DataEntry/DateOfBirthPicker.swift",
"Views/DataEntry/FixedWidthIntegerEntryView.swift",
"Views/DataEntry/FloatingPointEntryView.swift",
"Views/DataEntry/GeneralizedDataEntryView.swift",
"Views/DataEntry/StringEntryView.swift",
"Views/Documentation/DocumentationInfoView.swift",
"Views/Documentation/EmptyServicesWarning.swift",
"Views/Documentation/MissingAccountDetailsWarning.swift",
"Views/PasswordResetView.swift",
"Views/Preview/AccountDetailsReader.swift",
"Views/SignupForm.swift",
"Views/SignupFormHeader.swift",
"Views/SuccessfulPasswordResetView.swift",
"Views/Utils.swift"
],
"target_dependencies" : [
"SpeziAccountMacros"
],
"type" : "library"
}
],
"tools_version" : "6.2"
}
{
"workspace" : {
"name" : "SpeziAccount",
"schemes" : [
"MarkdownUI",
"SpeziAccount",
"SpeziAccount-Package",
"SpeziAccountPhoneNumbers",
"XCTSpeziAccount"
]
}
}
2026-09-23 22:18:34.197 xcodebuild[2088:10256] [MT] IDERunDestination: Supported platforms for the buildables in the current scheme is empty.
Running build ...
env DEVELOPER_DIR=/Applications/Xcode-27.0.0-Release.Candidate.app xcrun xcodebuild -IDEClonedSourcePackagesDirPathOverride=$PWD/.dependencies -skipMacroValidation -skipPackagePluginValidation -derivedDataPath $PWD/.derivedData build -scheme SpeziAccount-Package -destination generic/platform=tvOS
Command line invocation:
/Applications/Xcode-27.0.0-Release.Candidate.app/Contents/Developer/usr/bin/xcodebuild -IDEClonedSourcePackagesDirPathOverride=/Users/admin/builder/spi-builder-workspace/.dependencies -skipMacroValidation -skipPackagePluginValidation -derivedDataPath /Users/admin/builder/spi-builder-workspace/.derivedData build -scheme SpeziAccount-Package -destination generic/platform=tvOS
Resolve Package Graph
failed to retrieve search paths with pkg-config; maybe pkg-config is not installedcouldn't find pc file for zlib
Resolved source packages:
SpeziFoundation: https://github.com/StanfordSpezi/SpeziFoundation.git @ 2.7.7
RuntimeAssertions: https://github.com/StanfordBDHG/XCTRuntimeAssertions.git @ 2.2.0
swift-markdown-ui: https://github.com/gonzalezreal/swift-markdown-ui.git @ 2.4.1
swift-syntax: https://github.com/swiftlang/swift-syntax.git @ 602.0.0
swift-collections: https://github.com/apple/swift-collections.git @ 1.7.0
swift-custom-dump: https://github.com/pointfreeco/swift-custom-dump @ 1.7.3
XCTestExtensions: https://github.com/StanfordBDHG/XCTestExtensions.git @ 1.2.6
swift-snapshot-testing: https://github.com/pointfreeco/swift-snapshot-testing.git @ 1.19.6
swift-issue-reporting: https://github.com/pointfreeco/swift-issue-reporting @ 2.1.1
ThreadLocal: https://github.com/StanfordBDHG/ThreadLocal.git @ 0.1.3
swift-numerics: https://github.com/apple/swift-numerics.git @ 1.1.1
SpeziStorage: https://github.com/StanfordSpezi/SpeziStorage.git @ 2.1.4
swift-log: https://github.com/apple/swift-log @ 1.15.1
Spezi: https://github.com/StanfordSpezi/Spezi.git @ 1.10.2
swift-atomics: https://github.com/apple/swift-atomics.git @ 1.3.1
PhoneNumberKit: https://github.com/marmelroy/PhoneNumberKit @ 4.3.0
zstd: https://github.com/StanfordBDHG/zstd.git @ 1.5.8-beta.1
swift-algorithms: https://github.com/apple/swift-algorithms.git @ 1.2.1
NetworkImage: https://github.com/gonzalezreal/NetworkImage @ 6.0.1
SpeziViews: https://github.com/StanfordSpezi/SpeziViews.git @ 1.12.14
SpeziAccount: /Users/admin/builder/spi-builder-workspace
cmark-gfm: https://github.com/swiftlang/swift-cmark @ 0.9.0
ComputePackagePrebuildTargetDependencyGraph
Prepare packages
CreateBuildRequest
SendProjectDescription
CreateBuildOperation
ComputeTargetDependencyGraph
note: Building targets in dependency order
note: Target dependency graph (62 targets)
Target 'SpeziAccountPhoneNumbers-product' in project 'SpeziAccount'
➜ Explicit dependency on target 'SpeziAccountPhoneNumbers' in project 'SpeziAccount'
➜ Explicit dependency on target 'SpeziAccount_SpeziAccountPhoneNumbers' in project 'SpeziAccount'
➜ Explicit dependency on target 'SpeziAccountMacros' in project 'SpeziAccount'
➜ Explicit dependency on target 'SpeziAccount' in project 'SpeziAccount'
➜ Explicit dependency on target 'SpeziFoundation-product' in project 'SpeziFoundation'
➜ Explicit dependency on target 'Spezi-product' in project 'Spezi'
➜ Explicit dependency on target 'SpeziViews-product' in project 'SpeziViews'
➜ Explicit dependency on target 'SpeziPersonalInfo-product' in project 'SpeziViews'
➜ Explicit dependency on target 'SpeziValidation-product' in project 'SpeziViews'
➜ Explicit dependency on target 'SpeziLocalStorage-product' in project 'SpeziStorage'
➜ Explicit dependency on target 'RuntimeAssertions-product' in project 'RuntimeAssertions'
➜ Explicit dependency on target 'OrderedCollections-product' in project 'swift-collections'
➜ Explicit dependency on target 'Atomics-product' in project 'swift-atomics'
➜ Explicit dependency on target 'PhoneNumberKit-product' in project 'PhoneNumberKit'
Target 'SpeziAccountPhoneNumbers' in project 'SpeziAccount'
➜ Explicit dependency on target 'SpeziAccount_SpeziAccountPhoneNumbers' in project 'SpeziAccount'
➜ Explicit dependency on target 'SpeziAccountMacros' in project 'SpeziAccount'
➜ Explicit dependency on target 'SpeziAccount' in project 'SpeziAccount'
➜ Explicit dependency on target 'SpeziFoundation-product' in project 'SpeziFoundation'
➜ Explicit dependency on target 'Spezi-product' in project 'Spezi'
➜ Explicit dependency on target 'SpeziViews-product' in project 'SpeziViews'
➜ Explicit dependency on target 'SpeziPersonalInfo-product' in project 'SpeziViews'
➜ Explicit dependency on target 'SpeziValidation-product' in project 'SpeziViews'
➜ Explicit dependency on target 'SpeziLocalStorage-product' in project 'SpeziStorage'
➜ Explicit dependency on target 'RuntimeAssertions-product' in project 'RuntimeAssertions'
➜ Explicit dependency on target 'OrderedCollections-product' in project 'swift-collections'
➜ Explicit dependency on target 'Atomics-product' in project 'swift-atomics'
➜ Explicit dependency on target 'PhoneNumberKit-product' in project 'PhoneNumberKit'
Target 'PhoneNumberKit-product' in project 'PhoneNumberKit'
➜ Explicit dependency on target 'PhoneNumberKit' in project 'PhoneNumberKit'
➜ Explicit dependency on target 'PhoneNumberKit_PhoneNumberKit' in project 'PhoneNumberKit'
Target 'PhoneNumberKit' in project 'PhoneNumberKit'
➜ Explicit dependency on target 'PhoneNumberKit_PhoneNumberKit' in project 'PhoneNumberKit'
Target 'PhoneNumberKit_PhoneNumberKit' in project 'PhoneNumberKit' (no dependencies)
Target 'SpeziAccount_SpeziAccountPhoneNumbers' in project 'SpeziAccount' (no dependencies)
Target 'XCTSpeziAccount-product' in project 'SpeziAccount'
➜ Explicit dependency on target 'XCTSpeziAccount' in project 'SpeziAccount'
➜ Explicit dependency on target 'SpeziAccountMacros' in project 'SpeziAccount'
➜ Explicit dependency on target 'SpeziAccount' in project 'SpeziAccount'
➜ Explicit dependency on target 'SpeziFoundation-product' in project 'SpeziFoundation'
➜ Explicit dependency on target 'Spezi-product' in project 'Spezi'
➜ Explicit dependency on target 'SpeziViews-product' in project 'SpeziViews'
➜ Explicit dependency on target 'SpeziPersonalInfo-product' in project 'SpeziViews'
➜ Explicit dependency on target 'SpeziValidation-product' in project 'SpeziViews'
➜ Explicit dependency on target 'SpeziLocalStorage-product' in project 'SpeziStorage'
➜ Explicit dependency on target 'RuntimeAssertions-product' in project 'RuntimeAssertions'
➜ Explicit dependency on target 'OrderedCollections-product' in project 'swift-collections'
➜ Explicit dependency on target 'Atomics-product' in project 'swift-atomics'
➜ Explicit dependency on target 'XCTestExtensions-product' in project 'XCTestExtensions'
Target 'XCTSpeziAccount' in project 'SpeziAccount'
➜ Explicit dependency on target 'SpeziAccountMacros' in project 'SpeziAccount'
➜ Explicit dependency on target 'SpeziAccount' in project 'SpeziAccount'
➜ Explicit dependency on target 'SpeziFoundation-product' in project 'SpeziFoundation'
➜ Explicit dependency on target 'Spezi-product' in project 'Spezi'
➜ Explicit dependency on target 'SpeziViews-product' in project 'SpeziViews'
➜ Explicit dependency on target 'SpeziPersonalInfo-product' in project 'SpeziViews'
➜ Explicit dependency on target 'SpeziValidation-product' in project 'SpeziViews'
➜ Explicit dependency on target 'SpeziLocalStorage-product' in project 'SpeziStorage'
➜ Explicit dependency on target 'RuntimeAssertions-product' in project 'RuntimeAssertions'
➜ Explicit dependency on target 'OrderedCollections-product' in project 'swift-collections'
➜ Explicit dependency on target 'Atomics-product' in project 'swift-atomics'
➜ Explicit dependency on target 'XCTestExtensions-product' in project 'XCTestExtensions'
Target 'XCTestExtensions-product' in project 'XCTestExtensions'
➜ Explicit dependency on target 'XCTestExtensions' in project 'XCTestExtensions'
Target 'XCTestExtensions' in project 'XCTestExtensions' (no dependencies)
Target 'SpeziAccount-product' in project 'SpeziAccount'
➜ Explicit dependency on target 'SpeziAccount' in project 'SpeziAccount'
➜ Explicit dependency on target 'SpeziAccount_SpeziAccount' in project 'SpeziAccount'
➜ Explicit dependency on target 'SpeziAccountMacros' in project 'SpeziAccount'
➜ Explicit dependency on target 'SpeziFoundation-product' in project 'SpeziFoundation'
➜ Explicit dependency on target 'Spezi-product' in project 'Spezi'
➜ Explicit dependency on target 'SpeziViews-product' in project 'SpeziViews'
➜ Explicit dependency on target 'SpeziPersonalInfo-product' in project 'SpeziViews'
➜ Explicit dependency on target 'SpeziValidation-product' in project 'SpeziViews'
➜ Explicit dependency on target 'SpeziLocalStorage-product' in project 'SpeziStorage'
➜ Explicit dependency on target 'RuntimeAssertions-product' in project 'RuntimeAssertions'
➜ Explicit dependency on target 'OrderedCollections-product' in project 'swift-collections'
➜ Explicit dependency on target 'Atomics-product' in project 'swift-atomics'
Target 'SpeziAccount' in project 'SpeziAccount'
➜ Explicit dependency on target 'SpeziAccount_SpeziAccount' in project 'SpeziAccount'
➜ Explicit dependency on target 'SpeziAccountMacros' in project 'SpeziAccount'
➜ Explicit dependency on target 'SpeziFoundation-product' in project 'SpeziFoundation'
➜ Explicit dependency on target 'Spezi-product' in project 'Spezi'
➜ Explicit dependency on target 'SpeziViews-product' in project 'SpeziViews'
➜ Explicit dependency on target 'SpeziPersonalInfo-product' in project 'SpeziViews'
➜ Explicit dependency on target 'SpeziValidation-product' in project 'SpeziViews'
➜ Explicit dependency on target 'SpeziLocalStorage-product' in project 'SpeziStorage'
➜ Explicit dependency on target 'RuntimeAssertions-product' in project 'RuntimeAssertions'
➜ Explicit dependency on target 'OrderedCollections-product' in project 'swift-collections'
➜ Explicit dependency on target 'Atomics-product' in project 'swift-atomics'
Target 'SpeziLocalStorage-product' in project 'SpeziStorage'
➜ Explicit dependency on target 'SpeziLocalStorage' in project 'SpeziStorage'
➜ Explicit dependency on target 'SpeziKeychainStorage' in project 'SpeziStorage'
➜ Explicit dependency on target 'Spezi-product' in project 'Spezi'
➜ Explicit dependency on target 'RuntimeAssertions-product' in project 'RuntimeAssertions'
➜ Explicit dependency on target 'SpeziFoundation-product' in project 'SpeziFoundation'
Target 'SpeziLocalStorage' in project 'SpeziStorage'
➜ Explicit dependency on target 'SpeziKeychainStorage' in project 'SpeziStorage'
➜ Explicit dependency on target 'Spezi-product' in project 'Spezi'
➜ Explicit dependency on target 'RuntimeAssertions-product' in project 'RuntimeAssertions'
➜ Explicit dependency on target 'SpeziFoundation-product' in project 'SpeziFoundation'
Target 'SpeziKeychainStorage' in project 'SpeziStorage'
➜ Explicit dependency on target 'Spezi-product' in project 'Spezi'
➜ Explicit dependency on target 'RuntimeAssertions-product' in project 'RuntimeAssertions'
Target 'SpeziValidation-product' in project 'SpeziViews'
➜ Explicit dependency on target 'SpeziValidation' in project 'SpeziViews'
➜ Explicit dependency on target 'SpeziViews_SpeziValidation' in project 'SpeziViews'
➜ Explicit dependency on target 'SpeziViews' in project 'SpeziViews'
➜ Explicit dependency on target 'Spezi-product' in project 'Spezi'
➜ Explicit dependency on target 'SpeziFoundation-product' in project 'SpeziFoundation'
➜ Explicit dependency on target 'SpeziLocalization-product' in project 'SpeziFoundation'
➜ Explicit dependency on target 'MarkdownUI-product' in project 'swift-markdown-ui'
➜ Explicit dependency on target 'OrderedCollections-product' in project 'swift-collections'
Target 'SpeziValidation' in project 'SpeziViews'
➜ Explicit dependency on target 'SpeziViews_SpeziValidation' in project 'SpeziViews'
➜ Explicit dependency on target 'SpeziViews' in project 'SpeziViews'
➜ Explicit dependency on target 'Spezi-product' in project 'Spezi'
➜ Explicit dependency on target 'SpeziFoundation-product' in project 'SpeziFoundation'
➜ Explicit dependency on target 'SpeziLocalization-product' in project 'SpeziFoundation'
➜ Explicit dependency on target 'MarkdownUI-product' in project 'swift-markdown-ui'
➜ Explicit dependency on target 'OrderedCollections-product' in project 'swift-collections'
Target 'SpeziViews_SpeziValidation' in project 'SpeziViews' (no dependencies)
Target 'SpeziPersonalInfo-product' in project 'SpeziViews'
➜ Explicit dependency on target 'SpeziPersonalInfo' in project 'SpeziViews'
➜ Explicit dependency on target 'SpeziViews_SpeziPersonalInfo' in project 'SpeziViews'
➜ Explicit dependency on target 'SpeziViews' in project 'SpeziViews'
➜ Explicit dependency on target 'Spezi-product' in project 'Spezi'
➜ Explicit dependency on target 'SpeziFoundation-product' in project 'SpeziFoundation'
➜ Explicit dependency on target 'SpeziLocalization-product' in project 'SpeziFoundation'
➜ Explicit dependency on target 'MarkdownUI-product' in project 'swift-markdown-ui'
Target 'SpeziPersonalInfo' in project 'SpeziViews'
➜ Explicit dependency on target 'SpeziViews_SpeziPersonalInfo' in project 'SpeziViews'
➜ Explicit dependency on target 'SpeziViews' in project 'SpeziViews'
➜ Explicit dependency on target 'Spezi-product' in project 'Spezi'
➜ Explicit dependency on target 'SpeziFoundation-product' in project 'SpeziFoundation'
➜ Explicit dependency on target 'SpeziLocalization-product' in project 'SpeziFoundation'
➜ Explicit dependency on target 'MarkdownUI-product' in project 'swift-markdown-ui'
Target 'SpeziViews_SpeziPersonalInfo' in project 'SpeziViews' (no dependencies)
Target 'SpeziViews-product' in project 'SpeziViews'
➜ Explicit dependency on target 'SpeziViews' in project 'SpeziViews'
➜ Explicit dependency on target 'SpeziViews_SpeziViews' in project 'SpeziViews'
➜ Explicit dependency on target 'Spezi-product' in project 'Spezi'
➜ Explicit dependency on target 'SpeziFoundation-product' in project 'SpeziFoundation'
➜ Explicit dependency on target 'SpeziLocalization-product' in project 'SpeziFoundation'
➜ Explicit dependency on target 'MarkdownUI-product' in project 'swift-markdown-ui'
Target 'SpeziViews' in project 'SpeziViews'
➜ Explicit dependency on target 'SpeziViews_SpeziViews' in project 'SpeziViews'
➜ Explicit dependency on target 'Spezi-product' in project 'Spezi'
➜ Explicit dependency on target 'SpeziFoundation-product' in project 'SpeziFoundation'
➜ Explicit dependency on target 'SpeziLocalization-product' in project 'SpeziFoundation'
➜ Explicit dependency on target 'MarkdownUI-product' in project 'swift-markdown-ui'
Target 'MarkdownUI-product' in project 'swift-markdown-ui'
➜ Explicit dependency on target 'MarkdownUI' in project 'swift-markdown-ui'
➜ Explicit dependency on target 'cmark-gfm-product' in project 'cmark-gfm'
➜ Explicit dependency on target 'cmark-gfm-extensions-product' in project 'cmark-gfm'
➜ Explicit dependency on target 'NetworkImage-product' in project 'NetworkImage'
Target 'MarkdownUI' in project 'swift-markdown-ui'
➜ Explicit dependency on target 'cmark-gfm-product' in project 'cmark-gfm'
➜ Explicit dependency on target 'cmark-gfm-extensions-product' in project 'cmark-gfm'
➜ Explicit dependency on target 'NetworkImage-product' in project 'NetworkImage'
Target 'NetworkImage-product' in project 'NetworkImage'
➜ Explicit dependency on target 'NetworkImage' in project 'NetworkImage'
Target 'NetworkImage' in project 'NetworkImage' (no dependencies)
Target 'cmark-gfm-extensions-product' in project 'cmark-gfm'
➜ Explicit dependency on target 'cmark-gfm-extensions' in project 'cmark-gfm'
➜ Explicit dependency on target 'cmark-gfm' in project 'cmark-gfm'
Target 'cmark-gfm-extensions' in project 'cmark-gfm'
➜ Explicit dependency on target 'cmark-gfm' in project 'cmark-gfm'
Target 'cmark-gfm-product' in project 'cmark-gfm'
➜ Explicit dependency on target 'cmark-gfm' in project 'cmark-gfm'
Target 'cmark-gfm' in project 'cmark-gfm' (no dependencies)
Target 'SpeziLocalization-product' in project 'SpeziFoundation'
➜ Explicit dependency on target 'SpeziLocalization' in project 'SpeziFoundation'
➜ Explicit dependency on target 'SpeziFoundationObjC' in project 'SpeziFoundation'
➜ Explicit dependency on target 'SpeziFoundation' in project 'SpeziFoundation'
➜ Explicit dependency on target 'libzstd-product' in project 'zstd'
➜ Explicit dependency on target 'Atomics-product' in project 'swift-atomics'
➜ Explicit dependency on target 'Algorithms-product' in project 'swift-algorithms'
➜ Explicit dependency on target 'RuntimeAssertions-product' in project 'RuntimeAssertions'
➜ Explicit dependency on target 'Logging-product' in project 'swift-log'
➜ Explicit dependency on target 'ThreadLocal-product' in project 'ThreadLocal'
Target 'SpeziLocalization' in project 'SpeziFoundation'
➜ Explicit dependency on target 'SpeziFoundationObjC' in project 'SpeziFoundation'
➜ Explicit dependency on target 'SpeziFoundation' in project 'SpeziFoundation'
➜ Explicit dependency on target 'libzstd-product' in project 'zstd'
➜ Explicit dependency on target 'Atomics-product' in project 'swift-atomics'
➜ Explicit dependency on target 'Algorithms-product' in project 'swift-algorithms'
➜ Explicit dependency on target 'RuntimeAssertions-product' in project 'RuntimeAssertions'
➜ Explicit dependency on target 'Logging-product' in project 'swift-log'
➜ Explicit dependency on target 'ThreadLocal-product' in project 'ThreadLocal'
Target 'SpeziViews_SpeziViews' in project 'SpeziViews' (no dependencies)
Target 'Spezi-product' in project 'Spezi'
➜ Explicit dependency on target 'Spezi' in project 'Spezi'
➜ Explicit dependency on target 'SpeziFoundation-product' in project 'SpeziFoundation'
➜ Explicit dependency on target 'RuntimeAssertions-product' in project 'RuntimeAssertions'
➜ Explicit dependency on target 'OrderedCollections-product' in project 'swift-collections'
Target 'Spezi' in project 'Spezi'
➜ Explicit dependency on target 'SpeziFoundation-product' in project 'SpeziFoundation'
➜ Explicit dependency on target 'RuntimeAssertions-product' in project 'RuntimeAssertions'
➜ Explicit dependency on target 'OrderedCollections-product' in project 'swift-collections'
Target 'OrderedCollections-product' in project 'swift-collections'
➜ Explicit dependency on target 'OrderedCollections' in project 'swift-collections'
➜ Explicit dependency on target 'InternalCollectionsUtilities' in project 'swift-collections'
Target 'OrderedCollections' in project 'swift-collections'
➜ Explicit dependency on target 'InternalCollectionsUtilities' in project 'swift-collections'
Target 'InternalCollectionsUtilities' in project 'swift-collections' (no dependencies)
Target 'SpeziFoundation-product' in project 'SpeziFoundation'
➜ Explicit dependency on target 'SpeziFoundation' in project 'SpeziFoundation'
➜ Explicit dependency on target 'SpeziFoundation_SpeziFoundation' in project 'SpeziFoundation'
➜ Explicit dependency on target 'SpeziFoundationObjC' in project 'SpeziFoundation'
➜ Explicit dependency on target 'libzstd-product' in project 'zstd'
➜ Explicit dependency on target 'Atomics-product' in project 'swift-atomics'
➜ Explicit dependency on target 'Algorithms-product' in project 'swift-algorithms'
➜ Explicit dependency on target 'RuntimeAssertions-product' in project 'RuntimeAssertions'
➜ Explicit dependency on target 'Logging-product' in project 'swift-log'
➜ Explicit dependency on target 'ThreadLocal-product' in project 'ThreadLocal'
Target 'SpeziFoundation' in project 'SpeziFoundation'
➜ Explicit dependency on target 'SpeziFoundation_SpeziFoundation' in project 'SpeziFoundation'
➜ Explicit dependency on target 'SpeziFoundationObjC' in project 'SpeziFoundation'
➜ Explicit dependency on target 'libzstd-product' in project 'zstd'
➜ Explicit dependency on target 'Atomics-product' in project 'swift-atomics'
➜ Explicit dependency on target 'Algorithms-product' in project 'swift-algorithms'
➜ Explicit dependency on target 'RuntimeAssertions-product' in project 'RuntimeAssertions'
➜ Explicit dependency on target 'Logging-product' in project 'swift-log'
➜ Explicit dependency on target 'ThreadLocal-product' in project 'ThreadLocal'
Target 'ThreadLocal-product' in project 'ThreadLocal'
➜ Explicit dependency on target 'ThreadLocal' in project 'ThreadLocal'
➜ Explicit dependency on target 'ThreadLocalMacros' in project 'ThreadLocal'
Target 'ThreadLocal' in project 'ThreadLocal'
➜ Explicit dependency on target 'ThreadLocalMacros' in project 'ThreadLocal'
Target 'ThreadLocalMacros' in project 'ThreadLocal' (no dependencies)
Target 'Logging-product' in project 'swift-log'
➜ Explicit dependency on target 'Logging' in project 'swift-log'
Target 'Logging' in project 'swift-log' (no dependencies)
Target 'RuntimeAssertions-product' in project 'RuntimeAssertions'
➜ Explicit dependency on target 'RuntimeAssertions' in project 'RuntimeAssertions'
Target 'RuntimeAssertions' in project 'RuntimeAssertions' (no dependencies)
Target 'Algorithms-product' in project 'swift-algorithms'
➜ Explicit dependency on target 'Algorithms' in project 'swift-algorithms'
➜ Explicit dependency on target 'RealModule-product' in project 'swift-numerics'
Target 'Algorithms' in project 'swift-algorithms'
➜ Explicit dependency on target 'RealModule-product' in project 'swift-numerics'
Target 'RealModule-product' in project 'swift-numerics'
➜ Explicit dependency on target 'RealModule' in project 'swift-numerics'
➜ Explicit dependency on target '_NumericsShims' in project 'swift-numerics'
Target 'RealModule' in project 'swift-numerics'
➜ Explicit dependency on target '_NumericsShims' in project 'swift-numerics'
Target '_NumericsShims' in project 'swift-numerics' (no dependencies)
Target 'Atomics-product' in project 'swift-atomics'
➜ Explicit dependency on target 'Atomics' in project 'swift-atomics'
➜ Explicit dependency on target '_AtomicsShims' in project 'swift-atomics'
Target 'Atomics' in project 'swift-atomics'
➜ Explicit dependency on target '_AtomicsShims' in project 'swift-atomics'
Target '_AtomicsShims' in project 'swift-atomics' (no dependencies)
Target 'libzstd-product' in project 'zstd'
➜ Explicit dependency on target 'libzstd' in project 'zstd'
Target 'libzstd' in project 'zstd' (no dependencies)
Target 'SpeziFoundationObjC' in project 'SpeziFoundation' (no dependencies)
Target 'SpeziFoundation_SpeziFoundation' in project 'SpeziFoundation' (no dependencies)
Target 'SpeziAccountMacros' in project 'SpeziAccount' (no dependencies)
Target 'SpeziAccount_SpeziAccount' in project 'SpeziAccount' (no dependencies)
GatherProvisioningInputs
CreateBuildDescription
ClangStatCache /Applications/Xcode-27.0.0-Release.Candidate.app/Contents/Developer/Toolchains/XcodeDefault.xctoolchain/usr/bin/clang-stat-cache /Applications/Xcode-27.0.0-Release.Candidate.app/Contents/Developer/Platforms/MacOSX.platform/Developer/SDKs/MacOSX27.0.sdk /Users/admin/builder/spi-builder-workspace/.derivedData/SDKStatCaches.noindex/macosx27.0-26A425-e829b21a6f8c9b70876ba0858053c0446a22442a12e9d48fe1a705f55a1adfc4.sdkstatcache
cd /Users/admin/builder/spi-builder-workspace/.swiftpm/xcode
/Applications/Xcode-27.0.0-Release.Candidate.app/Contents/Developer/Toolchains/XcodeDefault.xctoolchain/usr/bin/clang-stat-cache /Applications/Xcode-27.0.0-Release.Candidate.app/Contents/Developer/Platforms/MacOSX.platform/Developer/SDKs/MacOSX27.0.sdk -o /Users/admin/builder/spi-builder-workspace/.derivedData/SDKStatCaches.noindex/macosx27.0-26A425-e829b21a6f8c9b70876ba0858053c0446a22442a12e9d48fe1a705f55a1adfc4.sdkstatcache
ClangStatCache /Applications/Xcode-27.0.0-Release.Candidate.app/Contents/Developer/Toolchains/XcodeDefault.xctoolchain/usr/bin/clang-stat-cache /Applications/Xcode-27.0.0-Release.Candidate.app/Contents/Developer/Platforms/AppleTVOS.platform/Developer/SDKs/AppleTVOS27.0.sdk /Users/admin/builder/spi-builder-workspace/.derivedData/SDKStatCaches.noindex/appletvos27.0-24J360-e829b21a6f8c9b70876ba0858053c044b32bfd8d43560033f8d89884cdb90028.sdkstatcache
cd /Users/admin/builder/spi-builder-workspace/.swiftpm/xcode
/Applications/Xcode-27.0.0-Release.Candidate.app/Contents/Developer/Toolchains/XcodeDefault.xctoolchain/usr/bin/clang-stat-cache /Applications/Xcode-27.0.0-Release.Candidate.app/Contents/Developer/Platforms/AppleTVOS.platform/Developer/SDKs/AppleTVOS27.0.sdk -o /Users/admin/builder/spi-builder-workspace/.derivedData/SDKStatCaches.noindex/appletvos27.0-24J360-e829b21a6f8c9b70876ba0858053c044b32bfd8d43560033f8d89884cdb90028.sdkstatcache
SwiftDriver XCTestExtensions normal arm64 com.apple.xcode.tools.swift.compiler (in target 'XCTestExtensions' from project 'XCTestExtensions')
cd /Users/admin/builder/spi-builder-workspace/.swiftpm/xcode
builtin-SwiftDriver -- /Applications/Xcode-27.0.0-Release.Candidate.app/Contents/Developer/Toolchains/XcodeDefault.xctoolchain/usr/bin/swiftc -parse-as-library -module-name XCTestExtensions -Onone @/Users/admin/builder/spi-builder-workspace/.derivedData/Build/Intermediates.noindex/XCTestExtensions.build/Debug-appletvos/XCTestExtensions-t.build/Objects-normal/arm64/XCTestExtensions.SwiftFileList -DSWIFT_PACKAGE -DDEBUG -DSWIFT_MODULE_RESOURCE_BUNDLE_UNAVAILABLE -DXcode -plugin-path /Applications/Xcode-27.0.0-Release.Candidate.app/Contents/Developer/Toolchains/XcodeDefault.xctoolchain/usr/lib/swift/host/plugins/testing -enable-experimental-feature DebugDescriptionMacro -sdk /Applications/Xcode-27.0.0-Release.Candidate.app/Contents/Developer/Platforms/AppleTVOS.platform/Developer/SDKs/AppleTVOS27.0.sdk -target arm64-apple-tvos16.0 -g -module-cache-path /Users/admin/builder/spi-builder-workspace/.derivedData/ModuleCache.noindex -Xfrontend -serialize-debugging-options -profile-coverage-mapping -profile-generate -enable-testing -suppress-warnings -index-store-path /Users/admin/builder/spi-builder-workspace/.derivedData/Index.noindex/DataStore -Xcc -D_LIBCPP_HARDENING_MODE\=_LIBCPP_HARDENING_MODE_DEBUG -swift-version 6 -I /Users/admin/builder/spi-builder-workspace/.derivedData/Build/Products/Debug-appletvos -Isystem /Applications/Xcode-27.0.0-Release.Candidate.app/Contents/Developer/Platforms/AppleTVOS.platform/Developer/usr/lib -F /Users/admin/builder/spi-builder-workspace/.derivedData/Build/Products/Debug-appletvos -F /Applications/Xcode-27.0.0-Release.Candidate.app/Contents/Developer/Platforms/AppleTVOS.platform/Developer/Library/Frameworks -F /Applications/Xcode-27.0.0-Release.Candidate.app/Contents/Developer/Platforms/AppleTVOS.platform/Developer/SDKs/AppleTVOS27.0.sdk/Developer/Library/Frameworks -c -j10 -enable-batch-mode -incremental -Xcc -ivfsstatcache -Xcc /Users/admin/builder/spi-builder-workspace/.derivedData/SDKStatCaches.noindex/appletvos27.0-24J360-e829b21a6f8c9b70876ba0858053c044b32bfd8d43560033f8d89884cdb90028.sdkstatcache -output-file-map /Users/admin/builder/spi-builder-workspace/.derivedData/Build/Intermediates.noindex/XCTestExtensions.build/Debug-appletvos/XCTestExtensions-t.build/Objects-normal/arm64/XCTestExtensions-OutputFileMap.json -save-temps -no-color-diagnostics -explicit-module-build -module-cache-path /Users/admin/builder/spi-builder-workspace/.derivedData/Build/Intermediates.noindex/SwiftExplicitPrecompiledModules -clang-scanner-module-cache-path /Users/admin/builder/spi-builder-workspace/.derivedData/ModuleCache.noindex -sdk-module-cache-path /Users/admin/builder/spi-builder-workspace/.derivedData/SDKExplicitPrecompiledModules -emit-dependencies -emit-module -emit-module-path /Users/admin/builder/spi-builder-workspace/.derivedData/Build/Intermediates.noindex/XCTestExtensions.build/Debug-appletvos/XCTestExtensions-t.build/Objects-normal/arm64/XCTestExtensions.swiftmodule -serialize-diagnostics -dependency-scan-serialize-diagnostics-path /Users/admin/builder/spi-builder-workspace/.derivedData/Build/Intermediates.noindex/XCTestExtensions.build/Debug-appletvos/XCTestExtensions-t.build/Objects-normal/arm64/XCTestExtensions-dependency-scan.dia -user-module-version 1.2.6 -validate-clang-modules-once -clang-build-session-file /Users/admin/builder/spi-builder-workspace/.derivedData/ModuleCache.noindex/Session.modulevalidation -Xcc -fmodules-prune-interval\=86400 -Xcc -fmodules-prune-after\=345600 -package-name xctestextensions -emit-const-values -const-gather-protocols-list /Users/admin/builder/spi-builder-workspace/.derivedData/Build/Intermediates.noindex/XCTestExtensions.build/Debug-appletvos/XCTestExtensions-t.build/Objects-normal/arm64/XCTestExtensions_const_extract_protocols.json -Xcc -I/Users/admin/builder/spi-builder-workspace/.derivedData/Build/Products/Debug-appletvos/include -Xcc -I/Users/admin/builder/spi-builder-workspace/.derivedData/Build/Intermediates.noindex/XCTestExtensions.build/Debug-appletvos/XCTestExtensions-t.build/DerivedSources-normal/arm64 -Xcc -I/Users/admin/builder/spi-builder-workspace/.derivedData/Build/Intermediates.noindex/XCTestExtensions.build/Debug-appletvos/XCTestExtensions-t.build/DerivedSources/arm64 -Xcc -I/Users/admin/builder/spi-builder-workspace/.derivedData/Build/Intermediates.noindex/XCTestExtensions.build/Debug-appletvos/XCTestExtensions-t.build/DerivedSources -Xcc -DSWIFT_PACKAGE -Xcc -DDEBUG\=1 -emit-objc-header -emit-objc-header-path /Users/admin/builder/spi-builder-workspace/.derivedData/Build/Intermediates.noindex/XCTestExtensions.build/Debug-appletvos/XCTestExtensions-t.build/Objects-normal/arm64/XCTestExtensions-Swift.h -working-directory /Users/admin/builder/spi-builder-workspace/.swiftpm/xcode -experimental-emit-module-separately -disable-cmo
SwiftDriver ThreadLocalMacros normal arm64 com.apple.xcode.tools.swift.compiler (in target 'ThreadLocalMacros' from project 'ThreadLocal')
cd /Users/admin/builder/spi-builder-workspace/.swiftpm/xcode
builtin-SwiftDriver -- /Applications/Xcode-27.0.0-Release.Candidate.app/Contents/Developer/Toolchains/XcodeDefault.xctoolchain/usr/bin/swiftc -parse-as-library -module-name ThreadLocalMacros -Onone @/Users/admin/builder/spi-builder-workspace/.derivedData/Build/Intermediates.noindex/ThreadLocal.build/Debug/ThreadLocalMacros-t.build/Objects-normal/arm64/ThreadLocalMacros.SwiftFileList -DSWIFT_PACKAGE -DDEBUG -DXcode -enable-upcoming-feature ExistentialAny -I /Users/admin/builder/spi-builder-workspace/.dependencies/prebuilts/swift-syntax/602.0.0/swiftlang-6.4.0.34.1-macosx27.0-MacroSupport/Modules -I /Users/admin/builder/spi-builder-workspace/.dependencies/checkouts/swift-syntax/Sources/_SwiftLibraryPluginProviderCShims/include -I /Users/admin/builder/spi-builder-workspace/.dependencies/checkouts/swift-syntax/Sources/_SwiftSyntaxCShims/include -plugin-path /Applications/Xcode-27.0.0-Release.Candidate.app/Contents/Developer/Toolchains/XcodeDefault.xctoolchain/usr/lib/swift/host/plugins/testing -enable-experimental-feature DebugDescriptionMacro -sdk /Applications/Xcode-27.0.0-Release.Candidate.app/Contents/Developer/Platforms/MacOSX.platform/Developer/SDKs/MacOSX27.0.sdk -target arm64-apple-macos14.0 -g -module-cache-path /Users/admin/builder/spi-builder-workspace/.derivedData/ModuleCache.noindex -Xfrontend -serialize-debugging-options -profile-coverage-mapping -profile-generate -enable-testing -suppress-warnings -index-store-path /Users/admin/builder/spi-builder-workspace/.derivedData/Index.noindex/DataStore -Xcc -D_LIBCPP_HARDENING_MODE\=_LIBCPP_HARDENING_MODE_DEBUG -swift-version 6 -I /Users/admin/builder/spi-builder-workspace/.derivedData/Build/Products/Debug -Isystem /Applications/Xcode-27.0.0-Release.Candidate.app/Contents/Developer/Platforms/MacOSX.platform/Developer/usr/lib -F /Users/admin/builder/spi-builder-workspace/.derivedData/Build/Products/Debug -F /Applications/Xcode-27.0.0-Release.Candidate.app/Contents/Developer/Platforms/MacOSX.platform/Developer/Library/Frameworks -c -j10 -enable-batch-mode -incremental -Xcc -ivfsstatcache -Xcc /Users/admin/builder/spi-builder-workspace/.derivedData/SDKStatCaches.noindex/macosx27.0-26A425-e829b21a6f8c9b70876ba0858053c0446a22442a12e9d48fe1a705f55a1adfc4.sdkstatcache -output-file-map /Users/admin/builder/spi-builder-workspace/.derivedData/Build/Intermediates.noindex/ThreadLocal.build/Debug/ThreadLocalMacros-t.build/Objects-normal/arm64/ThreadLocalMacros-OutputFileMap.json -save-temps -no-color-diagnostics -explicit-module-build -module-cache-path /Users/admin/builder/spi-builder-workspace/.derivedData/Build/Intermediates.noindex/SwiftExplicitPrecompiledModules -clang-scanner-module-cache-path /Users/admin/builder/spi-builder-workspace/.derivedData/ModuleCache.noindex -sdk-module-cache-path /Users/admin/builder/spi-builder-workspace/.derivedData/SDKExplicitPrecompiledModules -emit-dependencies -emit-module -emit-module-path /Users/admin/builder/spi-builder-workspace/.derivedData/Build/Intermediates.noindex/ThreadLocal.build/Debug/ThreadLocalMacros-t.build/Objects-normal/arm64/ThreadLocalMacros.swiftmodule -serialize-diagnostics -dependency-scan-serialize-diagnostics-path /Users/admin/builder/spi-builder-workspace/.derivedData/Build/Intermediates.noindex/ThreadLocal.build/Debug/ThreadLocalMacros-t.build/Objects-normal/arm64/ThreadLocalMacros-dependency-scan.dia -user-module-version 0.1.3 -validate-clang-modules-once -clang-build-session-file /Users/admin/builder/spi-builder-workspace/.derivedData/ModuleCache.noindex/Session.modulevalidation -Xcc -fmodules-prune-interval\=86400 -Xcc -fmodules-prune-after\=345600 -package-name threadlocal -emit-const-values -const-gather-protocols-list /Users/admin/builder/spi-builder-workspace/.derivedData/Build/Intermediates.noindex/ThreadLocal.build/Debug/ThreadLocalMacros-t.build/Objects-normal/arm64/ThreadLocalMacros_const_extract_protocols.json -Xcc -I/Users/admin/builder/spi-builder-workspace/.derivedData/Build/Products/Debug/include -Xcc -I/Users/admin/builder/spi-builder-workspace/.derivedData/Build/Intermediates.noindex/ThreadLocal.build/Debug/ThreadLocalMacros-t.build/DerivedSources-normal/arm64 -Xcc -I/Users/admin/builder/spi-builder-workspace/.derivedData/Build/Intermediates.noindex/ThreadLocal.build/Debug/ThreadLocalMacros-t.build/DerivedSources/arm64 -Xcc -I/Users/admin/builder/spi-builder-workspace/.derivedData/Build/Intermediates.noindex/ThreadLocal.build/Debug/ThreadLocalMacros-t.build/DerivedSources -Xcc -DSWIFT_PACKAGE -Xcc -DDEBUG\=1 -working-directory /Users/admin/builder/spi-builder-workspace/.swiftpm/xcode -experimental-emit-module-separately -disable-cmo
SwiftDriver SpeziAccountMacros normal arm64 com.apple.xcode.tools.swift.compiler (in target 'SpeziAccountMacros' from project 'SpeziAccount')
cd /Users/admin/builder/spi-builder-workspace/.swiftpm/xcode
builtin-SwiftDriver -- /Applications/Xcode-27.0.0-Release.Candidate.app/Contents/Developer/Toolchains/XcodeDefault.xctoolchain/usr/bin/swiftc -parse-as-library -module-name SpeziAccountMacros -Onone @/Users/admin/builder/spi-builder-workspace/.derivedData/Build/Intermediates.noindex/SpeziAccount.build/Debug/SpeziAccountMacros-t.build/Objects-normal/arm64/SpeziAccountMacros.SwiftFileList -DSWIFT_PACKAGE -DDEBUG -DXcode -enable-upcoming-feature ExistentialAny -I /Users/admin/builder/spi-builder-workspace/.dependencies/prebuilts/swift-syntax/602.0.0/swiftlang-6.4.0.34.1-macosx27.0-MacroSupport/Modules -I /Users/admin/builder/spi-builder-workspace/.dependencies/checkouts/swift-syntax/Sources/_SwiftLibraryPluginProviderCShims/include -I /Users/admin/builder/spi-builder-workspace/.dependencies/checkouts/swift-syntax/Sources/_SwiftSyntaxCShims/include -plugin-path /Applications/Xcode-27.0.0-Release.Candidate.app/Contents/Developer/Toolchains/XcodeDefault.xctoolchain/usr/lib/swift/host/plugins/testing -enable-experimental-feature DebugDescriptionMacro -sdk /Applications/Xcode-27.0.0-Release.Candidate.app/Contents/Developer/Platforms/MacOSX.platform/Developer/SDKs/MacOSX27.0.sdk -target arm64-apple-macos14.0 -g -module-cache-path /Users/admin/builder/spi-builder-workspace/.derivedData/ModuleCache.noindex -Xfrontend -serialize-debugging-options -profile-coverage-mapping -profile-generate -enable-testing -index-store-path /Users/admin/builder/spi-builder-workspace/.derivedData/Index.noindex/DataStore -Xcc -D_LIBCPP_HARDENING_MODE\=_LIBCPP_HARDENING_MODE_DEBUG -swift-version 6 -I /Users/admin/builder/spi-builder-workspace/.derivedData/Build/Products/Debug -Isystem /Applications/Xcode-27.0.0-Release.Candidate.app/Contents/Developer/Platforms/MacOSX.platform/Developer/usr/lib -F /Users/admin/builder/spi-builder-workspace/.derivedData/Build/Products/Debug -F /Applications/Xcode-27.0.0-Release.Candidate.app/Contents/Developer/Platforms/MacOSX.platform/Developer/Library/Frameworks -emit-localized-strings -emit-localized-strings-path /Users/admin/builder/spi-builder-workspace/.derivedData/Build/Intermediates.noindex/SpeziAccount.build/Debug/SpeziAccountMacros-t.build/Objects-normal/arm64 -c -j10 -enable-batch-mode -incremental -Xcc -ivfsstatcache -Xcc /Users/admin/builder/spi-builder-workspace/.derivedData/SDKStatCaches.noindex/macosx27.0-26A425-e829b21a6f8c9b70876ba0858053c0446a22442a12e9d48fe1a705f55a1adfc4.sdkstatcache -output-file-map /Users/admin/builder/spi-builder-workspace/.derivedData/Build/Intermediates.noindex/SpeziAccount.build/Debug/SpeziAccountMacros-t.build/Objects-normal/arm64/SpeziAccountMacros-OutputFileMap.json -save-temps -no-color-diagnostics -explicit-module-build -module-cache-path /Users/admin/builder/spi-builder-workspace/.derivedData/Build/Intermediates.noindex/SwiftExplicitPrecompiledModules -clang-scanner-module-cache-path /Users/admin/builder/spi-builder-workspace/.derivedData/ModuleCache.noindex -sdk-module-cache-path /Users/admin/builder/spi-builder-workspace/.derivedData/SDKExplicitPrecompiledModules -emit-dependencies -emit-module -emit-module-path /Users/admin/builder/spi-builder-workspace/.derivedData/Build/Intermediates.noindex/SpeziAccount.build/Debug/SpeziAccountMacros-t.build/Objects-normal/arm64/SpeziAccountMacros.swiftmodule -serialize-diagnostics -dependency-scan-serialize-diagnostics-path /Users/admin/builder/spi-builder-workspace/.derivedData/Build/Intermediates.noindex/SpeziAccount.build/Debug/SpeziAccountMacros-t.build/Objects-normal/arm64/SpeziAccountMacros-dependency-scan.dia -validate-clang-modules-once -clang-build-session-file /Users/admin/builder/spi-builder-workspace/.derivedData/ModuleCache.noindex/Session.modulevalidation -Xcc -fmodules-prune-interval\=86400 -Xcc -fmodules-prune-after\=345600 -package-name spi_builder_workspace -emit-const-values -const-gather-protocols-list /Users/admin/builder/spi-builder-workspace/.derivedData/Build/Intermediates.noindex/SpeziAccount.build/Debug/SpeziAccountMacros-t.build/Objects-normal/arm64/SpeziAccountMacros_const_extract_protocols.json -Xcc -I/Users/admin/builder/spi-builder-workspace/.derivedData/Build/Products/Debug/include -Xcc -I/Users/admin/builder/spi-builder-workspace/.derivedData/Build/Intermediates.noindex/SpeziAccount.build/Debug/SpeziAccountMacros-t.build/DerivedSources-normal/arm64 -Xcc -I/Users/admin/builder/spi-builder-workspace/.derivedData/Build/Intermediates.noindex/SpeziAccount.build/Debug/SpeziAccountMacros-t.build/DerivedSources/arm64 -Xcc -I/Users/admin/builder/spi-builder-workspace/.derivedData/Build/Intermediates.noindex/SpeziAccount.build/Debug/SpeziAccountMacros-t.build/DerivedSources -Xcc -DSWIFT_PACKAGE -Xcc -DDEBUG\=1 -working-directory /Users/admin/builder/spi-builder-workspace/.swiftpm/xcode -experimental-emit-module-separately -disable-cmo
SwiftDriver PhoneNumberKit normal arm64 com.apple.xcode.tools.swift.compiler (in target 'PhoneNumberKit' from project 'PhoneNumberKit')
cd /Users/admin/builder/spi-builder-workspace/.swiftpm/xcode
builtin-SwiftDriver -- /Applications/Xcode-27.0.0-Release.Candidate.app/Contents/Developer/Toolchains/XcodeDefault.xctoolchain/usr/bin/swiftc -parse-as-library -module-name PhoneNumberKit -Onone @/Users/admin/builder/spi-builder-workspace/.derivedData/Build/Intermediates.noindex/PhoneNumberKit.build/Debug-appletvos/PhoneNumberKit-t.build/Objects-normal/arm64/PhoneNumberKit.SwiftFileList -DSWIFT_PACKAGE -DDEBUG -DSWIFT_MODULE_RESOURCE_BUNDLE_AVAILABLE -DXcode -plugin-path /Applications/Xcode-27.0.0-Release.Candidate.app/Contents/Developer/Toolchains/XcodeDefault.xctoolchain/usr/lib/swift/host/plugins/testing -enable-experimental-feature DebugDescriptionMacro -sdk /Applications/Xcode-27.0.0-Release.Candidate.app/Contents/Developer/Platforms/AppleTVOS.platform/Developer/SDKs/AppleTVOS27.0.sdk -target arm64-apple-tvos15.0 -g -module-cache-path /Users/admin/builder/spi-builder-workspace/.derivedData/ModuleCache.noindex -Xfrontend -serialize-debugging-options -profile-coverage-mapping -profile-generate -enable-testing -suppress-warnings -index-store-path /Users/admin/builder/spi-builder-workspace/.derivedData/Index.noindex/DataStore -Xcc -D_LIBCPP_HARDENING_MODE\=_LIBCPP_HARDENING_MODE_DEBUG -swift-version 5 -I /Users/admin/builder/spi-builder-workspace/.derivedData/Build/Products/Debug-appletvos -Isystem /Applications/Xcode-27.0.0-Release.Candidate.app/Contents/Developer/Platforms/AppleTVOS.platform/Developer/usr/lib -F /Users/admin/builder/spi-builder-workspace/.derivedData/Build/Products/Debug-appletvos -F /Applications/Xcode-27.0.0-Release.Candidate.app/Contents/Developer/Platforms/AppleTVOS.platform/Developer/Library/Frameworks -F /Applications/Xcode-27.0.0-Release.Candidate.app/Contents/Developer/Platforms/AppleTVOS.platform/Developer/SDKs/AppleTVOS27.0.sdk/Developer/Library/Frameworks -c -j10 -enable-batch-mode -incremental -Xcc -ivfsstatcache -Xcc /Users/admin/builder/spi-builder-workspace/.derivedData/SDKStatCaches.noindex/appletvos27.0-24J360-e829b21a6f8c9b70876ba0858053c044b32bfd8d43560033f8d89884cdb90028.sdkstatcache -output-file-map /Users/admin/builder/spi-builder-workspace/.derivedData/Build/Intermediates.noindex/PhoneNumberKit.build/Debug-appletvos/PhoneNumberKit-t.build/Objects-normal/arm64/PhoneNumberKit-OutputFileMap.json -save-temps -no-color-diagnostics -explicit-module-build -module-cache-path /Users/admin/builder/spi-builder-workspace/.derivedData/Build/Intermediates.noindex/SwiftExplicitPrecompiledModules -clang-scanner-module-cache-path /Users/admin/builder/spi-builder-workspace/.derivedData/ModuleCache.noindex -sdk-module-cache-path /Users/admin/builder/spi-builder-workspace/.derivedData/SDKExplicitPrecompiledModules -emit-dependencies -emit-module -emit-module-path /Users/admin/builder/spi-builder-workspace/.derivedData/Build/Intermediates.noindex/PhoneNumberKit.build/Debug-appletvos/PhoneNumberKit-t.build/Objects-normal/arm64/PhoneNumberKit.swiftmodule -serialize-diagnostics -dependency-scan-serialize-diagnostics-path /Users/admin/builder/spi-builder-workspace/.derivedData/Build/Intermediates.noindex/PhoneNumberKit.build/Debug-appletvos/PhoneNumberKit-t.build/Objects-normal/arm64/PhoneNumberKit-dependency-scan.dia -validate-clang-modules-once -clang-build-session-file /Users/admin/builder/spi-builder-workspace/.derivedData/ModuleCache.noindex/Session.modulevalidation -Xcc -fmodules-prune-interval\=86400 -Xcc -fmodules-prune-after\=345600 -emit-const-values -const-gather-protocols-list /Users/admin/builder/spi-builder-workspace/.derivedData/Build/Intermediates.noindex/PhoneNumberKit.build/Debug-appletvos/PhoneNumberKit-t.build/Objects-normal/arm64/PhoneNumberKit_const_extract_protocols.json -Xcc -I/Users/admin/builder/spi-builder-workspace/.derivedData/Build/Products/Debug-appletvos/include -Xcc -I/Users/admin/builder/spi-builder-workspace/.derivedData/Build/Intermediates.noindex/PhoneNumberKit.build/Debug-appletvos/PhoneNumberKit-t.build/DerivedSources-normal/arm64 -Xcc -I/Users/admin/builder/spi-builder-workspace/.derivedData/Build/Intermediates.noindex/PhoneNumberKit.build/Debug-appletvos/PhoneNumberKit-t.build/DerivedSources/arm64 -Xcc -I/Users/admin/builder/spi-builder-workspace/.derivedData/Build/Intermediates.noindex/PhoneNumberKit.build/Debug-appletvos/PhoneNumberKit-t.build/DerivedSources -Xcc -DSWIFT_PACKAGE -Xcc -DDEBUG\=1 -emit-objc-header -emit-objc-header-path /Users/admin/builder/spi-builder-workspace/.derivedData/Build/Intermediates.noindex/PhoneNumberKit.build/Debug-appletvos/PhoneNumberKit-t.build/Objects-normal/arm64/PhoneNumberKit-Swift.h -working-directory /Users/admin/builder/spi-builder-workspace/.swiftpm/xcode -experimental-emit-module-separately -disable-cmo
SwiftDriver NetworkImage normal arm64 com.apple.xcode.tools.swift.compiler (in target 'NetworkImage' from project 'NetworkImage')
cd /Users/admin/builder/spi-builder-workspace/.swiftpm/xcode
builtin-SwiftDriver -- /Applications/Xcode-27.0.0-Release.Candidate.app/Contents/Developer/Toolchains/XcodeDefault.xctoolchain/usr/bin/swiftc -parse-as-library -module-name NetworkImage -Onone @/Users/admin/builder/spi-builder-workspace/.derivedData/Build/Intermediates.noindex/NetworkImage.build/Debug-appletvos/NetworkImage-t.build/Objects-normal/arm64/NetworkImage.SwiftFileList -DSWIFT_PACKAGE -DDEBUG -DSWIFT_MODULE_RESOURCE_BUNDLE_UNAVAILABLE -DXcode -plugin-path /Applications/Xcode-27.0.0-Release.Candidate.app/Contents/Developer/Toolchains/XcodeDefault.xctoolchain/usr/lib/swift/host/plugins/testing -enable-experimental-feature DebugDescriptionMacro -sdk /Applications/Xcode-27.0.0-Release.Candidate.app/Contents/Developer/Platforms/AppleTVOS.platform/Developer/SDKs/AppleTVOS27.0.sdk -target arm64-apple-tvos15.0 -g -module-cache-path /Users/admin/builder/spi-builder-workspace/.derivedData/ModuleCache.noindex -Xfrontend -serialize-debugging-options -profile-coverage-mapping -profile-generate -enable-testing -suppress-warnings -index-store-path /Users/admin/builder/spi-builder-workspace/.derivedData/Index.noindex/DataStore -Xcc -D_LIBCPP_HARDENING_MODE\=_LIBCPP_HARDENING_MODE_DEBUG -swift-version 6 -I /Users/admin/builder/spi-builder-workspace/.derivedData/Build/Products/Debug-appletvos -Isystem /Applications/Xcode-27.0.0-Release.Candidate.app/Contents/Developer/Platforms/AppleTVOS.platform/Developer/usr/lib -F /Users/admin/builder/spi-builder-workspace/.derivedData/Build/Products/Debug-appletvos -F /Applications/Xcode-27.0.0-Release.Candidate.app/Contents/Developer/Platforms/AppleTVOS.platform/Developer/Library/Frameworks -F /Applications/Xcode-27.0.0-Release.Candidate.app/Contents/Developer/Platforms/AppleTVOS.platform/Developer/SDKs/AppleTVOS27.0.sdk/Developer/Library/Frameworks -c -j10 -enable-batch-mode -incremental -Xcc -ivfsstatcache -Xcc /Users/admin/builder/spi-builder-workspace/.derivedData/SDKStatCaches.noindex/appletvos27.0-24J360-e829b21a6f8c9b70876ba0858053c044b32bfd8d43560033f8d89884cdb90028.sdkstatcache -output-file-map /Users/admin/builder/spi-builder-workspace/.derivedData/Build/Intermediates.noindex/NetworkImage.build/Debug-appletvos/NetworkImage-t.build/Objects-normal/arm64/NetworkImage-OutputFileMap.json -save-temps -no-color-diagnostics -explicit-module-build -module-cache-path /Users/admin/builder/spi-builder-workspace/.derivedData/Build/Intermediates.noindex/SwiftExplicitPrecompiledModules -clang-scanner-module-cache-path /Users/admin/builder/spi-builder-workspace/.derivedData/ModuleCache.noindex -sdk-module-cache-path /Users/admin/builder/spi-builder-workspace/.derivedData/SDKExplicitPrecompiledModules -emit-dependencies -emit-module -emit-module-path /Users/admin/builder/spi-builder-workspace/.derivedData/Build/Intermediates.noindex/NetworkImage.build/Debug-appletvos/NetworkImage-t.build/Objects-normal/arm64/NetworkImage.swiftmodule -serialize-diagnostics -dependency-scan-serialize-diagnostics-path /Users/admin/builder/spi-builder-workspace/.derivedData/Build/Intermediates.noindex/NetworkImage.build/Debug-appletvos/NetworkImage-t.build/Objects-normal/arm64/NetworkImage-dependency-scan.dia -user-module-version 6.0.1 -validate-clang-modules-once -clang-build-session-file /Users/admin/builder/spi-builder-workspace/.derivedData/ModuleCache.noindex/Session.modulevalidation -Xcc -fmodules-prune-interval\=86400 -Xcc -fmodules-prune-after\=345600 -package-name networkimage -emit-const-values -const-gather-protocols-list /Users/admin/builder/spi-builder-workspace/.derivedData/Build/Intermediates.noindex/NetworkImage.build/Debug-appletvos/NetworkImage-t.build/Objects-normal/arm64/NetworkImage_const_extract_protocols.json -Xcc -I/Users/admin/builder/spi-builder-workspace/.derivedData/Build/Products/Debug-appletvos/include -Xcc -I/Users/admin/builder/spi-builder-workspace/.derivedData/Build/Intermediates.noindex/NetworkImage.build/Debug-appletvos/NetworkImage-t.build/DerivedSources-normal/arm64 -Xcc -I/Users/admin/builder/spi-builder-workspace/.derivedData/Build/Intermediates.noindex/NetworkImage.build/Debug-appletvos/NetworkImage-t.build/DerivedSources/arm64 -Xcc -I/Users/admin/builder/spi-builder-workspace/.derivedData/Build/Intermediates.noindex/NetworkImage.build/Debug-appletvos/NetworkImage-t.build/DerivedSources -Xcc -DSWIFT_PACKAGE -Xcc -DDEBUG\=1 -emit-objc-header -emit-objc-header-path /Users/admin/builder/spi-builder-workspace/.derivedData/Build/Intermediates.noindex/NetworkImage.build/Debug-appletvos/NetworkImage-t.build/Objects-normal/arm64/NetworkImage-Swift.h -working-directory /Users/admin/builder/spi-builder-workspace/.swiftpm/xcode -experimental-emit-module-separately -disable-cmo
SwiftDriver Logging normal arm64 com.apple.xcode.tools.swift.compiler (in target 'Logging' from project 'swift-log')
cd /Users/admin/builder/spi-builder-workspace/.swiftpm/xcode
builtin-SwiftDriver -- /Applications/Xcode-27.0.0-Release.Candidate.app/Contents/Developer/Toolchains/XcodeDefault.xctoolchain/usr/bin/swiftc -parse-as-library -module-name Logging -Onone @/Users/admin/builder/spi-builder-workspace/.derivedData/Build/Intermediates.noindex/swift-log.build/Debug-appletvos/Logging-t.build/Objects-normal/arm64/Logging.SwiftFileList -DSWIFT_PACKAGE -DDEBUG -DSWIFT_MODULE_RESOURCE_BUNDLE_UNAVAILABLE -DXcode -enable-upcoming-feature ExistentialAny -enable-upcoming-feature MemberImportVisibility -enable-upcoming-feature InternalImportsByDefault -enable-upcoming-feature NonisolatedNonsendingByDefault -Xfrontend -require-explicit-sendable -plugin-path /Applications/Xcode-27.0.0-Release.Candidate.app/Contents/Developer/Toolchains/XcodeDefault.xctoolchain/usr/lib/swift/host/plugins/testing -enable-experimental-feature DebugDescriptionMacro -sdk /Applications/Xcode-27.0.0-Release.Candidate.app/Contents/Developer/Platforms/AppleTVOS.platform/Developer/SDKs/AppleTVOS27.0.sdk -target arm64-apple-tvos15.0 -g -module-cache-path /Users/admin/builder/spi-builder-workspace/.derivedData/ModuleCache.noindex -Xfrontend -serialize-debugging-options -profile-coverage-mapping -profile-generate -enable-testing -suppress-warnings -index-store-path /Users/admin/builder/spi-builder-workspace/.derivedData/Index.noindex/DataStore -Xcc -D_LIBCPP_HARDENING_MODE\=_LIBCPP_HARDENING_MODE_DEBUG -swift-version 6 -I /Users/admin/builder/spi-builder-workspace/.derivedData/Build/Products/Debug-appletvos -Isystem /Applications/Xcode-27.0.0-Release.Candidate.app/Contents/Developer/Platforms/AppleTVOS.platform/Developer/usr/lib -F /Users/admin/builder/spi-builder-workspace/.derivedData/Build/Products/Debug-appletvos -F /Applications/Xcode-27.0.0-Release.Candidate.app/Contents/Developer/Platforms/AppleTVOS.platform/Developer/Library/Frameworks -F /Applications/Xcode-27.0.0-Release.Candidate.app/Contents/Developer/Platforms/AppleTVOS.platform/Developer/SDKs/AppleTVOS27.0.sdk/Developer/Library/Frameworks -c -j10 -enable-batch-mode -incremental -Xcc -ivfsstatcache -Xcc /Users/admin/builder/spi-builder-workspace/.derivedData/SDKStatCaches.noindex/appletvos27.0-24J360-e829b21a6f8c9b70876ba0858053c044b32bfd8d43560033f8d89884cdb90028.sdkstatcache -output-file-map /Users/admin/builder/spi-builder-workspace/.derivedData/Build/Intermediates.noindex/swift-log.build/Debug-appletvos/Logging-t.build/Objects-normal/arm64/Logging-OutputFileMap.json -save-temps -no-color-diagnostics -explicit-module-build -module-cache-path /Users/admin/builder/spi-builder-workspace/.derivedData/Build/Intermediates.noindex/SwiftExplicitPrecompiledModules -clang-scanner-module-cache-path /Users/admin/builder/spi-builder-workspace/.derivedData/ModuleCache.noindex -sdk-module-cache-path /Users/admin/builder/spi-builder-workspace/.derivedData/SDKExplicitPrecompiledModules -emit-dependencies -emit-module -emit-module-path /Users/admin/builder/spi-builder-workspace/.derivedData/Build/Intermediates.noindex/swift-log.build/Debug-appletvos/Logging-t.build/Objects-normal/arm64/Logging.swiftmodule -serialize-diagnostics -dependency-scan-serialize-diagnostics-path /Users/admin/builder/spi-builder-workspace/.derivedData/Build/Intermediates.noindex/swift-log.build/Debug-appletvos/Logging-t.build/Objects-normal/arm64/Logging-dependency-scan.dia -user-module-version 1.15.1 -validate-clang-modules-once -clang-build-session-file /Users/admin/builder/spi-builder-workspace/.derivedData/ModuleCache.noindex/Session.modulevalidation -Xcc -fmodules-prune-interval\=86400 -Xcc -fmodules-prune-after\=345600 -package-name swift_log -emit-const-values -const-gather-protocols-list /Users/admin/builder/spi-builder-workspace/.derivedData/Build/Intermediates.noindex/swift-log.build/Debug-appletvos/Logging-t.build/Objects-normal/arm64/Logging_const_extract_protocols.json -Xcc -I/Users/admin/builder/spi-builder-workspace/.derivedData/Build/Products/Debug-appletvos/include -Xcc -I/Users/admin/builder/spi-builder-workspace/.derivedData/Build/Intermediates.noindex/swift-log.build/Debug-appletvos/Logging-t.build/DerivedSources-normal/arm64 -Xcc -I/Users/admin/builder/spi-builder-workspace/.derivedData/Build/Intermediates.noindex/swift-log.build/Debug-appletvos/Logging-t.build/DerivedSources/arm64 -Xcc -I/Users/admin/builder/spi-builder-workspace/.derivedData/Build/Intermediates.noindex/swift-log.build/Debug-appletvos/Logging-t.build/DerivedSources -Xcc -DSWIFT_PACKAGE -Xcc -DDEBUG\=1 -emit-objc-header -emit-objc-header-path /Users/admin/builder/spi-builder-workspace/.derivedData/Build/Intermediates.noindex/swift-log.build/Debug-appletvos/Logging-t.build/Objects-normal/arm64/Logging-Swift.h -working-directory /Users/admin/builder/spi-builder-workspace/.swiftpm/xcode -experimental-emit-module-separately -disable-cmo
SwiftDriver InternalCollectionsUtilities normal arm64 com.apple.xcode.tools.swift.compiler (in target 'InternalCollectionsUtilities' from project 'swift-collections')
cd /Users/admin/builder/spi-builder-workspace/.swiftpm/xcode
builtin-SwiftDriver -- /Applications/Xcode-27.0.0-Release.Candidate.app/Contents/Developer/Toolchains/XcodeDefault.xctoolchain/usr/bin/swiftc -parse-as-library -module-name InternalCollectionsUtilities -Onone @/Users/admin/builder/spi-builder-workspace/.derivedData/Build/Intermediates.noindex/swift-collections.build/Debug-appletvos/InternalCollectionsUtilities-t.build/Objects-normal/arm64/InternalCollectionsUtilities.SwiftFileList -DSWIFT_PACKAGE -DDEBUG -DSWIFT_MODULE_RESOURCE_BUNDLE_UNAVAILABLE -DCOLLECTIONS_RANDOMIZED_TESTING -DXcode -enable-experimental-feature AvailabilityMacro\=SwiftStdlib\ 5.0:\ macOS\ 10.14.4,\ iOS\ 12.2,\ watchOS\ 5.2,\ tvOS\ 12.2 -enable-experimental-feature AvailabilityMacro\=SwiftStdlib\ 5.1:\ macOS\ 10.15,\ iOS\ 13.0,\ watchOS\ 6.0,\ tvOS\ 13.0 -enable-experimental-feature AvailabilityMacro\=SwiftStdlib\ 5.6:\ macOS\ 12.3,\ iOS\ 15.4,\ watchOS\ 8.5,\ tvOS\ 15.4 -enable-experimental-feature AvailabilityMacro\=SwiftStdlib\ 5.7:\ macOS\ 13.0,\ iOS\ 16.0,\ watchOS\ 9.0,\ tvOS\ 16.0 -enable-experimental-feature AvailabilityMacro\=SwiftStdlib\ 5.8:\ macOS\ 13.3,\ iOS\ 16.4,\ watchOS\ 9.4,\ tvOS\ 16.4 -enable-experimental-feature AvailabilityMacro\=SwiftStdlib\ 5.9:\ macOS\ 14.0,\ iOS\ 17.0,\ watchOS\ 10.0,\ tvOS\ 17.0 -enable-experimental-feature AvailabilityMacro\=SwiftStdlib\ 5.10:\ macOS\ 14.4,\ iOS\ 17.4,\ watchOS\ 10.4,\ tvOS\ 17.4,\ visionOS\ 1.1 -enable-experimental-feature AvailabilityMacro\=SwiftStdlib\ 6.0:\ macOS\ 15.0,\ iOS\ 18.0,\ watchOS\ 11.0,\ tvOS\ 18.0,\ visionOS\ 2.0 -enable-experimental-feature AvailabilityMacro\=SwiftStdlib\ 6.1:\ macOS\ 15.4,\ iOS\ 18.4,\ watchOS\ 11.4,\ tvOS\ 18.4,\ visionOS\ 2.4 -enable-experimental-feature AvailabilityMacro\=SwiftStdlib\ 6.2:\ macOS\ 26.0,\ iOS\ 26.0,\ watchOS\ 26.0,\ tvOS\ 26.0,\ visionOS\ 26.0 -enable-experimental-feature AvailabilityMacro\=SwiftStdlib\ 6.3:\ macOS\ 26.4,\ iOS\ 26.4,\ watchOS\ 26.4,\ tvOS\ 26.4,\ visionOS\ 26.4 -enable-experimental-feature AvailabilityMacro\=SwiftStdlib\ 6.4:\ macOS\ 27.0,\ iOS\ 27.0,\ watchOS\ 27.0,\ tvOS\ 27.0,\ visionOS\ 27.0 -enable-experimental-feature AvailabilityMacro\=SwiftStdlib\ 6.5:\ macOS\ 9999,\ iOS\ 9999,\ watchOS\ 9999,\ tvOS\ 9999,\ visionOS\ 9999 -enable-upcoming-feature MemberImportVisibility -enable-experimental-feature BuiltinModule -enable-experimental-feature Lifetimes -enable-experimental-feature InoutLifetimeDependence -enable-experimental-feature AddressableParameters -enable-experimental-feature AddressableTypes -enable-experimental-feature SuppressedAssociatedTypesWithDefaults -enable-experimental-feature BorrowingSequence -plugin-path /Applications/Xcode-27.0.0-Release.Candidate.app/Contents/Developer/Toolchains/XcodeDefault.xctoolchain/usr/lib/swift/host/plugins/testing -enable-experimental-feature DebugDescriptionMacro -sdk /Applications/Xcode-27.0.0-Release.Candidate.app/Contents/Developer/Platforms/AppleTVOS.platform/Developer/SDKs/AppleTVOS27.0.sdk -target arm64-apple-tvos15.0 -g -module-cache-path /Users/admin/builder/spi-builder-workspace/.derivedData/ModuleCache.noindex -Xfrontend -serialize-debugging-options -profile-coverage-mapping -profile-generate -enable-testing -suppress-warnings -index-store-path /Users/admin/builder/spi-builder-workspace/.derivedData/Index.noindex/DataStore -Xcc -D_LIBCPP_HARDENING_MODE\=_LIBCPP_HARDENING_MODE_DEBUG -swift-version 6 -I /Users/admin/builder/spi-builder-workspace/.derivedData/Build/Products/Debug-appletvos -Isystem /Applications/Xcode-27.0.0-Release.Candidate.app/Contents/Developer/Platforms/AppleTVOS.platform/Developer/usr/lib -F /Users/admin/builder/spi-builder-workspace/.derivedData/Build/Products/Debug-appletvos -F /Applications/Xcode-27.0.0-Release.Candidate.app/Contents/Developer/Platforms/AppleTVOS.platform/Developer/Library/Frameworks -F /Applications/Xcode-27.0.0-Release.Candidate.app/Contents/Developer/Platforms/AppleTVOS.platform/Developer/SDKs/AppleTVOS27.0.sdk/Developer/Library/Frameworks -c -j10 -enable-batch-mode -incremental -Xcc -ivfsstatcache -Xcc /Users/admin/builder/spi-builder-workspace/.derivedData/SDKStatCaches.noindex/appletvos27.0-24J360-e829b21a6f8c9b70876ba0858053c044b32bfd8d43560033f8d89884cdb90028.sdkstatcache -output-file-map /Users/admin/builder/spi-builder-workspace/.derivedData/Build/Intermediates.noindex/swift-collections.build/Debug-appletvos/InternalCollectionsUtilities-t.build/Objects-normal/arm64/InternalCollectionsUtilities-OutputFileMap.json -save-temps -no-color-diagnostics -explicit-module-build -module-cache-path /Users/admin/builder/spi-builder-workspace/.derivedData/Build/Intermediates.noindex/SwiftExplicitPrecompiledModules -clang-scanner-module-cache-path /Users/admin/builder/spi-builder-workspace/.derivedData/ModuleCache.noindex -sdk-module-cache-path /Users/admin/builder/spi-builder-workspace/.derivedData/SDKExplicitPrecompiledModules -emit-dependencies -emit-module -emit-module-path /Users/admin/builder/spi-builder-workspace/.derivedData/Build/Intermediates.noindex/swift-collections.build/Debug-appletvos/InternalCollectionsUtilities-t.build/Objects-normal/arm64/InternalCollectionsUtilities.swiftmodule -serialize-diagnostics -dependency-scan-serialize-diagnostics-path /Users/admin/builder/spi-builder-workspace/.derivedData/Build/Intermediates.noindex/swift-collections.build/Debug-appletvos/InternalCollectionsUtilities-t.build/Objects-normal/arm64/InternalCollectionsUtilities-dependency-scan.dia -user-module-version 1.7.0 -validate-clang-modules-once -clang-build-session-file /Users/admin/builder/spi-builder-workspace/.derivedData/ModuleCache.noindex/Session.modulevalidation -Xcc -fmodules-prune-interval\=86400 -Xcc -fmodules-prune-after\=345600 -package-name swift_collections -emit-const-values -const-gather-protocols-list /Users/admin/builder/spi-builder-workspace/.derivedData/Build/Intermediates.noindex/swift-collections.build/Debug-appletvos/InternalCollectionsUtilities-t.build/Objects-normal/arm64/InternalCollectionsUtilities_const_extract_protocols.json -Xcc -I/Users/admin/builder/spi-builder-workspace/.derivedData/Build/Products/Debug-appletvos/include -Xcc -I/Users/admin/builder/spi-builder-workspace/.derivedData/Build/Intermediates.noindex/swift-collections.build/Debug-appletvos/InternalCollectionsUtilities-t.build/DerivedSources-normal/arm64 -Xcc -I/Users/admin/builder/spi-builder-workspace/.derivedData/Build/Intermediates.noindex/swift-collections.build/Debug-appletvos/InternalCollectionsUtilities-t.build/DerivedSources/arm64 -Xcc -I/Users/admin/builder/spi-builder-workspace/.derivedData/Build/Intermediates.noindex/swift-collections.build/Debug-appletvos/InternalCollectionsUtilities-t.build/DerivedSources -Xcc -DSWIFT_PACKAGE -Xcc -DDEBUG\=1 -emit-objc-header -emit-objc-header-path /Users/admin/builder/spi-builder-workspace/.derivedData/Build/Intermediates.noindex/swift-collections.build/Debug-appletvos/InternalCollectionsUtilities-t.build/Objects-normal/arm64/InternalCollectionsUtilities-Swift.h -working-directory /Users/admin/builder/spi-builder-workspace/.swiftpm/xcode -experimental-emit-module-separately -disable-cmo
SwiftDriver Atomics normal arm64 com.apple.xcode.tools.swift.compiler (in target 'Atomics' from project 'swift-atomics')
cd /Users/admin/builder/spi-builder-workspace/.swiftpm/xcode
builtin-SwiftDriver -- /Applications/Xcode-27.0.0-Release.Candidate.app/Contents/Developer/Toolchains/XcodeDefault.xctoolchain/usr/bin/swiftc -parse-as-library -module-name Atomics -Onone @/Users/admin/builder/spi-builder-workspace/.derivedData/Build/Intermediates.noindex/swift-atomics.build/Debug-appletvos/Atomics-t.build/Objects-normal/arm64/Atomics.SwiftFileList -DSWIFT_PACKAGE -DDEBUG -DSWIFT_MODULE_RESOURCE_BUNDLE_UNAVAILABLE -Xcc -fmodule-map-file\=/Users/admin/builder/spi-builder-workspace/.dependencies/checkouts/swift-atomics/Sources/_AtomicsShims/include/module.modulemap -DXcode -enable-experimental-feature BuiltinModule -plugin-path /Applications/Xcode-27.0.0-Release.Candidate.app/Contents/Developer/Toolchains/XcodeDefault.xctoolchain/usr/lib/swift/host/plugins/testing -enable-experimental-feature DebugDescriptionMacro -sdk /Applications/Xcode-27.0.0-Release.Candidate.app/Contents/Developer/Platforms/AppleTVOS.platform/Developer/SDKs/AppleTVOS27.0.sdk -target arm64-apple-tvos15.0 -g -module-cache-path /Users/admin/builder/spi-builder-workspace/.derivedData/ModuleCache.noindex -Xfrontend -serialize-debugging-options -profile-coverage-mapping -profile-generate -enable-testing -suppress-warnings -index-store-path /Users/admin/builder/spi-builder-workspace/.derivedData/Index.noindex/DataStore -Xcc -D_LIBCPP_HARDENING_MODE\=_LIBCPP_HARDENING_MODE_DEBUG -swift-version 5 -I /Users/admin/builder/spi-builder-workspace/.derivedData/Build/Products/Debug-appletvos -Isystem /Applications/Xcode-27.0.0-Release.Candidate.app/Contents/Developer/Platforms/AppleTVOS.platform/Developer/usr/lib -F /Users/admin/builder/spi-builder-workspace/.derivedData/Build/Products/Debug-appletvos/PackageFrameworks -F /Users/admin/builder/spi-builder-workspace/.derivedData/Build/Products/Debug-appletvos -F /Applications/Xcode-27.0.0-Release.Candidate.app/Contents/Developer/Platforms/AppleTVOS.platform/Developer/Library/Frameworks -F /Applications/Xcode-27.0.0-Release.Candidate.app/Contents/Developer/Platforms/AppleTVOS.platform/Developer/SDKs/AppleTVOS27.0.sdk/Developer/Library/Frameworks -c -j10 -enable-batch-mode -incremental -Xcc -ivfsstatcache -Xcc /Users/admin/builder/spi-builder-workspace/.derivedData/SDKStatCaches.noindex/appletvos27.0-24J360-e829b21a6f8c9b70876ba0858053c044b32bfd8d43560033f8d89884cdb90028.sdkstatcache -output-file-map /Users/admin/builder/spi-builder-workspace/.derivedData/Build/Intermediates.noindex/swift-atomics.build/Debug-appletvos/Atomics-t.build/Objects-normal/arm64/Atomics-OutputFileMap.json -save-temps -no-color-diagnostics -explicit-module-build -module-cache-path /Users/admin/builder/spi-builder-workspace/.derivedData/Build/Intermediates.noindex/SwiftExplicitPrecompiledModules -clang-scanner-module-cache-path /Users/admin/builder/spi-builder-workspace/.derivedData/ModuleCache.noindex -sdk-module-cache-path /Users/admin/builder/spi-builder-workspace/.derivedData/SDKExplicitPrecompiledModules -emit-dependencies -emit-module -emit-module-path /Users/admin/builder/spi-builder-workspace/.derivedData/Build/Intermediates.noindex/swift-atomics.build/Debug-appletvos/Atomics-t.build/Objects-normal/arm64/Atomics.swiftmodule -serialize-diagnostics -dependency-scan-serialize-diagnostics-path /Users/admin/builder/spi-builder-workspace/.derivedData/Build/Intermediates.noindex/swift-atomics.build/Debug-appletvos/Atomics-t.build/Objects-normal/arm64/Atomics-dependency-scan.dia -validate-clang-modules-once -clang-build-session-file /Users/admin/builder/spi-builder-workspace/.derivedData/ModuleCache.noindex/Session.modulevalidation -Xcc -fmodules-prune-interval\=86400 -Xcc -fmodules-prune-after\=345600 -package-name swift_atomics -emit-const-values -const-gather-protocols-list /Users/admin/builder/spi-builder-workspace/.derivedData/Build/Intermediates.noindex/swift-atomics.build/Debug-appletvos/Atomics-t.build/Objects-normal/arm64/Atomics_const_extract_protocols.json -Xcc -I/Users/admin/builder/spi-builder-workspace/.dependencies/checkouts/swift-atomics/Sources/_AtomicsShims/include -Xcc -I/Users/admin/builder/spi-builder-workspace/.derivedData/Build/Products/Debug-appletvos/include -Xcc -I/Users/admin/builder/spi-builder-workspace/.derivedData/Build/Intermediates.noindex/swift-atomics.build/Debug-appletvos/Atomics-t.build/DerivedSources-normal/arm64 -Xcc -I/Users/admin/builder/spi-builder-workspace/.derivedData/Build/Intermediates.noindex/swift-atomics.build/Debug-appletvos/Atomics-t.build/DerivedSources/arm64 -Xcc -I/Users/admin/builder/spi-builder-workspace/.derivedData/Build/Intermediates.noindex/swift-atomics.build/Debug-appletvos/Atomics-t.build/DerivedSources -Xcc -DSWIFT_PACKAGE -Xcc -DDEBUG\=1 -emit-objc-header -emit-objc-header-path /Users/admin/builder/spi-builder-workspace/.derivedData/Build/Intermediates.noindex/swift-atomics.build/Debug-appletvos/Atomics-t.build/Objects-normal/arm64/Atomics-Swift.h -working-directory /Users/admin/builder/spi-builder-workspace/.swiftpm/xcode -experimental-emit-module-separately -disable-cmo
Ld /Users/admin/builder/spi-builder-workspace/.derivedData/Build/Products/Debug-appletvos/cmark-gfm-extensions.o normal (in target 'cmark-gfm-extensions' from project 'cmark-gfm')
cd /Users/admin/builder/spi-builder-workspace/.dependencies/checkouts/swift-cmark
/Applications/Xcode-27.0.0-Release.Candidate.app/Contents/Developer/Toolchains/XcodeDefault.xctoolchain/usr/bin/clang -Xlinker -reproducible -target arm64-apple-tvos15.0 -r -isysroot /Applications/Xcode-27.0.0-Release.Candidate.app/Contents/Developer/Platforms/AppleTVOS.platform/Developer/SDKs/AppleTVOS27.0.sdk -O0 -w -Xlinker -no_warn_duplicate_libraries -F/Users/admin/builder/spi-builder-workspace/.derivedData/Build/Intermediates.noindex/EagerLinkingTBDs/Debug-appletvos -F/Users/admin/builder/spi-builder-workspace/.derivedData/Build/Products/Debug-appletvos/PackageFrameworks -F/Users/admin/builder/spi-builder-workspace/.derivedData/Build/Products/Debug-appletvos -iframework /Applications/Xcode-27.0.0-Release.Candidate.app/Contents/Developer/Platforms/AppleTVOS.platform/Developer/Library/Frameworks -iframework /Applications/Xcode-27.0.0-Release.Candidate.app/Contents/Developer/Platforms/AppleTVOS.platform/Developer/SDKs/AppleTVOS27.0.sdk/Developer/Library/Frameworks -filelist /Users/admin/builder/spi-builder-workspace/.derivedData/Build/Intermediates.noindex/cmark-gfm.build/Debug-appletvos/cmark-gfm-extensions-t.build/Objects-normal/arm64/cmark-gfm-extensions.LinkFileList -nostdlib -Xlinker -object_path_lto -Xlinker /Users/admin/builder/spi-builder-workspace/.derivedData/Build/Intermediates.noindex/cmark-gfm.build/Debug-appletvos/cmark-gfm-extensions-t.build/Objects-normal/arm64/cmark-gfm-extensions_lto.o -Xlinker -no_deduplicate -Xlinker -debug_variant -Xlinker -dependency_info -Xlinker /Users/admin/builder/spi-builder-workspace/.derivedData/Build/Intermediates.noindex/cmark-gfm.build/Debug-appletvos/cmark-gfm-extensions-t.build/Objects-normal/arm64/cmark-gfm-extensions_dependency_info.dat -o /Users/admin/builder/spi-builder-workspace/.derivedData/Build/Products/Debug-appletvos/cmark-gfm-extensions.o
Ld /Users/admin/builder/spi-builder-workspace/.derivedData/Build/Products/Debug-appletvos/RuntimeAssertions.o normal (in target 'RuntimeAssertions' from project 'RuntimeAssertions')
cd /Users/admin/builder/spi-builder-workspace/.dependencies/checkouts/XCTRuntimeAssertions
/Applications/Xcode-27.0.0-Release.Candidate.app/Contents/Developer/Toolchains/XcodeDefault.xctoolchain/usr/bin/clang -Xlinker -reproducible -target arm64-apple-tvos16.0 -r -isysroot /Applications/Xcode-27.0.0-Release.Candidate.app/Contents/Developer/Platforms/AppleTVOS.platform/Developer/SDKs/AppleTVOS27.0.sdk -O0 -w -Xlinker -no_warn_duplicate_libraries -F/Users/admin/builder/spi-builder-workspace/.derivedData/Build/Intermediates.noindex/EagerLinkingTBDs/Debug-appletvos -F/Users/admin/builder/spi-builder-workspace/.derivedData/Build/Products/Debug-appletvos -iframework /Applications/Xcode-27.0.0-Release.Candidate.app/Contents/Developer/Platforms/AppleTVOS.platform/Developer/Library/Frameworks -iframework /Applications/Xcode-27.0.0-Release.Candidate.app/Contents/Developer/Platforms/AppleTVOS.platform/Developer/SDKs/AppleTVOS27.0.sdk/Developer/Library/Frameworks -filelist /Users/admin/builder/spi-builder-workspace/.derivedData/Build/Intermediates.noindex/RuntimeAssertions.build/Debug-appletvos/RuntimeAssertions-t.build/Objects-normal/arm64/RuntimeAssertions.LinkFileList -nostdlib -Xlinker -object_path_lto -Xlinker /Users/admin/builder/spi-builder-workspace/.derivedData/Build/Intermediates.noindex/RuntimeAssertions.build/Debug-appletvos/RuntimeAssertions-t.build/Objects-normal/arm64/RuntimeAssertions_lto.o -Xlinker -no_deduplicate -Xlinker -debug_variant -Xlinker -dependency_info -Xlinker /Users/admin/builder/spi-builder-workspace/.derivedData/Build/Intermediates.noindex/RuntimeAssertions.build/Debug-appletvos/RuntimeAssertions-t.build/Objects-normal/arm64/RuntimeAssertions_dependency_info.dat -fobjc-link-runtime -L/Applications/Xcode-27.0.0-Release.Candidate.app/Contents/Developer/Toolchains/XcodeDefault.xctoolchain/usr/lib/swift/appletvos -L/usr/lib/swift -Xlinker -add_ast_path -Xlinker /Users/admin/builder/spi-builder-workspace/.derivedData/Build/Intermediates.noindex/RuntimeAssertions.build/Debug-appletvos/RuntimeAssertions-t.build/Objects-normal/arm64/RuntimeAssertions.swiftmodule -o /Users/admin/builder/spi-builder-workspace/.derivedData/Build/Products/Debug-appletvos/RuntimeAssertions.o
Ld /Users/admin/builder/spi-builder-workspace/.derivedData/Build/Products/Debug-appletvos/RealModule.o normal (in target 'RealModule' from project 'swift-numerics')
cd /Users/admin/builder/spi-builder-workspace/.dependencies/checkouts/swift-numerics
/Applications/Xcode-27.0.0-Release.Candidate.app/Contents/Developer/Toolchains/XcodeDefault.xctoolchain/usr/bin/clang -Xlinker -reproducible -target arm64-apple-tvos15.0 -r -isysroot /Applications/Xcode-27.0.0-Release.Candidate.app/Contents/Developer/Platforms/AppleTVOS.platform/Developer/SDKs/AppleTVOS27.0.sdk -O0 -w -Xlinker -no_warn_duplicate_libraries -F/Users/admin/builder/spi-builder-workspace/.derivedData/Build/Intermediates.noindex/EagerLinkingTBDs/Debug-appletvos -F/Users/admin/builder/spi-builder-workspace/.derivedData/Build/Products/Debug-appletvos/PackageFrameworks -F/Users/admin/builder/spi-builder-workspace/.derivedData/Build/Products/Debug-appletvos -iframework /Applications/Xcode-27.0.0-Release.Candidate.app/Contents/Developer/Platforms/AppleTVOS.platform/Developer/Library/Frameworks -iframework /Applications/Xcode-27.0.0-Release.Candidate.app/Contents/Developer/Platforms/AppleTVOS.platform/Developer/SDKs/AppleTVOS27.0.sdk/Developer/Library/Frameworks -filelist /Users/admin/builder/spi-builder-workspace/.derivedData/Build/Intermediates.noindex/swift-numerics.build/Debug-appletvos/RealModule-t.build/Objects-normal/arm64/RealModule.LinkFileList -nostdlib -Xlinker -object_path_lto -Xlinker /Users/admin/builder/spi-builder-workspace/.derivedData/Build/Intermediates.noindex/swift-numerics.build/Debug-appletvos/RealModule-t.build/Objects-normal/arm64/RealModule_lto.o -Xlinker -no_deduplicate -Xlinker -debug_variant -Xlinker -dependency_info -Xlinker /Users/admin/builder/spi-builder-workspace/.derivedData/Build/Intermediates.noindex/swift-numerics.build/Debug-appletvos/RealModule-t.build/Objects-normal/arm64/RealModule_dependency_info.dat -fobjc-link-runtime -L/Applications/Xcode-27.0.0-Release.Candidate.app/Contents/Developer/Toolchains/XcodeDefault.xctoolchain/usr/lib/swift/appletvos -L/usr/lib/swift -Xlinker -add_ast_path -Xlinker /Users/admin/builder/spi-builder-workspace/.derivedData/Build/Intermediates.noindex/swift-numerics.build/Debug-appletvos/RealModule-t.build/Objects-normal/arm64/RealModule.swiftmodule -o /Users/admin/builder/spi-builder-workspace/.derivedData/Build/Products/Debug-appletvos/RealModule.o
ExtractAppIntentsMetadata (in target 'RuntimeAssertions' from project 'RuntimeAssertions')
cd /Users/admin/builder/spi-builder-workspace/.dependencies/checkouts/XCTRuntimeAssertions
/Applications/Xcode-27.0.0-Release.Candidate.app/Contents/Developer/Toolchains/XcodeDefault.xctoolchain/usr/bin/appintentsmetadataprocessor --toolchain-dir /var/run/com.apple.security.cryptexd/mnt/com.apple.MobileAsset.MetalToolchain-v27.1.266.1.3xf0BR/Metal.xctoolchain --module-name RuntimeAssertions --sdk-root /Applications/Xcode-27.0.0-Release.Candidate.app/Contents/Developer/Platforms/AppleTVOS.platform/Developer/SDKs/AppleTVOS27.0.sdk --xcode-version 27A266a --platform-family tvOS --deployment-target 16.0 --bundle-identifier xctruntimeassertions.RuntimeAssertions --output /Users/admin/builder/spi-builder-workspace/.derivedData/Build/Products/Debug-appletvos/RuntimeAssertions.appintents --target-triple arm64-apple-tvos16.0 --binary-file /Users/admin/builder/spi-builder-workspace/.derivedData/Build/Products/Debug-appletvos/RuntimeAssertions.o --dependency-file /Users/admin/builder/spi-builder-workspace/.derivedData/Build/Intermediates.noindex/RuntimeAssertions.build/Debug-appletvos/RuntimeAssertions-t.build/Objects-normal/arm64/RuntimeAssertions_dependency_info.dat --stringsdata-file /Users/admin/builder/spi-builder-workspace/.derivedData/Build/Intermediates.noindex/RuntimeAssertions.build/Debug-appletvos/RuntimeAssertions-t.build/Objects-normal/arm64/ExtractedAppShortcutsMetadata.stringsdata --source-file-list /Users/admin/builder/spi-builder-workspace/.derivedData/Build/Intermediates.noindex/RuntimeAssertions.build/Debug-appletvos/RuntimeAssertions-t.build/Objects-normal/arm64/RuntimeAssertions.SwiftFileList --metadata-file-list /Users/admin/builder/spi-builder-workspace/.derivedData/Build/Intermediates.noindex/RuntimeAssertions.build/Debug-appletvos/RuntimeAssertions-t.build/RuntimeAssertions.DependencyMetadataFileList --static-metadata-file-list /Users/admin/builder/spi-builder-workspace/.derivedData/Build/Intermediates.noindex/RuntimeAssertions.build/Debug-appletvos/RuntimeAssertions-t.build/RuntimeAssertions.DependencyStaticMetadataFileList --swift-const-vals-list /Users/admin/builder/spi-builder-workspace/.derivedData/Build/Intermediates.noindex/RuntimeAssertions.build/Debug-appletvos/RuntimeAssertions-t.build/Objects-normal/arm64/RuntimeAssertions.SwiftConstValuesFileList --force --compile-time-extraction --deployment-aware-processing --no-app-shortcuts-localization
2026-09-23 22:18:39.525 appintentsmetadataprocessor[2114:10388] Starting appintentsmetadataprocessor export
2026-09-23 22:18:39.812 appintentsmetadataprocessor[2114:10388] Extracted no relevant App Intents symbols, skipping writing output
ExtractAppIntentsMetadata (in target 'RealModule' from project 'swift-numerics')
cd /Users/admin/builder/spi-builder-workspace/.dependencies/checkouts/swift-numerics
/Applications/Xcode-27.0.0-Release.Candidate.app/Contents/Developer/Toolchains/XcodeDefault.xctoolchain/usr/bin/appintentsmetadataprocessor --toolchain-dir /var/run/com.apple.security.cryptexd/mnt/com.apple.MobileAsset.MetalToolchain-v27.1.266.1.3xf0BR/Metal.xctoolchain --module-name RealModule --sdk-root /Applications/Xcode-27.0.0-Release.Candidate.app/Contents/Developer/Platforms/AppleTVOS.platform/Developer/SDKs/AppleTVOS27.0.sdk --xcode-version 27A266a --platform-family tvOS --deployment-target 15.0 --bundle-identifier swift-numerics.RealModule --output /Users/admin/builder/spi-builder-workspace/.derivedData/Build/Products/Debug-appletvos/RealModule.appintents --target-triple arm64-apple-tvos15.0 --binary-file /Users/admin/builder/spi-builder-workspace/.derivedData/Build/Products/Debug-appletvos/RealModule.o --dependency-file /Users/admin/builder/spi-builder-workspace/.derivedData/Build/Intermediates.noindex/swift-numerics.build/Debug-appletvos/RealModule-t.build/Objects-normal/arm64/RealModule_dependency_info.dat --stringsdata-file /Users/admin/builder/spi-builder-workspace/.derivedData/Build/Intermediates.noindex/swift-numerics.build/Debug-appletvos/RealModule-t.build/Objects-normal/arm64/ExtractedAppShortcutsMetadata.stringsdata --source-file-list /Users/admin/builder/spi-builder-workspace/.derivedData/Build/Intermediates.noindex/swift-numerics.build/Debug-appletvos/RealModule-t.build/Objects-normal/arm64/RealModule.SwiftFileList --metadata-file-list /Users/admin/builder/spi-builder-workspace/.derivedData/Build/Intermediates.noindex/swift-numerics.build/Debug-appletvos/RealModule-t.build/RealModule.DependencyMetadataFileList --static-metadata-file-list /Users/admin/builder/spi-builder-workspace/.derivedData/Build/Intermediates.noindex/swift-numerics.build/Debug-appletvos/RealModule-t.build/RealModule.DependencyStaticMetadataFileList --swift-const-vals-list /Users/admin/builder/spi-builder-workspace/.derivedData/Build/Intermediates.noindex/swift-numerics.build/Debug-appletvos/RealModule-t.build/Objects-normal/arm64/RealModule.SwiftConstValuesFileList --force --compile-time-extraction --deployment-aware-processing --no-app-shortcuts-localization
2026-09-23 22:18:39.525 appintentsmetadataprocessor[2116:10400] Starting appintentsmetadataprocessor export
2026-09-23 22:18:39.742 appintentsmetadataprocessor[2116:10400] Extracted no relevant App Intents symbols, skipping writing output
SwiftDriver OrderedCollections normal arm64 com.apple.xcode.tools.swift.compiler (in target 'OrderedCollections' from project 'swift-collections')
cd /Users/admin/builder/spi-builder-workspace/.swiftpm/xcode
builtin-SwiftDriver -- /Applications/Xcode-27.0.0-Release.Candidate.app/Contents/Developer/Toolchains/XcodeDefault.xctoolchain/usr/bin/swiftc -parse-as-library -module-name OrderedCollections -Onone @/Users/admin/builder/spi-builder-workspace/.derivedData/Build/Intermediates.noindex/swift-collections.build/Debug-appletvos/OrderedCollections-t.build/Objects-normal/arm64/OrderedCollections.SwiftFileList -DSWIFT_PACKAGE -DDEBUG -DSWIFT_MODULE_RESOURCE_BUNDLE_UNAVAILABLE -DCOLLECTIONS_RANDOMIZED_TESTING -DXcode -enable-experimental-feature AvailabilityMacro\=SwiftStdlib\ 5.0:\ macOS\ 10.14.4,\ iOS\ 12.2,\ watchOS\ 5.2,\ tvOS\ 12.2 -enable-experimental-feature AvailabilityMacro\=SwiftStdlib\ 5.1:\ macOS\ 10.15,\ iOS\ 13.0,\ watchOS\ 6.0,\ tvOS\ 13.0 -enable-experimental-feature AvailabilityMacro\=SwiftStdlib\ 5.6:\ macOS\ 12.3,\ iOS\ 15.4,\ watchOS\ 8.5,\ tvOS\ 15.4 -enable-experimental-feature AvailabilityMacro\=SwiftStdlib\ 5.7:\ macOS\ 13.0,\ iOS\ 16.0,\ watchOS\ 9.0,\ tvOS\ 16.0 -enable-experimental-feature AvailabilityMacro\=SwiftStdlib\ 5.8:\ macOS\ 13.3,\ iOS\ 16.4,\ watchOS\ 9.4,\ tvOS\ 16.4 -enable-experimental-feature AvailabilityMacro\=SwiftStdlib\ 5.9:\ macOS\ 14.0,\ iOS\ 17.0,\ watchOS\ 10.0,\ tvOS\ 17.0 -enable-experimental-feature AvailabilityMacro\=SwiftStdlib\ 5.10:\ macOS\ 14.4,\ iOS\ 17.4,\ watchOS\ 10.4,\ tvOS\ 17.4,\ visionOS\ 1.1 -enable-experimental-feature AvailabilityMacro\=SwiftStdlib\ 6.0:\ macOS\ 15.0,\ iOS\ 18.0,\ watchOS\ 11.0,\ tvOS\ 18.0,\ visionOS\ 2.0 -enable-experimental-feature AvailabilityMacro\=SwiftStdlib\ 6.1:\ macOS\ 15.4,\ iOS\ 18.4,\ watchOS\ 11.4,\ tvOS\ 18.4,\ visionOS\ 2.4 -enable-experimental-feature AvailabilityMacro\=SwiftStdlib\ 6.2:\ macOS\ 26.0,\ iOS\ 26.0,\ watchOS\ 26.0,\ tvOS\ 26.0,\ visionOS\ 26.0 -enable-experimental-feature AvailabilityMacro\=SwiftStdlib\ 6.3:\ macOS\ 26.4,\ iOS\ 26.4,\ watchOS\ 26.4,\ tvOS\ 26.4,\ visionOS\ 26.4 -enable-experimental-feature AvailabilityMacro\=SwiftStdlib\ 6.4:\ macOS\ 27.0,\ iOS\ 27.0,\ watchOS\ 27.0,\ tvOS\ 27.0,\ visionOS\ 27.0 -enable-experimental-feature AvailabilityMacro\=SwiftStdlib\ 6.5:\ macOS\ 9999,\ iOS\ 9999,\ watchOS\ 9999,\ tvOS\ 9999,\ visionOS\ 9999 -enable-upcoming-feature MemberImportVisibility -enable-experimental-feature BuiltinModule -enable-experimental-feature Lifetimes -enable-experimental-feature InoutLifetimeDependence -enable-experimental-feature AddressableParameters -enable-experimental-feature AddressableTypes -enable-experimental-feature SuppressedAssociatedTypesWithDefaults -enable-experimental-feature BorrowingSequence -plugin-path /Applications/Xcode-27.0.0-Release.Candidate.app/Contents/Developer/Toolchains/XcodeDefault.xctoolchain/usr/lib/swift/host/plugins/testing -enable-experimental-feature DebugDescriptionMacro -sdk /Applications/Xcode-27.0.0-Release.Candidate.app/Contents/Developer/Platforms/AppleTVOS.platform/Developer/SDKs/AppleTVOS27.0.sdk -target arm64-apple-tvos15.0 -g -module-cache-path /Users/admin/builder/spi-builder-workspace/.derivedData/ModuleCache.noindex -Xfrontend -serialize-debugging-options -profile-coverage-mapping -profile-generate -enable-testing -suppress-warnings -index-store-path /Users/admin/builder/spi-builder-workspace/.derivedData/Index.noindex/DataStore -Xcc -D_LIBCPP_HARDENING_MODE\=_LIBCPP_HARDENING_MODE_DEBUG -swift-version 6 -I /Users/admin/builder/spi-builder-workspace/.derivedData/Build/Products/Debug-appletvos -Isystem /Applications/Xcode-27.0.0-Release.Candidate.app/Contents/Developer/Platforms/AppleTVOS.platform/Developer/usr/lib -F /Users/admin/builder/spi-builder-workspace/.derivedData/Build/Products/Debug-appletvos/PackageFrameworks -F /Users/admin/builder/spi-builder-workspace/.derivedData/Build/Products/Debug-appletvos -F /Applications/Xcode-27.0.0-Release.Candidate.app/Contents/Developer/Platforms/AppleTVOS.platform/Developer/Library/Frameworks -F /Applications/Xcode-27.0.0-Release.Candidate.app/Contents/Developer/Platforms/AppleTVOS.platform/Developer/SDKs/AppleTVOS27.0.sdk/Developer/Library/Frameworks -c -j10 -enable-batch-mode -incremental -Xcc -ivfsstatcache -Xcc /Users/admin/builder/spi-builder-workspace/.derivedData/SDKStatCaches.noindex/appletvos27.0-24J360-e829b21a6f8c9b70876ba0858053c044b32bfd8d43560033f8d89884cdb90028.sdkstatcache -output-file-map /Users/admin/builder/spi-builder-workspace/.derivedData/Build/Intermediates.noindex/swift-collections.build/Debug-appletvos/OrderedCollections-t.build/Objects-normal/arm64/OrderedCollections-OutputFileMap.json -save-temps -no-color-diagnostics -explicit-module-build -module-cache-path /Users/admin/builder/spi-builder-workspace/.derivedData/Build/Intermediates.noindex/SwiftExplicitPrecompiledModules -clang-scanner-module-cache-path /Users/admin/builder/spi-builder-workspace/.derivedData/ModuleCache.noindex -sdk-module-cache-path /Users/admin/builder/spi-builder-workspace/.derivedData/SDKExplicitPrecompiledModules -emit-dependencies -emit-module -emit-module-path /Users/admin/builder/spi-builder-workspace/.derivedData/Build/Intermediates.noindex/swift-collections.build/Debug-appletvos/OrderedCollections-t.build/Objects-normal/arm64/OrderedCollections.swiftmodule -serialize-diagnostics -dependency-scan-serialize-diagnostics-path /Users/admin/builder/spi-builder-workspace/.derivedData/Build/Intermediates.noindex/swift-collections.build/Debug-appletvos/OrderedCollections-t.build/Objects-normal/arm64/OrderedCollections-dependency-scan.dia -user-module-version 1.7.0 -validate-clang-modules-once -clang-build-session-file /Users/admin/builder/spi-builder-workspace/.derivedData/ModuleCache.noindex/Session.modulevalidation -Xcc -fmodules-prune-interval\=86400 -Xcc -fmodules-prune-after\=345600 -package-name swift_collections -emit-const-values -const-gather-protocols-list /Users/admin/builder/spi-builder-workspace/.derivedData/Build/Intermediates.noindex/swift-collections.build/Debug-appletvos/OrderedCollections-t.build/Objects-normal/arm64/OrderedCollections_const_extract_protocols.json -Xcc -I/Users/admin/builder/spi-builder-workspace/.derivedData/Build/Products/Debug-appletvos/include -Xcc -I/Users/admin/builder/spi-builder-workspace/.derivedData/Build/Intermediates.noindex/swift-collections.build/Debug-appletvos/OrderedCollections-t.build/DerivedSources-normal/arm64 -Xcc -I/Users/admin/builder/spi-builder-workspace/.derivedData/Build/Intermediates.noindex/swift-collections.build/Debug-appletvos/OrderedCollections-t.build/DerivedSources/arm64 -Xcc -I/Users/admin/builder/spi-builder-workspace/.derivedData/Build/Intermediates.noindex/swift-collections.build/Debug-appletvos/OrderedCollections-t.build/DerivedSources -Xcc -DSWIFT_PACKAGE -Xcc -DDEBUG\=1 -emit-objc-header -emit-objc-header-path /Users/admin/builder/spi-builder-workspace/.derivedData/Build/Intermediates.noindex/swift-collections.build/Debug-appletvos/OrderedCollections-t.build/Objects-normal/arm64/OrderedCollections-Swift.h -working-directory /Users/admin/builder/spi-builder-workspace/.swiftpm/xcode -experimental-emit-module-separately -disable-cmo
SwiftDriver MarkdownUI normal arm64 com.apple.xcode.tools.swift.compiler (in target 'MarkdownUI' from project 'swift-markdown-ui')
cd /Users/admin/builder/spi-builder-workspace/.swiftpm/xcode
builtin-SwiftDriver -- /Applications/Xcode-27.0.0-Release.Candidate.app/Contents/Developer/Toolchains/XcodeDefault.xctoolchain/usr/bin/swiftc -parse-as-library -module-name MarkdownUI -Onone @/Users/admin/builder/spi-builder-workspace/.derivedData/Build/Intermediates.noindex/swift-markdown-ui.build/Debug-appletvos/MarkdownUI-t.build/Objects-normal/arm64/MarkdownUI.SwiftFileList -DSWIFT_PACKAGE -DDEBUG -DSWIFT_MODULE_RESOURCE_BUNDLE_UNAVAILABLE -Xcc -fmodule-map-file\=/Users/admin/builder/spi-builder-workspace/.dependencies/checkouts/swift-cmark/src/include/module.modulemap -Xcc -fmodule-map-file\=/Users/admin/builder/spi-builder-workspace/.dependencies/checkouts/swift-cmark/extensions/include/module.modulemap -DXcode -plugin-path /Applications/Xcode-27.0.0-Release.Candidate.app/Contents/Developer/Toolchains/XcodeDefault.xctoolchain/usr/lib/swift/host/plugins/testing -enable-experimental-feature DebugDescriptionMacro -sdk /Applications/Xcode-27.0.0-Release.Candidate.app/Contents/Developer/Platforms/AppleTVOS.platform/Developer/SDKs/AppleTVOS27.0.sdk -target arm64-apple-tvos15.0 -g -module-cache-path /Users/admin/builder/spi-builder-workspace/.derivedData/ModuleCache.noindex -Xfrontend -serialize-debugging-options -profile-coverage-mapping -profile-generate -enable-testing -suppress-warnings -index-store-path /Users/admin/builder/spi-builder-workspace/.derivedData/Index.noindex/DataStore -Xcc -D_LIBCPP_HARDENING_MODE\=_LIBCPP_HARDENING_MODE_DEBUG -swift-version 5 -I /Users/admin/builder/spi-builder-workspace/.derivedData/Build/Products/Debug-appletvos -Isystem /Applications/Xcode-27.0.0-Release.Candidate.app/Contents/Developer/Platforms/AppleTVOS.platform/Developer/usr/lib -F /Users/admin/builder/spi-builder-workspace/.derivedData/Build/Products/Debug-appletvos/PackageFrameworks -F /Users/admin/builder/spi-builder-workspace/.derivedData/Build/Products/Debug-appletvos -F /Applications/Xcode-27.0.0-Release.Candidate.app/Contents/Developer/Platforms/AppleTVOS.platform/Developer/Library/Frameworks -F /Applications/Xcode-27.0.0-Release.Candidate.app/Contents/Developer/Platforms/AppleTVOS.platform/Developer/SDKs/AppleTVOS27.0.sdk/Developer/Library/Frameworks -c -j10 -enable-batch-mode -incremental -Xcc -ivfsstatcache -Xcc /Users/admin/builder/spi-builder-workspace/.derivedData/SDKStatCaches.noindex/appletvos27.0-24J360-e829b21a6f8c9b70876ba0858053c044b32bfd8d43560033f8d89884cdb90028.sdkstatcache -output-file-map /Users/admin/builder/spi-builder-workspace/.derivedData/Build/Intermediates.noindex/swift-markdown-ui.build/Debug-appletvos/MarkdownUI-t.build/Objects-normal/arm64/MarkdownUI-OutputFileMap.json -save-temps -no-color-diagnostics -explicit-module-build -module-cache-path /Users/admin/builder/spi-builder-workspace/.derivedData/Build/Intermediates.noindex/SwiftExplicitPrecompiledModules -clang-scanner-module-cache-path /Users/admin/builder/spi-builder-workspace/.derivedData/ModuleCache.noindex -sdk-module-cache-path /Users/admin/builder/spi-builder-workspace/.derivedData/SDKExplicitPrecompiledModules -emit-dependencies -emit-module -emit-module-path /Users/admin/builder/spi-builder-workspace/.derivedData/Build/Intermediates.noindex/swift-markdown-ui.build/Debug-appletvos/MarkdownUI-t.build/Objects-normal/arm64/MarkdownUI.swiftmodule -serialize-diagnostics -dependency-scan-serialize-diagnostics-path /Users/admin/builder/spi-builder-workspace/.derivedData/Build/Intermediates.noindex/swift-markdown-ui.build/Debug-appletvos/MarkdownUI-t.build/Objects-normal/arm64/MarkdownUI-dependency-scan.dia -validate-clang-modules-once -clang-build-session-file /Users/admin/builder/spi-builder-workspace/.derivedData/ModuleCache.noindex/Session.modulevalidation -Xcc -fmodules-prune-interval\=86400 -Xcc -fmodules-prune-after\=345600 -emit-const-values -const-gather-protocols-list /Users/admin/builder/spi-builder-workspace/.derivedData/Build/Intermediates.noindex/swift-markdown-ui.build/Debug-appletvos/MarkdownUI-t.build/Objects-normal/arm64/MarkdownUI_const_extract_protocols.json -Xcc -I/Users/admin/builder/spi-builder-workspace/.dependencies/checkouts/swift-cmark/src/include -Xcc -I/Users/admin/builder/spi-builder-workspace/.dependencies/checkouts/swift-cmark/extensions/include -Xcc -I/Users/admin/builder/spi-builder-workspace/.derivedData/Build/Products/Debug-appletvos/include -Xcc -I/Users/admin/builder/spi-builder-workspace/.derivedData/Build/Intermediates.noindex/swift-markdown-ui.build/Debug-appletvos/MarkdownUI-t.build/DerivedSources-normal/arm64 -Xcc -I/Users/admin/builder/spi-builder-workspace/.derivedData/Build/Intermediates.noindex/swift-markdown-ui.build/Debug-appletvos/MarkdownUI-t.build/DerivedSources/arm64 -Xcc -I/Users/admin/builder/spi-builder-workspace/.derivedData/Build/Intermediates.noindex/swift-markdown-ui.build/Debug-appletvos/MarkdownUI-t.build/DerivedSources -Xcc -DSWIFT_PACKAGE -Xcc -DDEBUG\=1 -emit-objc-header -emit-objc-header-path /Users/admin/builder/spi-builder-workspace/.derivedData/Build/Intermediates.noindex/swift-markdown-ui.build/Debug-appletvos/MarkdownUI-t.build/Objects-normal/arm64/MarkdownUI-Swift.h -working-directory /Users/admin/builder/spi-builder-workspace/.swiftpm/xcode -experimental-emit-module-separately -disable-cmo
SwiftEmitModule normal arm64 Emitting\ module\ for\ Atomics (in target 'Atomics' from project 'swift-atomics')
SwiftCompile normal arm64 (in target 'Atomics' from project 'swift-atomics')
cd /Users/admin/builder/spi-builder-workspace/.swiftpm/xcode
SwiftCompile normal arm64 Compiling\ AtomicInteger.swift,\ AtomicOptionalWrappable.swift /Users/admin/builder/spi-builder-workspace/.dependencies/checkouts/swift-atomics/Sources/Atomics/Protocols/AtomicInteger.swift /Users/admin/builder/spi-builder-workspace/.dependencies/checkouts/swift-atomics/Sources/Atomics/Protocols/AtomicOptionalWrappable.swift (in target 'Atomics' from project 'swift-atomics')
SwiftCompile normal arm64 /Users/admin/builder/spi-builder-workspace/.dependencies/checkouts/swift-atomics/Sources/Atomics/Protocols/AtomicInteger.swift (in target 'Atomics' from project 'swift-atomics')
cd /Users/admin/builder/spi-builder-workspace/.swiftpm/xcode
builtin-SwiftPerFileCompile AtomicInteger.swift
SwiftCompile normal arm64 /Users/admin/builder/spi-builder-workspace/.dependencies/checkouts/swift-atomics/Sources/Atomics/Protocols/AtomicOptionalWrappable.swift (in target 'Atomics' from project 'swift-atomics')
cd /Users/admin/builder/spi-builder-workspace/.swiftpm/xcode
builtin-SwiftPerFileCompile AtomicOptionalWrappable.swift
SwiftEmitModule normal arm64 Emitting\ module\ for\ Logging (in target 'Logging' from project 'swift-log')
SwiftCompile normal arm64 (in target 'Logging' from project 'swift-log')
cd /Users/admin/builder/spi-builder-workspace/.swiftpm/xcode
SwiftEmitModule normal arm64 Emitting\ module\ for\ SpeziAccountMacros (in target 'SpeziAccountMacros' from project 'SpeziAccount')
SwiftCompile normal arm64 (in target 'SpeziAccountMacros' from project 'SpeziAccount')
cd /Users/admin/builder/spi-builder-workspace/.swiftpm/xcode
SwiftDriverJobDiscovery normal arm64 Compiling AtomicInteger.swift, AtomicOptionalWrappable.swift (in target 'Atomics' from project 'swift-atomics')
SwiftCompile normal arm64 Compiling\ AccountKeyMacro.swift /Users/admin/builder/spi-builder-workspace/Sources/SpeziAccountMacros/AccountKeyMacro.swift (in target 'SpeziAccountMacros' from project 'SpeziAccount')
SwiftCompile normal arm64 /Users/admin/builder/spi-builder-workspace/Sources/SpeziAccountMacros/AccountKeyMacro.swift (in target 'SpeziAccountMacros' from project 'SpeziAccount')
cd /Users/admin/builder/spi-builder-workspace/.swiftpm/xcode
builtin-SwiftPerFileCompile AccountKeyMacro.swift
SwiftEmitModule normal arm64 Emitting\ module\ for\ ThreadLocalMacros (in target 'ThreadLocalMacros' from project 'ThreadLocal')
SwiftCompile normal arm64 (in target 'ThreadLocalMacros' from project 'ThreadLocal')
cd /Users/admin/builder/spi-builder-workspace/.swiftpm/xcode
SwiftEmitModule normal arm64 Emitting\ module\ for\ InternalCollectionsUtilities (in target 'InternalCollectionsUtilities' from project 'swift-collections')
SwiftCompile normal arm64 (in target 'InternalCollectionsUtilities' from project 'swift-collections')
cd /Users/admin/builder/spi-builder-workspace/.swiftpm/xcode
SwiftCompile normal arm64 Compiling\ ThreadLocalMacros.swift /Users/admin/builder/spi-builder-workspace/.dependencies/checkouts/ThreadLocal/Sources/ThreadLocalMacros/ThreadLocalMacros.swift (in target 'ThreadLocalMacros' from project 'ThreadLocal')
SwiftCompile normal arm64 /Users/admin/builder/spi-builder-workspace/.dependencies/checkouts/ThreadLocal/Sources/ThreadLocalMacros/ThreadLocalMacros.swift (in target 'ThreadLocalMacros' from project 'ThreadLocal')
cd /Users/admin/builder/spi-builder-workspace/.swiftpm/xcode
builtin-SwiftPerFileCompile ThreadLocalMacros.swift
SwiftDriverJobDiscovery normal arm64 Emitting module for SpeziAccountMacros (in target 'SpeziAccountMacros' from project 'SpeziAccount')
SwiftDriver\ Compilation\ Requirements SpeziAccountMacros normal arm64 com.apple.xcode.tools.swift.compiler (in target 'SpeziAccountMacros' from project 'SpeziAccount')
cd /Users/admin/builder/spi-builder-workspace/.swiftpm/xcode
builtin-Swift-Compilation-Requirements -- /Applications/Xcode-27.0.0-Release.Candidate.app/Contents/Developer/Toolchains/XcodeDefault.xctoolchain/usr/bin/swiftc -parse-as-library -module-name SpeziAccountMacros -Onone @/Users/admin/builder/spi-builder-workspace/.derivedData/Build/Intermediates.noindex/SpeziAccount.build/Debug/SpeziAccountMacros-t.build/Objects-normal/arm64/SpeziAccountMacros.SwiftFileList -DSWIFT_PACKAGE -DDEBUG -DXcode -enable-upcoming-feature ExistentialAny -I /Users/admin/builder/spi-builder-workspace/.dependencies/prebuilts/swift-syntax/602.0.0/swiftlang-6.4.0.34.1-macosx27.0-MacroSupport/Modules -I /Users/admin/builder/spi-builder-workspace/.dependencies/checkouts/swift-syntax/Sources/_SwiftLibraryPluginProviderCShims/include -I /Users/admin/builder/spi-builder-workspace/.dependencies/checkouts/swift-syntax/Sources/_SwiftSyntaxCShims/include -plugin-path /Applications/Xcode-27.0.0-Release.Candidate.app/Contents/Developer/Toolchains/XcodeDefault.xctoolchain/usr/lib/swift/host/plugins/testing -enable-experimental-feature DebugDescriptionMacro -sdk /Applications/Xcode-27.0.0-Release.Candidate.app/Contents/Developer/Platforms/MacOSX.platform/Developer/SDKs/MacOSX27.0.sdk -target arm64-apple-macos14.0 -g -module-cache-path /Users/admin/builder/spi-builder-workspace/.derivedData/ModuleCache.noindex -Xfrontend -serialize-debugging-options -profile-coverage-mapping -profile-generate -enable-testing -index-store-path /Users/admin/builder/spi-builder-workspace/.derivedData/Index.noindex/DataStore -Xcc -D_LIBCPP_HARDENING_MODE\=_LIBCPP_HARDENING_MODE_DEBUG -swift-version 6 -I /Users/admin/builder/spi-builder-workspace/.derivedData/Build/Products/Debug -Isystem /Applications/Xcode-27.0.0-Release.Candidate.app/Contents/Developer/Platforms/MacOSX.platform/Developer/usr/lib -F /Users/admin/builder/spi-builder-workspace/.derivedData/Build/Products/Debug -F /Applications/Xcode-27.0.0-Release.Candidate.app/Contents/Developer/Platforms/MacOSX.platform/Developer/Library/Frameworks -emit-localized-strings -emit-localized-strings-path /Users/admin/builder/spi-builder-workspace/.derivedData/Build/Intermediates.noindex/SpeziAccount.build/Debug/SpeziAccountMacros-t.build/Objects-normal/arm64 -c -j10 -enable-batch-mode -incremental -Xcc -ivfsstatcache -Xcc /Users/admin/builder/spi-builder-workspace/.derivedData/SDKStatCaches.noindex/macosx27.0-26A425-e829b21a6f8c9b70876ba0858053c0446a22442a12e9d48fe1a705f55a1adfc4.sdkstatcache -output-file-map /Users/admin/builder/spi-builder-workspace/.derivedData/Build/Intermediates.noindex/SpeziAccount.build/Debug/SpeziAccountMacros-t.build/Objects-normal/arm64/SpeziAccountMacros-OutputFileMap.json -save-temps -no-color-diagnostics -explicit-module-build -module-cache-path /Users/admin/builder/spi-builder-workspace/.derivedData/Build/Intermediates.noindex/SwiftExplicitPrecompiledModules -clang-scanner-module-cache-path /Users/admin/builder/spi-builder-workspace/.derivedData/ModuleCache.noindex -sdk-module-cache-path /Users/admin/builder/spi-builder-workspace/.derivedData/SDKExplicitPrecompiledModules -emit-dependencies -emit-module -emit-module-path /Users/admin/builder/spi-builder-workspace/.derivedData/Build/Intermediates.noindex/SpeziAccount.build/Debug/SpeziAccountMacros-t.build/Objects-normal/arm64/SpeziAccountMacros.swiftmodule -serialize-diagnostics -dependency-scan-serialize-diagnostics-path /Users/admin/builder/spi-builder-workspace/.derivedData/Build/Intermediates.noindex/SpeziAccount.build/Debug/SpeziAccountMacros-t.build/Objects-normal/arm64/SpeziAccountMacros-dependency-scan.dia -validate-clang-modules-once -clang-build-session-file /Users/admin/builder/spi-builder-workspace/.derivedData/ModuleCache.noindex/Session.modulevalidation -Xcc -fmodules-prune-interval\=86400 -Xcc -fmodules-prune-after\=345600 -package-name spi_builder_workspace -emit-const-values -const-gather-protocols-list /Users/admin/builder/spi-builder-workspace/.derivedData/Build/Intermediates.noindex/SpeziAccount.build/Debug/SpeziAccountMacros-t.build/Objects-normal/arm64/SpeziAccountMacros_const_extract_protocols.json -Xcc -I/Users/admin/builder/spi-builder-workspace/.derivedData/Build/Products/Debug/include -Xcc -I/Users/admin/builder/spi-builder-workspace/.derivedData/Build/Intermediates.noindex/SpeziAccount.build/Debug/SpeziAccountMacros-t.build/DerivedSources-normal/arm64 -Xcc -I/Users/admin/builder/spi-builder-workspace/.derivedData/Build/Intermediates.noindex/SpeziAccount.build/Debug/SpeziAccountMacros-t.build/DerivedSources/arm64 -Xcc -I/Users/admin/builder/spi-builder-workspace/.derivedData/Build/Intermediates.noindex/SpeziAccount.build/Debug/SpeziAccountMacros-t.build/DerivedSources -Xcc -DSWIFT_PACKAGE -Xcc -DDEBUG\=1 -working-directory /Users/admin/builder/spi-builder-workspace/.swiftpm/xcode -experimental-emit-module-separately -disable-cmo
SwiftEmitModule normal arm64 Emitting\ module\ for\ PhoneNumberKit (in target 'PhoneNumberKit' from project 'PhoneNumberKit')
SwiftCompile normal arm64 (in target 'PhoneNumberKit' from project 'PhoneNumberKit')
cd /Users/admin/builder/spi-builder-workspace/.swiftpm/xcode
SwiftCompile normal arm64 Compiling\ ThreadLocalMacro.swift /Users/admin/builder/spi-builder-workspace/.dependencies/checkouts/ThreadLocal/Sources/ThreadLocalMacros/ThreadLocalMacro.swift (in target 'ThreadLocalMacros' from project 'ThreadLocal')
SwiftCompile normal arm64 /Users/admin/builder/spi-builder-workspace/.dependencies/checkouts/ThreadLocal/Sources/ThreadLocalMacros/ThreadLocalMacro.swift (in target 'ThreadLocalMacros' from project 'ThreadLocal')
cd /Users/admin/builder/spi-builder-workspace/.swiftpm/xcode
builtin-SwiftPerFileCompile ThreadLocalMacro.swift
SwiftCompile normal arm64 Compiling\ Diagnostic.swift /Users/admin/builder/spi-builder-workspace/.dependencies/checkouts/ThreadLocal/Sources/ThreadLocalMacros/Diagnostic.swift (in target 'ThreadLocalMacros' from project 'ThreadLocal')
SwiftCompile normal arm64 /Users/admin/builder/spi-builder-workspace/.dependencies/checkouts/ThreadLocal/Sources/ThreadLocalMacros/Diagnostic.swift (in target 'ThreadLocalMacros' from project 'ThreadLocal')
cd /Users/admin/builder/spi-builder-workspace/.swiftpm/xcode
builtin-SwiftPerFileCompile Diagnostic.swift
SwiftEmitModule normal arm64 Emitting\ module\ for\ XCTestExtensions (in target 'XCTestExtensions' from project 'XCTestExtensions')
SwiftCompile normal arm64 (in target 'XCTestExtensions' from project 'XCTestExtensions')
cd /Users/admin/builder/spi-builder-workspace/.swiftpm/xcode
SwiftEmitModule normal arm64 Emitting\ module\ for\ OrderedCollections (in target 'OrderedCollections' from project 'swift-collections')
SwiftCompile normal arm64 (in target 'OrderedCollections' from project 'swift-collections')
cd /Users/admin/builder/spi-builder-workspace/.swiftpm/xcode
SwiftEmitModule normal arm64 Emitting\ module\ for\ NetworkImage (in target 'NetworkImage' from project 'NetworkImage')
SwiftCompile normal arm64 (in target 'NetworkImage' from project 'NetworkImage')
cd /Users/admin/builder/spi-builder-workspace/.swiftpm/xcode
SwiftDriverJobDiscovery normal arm64 Compiling ThreadLocalMacros.swift (in target 'ThreadLocalMacros' from project 'ThreadLocal')
SwiftCompile normal arm64 Compiling\ XCUIApplication+DeleteAndLaunch.swift /Users/admin/builder/spi-builder-workspace/.dependencies/checkouts/XCTestExtensions/Sources/XCTestExtensions/XCUIApplication+DeleteAndLaunch.swift (in target 'XCTestExtensions' from project 'XCTestExtensions')
/Users/admin/builder/spi-builder-workspace/.dependencies/checkouts/XCTestExtensions/Sources/XCTestExtensions/XCUIApplication+DeleteAndLaunch.swift:73:29: error: value of type 'XCUIApplication' has no member 'swipeLeft'
71 | while homeScreenIcons[appName].firstMatch.waitForExistence(timeout: 10.0) {
72 | if !homeScreenIcons[appName].firstMatch.isHittable {
73 | springboard.swipeLeft()
| `- error: value of type 'XCUIApplication' has no member 'swipeLeft'
74 | }
75 |
/Users/admin/builder/spi-builder-workspace/.dependencies/checkouts/XCTestExtensions/Sources/XCTestExtensions/XCUIApplication+DeleteAndLaunch.swift:80:49: error: 'press(forDuration:)' is unavailable in tvOS
78 | homeScreenIcons[appName].firstMatch.press(forDuration: 1)
79 | #else
80 | homeScreenIcons[appName].firstMatch.press(forDuration: 1.5)
| `- error: 'press(forDuration:)' is unavailable in tvOS
81 | #endif
82 |
/Applications/Xcode-27.0.0-Release.Candidate.app/Contents/Developer/Platforms/AppleTVOS.platform/Developer/Library/Frameworks/XCUIAutomation.framework/Headers/XCUIElement.h:152:1: note: 'press(forDuration:)' has been explicitly marked unavailable here
150 | * Duration in seconds.
151 | */
152 | - (void)pressForDuration:(NSTimeInterval)duration API_UNAVAILABLE(tvos);
| `- note: 'press(forDuration:)' has been explicitly marked unavailable here
153 |
154 | /*!
/Users/admin/builder/spi-builder-workspace/.dependencies/checkouts/XCTestExtensions/Sources/XCTestExtensions/XCUIApplication+DeleteAndLaunch.swift:87:30: error: 'tap()' is unavailable in tvOS
85 | let deleteButton = homeScreenIcons[appName].buttons["Delete"]
86 | XCTAssert(deleteButton.waitForExistence(timeout: 5.0))
87 | deleteButton.tap()
| `- error: 'tap()' is unavailable in tvOS
88 | } else { // iPhone / iPad / visionOS 1
89 | if !springboard.collectionViews.buttons["Remove App"].waitForExistence(timeout: 5) {
/Applications/Xcode-27.0.0-Release.Candidate.app/Contents/Developer/Platforms/AppleTVOS.platform/Developer/Library/Frameworks/XCUIAutomation.framework/Headers/XCUIElement.h:139:1: note: 'tap()' has been explicitly marked unavailable here
137 | * Sends a tap event to a hittable point computed for the element.
138 | */
139 | - (void)tap API_UNAVAILABLE(tvos);
| `- note: 'tap()' has been explicitly marked unavailable here
140 |
141 | /*!
/Users/admin/builder/spi-builder-workspace/.dependencies/checkouts/XCTestExtensions/Sources/XCTestExtensions/XCUIApplication+DeleteAndLaunch.swift:95:61: error: 'press(forDuration:)' is unavailable in tvOS
93 | XCTAssert(springboard.wait(for: .runningForeground, timeout: 2.0))
94 | XCTAssert(homeScreenIcons[appName].firstMatch.isHittable)
95 | homeScreenIcons[appName].firstMatch.press(forDuration: 1.75)
| `- error: 'press(forDuration:)' is unavailable in tvOS
96 | }
97 | if springboard.collectionViews.buttons["Options"].exists {
/Applications/Xcode-27.0.0-Release.Candidate.app/Contents/Developer/Platforms/AppleTVOS.platform/Developer/Library/Frameworks/XCUIAutomation.framework/Headers/XCUIElement.h:152:1: note: 'press(forDuration:)' has been explicitly marked unavailable here
150 | * Duration in seconds.
151 | */
152 | - (void)pressForDuration:(NSTimeInterval)duration API_UNAVAILABLE(tvos);
| `- note: 'press(forDuration:)' has been explicitly marked unavailable here
153 |
154 | /*!
/Users/admin/builder/spi-builder-workspace/.dependencies/checkouts/XCTestExtensions/Sources/XCTestExtensions/XCUIApplication+DeleteAndLaunch.swift:102:72: error: 'tap()' is unavailable in tvOS
100 | // an "Options" submenu, instead of placing it in the root of the menu.
101 | // So we first need to navigate to that submenu, and then try again
102 | springboard.collectionViews.buttons["Options"].tap()
| `- error: 'tap()' is unavailable in tvOS
103 | XCTAssert(springboard.buttons["Remove App"].waitForExistence(timeout: 5))
104 | }
/Applications/Xcode-27.0.0-Release.Candidate.app/Contents/Developer/Platforms/AppleTVOS.platform/Developer/Library/Frameworks/XCUIAutomation.framework/Headers/XCUIElement.h:139:1: note: 'tap()' has been explicitly marked unavailable here
137 | * Sends a tap event to a hittable point computed for the element.
138 | */
139 | - (void)tap API_UNAVAILABLE(tvos);
| `- note: 'tap()' has been explicitly marked unavailable here
140 |
141 | /*!
/Users/admin/builder/spi-builder-workspace/.dependencies/checkouts/XCTestExtensions/Sources/XCTestExtensions/XCUIApplication+DeleteAndLaunch.swift:106:51: error: 'tap()' is unavailable in tvOS
104 | }
105 | }
106 | springboard.buttons["Remove App"].tap()
| `- error: 'tap()' is unavailable in tvOS
107 | }
108 |
/Applications/Xcode-27.0.0-Release.Candidate.app/Contents/Developer/Platforms/AppleTVOS.platform/Developer/Library/Frameworks/XCUIAutomation.framework/Headers/XCUIElement.h:139:1: note: 'tap()' has been explicitly marked unavailable here
137 | * Sends a tap event to a hittable point computed for the element.
138 | */
139 | - (void)tap API_UNAVAILABLE(tvos);
| `- note: 'tap()' has been explicitly marked unavailable here
140 |
141 | /*!
/Users/admin/builder/spi-builder-workspace/.dependencies/checkouts/XCTestExtensions/Sources/XCTestExtensions/XCUIApplication+DeleteAndLaunch.swift:118:82: error: 'tap()' is unavailable in tvOS
116 | #else
117 | XCTAssert(springboard.alerts["Remove “\(appName)”?"].buttons["Delete App"].waitForExistence(timeout: 10.0))
118 | springboard.alerts["Remove “\(appName)”?"].buttons["Delete App"].tap()
| `- error: 'tap()' is unavailable in tvOS
119 | XCTAssert(springboard.alerts["Delete “\(appName)”?"].buttons["Delete"].waitForExistence(timeout: 10.0))
120 | springboard.alerts["Delete “\(appName)”?"].buttons["Delete"].tap()
/Applications/Xcode-27.0.0-Release.Candidate.app/Contents/Developer/Platforms/AppleTVOS.platform/Developer/Library/Frameworks/XCUIAutomation.framework/Headers/XCUIElement.h:139:1: note: 'tap()' has been explicitly marked unavailable here
137 | * Sends a tap event to a hittable point computed for the element.
138 | */
139 | - (void)tap API_UNAVAILABLE(tvos);
| `- note: 'tap()' has been explicitly marked unavailable here
140 |
141 | /*!
/Users/admin/builder/spi-builder-workspace/.dependencies/checkouts/XCTestExtensions/Sources/XCTestExtensions/XCUIApplication+DeleteAndLaunch.swift:120:78: error: 'tap()' is unavailable in tvOS
118 | springboard.alerts["Remove “\(appName)”?"].buttons["Delete App"].tap()
119 | XCTAssert(springboard.alerts["Delete “\(appName)”?"].buttons["Delete"].waitForExistence(timeout: 10.0))
120 | springboard.alerts["Delete “\(appName)”?"].buttons["Delete"].tap()
| `- error: 'tap()' is unavailable in tvOS
121 | #endif
122 |
/Applications/Xcode-27.0.0-Release.Candidate.app/Contents/Developer/Platforms/AppleTVOS.platform/Developer/Library/Frameworks/XCUIAutomation.framework/Headers/XCUIElement.h:139:1: note: 'tap()' has been explicitly marked unavailable here
137 | * Sends a tap event to a hittable point computed for the element.
138 | */
139 | - (void)tap API_UNAVAILABLE(tvos);
| `- note: 'tap()' has been explicitly marked unavailable here
140 |
141 | /*!
/Users/admin/builder/spi-builder-workspace/.dependencies/checkouts/XCTestExtensions/Sources/XCTestExtensions/XCUIApplication+DeleteAndLaunch.swift:127:62: error: 'tap()' is unavailable in tvOS
125 | let alertTitle = "There is data from “\(appName)” saved in Health"
126 | if springboard.alerts[alertTitle].waitForExistence(timeout: 5.0) {
127 | springboard.alerts[alertTitle].buttons["OK"].tap()
| `- error: 'tap()' is unavailable in tvOS
128 | }
129 |
/Applications/Xcode-27.0.0-Release.Candidate.app/Contents/Developer/Platforms/AppleTVOS.platform/Developer/Library/Frameworks/XCUIAutomation.framework/Headers/XCUIElement.h:139:1: note: 'tap()' has been explicitly marked unavailable here
137 | * Sends a tap event to a hittable point computed for the element.
138 | */
139 | - (void)tap API_UNAVAILABLE(tvos);
| `- note: 'tap()' has been explicitly marked unavailable here
140 |
141 | /*!
Failed frontend command:
/Applications/Xcode-27.0.0-Release.Candidate.app/Contents/Developer/Toolchains/XcodeDefault.xctoolchain/usr/bin/swift-frontend -frontend -c /Users/admin/builder/spi-builder-workspace/.dependencies/checkouts/XCTestExtensions/Sources/XCTestExtensions/XCTAssertThrowsErrorAsync.swift -primary-file /Users/admin/builder/spi-builder-workspace/.dependencies/checkouts/XCTestExtensions/Sources/XCTestExtensions/XCUIApplication+DeleteAndLaunch.swift /Users/admin/builder/spi-builder-workspace/.dependencies/checkouts/XCTestExtensions/Sources/XCTestExtensions/XCUIApplication+Keyboard.swift /Users/admin/builder/spi-builder-workspace/.dependencies/checkouts/XCTestExtensions/Sources/XCTestExtensions/XCUIApplication+VisionOS.swift /Users/admin/builder/spi-builder-workspace/.dependencies/checkouts/XCTestExtensions/Sources/XCTestExtensions/XCUIElement+Other.swift /Users/admin/builder/spi-builder-workspace/.dependencies/checkouts/XCTestExtensions/Sources/XCTestExtensions/XCUIElement+TextEntry.swift /Users/admin/builder/spi-builder-workspace/.dependencies/checkouts/XCTestExtensions/Sources/XCTestExtensions/XCUIElement+Toggle.swift /Users/admin/builder/spi-builder-workspace/.dependencies/checkouts/XCTestExtensions/Sources/XCTestExtensions/XCUIElementQuery+Predicates.swift /Users/admin/builder/spi-builder-workspace/.dependencies/checkouts/XCTestExtensions/Sources/XCTestExtensions/sleep.swift -emit-dependencies-path /Users/admin/builder/spi-builder-workspace/.derivedData/Build/Intermediates.noindex/XCTestExtensions.build/Debug-appletvos/XCTestExtensions-t.build/Objects-normal/arm64/XCUIApplication+DeleteAndLaunch.d -emit-const-values-path /Users/admin/builder/spi-builder-workspace/.derivedData/Build/Intermediates.noindex/XCTestExtensions.build/Debug-appletvos/XCTestExtensions-t.build/Objects-normal/arm64/XCUIApplication+DeleteAndLaunch.swiftconstvalues -emit-reference-dependencies-path /Users/admin/builder/spi-builder-workspace/.derivedData/Build/Intermediates.noindex/XCTestExtensions.build/Debug-appletvos/XCTestExtensions-t.build/Objects-normal/arm64/XCUIApplication+DeleteAndLaunch.swiftdeps -serialize-diagnostics-path /Users/admin/builder/spi-builder-workspace/.derivedData/Build/Intermediates.noindex/XCTestExtensions.build/Debug-appletvos/XCTestExtensions-t.build/Objects-normal/arm64/XCUIApplication+DeleteAndLaunch.dia -target arm64-apple-tvos16.0 -disable-cross-import-overlay-search -load-resolved-plugin /Applications/Xcode-27.0.0-Release.Candidate.app/Contents/Developer/Platforms/AppleTVOS.platform/Developer/usr/lib/swift/host/plugins/libFoundationMacros.dylib\#/Applications/Xcode-27.0.0-Release.Candidate.app/Contents/Developer/Platforms/AppleTVOS.platform/Developer/usr/bin/swift-plugin-server\#FoundationMacros -load-resolved-plugin /Applications/Xcode-27.0.0-Release.Candidate.app/Contents/Developer/Platforms/AppleTVOS.platform/Developer/usr/lib/swift/host/plugins/libObservationMacros.dylib\#/Applications/Xcode-27.0.0-Release.Candidate.app/Contents/Developer/Platforms/AppleTVOS.platform/Developer/usr/bin/swift-plugin-server\#ObservationMacros -load-resolved-plugin /Applications/Xcode-27.0.0-Release.Candidate.app/Contents/Developer/Platforms/AppleTVOS.platform/Developer/usr/lib/swift/host/plugins/libPreviewsMacros.dylib\#/Applications/Xcode-27.0.0-Release.Candidate.app/Contents/Developer/Platforms/AppleTVOS.platform/Developer/usr/bin/swift-plugin-server\#PreviewsMacros -load-resolved-plugin /Applications/Xcode-27.0.0-Release.Candidate.app/Contents/Developer/Platforms/AppleTVOS.platform/Developer/usr/lib/swift/host/plugins/libSwiftMacros.dylib\#/Applications/Xcode-27.0.0-Release.Candidate.app/Contents/Developer/Platforms/AppleTVOS.platform/Developer/usr/bin/swift-plugin-server\#SwiftMacros -load-resolved-plugin /Applications/Xcode-27.0.0-Release.Candidate.app/Contents/Developer/Platforms/AppleTVOS.platform/Developer/usr/lib/swift/host/plugins/libSwiftUIMacros.dylib\#/Applications/Xcode-27.0.0-Release.Candidate.app/Contents/Developer/Platforms/AppleTVOS.platform/Developer/usr/bin/swift-plugin-server\#SwiftUIMacros -disable-implicit-swift-modules -Xcc -fno-implicit-modules -Xcc -fno-implicit-module-maps -explicit-swift-module-map-file /Users/admin/builder/spi-builder-workspace/.derivedData/Build/Intermediates.noindex/XCTestExtensions.build/Debug-appletvos/XCTestExtensions-t.build/Objects-normal/arm64/XCTestExtensions-dependencies-1.json -Xllvm -aarch64-use-tbi -enable-objc-interop -stack-check -sdk /Applications/Xcode-27.0.0-Release.Candidate.app/Contents/Developer/Platforms/AppleTVOS.platform/Developer/SDKs/AppleTVOS27.0.sdk -I /Users/admin/builder/spi-builder-workspace/.derivedData/Build/Products/Debug-appletvos -Isystem /Applications/Xcode-27.0.0-Release.Candidate.app/Contents/Developer/Platforms/AppleTVOS.platform/Developer/usr/lib -F /Users/admin/builder/spi-builder-workspace/.derivedData/Build/Products/Debug-appletvos -F /Applications/Xcode-27.0.0-Release.Candidate.app/Contents/Developer/Platforms/AppleTVOS.platform/Developer/Library/Frameworks -F /Applications/Xcode-27.0.0-Release.Candidate.app/Contents/Developer/Platforms/AppleTVOS.platform/Developer/SDKs/AppleTVOS27.0.sdk/Developer/Library/Frameworks -module-cache-path /Users/admin/builder/spi-builder-workspace/.derivedData/Build/Intermediates.noindex/SwiftExplicitPrecompiledModules -no-color-diagnostics -Xcc -fno-color-diagnostics -enable-testing -g -debug-info-format\=dwarf -dwarf-version\=4 -suppress-warnings -profile-generate -profile-coverage-mapping -swift-version 6 -Onone -D SWIFT_PACKAGE -D DEBUG -D SWIFT_MODULE_RESOURCE_BUNDLE_UNAVAILABLE -D Xcode -serialize-debugging-options -enable-experimental-feature DebugDescriptionMacro -empty-abi-descriptor -user-module-version 1.2.6 -validate-clang-modules-once -clang-build-session-file /Users/admin/builder/spi-builder-workspace/.derivedData/ModuleCache.noindex/Session.modulevalidation -Xcc -working-directory -Xcc /Users/admin/builder/spi-builder-workspace/.swiftpm/xcode -enable-anonymous-context-mangled-names -file-compilation-dir /Users/admin/builder/spi-builder-workspace/.swiftpm/xcode -Xcc -D_LIBCPP_HARDENING_MODE\=_LIBCPP_HARDENING_MODE_DEBUG -Xcc -ivfsstatcache -Xcc /Users/admin/builder/spi-builder-workspace/.derivedData/SDKStatCaches.noindex/appletvos27.0-24J360-e829b21a6f8c9b70876ba0858053c044b32bfd8d43560033f8d89884cdb90028.sdkstatcache -Xcc -fmodules-prune-interval\=86400 -Xcc -fmodules-prune-after\=345600 -Xcc -I/Users/admin/builder/spi-builder-workspace/.derivedData/Build/Products/Debug-appletvos/include -Xcc -I/Users/admin/builder/spi-builder-workspace/.derivedData/Build/Intermediates.noindex/XCTestExtensions.build/Debug-appletvos/XCTestExtensions-t.build/DerivedSources-normal/arm64 -Xcc -I/Users/admin/builder/spi-builder-workspace/.derivedData/Build/Intermediates.noindex/XCTestExtensions.build/Debug-appletvos/XCTestExtensions-t.build/DerivedSources/arm64 -Xcc -I/Users/admin/builder/spi-builder-workspace/.derivedData/Build/Intermediates.noindex/XCTestExtensions.build/Debug-appletvos/XCTestExtensions-t.build/DerivedSources -Xcc -DSWIFT_PACKAGE -Xcc -DDEBUG\=1 -no-auto-bridging-header-chaining -module-name XCTestExtensions -package-name xctestextensions -const-gather-protocols-file /Users/admin/builder/spi-builder-workspace/.derivedData/Build/Intermediates.noindex/XCTestExtensions.build/Debug-appletvos/XCTestExtensions-t.build/Objects-normal/arm64/XCTestExtensions_const_extract_protocols.json -disable-clang-spi -clang-target arm64-apple-tvos27.0 -target-sdk-version 27.0 -target-sdk-name appletvos27.0 -in-process-plugin-server-path /Applications/Xcode-27.0.0-Release.Candidate.app/Contents/Developer/Toolchains/XcodeDefault.xctoolchain/usr/lib/swift/host/libSwiftInProcPluginServer.dylib -parse-as-library -o /Users/admin/builder/spi-builder-workspace/.derivedData/Build/Intermediates.noindex/XCTestExtensions.build/Debug-appletvos/XCTestExtensions-t.build/Objects-normal/arm64/XCUIApplication+DeleteAndLaunch.o -debug-module-path /Users/admin/builder/spi-builder-workspace/.derivedData/Build/Intermediates.noindex/XCTestExtensions.build/Debug-appletvos/XCTestExtensions-t.build/Objects-normal/arm64/XCTestExtensions.swiftmodule -index-unit-output-path /XCTestExtensions.build/Debug-appletvos/XCTestExtensions-t.build/Objects-normal/arm64/XCUIApplication+DeleteAndLaunch.o -index-store-path /Users/admin/builder/spi-builder-workspace/.derivedData/Index.noindex/DataStore -index-system-modules
SwiftCompile normal arm64 /Users/admin/builder/spi-builder-workspace/.dependencies/checkouts/XCTestExtensions/Sources/XCTestExtensions/XCUIApplication+DeleteAndLaunch.swift (in target 'XCTestExtensions' from project 'XCTestExtensions')
cd /Users/admin/builder/spi-builder-workspace/.swiftpm/xcode
builtin-SwiftPerFileCompile XCUIApplication+DeleteAndLaunch.swift
SwiftDriverJobDiscovery normal arm64 Compiling Diagnostic.swift (in target 'ThreadLocalMacros' from project 'ThreadLocal')
SwiftCompile normal arm64 Compiling\ XCUIElement+Other.swift /Users/admin/builder/spi-builder-workspace/.dependencies/checkouts/XCTestExtensions/Sources/XCTestExtensions/XCUIElement+Other.swift (in target 'XCTestExtensions' from project 'XCTestExtensions')
SwiftCompile normal arm64 /Users/admin/builder/spi-builder-workspace/.dependencies/checkouts/XCTestExtensions/Sources/XCTestExtensions/XCUIElement+Other.swift (in target 'XCTestExtensions' from project 'XCTestExtensions')
cd /Users/admin/builder/spi-builder-workspace/.swiftpm/xcode
builtin-SwiftPerFileCompile XCUIElement+Other.swift
SwiftCompile normal arm64 Compiling\ XCTAssertThrowsErrorAsync.swift /Users/admin/builder/spi-builder-workspace/.dependencies/checkouts/XCTestExtensions/Sources/XCTestExtensions/XCTAssertThrowsErrorAsync.swift (in target 'XCTestExtensions' from project 'XCTestExtensions')
SwiftCompile normal arm64 /Users/admin/builder/spi-builder-workspace/.dependencies/checkouts/XCTestExtensions/Sources/XCTestExtensions/XCTAssertThrowsErrorAsync.swift (in target 'XCTestExtensions' from project 'XCTestExtensions')
cd /Users/admin/builder/spi-builder-workspace/.swiftpm/xcode
builtin-SwiftPerFileCompile XCTAssertThrowsErrorAsync.swift
SwiftCompile normal arm64 Compiling\ XCUIApplication+Keyboard.swift /Users/admin/builder/spi-builder-workspace/.dependencies/checkouts/XCTestExtensions/Sources/XCTestExtensions/XCUIApplication+Keyboard.swift (in target 'XCTestExtensions' from project 'XCTestExtensions')
SwiftCompile normal arm64 /Users/admin/builder/spi-builder-workspace/.dependencies/checkouts/XCTestExtensions/Sources/XCTestExtensions/XCUIApplication+Keyboard.swift (in target 'XCTestExtensions' from project 'XCTestExtensions')
cd /Users/admin/builder/spi-builder-workspace/.swiftpm/xcode
builtin-SwiftPerFileCompile XCUIApplication+Keyboard.swift
PruneExplicitPrecompiledModules /Users/admin/builder/spi-builder-workspace/.derivedData/Build/Intermediates.noindex/SwiftExplicitPrecompiledModules
PruneExplicitPrecompiledModules /Users/admin/builder/spi-builder-workspace/.derivedData/Build/Intermediates.noindex/ExplicitPrecompiledModules
PruneExplicitPrecompiledModules /Users/admin/builder/spi-builder-workspace/.derivedData/SDKExplicitPrecompiledModules
2026-09-23 22:18:36.759 xcodebuild[2097:10299] [MT] IDERunDestination: Supported platforms for the buildables in the current scheme is empty.
** BUILD FAILED **
The following build commands failed:
SwiftCompile normal arm64 Compiling\ XCUIApplication+DeleteAndLaunch.swift /Users/admin/builder/spi-builder-workspace/.dependencies/checkouts/XCTestExtensions/Sources/XCTestExtensions/XCUIApplication+DeleteAndLaunch.swift (in target 'XCTestExtensions' from project 'XCTestExtensions')
SwiftCompile normal arm64 /Users/admin/builder/spi-builder-workspace/.dependencies/checkouts/XCTestExtensions/Sources/XCTestExtensions/XCUIApplication+DeleteAndLaunch.swift (in target 'XCTestExtensions' from project 'XCTestExtensions')
Building workspace SpeziAccount with scheme SpeziAccount-Package
(3 failures)
BUILD FAILURE 6.4 tvOS