Build Information
Failed to build Sumi, reference main (f3ad89), with Swift 6.3 for macOS (SPM) on 15 Aug 2026 05:08:48 UTC.
Build Command
env DEVELOPER_DIR=/Applications/Xcode-26.4.0.app xcrun swift build --arch arm64Build Log
========================================
RunAll
========================================
Builder version: undefined version: run 'make version' to update
Interrupt handler set up.
========================================
Checkout
========================================
Clone URL: https://github.com/nobottomline/Sumi.git
Reference: main
Initialized empty Git repository in /Users/admin/builder/spi-builder-workspace/.git/
From https://github.com/nobottomline/Sumi
* branch main -> FETCH_HEAD
* [new branch] main -> origin/main
HEAD is now at f3ad899 chore(release): prepare 0.2.0
Cloned https://github.com/nobottomline/Sumi.git
Revision (git rev-parse @):
f3ad899fd5b194ef26de015bc8d7809020c846b4
SUCCESS checkout https://github.com/nobottomline/Sumi.git at main
========================================
ResolveProductDependencies
========================================
Resolving dependencies ...
{
"identity": ".resolve-product-dependencies",
"name": "resolve-dependencies",
"url": "/Users/admin/builder/spi-builder-workspace/.resolve-product-dependencies",
"version": "unspecified",
"path": "/Users/admin/builder/spi-builder-workspace/.resolve-product-dependencies",
"traits": [
"default"
],
"dependencies": [
{
"identity": "sumi",
"name": "Sumi",
"url": "https://github.com/nobottomline/Sumi.git",
"version": "unspecified",
"path": "/Users/admin/builder/spi-builder-workspace/.resolve-product-dependencies/.build/checkouts/Sumi",
"traits": [
"default"
],
"dependencies": [
]
}
]
}
Fetching https://github.com/nobottomline/Sumi.git
[1/168] Fetching sumi
Fetched https://github.com/nobottomline/Sumi.git from cache (1.56s)
Creating working copy for https://github.com/nobottomline/Sumi.git
Working copy of https://github.com/nobottomline/Sumi.git resolved at main (f3ad899)
warning: '.resolve-product-dependencies': dependency 'sumi' is not used by any target
Found 0 product dependencies
========================================
Build
========================================
Selected platform: macosSpm
Swift version: 6.3
Building package at path: $PWD
https://github.com/nobottomline/Sumi.git
Running build ...
env DEVELOPER_DIR=/Applications/Xcode-26.4.0.app xcrun swift build --arch arm64
Building for debugging...
[0/12] Write sources
[11/12] Write swift-version--6988338F2F200930.txt
error: emit-module command failed with exit code 1 (use -v to see invocation)
[13/17] Emitting module Sumi
/Users/admin/builder/spi-builder-workspace/Sources/Sumi/LinkAwareLabel.swift:1:8: error: no such module 'UIKit'
1 | import UIKit
| `- error: no such module 'UIKit'
2 |
3 | // LinkAwareLabel — UILabel subclass that detects taps on
[14/17] Compiling Sumi Sumi.swift
/Users/admin/builder/spi-builder-workspace/Sources/Sumi/LinkAwareLabel.swift:1:8: error: no such module 'UIKit'
1 | import UIKit
| `- error: no such module 'UIKit'
2 |
3 | // LinkAwareLabel — UILabel subclass that detects taps on
[15/17] Compiling Sumi PointerInteraction.swift
/Users/admin/builder/spi-builder-workspace/Sources/Sumi/LinkAwareLabel.swift:1:8: error: no such module 'UIKit'
1 | import UIKit
| `- error: no such module 'UIKit'
2 |
3 | // LinkAwareLabel — UILabel subclass that detects taps on
[16/17] Compiling Sumi LinkAwareLabel.swift
/Users/admin/builder/spi-builder-workspace/Sources/Sumi/LinkAwareLabel.swift:1:8: error: no such module 'UIKit'
1 | import UIKit
| `- error: no such module 'UIKit'
2 |
3 | // LinkAwareLabel — UILabel subclass that detects taps on
[17/17] Compiling Sumi RichText.swift
/Users/admin/builder/spi-builder-workspace/Sources/Sumi/LinkAwareLabel.swift:1:8: error: no such module 'UIKit'
1 | import UIKit
| `- error: no such module 'UIKit'
2 |
3 | // LinkAwareLabel — UILabel subclass that detects taps on
BUILD FAILURE 6.3 macosSpm