The Swift Package Index logo.Swift Package Index

Build Information

Failed to build swift-view-model, reference main (9c7976), with Swift 6.3 for visionOS using Xcode 26.4 on 17 Oct 2026 16:51:20 UTC.

Build Command

No build command. This typically means the build failed at an early stage where we determine the build command.

Build Log

========================================
RunAll
========================================
Builder version: 5.1.3
Interrupt handler set up.
========================================
Checkout
========================================
Clone URL: https://github.com/ricocrescenzio95/SwiftViewModel.git
Reference: main
Initialized empty Git repository in /Users/admin/builder/spi-builder-workspace/.git/
From https://github.com/ricocrescenzio95/SwiftViewModel
 * branch            main       -> FETCH_HEAD
 * [new branch]      main       -> origin/main
HEAD is now at 9c7976e Task cancellation is now explicit when destroying a view
Cloned https://github.com/ricocrescenzio95/SwiftViewModel.git
Revision (git rev-parse @):
9c7976e654df88b77149c47b88aeb7142e8f31d6
SUCCESS checkout https://github.com/ricocrescenzio95/SwiftViewModel.git at main
========================================
Build
========================================
Selected platform:         visionOS
Swift version:             6.3
Building package at path:  $PWD
https://github.com/ricocrescenzio95/SwiftViewModel.git
Command line invocation:
    /Applications/Xcode-26.5.0.app/Contents/Developer/usr/bin/xcodebuild -IDEClonedSourcePackagesDirPathOverride=/Users/admin/builder/spi-builder-workspace/.dependencies -resolvePackageDependencies
Resolve Package Graph
package 'spi-builder-workspace' is using Swift tools version 6.4.0 but the installed version is 6.3.2
Resolved source packages:
  spi-builder-workspace: (null)
2026-10-17 12:51:18.551 xcodebuild[542:3140] Writing error result bundle to /var/folders/xq/y_g06wb113726d38xsyx71_h0000gn/T/ResultBundle_2026-17-10_12-51-0018.xcresult
xcodebuild: error: Could not resolve package dependencies:
  package 'spi-builder-workspace' is using Swift tools version 6.4.0 but the installed version is 6.3.2
Command line invocation:
    /Applications/Xcode-26.5.0.app/Contents/Developer/usr/bin/xcodebuild -IDEClonedSourcePackagesDirPathOverride=/Users/admin/builder/spi-builder-workspace/.dependencies -resolvePackageDependencies
Resolve Package Graph
package 'spi-builder-workspace' is using Swift tools version 6.4.0 but the installed version is 6.3.2
Resolved source packages:
  spi-builder-workspace: (null)
2026-10-17 12:51:20.067 xcodebuild[610:3664] Writing error result bundle to /var/folders/xq/y_g06wb113726d38xsyx71_h0000gn/T/ResultBundle_2026-17-10_12-51-0020.xcresult
xcodebuild: error: Could not resolve package dependencies:
  package 'spi-builder-workspace' is using Swift tools version 6.4.0 but the installed version is 6.3.2
BUILD FAILURE 6.3 visionOS