Build Information
Failed to build SwiftSMB, reference v4.2.0 (85e2ce), with Swift 6.4 for watchOS using Xcode 27.0 on 13 Oct 2026 05:54:24 UTC.
Build Command
env DEVELOPER_DIR=/Applications/Xcode-27.0.0-Release.Candidate.app xcrun xcodebuild -IDEClonedSourcePackagesDirPathOverride=$PWD/.dependencies -skipMacroValidation -skipPackagePluginValidation -derivedDataPath $PWD/.derivedData build -scheme SwiftSMB-Package -destination generic/platform=watchOSBuild Log
CompileC /Users/admin/builder/spi-builder-workspace/.derivedData/Build/Intermediates.noindex/SwiftSMB.build/Debug-watchos/libsmb2-t.build/Objects-normal/arm64/ntlmssp.o /Users/admin/builder/spi-builder-workspace/Sources/libsmb2/upstream/lib/ntlmssp.c normal arm64 c com.apple.compilers.llvm.clang.1_0.compiler (in target 'libsmb2' from project 'SwiftSMB')
cd /Users/admin/builder/spi-builder-workspace/.swiftpm/xcode
Using response file: /Users/admin/builder/spi-builder-workspace/.derivedData/Build/Intermediates.noindex/SwiftSMB.build/Debug-watchos/libsmb2-t.build/Objects-normal/arm64/7187679823f38a2a940e0043cdf9d637-common-args.resp
/Applications/Xcode-27.0.0.app/Contents/Developer/Toolchains/XcodeDefault.xctoolchain/usr/bin/clang -x c -ivfsstatcache /Users/admin/builder/spi-builder-workspace/.derivedData/SDKStatCaches.noindex/watchos27.0-24R360-e829b21a6f8c9b70876ba0858053c044b9db9bc9c079ee3c7b5f3373b13d10bc.sdkstatcache -target arm64-apple-watchos9.0 -fmessage-length\=0 -fdiagnostics-show-note-include-stack -fmacro-backtrace-limit\=0 -fno-color-diagnostics -fmodules-prune-interval\=86400 -fmodules-prune-after\=345600 -fbuild-session-file\=/Users/admin/builder/spi-builder-workspace/.derivedData/ModuleCache.noindex/Session.modulevalidation -fmodules-validate-once-per-build-session -Wnon-modular-include-in-framework-module -Werror\=non-modular-include-in-framework-module -Wno-trigraphs -Wno-missing-field-initializers -Wno-missing-prototypes -Wno-return-type -Wno-missing-braces -Wparentheses -Wswitch -Wno-unused-function -Wno-unused-label -Wno-unused-parameter -Wno-unused-variable -Wunused-value -Wno-empty-body -Wno-uninitialized -Wno-unknown-pragmas -Wno-shadow -Wno-four-char-constants -Wno-conversion -Wno-constant-conversion -Wno-int-conversion -Wno-bool-conversion -Wno-enum-conversion -Wno-float-conversion -Wno-non-literal-null-conversion -Wno-objc-literal-conversion -Wshorten-64-to-32 -Wpointer-sign -Wno-newline-eof -Wno-implicit-fallthrough -isysroot /Applications/Xcode-27.0.0.app/Contents/Developer/Platforms/WatchOS.platform/Developer/SDKs/WatchOS27.0.sdk -fstrict-aliasing -Wdeprecated-declarations -Wno-sign-conversion -Wno-infinite-recursion -Wno-comma -Wno-block-capture-autoreleasing -Wno-strict-prototypes -Wno-semicolon-before-method-body -index-store-path /Users/admin/builder/spi-builder-workspace/.derivedData/Index.noindex/DataStore -Wno-conversion @/Users/admin/builder/spi-builder-workspace/.derivedData/Build/Intermediates.noindex/SwiftSMB.build/Debug-watchos/libsmb2-t.build/Objects-normal/arm64/7187679823f38a2a940e0043cdf9d637-common-args.resp -MMD -MT dependencies -MF /Users/admin/builder/spi-builder-workspace/.derivedData/Build/Intermediates.noindex/SwiftSMB.build/Debug-watchos/libsmb2-t.build/Objects-normal/arm64/ntlmssp.d --serialize-diagnostics /Users/admin/builder/spi-builder-workspace/.derivedData/Build/Intermediates.noindex/SwiftSMB.build/Debug-watchos/libsmb2-t.build/Objects-normal/arm64/ntlmssp.dia -c /Users/admin/builder/spi-builder-workspace/Sources/libsmb2/upstream/lib/ntlmssp.c -o /Users/admin/builder/spi-builder-workspace/.derivedData/Build/Intermediates.noindex/SwiftSMB.build/Debug-watchos/libsmb2-t.build/Objects-normal/arm64/ntlmssp.o -index-unit-output-path /SwiftSMB.build/Debug-watchos/libsmb2-t.build/Objects-normal/arm64/ntlmssp.o
CompileC /Users/admin/builder/spi-builder-workspace/.derivedData/Build/Intermediates.noindex/SwiftSMB.build/Debug-watchos/libsmb2-t.build/Objects-normal/arm64/md5.o /Users/admin/builder/spi-builder-workspace/Sources/libsmb2/upstream/lib/md5.c normal arm64 c com.apple.compilers.llvm.clang.1_0.compiler (in target 'libsmb2' from project 'SwiftSMB')
cd /Users/admin/builder/spi-builder-workspace/.swiftpm/xcode
Using response file: /Users/admin/builder/spi-builder-workspace/.derivedData/Build/Intermediates.noindex/SwiftSMB.build/Debug-watchos/libsmb2-t.build/Objects-normal/arm64/7187679823f38a2a940e0043cdf9d637-common-args.resp
/Applications/Xcode-27.0.0.app/Contents/Developer/Toolchains/XcodeDefault.xctoolchain/usr/bin/clang -x c -ivfsstatcache /Users/admin/builder/spi-builder-workspace/.derivedData/SDKStatCaches.noindex/watchos27.0-24R360-e829b21a6f8c9b70876ba0858053c044b9db9bc9c079ee3c7b5f3373b13d10bc.sdkstatcache -target arm64-apple-watchos9.0 -fmessage-length\=0 -fdiagnostics-show-note-include-stack -fmacro-backtrace-limit\=0 -fno-color-diagnostics -fmodules-prune-interval\=86400 -fmodules-prune-after\=345600 -fbuild-session-file\=/Users/admin/builder/spi-builder-workspace/.derivedData/ModuleCache.noindex/Session.modulevalidation -fmodules-validate-once-per-build-session -Wnon-modular-include-in-framework-module -Werror\=non-modular-include-in-framework-module -Wno-trigraphs -Wno-missing-field-initializers -Wno-missing-prototypes -Wno-return-type -Wno-missing-braces -Wparentheses -Wswitch -Wno-unused-function -Wno-unused-label -Wno-unused-parameter -Wno-unused-variable -Wunused-value -Wno-empty-body -Wno-uninitialized -Wno-unknown-pragmas -Wno-shadow -Wno-four-char-constants -Wno-conversion -Wno-constant-conversion -Wno-int-conversion -Wno-bool-conversion -Wno-enum-conversion -Wno-float-conversion -Wno-non-literal-null-conversion -Wno-objc-literal-conversion -Wshorten-64-to-32 -Wpointer-sign -Wno-newline-eof -Wno-implicit-fallthrough -isysroot /Applications/Xcode-27.0.0.app/Contents/Developer/Platforms/WatchOS.platform/Developer/SDKs/WatchOS27.0.sdk -fstrict-aliasing -Wdeprecated-declarations -Wno-sign-conversion -Wno-infinite-recursion -Wno-comma -Wno-block-capture-autoreleasing -Wno-strict-prototypes -Wno-semicolon-before-method-body -index-store-path /Users/admin/builder/spi-builder-workspace/.derivedData/Index.noindex/DataStore -Wno-conversion @/Users/admin/builder/spi-builder-workspace/.derivedData/Build/Intermediates.noindex/SwiftSMB.build/Debug-watchos/libsmb2-t.build/Objects-normal/arm64/7187679823f38a2a940e0043cdf9d637-common-args.resp -MMD -MT dependencies -MF /Users/admin/builder/spi-builder-workspace/.derivedData/Build/Intermediates.noindex/SwiftSMB.build/Debug-watchos/libsmb2-t.build/Objects-normal/arm64/md5.d --serialize-diagnostics /Users/admin/builder/spi-builder-workspace/.derivedData/Build/Intermediates.noindex/SwiftSMB.build/Debug-watchos/libsmb2-t.build/Objects-normal/arm64/md5.dia -c /Users/admin/builder/spi-builder-workspace/Sources/libsmb2/upstream/lib/md5.c -o /Users/admin/builder/spi-builder-workspace/.derivedData/Build/Intermediates.noindex/SwiftSMB.build/Debug-watchos/libsmb2-t.build/Objects-normal/arm64/md5.o -index-unit-output-path /SwiftSMB.build/Debug-watchos/libsmb2-t.build/Objects-normal/arm64/md5.o
SwiftExplicitDependencyGeneratePcm arm64_32 /Users/admin/builder/spi-builder-workspace/.derivedData/SDKExplicitPrecompiledModules/os_workgroup-LKX7LZYC1IUZO27QQLWUANJE.pcm
CompileC /Users/admin/builder/spi-builder-workspace/.derivedData/Build/Intermediates.noindex/SwiftSMB.build/Debug-watchos/libsmb2-t.build/Objects-normal/arm64/libsmb2.o /Users/admin/builder/spi-builder-workspace/Sources/libsmb2/upstream/lib/libsmb2.c normal arm64 c com.apple.compilers.llvm.clang.1_0.compiler (in target 'libsmb2' from project 'SwiftSMB')
cd /Users/admin/builder/spi-builder-workspace/.swiftpm/xcode
Using response file: /Users/admin/builder/spi-builder-workspace/.derivedData/Build/Intermediates.noindex/SwiftSMB.build/Debug-watchos/libsmb2-t.build/Objects-normal/arm64/7187679823f38a2a940e0043cdf9d637-common-args.resp
/Applications/Xcode-27.0.0.app/Contents/Developer/Toolchains/XcodeDefault.xctoolchain/usr/bin/clang -x c -ivfsstatcache /Users/admin/builder/spi-builder-workspace/.derivedData/SDKStatCaches.noindex/watchos27.0-24R360-e829b21a6f8c9b70876ba0858053c044b9db9bc9c079ee3c7b5f3373b13d10bc.sdkstatcache -target arm64-apple-watchos9.0 -fmessage-length\=0 -fdiagnostics-show-note-include-stack -fmacro-backtrace-limit\=0 -fno-color-diagnostics -fmodules-prune-interval\=86400 -fmodules-prune-after\=345600 -fbuild-session-file\=/Users/admin/builder/spi-builder-workspace/.derivedData/ModuleCache.noindex/Session.modulevalidation -fmodules-validate-once-per-build-session -Wnon-modular-include-in-framework-module -Werror\=non-modular-include-in-framework-module -Wno-trigraphs -Wno-missing-field-initializers -Wno-missing-prototypes -Wno-return-type -Wno-missing-braces -Wparentheses -Wswitch -Wno-unused-function -Wno-unused-label -Wno-unused-parameter -Wno-unused-variable -Wunused-value -Wno-empty-body -Wno-uninitialized -Wno-unknown-pragmas -Wno-shadow -Wno-four-char-constants -Wno-conversion -Wno-constant-conversion -Wno-int-conversion -Wno-bool-conversion -Wno-enum-conversion -Wno-float-conversion -Wno-non-literal-null-conversion -Wno-objc-literal-conversion -Wshorten-64-to-32 -Wpointer-sign -Wno-newline-eof -Wno-implicit-fallthrough -isysroot /Applications/Xcode-27.0.0.app/Contents/Developer/Platforms/WatchOS.platform/Developer/SDKs/WatchOS27.0.sdk -fstrict-aliasing -Wdeprecated-declarations -Wno-sign-conversion -Wno-infinite-recursion -Wno-comma -Wno-block-capture-autoreleasing -Wno-strict-prototypes -Wno-semicolon-before-method-body -index-store-path /Users/admin/builder/spi-builder-workspace/.derivedData/Index.noindex/DataStore -Wno-conversion @/Users/admin/builder/spi-builder-workspace/.derivedData/Build/Intermediates.noindex/SwiftSMB.build/Debug-watchos/libsmb2-t.build/Objects-normal/arm64/7187679823f38a2a940e0043cdf9d637-common-args.resp -MMD -MT dependencies -MF /Users/admin/builder/spi-builder-workspace/.derivedData/Build/Intermediates.noindex/SwiftSMB.build/Debug-watchos/libsmb2-t.build/Objects-normal/arm64/libsmb2.d --serialize-diagnostics /Users/admin/builder/spi-builder-workspace/.derivedData/Build/Intermediates.noindex/SwiftSMB.build/Debug-watchos/libsmb2-t.build/Objects-normal/arm64/libsmb2.dia -c /Users/admin/builder/spi-builder-workspace/Sources/libsmb2/upstream/lib/libsmb2.c -o /Users/admin/builder/spi-builder-workspace/.derivedData/Build/Intermediates.noindex/SwiftSMB.build/Debug-watchos/libsmb2-t.build/Objects-normal/arm64/libsmb2.o -index-unit-output-path /SwiftSMB.build/Debug-watchos/libsmb2-t.build/Objects-normal/arm64/libsmb2.o
CompileC /Users/admin/builder/spi-builder-workspace/.derivedData/Build/Intermediates.noindex/SwiftSMB.build/Debug-watchos/libsmb2-t.build/Objects-normal/arm64/init.o /Users/admin/builder/spi-builder-workspace/Sources/libsmb2/upstream/lib/init.c normal arm64 c com.apple.compilers.llvm.clang.1_0.compiler (in target 'libsmb2' from project 'SwiftSMB')
cd /Users/admin/builder/spi-builder-workspace/.swiftpm/xcode
Using response file: /Users/admin/builder/spi-builder-workspace/.derivedData/Build/Intermediates.noindex/SwiftSMB.build/Debug-watchos/libsmb2-t.build/Objects-normal/arm64/7187679823f38a2a940e0043cdf9d637-common-args.resp
/Applications/Xcode-27.0.0.app/Contents/Developer/Toolchains/XcodeDefault.xctoolchain/usr/bin/clang -x c -ivfsstatcache /Users/admin/builder/spi-builder-workspace/.derivedData/SDKStatCaches.noindex/watchos27.0-24R360-e829b21a6f8c9b70876ba0858053c044b9db9bc9c079ee3c7b5f3373b13d10bc.sdkstatcache -target arm64-apple-watchos9.0 -fmessage-length\=0 -fdiagnostics-show-note-include-stack -fmacro-backtrace-limit\=0 -fno-color-diagnostics -fmodules-prune-interval\=86400 -fmodules-prune-after\=345600 -fbuild-session-file\=/Users/admin/builder/spi-builder-workspace/.derivedData/ModuleCache.noindex/Session.modulevalidation -fmodules-validate-once-per-build-session -Wnon-modular-include-in-framework-module -Werror\=non-modular-include-in-framework-module -Wno-trigraphs -Wno-missing-field-initializers -Wno-missing-prototypes -Wno-return-type -Wno-missing-braces -Wparentheses -Wswitch -Wno-unused-function -Wno-unused-label -Wno-unused-parameter -Wno-unused-variable -Wunused-value -Wno-empty-body -Wno-uninitialized -Wno-unknown-pragmas -Wno-shadow -Wno-four-char-constants -Wno-conversion -Wno-constant-conversion -Wno-int-conversion -Wno-bool-conversion -Wno-enum-conversion -Wno-float-conversion -Wno-non-literal-null-conversion -Wno-objc-literal-conversion -Wshorten-64-to-32 -Wpointer-sign -Wno-newline-eof -Wno-implicit-fallthrough -isysroot /Applications/Xcode-27.0.0.app/Contents/Developer/Platforms/WatchOS.platform/Developer/SDKs/WatchOS27.0.sdk -fstrict-aliasing -Wdeprecated-declarations -Wno-sign-conversion -Wno-infinite-recursion -Wno-comma -Wno-block-capture-autoreleasing -Wno-strict-prototypes -Wno-semicolon-before-method-body -index-store-path /Users/admin/builder/spi-builder-workspace/.derivedData/Index.noindex/DataStore -Wno-conversion @/Users/admin/builder/spi-builder-workspace/.derivedData/Build/Intermediates.noindex/SwiftSMB.build/Debug-watchos/libsmb2-t.build/Objects-normal/arm64/7187679823f38a2a940e0043cdf9d637-common-args.resp -MMD -MT dependencies -MF /Users/admin/builder/spi-builder-workspace/.derivedData/Build/Intermediates.noindex/SwiftSMB.build/Debug-watchos/libsmb2-t.build/Objects-normal/arm64/init.d --serialize-diagnostics /Users/admin/builder/spi-builder-workspace/.derivedData/Build/Intermediates.noindex/SwiftSMB.build/Debug-watchos/libsmb2-t.build/Objects-normal/arm64/init.dia -c /Users/admin/builder/spi-builder-workspace/Sources/libsmb2/upstream/lib/init.c -o /Users/admin/builder/spi-builder-workspace/.derivedData/Build/Intermediates.noindex/SwiftSMB.build/Debug-watchos/libsmb2-t.build/Objects-normal/arm64/init.o -index-unit-output-path /SwiftSMB.build/Debug-watchos/libsmb2-t.build/Objects-normal/arm64/init.o
CompileC /Users/admin/builder/spi-builder-workspace/.derivedData/Build/Intermediates.noindex/SwiftSMB.build/Debug-watchos/libsmb2-t.build/Objects-normal/arm64/hmac-md5.o /Users/admin/builder/spi-builder-workspace/Sources/libsmb2/upstream/lib/hmac-md5.c normal arm64 c com.apple.compilers.llvm.clang.1_0.compiler (in target 'libsmb2' from project 'SwiftSMB')
cd /Users/admin/builder/spi-builder-workspace/.swiftpm/xcode
Using response file: /Users/admin/builder/spi-builder-workspace/.derivedData/Build/Intermediates.noindex/SwiftSMB.build/Debug-watchos/libsmb2-t.build/Objects-normal/arm64/7187679823f38a2a940e0043cdf9d637-common-args.resp
/Applications/Xcode-27.0.0.app/Contents/Developer/Toolchains/XcodeDefault.xctoolchain/usr/bin/clang -x c -ivfsstatcache /Users/admin/builder/spi-builder-workspace/.derivedData/SDKStatCaches.noindex/watchos27.0-24R360-e829b21a6f8c9b70876ba0858053c044b9db9bc9c079ee3c7b5f3373b13d10bc.sdkstatcache -target arm64-apple-watchos9.0 -fmessage-length\=0 -fdiagnostics-show-note-include-stack -fmacro-backtrace-limit\=0 -fno-color-diagnostics -fmodules-prune-interval\=86400 -fmodules-prune-after\=345600 -fbuild-session-file\=/Users/admin/builder/spi-builder-workspace/.derivedData/ModuleCache.noindex/Session.modulevalidation -fmodules-validate-once-per-build-session -Wnon-modular-include-in-framework-module -Werror\=non-modular-include-in-framework-module -Wno-trigraphs -Wno-missing-field-initializers -Wno-missing-prototypes -Wno-return-type -Wno-missing-braces -Wparentheses -Wswitch -Wno-unused-function -Wno-unused-label -Wno-unused-parameter -Wno-unused-variable -Wunused-value -Wno-empty-body -Wno-uninitialized -Wno-unknown-pragmas -Wno-shadow -Wno-four-char-constants -Wno-conversion -Wno-constant-conversion -Wno-int-conversion -Wno-bool-conversion -Wno-enum-conversion -Wno-float-conversion -Wno-non-literal-null-conversion -Wno-objc-literal-conversion -Wshorten-64-to-32 -Wpointer-sign -Wno-newline-eof -Wno-implicit-fallthrough -isysroot /Applications/Xcode-27.0.0.app/Contents/Developer/Platforms/WatchOS.platform/Developer/SDKs/WatchOS27.0.sdk -fstrict-aliasing -Wdeprecated-declarations -Wno-sign-conversion -Wno-infinite-recursion -Wno-comma -Wno-block-capture-autoreleasing -Wno-strict-prototypes -Wno-semicolon-before-method-body -index-store-path /Users/admin/builder/spi-builder-workspace/.derivedData/Index.noindex/DataStore -Wno-conversion @/Users/admin/builder/spi-builder-workspace/.derivedData/Build/Intermediates.noindex/SwiftSMB.build/Debug-watchos/libsmb2-t.build/Objects-normal/arm64/7187679823f38a2a940e0043cdf9d637-common-args.resp -MMD -MT dependencies -MF /Users/admin/builder/spi-builder-workspace/.derivedData/Build/Intermediates.noindex/SwiftSMB.build/Debug-watchos/libsmb2-t.build/Objects-normal/arm64/hmac-md5.d --serialize-diagnostics /Users/admin/builder/spi-builder-workspace/.derivedData/Build/Intermediates.noindex/SwiftSMB.build/Debug-watchos/libsmb2-t.build/Objects-normal/arm64/hmac-md5.dia -c /Users/admin/builder/spi-builder-workspace/Sources/libsmb2/upstream/lib/hmac-md5.c -o /Users/admin/builder/spi-builder-workspace/.derivedData/Build/Intermediates.noindex/SwiftSMB.build/Debug-watchos/libsmb2-t.build/Objects-normal/arm64/hmac-md5.o -index-unit-output-path /SwiftSMB.build/Debug-watchos/libsmb2-t.build/Objects-normal/arm64/hmac-md5.o
CompileC /Users/admin/builder/spi-builder-workspace/.derivedData/Build/Intermediates.noindex/SwiftSMB.build/Debug-watchos/libsmb2-t.build/Objects-normal/arm64/errors.o /Users/admin/builder/spi-builder-workspace/Sources/libsmb2/upstream/lib/errors.c normal arm64 c com.apple.compilers.llvm.clang.1_0.compiler (in target 'libsmb2' from project 'SwiftSMB')
cd /Users/admin/builder/spi-builder-workspace/.swiftpm/xcode
Using response file: /Users/admin/builder/spi-builder-workspace/.derivedData/Build/Intermediates.noindex/SwiftSMB.build/Debug-watchos/libsmb2-t.build/Objects-normal/arm64/7187679823f38a2a940e0043cdf9d637-common-args.resp
/Applications/Xcode-27.0.0.app/Contents/Developer/Toolchains/XcodeDefault.xctoolchain/usr/bin/clang -x c -ivfsstatcache /Users/admin/builder/spi-builder-workspace/.derivedData/SDKStatCaches.noindex/watchos27.0-24R360-e829b21a6f8c9b70876ba0858053c044b9db9bc9c079ee3c7b5f3373b13d10bc.sdkstatcache -target arm64-apple-watchos9.0 -fmessage-length\=0 -fdiagnostics-show-note-include-stack -fmacro-backtrace-limit\=0 -fno-color-diagnostics -fmodules-prune-interval\=86400 -fmodules-prune-after\=345600 -fbuild-session-file\=/Users/admin/builder/spi-builder-workspace/.derivedData/ModuleCache.noindex/Session.modulevalidation -fmodules-validate-once-per-build-session -Wnon-modular-include-in-framework-module -Werror\=non-modular-include-in-framework-module -Wno-trigraphs -Wno-missing-field-initializers -Wno-missing-prototypes -Wno-return-type -Wno-missing-braces -Wparentheses -Wswitch -Wno-unused-function -Wno-unused-label -Wno-unused-parameter -Wno-unused-variable -Wunused-value -Wno-empty-body -Wno-uninitialized -Wno-unknown-pragmas -Wno-shadow -Wno-four-char-constants -Wno-conversion -Wno-constant-conversion -Wno-int-conversion -Wno-bool-conversion -Wno-enum-conversion -Wno-float-conversion -Wno-non-literal-null-conversion -Wno-objc-literal-conversion -Wshorten-64-to-32 -Wpointer-sign -Wno-newline-eof -Wno-implicit-fallthrough -isysroot /Applications/Xcode-27.0.0.app/Contents/Developer/Platforms/WatchOS.platform/Developer/SDKs/WatchOS27.0.sdk -fstrict-aliasing -Wdeprecated-declarations -Wno-sign-conversion -Wno-infinite-recursion -Wno-comma -Wno-block-capture-autoreleasing -Wno-strict-prototypes -Wno-semicolon-before-method-body -index-store-path /Users/admin/builder/spi-builder-workspace/.derivedData/Index.noindex/DataStore -Wno-conversion @/Users/admin/builder/spi-builder-workspace/.derivedData/Build/Intermediates.noindex/SwiftSMB.build/Debug-watchos/libsmb2-t.build/Objects-normal/arm64/7187679823f38a2a940e0043cdf9d637-common-args.resp -MMD -MT dependencies -MF /Users/admin/builder/spi-builder-workspace/.derivedData/Build/Intermediates.noindex/SwiftSMB.build/Debug-watchos/libsmb2-t.build/Objects-normal/arm64/errors.d --serialize-diagnostics /Users/admin/builder/spi-builder-workspace/.derivedData/Build/Intermediates.noindex/SwiftSMB.build/Debug-watchos/libsmb2-t.build/Objects-normal/arm64/errors.dia -c /Users/admin/builder/spi-builder-workspace/Sources/libsmb2/upstream/lib/errors.c -o /Users/admin/builder/spi-builder-workspace/.derivedData/Build/Intermediates.noindex/SwiftSMB.build/Debug-watchos/libsmb2-t.build/Objects-normal/arm64/errors.o -index-unit-output-path /SwiftSMB.build/Debug-watchos/libsmb2-t.build/Objects-normal/arm64/errors.o
SwiftExplicitDependencyGeneratePcm arm64 /Users/admin/builder/spi-builder-workspace/.derivedData/SDKExplicitPrecompiledModules/os_object-1JFESJBLQUD4RS3VL4N1KYEDU.pcm
CompileC /Users/admin/builder/spi-builder-workspace/.derivedData/Build/Intermediates.noindex/SwiftSMB.build/Debug-watchos/libsmb2-t.build/Objects-normal/arm64/asn1-ber.o /Users/admin/builder/spi-builder-workspace/Sources/libsmb2/upstream/lib/asn1-ber.c normal arm64 c com.apple.compilers.llvm.clang.1_0.compiler (in target 'libsmb2' from project 'SwiftSMB')
cd /Users/admin/builder/spi-builder-workspace/.swiftpm/xcode
Using response file: /Users/admin/builder/spi-builder-workspace/.derivedData/Build/Intermediates.noindex/SwiftSMB.build/Debug-watchos/libsmb2-t.build/Objects-normal/arm64/7187679823f38a2a940e0043cdf9d637-common-args.resp
/Applications/Xcode-27.0.0.app/Contents/Developer/Toolchains/XcodeDefault.xctoolchain/usr/bin/clang -x c -ivfsstatcache /Users/admin/builder/spi-builder-workspace/.derivedData/SDKStatCaches.noindex/watchos27.0-24R360-e829b21a6f8c9b70876ba0858053c044b9db9bc9c079ee3c7b5f3373b13d10bc.sdkstatcache -target arm64-apple-watchos9.0 -fmessage-length\=0 -fdiagnostics-show-note-include-stack -fmacro-backtrace-limit\=0 -fno-color-diagnostics -fmodules-prune-interval\=86400 -fmodules-prune-after\=345600 -fbuild-session-file\=/Users/admin/builder/spi-builder-workspace/.derivedData/ModuleCache.noindex/Session.modulevalidation -fmodules-validate-once-per-build-session -Wnon-modular-include-in-framework-module -Werror\=non-modular-include-in-framework-module -Wno-trigraphs -Wno-missing-field-initializers -Wno-missing-prototypes -Wno-return-type -Wno-missing-braces -Wparentheses -Wswitch -Wno-unused-function -Wno-unused-label -Wno-unused-parameter -Wno-unused-variable -Wunused-value -Wno-empty-body -Wno-uninitialized -Wno-unknown-pragmas -Wno-shadow -Wno-four-char-constants -Wno-conversion -Wno-constant-conversion -Wno-int-conversion -Wno-bool-conversion -Wno-enum-conversion -Wno-float-conversion -Wno-non-literal-null-conversion -Wno-objc-literal-conversion -Wshorten-64-to-32 -Wpointer-sign -Wno-newline-eof -Wno-implicit-fallthrough -isysroot /Applications/Xcode-27.0.0.app/Contents/Developer/Platforms/WatchOS.platform/Developer/SDKs/WatchOS27.0.sdk -fstrict-aliasing -Wdeprecated-declarations -Wno-sign-conversion -Wno-infinite-recursion -Wno-comma -Wno-block-capture-autoreleasing -Wno-strict-prototypes -Wno-semicolon-before-method-body -index-store-path /Users/admin/builder/spi-builder-workspace/.derivedData/Index.noindex/DataStore -Wno-conversion @/Users/admin/builder/spi-builder-workspace/.derivedData/Build/Intermediates.noindex/SwiftSMB.build/Debug-watchos/libsmb2-t.build/Objects-normal/arm64/7187679823f38a2a940e0043cdf9d637-common-args.resp -MMD -MT dependencies -MF /Users/admin/builder/spi-builder-workspace/.derivedData/Build/Intermediates.noindex/SwiftSMB.build/Debug-watchos/libsmb2-t.build/Objects-normal/arm64/asn1-ber.d --serialize-diagnostics /Users/admin/builder/spi-builder-workspace/.derivedData/Build/Intermediates.noindex/SwiftSMB.build/Debug-watchos/libsmb2-t.build/Objects-normal/arm64/asn1-ber.dia -c /Users/admin/builder/spi-builder-workspace/Sources/libsmb2/upstream/lib/asn1-ber.c -o /Users/admin/builder/spi-builder-workspace/.derivedData/Build/Intermediates.noindex/SwiftSMB.build/Debug-watchos/libsmb2-t.build/Objects-normal/arm64/asn1-ber.o -index-unit-output-path /SwiftSMB.build/Debug-watchos/libsmb2-t.build/Objects-normal/arm64/asn1-ber.o
CompileC /Users/admin/builder/spi-builder-workspace/.derivedData/Build/Intermediates.noindex/SwiftSMB.build/Debug-watchos/libsmb2-t.build/Objects-normal/arm64/alloc.o /Users/admin/builder/spi-builder-workspace/Sources/libsmb2/upstream/lib/alloc.c normal arm64 c com.apple.compilers.llvm.clang.1_0.compiler (in target 'libsmb2' from project 'SwiftSMB')
cd /Users/admin/builder/spi-builder-workspace/.swiftpm/xcode
Using response file: /Users/admin/builder/spi-builder-workspace/.derivedData/Build/Intermediates.noindex/SwiftSMB.build/Debug-watchos/libsmb2-t.build/Objects-normal/arm64/7187679823f38a2a940e0043cdf9d637-common-args.resp
/Applications/Xcode-27.0.0.app/Contents/Developer/Toolchains/XcodeDefault.xctoolchain/usr/bin/clang -x c -ivfsstatcache /Users/admin/builder/spi-builder-workspace/.derivedData/SDKStatCaches.noindex/watchos27.0-24R360-e829b21a6f8c9b70876ba0858053c044b9db9bc9c079ee3c7b5f3373b13d10bc.sdkstatcache -target arm64-apple-watchos9.0 -fmessage-length\=0 -fdiagnostics-show-note-include-stack -fmacro-backtrace-limit\=0 -fno-color-diagnostics -fmodules-prune-interval\=86400 -fmodules-prune-after\=345600 -fbuild-session-file\=/Users/admin/builder/spi-builder-workspace/.derivedData/ModuleCache.noindex/Session.modulevalidation -fmodules-validate-once-per-build-session -Wnon-modular-include-in-framework-module -Werror\=non-modular-include-in-framework-module -Wno-trigraphs -Wno-missing-field-initializers -Wno-missing-prototypes -Wno-return-type -Wno-missing-braces -Wparentheses -Wswitch -Wno-unused-function -Wno-unused-label -Wno-unused-parameter -Wno-unused-variable -Wunused-value -Wno-empty-body -Wno-uninitialized -Wno-unknown-pragmas -Wno-shadow -Wno-four-char-constants -Wno-conversion -Wno-constant-conversion -Wno-int-conversion -Wno-bool-conversion -Wno-enum-conversion -Wno-float-conversion -Wno-non-literal-null-conversion -Wno-objc-literal-conversion -Wshorten-64-to-32 -Wpointer-sign -Wno-newline-eof -Wno-implicit-fallthrough -isysroot /Applications/Xcode-27.0.0.app/Contents/Developer/Platforms/WatchOS.platform/Developer/SDKs/WatchOS27.0.sdk -fstrict-aliasing -Wdeprecated-declarations -Wno-sign-conversion -Wno-infinite-recursion -Wno-comma -Wno-block-capture-autoreleasing -Wno-strict-prototypes -Wno-semicolon-before-method-body -index-store-path /Users/admin/builder/spi-builder-workspace/.derivedData/Index.noindex/DataStore -Wno-conversion @/Users/admin/builder/spi-builder-workspace/.derivedData/Build/Intermediates.noindex/SwiftSMB.build/Debug-watchos/libsmb2-t.build/Objects-normal/arm64/7187679823f38a2a940e0043cdf9d637-common-args.resp -MMD -MT dependencies -MF /Users/admin/builder/spi-builder-workspace/.derivedData/Build/Intermediates.noindex/SwiftSMB.build/Debug-watchos/libsmb2-t.build/Objects-normal/arm64/alloc.d --serialize-diagnostics /Users/admin/builder/spi-builder-workspace/.derivedData/Build/Intermediates.noindex/SwiftSMB.build/Debug-watchos/libsmb2-t.build/Objects-normal/arm64/alloc.dia -c /Users/admin/builder/spi-builder-workspace/Sources/libsmb2/upstream/lib/alloc.c -o /Users/admin/builder/spi-builder-workspace/.derivedData/Build/Intermediates.noindex/SwiftSMB.build/Debug-watchos/libsmb2-t.build/Objects-normal/arm64/alloc.o -index-unit-output-path /SwiftSMB.build/Debug-watchos/libsmb2-t.build/Objects-normal/arm64/alloc.o
CompileC /Users/admin/builder/spi-builder-workspace/.derivedData/Build/Intermediates.noindex/SwiftSMB.build/Debug-watchos/libsmb2-t.build/Objects-normal/arm64/aes128ccm.o /Users/admin/builder/spi-builder-workspace/Sources/libsmb2/upstream/lib/aes128ccm.c normal arm64 c com.apple.compilers.llvm.clang.1_0.compiler (in target 'libsmb2' from project 'SwiftSMB')
cd /Users/admin/builder/spi-builder-workspace/.swiftpm/xcode
Using response file: /Users/admin/builder/spi-builder-workspace/.derivedData/Build/Intermediates.noindex/SwiftSMB.build/Debug-watchos/libsmb2-t.build/Objects-normal/arm64/7187679823f38a2a940e0043cdf9d637-common-args.resp
/Applications/Xcode-27.0.0.app/Contents/Developer/Toolchains/XcodeDefault.xctoolchain/usr/bin/clang -x c -ivfsstatcache /Users/admin/builder/spi-builder-workspace/.derivedData/SDKStatCaches.noindex/watchos27.0-24R360-e829b21a6f8c9b70876ba0858053c044b9db9bc9c079ee3c7b5f3373b13d10bc.sdkstatcache -target arm64-apple-watchos9.0 -fmessage-length\=0 -fdiagnostics-show-note-include-stack -fmacro-backtrace-limit\=0 -fno-color-diagnostics -fmodules-prune-interval\=86400 -fmodules-prune-after\=345600 -fbuild-session-file\=/Users/admin/builder/spi-builder-workspace/.derivedData/ModuleCache.noindex/Session.modulevalidation -fmodules-validate-once-per-build-session -Wnon-modular-include-in-framework-module -Werror\=non-modular-include-in-framework-module -Wno-trigraphs -Wno-missing-field-initializers -Wno-missing-prototypes -Wno-return-type -Wno-missing-braces -Wparentheses -Wswitch -Wno-unused-function -Wno-unused-label -Wno-unused-parameter -Wno-unused-variable -Wunused-value -Wno-empty-body -Wno-uninitialized -Wno-unknown-pragmas -Wno-shadow -Wno-four-char-constants -Wno-conversion -Wno-constant-conversion -Wno-int-conversion -Wno-bool-conversion -Wno-enum-conversion -Wno-float-conversion -Wno-non-literal-null-conversion -Wno-objc-literal-conversion -Wshorten-64-to-32 -Wpointer-sign -Wno-newline-eof -Wno-implicit-fallthrough -isysroot /Applications/Xcode-27.0.0.app/Contents/Developer/Platforms/WatchOS.platform/Developer/SDKs/WatchOS27.0.sdk -fstrict-aliasing -Wdeprecated-declarations -Wno-sign-conversion -Wno-infinite-recursion -Wno-comma -Wno-block-capture-autoreleasing -Wno-strict-prototypes -Wno-semicolon-before-method-body -index-store-path /Users/admin/builder/spi-builder-workspace/.derivedData/Index.noindex/DataStore -Wno-conversion @/Users/admin/builder/spi-builder-workspace/.derivedData/Build/Intermediates.noindex/SwiftSMB.build/Debug-watchos/libsmb2-t.build/Objects-normal/arm64/7187679823f38a2a940e0043cdf9d637-common-args.resp -MMD -MT dependencies -MF /Users/admin/builder/spi-builder-workspace/.derivedData/Build/Intermediates.noindex/SwiftSMB.build/Debug-watchos/libsmb2-t.build/Objects-normal/arm64/aes128ccm.d --serialize-diagnostics /Users/admin/builder/spi-builder-workspace/.derivedData/Build/Intermediates.noindex/SwiftSMB.build/Debug-watchos/libsmb2-t.build/Objects-normal/arm64/aes128ccm.dia -c /Users/admin/builder/spi-builder-workspace/Sources/libsmb2/upstream/lib/aes128ccm.c -o /Users/admin/builder/spi-builder-workspace/.derivedData/Build/Intermediates.noindex/SwiftSMB.build/Debug-watchos/libsmb2-t.build/Objects-normal/arm64/aes128ccm.o -index-unit-output-path /SwiftSMB.build/Debug-watchos/libsmb2-t.build/Objects-normal/arm64/aes128ccm.o
SwiftExplicitDependencyGeneratePcm arm64_32 /Users/admin/builder/spi-builder-workspace/.derivedData/SDKExplicitPrecompiledModules/Dispatch-7K60THHWK3C851QMSWUUEEC2Q.pcm
SwiftExplicitDependencyGeneratePcm arm64 /Users/admin/builder/spi-builder-workspace/.derivedData/SDKExplicitPrecompiledModules/os_workgroup-65XNBX18CBCXC0KTSN0M6UNVT.pcm
SwiftExplicitDependencyGeneratePcm arm64 /Users/admin/builder/spi-builder-workspace/.derivedData/SDKExplicitPrecompiledModules/Dispatch-6D65D6EIW4AHX08JGF4J74MV9.pcm
SwiftExplicitDependencyGeneratePcm arm64_32 /Users/admin/builder/spi-builder-workspace/.derivedData/SDKExplicitPrecompiledModules/XPC-CZIZYD8A7DCOUWGZRQ4DKZKSL.pcm
SwiftExplicitDependencyGeneratePcm arm64_32 /Users/admin/builder/spi-builder-workspace/.derivedData/SDKExplicitPrecompiledModules/CoreFoundation-89G5WX03B78NXYKER48PGSMVI.pcm
Ld /Users/admin/builder/spi-builder-workspace/.derivedData/Build/Intermediates.noindex/SwiftSMB.build/Debug-watchos/libsmb2-t.build/Objects-normal/arm64/Binary/libsmb2.o normal arm64 (in target 'libsmb2' from project 'SwiftSMB')
cd /Users/admin/builder/spi-builder-workspace
/Applications/Xcode-27.0.0.app/Contents/Developer/Toolchains/XcodeDefault.xctoolchain/usr/bin/clang -Xlinker -reproducible -target arm64-apple-watchos9.0 -r -isysroot /Applications/Xcode-27.0.0.app/Contents/Developer/Platforms/WatchOS.platform/Developer/SDKs/WatchOS27.0.sdk -O0 -Xlinker -no_warn_duplicate_libraries -F/Users/admin/builder/spi-builder-workspace/.derivedData/Build/Intermediates.noindex/EagerLinkingTBDs/Debug-watchos -F/Users/admin/builder/spi-builder-workspace/.derivedData/Build/Products/Debug-watchos -iframework /Applications/Xcode-27.0.0.app/Contents/Developer/Platforms/WatchOS.platform/Developer/Library/Frameworks -iframework /Applications/Xcode-27.0.0.app/Contents/Developer/Platforms/WatchOS.platform/Developer/SDKs/WatchOS27.0.sdk/Developer/Library/Frameworks -filelist /Users/admin/builder/spi-builder-workspace/.derivedData/Build/Intermediates.noindex/SwiftSMB.build/Debug-watchos/libsmb2-t.build/Objects-normal/arm64/libsmb2.LinkFileList -nostdlib -Xlinker -object_path_lto -Xlinker /Users/admin/builder/spi-builder-workspace/.derivedData/Build/Intermediates.noindex/SwiftSMB.build/Debug-watchos/libsmb2-t.build/Objects-normal/arm64/libsmb2_lto.o -Xlinker -no_deduplicate -Xlinker -debug_variant -Xlinker -dependency_info -Xlinker /Users/admin/builder/spi-builder-workspace/.derivedData/Build/Intermediates.noindex/SwiftSMB.build/Debug-watchos/libsmb2-t.build/Objects-normal/arm64/libsmb2_dependency_info.dat -o /Users/admin/builder/spi-builder-workspace/.derivedData/Build/Intermediates.noindex/SwiftSMB.build/Debug-watchos/libsmb2-t.build/Objects-normal/arm64/Binary/libsmb2.o
CreateUniversalBinary /Users/admin/builder/spi-builder-workspace/.derivedData/Build/Products/Debug-watchos/libsmb2.o normal arm64\ arm64_32 (in target 'libsmb2' from project 'SwiftSMB')
cd /Users/admin/builder/spi-builder-workspace
/Applications/Xcode-27.0.0.app/Contents/Developer/Toolchains/XcodeDefault.xctoolchain/usr/bin/lipo -create /Users/admin/builder/spi-builder-workspace/.derivedData/Build/Intermediates.noindex/SwiftSMB.build/Debug-watchos/libsmb2-t.build/Objects-normal/arm64/Binary/libsmb2.o /Users/admin/builder/spi-builder-workspace/.derivedData/Build/Intermediates.noindex/SwiftSMB.build/Debug-watchos/libsmb2-t.build/Objects-normal/arm64_32/Binary/libsmb2.o -output /Users/admin/builder/spi-builder-workspace/.derivedData/Build/Products/Debug-watchos/libsmb2.o
ProcessInfoPlistFile /Users/admin/builder/spi-builder-workspace/.derivedData/Build/Products/Debug-watchos/PackageFrameworks/libsmb2.framework/Info.plist /Users/admin/builder/spi-builder-workspace/.derivedData/Build/Intermediates.noindex/SwiftSMB.build/Debug-watchos/libsmb2-product-t.build/empty-libsmb2.plist (in target 'libsmb2-product' from project 'SwiftSMB')
cd /Users/admin/builder/spi-builder-workspace
builtin-infoPlistUtility /Users/admin/builder/spi-builder-workspace/.derivedData/Build/Intermediates.noindex/SwiftSMB.build/Debug-watchos/libsmb2-product-t.build/empty-libsmb2.plist -producttype com.apple.product-type.framework -expandbuildsettings -format binary -platform watchos -o /Users/admin/builder/spi-builder-workspace/.derivedData/Build/Products/Debug-watchos/PackageFrameworks/libsmb2.framework/Info.plist
Ld /Users/admin/builder/spi-builder-workspace/.derivedData/Build/Intermediates.noindex/SwiftSMB.build/Debug-watchos/libsmb2-product-t.build/Objects-normal/arm64_32/Binary/libsmb2 normal arm64_32 (in target 'libsmb2-product' from project 'SwiftSMB')
cd /Users/admin/builder/spi-builder-workspace
/Applications/Xcode-27.0.0.app/Contents/Developer/Toolchains/XcodeDefault.xctoolchain/usr/bin/clang -Xlinker -reproducible -target arm64_32-apple-watchos9.0 -dynamiclib -isysroot /Applications/Xcode-27.0.0.app/Contents/Developer/Platforms/WatchOS.platform/Developer/SDKs/WatchOS27.0.sdk -O0 -Xlinker -no_warn_duplicate_libraries -L/Users/admin/builder/spi-builder-workspace/.derivedData/Build/Intermediates.noindex/EagerLinkingTBDs/Debug-watchos -L/Users/admin/builder/spi-builder-workspace/.derivedData/Build/Products/Debug-watchos -L/Applications/Xcode-27.0.0.app/Contents/Developer/Platforms/WatchOS.platform/Developer/usr/lib -F/Users/admin/builder/spi-builder-workspace/.derivedData/Build/Intermediates.noindex/EagerLinkingTBDs/Debug-watchos -F/Users/admin/builder/spi-builder-workspace/.derivedData/Build/Products/Debug-watchos/PackageFrameworks -F/Users/admin/builder/spi-builder-workspace/.derivedData/Build/Products/Debug-watchos -iframework /Applications/Xcode-27.0.0.app/Contents/Developer/Platforms/WatchOS.platform/Developer/Library/Frameworks -iframework /Applications/Xcode-27.0.0.app/Contents/Developer/Platforms/WatchOS.platform/Developer/SDKs/WatchOS27.0.sdk/Developer/Library/Frameworks -filelist /Users/admin/builder/spi-builder-workspace/.derivedData/Build/Intermediates.noindex/SwiftSMB.build/Debug-watchos/libsmb2-product-t.build/Objects-normal/arm64_32/libsmb2.LinkFileList -install_name @rpath/libsmb2.framework/libsmb2 -Xlinker -rpath -Xlinker @loader_path -Xlinker -rpath -Xlinker /Users/admin/builder/spi-builder-workspace/.derivedData/Build/Products/Debug-watchos/PackageFrameworks -Xlinker -dead_strip -Xlinker -object_path_lto -Xlinker /Users/admin/builder/spi-builder-workspace/.derivedData/Build/Intermediates.noindex/SwiftSMB.build/Debug-watchos/libsmb2-product-t.build/Objects-normal/arm64_32/libsmb2_lto.o -rdynamic -Xlinker -no_deduplicate -Xlinker -debug_variant -Xlinker -dependency_info -Xlinker /Users/admin/builder/spi-builder-workspace/.derivedData/Build/Intermediates.noindex/SwiftSMB.build/Debug-watchos/libsmb2-product-t.build/Objects-normal/arm64_32/libsmb2_dependency_info.dat -o /Users/admin/builder/spi-builder-workspace/.derivedData/Build/Intermediates.noindex/SwiftSMB.build/Debug-watchos/libsmb2-product-t.build/Objects-normal/arm64_32/Binary/libsmb2
Ld /Users/admin/builder/spi-builder-workspace/.derivedData/Build/Intermediates.noindex/SwiftSMB.build/Debug-watchos/libsmb2-product-t.build/Objects-normal/arm64/Binary/libsmb2 normal arm64 (in target 'libsmb2-product' from project 'SwiftSMB')
cd /Users/admin/builder/spi-builder-workspace
/Applications/Xcode-27.0.0.app/Contents/Developer/Toolchains/XcodeDefault.xctoolchain/usr/bin/clang -Xlinker -reproducible -target arm64-apple-watchos9.0 -dynamiclib -isysroot /Applications/Xcode-27.0.0.app/Contents/Developer/Platforms/WatchOS.platform/Developer/SDKs/WatchOS27.0.sdk -O0 -Xlinker -no_warn_duplicate_libraries -L/Users/admin/builder/spi-builder-workspace/.derivedData/Build/Intermediates.noindex/EagerLinkingTBDs/Debug-watchos -L/Users/admin/builder/spi-builder-workspace/.derivedData/Build/Products/Debug-watchos -L/Applications/Xcode-27.0.0.app/Contents/Developer/Platforms/WatchOS.platform/Developer/usr/lib -F/Users/admin/builder/spi-builder-workspace/.derivedData/Build/Intermediates.noindex/EagerLinkingTBDs/Debug-watchos -F/Users/admin/builder/spi-builder-workspace/.derivedData/Build/Products/Debug-watchos/PackageFrameworks -F/Users/admin/builder/spi-builder-workspace/.derivedData/Build/Products/Debug-watchos -iframework /Applications/Xcode-27.0.0.app/Contents/Developer/Platforms/WatchOS.platform/Developer/Library/Frameworks -iframework /Applications/Xcode-27.0.0.app/Contents/Developer/Platforms/WatchOS.platform/Developer/SDKs/WatchOS27.0.sdk/Developer/Library/Frameworks -filelist /Users/admin/builder/spi-builder-workspace/.derivedData/Build/Intermediates.noindex/SwiftSMB.build/Debug-watchos/libsmb2-product-t.build/Objects-normal/arm64/libsmb2.LinkFileList -install_name @rpath/libsmb2.framework/libsmb2 -Xlinker -rpath -Xlinker @loader_path -Xlinker -rpath -Xlinker /Users/admin/builder/spi-builder-workspace/.derivedData/Build/Products/Debug-watchos/PackageFrameworks -Xlinker -dead_strip -Xlinker -object_path_lto -Xlinker /Users/admin/builder/spi-builder-workspace/.derivedData/Build/Intermediates.noindex/SwiftSMB.build/Debug-watchos/libsmb2-product-t.build/Objects-normal/arm64/libsmb2_lto.o -rdynamic -Xlinker -no_deduplicate -Xlinker -debug_variant -Xlinker -dependency_info -Xlinker /Users/admin/builder/spi-builder-workspace/.derivedData/Build/Intermediates.noindex/SwiftSMB.build/Debug-watchos/libsmb2-product-t.build/Objects-normal/arm64/libsmb2_dependency_info.dat -o /Users/admin/builder/spi-builder-workspace/.derivedData/Build/Intermediates.noindex/SwiftSMB.build/Debug-watchos/libsmb2-product-t.build/Objects-normal/arm64/Binary/libsmb2
SwiftExplicitDependencyGeneratePcm arm64 /Users/admin/builder/spi-builder-workspace/.derivedData/SDKExplicitPrecompiledModules/XPC-46U120GB61ZMOBIJJ669AYIXF.pcm
SwiftExplicitDependencyGeneratePcm arm64 /Users/admin/builder/spi-builder-workspace/.derivedData/SDKExplicitPrecompiledModules/CoreFoundation-8MLEPC68IRDBIK6YTJL7DNZH.pcm
CreateUniversalBinary /Users/admin/builder/spi-builder-workspace/.derivedData/Build/Products/Debug-watchos/PackageFrameworks/libsmb2.framework/libsmb2 normal arm64\ arm64_32 (in target 'libsmb2-product' from project 'SwiftSMB')
cd /Users/admin/builder/spi-builder-workspace
/Applications/Xcode-27.0.0.app/Contents/Developer/Toolchains/XcodeDefault.xctoolchain/usr/bin/lipo -create /Users/admin/builder/spi-builder-workspace/.derivedData/Build/Intermediates.noindex/SwiftSMB.build/Debug-watchos/libsmb2-product-t.build/Objects-normal/arm64/Binary/libsmb2 /Users/admin/builder/spi-builder-workspace/.derivedData/Build/Intermediates.noindex/SwiftSMB.build/Debug-watchos/libsmb2-product-t.build/Objects-normal/arm64_32/Binary/libsmb2 -output /Users/admin/builder/spi-builder-workspace/.derivedData/Build/Products/Debug-watchos/PackageFrameworks/libsmb2.framework/libsmb2
RegisterExecutionPolicyException /Users/admin/builder/spi-builder-workspace/.derivedData/Build/Products/Debug-watchos/PackageFrameworks/libsmb2.framework (in target 'libsmb2-product' from project 'SwiftSMB')
cd /Users/admin/builder/spi-builder-workspace
builtin-RegisterExecutionPolicyException /Users/admin/builder/spi-builder-workspace/.derivedData/Build/Products/Debug-watchos/PackageFrameworks/libsmb2.framework
SwiftExplicitDependencyGeneratePcm arm64_32 /Users/admin/builder/spi-builder-workspace/.derivedData/SDKExplicitPrecompiledModules/Security-C9W0029I4749M0FMG9UVPZUKU.pcm
Touch /Users/admin/builder/spi-builder-workspace/.derivedData/Build/Products/Debug-watchos/PackageFrameworks/libsmb2.framework (in target 'libsmb2-product' from project 'SwiftSMB')
cd /Users/admin/builder/spi-builder-workspace
/usr/bin/touch -c /Users/admin/builder/spi-builder-workspace/.derivedData/Build/Products/Debug-watchos/PackageFrameworks/libsmb2.framework
SwiftExplicitDependencyGeneratePcm arm64 /Users/admin/builder/spi-builder-workspace/.derivedData/SDKExplicitPrecompiledModules/Security-B8EWSEMP4Z3IE155A3ILBKM2V.pcm
SwiftExplicitDependencyGeneratePcm arm64_32 /Users/admin/builder/spi-builder-workspace/.derivedData/SDKExplicitPrecompiledModules/Foundation-63KC4JQT5I8XAZ72WSG0A8C35.pcm
SwiftExplicitDependencyGeneratePcm arm64 /Users/admin/builder/spi-builder-workspace/.derivedData/SDKExplicitPrecompiledModules/Foundation-93OAIR4R5IDN1SU1A5KNY63PA.pcm
SwiftEmitModule normal arm64_32 Emitting\ module\ for\ PathWorks (in target 'PathWorks' from project 'PathWorks')
SwiftCompile normal arm64_32 (in target 'PathWorks' from project 'PathWorks')
cd /Users/admin/builder/spi-builder-workspace/.swiftpm/xcode
SwiftCompile normal arm64_32 Compiling\ PathWorks.swift /Users/admin/builder/spi-builder-workspace/.dependencies/checkouts/PathWorks/Sources/PathWorks/PathWorks.swift (in target 'PathWorks' from project 'PathWorks')
SwiftCompile normal arm64_32 /Users/admin/builder/spi-builder-workspace/.dependencies/checkouts/PathWorks/Sources/PathWorks/PathWorks.swift (in target 'PathWorks' from project 'PathWorks')
cd /Users/admin/builder/spi-builder-workspace/.swiftpm/xcode
builtin-SwiftPerFileCompile PathWorks.swift
SwiftEmitModule normal arm64 Emitting\ module\ for\ PathWorks (in target 'PathWorks' from project 'PathWorks')
SwiftCompile normal arm64 (in target 'PathWorks' from project 'PathWorks')
cd /Users/admin/builder/spi-builder-workspace/.swiftpm/xcode
SwiftCompile normal arm64 Compiling\ PathWorks.swift /Users/admin/builder/spi-builder-workspace/.dependencies/checkouts/PathWorks/Sources/PathWorks/PathWorks.swift (in target 'PathWorks' from project 'PathWorks')
SwiftCompile normal arm64 /Users/admin/builder/spi-builder-workspace/.dependencies/checkouts/PathWorks/Sources/PathWorks/PathWorks.swift (in target 'PathWorks' from project 'PathWorks')
cd /Users/admin/builder/spi-builder-workspace/.swiftpm/xcode
builtin-SwiftPerFileCompile PathWorks.swift
SwiftDriverJobDiscovery normal arm64_32 Emitting module for PathWorks (in target 'PathWorks' from project 'PathWorks')
SwiftDriver\ Compilation\ Requirements PathWorks normal arm64_32 com.apple.xcode.tools.swift.compiler (in target 'PathWorks' from project 'PathWorks')
cd /Users/admin/builder/spi-builder-workspace/.swiftpm/xcode
builtin-Swift-Compilation-Requirements -- /Applications/Xcode-27.0.0.app/Contents/Developer/Toolchains/XcodeDefault.xctoolchain/usr/bin/swiftc -parse-as-library -module-name PathWorks -Onone @/Users/admin/builder/spi-builder-workspace/.derivedData/Build/Intermediates.noindex/PathWorks.build/Debug-watchos/PathWorks-t.build/Objects-normal/arm64_32/PathWorks.SwiftFileList -DSWIFT_PACKAGE -DDEBUG -DSWIFT_MODULE_RESOURCE_BUNDLE_UNAVAILABLE -DXcode -plugin-path /Applications/Xcode-27.0.0.app/Contents/Developer/Toolchains/XcodeDefault.xctoolchain/usr/lib/swift/host/plugins/testing -enable-experimental-feature DebugDescriptionMacro -sdk /Applications/Xcode-27.0.0.app/Contents/Developer/Platforms/WatchOS.platform/Developer/SDKs/WatchOS27.0.sdk -target arm64_32-apple-watchos9.0 -g -module-cache-path /Users/admin/builder/spi-builder-workspace/.derivedData/ModuleCache.noindex -Xfrontend -serialize-debugging-options -profile-coverage-mapping -profile-generate -enable-testing -suppress-warnings -index-store-path /Users/admin/builder/spi-builder-workspace/.derivedData/Index.noindex/DataStore -Xcc -D_LIBCPP_HARDENING_MODE\=_LIBCPP_HARDENING_MODE_DEBUG -swift-version 6 -I /Users/admin/builder/spi-builder-workspace/.derivedData/Build/Products/Debug-watchos -Isystem /Applications/Xcode-27.0.0.app/Contents/Developer/Platforms/WatchOS.platform/Developer/usr/lib -F /Users/admin/builder/spi-builder-workspace/.derivedData/Build/Products/Debug-watchos -F /Applications/Xcode-27.0.0.app/Contents/Developer/Platforms/WatchOS.platform/Developer/Library/Frameworks -F /Applications/Xcode-27.0.0.app/Contents/Developer/Platforms/WatchOS.platform/Developer/SDKs/WatchOS27.0.sdk/Developer/Library/Frameworks -c -j10 -enable-batch-mode -incremental -Xcc -ivfsstatcache -Xcc /Users/admin/builder/spi-builder-workspace/.derivedData/SDKStatCaches.noindex/watchos27.0-24R360-e829b21a6f8c9b70876ba0858053c044b9db9bc9c079ee3c7b5f3373b13d10bc.sdkstatcache -output-file-map /Users/admin/builder/spi-builder-workspace/.derivedData/Build/Intermediates.noindex/PathWorks.build/Debug-watchos/PathWorks-t.build/Objects-normal/arm64_32/PathWorks-OutputFileMap.json -save-temps -no-color-diagnostics -explicit-module-build -module-cache-path /Users/admin/builder/spi-builder-workspace/.derivedData/Build/Intermediates.noindex/SwiftExplicitPrecompiledModules -clang-scanner-module-cache-path /Users/admin/builder/spi-builder-workspace/.derivedData/ModuleCache.noindex -sdk-module-cache-path /Users/admin/builder/spi-builder-workspace/.derivedData/SDKExplicitPrecompiledModules -emit-dependencies -emit-module -emit-module-path /Users/admin/builder/spi-builder-workspace/.derivedData/Build/Intermediates.noindex/PathWorks.build/Debug-watchos/PathWorks-t.build/Objects-normal/arm64_32/PathWorks.swiftmodule -serialize-diagnostics -dependency-scan-serialize-diagnostics-path /Users/admin/builder/spi-builder-workspace/.derivedData/Build/Intermediates.noindex/PathWorks.build/Debug-watchos/PathWorks-t.build/Objects-normal/arm64_32/PathWorks-dependency-scan.dia -user-module-version 2.0.1 -validate-clang-modules-once -clang-build-session-file /Users/admin/builder/spi-builder-workspace/.derivedData/ModuleCache.noindex/Session.modulevalidation -Xcc -fmodules-prune-interval\=86400 -Xcc -fmodules-prune-after\=345600 -package-name pathworks -emit-const-values -const-gather-protocols-list /Users/admin/builder/spi-builder-workspace/.derivedData/Build/Intermediates.noindex/PathWorks.build/Debug-watchos/PathWorks-t.build/Objects-normal/arm64_32/PathWorks_const_extract_protocols.json -Xcc -I/Users/admin/builder/spi-builder-workspace/.derivedData/Build/Products/Debug-watchos/include -Xcc -I/Users/admin/builder/spi-builder-workspace/.derivedData/Build/Intermediates.noindex/PathWorks.build/Debug-watchos/PathWorks-t.build/DerivedSources-normal/arm64_32 -Xcc -I/Users/admin/builder/spi-builder-workspace/.derivedData/Build/Intermediates.noindex/PathWorks.build/Debug-watchos/PathWorks-t.build/DerivedSources/arm64_32 -Xcc -I/Users/admin/builder/spi-builder-workspace/.derivedData/Build/Intermediates.noindex/PathWorks.build/Debug-watchos/PathWorks-t.build/DerivedSources -Xcc -DSWIFT_PACKAGE -Xcc -DDEBUG\=1 -emit-objc-header -emit-objc-header-path /Users/admin/builder/spi-builder-workspace/.derivedData/Build/Intermediates.noindex/PathWorks.build/Debug-watchos/PathWorks-t.build/Objects-normal/arm64_32/PathWorks-Swift.h -working-directory /Users/admin/builder/spi-builder-workspace/.swiftpm/xcode -experimental-emit-module-separately -disable-cmo
Copy /Users/admin/builder/spi-builder-workspace/.derivedData/Build/Products/Debug-watchos/PathWorks.swiftmodule/arm64_32-apple-watchos.swiftdoc /Users/admin/builder/spi-builder-workspace/.derivedData/Build/Intermediates.noindex/PathWorks.build/Debug-watchos/PathWorks-t.build/Objects-normal/arm64_32/PathWorks.swiftdoc (in target 'PathWorks' from project 'PathWorks')
cd /Users/admin/builder/spi-builder-workspace/.dependencies/checkouts/PathWorks
builtin-copy -exclude .DS_Store -exclude CVS -exclude .svn -exclude .git -exclude .hg -resolve-src-symlinks -rename /Users/admin/builder/spi-builder-workspace/.derivedData/Build/Intermediates.noindex/PathWorks.build/Debug-watchos/PathWorks-t.build/Objects-normal/arm64_32/PathWorks.swiftdoc /Users/admin/builder/spi-builder-workspace/.derivedData/Build/Products/Debug-watchos/PathWorks.swiftmodule/arm64_32-apple-watchos.swiftdoc
Copy /Users/admin/builder/spi-builder-workspace/.derivedData/Build/Products/Debug-watchos/PathWorks.swiftmodule/arm64_32-apple-watchos.abi.json /Users/admin/builder/spi-builder-workspace/.derivedData/Build/Intermediates.noindex/PathWorks.build/Debug-watchos/PathWorks-t.build/Objects-normal/arm64_32/PathWorks.abi.json (in target 'PathWorks' from project 'PathWorks')
cd /Users/admin/builder/spi-builder-workspace/.dependencies/checkouts/PathWorks
builtin-copy -exclude .DS_Store -exclude CVS -exclude .svn -exclude .git -exclude .hg -resolve-src-symlinks -rename /Users/admin/builder/spi-builder-workspace/.derivedData/Build/Intermediates.noindex/PathWorks.build/Debug-watchos/PathWorks-t.build/Objects-normal/arm64_32/PathWorks.abi.json /Users/admin/builder/spi-builder-workspace/.derivedData/Build/Products/Debug-watchos/PathWorks.swiftmodule/arm64_32-apple-watchos.abi.json
Copy /Users/admin/builder/spi-builder-workspace/.derivedData/Build/Products/Debug-watchos/PathWorks.swiftmodule/arm64_32-apple-watchos.swiftmodule /Users/admin/builder/spi-builder-workspace/.derivedData/Build/Intermediates.noindex/PathWorks.build/Debug-watchos/PathWorks-t.build/Objects-normal/arm64_32/PathWorks.swiftmodule (in target 'PathWorks' from project 'PathWorks')
cd /Users/admin/builder/spi-builder-workspace/.dependencies/checkouts/PathWorks
builtin-copy -exclude .DS_Store -exclude CVS -exclude .svn -exclude .git -exclude .hg -resolve-src-symlinks -rename /Users/admin/builder/spi-builder-workspace/.derivedData/Build/Intermediates.noindex/PathWorks.build/Debug-watchos/PathWorks-t.build/Objects-normal/arm64_32/PathWorks.swiftmodule /Users/admin/builder/spi-builder-workspace/.derivedData/Build/Products/Debug-watchos/PathWorks.swiftmodule/arm64_32-apple-watchos.swiftmodule
Copy /Users/admin/builder/spi-builder-workspace/.derivedData/Build/Products/Debug-watchos/PathWorks.swiftmodule/Project/arm64_32-apple-watchos.swiftsourceinfo /Users/admin/builder/spi-builder-workspace/.derivedData/Build/Intermediates.noindex/PathWorks.build/Debug-watchos/PathWorks-t.build/Objects-normal/arm64_32/PathWorks.swiftsourceinfo (in target 'PathWorks' from project 'PathWorks')
cd /Users/admin/builder/spi-builder-workspace/.dependencies/checkouts/PathWorks
builtin-copy -exclude .DS_Store -exclude CVS -exclude .svn -exclude .git -exclude .hg -resolve-src-symlinks -rename /Users/admin/builder/spi-builder-workspace/.derivedData/Build/Intermediates.noindex/PathWorks.build/Debug-watchos/PathWorks-t.build/Objects-normal/arm64_32/PathWorks.swiftsourceinfo /Users/admin/builder/spi-builder-workspace/.derivedData/Build/Products/Debug-watchos/PathWorks.swiftmodule/Project/arm64_32-apple-watchos.swiftsourceinfo
SwiftDriverJobDiscovery normal arm64 Emitting module for PathWorks (in target 'PathWorks' from project 'PathWorks')
SwiftDriver\ Compilation\ Requirements PathWorks normal arm64 com.apple.xcode.tools.swift.compiler (in target 'PathWorks' from project 'PathWorks')
cd /Users/admin/builder/spi-builder-workspace/.swiftpm/xcode
builtin-Swift-Compilation-Requirements -- /Applications/Xcode-27.0.0.app/Contents/Developer/Toolchains/XcodeDefault.xctoolchain/usr/bin/swiftc -parse-as-library -module-name PathWorks -Onone @/Users/admin/builder/spi-builder-workspace/.derivedData/Build/Intermediates.noindex/PathWorks.build/Debug-watchos/PathWorks-t.build/Objects-normal/arm64/PathWorks.SwiftFileList -DSWIFT_PACKAGE -DDEBUG -DSWIFT_MODULE_RESOURCE_BUNDLE_UNAVAILABLE -DXcode -plugin-path /Applications/Xcode-27.0.0.app/Contents/Developer/Toolchains/XcodeDefault.xctoolchain/usr/lib/swift/host/plugins/testing -enable-experimental-feature DebugDescriptionMacro -sdk /Applications/Xcode-27.0.0.app/Contents/Developer/Platforms/WatchOS.platform/Developer/SDKs/WatchOS27.0.sdk -target arm64-apple-watchos9.0 -g -module-cache-path /Users/admin/builder/spi-builder-workspace/.derivedData/ModuleCache.noindex -Xfrontend -serialize-debugging-options -profile-coverage-mapping -profile-generate -enable-testing -suppress-warnings -index-store-path /Users/admin/builder/spi-builder-workspace/.derivedData/Index.noindex/DataStore -Xcc -D_LIBCPP_HARDENING_MODE\=_LIBCPP_HARDENING_MODE_DEBUG -swift-version 6 -I /Users/admin/builder/spi-builder-workspace/.derivedData/Build/Products/Debug-watchos -Isystem /Applications/Xcode-27.0.0.app/Contents/Developer/Platforms/WatchOS.platform/Developer/usr/lib -F /Users/admin/builder/spi-builder-workspace/.derivedData/Build/Products/Debug-watchos -F /Applications/Xcode-27.0.0.app/Contents/Developer/Platforms/WatchOS.platform/Developer/Library/Frameworks -F /Applications/Xcode-27.0.0.app/Contents/Developer/Platforms/WatchOS.platform/Developer/SDKs/WatchOS27.0.sdk/Developer/Library/Frameworks -c -j10 -enable-batch-mode -incremental -Xcc -ivfsstatcache -Xcc /Users/admin/builder/spi-builder-workspace/.derivedData/SDKStatCaches.noindex/watchos27.0-24R360-e829b21a6f8c9b70876ba0858053c044b9db9bc9c079ee3c7b5f3373b13d10bc.sdkstatcache -output-file-map /Users/admin/builder/spi-builder-workspace/.derivedData/Build/Intermediates.noindex/PathWorks.build/Debug-watchos/PathWorks-t.build/Objects-normal/arm64/PathWorks-OutputFileMap.json -save-temps -no-color-diagnostics -explicit-module-build -module-cache-path /Users/admin/builder/spi-builder-workspace/.derivedData/Build/Intermediates.noindex/SwiftExplicitPrecompiledModules -clang-scanner-module-cache-path /Users/admin/builder/spi-builder-workspace/.derivedData/ModuleCache.noindex -sdk-module-cache-path /Users/admin/builder/spi-builder-workspace/.derivedData/SDKExplicitPrecompiledModules -emit-dependencies -emit-module -emit-module-path /Users/admin/builder/spi-builder-workspace/.derivedData/Build/Intermediates.noindex/PathWorks.build/Debug-watchos/PathWorks-t.build/Objects-normal/arm64/PathWorks.swiftmodule -serialize-diagnostics -dependency-scan-serialize-diagnostics-path /Users/admin/builder/spi-builder-workspace/.derivedData/Build/Intermediates.noindex/PathWorks.build/Debug-watchos/PathWorks-t.build/Objects-normal/arm64/PathWorks-dependency-scan.dia -user-module-version 2.0.1 -validate-clang-modules-once -clang-build-session-file /Users/admin/builder/spi-builder-workspace/.derivedData/ModuleCache.noindex/Session.modulevalidation -Xcc -fmodules-prune-interval\=86400 -Xcc -fmodules-prune-after\=345600 -package-name pathworks -emit-const-values -const-gather-protocols-list /Users/admin/builder/spi-builder-workspace/.derivedData/Build/Intermediates.noindex/PathWorks.build/Debug-watchos/PathWorks-t.build/Objects-normal/arm64/PathWorks_const_extract_protocols.json -Xcc -I/Users/admin/builder/spi-builder-workspace/.derivedData/Build/Products/Debug-watchos/include -Xcc -I/Users/admin/builder/spi-builder-workspace/.derivedData/Build/Intermediates.noindex/PathWorks.build/Debug-watchos/PathWorks-t.build/DerivedSources-normal/arm64 -Xcc -I/Users/admin/builder/spi-builder-workspace/.derivedData/Build/Intermediates.noindex/PathWorks.build/Debug-watchos/PathWorks-t.build/DerivedSources/arm64 -Xcc -I/Users/admin/builder/spi-builder-workspace/.derivedData/Build/Intermediates.noindex/PathWorks.build/Debug-watchos/PathWorks-t.build/DerivedSources -Xcc -DSWIFT_PACKAGE -Xcc -DDEBUG\=1 -emit-objc-header -emit-objc-header-path /Users/admin/builder/spi-builder-workspace/.derivedData/Build/Intermediates.noindex/PathWorks.build/Debug-watchos/PathWorks-t.build/Objects-normal/arm64/PathWorks-Swift.h -working-directory /Users/admin/builder/spi-builder-workspace/.swiftpm/xcode -experimental-emit-module-separately -disable-cmo
SwiftMergeGeneratedHeaders /Users/admin/builder/spi-builder-workspace/.derivedData/Build/Intermediates.noindex/GeneratedModuleMaps-watchos/PathWorks-Swift.h /Users/admin/builder/spi-builder-workspace/.derivedData/Build/Intermediates.noindex/PathWorks.build/Debug-watchos/PathWorks-t.build/Objects-normal/arm64/PathWorks-Swift.h /Users/admin/builder/spi-builder-workspace/.derivedData/Build/Intermediates.noindex/PathWorks.build/Debug-watchos/PathWorks-t.build/Objects-normal/arm64_32/PathWorks-Swift.h (in target 'PathWorks' from project 'PathWorks')
cd /Users/admin/builder/spi-builder-workspace/.dependencies/checkouts/PathWorks
builtin-swiftHeaderTool -arch arm64 /Users/admin/builder/spi-builder-workspace/.derivedData/Build/Intermediates.noindex/PathWorks.build/Debug-watchos/PathWorks-t.build/Objects-normal/arm64/PathWorks-Swift.h -arch arm64_32 /Users/admin/builder/spi-builder-workspace/.derivedData/Build/Intermediates.noindex/PathWorks.build/Debug-watchos/PathWorks-t.build/Objects-normal/arm64_32/PathWorks-Swift.h -o /Users/admin/builder/spi-builder-workspace/.derivedData/Build/Intermediates.noindex/GeneratedModuleMaps-watchos/PathWorks-Swift.h
Copy /Users/admin/builder/spi-builder-workspace/.derivedData/Build/Products/Debug-watchos/PathWorks.swiftmodule/arm64-apple-watchos.swiftdoc /Users/admin/builder/spi-builder-workspace/.derivedData/Build/Intermediates.noindex/PathWorks.build/Debug-watchos/PathWorks-t.build/Objects-normal/arm64/PathWorks.swiftdoc (in target 'PathWorks' from project 'PathWorks')
cd /Users/admin/builder/spi-builder-workspace/.dependencies/checkouts/PathWorks
builtin-copy -exclude .DS_Store -exclude CVS -exclude .svn -exclude .git -exclude .hg -resolve-src-symlinks -rename /Users/admin/builder/spi-builder-workspace/.derivedData/Build/Intermediates.noindex/PathWorks.build/Debug-watchos/PathWorks-t.build/Objects-normal/arm64/PathWorks.swiftdoc /Users/admin/builder/spi-builder-workspace/.derivedData/Build/Products/Debug-watchos/PathWorks.swiftmodule/arm64-apple-watchos.swiftdoc
Copy /Users/admin/builder/spi-builder-workspace/.derivedData/Build/Products/Debug-watchos/PathWorks.swiftmodule/arm64-apple-watchos.swiftmodule /Users/admin/builder/spi-builder-workspace/.derivedData/Build/Intermediates.noindex/PathWorks.build/Debug-watchos/PathWorks-t.build/Objects-normal/arm64/PathWorks.swiftmodule (in target 'PathWorks' from project 'PathWorks')
cd /Users/admin/builder/spi-builder-workspace/.dependencies/checkouts/PathWorks
builtin-copy -exclude .DS_Store -exclude CVS -exclude .svn -exclude .git -exclude .hg -resolve-src-symlinks -rename /Users/admin/builder/spi-builder-workspace/.derivedData/Build/Intermediates.noindex/PathWorks.build/Debug-watchos/PathWorks-t.build/Objects-normal/arm64/PathWorks.swiftmodule /Users/admin/builder/spi-builder-workspace/.derivedData/Build/Products/Debug-watchos/PathWorks.swiftmodule/arm64-apple-watchos.swiftmodule
Copy /Users/admin/builder/spi-builder-workspace/.derivedData/Build/Products/Debug-watchos/PathWorks.swiftmodule/arm64-apple-watchos.abi.json /Users/admin/builder/spi-builder-workspace/.derivedData/Build/Intermediates.noindex/PathWorks.build/Debug-watchos/PathWorks-t.build/Objects-normal/arm64/PathWorks.abi.json (in target 'PathWorks' from project 'PathWorks')
cd /Users/admin/builder/spi-builder-workspace/.dependencies/checkouts/PathWorks
builtin-copy -exclude .DS_Store -exclude CVS -exclude .svn -exclude .git -exclude .hg -resolve-src-symlinks -rename /Users/admin/builder/spi-builder-workspace/.derivedData/Build/Intermediates.noindex/PathWorks.build/Debug-watchos/PathWorks-t.build/Objects-normal/arm64/PathWorks.abi.json /Users/admin/builder/spi-builder-workspace/.derivedData/Build/Products/Debug-watchos/PathWorks.swiftmodule/arm64-apple-watchos.abi.json
Copy /Users/admin/builder/spi-builder-workspace/.derivedData/Build/Products/Debug-watchos/PathWorks.swiftmodule/Project/arm64-apple-watchos.swiftsourceinfo /Users/admin/builder/spi-builder-workspace/.derivedData/Build/Intermediates.noindex/PathWorks.build/Debug-watchos/PathWorks-t.build/Objects-normal/arm64/PathWorks.swiftsourceinfo (in target 'PathWorks' from project 'PathWorks')
cd /Users/admin/builder/spi-builder-workspace/.dependencies/checkouts/PathWorks
builtin-copy -exclude .DS_Store -exclude CVS -exclude .svn -exclude .git -exclude .hg -resolve-src-symlinks -rename /Users/admin/builder/spi-builder-workspace/.derivedData/Build/Intermediates.noindex/PathWorks.build/Debug-watchos/PathWorks-t.build/Objects-normal/arm64/PathWorks.swiftsourceinfo /Users/admin/builder/spi-builder-workspace/.derivedData/Build/Products/Debug-watchos/PathWorks.swiftmodule/Project/arm64-apple-watchos.swiftsourceinfo
SwiftDriver SwiftSMB normal arm64_32 com.apple.xcode.tools.swift.compiler (in target 'SwiftSMB' from project 'SwiftSMB')
cd /Users/admin/builder/spi-builder-workspace/.swiftpm/xcode
builtin-SwiftDriver -- /Applications/Xcode-27.0.0.app/Contents/Developer/Toolchains/XcodeDefault.xctoolchain/usr/bin/swiftc -parse-as-library -module-name SwiftSMB -Onone @/Users/admin/builder/spi-builder-workspace/.derivedData/Build/Intermediates.noindex/SwiftSMB.build/Debug-watchos/SwiftSMB-t.build/Objects-normal/arm64_32/SwiftSMB.SwiftFileList -DSWIFT_PACKAGE -DDEBUG -DSWIFT_MODULE_RESOURCE_BUNDLE_UNAVAILABLE -Xcc -fmodule-map-file\=/Users/admin/builder/spi-builder-workspace/Sources/libsmb2/include/module.modulemap -DXcode -plugin-path /Applications/Xcode-27.0.0.app/Contents/Developer/Toolchains/XcodeDefault.xctoolchain/usr/lib/swift/host/plugins/testing -enable-experimental-feature DebugDescriptionMacro -sdk /Applications/Xcode-27.0.0.app/Contents/Developer/Platforms/WatchOS.platform/Developer/SDKs/WatchOS27.0.sdk -target arm64_32-apple-watchos9.0 -g -module-cache-path /Users/admin/builder/spi-builder-workspace/.derivedData/ModuleCache.noindex -Xfrontend -serialize-debugging-options -profile-coverage-mapping -profile-generate -enable-testing -index-store-path /Users/admin/builder/spi-builder-workspace/.derivedData/Index.noindex/DataStore -Xcc -D_LIBCPP_HARDENING_MODE\=_LIBCPP_HARDENING_MODE_DEBUG -swift-version 6 -I /Users/admin/builder/spi-builder-workspace/.derivedData/Build/Products/Debug-watchos -Isystem /Applications/Xcode-27.0.0.app/Contents/Developer/Platforms/WatchOS.platform/Developer/usr/lib -F /Users/admin/builder/spi-builder-workspace/.derivedData/Build/Products/Debug-watchos/PackageFrameworks -F /Users/admin/builder/spi-builder-workspace/.derivedData/Build/Products/Debug-watchos -F /Applications/Xcode-27.0.0.app/Contents/Developer/Platforms/WatchOS.platform/Developer/Library/Frameworks -F /Applications/Xcode-27.0.0.app/Contents/Developer/Platforms/WatchOS.platform/Developer/SDKs/WatchOS27.0.sdk/Developer/Library/Frameworks -c -j10 -enable-batch-mode -incremental -Xcc -ivfsstatcache -Xcc /Users/admin/builder/spi-builder-workspace/.derivedData/SDKStatCaches.noindex/watchos27.0-24R360-e829b21a6f8c9b70876ba0858053c044b9db9bc9c079ee3c7b5f3373b13d10bc.sdkstatcache -output-file-map /Users/admin/builder/spi-builder-workspace/.derivedData/Build/Intermediates.noindex/SwiftSMB.build/Debug-watchos/SwiftSMB-t.build/Objects-normal/arm64_32/SwiftSMB-OutputFileMap.json -save-temps -no-color-diagnostics -explicit-module-build -module-cache-path /Users/admin/builder/spi-builder-workspace/.derivedData/Build/Intermediates.noindex/SwiftExplicitPrecompiledModules -clang-scanner-module-cache-path /Users/admin/builder/spi-builder-workspace/.derivedData/ModuleCache.noindex -sdk-module-cache-path /Users/admin/builder/spi-builder-workspace/.derivedData/SDKExplicitPrecompiledModules -emit-dependencies -emit-module -emit-module-path /Users/admin/builder/spi-builder-workspace/.derivedData/Build/Intermediates.noindex/SwiftSMB.build/Debug-watchos/SwiftSMB-t.build/Objects-normal/arm64_32/SwiftSMB.swiftmodule -serialize-diagnostics -dependency-scan-serialize-diagnostics-path /Users/admin/builder/spi-builder-workspace/.derivedData/Build/Intermediates.noindex/SwiftSMB.build/Debug-watchos/SwiftSMB-t.build/Objects-normal/arm64_32/SwiftSMB-dependency-scan.dia -validate-clang-modules-once -clang-build-session-file /Users/admin/builder/spi-builder-workspace/.derivedData/ModuleCache.noindex/Session.modulevalidation -Xcc -fmodules-prune-interval\=86400 -Xcc -fmodules-prune-after\=345600 -package-name spi_builder_workspace -emit-const-values -const-gather-protocols-list /Users/admin/builder/spi-builder-workspace/.derivedData/Build/Intermediates.noindex/SwiftSMB.build/Debug-watchos/SwiftSMB-t.build/Objects-normal/arm64_32/SwiftSMB_const_extract_protocols.json -Xcc -I/Users/admin/builder/spi-builder-workspace/Sources/libsmb2/include -Xcc -I/Users/admin/builder/spi-builder-workspace/.derivedData/Build/Products/Debug-watchos/include -Xcc -I/Users/admin/builder/spi-builder-workspace/.derivedData/Build/Intermediates.noindex/SwiftSMB.build/Debug-watchos/SwiftSMB-t.build/DerivedSources-normal/arm64_32 -Xcc -I/Users/admin/builder/spi-builder-workspace/.derivedData/Build/Intermediates.noindex/SwiftSMB.build/Debug-watchos/SwiftSMB-t.build/DerivedSources/arm64_32 -Xcc -I/Users/admin/builder/spi-builder-workspace/.derivedData/Build/Intermediates.noindex/SwiftSMB.build/Debug-watchos/SwiftSMB-t.build/DerivedSources -Xcc -DSWIFT_PACKAGE -Xcc -DDEBUG\=1 -emit-objc-header -emit-objc-header-path /Users/admin/builder/spi-builder-workspace/.derivedData/Build/Intermediates.noindex/SwiftSMB.build/Debug-watchos/SwiftSMB-t.build/Objects-normal/arm64_32/SwiftSMB-Swift.h -working-directory /Users/admin/builder/spi-builder-workspace/.swiftpm/xcode -experimental-emit-module-separately -disable-cmo
SwiftDriver SwiftSMB normal arm64 com.apple.xcode.tools.swift.compiler (in target 'SwiftSMB' from project 'SwiftSMB')
cd /Users/admin/builder/spi-builder-workspace/.swiftpm/xcode
builtin-SwiftDriver -- /Applications/Xcode-27.0.0.app/Contents/Developer/Toolchains/XcodeDefault.xctoolchain/usr/bin/swiftc -parse-as-library -module-name SwiftSMB -Onone @/Users/admin/builder/spi-builder-workspace/.derivedData/Build/Intermediates.noindex/SwiftSMB.build/Debug-watchos/SwiftSMB-t.build/Objects-normal/arm64/SwiftSMB.SwiftFileList -DSWIFT_PACKAGE -DDEBUG -DSWIFT_MODULE_RESOURCE_BUNDLE_UNAVAILABLE -Xcc -fmodule-map-file\=/Users/admin/builder/spi-builder-workspace/Sources/libsmb2/include/module.modulemap -DXcode -plugin-path /Applications/Xcode-27.0.0.app/Contents/Developer/Toolchains/XcodeDefault.xctoolchain/usr/lib/swift/host/plugins/testing -enable-experimental-feature DebugDescriptionMacro -sdk /Applications/Xcode-27.0.0.app/Contents/Developer/Platforms/WatchOS.platform/Developer/SDKs/WatchOS27.0.sdk -target arm64-apple-watchos9.0 -g -module-cache-path /Users/admin/builder/spi-builder-workspace/.derivedData/ModuleCache.noindex -Xfrontend -serialize-debugging-options -profile-coverage-mapping -profile-generate -enable-testing -index-store-path /Users/admin/builder/spi-builder-workspace/.derivedData/Index.noindex/DataStore -Xcc -D_LIBCPP_HARDENING_MODE\=_LIBCPP_HARDENING_MODE_DEBUG -swift-version 6 -I /Users/admin/builder/spi-builder-workspace/.derivedData/Build/Products/Debug-watchos -Isystem /Applications/Xcode-27.0.0.app/Contents/Developer/Platforms/WatchOS.platform/Developer/usr/lib -F /Users/admin/builder/spi-builder-workspace/.derivedData/Build/Products/Debug-watchos/PackageFrameworks -F /Users/admin/builder/spi-builder-workspace/.derivedData/Build/Products/Debug-watchos -F /Applications/Xcode-27.0.0.app/Contents/Developer/Platforms/WatchOS.platform/Developer/Library/Frameworks -F /Applications/Xcode-27.0.0.app/Contents/Developer/Platforms/WatchOS.platform/Developer/SDKs/WatchOS27.0.sdk/Developer/Library/Frameworks -c -j10 -enable-batch-mode -incremental -Xcc -ivfsstatcache -Xcc /Users/admin/builder/spi-builder-workspace/.derivedData/SDKStatCaches.noindex/watchos27.0-24R360-e829b21a6f8c9b70876ba0858053c044b9db9bc9c079ee3c7b5f3373b13d10bc.sdkstatcache -output-file-map /Users/admin/builder/spi-builder-workspace/.derivedData/Build/Intermediates.noindex/SwiftSMB.build/Debug-watchos/SwiftSMB-t.build/Objects-normal/arm64/SwiftSMB-OutputFileMap.json -save-temps -no-color-diagnostics -explicit-module-build -module-cache-path /Users/admin/builder/spi-builder-workspace/.derivedData/Build/Intermediates.noindex/SwiftExplicitPrecompiledModules -clang-scanner-module-cache-path /Users/admin/builder/spi-builder-workspace/.derivedData/ModuleCache.noindex -sdk-module-cache-path /Users/admin/builder/spi-builder-workspace/.derivedData/SDKExplicitPrecompiledModules -emit-dependencies -emit-module -emit-module-path /Users/admin/builder/spi-builder-workspace/.derivedData/Build/Intermediates.noindex/SwiftSMB.build/Debug-watchos/SwiftSMB-t.build/Objects-normal/arm64/SwiftSMB.swiftmodule -serialize-diagnostics -dependency-scan-serialize-diagnostics-path /Users/admin/builder/spi-builder-workspace/.derivedData/Build/Intermediates.noindex/SwiftSMB.build/Debug-watchos/SwiftSMB-t.build/Objects-normal/arm64/SwiftSMB-dependency-scan.dia -validate-clang-modules-once -clang-build-session-file /Users/admin/builder/spi-builder-workspace/.derivedData/ModuleCache.noindex/Session.modulevalidation -Xcc -fmodules-prune-interval\=86400 -Xcc -fmodules-prune-after\=345600 -package-name spi_builder_workspace -emit-const-values -const-gather-protocols-list /Users/admin/builder/spi-builder-workspace/.derivedData/Build/Intermediates.noindex/SwiftSMB.build/Debug-watchos/SwiftSMB-t.build/Objects-normal/arm64/SwiftSMB_const_extract_protocols.json -Xcc -I/Users/admin/builder/spi-builder-workspace/Sources/libsmb2/include -Xcc -I/Users/admin/builder/spi-builder-workspace/.derivedData/Build/Products/Debug-watchos/include -Xcc -I/Users/admin/builder/spi-builder-workspace/.derivedData/Build/Intermediates.noindex/SwiftSMB.build/Debug-watchos/SwiftSMB-t.build/DerivedSources-normal/arm64 -Xcc -I/Users/admin/builder/spi-builder-workspace/.derivedData/Build/Intermediates.noindex/SwiftSMB.build/Debug-watchos/SwiftSMB-t.build/DerivedSources/arm64 -Xcc -I/Users/admin/builder/spi-builder-workspace/.derivedData/Build/Intermediates.noindex/SwiftSMB.build/Debug-watchos/SwiftSMB-t.build/DerivedSources -Xcc -DSWIFT_PACKAGE -Xcc -DDEBUG\=1 -emit-objc-header -emit-objc-header-path /Users/admin/builder/spi-builder-workspace/.derivedData/Build/Intermediates.noindex/SwiftSMB.build/Debug-watchos/SwiftSMB-t.build/Objects-normal/arm64/SwiftSMB-Swift.h -working-directory /Users/admin/builder/spi-builder-workspace/.swiftpm/xcode -experimental-emit-module-separately -disable-cmo
SwiftExplicitDependencyGeneratePcm arm64_32 /Users/admin/builder/spi-builder-workspace/.derivedData/Build/Intermediates.noindex/SwiftExplicitPrecompiledModules/SMB2-8UZB53R2ST3TXR8041OO1P2PI.pcm
SwiftExplicitDependencyGeneratePcm arm64 /Users/admin/builder/spi-builder-workspace/.derivedData/Build/Intermediates.noindex/SwiftExplicitPrecompiledModules/SMB2-AIAP29Q4TC23MRDDMVQEN1VER.pcm
SwiftCompile normal arm64_32 Compiling\ Date+.swift,\ LinkTargetLookup.swift,\ OptionSet+.swift /Users/admin/builder/spi-builder-workspace/Sources/SwiftSMB/PublicAPI/Util/Date+.swift /Users/admin/builder/spi-builder-workspace/Sources/SwiftSMB/PublicAPI/Util/LinkTargetLookup.swift /Users/admin/builder/spi-builder-workspace/Sources/SwiftSMB/PublicAPI/Util/OptionSet+.swift (in target 'SwiftSMB' from project 'SwiftSMB')
SwiftCompile normal arm64_32 /Users/admin/builder/spi-builder-workspace/Sources/SwiftSMB/PublicAPI/Util/Date+.swift (in target 'SwiftSMB' from project 'SwiftSMB')
cd /Users/admin/builder/spi-builder-workspace/.swiftpm/xcode
builtin-SwiftPerFileCompile Date+.swift
SwiftCompile normal arm64_32 /Users/admin/builder/spi-builder-workspace/Sources/SwiftSMB/PublicAPI/Util/LinkTargetLookup.swift (in target 'SwiftSMB' from project 'SwiftSMB')
cd /Users/admin/builder/spi-builder-workspace/.swiftpm/xcode
builtin-SwiftPerFileCompile LinkTargetLookup.swift
SwiftCompile normal arm64_32 /Users/admin/builder/spi-builder-workspace/Sources/SwiftSMB/PublicAPI/Util/OptionSet+.swift (in target 'SwiftSMB' from project 'SwiftSMB')
cd /Users/admin/builder/spi-builder-workspace/.swiftpm/xcode
builtin-SwiftPerFileCompile OptionSet+.swift
SwiftCompile normal arm64_32 Compiling\ Security.swift,\ Types.swift,\ ConnectionOperations.swift /Users/admin/builder/spi-builder-workspace/Sources/SwiftSMB/PublicAPI/Security.swift /Users/admin/builder/spi-builder-workspace/Sources/SwiftSMB/PublicAPI/Types.swift /Users/admin/builder/spi-builder-workspace/Sources/SwiftSMB/PublicAPI/Util/ConnectionOperations.swift (in target 'SwiftSMB' from project 'SwiftSMB')
SwiftCompile normal arm64_32 /Users/admin/builder/spi-builder-workspace/Sources/SwiftSMB/PublicAPI/Security.swift (in target 'SwiftSMB' from project 'SwiftSMB')
cd /Users/admin/builder/spi-builder-workspace/.swiftpm/xcode
builtin-SwiftPerFileCompile Security.swift
SwiftCompile normal arm64_32 /Users/admin/builder/spi-builder-workspace/Sources/SwiftSMB/PublicAPI/Types.swift (in target 'SwiftSMB' from project 'SwiftSMB')
cd /Users/admin/builder/spi-builder-workspace/.swiftpm/xcode
builtin-SwiftPerFileCompile Types.swift
SwiftCompile normal arm64_32 /Users/admin/builder/spi-builder-workspace/Sources/SwiftSMB/PublicAPI/Util/ConnectionOperations.swift (in target 'SwiftSMB' from project 'SwiftSMB')
cd /Users/admin/builder/spi-builder-workspace/.swiftpm/xcode
builtin-SwiftPerFileCompile ConnectionOperations.swift
SwiftCompile normal arm64_32 Compiling\ BridgeTypes.swift,\ Int.swift,\ SMB.Error.swift,\ String?.swift /Users/admin/builder/spi-builder-workspace/Sources/SwiftSMB/Bridge/BridgeTypes.swift /Users/admin/builder/spi-builder-workspace/Sources/SwiftSMB/Bridge/Extensions/Int.swift /Users/admin/builder/spi-builder-workspace/Sources/SwiftSMB/Bridge/Extensions/SMB.Error.swift /Users/admin/builder/spi-builder-workspace/Sources/SwiftSMB/Bridge/Extensions/String?.swift (in target 'SwiftSMB' from project 'SwiftSMB')
SwiftCompile normal arm64_32 /Users/admin/builder/spi-builder-workspace/Sources/SwiftSMB/Bridge/BridgeTypes.swift (in target 'SwiftSMB' from project 'SwiftSMB')
cd /Users/admin/builder/spi-builder-workspace/.swiftpm/xcode
builtin-SwiftPerFileCompile BridgeTypes.swift
SwiftCompile normal arm64_32 /Users/admin/builder/spi-builder-workspace/Sources/SwiftSMB/Bridge/Extensions/Int.swift (in target 'SwiftSMB' from project 'SwiftSMB')
cd /Users/admin/builder/spi-builder-workspace/.swiftpm/xcode
builtin-SwiftPerFileCompile Int.swift
SwiftCompile normal arm64_32 /Users/admin/builder/spi-builder-workspace/Sources/SwiftSMB/Bridge/Extensions/SMB.Error.swift (in target 'SwiftSMB' from project 'SwiftSMB')
cd /Users/admin/builder/spi-builder-workspace/.swiftpm/xcode
builtin-SwiftPerFileCompile SMB.Error.swift
SwiftCompile normal arm64_32 /Users/admin/builder/spi-builder-workspace/Sources/SwiftSMB/Bridge/Extensions/String?.swift (in target 'SwiftSMB' from project 'SwiftSMB')
cd /Users/admin/builder/spi-builder-workspace/.swiftpm/xcode
builtin-SwiftPerFileCompile String\?.swift
SwiftCompile normal arm64_32 Compiling\ Error-Status.swift,\ Error.swift,\ File.swift /Users/admin/builder/spi-builder-workspace/Sources/SwiftSMB/PublicAPI/Error-Status.swift /Users/admin/builder/spi-builder-workspace/Sources/SwiftSMB/PublicAPI/Error.swift /Users/admin/builder/spi-builder-workspace/Sources/SwiftSMB/PublicAPI/File.swift (in target 'SwiftSMB' from project 'SwiftSMB')
SwiftCompile normal arm64_32 /Users/admin/builder/spi-builder-workspace/Sources/SwiftSMB/PublicAPI/Error-Status.swift (in target 'SwiftSMB' from project 'SwiftSMB')
cd /Users/admin/builder/spi-builder-workspace/.swiftpm/xcode
builtin-SwiftPerFileCompile Error-Status.swift
SwiftCompile normal arm64_32 /Users/admin/builder/spi-builder-workspace/Sources/SwiftSMB/PublicAPI/Error.swift (in target 'SwiftSMB' from project 'SwiftSMB')
cd /Users/admin/builder/spi-builder-workspace/.swiftpm/xcode
builtin-SwiftPerFileCompile Error.swift
SwiftCompile normal arm64_32 /Users/admin/builder/spi-builder-workspace/Sources/SwiftSMB/PublicAPI/File.swift (in target 'SwiftSMB' from project 'SwiftSMB')
cd /Users/admin/builder/spi-builder-workspace/.swiftpm/xcode
builtin-SwiftPerFileCompile File.swift
SwiftCompile normal arm64_32 Compiling\ PathValidation.swift,\ Protected.swift,\ ProtectedHandle.swift /Users/admin/builder/spi-builder-workspace/Sources/SwiftSMB/PublicAPI/Util/PathValidation.swift /Users/admin/builder/spi-builder-workspace/Sources/SwiftSMB/PublicAPI/Util/Protected.swift /Users/admin/builder/spi-builder-workspace/Sources/SwiftSMB/PublicAPI/Util/ProtectedHandle.swift (in target 'SwiftSMB' from project 'SwiftSMB')
SwiftCompile normal arm64_32 /Users/admin/builder/spi-builder-workspace/Sources/SwiftSMB/PublicAPI/Util/PathValidation.swift (in target 'SwiftSMB' from project 'SwiftSMB')
cd /Users/admin/builder/spi-builder-workspace/.swiftpm/xcode
builtin-SwiftPerFileCompile PathValidation.swift
SwiftCompile normal arm64_32 /Users/admin/builder/spi-builder-workspace/Sources/SwiftSMB/PublicAPI/Util/Protected.swift (in target 'SwiftSMB' from project 'SwiftSMB')
cd /Users/admin/builder/spi-builder-workspace/.swiftpm/xcode
builtin-SwiftPerFileCompile Protected.swift
SwiftCompile normal arm64_32 /Users/admin/builder/spi-builder-workspace/Sources/SwiftSMB/PublicAPI/Util/ProtectedHandle.swift (in target 'SwiftSMB' from project 'SwiftSMB')
cd /Users/admin/builder/spi-builder-workspace/.swiftpm/xcode
builtin-SwiftPerFileCompile ProtectedHandle.swift
SwiftCompile normal arm64_32 Compiling\ Configuration.swift,\ Connection-Conv-Transfer.swift,\ Connection-Conv.swift,\ Connection.swift /Users/admin/builder/spi-builder-workspace/Sources/SwiftSMB/PublicAPI/Configuration.swift /Users/admin/builder/spi-builder-workspace/Sources/SwiftSMB/PublicAPI/Connection-Conv-Transfer.swift /Users/admin/builder/spi-builder-workspace/Sources/SwiftSMB/PublicAPI/Connection-Conv.swift /Users/admin/builder/spi-builder-workspace/Sources/SwiftSMB/PublicAPI/Connection.swift (in target 'SwiftSMB' from project 'SwiftSMB')
SwiftCompile normal arm64_32 /Users/admin/builder/spi-builder-workspace/Sources/SwiftSMB/PublicAPI/Configuration.swift (in target 'SwiftSMB' from project 'SwiftSMB')
cd /Users/admin/builder/spi-builder-workspace/.swiftpm/xcode
builtin-SwiftPerFileCompile Configuration.swift
SwiftCompile normal arm64_32 /Users/admin/builder/spi-builder-workspace/Sources/SwiftSMB/PublicAPI/Connection-Conv-Transfer.swift (in target 'SwiftSMB' from project 'SwiftSMB')
cd /Users/admin/builder/spi-builder-workspace/.swiftpm/xcode
builtin-SwiftPerFileCompile Connection-Conv-Transfer.swift
SwiftCompile normal arm64_32 /Users/admin/builder/spi-builder-workspace/Sources/SwiftSMB/PublicAPI/Connection-Conv.swift (in target 'SwiftSMB' from project 'SwiftSMB')
cd /Users/admin/builder/spi-builder-workspace/.swiftpm/xcode
builtin-SwiftPerFileCompile Connection-Conv.swift
SwiftCompile normal arm64_32 /Users/admin/builder/spi-builder-workspace/Sources/SwiftSMB/PublicAPI/Connection.swift (in target 'SwiftSMB' from project 'SwiftSMB')
cd /Users/admin/builder/spi-builder-workspace/.swiftpm/xcode
builtin-SwiftPerFileCompile Connection.swift
SwiftCompile normal arm64_32 Compiling\ Notify.swift,\ Operations.swift,\ SMB.swift /Users/admin/builder/spi-builder-workspace/Sources/SwiftSMB/PublicAPI/Notify.swift /Users/admin/builder/spi-builder-workspace/Sources/SwiftSMB/PublicAPI/Operations.swift /Users/admin/builder/spi-builder-workspace/Sources/SwiftSMB/PublicAPI/SMB.swift (in target 'SwiftSMB' from project 'SwiftSMB')
SwiftCompile normal arm64_32 /Users/admin/builder/spi-builder-workspace/Sources/SwiftSMB/PublicAPI/Notify.swift (in target 'SwiftSMB' from project 'SwiftSMB')
cd /Users/admin/builder/spi-builder-workspace/.swiftpm/xcode
builtin-SwiftPerFileCompile Notify.swift
SwiftCompile normal arm64_32 /Users/admin/builder/spi-builder-workspace/Sources/SwiftSMB/PublicAPI/Operations.swift (in target 'SwiftSMB' from project 'SwiftSMB')
cd /Users/admin/builder/spi-builder-workspace/.swiftpm/xcode
builtin-SwiftPerFileCompile Operations.swift
SwiftCompile normal arm64_32 /Users/admin/builder/spi-builder-workspace/Sources/SwiftSMB/PublicAPI/SMB.swift (in target 'SwiftSMB' from project 'SwiftSMB')
cd /Users/admin/builder/spi-builder-workspace/.swiftpm/xcode
builtin-SwiftPerFileCompile SMB.swift
SwiftEmitModule normal arm64_32 Emitting\ module\ for\ SwiftSMB (in target 'SwiftSMB' from project 'SwiftSMB')
SwiftCompile normal arm64_32 (in target 'SwiftSMB' from project 'SwiftSMB')
cd /Users/admin/builder/spi-builder-workspace/.swiftpm/xcode
SwiftEmitModule normal arm64 Emitting\ module\ for\ SwiftSMB (in target 'SwiftSMB' from project 'SwiftSMB')
SwiftCompile normal arm64 (in target 'SwiftSMB' from project 'SwiftSMB')
cd /Users/admin/builder/spi-builder-workspace/.swiftpm/xcode
SwiftDriverJobDiscovery normal arm64_32 Compiling Date+.swift, LinkTargetLookup.swift, OptionSet+.swift (in target 'SwiftSMB' from project 'SwiftSMB')
SwiftCompile normal arm64 Compiling\ PathValidation.swift,\ Protected.swift,\ ProtectedHandle.swift /Users/admin/builder/spi-builder-workspace/Sources/SwiftSMB/PublicAPI/Util/PathValidation.swift /Users/admin/builder/spi-builder-workspace/Sources/SwiftSMB/PublicAPI/Util/Protected.swift /Users/admin/builder/spi-builder-workspace/Sources/SwiftSMB/PublicAPI/Util/ProtectedHandle.swift (in target 'SwiftSMB' from project 'SwiftSMB')
SwiftCompile normal arm64 /Users/admin/builder/spi-builder-workspace/Sources/SwiftSMB/PublicAPI/Util/PathValidation.swift (in target 'SwiftSMB' from project 'SwiftSMB')
cd /Users/admin/builder/spi-builder-workspace/.swiftpm/xcode
builtin-SwiftPerFileCompile PathValidation.swift
SwiftCompile normal arm64 /Users/admin/builder/spi-builder-workspace/Sources/SwiftSMB/PublicAPI/Util/Protected.swift (in target 'SwiftSMB' from project 'SwiftSMB')
cd /Users/admin/builder/spi-builder-workspace/.swiftpm/xcode
builtin-SwiftPerFileCompile Protected.swift
SwiftCompile normal arm64 /Users/admin/builder/spi-builder-workspace/Sources/SwiftSMB/PublicAPI/Util/ProtectedHandle.swift (in target 'SwiftSMB' from project 'SwiftSMB')
cd /Users/admin/builder/spi-builder-workspace/.swiftpm/xcode
builtin-SwiftPerFileCompile ProtectedHandle.swift
SwiftDriverJobDiscovery normal arm64_32 Compiling PathValidation.swift, Protected.swift, ProtectedHandle.swift (in target 'SwiftSMB' from project 'SwiftSMB')
SwiftCompile normal arm64 Compiling\ Bridge-Cancel.swift,\ Bridge-Links.swift,\ Bridge-Locks.swift,\ Bridge-Notifications.swift /Users/admin/builder/spi-builder-workspace/Sources/SwiftSMB/Bridge/Bridge-Cancel.swift /Users/admin/builder/spi-builder-workspace/Sources/SwiftSMB/Bridge/Bridge-Links.swift /Users/admin/builder/spi-builder-workspace/Sources/SwiftSMB/Bridge/Bridge-Locks.swift /Users/admin/builder/spi-builder-workspace/Sources/SwiftSMB/Bridge/Bridge-Notifications.swift (in target 'SwiftSMB' from project 'SwiftSMB')
SwiftCompile normal arm64 /Users/admin/builder/spi-builder-workspace/Sources/SwiftSMB/Bridge/Bridge-Cancel.swift (in target 'SwiftSMB' from project 'SwiftSMB')
cd /Users/admin/builder/spi-builder-workspace/.swiftpm/xcode
builtin-SwiftPerFileCompile Bridge-Cancel.swift
SwiftCompile normal arm64 /Users/admin/builder/spi-builder-workspace/Sources/SwiftSMB/Bridge/Bridge-Links.swift (in target 'SwiftSMB' from project 'SwiftSMB')
cd /Users/admin/builder/spi-builder-workspace/.swiftpm/xcode
builtin-SwiftPerFileCompile Bridge-Links.swift
SwiftCompile normal arm64 /Users/admin/builder/spi-builder-workspace/Sources/SwiftSMB/Bridge/Bridge-Locks.swift (in target 'SwiftSMB' from project 'SwiftSMB')
cd /Users/admin/builder/spi-builder-workspace/.swiftpm/xcode
builtin-SwiftPerFileCompile Bridge-Locks.swift
SwiftCompile normal arm64 /Users/admin/builder/spi-builder-workspace/Sources/SwiftSMB/Bridge/Bridge-Notifications.swift (in target 'SwiftSMB' from project 'SwiftSMB')
cd /Users/admin/builder/spi-builder-workspace/.swiftpm/xcode
builtin-SwiftPerFileCompile Bridge-Notifications.swift
SwiftDriverJobDiscovery normal arm64 Compiling PathWorks.swift (in target 'PathWorks' from project 'PathWorks')
SwiftCompile normal arm64_32 Compiling\ Bridge-Security.swift,\ Bridge-ShareEnum.swift,\ Bridge-URL.swift,\ Bridge.swift /Users/admin/builder/spi-builder-workspace/Sources/SwiftSMB/Bridge/Bridge-Security.swift /Users/admin/builder/spi-builder-workspace/Sources/SwiftSMB/Bridge/Bridge-ShareEnum.swift /Users/admin/builder/spi-builder-workspace/Sources/SwiftSMB/Bridge/Bridge-URL.swift /Users/admin/builder/spi-builder-workspace/Sources/SwiftSMB/Bridge/Bridge.swift (in target 'SwiftSMB' from project 'SwiftSMB')
/Users/admin/builder/spi-builder-workspace/Sources/SwiftSMB/Bridge/Bridge.swift:1343:41: error: integer literal '4294967295' overflows when stored into 'Int'
1341 | static func basicInfoTimeval(from date: Date?) throws -> smb2_timeval {
1342 | guard let date else {
1343 | return smb2_timeval(tv_sec: 0xFFFF_FFFF, tv_usec: CLong(truncatingIfNeeded: UInt32.max))
| `- error: integer literal '4294967295' overflows when stored into 'Int'
1344 | }
1345 | let interval = date.timeIntervalSince1970
Failed frontend command:
/Applications/Xcode-27.0.0.app/Contents/Developer/Toolchains/XcodeDefault.xctoolchain/usr/bin/swift-frontend -frontend -c /Users/admin/builder/spi-builder-workspace/Sources/SwiftSMB/Bridge/Bridge-Cancel.swift /Users/admin/builder/spi-builder-workspace/Sources/SwiftSMB/Bridge/Bridge-Links.swift /Users/admin/builder/spi-builder-workspace/Sources/SwiftSMB/Bridge/Bridge-Locks.swift /Users/admin/builder/spi-builder-workspace/Sources/SwiftSMB/Bridge/Bridge-Notifications.swift -primary-file /Users/admin/builder/spi-builder-workspace/Sources/SwiftSMB/Bridge/Bridge-Security.swift -primary-file /Users/admin/builder/spi-builder-workspace/Sources/SwiftSMB/Bridge/Bridge-ShareEnum.swift -primary-file /Users/admin/builder/spi-builder-workspace/Sources/SwiftSMB/Bridge/Bridge-URL.swift -primary-file /Users/admin/builder/spi-builder-workspace/Sources/SwiftSMB/Bridge/Bridge.swift /Users/admin/builder/spi-builder-workspace/Sources/SwiftSMB/Bridge/BridgeTypes.swift /Users/admin/builder/spi-builder-workspace/Sources/SwiftSMB/Bridge/Extensions/Int.swift /Users/admin/builder/spi-builder-workspace/Sources/SwiftSMB/Bridge/Extensions/SMB.Error.swift /Users/admin/builder/spi-builder-workspace/Sources/SwiftSMB/Bridge/Extensions/String\?.swift /Users/admin/builder/spi-builder-workspace/Sources/SwiftSMB/PublicAPI/Configuration.swift /Users/admin/builder/spi-builder-workspace/Sources/SwiftSMB/PublicAPI/Connection-Conv-Transfer.swift /Users/admin/builder/spi-builder-workspace/Sources/SwiftSMB/PublicAPI/Connection-Conv.swift /Users/admin/builder/spi-builder-workspace/Sources/SwiftSMB/PublicAPI/Connection.swift /Users/admin/builder/spi-builder-workspace/Sources/SwiftSMB/PublicAPI/Directory-Conv.swift /Users/admin/builder/spi-builder-workspace/Sources/SwiftSMB/PublicAPI/Directory.swift /Users/admin/builder/spi-builder-workspace/Sources/SwiftSMB/PublicAPI/Error-InvalidArgument.swift /Users/admin/builder/spi-builder-workspace/Sources/SwiftSMB/PublicAPI/Error-Status.swift /Users/admin/builder/spi-builder-workspace/Sources/SwiftSMB/PublicAPI/Error.swift /Users/admin/builder/spi-builder-workspace/Sources/SwiftSMB/PublicAPI/File.swift /Users/admin/builder/spi-builder-workspace/Sources/SwiftSMB/PublicAPI/Notify.swift /Users/admin/builder/spi-builder-workspace/Sources/SwiftSMB/PublicAPI/Operations.swift /Users/admin/builder/spi-builder-workspace/Sources/SwiftSMB/PublicAPI/SMB.swift /Users/admin/builder/spi-builder-workspace/Sources/SwiftSMB/PublicAPI/Security.swift /Users/admin/builder/spi-builder-workspace/Sources/SwiftSMB/PublicAPI/Types.swift /Users/admin/builder/spi-builder-workspace/Sources/SwiftSMB/PublicAPI/Util/ConnectionOperations.swift /Users/admin/builder/spi-builder-workspace/Sources/SwiftSMB/PublicAPI/Util/Date+.swift /Users/admin/builder/spi-builder-workspace/Sources/SwiftSMB/PublicAPI/Util/LinkTargetLookup.swift /Users/admin/builder/spi-builder-workspace/Sources/SwiftSMB/PublicAPI/Util/OptionSet+.swift /Users/admin/builder/spi-builder-workspace/Sources/SwiftSMB/PublicAPI/Util/PathValidation.swift /Users/admin/builder/spi-builder-workspace/Sources/SwiftSMB/PublicAPI/Util/Protected.swift /Users/admin/builder/spi-builder-workspace/Sources/SwiftSMB/PublicAPI/Util/ProtectedHandle.swift -supplementary-output-file-map /Users/admin/builder/spi-builder-workspace/.derivedData/Build/Intermediates.noindex/SwiftSMB.build/Debug-watchos/SwiftSMB-t.build/Objects-normal/arm64_32/supplementaryOutputs-5 -target arm64_32-apple-watchos9.0 -disable-cross-import-overlay-search -load-resolved-plugin /Applications/Xcode-27.0.0.app/Contents/Developer/Platforms/WatchOS.platform/Developer/usr/lib/swift/host/plugins/libFoundationMacros.dylib\#/Applications/Xcode-27.0.0.app/Contents/Developer/Platforms/WatchOS.platform/Developer/usr/bin/swift-plugin-server\#FoundationMacros -load-resolved-plugin /Applications/Xcode-27.0.0.app/Contents/Developer/Platforms/WatchOS.platform/Developer/usr/lib/swift/host/plugins/libObservationMacros.dylib\#/Applications/Xcode-27.0.0.app/Contents/Developer/Platforms/WatchOS.platform/Developer/usr/bin/swift-plugin-server\#ObservationMacros -load-resolved-plugin /Applications/Xcode-27.0.0.app/Contents/Developer/Platforms/WatchOS.platform/Developer/usr/lib/swift/host/plugins/libSwiftMacros.dylib\#/Applications/Xcode-27.0.0.app/Contents/Developer/Platforms/WatchOS.platform/Developer/usr/bin/swift-plugin-server\#SwiftMacros -disable-implicit-swift-modules -Xcc -fno-implicit-modules -Xcc -fno-implicit-module-maps -explicit-swift-module-map-file /Users/admin/builder/spi-builder-workspace/.derivedData/Build/Intermediates.noindex/SwiftSMB.build/Debug-watchos/SwiftSMB-t.build/Objects-normal/arm64_32/SwiftSMB-dependencies-1.json -enable-objc-interop -sdk /Applications/Xcode-27.0.0.app/Contents/Developer/Platforms/WatchOS.platform/Developer/SDKs/WatchOS27.0.sdk -I /Users/admin/builder/spi-builder-workspace/.derivedData/Build/Products/Debug-watchos -Isystem /Applications/Xcode-27.0.0.app/Contents/Developer/Platforms/WatchOS.platform/Developer/usr/lib -F /Users/admin/builder/spi-builder-workspace/.derivedData/Build/Products/Debug-watchos/PackageFrameworks -F /Users/admin/builder/spi-builder-workspace/.derivedData/Build/Products/Debug-watchos -F /Applications/Xcode-27.0.0.app/Contents/Developer/Platforms/WatchOS.platform/Developer/Library/Frameworks -F /Applications/Xcode-27.0.0.app/Contents/Developer/Platforms/WatchOS.platform/Developer/SDKs/WatchOS27.0.sdk/Developer/Library/Frameworks -module-cache-path /Users/admin/builder/spi-builder-workspace/.derivedData/Build/Intermediates.noindex/SwiftExplicitPrecompiledModules -no-color-diagnostics -Xcc -fno-color-diagnostics -enable-testing -g -debug-info-format\=dwarf -dwarf-version\=4 -profile-generate -profile-coverage-mapping -swift-version 6 -Onone -D SWIFT_PACKAGE -D DEBUG -D SWIFT_MODULE_RESOURCE_BUNDLE_UNAVAILABLE -D Xcode -serialize-debugging-options -enable-experimental-feature DebugDescriptionMacro -empty-abi-descriptor -validate-clang-modules-once -clang-build-session-file /Users/admin/builder/spi-builder-workspace/.derivedData/ModuleCache.noindex/Session.modulevalidation -Xcc -working-directory -Xcc /Users/admin/builder/spi-builder-workspace/.swiftpm/xcode -enable-anonymous-context-mangled-names -file-compilation-dir /Users/admin/builder/spi-builder-workspace/.swiftpm/xcode -Xcc -fmodule-map-file\=/Users/admin/builder/spi-builder-workspace/Sources/libsmb2/include/module.modulemap -Xcc -D_LIBCPP_HARDENING_MODE\=_LIBCPP_HARDENING_MODE_DEBUG -Xcc -ivfsstatcache -Xcc /Users/admin/builder/spi-builder-workspace/.derivedData/SDKStatCaches.noindex/watchos27.0-24R360-e829b21a6f8c9b70876ba0858053c044b9db9bc9c079ee3c7b5f3373b13d10bc.sdkstatcache -Xcc -fmodules-prune-interval\=86400 -Xcc -fmodules-prune-after\=345600 -Xcc -I/Users/admin/builder/spi-builder-workspace/Sources/libsmb2/include -Xcc -I/Users/admin/builder/spi-builder-workspace/.derivedData/Build/Products/Debug-watchos/include -Xcc -I/Users/admin/builder/spi-builder-workspace/.derivedData/Build/Intermediates.noindex/SwiftSMB.build/Debug-watchos/SwiftSMB-t.build/DerivedSources-normal/arm64_32 -Xcc -I/Users/admin/builder/spi-builder-workspace/.derivedData/Build/Intermediates.noindex/SwiftSMB.build/Debug-watchos/SwiftSMB-t.build/DerivedSources/arm64_32 -Xcc -I/Users/admin/builder/spi-builder-workspace/.derivedData/Build/Intermediates.noindex/SwiftSMB.build/Debug-watchos/SwiftSMB-t.build/DerivedSources -Xcc -DSWIFT_PACKAGE -Xcc -DDEBUG\=1 -no-auto-bridging-header-chaining -module-name SwiftSMB -package-name spi_builder_workspace -const-gather-protocols-file /Users/admin/builder/spi-builder-workspace/.derivedData/Build/Intermediates.noindex/SwiftSMB.build/Debug-watchos/SwiftSMB-t.build/Objects-normal/arm64_32/SwiftSMB_const_extract_protocols.json -disable-clang-spi -clang-target arm64_32-apple-watchos27.0 -target-sdk-version 27.0 -target-sdk-name watchos27.0 -in-process-plugin-server-path /Applications/Xcode-27.0.0.app/Contents/Developer/Toolchains/XcodeDefault.xctoolchain/usr/lib/swift/host/libSwiftInProcPluginServer.dylib -parse-as-library -o /Users/admin/builder/spi-builder-workspace/.derivedData/Build/Intermediates.noindex/SwiftSMB.build/Debug-watchos/SwiftSMB-t.build/Objects-normal/arm64_32/Bridge-Security.o -o /Users/admin/builder/spi-builder-workspace/.derivedData/Build/Intermediates.noindex/SwiftSMB.build/Debug-watchos/SwiftSMB-t.build/Objects-normal/arm64_32/Bridge-ShareEnum.o -o /Users/admin/builder/spi-builder-workspace/.derivedData/Build/Intermediates.noindex/SwiftSMB.build/Debug-watchos/SwiftSMB-t.build/Objects-normal/arm64_32/Bridge-URL.o -o /Users/admin/builder/spi-builder-workspace/.derivedData/Build/Intermediates.noindex/SwiftSMB.build/Debug-watchos/SwiftSMB-t.build/Objects-normal/arm64_32/Bridge.o -debug-module-path /Users/admin/builder/spi-builder-workspace/.derivedData/Build/Intermediates.noindex/SwiftSMB.build/Debug-watchos/SwiftSMB-t.build/Objects-normal/arm64_32/SwiftSMB.swiftmodule -index-unit-output-path /SwiftSMB.build/Debug-watchos/SwiftSMB-t.build/Objects-normal/arm64_32/Bridge-Security.o -index-unit-output-path /SwiftSMB.build/Debug-watchos/SwiftSMB-t.build/Objects-normal/arm64_32/Bridge-ShareEnum.o -index-unit-output-path /SwiftSMB.build/Debug-watchos/SwiftSMB-t.build/Objects-normal/arm64_32/Bridge-URL.o -index-unit-output-path /SwiftSMB.build/Debug-watchos/SwiftSMB-t.build/Objects-normal/arm64_32/Bridge.o -index-store-path /Users/admin/builder/spi-builder-workspace/.derivedData/Index.noindex/DataStore -index-system-modules
SwiftCompile normal arm64_32 /Users/admin/builder/spi-builder-workspace/Sources/SwiftSMB/Bridge/Bridge-Security.swift (in target 'SwiftSMB' from project 'SwiftSMB')
cd /Users/admin/builder/spi-builder-workspace/.swiftpm/xcode
builtin-SwiftPerFileCompile Bridge-Security.swift
SwiftCompile normal arm64_32 /Users/admin/builder/spi-builder-workspace/Sources/SwiftSMB/Bridge/Bridge-ShareEnum.swift (in target 'SwiftSMB' from project 'SwiftSMB')
cd /Users/admin/builder/spi-builder-workspace/.swiftpm/xcode
builtin-SwiftPerFileCompile Bridge-ShareEnum.swift
SwiftCompile normal arm64_32 /Users/admin/builder/spi-builder-workspace/Sources/SwiftSMB/Bridge/Bridge-URL.swift (in target 'SwiftSMB' from project 'SwiftSMB')
cd /Users/admin/builder/spi-builder-workspace/.swiftpm/xcode
builtin-SwiftPerFileCompile Bridge-URL.swift
SwiftCompile normal arm64_32 /Users/admin/builder/spi-builder-workspace/Sources/SwiftSMB/Bridge/Bridge.swift (in target 'SwiftSMB' from project 'SwiftSMB')
cd /Users/admin/builder/spi-builder-workspace/.swiftpm/xcode
builtin-SwiftPerFileCompile Bridge.swift
SwiftDriverJobDiscovery normal arm64_32 Compiling PathWorks.swift (in target 'PathWorks' from project 'PathWorks')
SwiftCompile normal arm64 Compiling\ Bridge-Security.swift,\ Bridge-ShareEnum.swift,\ Bridge-URL.swift,\ Bridge.swift /Users/admin/builder/spi-builder-workspace/Sources/SwiftSMB/Bridge/Bridge-Security.swift /Users/admin/builder/spi-builder-workspace/Sources/SwiftSMB/Bridge/Bridge-ShareEnum.swift /Users/admin/builder/spi-builder-workspace/Sources/SwiftSMB/Bridge/Bridge-URL.swift /Users/admin/builder/spi-builder-workspace/Sources/SwiftSMB/Bridge/Bridge.swift (in target 'SwiftSMB' from project 'SwiftSMB')
SwiftCompile normal arm64 /Users/admin/builder/spi-builder-workspace/Sources/SwiftSMB/Bridge/Bridge-Security.swift (in target 'SwiftSMB' from project 'SwiftSMB')
cd /Users/admin/builder/spi-builder-workspace/.swiftpm/xcode
builtin-SwiftPerFileCompile Bridge-Security.swift
SwiftCompile normal arm64 /Users/admin/builder/spi-builder-workspace/Sources/SwiftSMB/Bridge/Bridge-ShareEnum.swift (in target 'SwiftSMB' from project 'SwiftSMB')
cd /Users/admin/builder/spi-builder-workspace/.swiftpm/xcode
builtin-SwiftPerFileCompile Bridge-ShareEnum.swift
SwiftCompile normal arm64 /Users/admin/builder/spi-builder-workspace/Sources/SwiftSMB/Bridge/Bridge-URL.swift (in target 'SwiftSMB' from project 'SwiftSMB')
cd /Users/admin/builder/spi-builder-workspace/.swiftpm/xcode
builtin-SwiftPerFileCompile Bridge-URL.swift
SwiftCompile normal arm64 /Users/admin/builder/spi-builder-workspace/Sources/SwiftSMB/Bridge/Bridge.swift (in target 'SwiftSMB' from project 'SwiftSMB')
cd /Users/admin/builder/spi-builder-workspace/.swiftpm/xcode
builtin-SwiftPerFileCompile Bridge.swift
SwiftDriverJobDiscovery normal arm64_32 Emitting module for SwiftSMB (in target 'SwiftSMB' from project 'SwiftSMB')
SwiftDriver\ Compilation\ Requirements SwiftSMB normal arm64_32 com.apple.xcode.tools.swift.compiler (in target 'SwiftSMB' from project 'SwiftSMB')
cd /Users/admin/builder/spi-builder-workspace/.swiftpm/xcode
builtin-Swift-Compilation-Requirements -- /Applications/Xcode-27.0.0.app/Contents/Developer/Toolchains/XcodeDefault.xctoolchain/usr/bin/swiftc -parse-as-library -module-name SwiftSMB -Onone @/Users/admin/builder/spi-builder-workspace/.derivedData/Build/Intermediates.noindex/SwiftSMB.build/Debug-watchos/SwiftSMB-t.build/Objects-normal/arm64_32/SwiftSMB.SwiftFileList -DSWIFT_PACKAGE -DDEBUG -DSWIFT_MODULE_RESOURCE_BUNDLE_UNAVAILABLE -Xcc -fmodule-map-file\=/Users/admin/builder/spi-builder-workspace/Sources/libsmb2/include/module.modulemap -DXcode -plugin-path /Applications/Xcode-27.0.0.app/Contents/Developer/Toolchains/XcodeDefault.xctoolchain/usr/lib/swift/host/plugins/testing -enable-experimental-feature DebugDescriptionMacro -sdk /Applications/Xcode-27.0.0.app/Contents/Developer/Platforms/WatchOS.platform/Developer/SDKs/WatchOS27.0.sdk -target arm64_32-apple-watchos9.0 -g -module-cache-path /Users/admin/builder/spi-builder-workspace/.derivedData/ModuleCache.noindex -Xfrontend -serialize-debugging-options -profile-coverage-mapping -profile-generate -enable-testing -index-store-path /Users/admin/builder/spi-builder-workspace/.derivedData/Index.noindex/DataStore -Xcc -D_LIBCPP_HARDENING_MODE\=_LIBCPP_HARDENING_MODE_DEBUG -swift-version 6 -I /Users/admin/builder/spi-builder-workspace/.derivedData/Build/Products/Debug-watchos -Isystem /Applications/Xcode-27.0.0.app/Contents/Developer/Platforms/WatchOS.platform/Developer/usr/lib -F /Users/admin/builder/spi-builder-workspace/.derivedData/Build/Products/Debug-watchos/PackageFrameworks -F /Users/admin/builder/spi-builder-workspace/.derivedData/Build/Products/Debug-watchos -F /Applications/Xcode-27.0.0.app/Contents/Developer/Platforms/WatchOS.platform/Developer/Library/Frameworks -F /Applications/Xcode-27.0.0.app/Contents/Developer/Platforms/WatchOS.platform/Developer/SDKs/WatchOS27.0.sdk/Developer/Library/Frameworks -c -j10 -enable-batch-mode -incremental -Xcc -ivfsstatcache -Xcc /Users/admin/builder/spi-builder-workspace/.derivedData/SDKStatCaches.noindex/watchos27.0-24R360-e829b21a6f8c9b70876ba0858053c044b9db9bc9c079ee3c7b5f3373b13d10bc.sdkstatcache -output-file-map /Users/admin/builder/spi-builder-workspace/.derivedData/Build/Intermediates.noindex/SwiftSMB.build/Debug-watchos/SwiftSMB-t.build/Objects-normal/arm64_32/SwiftSMB-OutputFileMap.json -save-temps -no-color-diagnostics -explicit-module-build -module-cache-path /Users/admin/builder/spi-builder-workspace/.derivedData/Build/Intermediates.noindex/SwiftExplicitPrecompiledModules -clang-scanner-module-cache-path /Users/admin/builder/spi-builder-workspace/.derivedData/ModuleCache.noindex -sdk-module-cache-path /Users/admin/builder/spi-builder-workspace/.derivedData/SDKExplicitPrecompiledModules -emit-dependencies -emit-module -emit-module-path /Users/admin/builder/spi-builder-workspace/.derivedData/Build/Intermediates.noindex/SwiftSMB.build/Debug-watchos/SwiftSMB-t.build/Objects-normal/arm64_32/SwiftSMB.swiftmodule -serialize-diagnostics -dependency-scan-serialize-diagnostics-path /Users/admin/builder/spi-builder-workspace/.derivedData/Build/Intermediates.noindex/SwiftSMB.build/Debug-watchos/SwiftSMB-t.build/Objects-normal/arm64_32/SwiftSMB-dependency-scan.dia -validate-clang-modules-once -clang-build-session-file /Users/admin/builder/spi-builder-workspace/.derivedData/ModuleCache.noindex/Session.modulevalidation -Xcc -fmodules-prune-interval\=86400 -Xcc -fmodules-prune-after\=345600 -package-name spi_builder_workspace -emit-const-values -const-gather-protocols-list /Users/admin/builder/spi-builder-workspace/.derivedData/Build/Intermediates.noindex/SwiftSMB.build/Debug-watchos/SwiftSMB-t.build/Objects-normal/arm64_32/SwiftSMB_const_extract_protocols.json -Xcc -I/Users/admin/builder/spi-builder-workspace/Sources/libsmb2/include -Xcc -I/Users/admin/builder/spi-builder-workspace/.derivedData/Build/Products/Debug-watchos/include -Xcc -I/Users/admin/builder/spi-builder-workspace/.derivedData/Build/Intermediates.noindex/SwiftSMB.build/Debug-watchos/SwiftSMB-t.build/DerivedSources-normal/arm64_32 -Xcc -I/Users/admin/builder/spi-builder-workspace/.derivedData/Build/Intermediates.noindex/SwiftSMB.build/Debug-watchos/SwiftSMB-t.build/DerivedSources/arm64_32 -Xcc -I/Users/admin/builder/spi-builder-workspace/.derivedData/Build/Intermediates.noindex/SwiftSMB.build/Debug-watchos/SwiftSMB-t.build/DerivedSources -Xcc -DSWIFT_PACKAGE -Xcc -DDEBUG\=1 -emit-objc-header -emit-objc-header-path /Users/admin/builder/spi-builder-workspace/.derivedData/Build/Intermediates.noindex/SwiftSMB.build/Debug-watchos/SwiftSMB-t.build/Objects-normal/arm64_32/SwiftSMB-Swift.h -working-directory /Users/admin/builder/spi-builder-workspace/.swiftpm/xcode -experimental-emit-module-separately -disable-cmo
SwiftDriverJobDiscovery normal arm64_32 Compiling Security.swift, Types.swift, ConnectionOperations.swift (in target 'SwiftSMB' from project 'SwiftSMB')
SwiftCompile normal arm64 Compiling\ Date+.swift,\ LinkTargetLookup.swift,\ OptionSet+.swift /Users/admin/builder/spi-builder-workspace/Sources/SwiftSMB/PublicAPI/Util/Date+.swift /Users/admin/builder/spi-builder-workspace/Sources/SwiftSMB/PublicAPI/Util/LinkTargetLookup.swift /Users/admin/builder/spi-builder-workspace/Sources/SwiftSMB/PublicAPI/Util/OptionSet+.swift (in target 'SwiftSMB' from project 'SwiftSMB')
SwiftCompile normal arm64 /Users/admin/builder/spi-builder-workspace/Sources/SwiftSMB/PublicAPI/Util/Date+.swift (in target 'SwiftSMB' from project 'SwiftSMB')
cd /Users/admin/builder/spi-builder-workspace/.swiftpm/xcode
builtin-SwiftPerFileCompile Date+.swift
SwiftCompile normal arm64 /Users/admin/builder/spi-builder-workspace/Sources/SwiftSMB/PublicAPI/Util/LinkTargetLookup.swift (in target 'SwiftSMB' from project 'SwiftSMB')
cd /Users/admin/builder/spi-builder-workspace/.swiftpm/xcode
builtin-SwiftPerFileCompile LinkTargetLookup.swift
SwiftCompile normal arm64 /Users/admin/builder/spi-builder-workspace/Sources/SwiftSMB/PublicAPI/Util/OptionSet+.swift (in target 'SwiftSMB' from project 'SwiftSMB')
cd /Users/admin/builder/spi-builder-workspace/.swiftpm/xcode
builtin-SwiftPerFileCompile OptionSet+.swift
Copy /Users/admin/builder/spi-builder-workspace/.derivedData/Build/Products/Debug-watchos/SwiftSMB.swiftmodule/arm64_32-apple-watchos.swiftmodule /Users/admin/builder/spi-builder-workspace/.derivedData/Build/Intermediates.noindex/SwiftSMB.build/Debug-watchos/SwiftSMB-t.build/Objects-normal/arm64_32/SwiftSMB.swiftmodule (in target 'SwiftSMB' from project 'SwiftSMB')
cd /Users/admin/builder/spi-builder-workspace
builtin-copy -exclude .DS_Store -exclude CVS -exclude .svn -exclude .git -exclude .hg -resolve-src-symlinks -rename /Users/admin/builder/spi-builder-workspace/.derivedData/Build/Intermediates.noindex/SwiftSMB.build/Debug-watchos/SwiftSMB-t.build/Objects-normal/arm64_32/SwiftSMB.swiftmodule /Users/admin/builder/spi-builder-workspace/.derivedData/Build/Products/Debug-watchos/SwiftSMB.swiftmodule/arm64_32-apple-watchos.swiftmodule
SwiftDriverJobDiscovery normal arm64_32 Compiling Notify.swift, Operations.swift, SMB.swift (in target 'SwiftSMB' from project 'SwiftSMB')
Copy /Users/admin/builder/spi-builder-workspace/.derivedData/Build/Products/Debug-watchos/SwiftSMB.swiftmodule/arm64_32-apple-watchos.swiftdoc /Users/admin/builder/spi-builder-workspace/.derivedData/Build/Intermediates.noindex/SwiftSMB.build/Debug-watchos/SwiftSMB-t.build/Objects-normal/arm64_32/SwiftSMB.swiftdoc (in target 'SwiftSMB' from project 'SwiftSMB')
cd /Users/admin/builder/spi-builder-workspace
builtin-copy -exclude .DS_Store -exclude CVS -exclude .svn -exclude .git -exclude .hg -resolve-src-symlinks -rename /Users/admin/builder/spi-builder-workspace/.derivedData/Build/Intermediates.noindex/SwiftSMB.build/Debug-watchos/SwiftSMB-t.build/Objects-normal/arm64_32/SwiftSMB.swiftdoc /Users/admin/builder/spi-builder-workspace/.derivedData/Build/Products/Debug-watchos/SwiftSMB.swiftmodule/arm64_32-apple-watchos.swiftdoc
Copy /Users/admin/builder/spi-builder-workspace/.derivedData/Build/Products/Debug-watchos/SwiftSMB.swiftmodule/arm64_32-apple-watchos.abi.json /Users/admin/builder/spi-builder-workspace/.derivedData/Build/Intermediates.noindex/SwiftSMB.build/Debug-watchos/SwiftSMB-t.build/Objects-normal/arm64_32/SwiftSMB.abi.json (in target 'SwiftSMB' from project 'SwiftSMB')
cd /Users/admin/builder/spi-builder-workspace
builtin-copy -exclude .DS_Store -exclude CVS -exclude .svn -exclude .git -exclude .hg -resolve-src-symlinks -rename /Users/admin/builder/spi-builder-workspace/.derivedData/Build/Intermediates.noindex/SwiftSMB.build/Debug-watchos/SwiftSMB-t.build/Objects-normal/arm64_32/SwiftSMB.abi.json /Users/admin/builder/spi-builder-workspace/.derivedData/Build/Products/Debug-watchos/SwiftSMB.swiftmodule/arm64_32-apple-watchos.abi.json
SwiftDriverJobDiscovery normal arm64_32 Compiling BridgeTypes.swift, Int.swift, SMB.Error.swift, String?.swift (in target 'SwiftSMB' from project 'SwiftSMB')
Copy /Users/admin/builder/spi-builder-workspace/.derivedData/Build/Products/Debug-watchos/SwiftSMB.swiftmodule/Project/arm64_32-apple-watchos.swiftsourceinfo /Users/admin/builder/spi-builder-workspace/.derivedData/Build/Intermediates.noindex/SwiftSMB.build/Debug-watchos/SwiftSMB-t.build/Objects-normal/arm64_32/SwiftSMB.swiftsourceinfo (in target 'SwiftSMB' from project 'SwiftSMB')
cd /Users/admin/builder/spi-builder-workspace
builtin-copy -exclude .DS_Store -exclude CVS -exclude .svn -exclude .git -exclude .hg -resolve-src-symlinks -rename /Users/admin/builder/spi-builder-workspace/.derivedData/Build/Intermediates.noindex/SwiftSMB.build/Debug-watchos/SwiftSMB-t.build/Objects-normal/arm64_32/SwiftSMB.swiftsourceinfo /Users/admin/builder/spi-builder-workspace/.derivedData/Build/Products/Debug-watchos/SwiftSMB.swiftmodule/Project/arm64_32-apple-watchos.swiftsourceinfo
SwiftCompile normal arm64 Compiling\ Configuration.swift,\ Connection-Conv-Transfer.swift,\ Connection-Conv.swift,\ Connection.swift /Users/admin/builder/spi-builder-workspace/Sources/SwiftSMB/PublicAPI/Configuration.swift /Users/admin/builder/spi-builder-workspace/Sources/SwiftSMB/PublicAPI/Connection-Conv-Transfer.swift /Users/admin/builder/spi-builder-workspace/Sources/SwiftSMB/PublicAPI/Connection-Conv.swift /Users/admin/builder/spi-builder-workspace/Sources/SwiftSMB/PublicAPI/Connection.swift (in target 'SwiftSMB' from project 'SwiftSMB')
SwiftCompile normal arm64 /Users/admin/builder/spi-builder-workspace/Sources/SwiftSMB/PublicAPI/Configuration.swift (in target 'SwiftSMB' from project 'SwiftSMB')
cd /Users/admin/builder/spi-builder-workspace/.swiftpm/xcode
builtin-SwiftPerFileCompile Configuration.swift
SwiftCompile normal arm64 /Users/admin/builder/spi-builder-workspace/Sources/SwiftSMB/PublicAPI/Connection-Conv-Transfer.swift (in target 'SwiftSMB' from project 'SwiftSMB')
cd /Users/admin/builder/spi-builder-workspace/.swiftpm/xcode
builtin-SwiftPerFileCompile Connection-Conv-Transfer.swift
SwiftCompile normal arm64 /Users/admin/builder/spi-builder-workspace/Sources/SwiftSMB/PublicAPI/Connection-Conv.swift (in target 'SwiftSMB' from project 'SwiftSMB')
cd /Users/admin/builder/spi-builder-workspace/.swiftpm/xcode
builtin-SwiftPerFileCompile Connection-Conv.swift
SwiftCompile normal arm64 /Users/admin/builder/spi-builder-workspace/Sources/SwiftSMB/PublicAPI/Connection.swift (in target 'SwiftSMB' from project 'SwiftSMB')
cd /Users/admin/builder/spi-builder-workspace/.swiftpm/xcode
builtin-SwiftPerFileCompile Connection.swift
SwiftCompile normal arm64_32 Compiling\ Bridge-Cancel.swift,\ Bridge-Links.swift,\ Bridge-Locks.swift,\ Bridge-Notifications.swift /Users/admin/builder/spi-builder-workspace/Sources/SwiftSMB/Bridge/Bridge-Cancel.swift /Users/admin/builder/spi-builder-workspace/Sources/SwiftSMB/Bridge/Bridge-Links.swift /Users/admin/builder/spi-builder-workspace/Sources/SwiftSMB/Bridge/Bridge-Locks.swift /Users/admin/builder/spi-builder-workspace/Sources/SwiftSMB/Bridge/Bridge-Notifications.swift (in target 'SwiftSMB' from project 'SwiftSMB')
SwiftCompile normal arm64_32 /Users/admin/builder/spi-builder-workspace/Sources/SwiftSMB/Bridge/Bridge-Cancel.swift (in target 'SwiftSMB' from project 'SwiftSMB')
cd /Users/admin/builder/spi-builder-workspace/.swiftpm/xcode
builtin-SwiftPerFileCompile Bridge-Cancel.swift
SwiftCompile normal arm64_32 /Users/admin/builder/spi-builder-workspace/Sources/SwiftSMB/Bridge/Bridge-Links.swift (in target 'SwiftSMB' from project 'SwiftSMB')
cd /Users/admin/builder/spi-builder-workspace/.swiftpm/xcode
builtin-SwiftPerFileCompile Bridge-Links.swift
SwiftCompile normal arm64_32 /Users/admin/builder/spi-builder-workspace/Sources/SwiftSMB/Bridge/Bridge-Locks.swift (in target 'SwiftSMB' from project 'SwiftSMB')
cd /Users/admin/builder/spi-builder-workspace/.swiftpm/xcode
builtin-SwiftPerFileCompile Bridge-Locks.swift
SwiftCompile normal arm64_32 /Users/admin/builder/spi-builder-workspace/Sources/SwiftSMB/Bridge/Bridge-Notifications.swift (in target 'SwiftSMB' from project 'SwiftSMB')
cd /Users/admin/builder/spi-builder-workspace/.swiftpm/xcode
builtin-SwiftPerFileCompile Bridge-Notifications.swift
SwiftCompile normal arm64 Compiling\ Security.swift,\ Types.swift,\ ConnectionOperations.swift /Users/admin/builder/spi-builder-workspace/Sources/SwiftSMB/PublicAPI/Security.swift /Users/admin/builder/spi-builder-workspace/Sources/SwiftSMB/PublicAPI/Types.swift /Users/admin/builder/spi-builder-workspace/Sources/SwiftSMB/PublicAPI/Util/ConnectionOperations.swift (in target 'SwiftSMB' from project 'SwiftSMB')
SwiftCompile normal arm64 /Users/admin/builder/spi-builder-workspace/Sources/SwiftSMB/PublicAPI/Security.swift (in target 'SwiftSMB' from project 'SwiftSMB')
cd /Users/admin/builder/spi-builder-workspace/.swiftpm/xcode
builtin-SwiftPerFileCompile Security.swift
SwiftCompile normal arm64 /Users/admin/builder/spi-builder-workspace/Sources/SwiftSMB/PublicAPI/Types.swift (in target 'SwiftSMB' from project 'SwiftSMB')
cd /Users/admin/builder/spi-builder-workspace/.swiftpm/xcode
builtin-SwiftPerFileCompile Types.swift
SwiftCompile normal arm64 /Users/admin/builder/spi-builder-workspace/Sources/SwiftSMB/PublicAPI/Util/ConnectionOperations.swift (in target 'SwiftSMB' from project 'SwiftSMB')
cd /Users/admin/builder/spi-builder-workspace/.swiftpm/xcode
builtin-SwiftPerFileCompile ConnectionOperations.swift
SwiftDriverJobDiscovery normal arm64 Compiling PathValidation.swift, Protected.swift, ProtectedHandle.swift (in target 'SwiftSMB' from project 'SwiftSMB')
SwiftCompile normal arm64 Compiling\ Notify.swift,\ Operations.swift,\ SMB.swift /Users/admin/builder/spi-builder-workspace/Sources/SwiftSMB/PublicAPI/Notify.swift /Users/admin/builder/spi-builder-workspace/Sources/SwiftSMB/PublicAPI/Operations.swift /Users/admin/builder/spi-builder-workspace/Sources/SwiftSMB/PublicAPI/SMB.swift (in target 'SwiftSMB' from project 'SwiftSMB')
SwiftCompile normal arm64 /Users/admin/builder/spi-builder-workspace/Sources/SwiftSMB/PublicAPI/Notify.swift (in target 'SwiftSMB' from project 'SwiftSMB')
cd /Users/admin/builder/spi-builder-workspace/.swiftpm/xcode
builtin-SwiftPerFileCompile Notify.swift
SwiftCompile normal arm64 /Users/admin/builder/spi-builder-workspace/Sources/SwiftSMB/PublicAPI/Operations.swift (in target 'SwiftSMB' from project 'SwiftSMB')
cd /Users/admin/builder/spi-builder-workspace/.swiftpm/xcode
builtin-SwiftPerFileCompile Operations.swift
SwiftCompile normal arm64 /Users/admin/builder/spi-builder-workspace/Sources/SwiftSMB/PublicAPI/SMB.swift (in target 'SwiftSMB' from project 'SwiftSMB')
cd /Users/admin/builder/spi-builder-workspace/.swiftpm/xcode
builtin-SwiftPerFileCompile SMB.swift
SwiftDriverJobDiscovery normal arm64 Compiling Date+.swift, LinkTargetLookup.swift, OptionSet+.swift (in target 'SwiftSMB' from project 'SwiftSMB')
SwiftCompile normal arm64_32 Compiling\ Directory-Conv.swift,\ Directory.swift,\ Error-InvalidArgument.swift /Users/admin/builder/spi-builder-workspace/Sources/SwiftSMB/PublicAPI/Directory-Conv.swift /Users/admin/builder/spi-builder-workspace/Sources/SwiftSMB/PublicAPI/Directory.swift /Users/admin/builder/spi-builder-workspace/Sources/SwiftSMB/PublicAPI/Error-InvalidArgument.swift (in target 'SwiftSMB' from project 'SwiftSMB')
SwiftCompile normal arm64_32 /Users/admin/builder/spi-builder-workspace/Sources/SwiftSMB/PublicAPI/Directory-Conv.swift (in target 'SwiftSMB' from project 'SwiftSMB')
cd /Users/admin/builder/spi-builder-workspace/.swiftpm/xcode
builtin-SwiftPerFileCompile Directory-Conv.swift
SwiftCompile normal arm64_32 /Users/admin/builder/spi-builder-workspace/Sources/SwiftSMB/PublicAPI/Directory.swift (in target 'SwiftSMB' from project 'SwiftSMB')
cd /Users/admin/builder/spi-builder-workspace/.swiftpm/xcode
builtin-SwiftPerFileCompile Directory.swift
SwiftCompile normal arm64_32 /Users/admin/builder/spi-builder-workspace/Sources/SwiftSMB/PublicAPI/Error-InvalidArgument.swift (in target 'SwiftSMB' from project 'SwiftSMB')
cd /Users/admin/builder/spi-builder-workspace/.swiftpm/xcode
builtin-SwiftPerFileCompile Error-InvalidArgument.swift
SwiftDriverJobDiscovery normal arm64_32 Compiling Error-Status.swift, Error.swift, File.swift (in target 'SwiftSMB' from project 'SwiftSMB')
SwiftCompile normal arm64 Compiling\ Directory-Conv.swift,\ Directory.swift,\ Error-InvalidArgument.swift /Users/admin/builder/spi-builder-workspace/Sources/SwiftSMB/PublicAPI/Directory-Conv.swift /Users/admin/builder/spi-builder-workspace/Sources/SwiftSMB/PublicAPI/Directory.swift /Users/admin/builder/spi-builder-workspace/Sources/SwiftSMB/PublicAPI/Error-InvalidArgument.swift (in target 'SwiftSMB' from project 'SwiftSMB')
SwiftCompile normal arm64 /Users/admin/builder/spi-builder-workspace/Sources/SwiftSMB/PublicAPI/Directory-Conv.swift (in target 'SwiftSMB' from project 'SwiftSMB')
cd /Users/admin/builder/spi-builder-workspace/.swiftpm/xcode
builtin-SwiftPerFileCompile Directory-Conv.swift
SwiftCompile normal arm64 /Users/admin/builder/spi-builder-workspace/Sources/SwiftSMB/PublicAPI/Directory.swift (in target 'SwiftSMB' from project 'SwiftSMB')
cd /Users/admin/builder/spi-builder-workspace/.swiftpm/xcode
builtin-SwiftPerFileCompile Directory.swift
SwiftCompile normal arm64 /Users/admin/builder/spi-builder-workspace/Sources/SwiftSMB/PublicAPI/Error-InvalidArgument.swift (in target 'SwiftSMB' from project 'SwiftSMB')
cd /Users/admin/builder/spi-builder-workspace/.swiftpm/xcode
builtin-SwiftPerFileCompile Error-InvalidArgument.swift
SwiftDriverJobDiscovery normal arm64 Compiling Bridge-Cancel.swift, Bridge-Links.swift, Bridge-Locks.swift, Bridge-Notifications.swift (in target 'SwiftSMB' from project 'SwiftSMB')
SwiftCompile normal arm64 Compiling\ Error-Status.swift,\ Error.swift,\ File.swift /Users/admin/builder/spi-builder-workspace/Sources/SwiftSMB/PublicAPI/Error-Status.swift /Users/admin/builder/spi-builder-workspace/Sources/SwiftSMB/PublicAPI/Error.swift /Users/admin/builder/spi-builder-workspace/Sources/SwiftSMB/PublicAPI/File.swift (in target 'SwiftSMB' from project 'SwiftSMB')
SwiftCompile normal arm64 /Users/admin/builder/spi-builder-workspace/Sources/SwiftSMB/PublicAPI/Error-Status.swift (in target 'SwiftSMB' from project 'SwiftSMB')
cd /Users/admin/builder/spi-builder-workspace/.swiftpm/xcode
builtin-SwiftPerFileCompile Error-Status.swift
SwiftCompile normal arm64 /Users/admin/builder/spi-builder-workspace/Sources/SwiftSMB/PublicAPI/Error.swift (in target 'SwiftSMB' from project 'SwiftSMB')
cd /Users/admin/builder/spi-builder-workspace/.swiftpm/xcode
builtin-SwiftPerFileCompile Error.swift
SwiftCompile normal arm64 /Users/admin/builder/spi-builder-workspace/Sources/SwiftSMB/PublicAPI/File.swift (in target 'SwiftSMB' from project 'SwiftSMB')
cd /Users/admin/builder/spi-builder-workspace/.swiftpm/xcode
builtin-SwiftPerFileCompile File.swift
SwiftDriverJobDiscovery normal arm64_32 Compiling Directory-Conv.swift, Directory.swift, Error-InvalidArgument.swift (in target 'SwiftSMB' from project 'SwiftSMB')
SwiftCompile normal arm64 Compiling\ BridgeTypes.swift,\ Int.swift,\ SMB.Error.swift,\ String?.swift /Users/admin/builder/spi-builder-workspace/Sources/SwiftSMB/Bridge/BridgeTypes.swift /Users/admin/builder/spi-builder-workspace/Sources/SwiftSMB/Bridge/Extensions/Int.swift /Users/admin/builder/spi-builder-workspace/Sources/SwiftSMB/Bridge/Extensions/SMB.Error.swift /Users/admin/builder/spi-builder-workspace/Sources/SwiftSMB/Bridge/Extensions/String?.swift (in target 'SwiftSMB' from project 'SwiftSMB')
SwiftCompile normal arm64 /Users/admin/builder/spi-builder-workspace/Sources/SwiftSMB/Bridge/BridgeTypes.swift (in target 'SwiftSMB' from project 'SwiftSMB')
cd /Users/admin/builder/spi-builder-workspace/.swiftpm/xcode
builtin-SwiftPerFileCompile BridgeTypes.swift
SwiftCompile normal arm64 /Users/admin/builder/spi-builder-workspace/Sources/SwiftSMB/Bridge/Extensions/Int.swift (in target 'SwiftSMB' from project 'SwiftSMB')
cd /Users/admin/builder/spi-builder-workspace/.swiftpm/xcode
builtin-SwiftPerFileCompile Int.swift
SwiftCompile normal arm64 /Users/admin/builder/spi-builder-workspace/Sources/SwiftSMB/Bridge/Extensions/SMB.Error.swift (in target 'SwiftSMB' from project 'SwiftSMB')
cd /Users/admin/builder/spi-builder-workspace/.swiftpm/xcode
builtin-SwiftPerFileCompile SMB.Error.swift
SwiftCompile normal arm64 /Users/admin/builder/spi-builder-workspace/Sources/SwiftSMB/Bridge/Extensions/String?.swift (in target 'SwiftSMB' from project 'SwiftSMB')
cd /Users/admin/builder/spi-builder-workspace/.swiftpm/xcode
builtin-SwiftPerFileCompile String\?.swift
SwiftDriverJobDiscovery normal arm64 Emitting module for SwiftSMB (in target 'SwiftSMB' from project 'SwiftSMB')
SwiftDriver\ Compilation\ Requirements SwiftSMB normal arm64 com.apple.xcode.tools.swift.compiler (in target 'SwiftSMB' from project 'SwiftSMB')
cd /Users/admin/builder/spi-builder-workspace/.swiftpm/xcode
builtin-Swift-Compilation-Requirements -- /Applications/Xcode-27.0.0.app/Contents/Developer/Toolchains/XcodeDefault.xctoolchain/usr/bin/swiftc -parse-as-library -module-name SwiftSMB -Onone @/Users/admin/builder/spi-builder-workspace/.derivedData/Build/Intermediates.noindex/SwiftSMB.build/Debug-watchos/SwiftSMB-t.build/Objects-normal/arm64/SwiftSMB.SwiftFileList -DSWIFT_PACKAGE -DDEBUG -DSWIFT_MODULE_RESOURCE_BUNDLE_UNAVAILABLE -Xcc -fmodule-map-file\=/Users/admin/builder/spi-builder-workspace/Sources/libsmb2/include/module.modulemap -DXcode -plugin-path /Applications/Xcode-27.0.0.app/Contents/Developer/Toolchains/XcodeDefault.xctoolchain/usr/lib/swift/host/plugins/testing -enable-experimental-feature DebugDescriptionMacro -sdk /Applications/Xcode-27.0.0.app/Contents/Developer/Platforms/WatchOS.platform/Developer/SDKs/WatchOS27.0.sdk -target arm64-apple-watchos9.0 -g -module-cache-path /Users/admin/builder/spi-builder-workspace/.derivedData/ModuleCache.noindex -Xfrontend -serialize-debugging-options -profile-coverage-mapping -profile-generate -enable-testing -index-store-path /Users/admin/builder/spi-builder-workspace/.derivedData/Index.noindex/DataStore -Xcc -D_LIBCPP_HARDENING_MODE\=_LIBCPP_HARDENING_MODE_DEBUG -swift-version 6 -I /Users/admin/builder/spi-builder-workspace/.derivedData/Build/Products/Debug-watchos -Isystem /Applications/Xcode-27.0.0.app/Contents/Developer/Platforms/WatchOS.platform/Developer/usr/lib -F /Users/admin/builder/spi-builder-workspace/.derivedData/Build/Products/Debug-watchos/PackageFrameworks -F /Users/admin/builder/spi-builder-workspace/.derivedData/Build/Products/Debug-watchos -F /Applications/Xcode-27.0.0.app/Contents/Developer/Platforms/WatchOS.platform/Developer/Library/Frameworks -F /Applications/Xcode-27.0.0.app/Contents/Developer/Platforms/WatchOS.platform/Developer/SDKs/WatchOS27.0.sdk/Developer/Library/Frameworks -c -j10 -enable-batch-mode -incremental -Xcc -ivfsstatcache -Xcc /Users/admin/builder/spi-builder-workspace/.derivedData/SDKStatCaches.noindex/watchos27.0-24R360-e829b21a6f8c9b70876ba0858053c044b9db9bc9c079ee3c7b5f3373b13d10bc.sdkstatcache -output-file-map /Users/admin/builder/spi-builder-workspace/.derivedData/Build/Intermediates.noindex/SwiftSMB.build/Debug-watchos/SwiftSMB-t.build/Objects-normal/arm64/SwiftSMB-OutputFileMap.json -save-temps -no-color-diagnostics -explicit-module-build -module-cache-path /Users/admin/builder/spi-builder-workspace/.derivedData/Build/Intermediates.noindex/SwiftExplicitPrecompiledModules -clang-scanner-module-cache-path /Users/admin/builder/spi-builder-workspace/.derivedData/ModuleCache.noindex -sdk-module-cache-path /Users/admin/builder/spi-builder-workspace/.derivedData/SDKExplicitPrecompiledModules -emit-dependencies -emit-module -emit-module-path /Users/admin/builder/spi-builder-workspace/.derivedData/Build/Intermediates.noindex/SwiftSMB.build/Debug-watchos/SwiftSMB-t.build/Objects-normal/arm64/SwiftSMB.swiftmodule -serialize-diagnostics -dependency-scan-serialize-diagnostics-path /Users/admin/builder/spi-builder-workspace/.derivedData/Build/Intermediates.noindex/SwiftSMB.build/Debug-watchos/SwiftSMB-t.build/Objects-normal/arm64/SwiftSMB-dependency-scan.dia -validate-clang-modules-once -clang-build-session-file /Users/admin/builder/spi-builder-workspace/.derivedData/ModuleCache.noindex/Session.modulevalidation -Xcc -fmodules-prune-interval\=86400 -Xcc -fmodules-prune-after\=345600 -package-name spi_builder_workspace -emit-const-values -const-gather-protocols-list /Users/admin/builder/spi-builder-workspace/.derivedData/Build/Intermediates.noindex/SwiftSMB.build/Debug-watchos/SwiftSMB-t.build/Objects-normal/arm64/SwiftSMB_const_extract_protocols.json -Xcc -I/Users/admin/builder/spi-builder-workspace/Sources/libsmb2/include -Xcc -I/Users/admin/builder/spi-builder-workspace/.derivedData/Build/Products/Debug-watchos/include -Xcc -I/Users/admin/builder/spi-builder-workspace/.derivedData/Build/Intermediates.noindex/SwiftSMB.build/Debug-watchos/SwiftSMB-t.build/DerivedSources-normal/arm64 -Xcc -I/Users/admin/builder/spi-builder-workspace/.derivedData/Build/Intermediates.noindex/SwiftSMB.build/Debug-watchos/SwiftSMB-t.build/DerivedSources/arm64 -Xcc -I/Users/admin/builder/spi-builder-workspace/.derivedData/Build/Intermediates.noindex/SwiftSMB.build/Debug-watchos/SwiftSMB-t.build/DerivedSources -Xcc -DSWIFT_PACKAGE -Xcc -DDEBUG\=1 -emit-objc-header -emit-objc-header-path /Users/admin/builder/spi-builder-workspace/.derivedData/Build/Intermediates.noindex/SwiftSMB.build/Debug-watchos/SwiftSMB-t.build/Objects-normal/arm64/SwiftSMB-Swift.h -working-directory /Users/admin/builder/spi-builder-workspace/.swiftpm/xcode -experimental-emit-module-separately -disable-cmo
SwiftDriverJobDiscovery normal arm64_32 Compiling Bridge-Cancel.swift, Bridge-Links.swift, Bridge-Locks.swift, Bridge-Notifications.swift (in target 'SwiftSMB' from project 'SwiftSMB')
SwiftDriver\ Compilation PathWorks normal arm64_32 com.apple.xcode.tools.swift.compiler (in target 'PathWorks' from project 'PathWorks')
cd /Users/admin/builder/spi-builder-workspace/.swiftpm/xcode
builtin-Swift-Compilation -- /Applications/Xcode-27.0.0.app/Contents/Developer/Toolchains/XcodeDefault.xctoolchain/usr/bin/swiftc -parse-as-library -module-name PathWorks -Onone @/Users/admin/builder/spi-builder-workspace/.derivedData/Build/Intermediates.noindex/PathWorks.build/Debug-watchos/PathWorks-t.build/Objects-normal/arm64_32/PathWorks.SwiftFileList -DSWIFT_PACKAGE -DDEBUG -DSWIFT_MODULE_RESOURCE_BUNDLE_UNAVAILABLE -DXcode -plugin-path /Applications/Xcode-27.0.0.app/Contents/Developer/Toolchains/XcodeDefault.xctoolchain/usr/lib/swift/host/plugins/testing -enable-experimental-feature DebugDescriptionMacro -sdk /Applications/Xcode-27.0.0.app/Contents/Developer/Platforms/WatchOS.platform/Developer/SDKs/WatchOS27.0.sdk -target arm64_32-apple-watchos9.0 -g -module-cache-path /Users/admin/builder/spi-builder-workspace/.derivedData/ModuleCache.noindex -Xfrontend -serialize-debugging-options -profile-coverage-mapping -profile-generate -enable-testing -suppress-warnings -index-store-path /Users/admin/builder/spi-builder-workspace/.derivedData/Index.noindex/DataStore -Xcc -D_LIBCPP_HARDENING_MODE\=_LIBCPP_HARDENING_MODE_DEBUG -swift-version 6 -I /Users/admin/builder/spi-builder-workspace/.derivedData/Build/Products/Debug-watchos -Isystem /Applications/Xcode-27.0.0.app/Contents/Developer/Platforms/WatchOS.platform/Developer/usr/lib -F /Users/admin/builder/spi-builder-workspace/.derivedData/Build/Products/Debug-watchos -F /Applications/Xcode-27.0.0.app/Contents/Developer/Platforms/WatchOS.platform/Developer/Library/Frameworks -F /Applications/Xcode-27.0.0.app/Contents/Developer/Platforms/WatchOS.platform/Developer/SDKs/WatchOS27.0.sdk/Developer/Library/Frameworks -c -j10 -enable-batch-mode -incremental -Xcc -ivfsstatcache -Xcc /Users/admin/builder/spi-builder-workspace/.derivedData/SDKStatCaches.noindex/watchos27.0-24R360-e829b21a6f8c9b70876ba0858053c044b9db9bc9c079ee3c7b5f3373b13d10bc.sdkstatcache -output-file-map /Users/admin/builder/spi-builder-workspace/.derivedData/Build/Intermediates.noindex/PathWorks.build/Debug-watchos/PathWorks-t.build/Objects-normal/arm64_32/PathWorks-OutputFileMap.json -save-temps -no-color-diagnostics -explicit-module-build -module-cache-path /Users/admin/builder/spi-builder-workspace/.derivedData/Build/Intermediates.noindex/SwiftExplicitPrecompiledModules -clang-scanner-module-cache-path /Users/admin/builder/spi-builder-workspace/.derivedData/ModuleCache.noindex -sdk-module-cache-path /Users/admin/builder/spi-builder-workspace/.derivedData/SDKExplicitPrecompiledModules -emit-dependencies -emit-module -emit-module-path /Users/admin/builder/spi-builder-workspace/.derivedData/Build/Intermediates.noindex/PathWorks.build/Debug-watchos/PathWorks-t.build/Objects-normal/arm64_32/PathWorks.swiftmodule -serialize-diagnostics -dependency-scan-serialize-diagnostics-path /Users/admin/builder/spi-builder-workspace/.derivedData/Build/Intermediates.noindex/PathWorks.build/Debug-watchos/PathWorks-t.build/Objects-normal/arm64_32/PathWorks-dependency-scan.dia -user-module-version 2.0.1 -validate-clang-modules-once -clang-build-session-file /Users/admin/builder/spi-builder-workspace/.derivedData/ModuleCache.noindex/Session.modulevalidation -Xcc -fmodules-prune-interval\=86400 -Xcc -fmodules-prune-after\=345600 -package-name pathworks -emit-const-values -const-gather-protocols-list /Users/admin/builder/spi-builder-workspace/.derivedData/Build/Intermediates.noindex/PathWorks.build/Debug-watchos/PathWorks-t.build/Objects-normal/arm64_32/PathWorks_const_extract_protocols.json -Xcc -I/Users/admin/builder/spi-builder-workspace/.derivedData/Build/Products/Debug-watchos/include -Xcc -I/Users/admin/builder/spi-builder-workspace/.derivedData/Build/Intermediates.noindex/PathWorks.build/Debug-watchos/PathWorks-t.build/DerivedSources-normal/arm64_32 -Xcc -I/Users/admin/builder/spi-builder-workspace/.derivedData/Build/Intermediates.noindex/PathWorks.build/Debug-watchos/PathWorks-t.build/DerivedSources/arm64_32 -Xcc -I/Users/admin/builder/spi-builder-workspace/.derivedData/Build/Intermediates.noindex/PathWorks.build/Debug-watchos/PathWorks-t.build/DerivedSources -Xcc -DSWIFT_PACKAGE -Xcc -DDEBUG\=1 -emit-objc-header -emit-objc-header-path /Users/admin/builder/spi-builder-workspace/.derivedData/Build/Intermediates.noindex/PathWorks.build/Debug-watchos/PathWorks-t.build/Objects-normal/arm64_32/PathWorks-Swift.h -working-directory /Users/admin/builder/spi-builder-workspace/.swiftpm/xcode -experimental-emit-module-separately -disable-cmo
SwiftDriver\ Compilation PathWorks normal arm64 com.apple.xcode.tools.swift.compiler (in target 'PathWorks' from project 'PathWorks')
cd /Users/admin/builder/spi-builder-workspace/.swiftpm/xcode
builtin-Swift-Compilation -- /Applications/Xcode-27.0.0.app/Contents/Developer/Toolchains/XcodeDefault.xctoolchain/usr/bin/swiftc -parse-as-library -module-name PathWorks -Onone @/Users/admin/builder/spi-builder-workspace/.derivedData/Build/Intermediates.noindex/PathWorks.build/Debug-watchos/PathWorks-t.build/Objects-normal/arm64/PathWorks.SwiftFileList -DSWIFT_PACKAGE -DDEBUG -DSWIFT_MODULE_RESOURCE_BUNDLE_UNAVAILABLE -DXcode -plugin-path /Applications/Xcode-27.0.0.app/Contents/Developer/Toolchains/XcodeDefault.xctoolchain/usr/lib/swift/host/plugins/testing -enable-experimental-feature DebugDescriptionMacro -sdk /Applications/Xcode-27.0.0.app/Contents/Developer/Platforms/WatchOS.platform/Developer/SDKs/WatchOS27.0.sdk -target arm64-apple-watchos9.0 -g -module-cache-path /Users/admin/builder/spi-builder-workspace/.derivedData/ModuleCache.noindex -Xfrontend -serialize-debugging-options -profile-coverage-mapping -profile-generate -enable-testing -suppress-warnings -index-store-path /Users/admin/builder/spi-builder-workspace/.derivedData/Index.noindex/DataStore -Xcc -D_LIBCPP_HARDENING_MODE\=_LIBCPP_HARDENING_MODE_DEBUG -swift-version 6 -I /Users/admin/builder/spi-builder-workspace/.derivedData/Build/Products/Debug-watchos -Isystem /Applications/Xcode-27.0.0.app/Contents/Developer/Platforms/WatchOS.platform/Developer/usr/lib -F /Users/admin/builder/spi-builder-workspace/.derivedData/Build/Products/Debug-watchos -F /Applications/Xcode-27.0.0.app/Contents/Developer/Platforms/WatchOS.platform/Developer/Library/Frameworks -F /Applications/Xcode-27.0.0.app/Contents/Developer/Platforms/WatchOS.platform/Developer/SDKs/WatchOS27.0.sdk/Developer/Library/Frameworks -c -j10 -enable-batch-mode -incremental -Xcc -ivfsstatcache -Xcc /Users/admin/builder/spi-builder-workspace/.derivedData/SDKStatCaches.noindex/watchos27.0-24R360-e829b21a6f8c9b70876ba0858053c044b9db9bc9c079ee3c7b5f3373b13d10bc.sdkstatcache -output-file-map /Users/admin/builder/spi-builder-workspace/.derivedData/Build/Intermediates.noindex/PathWorks.build/Debug-watchos/PathWorks-t.build/Objects-normal/arm64/PathWorks-OutputFileMap.json -save-temps -no-color-diagnostics -explicit-module-build -module-cache-path /Users/admin/builder/spi-builder-workspace/.derivedData/Build/Intermediates.noindex/SwiftExplicitPrecompiledModules -clang-scanner-module-cache-path /Users/admin/builder/spi-builder-workspace/.derivedData/ModuleCache.noindex -sdk-module-cache-path /Users/admin/builder/spi-builder-workspace/.derivedData/SDKExplicitPrecompiledModules -emit-dependencies -emit-module -emit-module-path /Users/admin/builder/spi-builder-workspace/.derivedData/Build/Intermediates.noindex/PathWorks.build/Debug-watchos/PathWorks-t.build/Objects-normal/arm64/PathWorks.swiftmodule -serialize-diagnostics -dependency-scan-serialize-diagnostics-path /Users/admin/builder/spi-builder-workspace/.derivedData/Build/Intermediates.noindex/PathWorks.build/Debug-watchos/PathWorks-t.build/Objects-normal/arm64/PathWorks-dependency-scan.dia -user-module-version 2.0.1 -validate-clang-modules-once -clang-build-session-file /Users/admin/builder/spi-builder-workspace/.derivedData/ModuleCache.noindex/Session.modulevalidation -Xcc -fmodules-prune-interval\=86400 -Xcc -fmodules-prune-after\=345600 -package-name pathworks -emit-const-values -const-gather-protocols-list /Users/admin/builder/spi-builder-workspace/.derivedData/Build/Intermediates.noindex/PathWorks.build/Debug-watchos/PathWorks-t.build/Objects-normal/arm64/PathWorks_const_extract_protocols.json -Xcc -I/Users/admin/builder/spi-builder-workspace/.derivedData/Build/Products/Debug-watchos/include -Xcc -I/Users/admin/builder/spi-builder-workspace/.derivedData/Build/Intermediates.noindex/PathWorks.build/Debug-watchos/PathWorks-t.build/DerivedSources-normal/arm64 -Xcc -I/Users/admin/builder/spi-builder-workspace/.derivedData/Build/Intermediates.noindex/PathWorks.build/Debug-watchos/PathWorks-t.build/DerivedSources/arm64 -Xcc -I/Users/admin/builder/spi-builder-workspace/.derivedData/Build/Intermediates.noindex/PathWorks.build/Debug-watchos/PathWorks-t.build/DerivedSources -Xcc -DSWIFT_PACKAGE -Xcc -DDEBUG\=1 -emit-objc-header -emit-objc-header-path /Users/admin/builder/spi-builder-workspace/.derivedData/Build/Intermediates.noindex/PathWorks.build/Debug-watchos/PathWorks-t.build/Objects-normal/arm64/PathWorks-Swift.h -working-directory /Users/admin/builder/spi-builder-workspace/.swiftpm/xcode -experimental-emit-module-separately -disable-cmo
SwiftMergeGeneratedHeaders /Users/admin/builder/spi-builder-workspace/.derivedData/Build/Intermediates.noindex/GeneratedModuleMaps-watchos/SwiftSMB-Swift.h /Users/admin/builder/spi-builder-workspace/.derivedData/Build/Intermediates.noindex/SwiftSMB.build/Debug-watchos/SwiftSMB-t.build/Objects-normal/arm64/SwiftSMB-Swift.h /Users/admin/builder/spi-builder-workspace/.derivedData/Build/Intermediates.noindex/SwiftSMB.build/Debug-watchos/SwiftSMB-t.build/Objects-normal/arm64_32/SwiftSMB-Swift.h (in target 'SwiftSMB' from project 'SwiftSMB')
cd /Users/admin/builder/spi-builder-workspace
builtin-swiftHeaderTool -arch arm64 /Users/admin/builder/spi-builder-workspace/.derivedData/Build/Intermediates.noindex/SwiftSMB.build/Debug-watchos/SwiftSMB-t.build/Objects-normal/arm64/SwiftSMB-Swift.h -arch arm64_32 /Users/admin/builder/spi-builder-workspace/.derivedData/Build/Intermediates.noindex/SwiftSMB.build/Debug-watchos/SwiftSMB-t.build/Objects-normal/arm64_32/SwiftSMB-Swift.h -o /Users/admin/builder/spi-builder-workspace/.derivedData/Build/Intermediates.noindex/GeneratedModuleMaps-watchos/SwiftSMB-Swift.h
Copy /Users/admin/builder/spi-builder-workspace/.derivedData/Build/Products/Debug-watchos/SwiftSMB.swiftmodule/arm64-apple-watchos.swiftmodule /Users/admin/builder/spi-builder-workspace/.derivedData/Build/Intermediates.noindex/SwiftSMB.build/Debug-watchos/SwiftSMB-t.build/Objects-normal/arm64/SwiftSMB.swiftmodule (in target 'SwiftSMB' from project 'SwiftSMB')
cd /Users/admin/builder/spi-builder-workspace
builtin-copy -exclude .DS_Store -exclude CVS -exclude .svn -exclude .git -exclude .hg -resolve-src-symlinks -rename /Users/admin/builder/spi-builder-workspace/.derivedData/Build/Intermediates.noindex/SwiftSMB.build/Debug-watchos/SwiftSMB-t.build/Objects-normal/arm64/SwiftSMB.swiftmodule /Users/admin/builder/spi-builder-workspace/.derivedData/Build/Products/Debug-watchos/SwiftSMB.swiftmodule/arm64-apple-watchos.swiftmodule
Copy /Users/admin/builder/spi-builder-workspace/.derivedData/Build/Products/Debug-watchos/SwiftSMB.swiftmodule/arm64-apple-watchos.swiftdoc /Users/admin/builder/spi-builder-workspace/.derivedData/Build/Intermediates.noindex/SwiftSMB.build/Debug-watchos/SwiftSMB-t.build/Objects-normal/arm64/SwiftSMB.swiftdoc (in target 'SwiftSMB' from project 'SwiftSMB')
cd /Users/admin/builder/spi-builder-workspace
builtin-copy -exclude .DS_Store -exclude CVS -exclude .svn -exclude .git -exclude .hg -resolve-src-symlinks -rename /Users/admin/builder/spi-builder-workspace/.derivedData/Build/Intermediates.noindex/SwiftSMB.build/Debug-watchos/SwiftSMB-t.build/Objects-normal/arm64/SwiftSMB.swiftdoc /Users/admin/builder/spi-builder-workspace/.derivedData/Build/Products/Debug-watchos/SwiftSMB.swiftmodule/arm64-apple-watchos.swiftdoc
Copy /Users/admin/builder/spi-builder-workspace/.derivedData/Build/Products/Debug-watchos/SwiftSMB.swiftmodule/arm64-apple-watchos.abi.json /Users/admin/builder/spi-builder-workspace/.derivedData/Build/Intermediates.noindex/SwiftSMB.build/Debug-watchos/SwiftSMB-t.build/Objects-normal/arm64/SwiftSMB.abi.json (in target 'SwiftSMB' from project 'SwiftSMB')
cd /Users/admin/builder/spi-builder-workspace
builtin-copy -exclude .DS_Store -exclude CVS -exclude .svn -exclude .git -exclude .hg -resolve-src-symlinks -rename /Users/admin/builder/spi-builder-workspace/.derivedData/Build/Intermediates.noindex/SwiftSMB.build/Debug-watchos/SwiftSMB-t.build/Objects-normal/arm64/SwiftSMB.abi.json /Users/admin/builder/spi-builder-workspace/.derivedData/Build/Products/Debug-watchos/SwiftSMB.swiftmodule/arm64-apple-watchos.abi.json
Copy /Users/admin/builder/spi-builder-workspace/.derivedData/Build/Products/Debug-watchos/SwiftSMB.swiftmodule/Project/arm64-apple-watchos.swiftsourceinfo /Users/admin/builder/spi-builder-workspace/.derivedData/Build/Intermediates.noindex/SwiftSMB.build/Debug-watchos/SwiftSMB-t.build/Objects-normal/arm64/SwiftSMB.swiftsourceinfo (in target 'SwiftSMB' from project 'SwiftSMB')
cd /Users/admin/builder/spi-builder-workspace
builtin-copy -exclude .DS_Store -exclude CVS -exclude .svn -exclude .git -exclude .hg -resolve-src-symlinks -rename /Users/admin/builder/spi-builder-workspace/.derivedData/Build/Intermediates.noindex/SwiftSMB.build/Debug-watchos/SwiftSMB-t.build/Objects-normal/arm64/SwiftSMB.swiftsourceinfo /Users/admin/builder/spi-builder-workspace/.derivedData/Build/Products/Debug-watchos/SwiftSMB.swiftmodule/Project/arm64-apple-watchos.swiftsourceinfo
Ld /Users/admin/builder/spi-builder-workspace/.derivedData/Build/Intermediates.noindex/PathWorks.build/Debug-watchos/PathWorks-t.build/Objects-normal/arm64_32/Binary/PathWorks.o normal arm64_32 (in target 'PathWorks' from project 'PathWorks')
cd /Users/admin/builder/spi-builder-workspace/.dependencies/checkouts/PathWorks
/Applications/Xcode-27.0.0.app/Contents/Developer/Toolchains/XcodeDefault.xctoolchain/usr/bin/clang -Xlinker -reproducible -target arm64_32-apple-watchos9.0 -r -isysroot /Applications/Xcode-27.0.0.app/Contents/Developer/Platforms/WatchOS.platform/Developer/SDKs/WatchOS27.0.sdk -O0 -w -Xlinker -no_warn_duplicate_libraries -F/Users/admin/builder/spi-builder-workspace/.derivedData/Build/Intermediates.noindex/EagerLinkingTBDs/Debug-watchos -F/Users/admin/builder/spi-builder-workspace/.derivedData/Build/Products/Debug-watchos -iframework /Applications/Xcode-27.0.0.app/Contents/Developer/Platforms/WatchOS.platform/Developer/Library/Frameworks -iframework /Applications/Xcode-27.0.0.app/Contents/Developer/Platforms/WatchOS.platform/Developer/SDKs/WatchOS27.0.sdk/Developer/Library/Frameworks -filelist /Users/admin/builder/spi-builder-workspace/.derivedData/Build/Intermediates.noindex/PathWorks.build/Debug-watchos/PathWorks-t.build/Objects-normal/arm64_32/PathWorks.LinkFileList -nostdlib -Xlinker -object_path_lto -Xlinker /Users/admin/builder/spi-builder-workspace/.derivedData/Build/Intermediates.noindex/PathWorks.build/Debug-watchos/PathWorks-t.build/Objects-normal/arm64_32/PathWorks_lto.o -Xlinker -no_deduplicate -Xlinker -debug_variant -Xlinker -dependency_info -Xlinker /Users/admin/builder/spi-builder-workspace/.derivedData/Build/Intermediates.noindex/PathWorks.build/Debug-watchos/PathWorks-t.build/Objects-normal/arm64_32/PathWorks_dependency_info.dat -fobjc-link-runtime -L/Applications/Xcode-27.0.0.app/Contents/Developer/Toolchains/XcodeDefault.xctoolchain/usr/lib/swift/watchos -L/usr/lib/swift -Xlinker -add_ast_path -Xlinker /Users/admin/builder/spi-builder-workspace/.derivedData/Build/Intermediates.noindex/PathWorks.build/Debug-watchos/PathWorks-t.build/Objects-normal/arm64_32/PathWorks.swiftmodule -o /Users/admin/builder/spi-builder-workspace/.derivedData/Build/Intermediates.noindex/PathWorks.build/Debug-watchos/PathWorks-t.build/Objects-normal/arm64_32/Binary/PathWorks.o
SwiftDriverJobDiscovery normal arm64 Compiling Notify.swift, Operations.swift, SMB.swift (in target 'SwiftSMB' from project 'SwiftSMB')
Ld /Users/admin/builder/spi-builder-workspace/.derivedData/Build/Intermediates.noindex/PathWorks.build/Debug-watchos/PathWorks-t.build/Objects-normal/arm64/Binary/PathWorks.o normal arm64 (in target 'PathWorks' from project 'PathWorks')
cd /Users/admin/builder/spi-builder-workspace/.dependencies/checkouts/PathWorks
/Applications/Xcode-27.0.0.app/Contents/Developer/Toolchains/XcodeDefault.xctoolchain/usr/bin/clang -Xlinker -reproducible -target arm64-apple-watchos9.0 -r -isysroot /Applications/Xcode-27.0.0.app/Contents/Developer/Platforms/WatchOS.platform/Developer/SDKs/WatchOS27.0.sdk -O0 -w -Xlinker -no_warn_duplicate_libraries -F/Users/admin/builder/spi-builder-workspace/.derivedData/Build/Intermediates.noindex/EagerLinkingTBDs/Debug-watchos -F/Users/admin/builder/spi-builder-workspace/.derivedData/Build/Products/Debug-watchos -iframework /Applications/Xcode-27.0.0.app/Contents/Developer/Platforms/WatchOS.platform/Developer/Library/Frameworks -iframework /Applications/Xcode-27.0.0.app/Contents/Developer/Platforms/WatchOS.platform/Developer/SDKs/WatchOS27.0.sdk/Developer/Library/Frameworks -filelist /Users/admin/builder/spi-builder-workspace/.derivedData/Build/Intermediates.noindex/PathWorks.build/Debug-watchos/PathWorks-t.build/Objects-normal/arm64/PathWorks.LinkFileList -nostdlib -Xlinker -object_path_lto -Xlinker /Users/admin/builder/spi-builder-workspace/.derivedData/Build/Intermediates.noindex/PathWorks.build/Debug-watchos/PathWorks-t.build/Objects-normal/arm64/PathWorks_lto.o -Xlinker -no_deduplicate -Xlinker -debug_variant -Xlinker -dependency_info -Xlinker /Users/admin/builder/spi-builder-workspace/.derivedData/Build/Intermediates.noindex/PathWorks.build/Debug-watchos/PathWorks-t.build/Objects-normal/arm64/PathWorks_dependency_info.dat -fobjc-link-runtime -L/Applications/Xcode-27.0.0.app/Contents/Developer/Toolchains/XcodeDefault.xctoolchain/usr/lib/swift/watchos -L/usr/lib/swift -Xlinker -add_ast_path -Xlinker /Users/admin/builder/spi-builder-workspace/.derivedData/Build/Intermediates.noindex/PathWorks.build/Debug-watchos/PathWorks-t.build/Objects-normal/arm64/PathWorks.swiftmodule -o /Users/admin/builder/spi-builder-workspace/.derivedData/Build/Intermediates.noindex/PathWorks.build/Debug-watchos/PathWorks-t.build/Objects-normal/arm64/Binary/PathWorks.o
CreateUniversalBinary /Users/admin/builder/spi-builder-workspace/.derivedData/Build/Products/Debug-watchos/PathWorks.o normal arm64\ arm64_32 (in target 'PathWorks' from project 'PathWorks')
cd /Users/admin/builder/spi-builder-workspace/.dependencies/checkouts/PathWorks
/Applications/Xcode-27.0.0.app/Contents/Developer/Toolchains/XcodeDefault.xctoolchain/usr/bin/lipo -create /Users/admin/builder/spi-builder-workspace/.derivedData/Build/Intermediates.noindex/PathWorks.build/Debug-watchos/PathWorks-t.build/Objects-normal/arm64/Binary/PathWorks.o /Users/admin/builder/spi-builder-workspace/.derivedData/Build/Intermediates.noindex/PathWorks.build/Debug-watchos/PathWorks-t.build/Objects-normal/arm64_32/Binary/PathWorks.o -output /Users/admin/builder/spi-builder-workspace/.derivedData/Build/Products/Debug-watchos/PathWorks.o
SwiftDriverJobDiscovery normal arm64 Compiling Security.swift, Types.swift, ConnectionOperations.swift (in target 'SwiftSMB' from project 'SwiftSMB')
ExtractAppIntentsMetadata (in target 'PathWorks' from project 'PathWorks')
cd /Users/admin/builder/spi-builder-workspace/.dependencies/checkouts/PathWorks
/Applications/Xcode-27.0.0.app/Contents/Developer/Toolchains/XcodeDefault.xctoolchain/usr/bin/appintentsmetadataprocessor --toolchain-dir /var/run/com.apple.security.cryptexd/mnt/com.apple.MobileAsset.MetalToolchain-v27.1.266.1.KhrtCm/Metal.xctoolchain --module-name PathWorks --sdk-root /Applications/Xcode-27.0.0.app/Contents/Developer/Platforms/WatchOS.platform/Developer/SDKs/WatchOS27.0.sdk --xcode-version 27A266a --platform-family watchOS --deployment-target 9.0 --bundle-identifier pathworks.PathWorks --output /Users/admin/builder/spi-builder-workspace/.derivedData/Build/Products/Debug-watchos/PathWorks.appintents --target-triple arm64-apple-watchos9.0 --target-triple arm64_32-apple-watchos9.0 --binary-file /Users/admin/builder/spi-builder-workspace/.derivedData/Build/Products/Debug-watchos/PathWorks.o --dependency-file /Users/admin/builder/spi-builder-workspace/.derivedData/Build/Intermediates.noindex/PathWorks.build/Debug-watchos/PathWorks-t.build/Objects-normal/arm64/PathWorks_dependency_info.dat --dependency-file /Users/admin/builder/spi-builder-workspace/.derivedData/Build/Intermediates.noindex/PathWorks.build/Debug-watchos/PathWorks-t.build/Objects-normal/arm64_32/PathWorks_dependency_info.dat --stringsdata-file /Users/admin/builder/spi-builder-workspace/.derivedData/Build/Intermediates.noindex/PathWorks.build/Debug-watchos/PathWorks-t.build/Objects-normal/arm64/ExtractedAppShortcutsMetadata.stringsdata --stringsdata-file /Users/admin/builder/spi-builder-workspace/.derivedData/Build/Intermediates.noindex/PathWorks.build/Debug-watchos/PathWorks-t.build/Objects-normal/arm64_32/ExtractedAppShortcutsMetadata.stringsdata --source-file-list /Users/admin/builder/spi-builder-workspace/.derivedData/Build/Intermediates.noindex/PathWorks.build/Debug-watchos/PathWorks-t.build/Objects-normal/arm64/PathWorks.SwiftFileList --source-file-list /Users/admin/builder/spi-builder-workspace/.derivedData/Build/Intermediates.noindex/PathWorks.build/Debug-watchos/PathWorks-t.build/Objects-normal/arm64_32/PathWorks.SwiftFileList --metadata-file-list /Users/admin/builder/spi-builder-workspace/.derivedData/Build/Intermediates.noindex/PathWorks.build/Debug-watchos/PathWorks-t.build/PathWorks.DependencyMetadataFileList --static-metadata-file-list /Users/admin/builder/spi-builder-workspace/.derivedData/Build/Intermediates.noindex/PathWorks.build/Debug-watchos/PathWorks-t.build/PathWorks.DependencyStaticMetadataFileList --swift-const-vals-list /Users/admin/builder/spi-builder-workspace/.derivedData/Build/Intermediates.noindex/PathWorks.build/Debug-watchos/PathWorks-t.build/Objects-normal/arm64/PathWorks.SwiftConstValuesFileList --swift-const-vals-list /Users/admin/builder/spi-builder-workspace/.derivedData/Build/Intermediates.noindex/PathWorks.build/Debug-watchos/PathWorks-t.build/Objects-normal/arm64_32/PathWorks.SwiftConstValuesFileList --force --compile-time-extraction --deployment-aware-processing --no-app-shortcuts-localization
2026-10-13 01:54:19.034 appintentsmetadataprocessor[979:5287] Starting appintentsmetadataprocessor export
SwiftDriverJobDiscovery normal arm64 Compiling Directory-Conv.swift, Directory.swift, Error-InvalidArgument.swift (in target 'SwiftSMB' from project 'SwiftSMB')
PruneExplicitPrecompiledModules /Users/admin/builder/spi-builder-workspace/.derivedData/Build/Intermediates.noindex/ExplicitPrecompiledModules
PruneExplicitPrecompiledModules /Users/admin/builder/spi-builder-workspace/.derivedData/Build/Intermediates.noindex/SwiftExplicitPrecompiledModules
PruneExplicitPrecompiledModules /Users/admin/builder/spi-builder-workspace/.derivedData/SDKExplicitPrecompiledModules
2026-10-13 01:54:12.526 xcodebuild[676:4066] [MT] IDERunDestination: Supported platforms for the buildables in the current scheme is empty.
** BUILD FAILED **
The following build commands failed:
SwiftCompile normal arm64_32 Compiling\ Bridge-Security.swift,\ Bridge-ShareEnum.swift,\ Bridge-URL.swift,\ Bridge.swift /Users/admin/builder/spi-builder-workspace/Sources/SwiftSMB/Bridge/Bridge-Security.swift /Users/admin/builder/spi-builder-workspace/Sources/SwiftSMB/Bridge/Bridge-ShareEnum.swift /Users/admin/builder/spi-builder-workspace/Sources/SwiftSMB/Bridge/Bridge-URL.swift /Users/admin/builder/spi-builder-workspace/Sources/SwiftSMB/Bridge/Bridge.swift (in target 'SwiftSMB' from project 'SwiftSMB')
SwiftCompile normal arm64_32 /Users/admin/builder/spi-builder-workspace/Sources/SwiftSMB/Bridge/Bridge.swift (in target 'SwiftSMB' from project 'SwiftSMB')
Building workspace SwiftSMB with scheme SwiftSMB-Package
(3 failures)
Command line invocation:
/Applications/Xcode-27.0.0.app/Contents/Developer/usr/bin/xcodebuild -IDEClonedSourcePackagesDirPathOverride=/Users/admin/builder/spi-builder-workspace/.dependencies -resolvePackageDependencies
Resolve Package Graph
Resolved source packages:
SwiftSMB: /Users/admin/builder/spi-builder-workspace
PathWorks: https://github.com/RuiNelson/PathWorks.git @ 2.0.1
resolved source packages: SwiftSMB, PathWorks
2026-10-13 01:54:20.243 xcodebuild[980:5309] [MT] IDERunDestination: Supported platforms for the buildables in the current scheme is empty.
{
"dependencies" : [
{
"identity" : "pathworks",
"requirement" : {
"range" : [
{
"lower_bound" : "2.0.1",
"upper_bound" : "3.0.0"
}
]
},
"type" : "sourceControl",
"url" : "https://github.com/RuiNelson/PathWorks.git"
}
],
"manifest_display_name" : "SwiftSMB",
"name" : "SwiftSMB",
"path" : "/Users/admin/builder/spi-builder-workspace",
"platforms" : [
{
"name" : "macos",
"version" : "10.15.4"
},
{
"name" : "ios",
"version" : "13.4"
},
{
"name" : "maccatalyst",
"version" : "13.4"
},
{
"name" : "tvos",
"version" : "13.4"
},
{
"name" : "visionos",
"version" : "1.0"
},
{
"name" : "watchos",
"version" : "6.2"
}
],
"products" : [
{
"name" : "SwiftSMB",
"targets" : [
"SwiftSMB"
],
"type" : {
"library" : [
"automatic"
]
}
},
{
"name" : "libsmb2",
"targets" : [
"libsmb2"
],
"type" : {
"library" : [
"dynamic"
]
}
}
],
"targets" : [
{
"c99name" : "libsmb2",
"module_type" : "ClangTarget",
"name" : "libsmb2",
"path" : "Sources/libsmb2",
"product_memberships" : [
"SwiftSMB",
"libsmb2"
],
"sources" : [
"upstream/lib/aes.c",
"upstream/lib/aes128ccm.c",
"upstream/lib/aes_apple.c",
"upstream/lib/aes_reference.c",
"upstream/lib/alloc.c",
"upstream/lib/asn1-ber.c",
"upstream/lib/compat.c",
"upstream/lib/errors.c",
"upstream/lib/hmac-md5.c",
"upstream/lib/hmac.c",
"upstream/lib/init.c",
"upstream/lib/krb5-wrapper.c",
"upstream/lib/libsmb2.c",
"upstream/lib/md4c.c",
"upstream/lib/md5.c",
"upstream/lib/ntlmssp.c",
"upstream/lib/pdu.c",
"upstream/lib/sha1.c",
"upstream/lib/sha224-256.c",
"upstream/lib/sha384-512.c",
"upstream/lib/smb2-cmd-cancel.c",
"upstream/lib/smb2-cmd-close.c",
"upstream/lib/smb2-cmd-create.c",
"upstream/lib/smb2-cmd-echo.c",
"upstream/lib/smb2-cmd-error.c",
"upstream/lib/smb2-cmd-flush.c",
"upstream/lib/smb2-cmd-ioctl.c",
"upstream/lib/smb2-cmd-lock.c",
"upstream/lib/smb2-cmd-logoff.c",
"upstream/lib/smb2-cmd-negotiate.c",
"upstream/lib/smb2-cmd-notify-change.c",
"upstream/lib/smb2-cmd-oplock-break.c",
"upstream/lib/smb2-cmd-query-directory.c",
"upstream/lib/smb2-cmd-query-info.c",
"upstream/lib/smb2-cmd-read.c",
"upstream/lib/smb2-cmd-session-setup.c",
"upstream/lib/smb2-cmd-set-info.c",
"upstream/lib/smb2-cmd-tree-connect.c",
"upstream/lib/smb2-cmd-tree-disconnect.c",
"upstream/lib/smb2-cmd-write.c",
"upstream/lib/smb2-data-file-info.c",
"upstream/lib/smb2-data-filesystem-info.c",
"upstream/lib/smb2-data-reparse-point.c",
"upstream/lib/smb2-data-security-descriptor.c",
"upstream/lib/smb2-share-enum.c",
"upstream/lib/smb2-signing.c",
"upstream/lib/smb3-seal.c",
"upstream/lib/socket.c",
"upstream/lib/spnego-wrapper.c",
"upstream/lib/sync.c",
"upstream/lib/timestamps.c",
"upstream/lib/unicode.c",
"upstream/lib/usha.c",
"xcode_compat.c"
],
"type" : "library"
},
{
"c99name" : "SwiftSMBUnitTests",
"module_type" : "SwiftTarget",
"name" : "SwiftSMBUnitTests",
"path" : "Tests/SwiftSMBUnitTests",
"sources" : [
"Bridge/BridgeRegressionTests.swift",
"Bridge/ConnectionConfigurationTests.swift",
"Bridge/NotificationDecodingRegressionTests.swift",
"Bridge/TypeTests.swift",
"PublicAPI/ConnectionInputRegressionTests.swift",
"PublicAPI/SMBPathSafetyTests.swift",
"PublicAPI/SMBPublicAPITests.swift"
],
"target_dependencies" : [
"SwiftSMB"
],
"type" : "test"
},
{
"c99name" : "SwiftSMBTests",
"module_type" : "SwiftTarget",
"name" : "SwiftSMBTests",
"path" : "Tests/SwiftSMBTests",
"sources" : [
"Bridge/BridgeHandleRegressionTests.swift",
"Bridge/CancelTests.swift",
"Bridge/ConnectionTests.swift",
"Bridge/DirectoryTests.swift",
"Bridge/FileTests.swift",
"Bridge/HandleTeardownRegressionTests.swift",
"Bridge/IntegrationSupport.swift",
"Bridge/OpLockTests.swift",
"Bridge/ShareTests.swift",
"Cookbook/CookbookFileManagementTests.swift",
"Cookbook/CookbookFilePropertiesTests.swift",
"Cookbook/CookbookHandlesTests.swift",
"Cookbook/CookbookReadmeTests.swift",
"Cookbook/CookbookSupport.swift",
"Cookbook/CookbookUploadsDownloadsTests.swift",
"Cookbook/CookbookWatchingChangesTests.swift",
"PublicAPI/SMBConcurrencyTests.swift",
"PublicAPI/SMBConnectionAuthTests.swift",
"PublicAPI/SMBConnectionDirectoryTests.swift",
"PublicAPI/SMBConnectionFileTests.swift",
"PublicAPI/SMBConnectionLifecycleRegressionTests.swift",
"PublicAPI/SMBConnectionTransferTests.swift",
"PublicAPI/SMBConvenienceRegressionTests.swift",
"PublicAPI/SMBFileLockTests.swift",
"PublicAPI/SMBFileOpLockTests.swift",
"PublicAPI/SMBListSharesTests.swift",
"PublicAPI/SMBNotifyTests.swift",
"PublicAPI/SMBPublicAPIIntegrationTests.swift",
"PublicAPI/SMBSecurityTests.swift",
"Utils/AsyncTimeout.swift"
],
"target_dependencies" : [
"SwiftSMB"
],
"type" : "test"
},
{
"c99name" : "SwiftSMB",
"module_type" : "SwiftTarget",
"name" : "SwiftSMB",
"path" : "Sources/SwiftSMB",
"product_dependencies" : [
"PathWorks"
],
"product_memberships" : [
"SwiftSMB"
],
"sources" : [
"Bridge/Bridge-Cancel.swift",
"Bridge/Bridge-Links.swift",
"Bridge/Bridge-Locks.swift",
"Bridge/Bridge-Notifications.swift",
"Bridge/Bridge-Security.swift",
"Bridge/Bridge-ShareEnum.swift",
"Bridge/Bridge-URL.swift",
"Bridge/Bridge.swift",
"Bridge/BridgeTypes.swift",
"Bridge/Extensions/Int.swift",
"Bridge/Extensions/SMB.Error.swift",
"Bridge/Extensions/String?.swift",
"PublicAPI/Configuration.swift",
"PublicAPI/Connection-Conv-Transfer.swift",
"PublicAPI/Connection-Conv.swift",
"PublicAPI/Connection.swift",
"PublicAPI/Directory-Conv.swift",
"PublicAPI/Directory.swift",
"PublicAPI/Error-InvalidArgument.swift",
"PublicAPI/Error-Status.swift",
"PublicAPI/Error.swift",
"PublicAPI/File.swift",
"PublicAPI/Notify.swift",
"PublicAPI/Operations.swift",
"PublicAPI/SMB.swift",
"PublicAPI/Security.swift",
"PublicAPI/Types.swift",
"PublicAPI/Util/ConnectionOperations.swift",
"PublicAPI/Util/Date+.swift",
"PublicAPI/Util/LinkTargetLookup.swift",
"PublicAPI/Util/OptionSet+.swift",
"PublicAPI/Util/PathValidation.swift",
"PublicAPI/Util/Protected.swift",
"PublicAPI/Util/ProtectedHandle.swift"
],
"target_dependencies" : [
"libsmb2"
],
"type" : "library"
}
],
"tools_version" : "6.4"
}
{
"workspace" : {
"name" : "SwiftSMB",
"schemes" : [
"libsmb2",
"SwiftSMB",
"SwiftSMB-Package"
]
}
}
2026-10-13 01:54:21.517 xcodebuild[988:5382] [MT] IDERunDestination: Supported platforms for the buildables in the current scheme is empty.
Running build ...
env DEVELOPER_DIR=/Applications/Xcode-27.0.0-Release.Candidate.app xcrun xcodebuild -IDEClonedSourcePackagesDirPathOverride=$PWD/.dependencies -skipMacroValidation -skipPackagePluginValidation -derivedDataPath $PWD/.derivedData build -scheme SwiftSMB-Package -destination generic/platform=watchOS
Command line invocation:
/Applications/Xcode-27.0.0.app/Contents/Developer/usr/bin/xcodebuild -IDEClonedSourcePackagesDirPathOverride=/Users/admin/builder/spi-builder-workspace/.dependencies -skipMacroValidation -skipPackagePluginValidation -derivedDataPath /Users/admin/builder/spi-builder-workspace/.derivedData build -scheme SwiftSMB-Package -destination generic/platform=watchOS
Resolve Package Graph
Resolved source packages:
PathWorks: https://github.com/RuiNelson/PathWorks.git @ 2.0.1
SwiftSMB: /Users/admin/builder/spi-builder-workspace
ComputePackagePrebuildTargetDependencyGraph
Prepare packages
CreateBuildRequest
SendProjectDescription
CreateBuildOperation
ComputeTargetDependencyGraph
note: Building targets in dependency order
note: Target dependency graph (6 targets)
Target 'libsmb2-product' in project 'SwiftSMB'
➜ Explicit dependency on target 'libsmb2' in project 'SwiftSMB'
Target 'SwiftSMB-product' in project 'SwiftSMB'
➜ Explicit dependency on target 'SwiftSMB' in project 'SwiftSMB'
➜ Explicit dependency on target 'libsmb2' in project 'SwiftSMB'
➜ Explicit dependency on target 'PathWorks-product' in project 'PathWorks'
Target 'SwiftSMB' in project 'SwiftSMB'
➜ Explicit dependency on target 'libsmb2' in project 'SwiftSMB'
➜ Explicit dependency on target 'PathWorks-product' in project 'PathWorks'
Target 'PathWorks-product' in project 'PathWorks'
➜ Explicit dependency on target 'PathWorks' in project 'PathWorks'
Target 'PathWorks' in project 'PathWorks' (no dependencies)
Target 'libsmb2' in project 'SwiftSMB' (no dependencies)
GatherProvisioningInputs
CreateBuildDescription
ClangStatCache /Applications/Xcode-27.0.0.app/Contents/Developer/Toolchains/XcodeDefault.xctoolchain/usr/bin/clang-stat-cache /Applications/Xcode-27.0.0.app/Contents/Developer/Platforms/WatchOS.platform/Developer/SDKs/WatchOS27.0.sdk /Users/admin/builder/spi-builder-workspace/.derivedData/SDKStatCaches.noindex/watchos27.0-24R360-e829b21a6f8c9b70876ba0858053c044b9db9bc9c079ee3c7b5f3373b13d10bc.sdkstatcache
cd /Users/admin/builder/spi-builder-workspace/.swiftpm/xcode
/Applications/Xcode-27.0.0.app/Contents/Developer/Toolchains/XcodeDefault.xctoolchain/usr/bin/clang-stat-cache /Applications/Xcode-27.0.0.app/Contents/Developer/Platforms/WatchOS.platform/Developer/SDKs/WatchOS27.0.sdk -o /Users/admin/builder/spi-builder-workspace/.derivedData/SDKStatCaches.noindex/watchos27.0-24R360-e829b21a6f8c9b70876ba0858053c044b9db9bc9c079ee3c7b5f3373b13d10bc.sdkstatcache
ExtractAppIntentsMetadata (in target 'PathWorks' from project 'PathWorks')
cd /Users/admin/builder/spi-builder-workspace/.dependencies/checkouts/PathWorks
/Applications/Xcode-27.0.0.app/Contents/Developer/Toolchains/XcodeDefault.xctoolchain/usr/bin/appintentsmetadataprocessor --toolchain-dir /var/run/com.apple.security.cryptexd/mnt/com.apple.MobileAsset.MetalToolchain-v27.1.266.1.KhrtCm/Metal.xctoolchain --module-name PathWorks --sdk-root /Applications/Xcode-27.0.0.app/Contents/Developer/Platforms/WatchOS.platform/Developer/SDKs/WatchOS27.0.sdk --xcode-version 27A266a --platform-family watchOS --deployment-target 9.0 --bundle-identifier pathworks.PathWorks --output /Users/admin/builder/spi-builder-workspace/.derivedData/Build/Products/Debug-watchos/PathWorks.appintents --target-triple arm64-apple-watchos9.0 --target-triple arm64_32-apple-watchos9.0 --binary-file /Users/admin/builder/spi-builder-workspace/.derivedData/Build/Products/Debug-watchos/PathWorks.o --dependency-file /Users/admin/builder/spi-builder-workspace/.derivedData/Build/Intermediates.noindex/PathWorks.build/Debug-watchos/PathWorks-t.build/Objects-normal/arm64/PathWorks_dependency_info.dat --dependency-file /Users/admin/builder/spi-builder-workspace/.derivedData/Build/Intermediates.noindex/PathWorks.build/Debug-watchos/PathWorks-t.build/Objects-normal/arm64_32/PathWorks_dependency_info.dat --stringsdata-file /Users/admin/builder/spi-builder-workspace/.derivedData/Build/Intermediates.noindex/PathWorks.build/Debug-watchos/PathWorks-t.build/Objects-normal/arm64/ExtractedAppShortcutsMetadata.stringsdata --stringsdata-file /Users/admin/builder/spi-builder-workspace/.derivedData/Build/Intermediates.noindex/PathWorks.build/Debug-watchos/PathWorks-t.build/Objects-normal/arm64_32/ExtractedAppShortcutsMetadata.stringsdata --source-file-list /Users/admin/builder/spi-builder-workspace/.derivedData/Build/Intermediates.noindex/PathWorks.build/Debug-watchos/PathWorks-t.build/Objects-normal/arm64/PathWorks.SwiftFileList --source-file-list /Users/admin/builder/spi-builder-workspace/.derivedData/Build/Intermediates.noindex/PathWorks.build/Debug-watchos/PathWorks-t.build/Objects-normal/arm64_32/PathWorks.SwiftFileList --metadata-file-list /Users/admin/builder/spi-builder-workspace/.derivedData/Build/Intermediates.noindex/PathWorks.build/Debug-watchos/PathWorks-t.build/PathWorks.DependencyMetadataFileList --static-metadata-file-list /Users/admin/builder/spi-builder-workspace/.derivedData/Build/Intermediates.noindex/PathWorks.build/Debug-watchos/PathWorks-t.build/PathWorks.DependencyStaticMetadataFileList --swift-const-vals-list /Users/admin/builder/spi-builder-workspace/.derivedData/Build/Intermediates.noindex/PathWorks.build/Debug-watchos/PathWorks-t.build/Objects-normal/arm64/PathWorks.SwiftConstValuesFileList --swift-const-vals-list /Users/admin/builder/spi-builder-workspace/.derivedData/Build/Intermediates.noindex/PathWorks.build/Debug-watchos/PathWorks-t.build/Objects-normal/arm64_32/PathWorks.SwiftConstValuesFileList --force --compile-time-extraction --deployment-aware-processing --no-app-shortcuts-localization
2026-10-13 01:54:23.235 appintentsmetadataprocessor[992:5451] Starting appintentsmetadataprocessor export
2026-10-13 01:54:23.297 appintentsmetadataprocessor[992:5451] Extracted no relevant App Intents symbols, skipping writing output
SwiftDriver SwiftSMB normal arm64 com.apple.xcode.tools.swift.compiler (in target 'SwiftSMB' from project 'SwiftSMB')
cd /Users/admin/builder/spi-builder-workspace/.swiftpm/xcode
builtin-SwiftDriver -- /Applications/Xcode-27.0.0.app/Contents/Developer/Toolchains/XcodeDefault.xctoolchain/usr/bin/swiftc -parse-as-library -module-name SwiftSMB -Onone @/Users/admin/builder/spi-builder-workspace/.derivedData/Build/Intermediates.noindex/SwiftSMB.build/Debug-watchos/SwiftSMB-t.build/Objects-normal/arm64/SwiftSMB.SwiftFileList -DSWIFT_PACKAGE -DDEBUG -DSWIFT_MODULE_RESOURCE_BUNDLE_UNAVAILABLE -Xcc -fmodule-map-file\=/Users/admin/builder/spi-builder-workspace/Sources/libsmb2/include/module.modulemap -DXcode -plugin-path /Applications/Xcode-27.0.0.app/Contents/Developer/Toolchains/XcodeDefault.xctoolchain/usr/lib/swift/host/plugins/testing -enable-experimental-feature DebugDescriptionMacro -sdk /Applications/Xcode-27.0.0.app/Contents/Developer/Platforms/WatchOS.platform/Developer/SDKs/WatchOS27.0.sdk -target arm64-apple-watchos9.0 -g -module-cache-path /Users/admin/builder/spi-builder-workspace/.derivedData/ModuleCache.noindex -Xfrontend -serialize-debugging-options -profile-coverage-mapping -profile-generate -enable-testing -index-store-path /Users/admin/builder/spi-builder-workspace/.derivedData/Index.noindex/DataStore -Xcc -D_LIBCPP_HARDENING_MODE\=_LIBCPP_HARDENING_MODE_DEBUG -swift-version 6 -I /Users/admin/builder/spi-builder-workspace/.derivedData/Build/Products/Debug-watchos -Isystem /Applications/Xcode-27.0.0.app/Contents/Developer/Platforms/WatchOS.platform/Developer/usr/lib -F /Users/admin/builder/spi-builder-workspace/.derivedData/Build/Products/Debug-watchos/PackageFrameworks -F /Users/admin/builder/spi-builder-workspace/.derivedData/Build/Products/Debug-watchos -F /Applications/Xcode-27.0.0.app/Contents/Developer/Platforms/WatchOS.platform/Developer/Library/Frameworks -F /Applications/Xcode-27.0.0.app/Contents/Developer/Platforms/WatchOS.platform/Developer/SDKs/WatchOS27.0.sdk/Developer/Library/Frameworks -c -j10 -enable-batch-mode -incremental -Xcc -ivfsstatcache -Xcc /Users/admin/builder/spi-builder-workspace/.derivedData/SDKStatCaches.noindex/watchos27.0-24R360-e829b21a6f8c9b70876ba0858053c044b9db9bc9c079ee3c7b5f3373b13d10bc.sdkstatcache -output-file-map /Users/admin/builder/spi-builder-workspace/.derivedData/Build/Intermediates.noindex/SwiftSMB.build/Debug-watchos/SwiftSMB-t.build/Objects-normal/arm64/SwiftSMB-OutputFileMap.json -save-temps -no-color-diagnostics -explicit-module-build -module-cache-path /Users/admin/builder/spi-builder-workspace/.derivedData/Build/Intermediates.noindex/SwiftExplicitPrecompiledModules -clang-scanner-module-cache-path /Users/admin/builder/spi-builder-workspace/.derivedData/ModuleCache.noindex -sdk-module-cache-path /Users/admin/builder/spi-builder-workspace/.derivedData/SDKExplicitPrecompiledModules -emit-dependencies -emit-module -emit-module-path /Users/admin/builder/spi-builder-workspace/.derivedData/Build/Intermediates.noindex/SwiftSMB.build/Debug-watchos/SwiftSMB-t.build/Objects-normal/arm64/SwiftSMB.swiftmodule -serialize-diagnostics -dependency-scan-serialize-diagnostics-path /Users/admin/builder/spi-builder-workspace/.derivedData/Build/Intermediates.noindex/SwiftSMB.build/Debug-watchos/SwiftSMB-t.build/Objects-normal/arm64/SwiftSMB-dependency-scan.dia -validate-clang-modules-once -clang-build-session-file /Users/admin/builder/spi-builder-workspace/.derivedData/ModuleCache.noindex/Session.modulevalidation -Xcc -fmodules-prune-interval\=86400 -Xcc -fmodules-prune-after\=345600 -package-name spi_builder_workspace -emit-const-values -const-gather-protocols-list /Users/admin/builder/spi-builder-workspace/.derivedData/Build/Intermediates.noindex/SwiftSMB.build/Debug-watchos/SwiftSMB-t.build/Objects-normal/arm64/SwiftSMB_const_extract_protocols.json -Xcc -I/Users/admin/builder/spi-builder-workspace/Sources/libsmb2/include -Xcc -I/Users/admin/builder/spi-builder-workspace/.derivedData/Build/Products/Debug-watchos/include -Xcc -I/Users/admin/builder/spi-builder-workspace/.derivedData/Build/Intermediates.noindex/SwiftSMB.build/Debug-watchos/SwiftSMB-t.build/DerivedSources-normal/arm64 -Xcc -I/Users/admin/builder/spi-builder-workspace/.derivedData/Build/Intermediates.noindex/SwiftSMB.build/Debug-watchos/SwiftSMB-t.build/DerivedSources/arm64 -Xcc -I/Users/admin/builder/spi-builder-workspace/.derivedData/Build/Intermediates.noindex/SwiftSMB.build/Debug-watchos/SwiftSMB-t.build/DerivedSources -Xcc -DSWIFT_PACKAGE -Xcc -DDEBUG\=1 -emit-objc-header -emit-objc-header-path /Users/admin/builder/spi-builder-workspace/.derivedData/Build/Intermediates.noindex/SwiftSMB.build/Debug-watchos/SwiftSMB-t.build/Objects-normal/arm64/SwiftSMB-Swift.h -working-directory /Users/admin/builder/spi-builder-workspace/.swiftpm/xcode -experimental-emit-module-separately -disable-cmo
SwiftDriver SwiftSMB normal arm64_32 com.apple.xcode.tools.swift.compiler (in target 'SwiftSMB' from project 'SwiftSMB')
cd /Users/admin/builder/spi-builder-workspace/.swiftpm/xcode
builtin-SwiftDriver -- /Applications/Xcode-27.0.0.app/Contents/Developer/Toolchains/XcodeDefault.xctoolchain/usr/bin/swiftc -parse-as-library -module-name SwiftSMB -Onone @/Users/admin/builder/spi-builder-workspace/.derivedData/Build/Intermediates.noindex/SwiftSMB.build/Debug-watchos/SwiftSMB-t.build/Objects-normal/arm64_32/SwiftSMB.SwiftFileList -DSWIFT_PACKAGE -DDEBUG -DSWIFT_MODULE_RESOURCE_BUNDLE_UNAVAILABLE -Xcc -fmodule-map-file\=/Users/admin/builder/spi-builder-workspace/Sources/libsmb2/include/module.modulemap -DXcode -plugin-path /Applications/Xcode-27.0.0.app/Contents/Developer/Toolchains/XcodeDefault.xctoolchain/usr/lib/swift/host/plugins/testing -enable-experimental-feature DebugDescriptionMacro -sdk /Applications/Xcode-27.0.0.app/Contents/Developer/Platforms/WatchOS.platform/Developer/SDKs/WatchOS27.0.sdk -target arm64_32-apple-watchos9.0 -g -module-cache-path /Users/admin/builder/spi-builder-workspace/.derivedData/ModuleCache.noindex -Xfrontend -serialize-debugging-options -profile-coverage-mapping -profile-generate -enable-testing -index-store-path /Users/admin/builder/spi-builder-workspace/.derivedData/Index.noindex/DataStore -Xcc -D_LIBCPP_HARDENING_MODE\=_LIBCPP_HARDENING_MODE_DEBUG -swift-version 6 -I /Users/admin/builder/spi-builder-workspace/.derivedData/Build/Products/Debug-watchos -Isystem /Applications/Xcode-27.0.0.app/Contents/Developer/Platforms/WatchOS.platform/Developer/usr/lib -F /Users/admin/builder/spi-builder-workspace/.derivedData/Build/Products/Debug-watchos/PackageFrameworks -F /Users/admin/builder/spi-builder-workspace/.derivedData/Build/Products/Debug-watchos -F /Applications/Xcode-27.0.0.app/Contents/Developer/Platforms/WatchOS.platform/Developer/Library/Frameworks -F /Applications/Xcode-27.0.0.app/Contents/Developer/Platforms/WatchOS.platform/Developer/SDKs/WatchOS27.0.sdk/Developer/Library/Frameworks -c -j10 -enable-batch-mode -incremental -Xcc -ivfsstatcache -Xcc /Users/admin/builder/spi-builder-workspace/.derivedData/SDKStatCaches.noindex/watchos27.0-24R360-e829b21a6f8c9b70876ba0858053c044b9db9bc9c079ee3c7b5f3373b13d10bc.sdkstatcache -output-file-map /Users/admin/builder/spi-builder-workspace/.derivedData/Build/Intermediates.noindex/SwiftSMB.build/Debug-watchos/SwiftSMB-t.build/Objects-normal/arm64_32/SwiftSMB-OutputFileMap.json -save-temps -no-color-diagnostics -explicit-module-build -module-cache-path /Users/admin/builder/spi-builder-workspace/.derivedData/Build/Intermediates.noindex/SwiftExplicitPrecompiledModules -clang-scanner-module-cache-path /Users/admin/builder/spi-builder-workspace/.derivedData/ModuleCache.noindex -sdk-module-cache-path /Users/admin/builder/spi-builder-workspace/.derivedData/SDKExplicitPrecompiledModules -emit-dependencies -emit-module -emit-module-path /Users/admin/builder/spi-builder-workspace/.derivedData/Build/Intermediates.noindex/SwiftSMB.build/Debug-watchos/SwiftSMB-t.build/Objects-normal/arm64_32/SwiftSMB.swiftmodule -serialize-diagnostics -dependency-scan-serialize-diagnostics-path /Users/admin/builder/spi-builder-workspace/.derivedData/Build/Intermediates.noindex/SwiftSMB.build/Debug-watchos/SwiftSMB-t.build/Objects-normal/arm64_32/SwiftSMB-dependency-scan.dia -validate-clang-modules-once -clang-build-session-file /Users/admin/builder/spi-builder-workspace/.derivedData/ModuleCache.noindex/Session.modulevalidation -Xcc -fmodules-prune-interval\=86400 -Xcc -fmodules-prune-after\=345600 -package-name spi_builder_workspace -emit-const-values -const-gather-protocols-list /Users/admin/builder/spi-builder-workspace/.derivedData/Build/Intermediates.noindex/SwiftSMB.build/Debug-watchos/SwiftSMB-t.build/Objects-normal/arm64_32/SwiftSMB_const_extract_protocols.json -Xcc -I/Users/admin/builder/spi-builder-workspace/Sources/libsmb2/include -Xcc -I/Users/admin/builder/spi-builder-workspace/.derivedData/Build/Products/Debug-watchos/include -Xcc -I/Users/admin/builder/spi-builder-workspace/.derivedData/Build/Intermediates.noindex/SwiftSMB.build/Debug-watchos/SwiftSMB-t.build/DerivedSources-normal/arm64_32 -Xcc -I/Users/admin/builder/spi-builder-workspace/.derivedData/Build/Intermediates.noindex/SwiftSMB.build/Debug-watchos/SwiftSMB-t.build/DerivedSources/arm64_32 -Xcc -I/Users/admin/builder/spi-builder-workspace/.derivedData/Build/Intermediates.noindex/SwiftSMB.build/Debug-watchos/SwiftSMB-t.build/DerivedSources -Xcc -DSWIFT_PACKAGE -Xcc -DDEBUG\=1 -emit-objc-header -emit-objc-header-path /Users/admin/builder/spi-builder-workspace/.derivedData/Build/Intermediates.noindex/SwiftSMB.build/Debug-watchos/SwiftSMB-t.build/Objects-normal/arm64_32/SwiftSMB-Swift.h -working-directory /Users/admin/builder/spi-builder-workspace/.swiftpm/xcode -experimental-emit-module-separately -disable-cmo
SwiftCompile normal arm64_32 Compiling\ Bridge-ShareEnum.swift /Users/admin/builder/spi-builder-workspace/Sources/SwiftSMB/Bridge/Bridge-ShareEnum.swift (in target 'SwiftSMB' from project 'SwiftSMB')
SwiftCompile normal arm64_32 /Users/admin/builder/spi-builder-workspace/Sources/SwiftSMB/Bridge/Bridge-ShareEnum.swift (in target 'SwiftSMB' from project 'SwiftSMB')
cd /Users/admin/builder/spi-builder-workspace/.swiftpm/xcode
builtin-SwiftPerFileCompile Bridge-ShareEnum.swift
SwiftCompile normal arm64_32 Compiling\ Bridge-Security.swift /Users/admin/builder/spi-builder-workspace/Sources/SwiftSMB/Bridge/Bridge-Security.swift (in target 'SwiftSMB' from project 'SwiftSMB')
SwiftCompile normal arm64_32 /Users/admin/builder/spi-builder-workspace/Sources/SwiftSMB/Bridge/Bridge-Security.swift (in target 'SwiftSMB' from project 'SwiftSMB')
cd /Users/admin/builder/spi-builder-workspace/.swiftpm/xcode
builtin-SwiftPerFileCompile Bridge-Security.swift
SwiftCompile normal arm64_32 Compiling\ Configuration.swift /Users/admin/builder/spi-builder-workspace/Sources/SwiftSMB/PublicAPI/Configuration.swift (in target 'SwiftSMB' from project 'SwiftSMB')
SwiftCompile normal arm64_32 /Users/admin/builder/spi-builder-workspace/Sources/SwiftSMB/PublicAPI/Configuration.swift (in target 'SwiftSMB' from project 'SwiftSMB')
cd /Users/admin/builder/spi-builder-workspace/.swiftpm/xcode
builtin-SwiftPerFileCompile Configuration.swift
SwiftCompile normal arm64_32 Compiling\ Bridge-URL.swift /Users/admin/builder/spi-builder-workspace/Sources/SwiftSMB/Bridge/Bridge-URL.swift (in target 'SwiftSMB' from project 'SwiftSMB')
SwiftCompile normal arm64_32 /Users/admin/builder/spi-builder-workspace/Sources/SwiftSMB/Bridge/Bridge-URL.swift (in target 'SwiftSMB' from project 'SwiftSMB')
cd /Users/admin/builder/spi-builder-workspace/.swiftpm/xcode
builtin-SwiftPerFileCompile Bridge-URL.swift
SwiftEmitModule normal arm64_32 Emitting\ module\ for\ SwiftSMB (in target 'SwiftSMB' from project 'SwiftSMB')
SwiftCompile normal arm64_32 (in target 'SwiftSMB' from project 'SwiftSMB')
cd /Users/admin/builder/spi-builder-workspace/.swiftpm/xcode
SwiftCompile normal arm64_32 Compiling\ Bridge.swift /Users/admin/builder/spi-builder-workspace/Sources/SwiftSMB/Bridge/Bridge.swift (in target 'SwiftSMB' from project 'SwiftSMB')
/Users/admin/builder/spi-builder-workspace/Sources/SwiftSMB/Bridge/Bridge.swift:1343:41: error: integer literal '4294967295' overflows when stored into 'Int'
1341 | static func basicInfoTimeval(from date: Date?) throws -> smb2_timeval {
1342 | guard let date else {
1343 | return smb2_timeval(tv_sec: 0xFFFF_FFFF, tv_usec: CLong(truncatingIfNeeded: UInt32.max))
| `- error: integer literal '4294967295' overflows when stored into 'Int'
1344 | }
1345 | let interval = date.timeIntervalSince1970
Failed frontend command:
/Applications/Xcode-27.0.0.app/Contents/Developer/Toolchains/XcodeDefault.xctoolchain/usr/bin/swift-frontend -frontend -c /Users/admin/builder/spi-builder-workspace/Sources/SwiftSMB/Bridge/Bridge-Cancel.swift /Users/admin/builder/spi-builder-workspace/Sources/SwiftSMB/Bridge/Bridge-Links.swift /Users/admin/builder/spi-builder-workspace/Sources/SwiftSMB/Bridge/Bridge-Locks.swift /Users/admin/builder/spi-builder-workspace/Sources/SwiftSMB/Bridge/Bridge-Notifications.swift /Users/admin/builder/spi-builder-workspace/Sources/SwiftSMB/Bridge/Bridge-Security.swift /Users/admin/builder/spi-builder-workspace/Sources/SwiftSMB/Bridge/Bridge-ShareEnum.swift /Users/admin/builder/spi-builder-workspace/Sources/SwiftSMB/Bridge/Bridge-URL.swift -primary-file /Users/admin/builder/spi-builder-workspace/Sources/SwiftSMB/Bridge/Bridge.swift /Users/admin/builder/spi-builder-workspace/Sources/SwiftSMB/Bridge/BridgeTypes.swift /Users/admin/builder/spi-builder-workspace/Sources/SwiftSMB/Bridge/Extensions/Int.swift /Users/admin/builder/spi-builder-workspace/Sources/SwiftSMB/Bridge/Extensions/SMB.Error.swift /Users/admin/builder/spi-builder-workspace/Sources/SwiftSMB/Bridge/Extensions/String\?.swift /Users/admin/builder/spi-builder-workspace/Sources/SwiftSMB/PublicAPI/Configuration.swift /Users/admin/builder/spi-builder-workspace/Sources/SwiftSMB/PublicAPI/Connection-Conv-Transfer.swift /Users/admin/builder/spi-builder-workspace/Sources/SwiftSMB/PublicAPI/Connection-Conv.swift /Users/admin/builder/spi-builder-workspace/Sources/SwiftSMB/PublicAPI/Connection.swift /Users/admin/builder/spi-builder-workspace/Sources/SwiftSMB/PublicAPI/Directory-Conv.swift /Users/admin/builder/spi-builder-workspace/Sources/SwiftSMB/PublicAPI/Directory.swift /Users/admin/builder/spi-builder-workspace/Sources/SwiftSMB/PublicAPI/Error-InvalidArgument.swift /Users/admin/builder/spi-builder-workspace/Sources/SwiftSMB/PublicAPI/Error-Status.swift /Users/admin/builder/spi-builder-workspace/Sources/SwiftSMB/PublicAPI/Error.swift /Users/admin/builder/spi-builder-workspace/Sources/SwiftSMB/PublicAPI/File.swift /Users/admin/builder/spi-builder-workspace/Sources/SwiftSMB/PublicAPI/Notify.swift /Users/admin/builder/spi-builder-workspace/Sources/SwiftSMB/PublicAPI/Operations.swift /Users/admin/builder/spi-builder-workspace/Sources/SwiftSMB/PublicAPI/SMB.swift /Users/admin/builder/spi-builder-workspace/Sources/SwiftSMB/PublicAPI/Security.swift /Users/admin/builder/spi-builder-workspace/Sources/SwiftSMB/PublicAPI/Types.swift /Users/admin/builder/spi-builder-workspace/Sources/SwiftSMB/PublicAPI/Util/ConnectionOperations.swift /Users/admin/builder/spi-builder-workspace/Sources/SwiftSMB/PublicAPI/Util/Date+.swift /Users/admin/builder/spi-builder-workspace/Sources/SwiftSMB/PublicAPI/Util/LinkTargetLookup.swift /Users/admin/builder/spi-builder-workspace/Sources/SwiftSMB/PublicAPI/Util/OptionSet+.swift /Users/admin/builder/spi-builder-workspace/Sources/SwiftSMB/PublicAPI/Util/PathValidation.swift /Users/admin/builder/spi-builder-workspace/Sources/SwiftSMB/PublicAPI/Util/Protected.swift /Users/admin/builder/spi-builder-workspace/Sources/SwiftSMB/PublicAPI/Util/ProtectedHandle.swift -emit-dependencies-path /Users/admin/builder/spi-builder-workspace/.derivedData/Build/Intermediates.noindex/SwiftSMB.build/Debug-watchos/SwiftSMB-t.build/Objects-normal/arm64_32/Bridge.d -emit-const-values-path /Users/admin/builder/spi-builder-workspace/.derivedData/Build/Intermediates.noindex/SwiftSMB.build/Debug-watchos/SwiftSMB-t.build/Objects-normal/arm64_32/Bridge.swiftconstvalues -emit-reference-dependencies-path /Users/admin/builder/spi-builder-workspace/.derivedData/Build/Intermediates.noindex/SwiftSMB.build/Debug-watchos/SwiftSMB-t.build/Objects-normal/arm64_32/Bridge.swiftdeps -serialize-diagnostics-path /Users/admin/builder/spi-builder-workspace/.derivedData/Build/Intermediates.noindex/SwiftSMB.build/Debug-watchos/SwiftSMB-t.build/Objects-normal/arm64_32/Bridge.dia -target arm64_32-apple-watchos9.0 -disable-cross-import-overlay-search -load-resolved-plugin /Applications/Xcode-27.0.0.app/Contents/Developer/Platforms/WatchOS.platform/Developer/usr/lib/swift/host/plugins/libFoundationMacros.dylib\#/Applications/Xcode-27.0.0.app/Contents/Developer/Platforms/WatchOS.platform/Developer/usr/bin/swift-plugin-server\#FoundationMacros -load-resolved-plugin /Applications/Xcode-27.0.0.app/Contents/Developer/Platforms/WatchOS.platform/Developer/usr/lib/swift/host/plugins/libObservationMacros.dylib\#/Applications/Xcode-27.0.0.app/Contents/Developer/Platforms/WatchOS.platform/Developer/usr/bin/swift-plugin-server\#ObservationMacros -load-resolved-plugin /Applications/Xcode-27.0.0.app/Contents/Developer/Platforms/WatchOS.platform/Developer/usr/lib/swift/host/plugins/libSwiftMacros.dylib\#/Applications/Xcode-27.0.0.app/Contents/Developer/Platforms/WatchOS.platform/Developer/usr/bin/swift-plugin-server\#SwiftMacros -disable-implicit-swift-modules -Xcc -fno-implicit-modules -Xcc -fno-implicit-module-maps -explicit-swift-module-map-file /Users/admin/builder/spi-builder-workspace/.derivedData/Build/Intermediates.noindex/SwiftSMB.build/Debug-watchos/SwiftSMB-t.build/Objects-normal/arm64_32/SwiftSMB-dependencies-2.json -enable-objc-interop -sdk /Applications/Xcode-27.0.0.app/Contents/Developer/Platforms/WatchOS.platform/Developer/SDKs/WatchOS27.0.sdk -I /Users/admin/builder/spi-builder-workspace/.derivedData/Build/Products/Debug-watchos -Isystem /Applications/Xcode-27.0.0.app/Contents/Developer/Platforms/WatchOS.platform/Developer/usr/lib -F /Users/admin/builder/spi-builder-workspace/.derivedData/Build/Products/Debug-watchos/PackageFrameworks -F /Users/admin/builder/spi-builder-workspace/.derivedData/Build/Products/Debug-watchos -F /Applications/Xcode-27.0.0.app/Contents/Developer/Platforms/WatchOS.platform/Developer/Library/Frameworks -F /Applications/Xcode-27.0.0.app/Contents/Developer/Platforms/WatchOS.platform/Developer/SDKs/WatchOS27.0.sdk/Developer/Library/Frameworks -module-cache-path /Users/admin/builder/spi-builder-workspace/.derivedData/Build/Intermediates.noindex/SwiftExplicitPrecompiledModules -no-color-diagnostics -Xcc -fno-color-diagnostics -enable-testing -g -debug-info-format\=dwarf -dwarf-version\=4 -profile-generate -profile-coverage-mapping -swift-version 6 -Onone -D SWIFT_PACKAGE -D DEBUG -D SWIFT_MODULE_RESOURCE_BUNDLE_UNAVAILABLE -D Xcode -serialize-debugging-options -enable-experimental-feature DebugDescriptionMacro -empty-abi-descriptor -validate-clang-modules-once -clang-build-session-file /Users/admin/builder/spi-builder-workspace/.derivedData/ModuleCache.noindex/Session.modulevalidation -Xcc -working-directory -Xcc /Users/admin/builder/spi-builder-workspace/.swiftpm/xcode -enable-anonymous-context-mangled-names -file-compilation-dir /Users/admin/builder/spi-builder-workspace/.swiftpm/xcode -Xcc -fmodule-map-file\=/Users/admin/builder/spi-builder-workspace/Sources/libsmb2/include/module.modulemap -Xcc -D_LIBCPP_HARDENING_MODE\=_LIBCPP_HARDENING_MODE_DEBUG -Xcc -ivfsstatcache -Xcc /Users/admin/builder/spi-builder-workspace/.derivedData/SDKStatCaches.noindex/watchos27.0-24R360-e829b21a6f8c9b70876ba0858053c044b9db9bc9c079ee3c7b5f3373b13d10bc.sdkstatcache -Xcc -fmodules-prune-interval\=86400 -Xcc -fmodules-prune-after\=345600 -Xcc -I/Users/admin/builder/spi-builder-workspace/Sources/libsmb2/include -Xcc -I/Users/admin/builder/spi-builder-workspace/.derivedData/Build/Products/Debug-watchos/include -Xcc -I/Users/admin/builder/spi-builder-workspace/.derivedData/Build/Intermediates.noindex/SwiftSMB.build/Debug-watchos/SwiftSMB-t.build/DerivedSources-normal/arm64_32 -Xcc -I/Users/admin/builder/spi-builder-workspace/.derivedData/Build/Intermediates.noindex/SwiftSMB.build/Debug-watchos/SwiftSMB-t.build/DerivedSources/arm64_32 -Xcc -I/Users/admin/builder/spi-builder-workspace/.derivedData/Build/Intermediates.noindex/SwiftSMB.build/Debug-watchos/SwiftSMB-t.build/DerivedSources -Xcc -DSWIFT_PACKAGE -Xcc -DDEBUG\=1 -no-auto-bridging-header-chaining -module-name SwiftSMB -package-name spi_builder_workspace -const-gather-protocols-file /Users/admin/builder/spi-builder-workspace/.derivedData/Build/Intermediates.noindex/SwiftSMB.build/Debug-watchos/SwiftSMB-t.build/Objects-normal/arm64_32/SwiftSMB_const_extract_protocols.json -disable-clang-spi -clang-target arm64_32-apple-watchos27.0 -target-sdk-version 27.0 -target-sdk-name watchos27.0 -in-process-plugin-server-path /Applications/Xcode-27.0.0.app/Contents/Developer/Toolchains/XcodeDefault.xctoolchain/usr/lib/swift/host/libSwiftInProcPluginServer.dylib -parse-as-library -o /Users/admin/builder/spi-builder-workspace/.derivedData/Build/Intermediates.noindex/SwiftSMB.build/Debug-watchos/SwiftSMB-t.build/Objects-normal/arm64_32/Bridge.o -debug-module-path /Users/admin/builder/spi-builder-workspace/.derivedData/Build/Intermediates.noindex/SwiftSMB.build/Debug-watchos/SwiftSMB-t.build/Objects-normal/arm64_32/SwiftSMB.swiftmodule -index-unit-output-path /SwiftSMB.build/Debug-watchos/SwiftSMB-t.build/Objects-normal/arm64_32/Bridge.o -index-store-path /Users/admin/builder/spi-builder-workspace/.derivedData/Index.noindex/DataStore -index-system-modules
SwiftCompile normal arm64_32 /Users/admin/builder/spi-builder-workspace/Sources/SwiftSMB/Bridge/Bridge.swift (in target 'SwiftSMB' from project 'SwiftSMB')
cd /Users/admin/builder/spi-builder-workspace/.swiftpm/xcode
builtin-SwiftPerFileCompile Bridge.swift
SwiftCompile normal arm64_32 Compiling\ Connection-Conv.swift /Users/admin/builder/spi-builder-workspace/Sources/SwiftSMB/PublicAPI/Connection-Conv.swift (in target 'SwiftSMB' from project 'SwiftSMB')
SwiftCompile normal arm64_32 /Users/admin/builder/spi-builder-workspace/Sources/SwiftSMB/PublicAPI/Connection-Conv.swift (in target 'SwiftSMB' from project 'SwiftSMB')
cd /Users/admin/builder/spi-builder-workspace/.swiftpm/xcode
builtin-SwiftPerFileCompile Connection-Conv.swift
SwiftCompile normal arm64_32 Compiling\ Connection-Conv-Transfer.swift /Users/admin/builder/spi-builder-workspace/Sources/SwiftSMB/PublicAPI/Connection-Conv-Transfer.swift (in target 'SwiftSMB' from project 'SwiftSMB')
SwiftCompile normal arm64_32 /Users/admin/builder/spi-builder-workspace/Sources/SwiftSMB/PublicAPI/Connection-Conv-Transfer.swift (in target 'SwiftSMB' from project 'SwiftSMB')
cd /Users/admin/builder/spi-builder-workspace/.swiftpm/xcode
builtin-SwiftPerFileCompile Connection-Conv-Transfer.swift
SwiftCompile normal arm64_32 Compiling\ Connection.swift /Users/admin/builder/spi-builder-workspace/Sources/SwiftSMB/PublicAPI/Connection.swift (in target 'SwiftSMB' from project 'SwiftSMB')
SwiftCompile normal arm64_32 /Users/admin/builder/spi-builder-workspace/Sources/SwiftSMB/PublicAPI/Connection.swift (in target 'SwiftSMB' from project 'SwiftSMB')
cd /Users/admin/builder/spi-builder-workspace/.swiftpm/xcode
builtin-SwiftPerFileCompile Connection.swift
SwiftEmitModule normal arm64 Emitting\ module\ for\ SwiftSMB (in target 'SwiftSMB' from project 'SwiftSMB')
SwiftCompile normal arm64 (in target 'SwiftSMB' from project 'SwiftSMB')
cd /Users/admin/builder/spi-builder-workspace/.swiftpm/xcode
SwiftCompile normal arm64 Compiling\ Error-Status.swift /Users/admin/builder/spi-builder-workspace/Sources/SwiftSMB/PublicAPI/Error-Status.swift (in target 'SwiftSMB' from project 'SwiftSMB')
SwiftCompile normal arm64 /Users/admin/builder/spi-builder-workspace/Sources/SwiftSMB/PublicAPI/Error-Status.swift (in target 'SwiftSMB' from project 'SwiftSMB')
cd /Users/admin/builder/spi-builder-workspace/.swiftpm/xcode
builtin-SwiftPerFileCompile Error-Status.swift
SwiftDriverJobDiscovery normal arm64_32 Compiling Bridge-URL.swift (in target 'SwiftSMB' from project 'SwiftSMB')
SwiftCompile normal arm64_32 Compiling\ Security.swift,\ Types.swift /Users/admin/builder/spi-builder-workspace/Sources/SwiftSMB/PublicAPI/Security.swift /Users/admin/builder/spi-builder-workspace/Sources/SwiftSMB/PublicAPI/Types.swift (in target 'SwiftSMB' from project 'SwiftSMB')
SwiftCompile normal arm64_32 /Users/admin/builder/spi-builder-workspace/Sources/SwiftSMB/PublicAPI/Security.swift (in target 'SwiftSMB' from project 'SwiftSMB')
cd /Users/admin/builder/spi-builder-workspace/.swiftpm/xcode
builtin-SwiftPerFileCompile Security.swift
SwiftCompile normal arm64_32 /Users/admin/builder/spi-builder-workspace/Sources/SwiftSMB/PublicAPI/Types.swift (in target 'SwiftSMB' from project 'SwiftSMB')
cd /Users/admin/builder/spi-builder-workspace/.swiftpm/xcode
builtin-SwiftPerFileCompile Types.swift
SwiftDriverJobDiscovery normal arm64_32 Compiling Connection-Conv.swift (in target 'SwiftSMB' from project 'SwiftSMB')
SwiftCompile normal arm64_32 Compiling\ ConnectionOperations.swift,\ LinkTargetLookup.swift /Users/admin/builder/spi-builder-workspace/Sources/SwiftSMB/PublicAPI/Util/ConnectionOperations.swift /Users/admin/builder/spi-builder-workspace/Sources/SwiftSMB/PublicAPI/Util/LinkTargetLookup.swift (in target 'SwiftSMB' from project 'SwiftSMB')
SwiftCompile normal arm64_32 /Users/admin/builder/spi-builder-workspace/Sources/SwiftSMB/PublicAPI/Util/ConnectionOperations.swift (in target 'SwiftSMB' from project 'SwiftSMB')
cd /Users/admin/builder/spi-builder-workspace/.swiftpm/xcode
builtin-SwiftPerFileCompile ConnectionOperations.swift
SwiftCompile normal arm64_32 /Users/admin/builder/spi-builder-workspace/Sources/SwiftSMB/PublicAPI/Util/LinkTargetLookup.swift (in target 'SwiftSMB' from project 'SwiftSMB')
cd /Users/admin/builder/spi-builder-workspace/.swiftpm/xcode
builtin-SwiftPerFileCompile LinkTargetLookup.swift
SwiftDriverJobDiscovery normal arm64_32 Compiling Bridge-ShareEnum.swift (in target 'SwiftSMB' from project 'SwiftSMB')
SwiftCompile normal arm64 Compiling\ Connection.swift /Users/admin/builder/spi-builder-workspace/Sources/SwiftSMB/PublicAPI/Connection.swift (in target 'SwiftSMB' from project 'SwiftSMB')
SwiftCompile normal arm64 /Users/admin/builder/spi-builder-workspace/Sources/SwiftSMB/PublicAPI/Connection.swift (in target 'SwiftSMB' from project 'SwiftSMB')
cd /Users/admin/builder/spi-builder-workspace/.swiftpm/xcode
builtin-SwiftPerFileCompile Connection.swift
SwiftDriverJobDiscovery normal arm64_32 Compiling Configuration.swift (in target 'SwiftSMB' from project 'SwiftSMB')
SwiftCompile normal arm64_32 Compiling\ SMB.swift /Users/admin/builder/spi-builder-workspace/Sources/SwiftSMB/PublicAPI/SMB.swift (in target 'SwiftSMB' from project 'SwiftSMB')
SwiftCompile normal arm64_32 /Users/admin/builder/spi-builder-workspace/Sources/SwiftSMB/PublicAPI/SMB.swift (in target 'SwiftSMB' from project 'SwiftSMB')
cd /Users/admin/builder/spi-builder-workspace/.swiftpm/xcode
builtin-SwiftPerFileCompile SMB.swift
SwiftDriverJobDiscovery normal arm64_32 Compiling Bridge-Security.swift (in target 'SwiftSMB' from project 'SwiftSMB')
SwiftCompile normal arm64 Compiling\ Connection-Conv.swift /Users/admin/builder/spi-builder-workspace/Sources/SwiftSMB/PublicAPI/Connection-Conv.swift (in target 'SwiftSMB' from project 'SwiftSMB')
SwiftCompile normal arm64 /Users/admin/builder/spi-builder-workspace/Sources/SwiftSMB/PublicAPI/Connection-Conv.swift (in target 'SwiftSMB' from project 'SwiftSMB')
cd /Users/admin/builder/spi-builder-workspace/.swiftpm/xcode
builtin-SwiftPerFileCompile Connection-Conv.swift
SwiftDriverJobDiscovery normal arm64_32 Compiling SMB.swift (in target 'SwiftSMB' from project 'SwiftSMB')
SwiftCompile normal arm64 Compiling\ Configuration.swift,\ Connection-Conv-Transfer.swift /Users/admin/builder/spi-builder-workspace/Sources/SwiftSMB/PublicAPI/Configuration.swift /Users/admin/builder/spi-builder-workspace/Sources/SwiftSMB/PublicAPI/Connection-Conv-Transfer.swift (in target 'SwiftSMB' from project 'SwiftSMB')
SwiftCompile normal arm64 /Users/admin/builder/spi-builder-workspace/Sources/SwiftSMB/PublicAPI/Configuration.swift (in target 'SwiftSMB' from project 'SwiftSMB')
cd /Users/admin/builder/spi-builder-workspace/.swiftpm/xcode
builtin-SwiftPerFileCompile Configuration.swift
SwiftCompile normal arm64 /Users/admin/builder/spi-builder-workspace/Sources/SwiftSMB/PublicAPI/Connection-Conv-Transfer.swift (in target 'SwiftSMB' from project 'SwiftSMB')
cd /Users/admin/builder/spi-builder-workspace/.swiftpm/xcode
builtin-SwiftPerFileCompile Connection-Conv-Transfer.swift
SwiftDriverJobDiscovery normal arm64_32 Compiling Connection-Conv-Transfer.swift (in target 'SwiftSMB' from project 'SwiftSMB')
SwiftCompile normal arm64_32 Compiling\ PathValidation.swift /Users/admin/builder/spi-builder-workspace/Sources/SwiftSMB/PublicAPI/Util/PathValidation.swift (in target 'SwiftSMB' from project 'SwiftSMB')
SwiftCompile normal arm64_32 /Users/admin/builder/spi-builder-workspace/Sources/SwiftSMB/PublicAPI/Util/PathValidation.swift (in target 'SwiftSMB' from project 'SwiftSMB')
cd /Users/admin/builder/spi-builder-workspace/.swiftpm/xcode
builtin-SwiftPerFileCompile PathValidation.swift
SwiftDriverJobDiscovery normal arm64_32 Compiling Connection.swift (in target 'SwiftSMB' from project 'SwiftSMB')
SwiftCompile normal arm64_32 Compiling\ Error.swift,\ File.swift /Users/admin/builder/spi-builder-workspace/Sources/SwiftSMB/PublicAPI/Error.swift /Users/admin/builder/spi-builder-workspace/Sources/SwiftSMB/PublicAPI/File.swift (in target 'SwiftSMB' from project 'SwiftSMB')
SwiftCompile normal arm64_32 /Users/admin/builder/spi-builder-workspace/Sources/SwiftSMB/PublicAPI/Error.swift (in target 'SwiftSMB' from project 'SwiftSMB')
cd /Users/admin/builder/spi-builder-workspace/.swiftpm/xcode
builtin-SwiftPerFileCompile Error.swift
SwiftCompile normal arm64_32 /Users/admin/builder/spi-builder-workspace/Sources/SwiftSMB/PublicAPI/File.swift (in target 'SwiftSMB' from project 'SwiftSMB')
cd /Users/admin/builder/spi-builder-workspace/.swiftpm/xcode
builtin-SwiftPerFileCompile File.swift
SwiftDriverJobDiscovery normal arm64_32 Compiling ConnectionOperations.swift, LinkTargetLookup.swift (in target 'SwiftSMB' from project 'SwiftSMB')
SwiftCompile normal arm64_32 Compiling\ Directory-Conv.swift,\ Directory.swift /Users/admin/builder/spi-builder-workspace/Sources/SwiftSMB/PublicAPI/Directory-Conv.swift /Users/admin/builder/spi-builder-workspace/Sources/SwiftSMB/PublicAPI/Directory.swift (in target 'SwiftSMB' from project 'SwiftSMB')
SwiftCompile normal arm64_32 /Users/admin/builder/spi-builder-workspace/Sources/SwiftSMB/PublicAPI/Directory-Conv.swift (in target 'SwiftSMB' from project 'SwiftSMB')
cd /Users/admin/builder/spi-builder-workspace/.swiftpm/xcode
builtin-SwiftPerFileCompile Directory-Conv.swift
SwiftCompile normal arm64_32 /Users/admin/builder/spi-builder-workspace/Sources/SwiftSMB/PublicAPI/Directory.swift (in target 'SwiftSMB' from project 'SwiftSMB')
cd /Users/admin/builder/spi-builder-workspace/.swiftpm/xcode
builtin-SwiftPerFileCompile Directory.swift
PruneExplicitPrecompiledModules /Users/admin/builder/spi-builder-workspace/.derivedData/Build/Intermediates.noindex/ExplicitPrecompiledModules
PruneExplicitPrecompiledModules /Users/admin/builder/spi-builder-workspace/.derivedData/Build/Intermediates.noindex/SwiftExplicitPrecompiledModules
PruneExplicitPrecompiledModules /Users/admin/builder/spi-builder-workspace/.derivedData/SDKExplicitPrecompiledModules
2026-10-13 01:54:22.551 xcodebuild[989:5410] [MT] IDERunDestination: Supported platforms for the buildables in the current scheme is empty.
** BUILD FAILED **
The following build commands failed:
SwiftCompile normal arm64_32 Compiling\ Bridge.swift /Users/admin/builder/spi-builder-workspace/Sources/SwiftSMB/Bridge/Bridge.swift (in target 'SwiftSMB' from project 'SwiftSMB')
SwiftCompile normal arm64_32 /Users/admin/builder/spi-builder-workspace/Sources/SwiftSMB/Bridge/Bridge.swift (in target 'SwiftSMB' from project 'SwiftSMB')
Building workspace SwiftSMB with scheme SwiftSMB-Package
(3 failures)
BUILD FAILURE 6.4 watchOS