Build Information
Failed to build FoundationRadar, reference main (3f5a46), with Swift 6.2 for visionOS using Xcode 26.3 on 16 Jul 2026 05:16:06 UTC.
Build Command
env DEVELOPER_DIR=/Applications/Xcode-26.3.0.app xcrun xcodebuild -IDEClonedSourcePackagesDirPathOverride=$PWD/.dependencies -skipMacroValidation -skipPackagePluginValidation -derivedDataPath $PWD/.derivedData build -scheme FoundationRadar-Package -destination generic/platform=xrOSBuild Log
========================================
RunAll
========================================
Builder version: undefined version: run 'make version' to update
Interrupt handler set up.
========================================
Checkout
========================================
Clone URL: https://github.com/NagaYu/FoundationRadar.git
Reference: main
Initialized empty Git repository in /Users/admin/builder/spi-builder-workspace/.git/
From https://github.com/NagaYu/FoundationRadar
* branch main -> FETCH_HEAD
* [new branch] main -> origin/main
HEAD is now at 3f5a466 Set 0.1.0 release date
Cloned https://github.com/NagaYu/FoundationRadar.git
Revision (git rev-parse @):
3f5a466095d846c840efaf01cde9d3c79e87bcd0
SUCCESS checkout https://github.com/NagaYu/FoundationRadar.git at main
========================================
Build
========================================
Selected platform: visionOS
Swift version: 6.2
Building package at path: $PWD
https://github.com/NagaYu/FoundationRadar.git
Command line invocation:
/Applications/Xcode-26.3.0.app/Contents/Developer/usr/bin/xcodebuild -IDEClonedSourcePackagesDirPathOverride=/Users/admin/builder/spi-builder-workspace/.dependencies -resolvePackageDependencies
Resolve Package Graph
Resolve Package Graph
Resolved source packages:
FoundationRadar: /Users/admin/builder/spi-builder-workspace
resolved source packages: FoundationRadar
2026-07-16 01:15:32.848 xcodebuild[538:3083] [MT] IDERunDestination: Supported platforms for the buildables in the current scheme is empty.
{
"dependencies" : [
],
"manifest_display_name" : "FoundationRadar",
"name" : "FoundationRadar",
"path" : "/Users/admin/builder/spi-builder-workspace",
"platforms" : [
{
"name" : "macos",
"version" : "14.0"
},
{
"name" : "ios",
"version" : "17.0"
},
{
"name" : "maccatalyst",
"version" : "17.0"
},
{
"name" : "visionos",
"version" : "1.0"
}
],
"products" : [
{
"name" : "FoundationRadar",
"targets" : [
"FoundationRadar"
],
"type" : {
"library" : [
"automatic"
]
}
},
{
"name" : "radar-cli",
"targets" : [
"RadarCLI"
],
"type" : {
"executable" : null
}
}
],
"targets" : [
{
"c99name" : "RadarCLI",
"module_type" : "SwiftTarget",
"name" : "RadarCLI",
"path" : "Examples/RadarCLI",
"product_memberships" : [
"radar-cli"
],
"sources" : [
"main.swift"
],
"target_dependencies" : [
"FoundationRadar"
],
"type" : "executable"
},
{
"c99name" : "FoundationRadarTests",
"module_type" : "SwiftTarget",
"name" : "FoundationRadarTests",
"path" : "Tests/FoundationRadarTests",
"sources" : [
"AvailabilityTests.swift",
"FoundationRadarTests.swift",
"HistoryTests.swift",
"MeasurementTests.swift",
"PCCSignalsTests.swift",
"ReportTests.swift"
],
"target_dependencies" : [
"FoundationRadar"
],
"type" : "test"
},
{
"c99name" : "FoundationRadar",
"module_type" : "SwiftTarget",
"name" : "FoundationRadar",
"path" : "Sources/FoundationRadar",
"product_memberships" : [
"FoundationRadar",
"radar-cli"
],
"sources" : [
"Availability.swift",
"ContextMeasurement.swift",
"FoundationRadar.swift",
"History.swift",
"LatencyBenchmark.swift",
"PCCSignals.swift",
"RadarError.swift",
"Report.swift"
],
"type" : "library"
}
],
"tools_version" : "6.1"
}
{
"workspace" : {
"name" : "spi-builder-workspace",
"schemes" : [
"FoundationRadar",
"FoundationRadar-Package",
"radar-cli"
]
}
}
2026-07-16 01:15:50.942 xcodebuild[673:4179] [MT] IDERunDestination: Supported platforms for the buildables in the current scheme is empty.
{
"workspace" : {
"name" : "spi-builder-workspace",
"schemes" : [
"FoundationRadar",
"FoundationRadar-Package",
"radar-cli"
]
}
}
2026-07-16 01:15:51.831 xcodebuild[676:4234] [MT] IDERunDestination: Supported platforms for the buildables in the current scheme is empty.
Running build ...
env DEVELOPER_DIR=/Applications/Xcode-26.3.0.app xcrun xcodebuild -IDEClonedSourcePackagesDirPathOverride=$PWD/.dependencies -skipMacroValidation -skipPackagePluginValidation -derivedDataPath $PWD/.derivedData build -scheme FoundationRadar-Package -destination generic/platform=xrOS
Command line invocation:
/Applications/Xcode-26.3.0.app/Contents/Developer/usr/bin/xcodebuild -IDEClonedSourcePackagesDirPathOverride=/Users/admin/builder/spi-builder-workspace/.dependencies -skipMacroValidation -skipPackagePluginValidation -derivedDataPath /Users/admin/builder/spi-builder-workspace/.derivedData build -scheme FoundationRadar-Package -destination generic/platform=xrOS
Resolve Package Graph
Resolved source packages:
FoundationRadar: /Users/admin/builder/spi-builder-workspace
ComputePackagePrebuildTargetDependencyGraph
Prepare packages
CreateBuildRequest
SendProjectDescription
CreateBuildOperation
ComputeTargetDependencyGraph
note: Building targets in dependency order
note: Target dependency graph (3 targets)
Target 'radar-cli' in project 'FoundationRadar'
➜ Explicit dependency on target 'FoundationRadar' in project 'FoundationRadar'
Target 'FoundationRadar' in project 'FoundationRadar'
➜ Explicit dependency on target 'FoundationRadar' in project 'FoundationRadar'
Target 'FoundationRadar' in project 'FoundationRadar' (no dependencies)
GatherProvisioningInputs
CreateBuildDescription
ExecuteExternalTool /Applications/Xcode-26.3.0.app/Contents/Developer/Toolchains/XcodeDefault.xctoolchain/usr/bin/clang -v -E -dM -isysroot /Applications/Xcode-26.3.0.app/Contents/Developer/Platforms/XROS.platform/Developer/SDKs/XROS26.2.sdk -x c -c /dev/null
ExecuteExternalTool /Applications/Xcode-26.3.0.app/Contents/Developer/Toolchains/XcodeDefault.xctoolchain/usr/bin/swiftc --version
ExecuteExternalTool /Applications/Xcode-26.3.0.app/Contents/Developer/Toolchains/XcodeDefault.xctoolchain/usr/bin/ld -version_details
Build description signature: 7ef58169d3d24395bbda4cb28c79f7e3
Build description path: /Users/admin/builder/spi-builder-workspace/.derivedData/Build/Intermediates.noindex/XCBuildData/7ef58169d3d24395bbda4cb28c79f7e3.xcbuilddata
CreateBuildDirectory /Users/admin/builder/spi-builder-workspace/.derivedData/Build/Products
cd /Users/admin/builder/spi-builder-workspace/.swiftpm/xcode
builtin-create-build-directory /Users/admin/builder/spi-builder-workspace/.derivedData/Build/Products
ClangStatCache /Applications/Xcode-26.3.0.app/Contents/Developer/Toolchains/XcodeDefault.xctoolchain/usr/bin/clang-stat-cache /Applications/Xcode-26.3.0.app/Contents/Developer/Platforms/XROS.platform/Developer/SDKs/XROS26.2.sdk /Users/admin/builder/spi-builder-workspace/.derivedData/SDKStatCaches.noindex/xros26.2-23N301-dc75598d0054f22ec865fa860f139d72f5e64962d3ee001da1d77d1957dffdab.sdkstatcache
cd /Users/admin/builder/spi-builder-workspace/.swiftpm/xcode
/Applications/Xcode-26.3.0.app/Contents/Developer/Toolchains/XcodeDefault.xctoolchain/usr/bin/clang-stat-cache /Applications/Xcode-26.3.0.app/Contents/Developer/Platforms/XROS.platform/Developer/SDKs/XROS26.2.sdk -o /Users/admin/builder/spi-builder-workspace/.derivedData/SDKStatCaches.noindex/xros26.2-23N301-dc75598d0054f22ec865fa860f139d72f5e64962d3ee001da1d77d1957dffdab.sdkstatcache
CreateBuildDirectory /Users/admin/builder/spi-builder-workspace/.derivedData/Build/Intermediates.noindex
cd /Users/admin/builder/spi-builder-workspace/.swiftpm/xcode
builtin-create-build-directory /Users/admin/builder/spi-builder-workspace/.derivedData/Build/Intermediates.noindex
CreateBuildDirectory /Users/admin/builder/spi-builder-workspace/.derivedData/Build/Intermediates.noindex/SwiftExplicitPrecompiledModules
cd /Users/admin/builder/spi-builder-workspace/.swiftpm/xcode
builtin-create-build-directory /Users/admin/builder/spi-builder-workspace/.derivedData/Build/Intermediates.noindex/SwiftExplicitPrecompiledModules
CreateBuildDirectory /Users/admin/builder/spi-builder-workspace/.derivedData/Build/Intermediates.noindex/ExplicitPrecompiledModules
cd /Users/admin/builder/spi-builder-workspace/.swiftpm/xcode
builtin-create-build-directory /Users/admin/builder/spi-builder-workspace/.derivedData/Build/Intermediates.noindex/ExplicitPrecompiledModules
CreateBuildDirectory /Users/admin/builder/spi-builder-workspace/.derivedData/Build/Intermediates.noindex/EagerLinkingTBDs/Debug-xros
cd /Users/admin/builder/spi-builder-workspace/.swiftpm/xcode
builtin-create-build-directory /Users/admin/builder/spi-builder-workspace/.derivedData/Build/Intermediates.noindex/EagerLinkingTBDs/Debug-xros
CreateBuildDirectory /Users/admin/builder/spi-builder-workspace/.derivedData/Build/Products/Debug-xros
cd /Users/admin/builder/spi-builder-workspace/.swiftpm/xcode
builtin-create-build-directory /Users/admin/builder/spi-builder-workspace/.derivedData/Build/Products/Debug-xros
CreateBuildDirectory /Users/admin/builder/spi-builder-workspace/.derivedData/Build/Products/Debug-xros/PackageFrameworks
cd /Users/admin/builder/spi-builder-workspace/.swiftpm/xcode
builtin-create-build-directory /Users/admin/builder/spi-builder-workspace/.derivedData/Build/Products/Debug-xros/PackageFrameworks
WriteAuxiliaryFile /Users/admin/builder/spi-builder-workspace/.derivedData/Build/Intermediates.noindex/FoundationRadar.build/Debug-xros/radar-cli.build/radar-cli.DependencyStaticMetadataFileList (in target 'radar-cli' from project 'FoundationRadar')
cd /Users/admin/builder/spi-builder-workspace
write-file /Users/admin/builder/spi-builder-workspace/.derivedData/Build/Intermediates.noindex/FoundationRadar.build/Debug-xros/radar-cli.build/radar-cli.DependencyStaticMetadataFileList
WriteAuxiliaryFile /Users/admin/builder/spi-builder-workspace/.derivedData/Build/Intermediates.noindex/FoundationRadar.build/Debug-xros/radar-cli.build/radar-cli.DependencyMetadataFileList (in target 'radar-cli' from project 'FoundationRadar')
cd /Users/admin/builder/spi-builder-workspace
write-file /Users/admin/builder/spi-builder-workspace/.derivedData/Build/Intermediates.noindex/FoundationRadar.build/Debug-xros/radar-cli.build/radar-cli.DependencyMetadataFileList
WriteAuxiliaryFile /Users/admin/builder/spi-builder-workspace/.derivedData/Build/Intermediates.noindex/FoundationRadar.build/Debug-xros/radar-cli.build/Objects-normal/arm64/radar-cli.LinkFileList (in target 'radar-cli' from project 'FoundationRadar')
cd /Users/admin/builder/spi-builder-workspace
write-file /Users/admin/builder/spi-builder-workspace/.derivedData/Build/Intermediates.noindex/FoundationRadar.build/Debug-xros/radar-cli.build/Objects-normal/arm64/radar-cli.LinkFileList
WriteAuxiliaryFile /Users/admin/builder/spi-builder-workspace/.derivedData/Build/Intermediates.noindex/FoundationRadar.build/Debug-xros/radar-cli.build/Objects-normal/arm64/radar-cli-OutputFileMap.json (in target 'radar-cli' from project 'FoundationRadar')
cd /Users/admin/builder/spi-builder-workspace
write-file /Users/admin/builder/spi-builder-workspace/.derivedData/Build/Intermediates.noindex/FoundationRadar.build/Debug-xros/radar-cli.build/Objects-normal/arm64/radar-cli-OutputFileMap.json
WriteAuxiliaryFile /Users/admin/builder/spi-builder-workspace/.derivedData/Build/Intermediates.noindex/FoundationRadar.build/Debug-xros/radar-cli.build/Objects-normal/arm64/radar-cli_const_extract_protocols.json (in target 'radar-cli' from project 'FoundationRadar')
cd /Users/admin/builder/spi-builder-workspace
write-file /Users/admin/builder/spi-builder-workspace/.derivedData/Build/Intermediates.noindex/FoundationRadar.build/Debug-xros/radar-cli.build/Objects-normal/arm64/radar-cli_const_extract_protocols.json
WriteAuxiliaryFile /Users/admin/builder/spi-builder-workspace/.derivedData/Build/Intermediates.noindex/FoundationRadar.build/Debug-xros/radar-cli.build/Objects-normal/arm64/radar-cli.SwiftFileList (in target 'radar-cli' from project 'FoundationRadar')
cd /Users/admin/builder/spi-builder-workspace
write-file /Users/admin/builder/spi-builder-workspace/.derivedData/Build/Intermediates.noindex/FoundationRadar.build/Debug-xros/radar-cli.build/Objects-normal/arm64/radar-cli.SwiftFileList
WriteAuxiliaryFile /Users/admin/builder/spi-builder-workspace/.derivedData/Build/Intermediates.noindex/FoundationRadar.build/Debug-xros/FoundationRadar.build/Objects-normal/arm64/FoundationRadar_const_extract_protocols.json (in target 'FoundationRadar' from project 'FoundationRadar')
cd /Users/admin/builder/spi-builder-workspace
write-file /Users/admin/builder/spi-builder-workspace/.derivedData/Build/Intermediates.noindex/FoundationRadar.build/Debug-xros/FoundationRadar.build/Objects-normal/arm64/FoundationRadar_const_extract_protocols.json
WriteAuxiliaryFile /Users/admin/builder/spi-builder-workspace/.derivedData/Build/Intermediates.noindex/FoundationRadar.build/Debug-xros/FoundationRadar.build/Objects-normal/arm64/FoundationRadar.SwiftFileList (in target 'FoundationRadar' from project 'FoundationRadar')
cd /Users/admin/builder/spi-builder-workspace
write-file /Users/admin/builder/spi-builder-workspace/.derivedData/Build/Intermediates.noindex/FoundationRadar.build/Debug-xros/FoundationRadar.build/Objects-normal/arm64/FoundationRadar.SwiftFileList
WriteAuxiliaryFile /Users/admin/builder/spi-builder-workspace/.derivedData/Build/Intermediates.noindex/FoundationRadar.build/Debug-xros/FoundationRadar.build/Objects-normal/arm64/FoundationRadar.SwiftConstValuesFileList (in target 'FoundationRadar' from project 'FoundationRadar')
cd /Users/admin/builder/spi-builder-workspace
write-file /Users/admin/builder/spi-builder-workspace/.derivedData/Build/Intermediates.noindex/FoundationRadar.build/Debug-xros/FoundationRadar.build/Objects-normal/arm64/FoundationRadar.SwiftConstValuesFileList
WriteAuxiliaryFile /Users/admin/builder/spi-builder-workspace/.derivedData/Build/Intermediates.noindex/FoundationRadar.build/Debug-xros/FoundationRadar.build/Objects-normal/arm64/FoundationRadar.LinkFileList (in target 'FoundationRadar' from project 'FoundationRadar')
cd /Users/admin/builder/spi-builder-workspace
write-file /Users/admin/builder/spi-builder-workspace/.derivedData/Build/Intermediates.noindex/FoundationRadar.build/Debug-xros/FoundationRadar.build/Objects-normal/arm64/FoundationRadar.LinkFileList
WriteAuxiliaryFile /Users/admin/builder/spi-builder-workspace/.derivedData/Build/Intermediates.noindex/FoundationRadar.build/Debug-xros/FoundationRadar.build/Objects-normal/arm64/FoundationRadar-OutputFileMap.json (in target 'FoundationRadar' from project 'FoundationRadar')
cd /Users/admin/builder/spi-builder-workspace
write-file /Users/admin/builder/spi-builder-workspace/.derivedData/Build/Intermediates.noindex/FoundationRadar.build/Debug-xros/FoundationRadar.build/Objects-normal/arm64/FoundationRadar-OutputFileMap.json
WriteAuxiliaryFile /Users/admin/builder/spi-builder-workspace/.derivedData/Build/Intermediates.noindex/FoundationRadar.build/Debug-xros/FoundationRadar.build/FoundationRadar.modulemap (in target 'FoundationRadar' from project 'FoundationRadar')
cd /Users/admin/builder/spi-builder-workspace
write-file /Users/admin/builder/spi-builder-workspace/.derivedData/Build/Intermediates.noindex/FoundationRadar.build/Debug-xros/FoundationRadar.build/FoundationRadar.modulemap
WriteAuxiliaryFile /Users/admin/builder/spi-builder-workspace/.derivedData/Build/Intermediates.noindex/FoundationRadar.build/Debug-xros/FoundationRadar.build/FoundationRadar.DependencyStaticMetadataFileList (in target 'FoundationRadar' from project 'FoundationRadar')
cd /Users/admin/builder/spi-builder-workspace
write-file /Users/admin/builder/spi-builder-workspace/.derivedData/Build/Intermediates.noindex/FoundationRadar.build/Debug-xros/FoundationRadar.build/FoundationRadar.DependencyStaticMetadataFileList
WriteAuxiliaryFile /Users/admin/builder/spi-builder-workspace/.derivedData/Build/Intermediates.noindex/FoundationRadar.build/Debug-xros/FoundationRadar.build/FoundationRadar.DependencyMetadataFileList (in target 'FoundationRadar' from project 'FoundationRadar')
cd /Users/admin/builder/spi-builder-workspace
write-file /Users/admin/builder/spi-builder-workspace/.derivedData/Build/Intermediates.noindex/FoundationRadar.build/Debug-xros/FoundationRadar.build/FoundationRadar.DependencyMetadataFileList
Copy /Users/admin/builder/spi-builder-workspace/.derivedData/Build/Intermediates.noindex/GeneratedModuleMaps-xros/FoundationRadar.modulemap /Users/admin/builder/spi-builder-workspace/.derivedData/Build/Intermediates.noindex/FoundationRadar.build/Debug-xros/FoundationRadar.build/FoundationRadar.modulemap (in target 'FoundationRadar' from project 'FoundationRadar')
cd /Users/admin/builder/spi-builder-workspace
builtin-copy -exclude .DS_Store -exclude CVS -exclude .svn -exclude .git -exclude .hg -resolve-src-symlinks /Users/admin/builder/spi-builder-workspace/.derivedData/Build/Intermediates.noindex/FoundationRadar.build/Debug-xros/FoundationRadar.build/FoundationRadar.modulemap /Users/admin/builder/spi-builder-workspace/.derivedData/Build/Intermediates.noindex/GeneratedModuleMaps-xros
SwiftDriver FoundationRadar normal arm64 com.apple.xcode.tools.swift.compiler (in target 'FoundationRadar' from project 'FoundationRadar')
cd /Users/admin/builder/spi-builder-workspace/.swiftpm/xcode
builtin-SwiftDriver -- /Applications/Xcode-26.3.0.app/Contents/Developer/Toolchains/XcodeDefault.xctoolchain/usr/bin/swiftc -module-name FoundationRadar -Onone -enforce-exclusivity\=checked @/Users/admin/builder/spi-builder-workspace/.derivedData/Build/Intermediates.noindex/FoundationRadar.build/Debug-xros/FoundationRadar.build/Objects-normal/arm64/FoundationRadar.SwiftFileList -DSWIFT_PACKAGE -DDEBUG -DSWIFT_MODULE_RESOURCE_BUNDLE_UNAVAILABLE -DXcode -plugin-path /Applications/Xcode-26.3.0.app/Contents/Developer/Toolchains/XcodeDefault.xctoolchain/usr/lib/swift/host/plugins/testing -enable-experimental-feature DebugDescriptionMacro -sdk /Applications/Xcode-26.3.0.app/Contents/Developer/Platforms/XROS.platform/Developer/SDKs/XROS26.2.sdk -target arm64-apple-xros1.0 -g -module-cache-path /Users/admin/builder/spi-builder-workspace/.derivedData/ModuleCache.noindex -Xfrontend -serialize-debugging-options -profile-coverage-mapping -profile-generate -enable-testing -index-store-path /Users/admin/builder/spi-builder-workspace/.derivedData/Index.noindex/DataStore -Xcc -D_LIBCPP_HARDENING_MODE\=_LIBCPP_HARDENING_MODE_DEBUG -swift-version 6 -I /Users/admin/builder/spi-builder-workspace/.derivedData/Build/Products/Debug-xros -Isystem /Applications/Xcode-26.3.0.app/Contents/Developer/Platforms/XROS.platform/Developer/usr/lib -F /Users/admin/builder/spi-builder-workspace/.derivedData/Build/Products/Debug-xros -F /Applications/Xcode-26.3.0.app/Contents/Developer/Platforms/XROS.platform/Developer/Library/Frameworks -F /Applications/Xcode-26.3.0.app/Contents/Developer/Platforms/XROS.platform/Developer/SDKs/XROS26.2.sdk/Developer/Library/Frameworks -c -j10 -enable-batch-mode -incremental -Xcc -ivfsstatcache -Xcc /Users/admin/builder/spi-builder-workspace/.derivedData/SDKStatCaches.noindex/xros26.2-23N301-dc75598d0054f22ec865fa860f139d72f5e64962d3ee001da1d77d1957dffdab.sdkstatcache -output-file-map /Users/admin/builder/spi-builder-workspace/.derivedData/Build/Intermediates.noindex/FoundationRadar.build/Debug-xros/FoundationRadar.build/Objects-normal/arm64/FoundationRadar-OutputFileMap.json -use-frontend-parseable-output -save-temps -no-color-diagnostics -explicit-module-build -module-cache-path /Users/admin/builder/spi-builder-workspace/.derivedData/Build/Intermediates.noindex/SwiftExplicitPrecompiledModules -clang-scanner-module-cache-path /Users/admin/builder/spi-builder-workspace/.derivedData/ModuleCache.noindex -sdk-module-cache-path /Users/admin/builder/spi-builder-workspace/.derivedData/ModuleCache.noindex -serialize-diagnostics -emit-dependencies -emit-module -emit-module-path /Users/admin/builder/spi-builder-workspace/.derivedData/Build/Intermediates.noindex/FoundationRadar.build/Debug-xros/FoundationRadar.build/Objects-normal/arm64/FoundationRadar.swiftmodule -validate-clang-modules-once -clang-build-session-file /Users/admin/builder/spi-builder-workspace/.derivedData/ModuleCache.noindex/Session.modulevalidation -package-name spi_builder_workspace -Xcc -I/Users/admin/builder/spi-builder-workspace/.derivedData/Build/Intermediates.noindex/FoundationRadar.build/Debug-xros/FoundationRadar.build/swift-overrides.hmap -emit-const-values -Xfrontend -const-gather-protocols-file -Xfrontend /Users/admin/builder/spi-builder-workspace/.derivedData/Build/Intermediates.noindex/FoundationRadar.build/Debug-xros/FoundationRadar.build/Objects-normal/arm64/FoundationRadar_const_extract_protocols.json -Xcc -I/Users/admin/builder/spi-builder-workspace/.derivedData/Build/Products/Debug-xros/include -Xcc -I/Users/admin/builder/spi-builder-workspace/.derivedData/Build/Intermediates.noindex/FoundationRadar.build/Debug-xros/FoundationRadar.build/DerivedSources-normal/arm64 -Xcc -I/Users/admin/builder/spi-builder-workspace/.derivedData/Build/Intermediates.noindex/FoundationRadar.build/Debug-xros/FoundationRadar.build/DerivedSources/arm64 -Xcc -I/Users/admin/builder/spi-builder-workspace/.derivedData/Build/Intermediates.noindex/FoundationRadar.build/Debug-xros/FoundationRadar.build/DerivedSources -Xcc -DSWIFT_PACKAGE -Xcc -DDEBUG\=1 -emit-objc-header -emit-objc-header-path /Users/admin/builder/spi-builder-workspace/.derivedData/Build/Intermediates.noindex/FoundationRadar.build/Debug-xros/FoundationRadar.build/Objects-normal/arm64/FoundationRadar-Swift.h -working-directory /Users/admin/builder/spi-builder-workspace/.swiftpm/xcode -experimental-emit-module-separately -disable-cmo
SwiftExplicitDependencyGeneratePcm arm64 /Users/admin/builder/spi-builder-workspace/.derivedData/ModuleCache.noindex/_Builtin_float-E8HVELBQ1F2YEDH9EB7H2VSO3.pcm
SwiftExplicitDependencyGeneratePcm arm64 /Users/admin/builder/spi-builder-workspace/.derivedData/ModuleCache.noindex/_Builtin_stdarg-54KSRAZN8VL1MEKQYJX368KXB.pcm
SwiftExplicitDependencyGeneratePcm arm64 /Users/admin/builder/spi-builder-workspace/.derivedData/ModuleCache.noindex/SwiftShims-5F2LV4HI2MAS9N2BJS4URWGWG.pcm
SwiftExplicitDependencyGeneratePcm arm64 /Users/admin/builder/spi-builder-workspace/.derivedData/ModuleCache.noindex/_Builtin_stddef-CML2CQCR6COUL0ZMAAD43JO7N.pcm
SwiftExplicitDependencyGeneratePcm arm64 /Users/admin/builder/spi-builder-workspace/.derivedData/ModuleCache.noindex/ptrauth-3TTU7HUF64BF17ZTGSWIA3DTI.pcm
SwiftExplicitDependencyGeneratePcm arm64 /Users/admin/builder/spi-builder-workspace/.derivedData/ModuleCache.noindex/ptrcheck-7TT5269Z7SKDD720U53254HQU.pcm
SwiftExplicitDependencyGeneratePcm arm64 /Users/admin/builder/spi-builder-workspace/.derivedData/ModuleCache.noindex/_SwiftConcurrencyShims-1HZHSJNSE97Y104N6IP2TMXTC.pcm
SwiftExplicitDependencyGeneratePcm arm64 /Users/admin/builder/spi-builder-workspace/.derivedData/ModuleCache.noindex/_AvailabilityInternal-28A06X2457FJY76L7LJ0GUOF3.pcm
SwiftExplicitDependencyGeneratePcm arm64 /Users/admin/builder/spi-builder-workspace/.derivedData/ModuleCache.noindex/_Builtin_stdbool-1DUYIFNOQHY2TCZ3B6ZWCCMGE.pcm
SwiftExplicitDependencyGeneratePcm arm64 /Users/admin/builder/spi-builder-workspace/.derivedData/ModuleCache.noindex/_DarwinFoundation1-8CMST8TSXAWII98OW8ZKLD2QK.pcm
SwiftExplicitDependencyGeneratePcm arm64 /Users/admin/builder/spi-builder-workspace/.derivedData/ModuleCache.noindex/_DarwinFoundation2-U8H8N4PTFWEP7MPMZP50F4ZS.pcm
SwiftExplicitDependencyGeneratePcm arm64 /Users/admin/builder/spi-builder-workspace/.derivedData/ModuleCache.noindex/_Builtin_limits-1V08TI46EW9129RN2DMF19Z65.pcm
SwiftExplicitDependencyGeneratePcm arm64 /Users/admin/builder/spi-builder-workspace/.derivedData/ModuleCache.noindex/ExtensionFoundation-5MG087XBS2GDER5P8M8DD29QK.pcm
SwiftExplicitDependencyGeneratePcm arm64 /Users/admin/builder/spi-builder-workspace/.derivedData/ModuleCache.noindex/sys_types-3DZGYYR6T3ISZK13F80O99RCO.pcm
SwiftExplicitDependencyGeneratePcm arm64 /Users/admin/builder/spi-builder-workspace/.derivedData/ModuleCache.noindex/_Builtin_stdint-BW762HS982R0M3LTGQ2BVDN40.pcm
SwiftExplicitDependencyGeneratePcm arm64 /Users/admin/builder/spi-builder-workspace/.derivedData/ModuleCache.noindex/_Builtin_stdatomic-BRYJSJP2G4KKPDMZ2X6D3YFH3.pcm
SwiftExplicitDependencyGeneratePcm arm64 /Users/admin/builder/spi-builder-workspace/.derivedData/ModuleCache.noindex/_DarwinFoundation3-3WWSXMSA802VIMEI85MV22BX3.pcm
SwiftExplicitDependencyGeneratePcm arm64 /Users/admin/builder/spi-builder-workspace/.derivedData/ModuleCache.noindex/_Builtin_inttypes-BB38SBW88KOYSZLAV5PVDM2KD.pcm
SwiftExplicitDependencyGeneratePcm arm64 /Users/admin/builder/spi-builder-workspace/.derivedData/ModuleCache.noindex/Darwin-1NOAWXS5ESSBKPL3YVPNRCHH8.pcm
SwiftExplicitDependencyGeneratePcm arm64 /Users/admin/builder/spi-builder-workspace/.derivedData/ModuleCache.noindex/MachO-1TX61SM69J9TS3GB6HAIQGHOF.pcm
SwiftExplicitDependencyGeneratePcm arm64 /Users/admin/builder/spi-builder-workspace/.derivedData/ModuleCache.noindex/ObjectiveC-8XUBWJA3HNUU0FROV26LQKLVS.pcm
SwiftExplicitDependencyGeneratePcm arm64 /Users/admin/builder/spi-builder-workspace/.derivedData/ModuleCache.noindex/os_object-5XC7NY3EX1QS46A0ZG0D43C0E.pcm
SwiftExplicitDependencyGeneratePcm arm64 /Users/admin/builder/spi-builder-workspace/.derivedData/ModuleCache.noindex/os_workgroup-ANL0EO1GN9FFWM716WJGJDES.pcm
SwiftExplicitDependencyGeneratePcm arm64 /Users/admin/builder/spi-builder-workspace/.derivedData/ModuleCache.noindex/Dispatch-8TM292VHU2ESDPWJ3W72F9KSG.pcm
SwiftExplicitDependencyGeneratePcm arm64 /Users/admin/builder/spi-builder-workspace/.derivedData/ModuleCache.noindex/os-A4T54WNHV666DAIGOPVM5IVX8.pcm
SwiftExplicitDependencyGeneratePcm arm64 /Users/admin/builder/spi-builder-workspace/.derivedData/ModuleCache.noindex/dnssd-2TBSNBB4MZT5Z2VIEUAVP94HU.pcm
SwiftExplicitDependencyGeneratePcm arm64 /Users/admin/builder/spi-builder-workspace/.derivedData/ModuleCache.noindex/CoreFoundation-F4BCGGN0DN0NJZOMYEOL1PKUL.pcm
SwiftExplicitDependencyGeneratePcm arm64 /Users/admin/builder/spi-builder-workspace/.derivedData/ModuleCache.noindex/Security-ANXHZNG3KKHKFCMLX9CBJWBDR.pcm
SwiftExplicitDependencyGeneratePcm arm64 /Users/admin/builder/spi-builder-workspace/.derivedData/ModuleCache.noindex/CFNetwork-577PQ3L3HRMK4GC9NXDJ185AW.pcm
SwiftExplicitDependencyGeneratePcm arm64 /Users/admin/builder/spi-builder-workspace/.derivedData/ModuleCache.noindex/CoreGraphics-9RD94I3FJZWB7ETHKKB5UEXX3.pcm
SwiftExplicitDependencyGeneratePcm arm64 /Users/admin/builder/spi-builder-workspace/.derivedData/ModuleCache.noindex/Foundation-4I6RF6R5X2RZIDSMBXC80QZ2O.pcm
SwiftExplicitDependencyGeneratePcm arm64 /Users/admin/builder/spi-builder-workspace/.derivedData/ModuleCache.noindex/OSLog-C7VKA7VMRBSK70FI0ENCM2C75.pcm
SwiftExplicitDependencyGeneratePcm arm64 /Users/admin/builder/spi-builder-workspace/.derivedData/ModuleCache.noindex/BackgroundAssets-2Q1OIQQPWT15VGCKQOYCBJS8C.pcm
SwiftExplicitDependencyGeneratePcm arm64 /Users/admin/builder/spi-builder-workspace/.derivedData/ModuleCache.noindex/Network-TVDNZHLNYAB8NLUDT63VN45N.pcm
SwiftEmitModule normal arm64 Emitting\ module\ for\ FoundationRadar (in target 'FoundationRadar' from project 'FoundationRadar')
EmitSwiftModule normal arm64 (in target 'FoundationRadar' from project 'FoundationRadar')
cd /Users/admin/builder/spi-builder-workspace/.swiftpm/xcode
SwiftCompile normal arm64 Compiling\ Availability.swift /Users/admin/builder/spi-builder-workspace/Sources/FoundationRadar/Availability.swift (in target 'FoundationRadar' from project 'FoundationRadar')
SwiftCompile normal arm64 /Users/admin/builder/spi-builder-workspace/Sources/FoundationRadar/Availability.swift (in target 'FoundationRadar' from project 'FoundationRadar')
cd /Users/admin/builder/spi-builder-workspace/.swiftpm/xcode
SwiftCompile normal arm64 Compiling\ PCCSignals.swift /Users/admin/builder/spi-builder-workspace/Sources/FoundationRadar/PCCSignals.swift (in target 'FoundationRadar' from project 'FoundationRadar')
SwiftCompile normal arm64 /Users/admin/builder/spi-builder-workspace/Sources/FoundationRadar/PCCSignals.swift (in target 'FoundationRadar' from project 'FoundationRadar')
cd /Users/admin/builder/spi-builder-workspace/.swiftpm/xcode
SwiftCompile normal arm64 Compiling\ History.swift /Users/admin/builder/spi-builder-workspace/Sources/FoundationRadar/History.swift (in target 'FoundationRadar' from project 'FoundationRadar')
SwiftCompile normal arm64 /Users/admin/builder/spi-builder-workspace/Sources/FoundationRadar/History.swift (in target 'FoundationRadar' from project 'FoundationRadar')
cd /Users/admin/builder/spi-builder-workspace/.swiftpm/xcode
SwiftCompile normal arm64 Compiling\ ContextMeasurement.swift /Users/admin/builder/spi-builder-workspace/Sources/FoundationRadar/ContextMeasurement.swift (in target 'FoundationRadar' from project 'FoundationRadar')
Failed frontend command:
/Applications/Xcode-26.3.0.app/Contents/Developer/Toolchains/XcodeDefault.xctoolchain/usr/bin/swift-frontend -frontend -c /Users/admin/builder/spi-builder-workspace/Sources/FoundationRadar/Availability.swift -primary-file /Users/admin/builder/spi-builder-workspace/Sources/FoundationRadar/ContextMeasurement.swift /Users/admin/builder/spi-builder-workspace/Sources/FoundationRadar/FoundationRadar.swift /Users/admin/builder/spi-builder-workspace/Sources/FoundationRadar/History.swift /Users/admin/builder/spi-builder-workspace/Sources/FoundationRadar/LatencyBenchmark.swift /Users/admin/builder/spi-builder-workspace/Sources/FoundationRadar/PCCSignals.swift /Users/admin/builder/spi-builder-workspace/Sources/FoundationRadar/RadarError.swift /Users/admin/builder/spi-builder-workspace/Sources/FoundationRadar/Report.swift -emit-dependencies-path /Users/admin/builder/spi-builder-workspace/.derivedData/Build/Intermediates.noindex/FoundationRadar.build/Debug-xros/FoundationRadar.build/Objects-normal/arm64/ContextMeasurement.d -emit-const-values-path /Users/admin/builder/spi-builder-workspace/.derivedData/Build/Intermediates.noindex/FoundationRadar.build/Debug-xros/FoundationRadar.build/Objects-normal/arm64/ContextMeasurement.swiftconstvalues -emit-reference-dependencies-path /Users/admin/builder/spi-builder-workspace/.derivedData/Build/Intermediates.noindex/FoundationRadar.build/Debug-xros/FoundationRadar.build/Objects-normal/arm64/ContextMeasurement.swiftdeps -serialize-diagnostics-path /Users/admin/builder/spi-builder-workspace/.derivedData/Build/Intermediates.noindex/FoundationRadar.build/Debug-xros/FoundationRadar.build/Objects-normal/arm64/ContextMeasurement.dia -target arm64-apple-xros1.0 -module-can-import-version FoundationModels 1.1.7 0 -module-can-import-version Network 5000.0.25 5569.60.39 -load-resolved-plugin /Applications/Xcode-26.3.0.app/Contents/Developer/Platforms/XROS.platform/Developer/usr/lib/swift/host/plugins/libFoundationMacros.dylib\#/Applications/Xcode-26.3.0.app/Contents/Developer/Platforms/XROS.platform/Developer/usr/bin/swift-plugin-server\#FoundationMacros -load-resolved-plugin /Applications/Xcode-26.3.0.app/Contents/Developer/Platforms/XROS.platform/Developer/usr/lib/swift/host/plugins/libFoundationModelsMacros.dylib\#/Applications/Xcode-26.3.0.app/Contents/Developer/Platforms/XROS.platform/Developer/usr/bin/swift-plugin-server\#FoundationModelsMacros -load-resolved-plugin /Applications/Xcode-26.3.0.app/Contents/Developer/Platforms/XROS.platform/Developer/usr/lib/swift/host/plugins/libObservationMacros.dylib\#/Applications/Xcode-26.3.0.app/Contents/Developer/Platforms/XROS.platform/Developer/usr/bin/swift-plugin-server\#ObservationMacros -load-resolved-plugin /Applications/Xcode-26.3.0.app/Contents/Developer/Platforms/XROS.platform/Developer/usr/lib/swift/host/plugins/libSwiftMacros.dylib\#/Applications/Xcode-26.3.0.app/Contents/Developer/Platforms/XROS.platform/Developer/usr/bin/swift-plugin-server\#SwiftMacros -disable-implicit-swift-modules -Xcc -fno-implicit-modules -Xcc -fno-implicit-module-maps -explicit-swift-module-map-file /Users/admin/builder/spi-builder-workspace/.derivedData/Build/Intermediates.noindex/FoundationRadar.build/Debug-xros/FoundationRadar.build/Objects-normal/arm64/FoundationRadar-dependencies-1.json -Xllvm -aarch64-use-tbi -enable-objc-interop -stack-check -sdk /Applications/Xcode-26.3.0.app/Contents/Developer/Platforms/XROS.platform/Developer/SDKs/XROS26.2.sdk -I /Users/admin/builder/spi-builder-workspace/.derivedData/Build/Products/Debug-xros -Isystem /Applications/Xcode-26.3.0.app/Contents/Developer/Platforms/XROS.platform/Developer/usr/lib -F /Users/admin/builder/spi-builder-workspace/.derivedData/Build/Products/Debug-xros -F /Applications/Xcode-26.3.0.app/Contents/Developer/Platforms/XROS.platform/Developer/Library/Frameworks -F /Applications/Xcode-26.3.0.app/Contents/Developer/Platforms/XROS.platform/Developer/SDKs/XROS26.2.sdk/Developer/Library/Frameworks -no-color-diagnostics -Xcc -fno-color-diagnostics -enable-testing -g -debug-info-format\=dwarf -dwarf-version\=4 -module-cache-path /Users/admin/builder/spi-builder-workspace/.derivedData/Build/Intermediates.noindex/SwiftExplicitPrecompiledModules -profile-generate -profile-coverage-mapping -swift-version 6 -enforce-exclusivity\=checked -Onone -D SWIFT_PACKAGE -D DEBUG -D SWIFT_MODULE_RESOURCE_BUNDLE_UNAVAILABLE -D Xcode -serialize-debugging-options -const-gather-protocols-file /Users/admin/builder/spi-builder-workspace/.derivedData/Build/Intermediates.noindex/FoundationRadar.build/Debug-xros/FoundationRadar.build/Objects-normal/arm64/FoundationRadar_const_extract_protocols.json -enable-experimental-feature DebugDescriptionMacro -empty-abi-descriptor -validate-clang-modules-once -clang-build-session-file /Users/admin/builder/spi-builder-workspace/.derivedData/ModuleCache.noindex/Session.modulevalidation -Xcc -working-directory -Xcc /Users/admin/builder/spi-builder-workspace/.swiftpm/xcode -enable-anonymous-context-mangled-names -file-compilation-dir /Users/admin/builder/spi-builder-workspace/.swiftpm/xcode -Xcc -D_LIBCPP_HARDENING_MODE\=_LIBCPP_HARDENING_MODE_DEBUG -Xcc -ivfsstatcache -Xcc /Users/admin/builder/spi-builder-workspace/.derivedData/SDKStatCaches.noindex/xros26.2-23N301-dc75598d0054f22ec865fa860f139d72f5e64962d3ee001da1d77d1957dffdab.sdkstatcache -Xcc -I/Users/admin/builder/spi-builder-workspace/.derivedData/Build/Intermediates.noindex/FoundationRadar.build/Debug-xros/FoundationRadar.build/swift-overrides.hmap -Xcc -I/Users/admin/builder/spi-builder-workspace/.derivedData/Build/Products/Debug-xros/include -Xcc -I/Users/admin/builder/spi-builder-workspace/.derivedData/Build/Intermediates.noindex/FoundationRadar.build/Debug-xros/FoundationRadar.build/DerivedSources-normal/arm64 -Xcc -I/Users/admin/builder/spi-builder-workspace/.derivedData/Build/Intermediates.noindex/FoundationRadar.build/Debug-xros/FoundationRadar.build/DerivedSources/arm64 -Xcc -I/Users/admin/builder/spi-builder-workspace/.derivedData/Build/Intermediates.noindex/FoundationRadar.build/Debug-xros/FoundationRadar.build/DerivedSources -Xcc -DSWIFT_PACKAGE -Xcc -DDEBUG\=1 -no-auto-bridging-header-chaining -module-name FoundationRadar -package-name spi_builder_workspace -frontend-parseable-output -disable-clang-spi -target-sdk-version 26.2 -target-sdk-name xros26.2 -clang-target arm64-apple-xros26.2 -in-process-plugin-server-path /Applications/Xcode-26.3.0.app/Contents/Developer/Toolchains/XcodeDefault.xctoolchain/usr/lib/swift/host/libSwiftInProcPluginServer.dylib -o /Users/admin/builder/spi-builder-workspace/.derivedData/Build/Intermediates.noindex/FoundationRadar.build/Debug-xros/FoundationRadar.build/Objects-normal/arm64/ContextMeasurement.o -index-unit-output-path /FoundationRadar.build/Debug-xros/FoundationRadar.build/Objects-normal/arm64/ContextMeasurement.o -index-store-path /Users/admin/builder/spi-builder-workspace/.derivedData/Index.noindex/DataStore -index-system-modules
SwiftCompile normal arm64 /Users/admin/builder/spi-builder-workspace/Sources/FoundationRadar/ContextMeasurement.swift (in target 'FoundationRadar' from project 'FoundationRadar')
cd /Users/admin/builder/spi-builder-workspace/.swiftpm/xcode
/Users/admin/builder/spi-builder-workspace/Sources/FoundationRadar/ContextMeasurement.swift:58:50: error: value of type 'SystemLanguageModel' has no member 'contextSize'
let tokens = SystemLanguageModel.default.contextSize
~~~~~~~~~~~~~~~~~~~~~~~~~~~ ^~~~~~~~~~~
SwiftCompile normal arm64 Compiling\ FoundationRadar.swift /Users/admin/builder/spi-builder-workspace/Sources/FoundationRadar/FoundationRadar.swift (in target 'FoundationRadar' from project 'FoundationRadar')
SwiftCompile normal arm64 /Users/admin/builder/spi-builder-workspace/Sources/FoundationRadar/FoundationRadar.swift (in target 'FoundationRadar' from project 'FoundationRadar')
cd /Users/admin/builder/spi-builder-workspace/.swiftpm/xcode
SwiftCompile normal arm64 Compiling\ Report.swift /Users/admin/builder/spi-builder-workspace/Sources/FoundationRadar/Report.swift (in target 'FoundationRadar' from project 'FoundationRadar')
SwiftCompile normal arm64 /Users/admin/builder/spi-builder-workspace/Sources/FoundationRadar/Report.swift (in target 'FoundationRadar' from project 'FoundationRadar')
cd /Users/admin/builder/spi-builder-workspace/.swiftpm/xcode
SwiftCompile normal arm64 Compiling\ LatencyBenchmark.swift /Users/admin/builder/spi-builder-workspace/Sources/FoundationRadar/LatencyBenchmark.swift (in target 'FoundationRadar' from project 'FoundationRadar')
SwiftCompile normal arm64 /Users/admin/builder/spi-builder-workspace/Sources/FoundationRadar/LatencyBenchmark.swift (in target 'FoundationRadar' from project 'FoundationRadar')
cd /Users/admin/builder/spi-builder-workspace/.swiftpm/xcode
SwiftCompile normal arm64 Compiling\ RadarError.swift /Users/admin/builder/spi-builder-workspace/Sources/FoundationRadar/RadarError.swift (in target 'FoundationRadar' from project 'FoundationRadar')
SwiftCompile normal arm64 /Users/admin/builder/spi-builder-workspace/Sources/FoundationRadar/RadarError.swift (in target 'FoundationRadar' from project 'FoundationRadar')
cd /Users/admin/builder/spi-builder-workspace/.swiftpm/xcode
SwiftDriverJobDiscovery normal arm64 Emitting module for FoundationRadar (in target 'FoundationRadar' from project 'FoundationRadar')
SwiftDriver\ Compilation\ Requirements FoundationRadar normal arm64 com.apple.xcode.tools.swift.compiler (in target 'FoundationRadar' from project 'FoundationRadar')
cd /Users/admin/builder/spi-builder-workspace/.swiftpm/xcode
builtin-Swift-Compilation-Requirements -- /Applications/Xcode-26.3.0.app/Contents/Developer/Toolchains/XcodeDefault.xctoolchain/usr/bin/swiftc -module-name FoundationRadar -Onone -enforce-exclusivity\=checked @/Users/admin/builder/spi-builder-workspace/.derivedData/Build/Intermediates.noindex/FoundationRadar.build/Debug-xros/FoundationRadar.build/Objects-normal/arm64/FoundationRadar.SwiftFileList -DSWIFT_PACKAGE -DDEBUG -DSWIFT_MODULE_RESOURCE_BUNDLE_UNAVAILABLE -DXcode -plugin-path /Applications/Xcode-26.3.0.app/Contents/Developer/Toolchains/XcodeDefault.xctoolchain/usr/lib/swift/host/plugins/testing -enable-experimental-feature DebugDescriptionMacro -sdk /Applications/Xcode-26.3.0.app/Contents/Developer/Platforms/XROS.platform/Developer/SDKs/XROS26.2.sdk -target arm64-apple-xros1.0 -g -module-cache-path /Users/admin/builder/spi-builder-workspace/.derivedData/ModuleCache.noindex -Xfrontend -serialize-debugging-options -profile-coverage-mapping -profile-generate -enable-testing -index-store-path /Users/admin/builder/spi-builder-workspace/.derivedData/Index.noindex/DataStore -Xcc -D_LIBCPP_HARDENING_MODE\=_LIBCPP_HARDENING_MODE_DEBUG -swift-version 6 -I /Users/admin/builder/spi-builder-workspace/.derivedData/Build/Products/Debug-xros -Isystem /Applications/Xcode-26.3.0.app/Contents/Developer/Platforms/XROS.platform/Developer/usr/lib -F /Users/admin/builder/spi-builder-workspace/.derivedData/Build/Products/Debug-xros -F /Applications/Xcode-26.3.0.app/Contents/Developer/Platforms/XROS.platform/Developer/Library/Frameworks -F /Applications/Xcode-26.3.0.app/Contents/Developer/Platforms/XROS.platform/Developer/SDKs/XROS26.2.sdk/Developer/Library/Frameworks -c -j10 -enable-batch-mode -incremental -Xcc -ivfsstatcache -Xcc /Users/admin/builder/spi-builder-workspace/.derivedData/SDKStatCaches.noindex/xros26.2-23N301-dc75598d0054f22ec865fa860f139d72f5e64962d3ee001da1d77d1957dffdab.sdkstatcache -output-file-map /Users/admin/builder/spi-builder-workspace/.derivedData/Build/Intermediates.noindex/FoundationRadar.build/Debug-xros/FoundationRadar.build/Objects-normal/arm64/FoundationRadar-OutputFileMap.json -use-frontend-parseable-output -save-temps -no-color-diagnostics -explicit-module-build -module-cache-path /Users/admin/builder/spi-builder-workspace/.derivedData/Build/Intermediates.noindex/SwiftExplicitPrecompiledModules -clang-scanner-module-cache-path /Users/admin/builder/spi-builder-workspace/.derivedData/ModuleCache.noindex -sdk-module-cache-path /Users/admin/builder/spi-builder-workspace/.derivedData/ModuleCache.noindex -serialize-diagnostics -emit-dependencies -emit-module -emit-module-path /Users/admin/builder/spi-builder-workspace/.derivedData/Build/Intermediates.noindex/FoundationRadar.build/Debug-xros/FoundationRadar.build/Objects-normal/arm64/FoundationRadar.swiftmodule -validate-clang-modules-once -clang-build-session-file /Users/admin/builder/spi-builder-workspace/.derivedData/ModuleCache.noindex/Session.modulevalidation -package-name spi_builder_workspace -Xcc -I/Users/admin/builder/spi-builder-workspace/.derivedData/Build/Intermediates.noindex/FoundationRadar.build/Debug-xros/FoundationRadar.build/swift-overrides.hmap -emit-const-values -Xfrontend -const-gather-protocols-file -Xfrontend /Users/admin/builder/spi-builder-workspace/.derivedData/Build/Intermediates.noindex/FoundationRadar.build/Debug-xros/FoundationRadar.build/Objects-normal/arm64/FoundationRadar_const_extract_protocols.json -Xcc -I/Users/admin/builder/spi-builder-workspace/.derivedData/Build/Products/Debug-xros/include -Xcc -I/Users/admin/builder/spi-builder-workspace/.derivedData/Build/Intermediates.noindex/FoundationRadar.build/Debug-xros/FoundationRadar.build/DerivedSources-normal/arm64 -Xcc -I/Users/admin/builder/spi-builder-workspace/.derivedData/Build/Intermediates.noindex/FoundationRadar.build/Debug-xros/FoundationRadar.build/DerivedSources/arm64 -Xcc -I/Users/admin/builder/spi-builder-workspace/.derivedData/Build/Intermediates.noindex/FoundationRadar.build/Debug-xros/FoundationRadar.build/DerivedSources -Xcc -DSWIFT_PACKAGE -Xcc -DDEBUG\=1 -emit-objc-header -emit-objc-header-path /Users/admin/builder/spi-builder-workspace/.derivedData/Build/Intermediates.noindex/FoundationRadar.build/Debug-xros/FoundationRadar.build/Objects-normal/arm64/FoundationRadar-Swift.h -working-directory /Users/admin/builder/spi-builder-workspace/.swiftpm/xcode -experimental-emit-module-separately -disable-cmo
SwiftMergeGeneratedHeaders /Users/admin/builder/spi-builder-workspace/.derivedData/Build/Intermediates.noindex/GeneratedModuleMaps-xros/FoundationRadar-Swift.h /Users/admin/builder/spi-builder-workspace/.derivedData/Build/Intermediates.noindex/FoundationRadar.build/Debug-xros/FoundationRadar.build/Objects-normal/arm64/FoundationRadar-Swift.h (in target 'FoundationRadar' from project 'FoundationRadar')
cd /Users/admin/builder/spi-builder-workspace
builtin-swiftHeaderTool -arch arm64 /Users/admin/builder/spi-builder-workspace/.derivedData/Build/Intermediates.noindex/FoundationRadar.build/Debug-xros/FoundationRadar.build/Objects-normal/arm64/FoundationRadar-Swift.h -o /Users/admin/builder/spi-builder-workspace/.derivedData/Build/Intermediates.noindex/GeneratedModuleMaps-xros/FoundationRadar-Swift.h
Copy /Users/admin/builder/spi-builder-workspace/.derivedData/Build/Products/Debug-xros/FoundationRadar.swiftmodule/arm64-apple-xros.swiftmodule /Users/admin/builder/spi-builder-workspace/.derivedData/Build/Intermediates.noindex/FoundationRadar.build/Debug-xros/FoundationRadar.build/Objects-normal/arm64/FoundationRadar.swiftmodule (in target 'FoundationRadar' from project 'FoundationRadar')
cd /Users/admin/builder/spi-builder-workspace
builtin-copy -exclude .DS_Store -exclude CVS -exclude .svn -exclude .git -exclude .hg -resolve-src-symlinks -rename /Users/admin/builder/spi-builder-workspace/.derivedData/Build/Intermediates.noindex/FoundationRadar.build/Debug-xros/FoundationRadar.build/Objects-normal/arm64/FoundationRadar.swiftmodule /Users/admin/builder/spi-builder-workspace/.derivedData/Build/Products/Debug-xros/FoundationRadar.swiftmodule/arm64-apple-xros.swiftmodule
Copy /Users/admin/builder/spi-builder-workspace/.derivedData/Build/Products/Debug-xros/FoundationRadar.swiftmodule/arm64-apple-xros.swiftdoc /Users/admin/builder/spi-builder-workspace/.derivedData/Build/Intermediates.noindex/FoundationRadar.build/Debug-xros/FoundationRadar.build/Objects-normal/arm64/FoundationRadar.swiftdoc (in target 'FoundationRadar' from project 'FoundationRadar')
cd /Users/admin/builder/spi-builder-workspace
builtin-copy -exclude .DS_Store -exclude CVS -exclude .svn -exclude .git -exclude .hg -resolve-src-symlinks -rename /Users/admin/builder/spi-builder-workspace/.derivedData/Build/Intermediates.noindex/FoundationRadar.build/Debug-xros/FoundationRadar.build/Objects-normal/arm64/FoundationRadar.swiftdoc /Users/admin/builder/spi-builder-workspace/.derivedData/Build/Products/Debug-xros/FoundationRadar.swiftmodule/arm64-apple-xros.swiftdoc
Copy /Users/admin/builder/spi-builder-workspace/.derivedData/Build/Products/Debug-xros/FoundationRadar.swiftmodule/arm64-apple-xros.abi.json /Users/admin/builder/spi-builder-workspace/.derivedData/Build/Intermediates.noindex/FoundationRadar.build/Debug-xros/FoundationRadar.build/Objects-normal/arm64/FoundationRadar.abi.json (in target 'FoundationRadar' from project 'FoundationRadar')
cd /Users/admin/builder/spi-builder-workspace
builtin-copy -exclude .DS_Store -exclude CVS -exclude .svn -exclude .git -exclude .hg -resolve-src-symlinks -rename /Users/admin/builder/spi-builder-workspace/.derivedData/Build/Intermediates.noindex/FoundationRadar.build/Debug-xros/FoundationRadar.build/Objects-normal/arm64/FoundationRadar.abi.json /Users/admin/builder/spi-builder-workspace/.derivedData/Build/Products/Debug-xros/FoundationRadar.swiftmodule/arm64-apple-xros.abi.json
Copy /Users/admin/builder/spi-builder-workspace/.derivedData/Build/Products/Debug-xros/FoundationRadar.swiftmodule/Project/arm64-apple-xros.swiftsourceinfo /Users/admin/builder/spi-builder-workspace/.derivedData/Build/Intermediates.noindex/FoundationRadar.build/Debug-xros/FoundationRadar.build/Objects-normal/arm64/FoundationRadar.swiftsourceinfo (in target 'FoundationRadar' from project 'FoundationRadar')
cd /Users/admin/builder/spi-builder-workspace
builtin-copy -exclude .DS_Store -exclude CVS -exclude .svn -exclude .git -exclude .hg -resolve-src-symlinks -rename /Users/admin/builder/spi-builder-workspace/.derivedData/Build/Intermediates.noindex/FoundationRadar.build/Debug-xros/FoundationRadar.build/Objects-normal/arm64/FoundationRadar.swiftsourceinfo /Users/admin/builder/spi-builder-workspace/.derivedData/Build/Products/Debug-xros/FoundationRadar.swiftmodule/Project/arm64-apple-xros.swiftsourceinfo
SwiftDriver radar-cli normal arm64 com.apple.xcode.tools.swift.compiler (in target 'radar-cli' from project 'FoundationRadar')
cd /Users/admin/builder/spi-builder-workspace/.swiftpm/xcode
builtin-SwiftDriver -- /Applications/Xcode-26.3.0.app/Contents/Developer/Toolchains/XcodeDefault.xctoolchain/usr/bin/swiftc -module-name radar_cli -Onone -enforce-exclusivity\=checked @/Users/admin/builder/spi-builder-workspace/.derivedData/Build/Intermediates.noindex/FoundationRadar.build/Debug-xros/radar-cli.build/Objects-normal/arm64/radar-cli.SwiftFileList -DSWIFT_PACKAGE -DDEBUG -DXcode -plugin-path /Applications/Xcode-26.3.0.app/Contents/Developer/Toolchains/XcodeDefault.xctoolchain/usr/lib/swift/host/plugins/testing -enable-experimental-feature DebugDescriptionMacro -sdk /Applications/Xcode-26.3.0.app/Contents/Developer/Platforms/XROS.platform/Developer/SDKs/XROS26.2.sdk -target arm64-apple-xros1.0 -g -module-cache-path /Users/admin/builder/spi-builder-workspace/.derivedData/ModuleCache.noindex -Xfrontend -serialize-debugging-options -profile-coverage-mapping -profile-generate -enable-testing -index-store-path /Users/admin/builder/spi-builder-workspace/.derivedData/Index.noindex/DataStore -Xcc -D_LIBCPP_HARDENING_MODE\=_LIBCPP_HARDENING_MODE_DEBUG -swift-version 6 -I /Users/admin/builder/spi-builder-workspace/.derivedData/Build/Products/Debug-xros -Isystem /Applications/Xcode-26.3.0.app/Contents/Developer/Platforms/XROS.platform/Developer/usr/lib -F /Users/admin/builder/spi-builder-workspace/.derivedData/Build/Products/Debug-xros/PackageFrameworks -F /Users/admin/builder/spi-builder-workspace/.derivedData/Build/Products/Debug-xros -F /Applications/Xcode-26.3.0.app/Contents/Developer/Platforms/XROS.platform/Developer/Library/Frameworks -F /Applications/Xcode-26.3.0.app/Contents/Developer/Platforms/XROS.platform/Developer/SDKs/XROS26.2.sdk/Developer/Library/Frameworks -c -j10 -enable-batch-mode -incremental -Xcc -ivfsstatcache -Xcc /Users/admin/builder/spi-builder-workspace/.derivedData/SDKStatCaches.noindex/xros26.2-23N301-dc75598d0054f22ec865fa860f139d72f5e64962d3ee001da1d77d1957dffdab.sdkstatcache -output-file-map /Users/admin/builder/spi-builder-workspace/.derivedData/Build/Intermediates.noindex/FoundationRadar.build/Debug-xros/radar-cli.build/Objects-normal/arm64/radar-cli-OutputFileMap.json -use-frontend-parseable-output -save-temps -no-color-diagnostics -explicit-module-build -module-cache-path /Users/admin/builder/spi-builder-workspace/.derivedData/Build/Intermediates.noindex/SwiftExplicitPrecompiledModules -clang-scanner-module-cache-path /Users/admin/builder/spi-builder-workspace/.derivedData/ModuleCache.noindex -sdk-module-cache-path /Users/admin/builder/spi-builder-workspace/.derivedData/ModuleCache.noindex -serialize-diagnostics -emit-dependencies -emit-module -emit-module-path /Users/admin/builder/spi-builder-workspace/.derivedData/Build/Intermediates.noindex/FoundationRadar.build/Debug-xros/radar-cli.build/Objects-normal/arm64/radar_cli.swiftmodule -validate-clang-modules-once -clang-build-session-file /Users/admin/builder/spi-builder-workspace/.derivedData/ModuleCache.noindex/Session.modulevalidation -package-name spi_builder_workspace -emit-const-values -Xfrontend -const-gather-protocols-file -Xfrontend /Users/admin/builder/spi-builder-workspace/.derivedData/Build/Intermediates.noindex/FoundationRadar.build/Debug-xros/radar-cli.build/Objects-normal/arm64/radar-cli_const_extract_protocols.json -Xcc -I/Users/admin/builder/spi-builder-workspace/.derivedData/Build/Products/Debug-xros/include -Xcc -I/Users/admin/builder/spi-builder-workspace/.derivedData/Build/Intermediates.noindex/FoundationRadar.build/Debug-xros/radar-cli.build/DerivedSources-normal/arm64 -Xcc -I/Users/admin/builder/spi-builder-workspace/.derivedData/Build/Intermediates.noindex/FoundationRadar.build/Debug-xros/radar-cli.build/DerivedSources/arm64 -Xcc -I/Users/admin/builder/spi-builder-workspace/.derivedData/Build/Intermediates.noindex/FoundationRadar.build/Debug-xros/radar-cli.build/DerivedSources -Xcc -DSWIFT_PACKAGE -Xcc -DDEBUG\=1 -working-directory /Users/admin/builder/spi-builder-workspace/.swiftpm/xcode -experimental-emit-module-separately -disable-cmo
SwiftEmitModule normal arm64 Emitting\ module\ for\ radar_cli (in target 'radar-cli' from project 'FoundationRadar')
SwiftCompile normal arm64 /Users/admin/builder/spi-builder-workspace/Examples/RadarCLI/main.swift (in target 'radar-cli' from project 'FoundationRadar')
cd /Users/admin/builder/spi-builder-workspace/.swiftpm/xcode
SwiftCompile normal arm64 Compiling\ main.swift /Users/admin/builder/spi-builder-workspace/Examples/RadarCLI/main.swift (in target 'radar-cli' from project 'FoundationRadar')
SwiftCompile normal arm64 /Users/admin/builder/spi-builder-workspace/Examples/RadarCLI/main.swift (in target 'radar-cli' from project 'FoundationRadar')
cd /Users/admin/builder/spi-builder-workspace/.swiftpm/xcode
SwiftDriverJobDiscovery normal arm64 Emitting module for radar_cli (in target 'radar-cli' from project 'FoundationRadar')
SwiftDriver\ Compilation\ Requirements radar-cli normal arm64 com.apple.xcode.tools.swift.compiler (in target 'radar-cli' from project 'FoundationRadar')
cd /Users/admin/builder/spi-builder-workspace/.swiftpm/xcode
builtin-Swift-Compilation-Requirements -- /Applications/Xcode-26.3.0.app/Contents/Developer/Toolchains/XcodeDefault.xctoolchain/usr/bin/swiftc -module-name radar_cli -Onone -enforce-exclusivity\=checked @/Users/admin/builder/spi-builder-workspace/.derivedData/Build/Intermediates.noindex/FoundationRadar.build/Debug-xros/radar-cli.build/Objects-normal/arm64/radar-cli.SwiftFileList -DSWIFT_PACKAGE -DDEBUG -DXcode -plugin-path /Applications/Xcode-26.3.0.app/Contents/Developer/Toolchains/XcodeDefault.xctoolchain/usr/lib/swift/host/plugins/testing -enable-experimental-feature DebugDescriptionMacro -sdk /Applications/Xcode-26.3.0.app/Contents/Developer/Platforms/XROS.platform/Developer/SDKs/XROS26.2.sdk -target arm64-apple-xros1.0 -g -module-cache-path /Users/admin/builder/spi-builder-workspace/.derivedData/ModuleCache.noindex -Xfrontend -serialize-debugging-options -profile-coverage-mapping -profile-generate -enable-testing -index-store-path /Users/admin/builder/spi-builder-workspace/.derivedData/Index.noindex/DataStore -Xcc -D_LIBCPP_HARDENING_MODE\=_LIBCPP_HARDENING_MODE_DEBUG -swift-version 6 -I /Users/admin/builder/spi-builder-workspace/.derivedData/Build/Products/Debug-xros -Isystem /Applications/Xcode-26.3.0.app/Contents/Developer/Platforms/XROS.platform/Developer/usr/lib -F /Users/admin/builder/spi-builder-workspace/.derivedData/Build/Products/Debug-xros/PackageFrameworks -F /Users/admin/builder/spi-builder-workspace/.derivedData/Build/Products/Debug-xros -F /Applications/Xcode-26.3.0.app/Contents/Developer/Platforms/XROS.platform/Developer/Library/Frameworks -F /Applications/Xcode-26.3.0.app/Contents/Developer/Platforms/XROS.platform/Developer/SDKs/XROS26.2.sdk/Developer/Library/Frameworks -c -j10 -enable-batch-mode -incremental -Xcc -ivfsstatcache -Xcc /Users/admin/builder/spi-builder-workspace/.derivedData/SDKStatCaches.noindex/xros26.2-23N301-dc75598d0054f22ec865fa860f139d72f5e64962d3ee001da1d77d1957dffdab.sdkstatcache -output-file-map /Users/admin/builder/spi-builder-workspace/.derivedData/Build/Intermediates.noindex/FoundationRadar.build/Debug-xros/radar-cli.build/Objects-normal/arm64/radar-cli-OutputFileMap.json -use-frontend-parseable-output -save-temps -no-color-diagnostics -explicit-module-build -module-cache-path /Users/admin/builder/spi-builder-workspace/.derivedData/Build/Intermediates.noindex/SwiftExplicitPrecompiledModules -clang-scanner-module-cache-path /Users/admin/builder/spi-builder-workspace/.derivedData/ModuleCache.noindex -sdk-module-cache-path /Users/admin/builder/spi-builder-workspace/.derivedData/ModuleCache.noindex -serialize-diagnostics -emit-dependencies -emit-module -emit-module-path /Users/admin/builder/spi-builder-workspace/.derivedData/Build/Intermediates.noindex/FoundationRadar.build/Debug-xros/radar-cli.build/Objects-normal/arm64/radar_cli.swiftmodule -validate-clang-modules-once -clang-build-session-file /Users/admin/builder/spi-builder-workspace/.derivedData/ModuleCache.noindex/Session.modulevalidation -package-name spi_builder_workspace -emit-const-values -Xfrontend -const-gather-protocols-file -Xfrontend /Users/admin/builder/spi-builder-workspace/.derivedData/Build/Intermediates.noindex/FoundationRadar.build/Debug-xros/radar-cli.build/Objects-normal/arm64/radar-cli_const_extract_protocols.json -Xcc -I/Users/admin/builder/spi-builder-workspace/.derivedData/Build/Products/Debug-xros/include -Xcc -I/Users/admin/builder/spi-builder-workspace/.derivedData/Build/Intermediates.noindex/FoundationRadar.build/Debug-xros/radar-cli.build/DerivedSources-normal/arm64 -Xcc -I/Users/admin/builder/spi-builder-workspace/.derivedData/Build/Intermediates.noindex/FoundationRadar.build/Debug-xros/radar-cli.build/DerivedSources/arm64 -Xcc -I/Users/admin/builder/spi-builder-workspace/.derivedData/Build/Intermediates.noindex/FoundationRadar.build/Debug-xros/radar-cli.build/DerivedSources -Xcc -DSWIFT_PACKAGE -Xcc -DDEBUG\=1 -working-directory /Users/admin/builder/spi-builder-workspace/.swiftpm/xcode -experimental-emit-module-separately -disable-cmo
Copy /Users/admin/builder/spi-builder-workspace/.derivedData/Build/Products/Debug-xros/radar_cli.swiftmodule/arm64-apple-xros.swiftmodule /Users/admin/builder/spi-builder-workspace/.derivedData/Build/Intermediates.noindex/FoundationRadar.build/Debug-xros/radar-cli.build/Objects-normal/arm64/radar_cli.swiftmodule (in target 'radar-cli' from project 'FoundationRadar')
cd /Users/admin/builder/spi-builder-workspace
builtin-copy -exclude .DS_Store -exclude CVS -exclude .svn -exclude .git -exclude .hg -resolve-src-symlinks -rename /Users/admin/builder/spi-builder-workspace/.derivedData/Build/Intermediates.noindex/FoundationRadar.build/Debug-xros/radar-cli.build/Objects-normal/arm64/radar_cli.swiftmodule /Users/admin/builder/spi-builder-workspace/.derivedData/Build/Products/Debug-xros/radar_cli.swiftmodule/arm64-apple-xros.swiftmodule
Copy /Users/admin/builder/spi-builder-workspace/.derivedData/Build/Products/Debug-xros/radar_cli.swiftmodule/arm64-apple-xros.swiftdoc /Users/admin/builder/spi-builder-workspace/.derivedData/Build/Intermediates.noindex/FoundationRadar.build/Debug-xros/radar-cli.build/Objects-normal/arm64/radar_cli.swiftdoc (in target 'radar-cli' from project 'FoundationRadar')
cd /Users/admin/builder/spi-builder-workspace
builtin-copy -exclude .DS_Store -exclude CVS -exclude .svn -exclude .git -exclude .hg -resolve-src-symlinks -rename /Users/admin/builder/spi-builder-workspace/.derivedData/Build/Intermediates.noindex/FoundationRadar.build/Debug-xros/radar-cli.build/Objects-normal/arm64/radar_cli.swiftdoc /Users/admin/builder/spi-builder-workspace/.derivedData/Build/Products/Debug-xros/radar_cli.swiftmodule/arm64-apple-xros.swiftdoc
Copy /Users/admin/builder/spi-builder-workspace/.derivedData/Build/Products/Debug-xros/radar_cli.swiftmodule/arm64-apple-xros.abi.json /Users/admin/builder/spi-builder-workspace/.derivedData/Build/Intermediates.noindex/FoundationRadar.build/Debug-xros/radar-cli.build/Objects-normal/arm64/radar_cli.abi.json (in target 'radar-cli' from project 'FoundationRadar')
cd /Users/admin/builder/spi-builder-workspace
builtin-copy -exclude .DS_Store -exclude CVS -exclude .svn -exclude .git -exclude .hg -resolve-src-symlinks -rename /Users/admin/builder/spi-builder-workspace/.derivedData/Build/Intermediates.noindex/FoundationRadar.build/Debug-xros/radar-cli.build/Objects-normal/arm64/radar_cli.abi.json /Users/admin/builder/spi-builder-workspace/.derivedData/Build/Products/Debug-xros/radar_cli.swiftmodule/arm64-apple-xros.abi.json
Copy /Users/admin/builder/spi-builder-workspace/.derivedData/Build/Products/Debug-xros/radar_cli.swiftmodule/Project/arm64-apple-xros.swiftsourceinfo /Users/admin/builder/spi-builder-workspace/.derivedData/Build/Intermediates.noindex/FoundationRadar.build/Debug-xros/radar-cli.build/Objects-normal/arm64/radar_cli.swiftsourceinfo (in target 'radar-cli' from project 'FoundationRadar')
cd /Users/admin/builder/spi-builder-workspace
builtin-copy -exclude .DS_Store -exclude CVS -exclude .svn -exclude .git -exclude .hg -resolve-src-symlinks -rename /Users/admin/builder/spi-builder-workspace/.derivedData/Build/Intermediates.noindex/FoundationRadar.build/Debug-xros/radar-cli.build/Objects-normal/arm64/radar_cli.swiftsourceinfo /Users/admin/builder/spi-builder-workspace/.derivedData/Build/Products/Debug-xros/radar_cli.swiftmodule/Project/arm64-apple-xros.swiftsourceinfo
SwiftDriverJobDiscovery normal arm64 Compiling main.swift (in target 'radar-cli' from project 'FoundationRadar')
SwiftDriver\ Compilation radar-cli normal arm64 com.apple.xcode.tools.swift.compiler (in target 'radar-cli' from project 'FoundationRadar')
cd /Users/admin/builder/spi-builder-workspace/.swiftpm/xcode
builtin-Swift-Compilation -- /Applications/Xcode-26.3.0.app/Contents/Developer/Toolchains/XcodeDefault.xctoolchain/usr/bin/swiftc -module-name radar_cli -Onone -enforce-exclusivity\=checked @/Users/admin/builder/spi-builder-workspace/.derivedData/Build/Intermediates.noindex/FoundationRadar.build/Debug-xros/radar-cli.build/Objects-normal/arm64/radar-cli.SwiftFileList -DSWIFT_PACKAGE -DDEBUG -DXcode -plugin-path /Applications/Xcode-26.3.0.app/Contents/Developer/Toolchains/XcodeDefault.xctoolchain/usr/lib/swift/host/plugins/testing -enable-experimental-feature DebugDescriptionMacro -sdk /Applications/Xcode-26.3.0.app/Contents/Developer/Platforms/XROS.platform/Developer/SDKs/XROS26.2.sdk -target arm64-apple-xros1.0 -g -module-cache-path /Users/admin/builder/spi-builder-workspace/.derivedData/ModuleCache.noindex -Xfrontend -serialize-debugging-options -profile-coverage-mapping -profile-generate -enable-testing -index-store-path /Users/admin/builder/spi-builder-workspace/.derivedData/Index.noindex/DataStore -Xcc -D_LIBCPP_HARDENING_MODE\=_LIBCPP_HARDENING_MODE_DEBUG -swift-version 6 -I /Users/admin/builder/spi-builder-workspace/.derivedData/Build/Products/Debug-xros -Isystem /Applications/Xcode-26.3.0.app/Contents/Developer/Platforms/XROS.platform/Developer/usr/lib -F /Users/admin/builder/spi-builder-workspace/.derivedData/Build/Products/Debug-xros/PackageFrameworks -F /Users/admin/builder/spi-builder-workspace/.derivedData/Build/Products/Debug-xros -F /Applications/Xcode-26.3.0.app/Contents/Developer/Platforms/XROS.platform/Developer/Library/Frameworks -F /Applications/Xcode-26.3.0.app/Contents/Developer/Platforms/XROS.platform/Developer/SDKs/XROS26.2.sdk/Developer/Library/Frameworks -c -j10 -enable-batch-mode -incremental -Xcc -ivfsstatcache -Xcc /Users/admin/builder/spi-builder-workspace/.derivedData/SDKStatCaches.noindex/xros26.2-23N301-dc75598d0054f22ec865fa860f139d72f5e64962d3ee001da1d77d1957dffdab.sdkstatcache -output-file-map /Users/admin/builder/spi-builder-workspace/.derivedData/Build/Intermediates.noindex/FoundationRadar.build/Debug-xros/radar-cli.build/Objects-normal/arm64/radar-cli-OutputFileMap.json -use-frontend-parseable-output -save-temps -no-color-diagnostics -explicit-module-build -module-cache-path /Users/admin/builder/spi-builder-workspace/.derivedData/Build/Intermediates.noindex/SwiftExplicitPrecompiledModules -clang-scanner-module-cache-path /Users/admin/builder/spi-builder-workspace/.derivedData/ModuleCache.noindex -sdk-module-cache-path /Users/admin/builder/spi-builder-workspace/.derivedData/ModuleCache.noindex -serialize-diagnostics -emit-dependencies -emit-module -emit-module-path /Users/admin/builder/spi-builder-workspace/.derivedData/Build/Intermediates.noindex/FoundationRadar.build/Debug-xros/radar-cli.build/Objects-normal/arm64/radar_cli.swiftmodule -validate-clang-modules-once -clang-build-session-file /Users/admin/builder/spi-builder-workspace/.derivedData/ModuleCache.noindex/Session.modulevalidation -package-name spi_builder_workspace -emit-const-values -Xfrontend -const-gather-protocols-file -Xfrontend /Users/admin/builder/spi-builder-workspace/.derivedData/Build/Intermediates.noindex/FoundationRadar.build/Debug-xros/radar-cli.build/Objects-normal/arm64/radar-cli_const_extract_protocols.json -Xcc -I/Users/admin/builder/spi-builder-workspace/.derivedData/Build/Products/Debug-xros/include -Xcc -I/Users/admin/builder/spi-builder-workspace/.derivedData/Build/Intermediates.noindex/FoundationRadar.build/Debug-xros/radar-cli.build/DerivedSources-normal/arm64 -Xcc -I/Users/admin/builder/spi-builder-workspace/.derivedData/Build/Intermediates.noindex/FoundationRadar.build/Debug-xros/radar-cli.build/DerivedSources/arm64 -Xcc -I/Users/admin/builder/spi-builder-workspace/.derivedData/Build/Intermediates.noindex/FoundationRadar.build/Debug-xros/radar-cli.build/DerivedSources -Xcc -DSWIFT_PACKAGE -Xcc -DDEBUG\=1 -working-directory /Users/admin/builder/spi-builder-workspace/.swiftpm/xcode -experimental-emit-module-separately -disable-cmo
SwiftDriverJobDiscovery normal arm64 Compiling FoundationRadar.swift (in target 'FoundationRadar' from project 'FoundationRadar')
SwiftDriverJobDiscovery normal arm64 Compiling RadarError.swift (in target 'FoundationRadar' from project 'FoundationRadar')
SwiftDriverJobDiscovery normal arm64 Compiling Report.swift (in target 'FoundationRadar' from project 'FoundationRadar')
SwiftDriverJobDiscovery normal arm64 Compiling History.swift (in target 'FoundationRadar' from project 'FoundationRadar')
2026-07-16 01:15:53.329 xcodebuild[678:4270] [MT] IDERunDestination: Supported platforms for the buildables in the current scheme is empty.
** BUILD FAILED **
The following build commands failed:
SwiftCompile normal arm64 Compiling\ ContextMeasurement.swift /Users/admin/builder/spi-builder-workspace/Sources/FoundationRadar/ContextMeasurement.swift (in target 'FoundationRadar' from project 'FoundationRadar')
SwiftCompile normal arm64 /Users/admin/builder/spi-builder-workspace/Sources/FoundationRadar/ContextMeasurement.swift (in target 'FoundationRadar' from project 'FoundationRadar')
Building workspace spi-builder-workspace with scheme FoundationRadar-Package
(3 failures)
Command line invocation:
/Applications/Xcode-26.3.0.app/Contents/Developer/usr/bin/xcodebuild -IDEClonedSourcePackagesDirPathOverride=/Users/admin/builder/spi-builder-workspace/.dependencies -resolvePackageDependencies
Resolve Package Graph
Resolved source packages:
FoundationRadar: /Users/admin/builder/spi-builder-workspace
resolved source packages: FoundationRadar
2026-07-16 01:16:02.115 xcodebuild[754:4623] [MT] IDERunDestination: Supported platforms for the buildables in the current scheme is empty.
{
"dependencies" : [
],
"manifest_display_name" : "FoundationRadar",
"name" : "FoundationRadar",
"path" : "/Users/admin/builder/spi-builder-workspace",
"platforms" : [
{
"name" : "macos",
"version" : "14.0"
},
{
"name" : "ios",
"version" : "17.0"
},
{
"name" : "maccatalyst",
"version" : "17.0"
},
{
"name" : "visionos",
"version" : "1.0"
}
],
"products" : [
{
"name" : "FoundationRadar",
"targets" : [
"FoundationRadar"
],
"type" : {
"library" : [
"automatic"
]
}
},
{
"name" : "radar-cli",
"targets" : [
"RadarCLI"
],
"type" : {
"executable" : null
}
}
],
"targets" : [
{
"c99name" : "RadarCLI",
"module_type" : "SwiftTarget",
"name" : "RadarCLI",
"path" : "Examples/RadarCLI",
"product_memberships" : [
"radar-cli"
],
"sources" : [
"main.swift"
],
"target_dependencies" : [
"FoundationRadar"
],
"type" : "executable"
},
{
"c99name" : "FoundationRadarTests",
"module_type" : "SwiftTarget",
"name" : "FoundationRadarTests",
"path" : "Tests/FoundationRadarTests",
"sources" : [
"AvailabilityTests.swift",
"FoundationRadarTests.swift",
"HistoryTests.swift",
"MeasurementTests.swift",
"PCCSignalsTests.swift",
"ReportTests.swift"
],
"target_dependencies" : [
"FoundationRadar"
],
"type" : "test"
},
{
"c99name" : "FoundationRadar",
"module_type" : "SwiftTarget",
"name" : "FoundationRadar",
"path" : "Sources/FoundationRadar",
"product_memberships" : [
"FoundationRadar",
"radar-cli"
],
"sources" : [
"Availability.swift",
"ContextMeasurement.swift",
"FoundationRadar.swift",
"History.swift",
"LatencyBenchmark.swift",
"PCCSignals.swift",
"RadarError.swift",
"Report.swift"
],
"type" : "library"
}
],
"tools_version" : "6.1"
}
{
"workspace" : {
"name" : "spi-builder-workspace",
"schemes" : [
"FoundationRadar",
"FoundationRadar-Package",
"radar-cli"
]
}
}
2026-07-16 01:16:03.206 xcodebuild[762:4694] [MT] IDERunDestination: Supported platforms for the buildables in the current scheme is empty.
{
"workspace" : {
"name" : "spi-builder-workspace",
"schemes" : [
"FoundationRadar",
"FoundationRadar-Package",
"radar-cli"
]
}
}
2026-07-16 01:16:04.094 xcodebuild[765:4732] [MT] IDERunDestination: Supported platforms for the buildables in the current scheme is empty.
Running build ...
env DEVELOPER_DIR=/Applications/Xcode-26.3.0.app xcrun xcodebuild -IDEClonedSourcePackagesDirPathOverride=$PWD/.dependencies -skipMacroValidation -skipPackagePluginValidation -derivedDataPath $PWD/.derivedData build -scheme FoundationRadar-Package -destination generic/platform=xrOS
Command line invocation:
/Applications/Xcode-26.3.0.app/Contents/Developer/usr/bin/xcodebuild -IDEClonedSourcePackagesDirPathOverride=/Users/admin/builder/spi-builder-workspace/.dependencies -skipMacroValidation -skipPackagePluginValidation -derivedDataPath /Users/admin/builder/spi-builder-workspace/.derivedData build -scheme FoundationRadar-Package -destination generic/platform=xrOS
Resolve Package Graph
Resolved source packages:
FoundationRadar: /Users/admin/builder/spi-builder-workspace
ComputePackagePrebuildTargetDependencyGraph
Prepare packages
CreateBuildRequest
SendProjectDescription
CreateBuildOperation
ComputeTargetDependencyGraph
note: Building targets in dependency order
note: Target dependency graph (3 targets)
Target 'radar-cli' in project 'FoundationRadar'
➜ Explicit dependency on target 'FoundationRadar' in project 'FoundationRadar'
Target 'FoundationRadar' in project 'FoundationRadar'
➜ Explicit dependency on target 'FoundationRadar' in project 'FoundationRadar'
Target 'FoundationRadar' in project 'FoundationRadar' (no dependencies)
GatherProvisioningInputs
CreateBuildDescription
ClangStatCache /Applications/Xcode-26.3.0.app/Contents/Developer/Toolchains/XcodeDefault.xctoolchain/usr/bin/clang-stat-cache /Applications/Xcode-26.3.0.app/Contents/Developer/Platforms/XROS.platform/Developer/SDKs/XROS26.2.sdk /Users/admin/builder/spi-builder-workspace/.derivedData/SDKStatCaches.noindex/xros26.2-23N301-dc75598d0054f22ec865fa860f139d72f5e64962d3ee001da1d77d1957dffdab.sdkstatcache
cd /Users/admin/builder/spi-builder-workspace/.swiftpm/xcode
/Applications/Xcode-26.3.0.app/Contents/Developer/Toolchains/XcodeDefault.xctoolchain/usr/bin/clang-stat-cache /Applications/Xcode-26.3.0.app/Contents/Developer/Platforms/XROS.platform/Developer/SDKs/XROS26.2.sdk -o /Users/admin/builder/spi-builder-workspace/.derivedData/SDKStatCaches.noindex/xros26.2-23N301-dc75598d0054f22ec865fa860f139d72f5e64962d3ee001da1d77d1957dffdab.sdkstatcache
SwiftDriver FoundationRadar normal arm64 com.apple.xcode.tools.swift.compiler (in target 'FoundationRadar' from project 'FoundationRadar')
cd /Users/admin/builder/spi-builder-workspace/.swiftpm/xcode
builtin-SwiftDriver -- /Applications/Xcode-26.3.0.app/Contents/Developer/Toolchains/XcodeDefault.xctoolchain/usr/bin/swiftc -module-name FoundationRadar -Onone -enforce-exclusivity\=checked @/Users/admin/builder/spi-builder-workspace/.derivedData/Build/Intermediates.noindex/FoundationRadar.build/Debug-xros/FoundationRadar.build/Objects-normal/arm64/FoundationRadar.SwiftFileList -DSWIFT_PACKAGE -DDEBUG -DSWIFT_MODULE_RESOURCE_BUNDLE_UNAVAILABLE -DXcode -plugin-path /Applications/Xcode-26.3.0.app/Contents/Developer/Toolchains/XcodeDefault.xctoolchain/usr/lib/swift/host/plugins/testing -enable-experimental-feature DebugDescriptionMacro -sdk /Applications/Xcode-26.3.0.app/Contents/Developer/Platforms/XROS.platform/Developer/SDKs/XROS26.2.sdk -target arm64-apple-xros1.0 -g -module-cache-path /Users/admin/builder/spi-builder-workspace/.derivedData/ModuleCache.noindex -Xfrontend -serialize-debugging-options -profile-coverage-mapping -profile-generate -enable-testing -index-store-path /Users/admin/builder/spi-builder-workspace/.derivedData/Index.noindex/DataStore -Xcc -D_LIBCPP_HARDENING_MODE\=_LIBCPP_HARDENING_MODE_DEBUG -swift-version 6 -I /Users/admin/builder/spi-builder-workspace/.derivedData/Build/Products/Debug-xros -Isystem /Applications/Xcode-26.3.0.app/Contents/Developer/Platforms/XROS.platform/Developer/usr/lib -F /Users/admin/builder/spi-builder-workspace/.derivedData/Build/Products/Debug-xros -F /Applications/Xcode-26.3.0.app/Contents/Developer/Platforms/XROS.platform/Developer/Library/Frameworks -F /Applications/Xcode-26.3.0.app/Contents/Developer/Platforms/XROS.platform/Developer/SDKs/XROS26.2.sdk/Developer/Library/Frameworks -c -j10 -enable-batch-mode -incremental -Xcc -ivfsstatcache -Xcc /Users/admin/builder/spi-builder-workspace/.derivedData/SDKStatCaches.noindex/xros26.2-23N301-dc75598d0054f22ec865fa860f139d72f5e64962d3ee001da1d77d1957dffdab.sdkstatcache -output-file-map /Users/admin/builder/spi-builder-workspace/.derivedData/Build/Intermediates.noindex/FoundationRadar.build/Debug-xros/FoundationRadar.build/Objects-normal/arm64/FoundationRadar-OutputFileMap.json -use-frontend-parseable-output -save-temps -no-color-diagnostics -explicit-module-build -module-cache-path /Users/admin/builder/spi-builder-workspace/.derivedData/Build/Intermediates.noindex/SwiftExplicitPrecompiledModules -clang-scanner-module-cache-path /Users/admin/builder/spi-builder-workspace/.derivedData/ModuleCache.noindex -sdk-module-cache-path /Users/admin/builder/spi-builder-workspace/.derivedData/ModuleCache.noindex -serialize-diagnostics -emit-dependencies -emit-module -emit-module-path /Users/admin/builder/spi-builder-workspace/.derivedData/Build/Intermediates.noindex/FoundationRadar.build/Debug-xros/FoundationRadar.build/Objects-normal/arm64/FoundationRadar.swiftmodule -validate-clang-modules-once -clang-build-session-file /Users/admin/builder/spi-builder-workspace/.derivedData/ModuleCache.noindex/Session.modulevalidation -package-name spi_builder_workspace -Xcc -I/Users/admin/builder/spi-builder-workspace/.derivedData/Build/Intermediates.noindex/FoundationRadar.build/Debug-xros/FoundationRadar.build/swift-overrides.hmap -emit-const-values -Xfrontend -const-gather-protocols-file -Xfrontend /Users/admin/builder/spi-builder-workspace/.derivedData/Build/Intermediates.noindex/FoundationRadar.build/Debug-xros/FoundationRadar.build/Objects-normal/arm64/FoundationRadar_const_extract_protocols.json -Xcc -I/Users/admin/builder/spi-builder-workspace/.derivedData/Build/Products/Debug-xros/include -Xcc -I/Users/admin/builder/spi-builder-workspace/.derivedData/Build/Intermediates.noindex/FoundationRadar.build/Debug-xros/FoundationRadar.build/DerivedSources-normal/arm64 -Xcc -I/Users/admin/builder/spi-builder-workspace/.derivedData/Build/Intermediates.noindex/FoundationRadar.build/Debug-xros/FoundationRadar.build/DerivedSources/arm64 -Xcc -I/Users/admin/builder/spi-builder-workspace/.derivedData/Build/Intermediates.noindex/FoundationRadar.build/Debug-xros/FoundationRadar.build/DerivedSources -Xcc -DSWIFT_PACKAGE -Xcc -DDEBUG\=1 -emit-objc-header -emit-objc-header-path /Users/admin/builder/spi-builder-workspace/.derivedData/Build/Intermediates.noindex/FoundationRadar.build/Debug-xros/FoundationRadar.build/Objects-normal/arm64/FoundationRadar-Swift.h -working-directory /Users/admin/builder/spi-builder-workspace/.swiftpm/xcode -experimental-emit-module-separately -disable-cmo
SwiftCompile normal arm64 Compiling\ ContextMeasurement.swift /Users/admin/builder/spi-builder-workspace/Sources/FoundationRadar/ContextMeasurement.swift (in target 'FoundationRadar' from project 'FoundationRadar')
SwiftCompile normal arm64 /Users/admin/builder/spi-builder-workspace/Sources/FoundationRadar/ContextMeasurement.swift (in target 'FoundationRadar' from project 'FoundationRadar')
cd /Users/admin/builder/spi-builder-workspace/.swiftpm/xcode
/Users/admin/builder/spi-builder-workspace/Sources/FoundationRadar/ContextMeasurement.swift:58:50: error: value of type 'SystemLanguageModel' has no member 'contextSize'
let tokens = SystemLanguageModel.default.contextSize
~~~~~~~~~~~~~~~~~~~~~~~~~~~ ^~~~~~~~~~~
Failed frontend command:
/Applications/Xcode-26.3.0.app/Contents/Developer/Toolchains/XcodeDefault.xctoolchain/usr/bin/swift-frontend -frontend -c /Users/admin/builder/spi-builder-workspace/Sources/FoundationRadar/Availability.swift -primary-file /Users/admin/builder/spi-builder-workspace/Sources/FoundationRadar/ContextMeasurement.swift /Users/admin/builder/spi-builder-workspace/Sources/FoundationRadar/FoundationRadar.swift /Users/admin/builder/spi-builder-workspace/Sources/FoundationRadar/History.swift /Users/admin/builder/spi-builder-workspace/Sources/FoundationRadar/LatencyBenchmark.swift /Users/admin/builder/spi-builder-workspace/Sources/FoundationRadar/PCCSignals.swift /Users/admin/builder/spi-builder-workspace/Sources/FoundationRadar/RadarError.swift /Users/admin/builder/spi-builder-workspace/Sources/FoundationRadar/Report.swift -emit-dependencies-path /Users/admin/builder/spi-builder-workspace/.derivedData/Build/Intermediates.noindex/FoundationRadar.build/Debug-xros/FoundationRadar.build/Objects-normal/arm64/ContextMeasurement.d -emit-const-values-path /Users/admin/builder/spi-builder-workspace/.derivedData/Build/Intermediates.noindex/FoundationRadar.build/Debug-xros/FoundationRadar.build/Objects-normal/arm64/ContextMeasurement.swiftconstvalues -emit-reference-dependencies-path /Users/admin/builder/spi-builder-workspace/.derivedData/Build/Intermediates.noindex/FoundationRadar.build/Debug-xros/FoundationRadar.build/Objects-normal/arm64/ContextMeasurement.swiftdeps -serialize-diagnostics-path /Users/admin/builder/spi-builder-workspace/.derivedData/Build/Intermediates.noindex/FoundationRadar.build/Debug-xros/FoundationRadar.build/Objects-normal/arm64/ContextMeasurement.dia -target arm64-apple-xros1.0 -module-can-import-version FoundationModels 1.1.7 0 -module-can-import-version Network 5000.0.25 5569.60.39 -load-resolved-plugin /Applications/Xcode-26.3.0.app/Contents/Developer/Platforms/XROS.platform/Developer/usr/lib/swift/host/plugins/libFoundationMacros.dylib\#/Applications/Xcode-26.3.0.app/Contents/Developer/Platforms/XROS.platform/Developer/usr/bin/swift-plugin-server\#FoundationMacros -load-resolved-plugin /Applications/Xcode-26.3.0.app/Contents/Developer/Platforms/XROS.platform/Developer/usr/lib/swift/host/plugins/libFoundationModelsMacros.dylib\#/Applications/Xcode-26.3.0.app/Contents/Developer/Platforms/XROS.platform/Developer/usr/bin/swift-plugin-server\#FoundationModelsMacros -load-resolved-plugin /Applications/Xcode-26.3.0.app/Contents/Developer/Platforms/XROS.platform/Developer/usr/lib/swift/host/plugins/libObservationMacros.dylib\#/Applications/Xcode-26.3.0.app/Contents/Developer/Platforms/XROS.platform/Developer/usr/bin/swift-plugin-server\#ObservationMacros -load-resolved-plugin /Applications/Xcode-26.3.0.app/Contents/Developer/Platforms/XROS.platform/Developer/usr/lib/swift/host/plugins/libSwiftMacros.dylib\#/Applications/Xcode-26.3.0.app/Contents/Developer/Platforms/XROS.platform/Developer/usr/bin/swift-plugin-server\#SwiftMacros -disable-implicit-swift-modules -Xcc -fno-implicit-modules -Xcc -fno-implicit-module-maps -explicit-swift-module-map-file /Users/admin/builder/spi-builder-workspace/.derivedData/Build/Intermediates.noindex/FoundationRadar.build/Debug-xros/FoundationRadar.build/Objects-normal/arm64/FoundationRadar-dependencies-1.json -Xllvm -aarch64-use-tbi -enable-objc-interop -stack-check -sdk /Applications/Xcode-26.3.0.app/Contents/Developer/Platforms/XROS.platform/Developer/SDKs/XROS26.2.sdk -I /Users/admin/builder/spi-builder-workspace/.derivedData/Build/Products/Debug-xros -Isystem /Applications/Xcode-26.3.0.app/Contents/Developer/Platforms/XROS.platform/Developer/usr/lib -F /Users/admin/builder/spi-builder-workspace/.derivedData/Build/Products/Debug-xros -F /Applications/Xcode-26.3.0.app/Contents/Developer/Platforms/XROS.platform/Developer/Library/Frameworks -F /Applications/Xcode-26.3.0.app/Contents/Developer/Platforms/XROS.platform/Developer/SDKs/XROS26.2.sdk/Developer/Library/Frameworks -no-color-diagnostics -Xcc -fno-color-diagnostics -enable-testing -g -debug-info-format\=dwarf -dwarf-version\=4 -module-cache-path /Users/admin/builder/spi-builder-workspace/.derivedData/Build/Intermediates.noindex/SwiftExplicitPrecompiledModules -profile-generate -profile-coverage-mapping -swift-version 6 -enforce-exclusivity\=checked -Onone -D SWIFT_PACKAGE -D DEBUG -D SWIFT_MODULE_RESOURCE_BUNDLE_UNAVAILABLE -D Xcode -serialize-debugging-options -const-gather-protocols-file /Users/admin/builder/spi-builder-workspace/.derivedData/Build/Intermediates.noindex/FoundationRadar.build/Debug-xros/FoundationRadar.build/Objects-normal/arm64/FoundationRadar_const_extract_protocols.json -enable-experimental-feature DebugDescriptionMacro -empty-abi-descriptor -validate-clang-modules-once -clang-build-session-file /Users/admin/builder/spi-builder-workspace/.derivedData/ModuleCache.noindex/Session.modulevalidation -Xcc -working-directory -Xcc /Users/admin/builder/spi-builder-workspace/.swiftpm/xcode -enable-anonymous-context-mangled-names -file-compilation-dir /Users/admin/builder/spi-builder-workspace/.swiftpm/xcode -Xcc -D_LIBCPP_HARDENING_MODE\=_LIBCPP_HARDENING_MODE_DEBUG -Xcc -ivfsstatcache -Xcc /Users/admin/builder/spi-builder-workspace/.derivedData/SDKStatCaches.noindex/xros26.2-23N301-dc75598d0054f22ec865fa860f139d72f5e64962d3ee001da1d77d1957dffdab.sdkstatcache -Xcc -I/Users/admin/builder/spi-builder-workspace/.derivedData/Build/Intermediates.noindex/FoundationRadar.build/Debug-xros/FoundationRadar.build/swift-overrides.hmap -Xcc -I/Users/admin/builder/spi-builder-workspace/.derivedData/Build/Products/Debug-xros/include -Xcc -I/Users/admin/builder/spi-builder-workspace/.derivedData/Build/Intermediates.noindex/FoundationRadar.build/Debug-xros/FoundationRadar.build/DerivedSources-normal/arm64 -Xcc -I/Users/admin/builder/spi-builder-workspace/.derivedData/Build/Intermediates.noindex/FoundationRadar.build/Debug-xros/FoundationRadar.build/DerivedSources/arm64 -Xcc -I/Users/admin/builder/spi-builder-workspace/.derivedData/Build/Intermediates.noindex/FoundationRadar.build/Debug-xros/FoundationRadar.build/DerivedSources -Xcc -DSWIFT_PACKAGE -Xcc -DDEBUG\=1 -no-auto-bridging-header-chaining -module-name FoundationRadar -package-name spi_builder_workspace -frontend-parseable-output -disable-clang-spi -target-sdk-version 26.2 -target-sdk-name xros26.2 -clang-target arm64-apple-xros26.2 -in-process-plugin-server-path /Applications/Xcode-26.3.0.app/Contents/Developer/Toolchains/XcodeDefault.xctoolchain/usr/lib/swift/host/libSwiftInProcPluginServer.dylib -o /Users/admin/builder/spi-builder-workspace/.derivedData/Build/Intermediates.noindex/FoundationRadar.build/Debug-xros/FoundationRadar.build/Objects-normal/arm64/ContextMeasurement.o -index-unit-output-path /FoundationRadar.build/Debug-xros/FoundationRadar.build/Objects-normal/arm64/ContextMeasurement.o -index-store-path /Users/admin/builder/spi-builder-workspace/.derivedData/Index.noindex/DataStore -index-system-modules
SwiftEmitModule normal arm64 Emitting\ module\ for\ FoundationRadar (in target 'FoundationRadar' from project 'FoundationRadar')
EmitSwiftModule normal arm64 (in target 'FoundationRadar' from project 'FoundationRadar')
cd /Users/admin/builder/spi-builder-workspace/.swiftpm/xcode
SwiftCompile normal arm64 Compiling\ LatencyBenchmark.swift /Users/admin/builder/spi-builder-workspace/Sources/FoundationRadar/LatencyBenchmark.swift (in target 'FoundationRadar' from project 'FoundationRadar')
SwiftCompile normal arm64 /Users/admin/builder/spi-builder-workspace/Sources/FoundationRadar/LatencyBenchmark.swift (in target 'FoundationRadar' from project 'FoundationRadar')
cd /Users/admin/builder/spi-builder-workspace/.swiftpm/xcode
SwiftCompile normal arm64 Compiling\ PCCSignals.swift /Users/admin/builder/spi-builder-workspace/Sources/FoundationRadar/PCCSignals.swift (in target 'FoundationRadar' from project 'FoundationRadar')
SwiftCompile normal arm64 /Users/admin/builder/spi-builder-workspace/Sources/FoundationRadar/PCCSignals.swift (in target 'FoundationRadar' from project 'FoundationRadar')
cd /Users/admin/builder/spi-builder-workspace/.swiftpm/xcode
SwiftCompile normal arm64 Compiling\ Availability.swift /Users/admin/builder/spi-builder-workspace/Sources/FoundationRadar/Availability.swift (in target 'FoundationRadar' from project 'FoundationRadar')
SwiftCompile normal arm64 /Users/admin/builder/spi-builder-workspace/Sources/FoundationRadar/Availability.swift (in target 'FoundationRadar' from project 'FoundationRadar')
cd /Users/admin/builder/spi-builder-workspace/.swiftpm/xcode
2026-07-16 01:16:04.987 xcodebuild[767:4766] [MT] IDERunDestination: Supported platforms for the buildables in the current scheme is empty.
** BUILD FAILED **
The following build commands failed:
SwiftCompile normal arm64 /Users/admin/builder/spi-builder-workspace/Sources/FoundationRadar/ContextMeasurement.swift (in target 'FoundationRadar' from project 'FoundationRadar')
SwiftCompile normal arm64 Compiling\ ContextMeasurement.swift /Users/admin/builder/spi-builder-workspace/Sources/FoundationRadar/ContextMeasurement.swift (in target 'FoundationRadar' from project 'FoundationRadar')
Building workspace spi-builder-workspace with scheme FoundationRadar-Package
(3 failures)
BUILD FAILURE 6.2 visionOS