The Swift Package Index logo.Swift Package Index

Build Information

Failed to build SyntaxEditorUI, reference v0.19.2 (f0469f), with Swift 6.4 for watchOS using Xcode 27.0 on 28 Oct 2026 21:29:08 UTC.

Build Command

env DEVELOPER_DIR=/Applications/Xcode-27.0.0.app xcrun xcodebuild -IDEClonedSourcePackagesDirPathOverride=$PWD/.dependencies -skipMacroValidation -skipPackagePluginValidation -derivedDataPath $PWD/.derivedData build -scheme SyntaxEditorUI-Package -destination generic/platform=watchOS

Build Log

SwiftDriver SyntaxEditorLanguageSwift normal arm64 com.apple.xcode.tools.swift.compiler (in target 'SyntaxEditorLanguageSwift' from project 'SyntaxEditorUI')
    cd /Users/admin/builder/spi-builder-workspace/.swiftpm/xcode
    builtin-SwiftDriver -- /Applications/Xcode-27.0.0.app/Contents/Developer/Toolchains/XcodeDefault.xctoolchain/usr/bin/swiftc -parse-as-library -module-name SyntaxEditorLanguageSwift -Onone @/Users/admin/builder/spi-builder-workspace/.derivedData/Build/Intermediates.noindex/SyntaxEditorUI.build/Debug-watchos/SyntaxEditorLanguageSwift-t.build/Objects-normal/arm64/SyntaxEditorLanguageSwift.SwiftFileList -DSWIFT_PACKAGE -DDEBUG -DSWIFT_MODULE_RESOURCE_BUNDLE_AVAILABLE -Xcc -fmodule-map-file\=/Users/admin/builder/spi-builder-workspace/.derivedData/Build/Intermediates.noindex/GeneratedModuleMaps-watchos/TreeSitter.modulemap -Xcc -fmodule-map-file\=/Users/admin/builder/spi-builder-workspace/.derivedData/Build/Intermediates.noindex/GeneratedModuleMaps-watchos/TreeSitterSwift.modulemap -DXcode -default-isolation nonisolated -strict-memory-safety -plugin-path /Applications/Xcode-27.0.0.app/Contents/Developer/Toolchains/XcodeDefault.xctoolchain/usr/lib/swift/host/plugins/testing -enable-experimental-feature DebugDescriptionMacro -sdk /Applications/Xcode-27.0.0.app/Contents/Developer/Platforms/WatchOS.platform/Developer/SDKs/WatchOS27.0.sdk -target arm64-apple-watchos11.4 -g -module-cache-path /Users/admin/builder/spi-builder-workspace/.derivedData/ModuleCache.noindex -Xfrontend -serialize-debugging-options -profile-coverage-mapping -profile-generate -enable-testing -index-store-path /Users/admin/builder/spi-builder-workspace/.derivedData/Index.noindex/DataStore -Xcc -D_LIBCPP_HARDENING_MODE\=_LIBCPP_HARDENING_MODE_DEBUG -swift-version 6 -I /Users/admin/builder/spi-builder-workspace/.derivedData/Build/Products/Debug-watchos -Isystem /Applications/Xcode-27.0.0.app/Contents/Developer/Platforms/WatchOS.platform/Developer/usr/lib -F /Users/admin/builder/spi-builder-workspace/.derivedData/Build/Products/Debug-watchos/PackageFrameworks -F /Users/admin/builder/spi-builder-workspace/.derivedData/Build/Products/Debug-watchos -F /Applications/Xcode-27.0.0.app/Contents/Developer/Platforms/WatchOS.platform/Developer/Library/Frameworks -F /Applications/Xcode-27.0.0.app/Contents/Developer/Platforms/WatchOS.platform/Developer/SDKs/WatchOS27.0.sdk/Developer/Library/Frameworks -c -j10 -enable-batch-mode -incremental -Xcc -ivfsstatcache -Xcc /Users/admin/builder/spi-builder-workspace/.derivedData/SDKStatCaches.noindex/watchos27.0-24R360-e829b21a6f8c9b70876ba0858053c044b9db9bc9c079ee3c7b5f3373b13d10bc.sdkstatcache -output-file-map /Users/admin/builder/spi-builder-workspace/.derivedData/Build/Intermediates.noindex/SyntaxEditorUI.build/Debug-watchos/SyntaxEditorLanguageSwift-t.build/Objects-normal/arm64/SyntaxEditorLanguageSwift-OutputFileMap.json -save-temps -no-color-diagnostics -explicit-module-build -module-cache-path /Users/admin/builder/spi-builder-workspace/.derivedData/Build/Intermediates.noindex/SwiftExplicitPrecompiledModules -clang-scanner-module-cache-path /Users/admin/builder/spi-builder-workspace/.derivedData/ModuleCache.noindex -sdk-module-cache-path /Users/admin/builder/spi-builder-workspace/.derivedData/SDKExplicitPrecompiledModules -emit-dependencies -emit-module -emit-module-path /Users/admin/builder/spi-builder-workspace/.derivedData/Build/Intermediates.noindex/SyntaxEditorUI.build/Debug-watchos/SyntaxEditorLanguageSwift-t.build/Objects-normal/arm64/SyntaxEditorLanguageSwift.swiftmodule -serialize-diagnostics -dependency-scan-serialize-diagnostics-path /Users/admin/builder/spi-builder-workspace/.derivedData/Build/Intermediates.noindex/SyntaxEditorUI.build/Debug-watchos/SyntaxEditorLanguageSwift-t.build/Objects-normal/arm64/SyntaxEditorLanguageSwift-dependency-scan.dia -validate-clang-modules-once -clang-build-session-file /Users/admin/builder/spi-builder-workspace/.derivedData/ModuleCache.noindex/Session.modulevalidation -Xcc -fmodules-prune-interval\=86400 -Xcc -fmodules-prune-after\=345600 -package-name spi_builder_workspace -emit-const-values -const-gather-protocols-list /Users/admin/builder/spi-builder-workspace/.derivedData/Build/Intermediates.noindex/SyntaxEditorUI.build/Debug-watchos/SyntaxEditorLanguageSwift-t.build/Objects-normal/arm64/SyntaxEditorLanguageSwift_const_extract_protocols.json -Xcc -I/Users/admin/builder/spi-builder-workspace/.dependencies/checkouts/tree-sitter/lib/include -Xcc -I/Users/admin/builder/spi-builder-workspace/.dependencies/checkouts/tree-sitter-swift/bindings/swift -Xcc -I/Users/admin/builder/spi-builder-workspace/.derivedData/Build/Products/Debug-watchos/include -Xcc -I/Users/admin/builder/spi-builder-workspace/.derivedData/Build/Intermediates.noindex/SyntaxEditorUI.build/Debug-watchos/SyntaxEditorLanguageSwift-t.build/DerivedSources-normal/arm64 -Xcc -I/Users/admin/builder/spi-builder-workspace/.derivedData/Build/Intermediates.noindex/SyntaxEditorUI.build/Debug-watchos/SyntaxEditorLanguageSwift-t.build/DerivedSources/arm64 -Xcc -I/Users/admin/builder/spi-builder-workspace/.derivedData/Build/Intermediates.noindex/SyntaxEditorUI.build/Debug-watchos/SyntaxEditorLanguageSwift-t.build/DerivedSources -Xcc -DSWIFT_PACKAGE -Xcc -DDEBUG\=1 -emit-objc-header -emit-objc-header-path /Users/admin/builder/spi-builder-workspace/.derivedData/Build/Intermediates.noindex/SyntaxEditorUI.build/Debug-watchos/SyntaxEditorLanguageSwift-t.build/Objects-normal/arm64/SyntaxEditorLanguageSwift-Swift.h -working-directory /Users/admin/builder/spi-builder-workspace/.swiftpm/xcode -experimental-emit-module-separately -disable-cmo
SwiftDriver SyntaxEditorLanguagePlainText normal arm64_32 com.apple.xcode.tools.swift.compiler (in target 'SyntaxEditorLanguagePlainText' from project 'SyntaxEditorUI')
    cd /Users/admin/builder/spi-builder-workspace/.swiftpm/xcode
    builtin-SwiftDriver -- /Applications/Xcode-27.0.0.app/Contents/Developer/Toolchains/XcodeDefault.xctoolchain/usr/bin/swiftc -parse-as-library -module-name SyntaxEditorLanguagePlainText -Onone @/Users/admin/builder/spi-builder-workspace/.derivedData/Build/Intermediates.noindex/SyntaxEditorUI.build/Debug-watchos/SyntaxEditorLanguagePlainText-t.build/Objects-normal/arm64_32/SyntaxEditorLanguagePlainText.SwiftFileList -DSWIFT_PACKAGE -DDEBUG -DSWIFT_MODULE_RESOURCE_BUNDLE_UNAVAILABLE -Xcc -fmodule-map-file\=/Users/admin/builder/spi-builder-workspace/.derivedData/Build/Intermediates.noindex/GeneratedModuleMaps-watchos/TreeSitter.modulemap -DXcode -default-isolation nonisolated -strict-memory-safety -plugin-path /Applications/Xcode-27.0.0.app/Contents/Developer/Toolchains/XcodeDefault.xctoolchain/usr/lib/swift/host/plugins/testing -enable-experimental-feature DebugDescriptionMacro -sdk /Applications/Xcode-27.0.0.app/Contents/Developer/Platforms/WatchOS.platform/Developer/SDKs/WatchOS27.0.sdk -target arm64_32-apple-watchos11.4 -g -module-cache-path /Users/admin/builder/spi-builder-workspace/.derivedData/ModuleCache.noindex -Xfrontend -serialize-debugging-options -profile-coverage-mapping -profile-generate -enable-testing -index-store-path /Users/admin/builder/spi-builder-workspace/.derivedData/Index.noindex/DataStore -Xcc -D_LIBCPP_HARDENING_MODE\=_LIBCPP_HARDENING_MODE_DEBUG -swift-version 6 -I /Users/admin/builder/spi-builder-workspace/.derivedData/Build/Products/Debug-watchos -Isystem /Applications/Xcode-27.0.0.app/Contents/Developer/Platforms/WatchOS.platform/Developer/usr/lib -F /Users/admin/builder/spi-builder-workspace/.derivedData/Build/Products/Debug-watchos/PackageFrameworks -F /Users/admin/builder/spi-builder-workspace/.derivedData/Build/Products/Debug-watchos -F /Applications/Xcode-27.0.0.app/Contents/Developer/Platforms/WatchOS.platform/Developer/Library/Frameworks -F /Applications/Xcode-27.0.0.app/Contents/Developer/Platforms/WatchOS.platform/Developer/SDKs/WatchOS27.0.sdk/Developer/Library/Frameworks -c -j10 -enable-batch-mode -incremental -Xcc -ivfsstatcache -Xcc /Users/admin/builder/spi-builder-workspace/.derivedData/SDKStatCaches.noindex/watchos27.0-24R360-e829b21a6f8c9b70876ba0858053c044b9db9bc9c079ee3c7b5f3373b13d10bc.sdkstatcache -output-file-map /Users/admin/builder/spi-builder-workspace/.derivedData/Build/Intermediates.noindex/SyntaxEditorUI.build/Debug-watchos/SyntaxEditorLanguagePlainText-t.build/Objects-normal/arm64_32/SyntaxEditorLanguagePlainText-OutputFileMap.json -save-temps -no-color-diagnostics -explicit-module-build -module-cache-path /Users/admin/builder/spi-builder-workspace/.derivedData/Build/Intermediates.noindex/SwiftExplicitPrecompiledModules -clang-scanner-module-cache-path /Users/admin/builder/spi-builder-workspace/.derivedData/ModuleCache.noindex -sdk-module-cache-path /Users/admin/builder/spi-builder-workspace/.derivedData/SDKExplicitPrecompiledModules -emit-dependencies -emit-module -emit-module-path /Users/admin/builder/spi-builder-workspace/.derivedData/Build/Intermediates.noindex/SyntaxEditorUI.build/Debug-watchos/SyntaxEditorLanguagePlainText-t.build/Objects-normal/arm64_32/SyntaxEditorLanguagePlainText.swiftmodule -serialize-diagnostics -dependency-scan-serialize-diagnostics-path /Users/admin/builder/spi-builder-workspace/.derivedData/Build/Intermediates.noindex/SyntaxEditorUI.build/Debug-watchos/SyntaxEditorLanguagePlainText-t.build/Objects-normal/arm64_32/SyntaxEditorLanguagePlainText-dependency-scan.dia -validate-clang-modules-once -clang-build-session-file /Users/admin/builder/spi-builder-workspace/.derivedData/ModuleCache.noindex/Session.modulevalidation -Xcc -fmodules-prune-interval\=86400 -Xcc -fmodules-prune-after\=345600 -package-name spi_builder_workspace -emit-const-values -const-gather-protocols-list /Users/admin/builder/spi-builder-workspace/.derivedData/Build/Intermediates.noindex/SyntaxEditorUI.build/Debug-watchos/SyntaxEditorLanguagePlainText-t.build/Objects-normal/arm64_32/SyntaxEditorLanguagePlainText_const_extract_protocols.json -Xcc -I/Users/admin/builder/spi-builder-workspace/.dependencies/checkouts/tree-sitter/lib/include -Xcc -I/Users/admin/builder/spi-builder-workspace/.derivedData/Build/Products/Debug-watchos/include -Xcc -I/Users/admin/builder/spi-builder-workspace/.derivedData/Build/Intermediates.noindex/SyntaxEditorUI.build/Debug-watchos/SyntaxEditorLanguagePlainText-t.build/DerivedSources-normal/arm64_32 -Xcc -I/Users/admin/builder/spi-builder-workspace/.derivedData/Build/Intermediates.noindex/SyntaxEditorUI.build/Debug-watchos/SyntaxEditorLanguagePlainText-t.build/DerivedSources/arm64_32 -Xcc -I/Users/admin/builder/spi-builder-workspace/.derivedData/Build/Intermediates.noindex/SyntaxEditorUI.build/Debug-watchos/SyntaxEditorLanguagePlainText-t.build/DerivedSources -Xcc -DSWIFT_PACKAGE -Xcc -DDEBUG\=1 -emit-objc-header -emit-objc-header-path /Users/admin/builder/spi-builder-workspace/.derivedData/Build/Intermediates.noindex/SyntaxEditorUI.build/Debug-watchos/SyntaxEditorLanguagePlainText-t.build/Objects-normal/arm64_32/SyntaxEditorLanguagePlainText-Swift.h -working-directory /Users/admin/builder/spi-builder-workspace/.swiftpm/xcode -experimental-emit-module-separately -disable-cmo
SwiftDriver SyntaxEditorLanguagePlainText normal arm64 com.apple.xcode.tools.swift.compiler (in target 'SyntaxEditorLanguagePlainText' from project 'SyntaxEditorUI')
    cd /Users/admin/builder/spi-builder-workspace/.swiftpm/xcode
    builtin-SwiftDriver -- /Applications/Xcode-27.0.0.app/Contents/Developer/Toolchains/XcodeDefault.xctoolchain/usr/bin/swiftc -parse-as-library -module-name SyntaxEditorLanguagePlainText -Onone @/Users/admin/builder/spi-builder-workspace/.derivedData/Build/Intermediates.noindex/SyntaxEditorUI.build/Debug-watchos/SyntaxEditorLanguagePlainText-t.build/Objects-normal/arm64/SyntaxEditorLanguagePlainText.SwiftFileList -DSWIFT_PACKAGE -DDEBUG -DSWIFT_MODULE_RESOURCE_BUNDLE_UNAVAILABLE -Xcc -fmodule-map-file\=/Users/admin/builder/spi-builder-workspace/.derivedData/Build/Intermediates.noindex/GeneratedModuleMaps-watchos/TreeSitter.modulemap -DXcode -default-isolation nonisolated -strict-memory-safety -plugin-path /Applications/Xcode-27.0.0.app/Contents/Developer/Toolchains/XcodeDefault.xctoolchain/usr/lib/swift/host/plugins/testing -enable-experimental-feature DebugDescriptionMacro -sdk /Applications/Xcode-27.0.0.app/Contents/Developer/Platforms/WatchOS.platform/Developer/SDKs/WatchOS27.0.sdk -target arm64-apple-watchos11.4 -g -module-cache-path /Users/admin/builder/spi-builder-workspace/.derivedData/ModuleCache.noindex -Xfrontend -serialize-debugging-options -profile-coverage-mapping -profile-generate -enable-testing -index-store-path /Users/admin/builder/spi-builder-workspace/.derivedData/Index.noindex/DataStore -Xcc -D_LIBCPP_HARDENING_MODE\=_LIBCPP_HARDENING_MODE_DEBUG -swift-version 6 -I /Users/admin/builder/spi-builder-workspace/.derivedData/Build/Products/Debug-watchos -Isystem /Applications/Xcode-27.0.0.app/Contents/Developer/Platforms/WatchOS.platform/Developer/usr/lib -F /Users/admin/builder/spi-builder-workspace/.derivedData/Build/Products/Debug-watchos/PackageFrameworks -F /Users/admin/builder/spi-builder-workspace/.derivedData/Build/Products/Debug-watchos -F /Applications/Xcode-27.0.0.app/Contents/Developer/Platforms/WatchOS.platform/Developer/Library/Frameworks -F /Applications/Xcode-27.0.0.app/Contents/Developer/Platforms/WatchOS.platform/Developer/SDKs/WatchOS27.0.sdk/Developer/Library/Frameworks -c -j10 -enable-batch-mode -incremental -Xcc -ivfsstatcache -Xcc /Users/admin/builder/spi-builder-workspace/.derivedData/SDKStatCaches.noindex/watchos27.0-24R360-e829b21a6f8c9b70876ba0858053c044b9db9bc9c079ee3c7b5f3373b13d10bc.sdkstatcache -output-file-map /Users/admin/builder/spi-builder-workspace/.derivedData/Build/Intermediates.noindex/SyntaxEditorUI.build/Debug-watchos/SyntaxEditorLanguagePlainText-t.build/Objects-normal/arm64/SyntaxEditorLanguagePlainText-OutputFileMap.json -save-temps -no-color-diagnostics -explicit-module-build -module-cache-path /Users/admin/builder/spi-builder-workspace/.derivedData/Build/Intermediates.noindex/SwiftExplicitPrecompiledModules -clang-scanner-module-cache-path /Users/admin/builder/spi-builder-workspace/.derivedData/ModuleCache.noindex -sdk-module-cache-path /Users/admin/builder/spi-builder-workspace/.derivedData/SDKExplicitPrecompiledModules -emit-dependencies -emit-module -emit-module-path /Users/admin/builder/spi-builder-workspace/.derivedData/Build/Intermediates.noindex/SyntaxEditorUI.build/Debug-watchos/SyntaxEditorLanguagePlainText-t.build/Objects-normal/arm64/SyntaxEditorLanguagePlainText.swiftmodule -serialize-diagnostics -dependency-scan-serialize-diagnostics-path /Users/admin/builder/spi-builder-workspace/.derivedData/Build/Intermediates.noindex/SyntaxEditorUI.build/Debug-watchos/SyntaxEditorLanguagePlainText-t.build/Objects-normal/arm64/SyntaxEditorLanguagePlainText-dependency-scan.dia -validate-clang-modules-once -clang-build-session-file /Users/admin/builder/spi-builder-workspace/.derivedData/ModuleCache.noindex/Session.modulevalidation -Xcc -fmodules-prune-interval\=86400 -Xcc -fmodules-prune-after\=345600 -package-name spi_builder_workspace -emit-const-values -const-gather-protocols-list /Users/admin/builder/spi-builder-workspace/.derivedData/Build/Intermediates.noindex/SyntaxEditorUI.build/Debug-watchos/SyntaxEditorLanguagePlainText-t.build/Objects-normal/arm64/SyntaxEditorLanguagePlainText_const_extract_protocols.json -Xcc -I/Users/admin/builder/spi-builder-workspace/.dependencies/checkouts/tree-sitter/lib/include -Xcc -I/Users/admin/builder/spi-builder-workspace/.derivedData/Build/Products/Debug-watchos/include -Xcc -I/Users/admin/builder/spi-builder-workspace/.derivedData/Build/Intermediates.noindex/SyntaxEditorUI.build/Debug-watchos/SyntaxEditorLanguagePlainText-t.build/DerivedSources-normal/arm64 -Xcc -I/Users/admin/builder/spi-builder-workspace/.derivedData/Build/Intermediates.noindex/SyntaxEditorUI.build/Debug-watchos/SyntaxEditorLanguagePlainText-t.build/DerivedSources/arm64 -Xcc -I/Users/admin/builder/spi-builder-workspace/.derivedData/Build/Intermediates.noindex/SyntaxEditorUI.build/Debug-watchos/SyntaxEditorLanguagePlainText-t.build/DerivedSources -Xcc -DSWIFT_PACKAGE -Xcc -DDEBUG\=1 -emit-objc-header -emit-objc-header-path /Users/admin/builder/spi-builder-workspace/.derivedData/Build/Intermediates.noindex/SyntaxEditorUI.build/Debug-watchos/SyntaxEditorLanguagePlainText-t.build/Objects-normal/arm64/SyntaxEditorLanguagePlainText-Swift.h -working-directory /Users/admin/builder/spi-builder-workspace/.swiftpm/xcode -experimental-emit-module-separately -disable-cmo
SwiftDriver ObjCDump normal arm64 com.apple.xcode.tools.swift.compiler (in target 'ObjCDump' from project 'ObjCDump')
    cd /Users/admin/builder/spi-builder-workspace/.swiftpm/xcode
    builtin-SwiftDriver -- /Applications/Xcode-27.0.0.app/Contents/Developer/Toolchains/XcodeDefault.xctoolchain/usr/bin/swiftc -parse-as-library -module-name ObjCDump -Onone @/Users/admin/builder/spi-builder-workspace/.derivedData/Build/Intermediates.noindex/ObjCDump.build/Debug-watchos/ObjCDump-t.build/Objects-normal/arm64/ObjCDump.SwiftFileList -DSWIFT_PACKAGE -DDEBUG -DSWIFT_MODULE_RESOURCE_BUNDLE_UNAVAILABLE -DXcode -plugin-path /Applications/Xcode-27.0.0.app/Contents/Developer/Toolchains/XcodeDefault.xctoolchain/usr/lib/swift/host/plugins/testing -enable-experimental-feature DebugDescriptionMacro -sdk /Applications/Xcode-27.0.0.app/Contents/Developer/Platforms/WatchOS.platform/Developer/SDKs/WatchOS27.0.sdk -target arm64-apple-watchos9.0 -g -module-cache-path /Users/admin/builder/spi-builder-workspace/.derivedData/ModuleCache.noindex -Xfrontend -serialize-debugging-options -profile-coverage-mapping -profile-generate -enable-testing -suppress-warnings -index-store-path /Users/admin/builder/spi-builder-workspace/.derivedData/Index.noindex/DataStore -Xcc -D_LIBCPP_HARDENING_MODE\=_LIBCPP_HARDENING_MODE_DEBUG -swift-version 5 -I /Users/admin/builder/spi-builder-workspace/.derivedData/Build/Products/Debug-watchos -Isystem /Applications/Xcode-27.0.0.app/Contents/Developer/Platforms/WatchOS.platform/Developer/usr/lib -F /Users/admin/builder/spi-builder-workspace/.derivedData/Build/Products/Debug-watchos/PackageFrameworks -F /Users/admin/builder/spi-builder-workspace/.derivedData/Build/Products/Debug-watchos -F /Applications/Xcode-27.0.0.app/Contents/Developer/Platforms/WatchOS.platform/Developer/Library/Frameworks -F /Applications/Xcode-27.0.0.app/Contents/Developer/Platforms/WatchOS.platform/Developer/SDKs/WatchOS27.0.sdk/Developer/Library/Frameworks -c -j10 -enable-batch-mode -incremental -Xcc -ivfsstatcache -Xcc /Users/admin/builder/spi-builder-workspace/.derivedData/SDKStatCaches.noindex/watchos27.0-24R360-e829b21a6f8c9b70876ba0858053c044b9db9bc9c079ee3c7b5f3373b13d10bc.sdkstatcache -output-file-map /Users/admin/builder/spi-builder-workspace/.derivedData/Build/Intermediates.noindex/ObjCDump.build/Debug-watchos/ObjCDump-t.build/Objects-normal/arm64/ObjCDump-OutputFileMap.json -save-temps -no-color-diagnostics -explicit-module-build -module-cache-path /Users/admin/builder/spi-builder-workspace/.derivedData/Build/Intermediates.noindex/SwiftExplicitPrecompiledModules -clang-scanner-module-cache-path /Users/admin/builder/spi-builder-workspace/.derivedData/ModuleCache.noindex -sdk-module-cache-path /Users/admin/builder/spi-builder-workspace/.derivedData/SDKExplicitPrecompiledModules -emit-dependencies -emit-module -emit-module-path /Users/admin/builder/spi-builder-workspace/.derivedData/Build/Intermediates.noindex/ObjCDump.build/Debug-watchos/ObjCDump-t.build/Objects-normal/arm64/ObjCDump.swiftmodule -serialize-diagnostics -dependency-scan-serialize-diagnostics-path /Users/admin/builder/spi-builder-workspace/.derivedData/Build/Intermediates.noindex/ObjCDump.build/Debug-watchos/ObjCDump-t.build/Objects-normal/arm64/ObjCDump-dependency-scan.dia -validate-clang-modules-once -clang-build-session-file /Users/admin/builder/spi-builder-workspace/.derivedData/ModuleCache.noindex/Session.modulevalidation -Xcc -fmodules-prune-interval\=86400 -Xcc -fmodules-prune-after\=345600 -package-name swift_objc_dump -emit-const-values -const-gather-protocols-list /Users/admin/builder/spi-builder-workspace/.derivedData/Build/Intermediates.noindex/ObjCDump.build/Debug-watchos/ObjCDump-t.build/Objects-normal/arm64/ObjCDump_const_extract_protocols.json -Xcc -I/Users/admin/builder/spi-builder-workspace/.derivedData/Build/Products/Debug-watchos/include -Xcc -I/Users/admin/builder/spi-builder-workspace/.derivedData/Build/Intermediates.noindex/ObjCDump.build/Debug-watchos/ObjCDump-t.build/DerivedSources-normal/arm64 -Xcc -I/Users/admin/builder/spi-builder-workspace/.derivedData/Build/Intermediates.noindex/ObjCDump.build/Debug-watchos/ObjCDump-t.build/DerivedSources/arm64 -Xcc -I/Users/admin/builder/spi-builder-workspace/.derivedData/Build/Intermediates.noindex/ObjCDump.build/Debug-watchos/ObjCDump-t.build/DerivedSources -Xcc -DSWIFT_PACKAGE -Xcc -DDEBUG\=1 -emit-objc-header -emit-objc-header-path /Users/admin/builder/spi-builder-workspace/.derivedData/Build/Intermediates.noindex/ObjCDump.build/Debug-watchos/ObjCDump-t.build/Objects-normal/arm64/ObjCDump-Swift.h -working-directory /Users/admin/builder/spi-builder-workspace/.swiftpm/xcode -experimental-emit-module-separately -disable-cmo
SwiftDriver ObjCDump normal arm64_32 com.apple.xcode.tools.swift.compiler (in target 'ObjCDump' from project 'ObjCDump')
    cd /Users/admin/builder/spi-builder-workspace/.swiftpm/xcode
    builtin-SwiftDriver -- /Applications/Xcode-27.0.0.app/Contents/Developer/Toolchains/XcodeDefault.xctoolchain/usr/bin/swiftc -parse-as-library -module-name ObjCDump -Onone @/Users/admin/builder/spi-builder-workspace/.derivedData/Build/Intermediates.noindex/ObjCDump.build/Debug-watchos/ObjCDump-t.build/Objects-normal/arm64_32/ObjCDump.SwiftFileList -DSWIFT_PACKAGE -DDEBUG -DSWIFT_MODULE_RESOURCE_BUNDLE_UNAVAILABLE -DXcode -plugin-path /Applications/Xcode-27.0.0.app/Contents/Developer/Toolchains/XcodeDefault.xctoolchain/usr/lib/swift/host/plugins/testing -enable-experimental-feature DebugDescriptionMacro -sdk /Applications/Xcode-27.0.0.app/Contents/Developer/Platforms/WatchOS.platform/Developer/SDKs/WatchOS27.0.sdk -target arm64_32-apple-watchos9.0 -g -module-cache-path /Users/admin/builder/spi-builder-workspace/.derivedData/ModuleCache.noindex -Xfrontend -serialize-debugging-options -profile-coverage-mapping -profile-generate -enable-testing -suppress-warnings -index-store-path /Users/admin/builder/spi-builder-workspace/.derivedData/Index.noindex/DataStore -Xcc -D_LIBCPP_HARDENING_MODE\=_LIBCPP_HARDENING_MODE_DEBUG -swift-version 5 -I /Users/admin/builder/spi-builder-workspace/.derivedData/Build/Products/Debug-watchos -Isystem /Applications/Xcode-27.0.0.app/Contents/Developer/Platforms/WatchOS.platform/Developer/usr/lib -F /Users/admin/builder/spi-builder-workspace/.derivedData/Build/Products/Debug-watchos/PackageFrameworks -F /Users/admin/builder/spi-builder-workspace/.derivedData/Build/Products/Debug-watchos -F /Applications/Xcode-27.0.0.app/Contents/Developer/Platforms/WatchOS.platform/Developer/Library/Frameworks -F /Applications/Xcode-27.0.0.app/Contents/Developer/Platforms/WatchOS.platform/Developer/SDKs/WatchOS27.0.sdk/Developer/Library/Frameworks -c -j10 -enable-batch-mode -incremental -Xcc -ivfsstatcache -Xcc /Users/admin/builder/spi-builder-workspace/.derivedData/SDKStatCaches.noindex/watchos27.0-24R360-e829b21a6f8c9b70876ba0858053c044b9db9bc9c079ee3c7b5f3373b13d10bc.sdkstatcache -output-file-map /Users/admin/builder/spi-builder-workspace/.derivedData/Build/Intermediates.noindex/ObjCDump.build/Debug-watchos/ObjCDump-t.build/Objects-normal/arm64_32/ObjCDump-OutputFileMap.json -save-temps -no-color-diagnostics -explicit-module-build -module-cache-path /Users/admin/builder/spi-builder-workspace/.derivedData/Build/Intermediates.noindex/SwiftExplicitPrecompiledModules -clang-scanner-module-cache-path /Users/admin/builder/spi-builder-workspace/.derivedData/ModuleCache.noindex -sdk-module-cache-path /Users/admin/builder/spi-builder-workspace/.derivedData/SDKExplicitPrecompiledModules -emit-dependencies -emit-module -emit-module-path /Users/admin/builder/spi-builder-workspace/.derivedData/Build/Intermediates.noindex/ObjCDump.build/Debug-watchos/ObjCDump-t.build/Objects-normal/arm64_32/ObjCDump.swiftmodule -serialize-diagnostics -dependency-scan-serialize-diagnostics-path /Users/admin/builder/spi-builder-workspace/.derivedData/Build/Intermediates.noindex/ObjCDump.build/Debug-watchos/ObjCDump-t.build/Objects-normal/arm64_32/ObjCDump-dependency-scan.dia -validate-clang-modules-once -clang-build-session-file /Users/admin/builder/spi-builder-workspace/.derivedData/ModuleCache.noindex/Session.modulevalidation -Xcc -fmodules-prune-interval\=86400 -Xcc -fmodules-prune-after\=345600 -package-name swift_objc_dump -emit-const-values -const-gather-protocols-list /Users/admin/builder/spi-builder-workspace/.derivedData/Build/Intermediates.noindex/ObjCDump.build/Debug-watchos/ObjCDump-t.build/Objects-normal/arm64_32/ObjCDump_const_extract_protocols.json -Xcc -I/Users/admin/builder/spi-builder-workspace/.derivedData/Build/Products/Debug-watchos/include -Xcc -I/Users/admin/builder/spi-builder-workspace/.derivedData/Build/Intermediates.noindex/ObjCDump.build/Debug-watchos/ObjCDump-t.build/DerivedSources-normal/arm64_32 -Xcc -I/Users/admin/builder/spi-builder-workspace/.derivedData/Build/Intermediates.noindex/ObjCDump.build/Debug-watchos/ObjCDump-t.build/DerivedSources/arm64_32 -Xcc -I/Users/admin/builder/spi-builder-workspace/.derivedData/Build/Intermediates.noindex/ObjCDump.build/Debug-watchos/ObjCDump-t.build/DerivedSources -Xcc -DSWIFT_PACKAGE -Xcc -DDEBUG\=1 -emit-objc-header -emit-objc-header-path /Users/admin/builder/spi-builder-workspace/.derivedData/Build/Intermediates.noindex/ObjCDump.build/Debug-watchos/ObjCDump-t.build/Objects-normal/arm64_32/ObjCDump-Swift.h -working-directory /Users/admin/builder/spi-builder-workspace/.swiftpm/xcode -experimental-emit-module-separately -disable-cmo
ExtractAppIntentsMetadata (in target 'ArgumentParserToolInfo' from project 'swift-argument-parser')
    cd /Users/admin/builder/spi-builder-workspace/.dependencies/checkouts/swift-argument-parser
    /Applications/Xcode-27.0.0.app/Contents/Developer/Toolchains/XcodeDefault.xctoolchain/usr/bin/appintentsmetadataprocessor --toolchain-dir /var/run/com.apple.security.cryptexd/mnt/com.apple.MobileAsset.MetalToolchain-v27.1.266.1.mRDEqj/Metal.xctoolchain --module-name ArgumentParserToolInfo --sdk-root /Applications/Xcode-27.0.0.app/Contents/Developer/Platforms/MacOSX.platform/Developer/SDKs/MacOSX27.0.sdk --xcode-version 27A266a --platform-family macOS --deployment-target 12.0 --bundle-identifier swift-argument-parser.ArgumentParserToolInfo --output /Users/admin/builder/spi-builder-workspace/.derivedData/Build/Products/Debug/ArgumentParserToolInfo.appintents --target-triple arm64-apple-macos12.0 --target-triple x86_64-apple-macos12.0 --binary-file /Users/admin/builder/spi-builder-workspace/.derivedData/Build/Products/Debug/ArgumentParserToolInfo.o --dependency-file /Users/admin/builder/spi-builder-workspace/.derivedData/Build/Intermediates.noindex/swift-argument-parser.build/Debug/ArgumentParserToolInfo-t.build/Objects-normal/arm64/ArgumentParserToolInfo_dependency_info.dat --dependency-file /Users/admin/builder/spi-builder-workspace/.derivedData/Build/Intermediates.noindex/swift-argument-parser.build/Debug/ArgumentParserToolInfo-t.build/Objects-normal/x86_64/ArgumentParserToolInfo_dependency_info.dat --stringsdata-file /Users/admin/builder/spi-builder-workspace/.derivedData/Build/Intermediates.noindex/swift-argument-parser.build/Debug/ArgumentParserToolInfo-t.build/Objects-normal/arm64/ExtractedAppShortcutsMetadata.stringsdata --stringsdata-file /Users/admin/builder/spi-builder-workspace/.derivedData/Build/Intermediates.noindex/swift-argument-parser.build/Debug/ArgumentParserToolInfo-t.build/Objects-normal/x86_64/ExtractedAppShortcutsMetadata.stringsdata --source-file-list /Users/admin/builder/spi-builder-workspace/.derivedData/Build/Intermediates.noindex/swift-argument-parser.build/Debug/ArgumentParserToolInfo-t.build/Objects-normal/arm64/ArgumentParserToolInfo.SwiftFileList --source-file-list /Users/admin/builder/spi-builder-workspace/.derivedData/Build/Intermediates.noindex/swift-argument-parser.build/Debug/ArgumentParserToolInfo-t.build/Objects-normal/x86_64/ArgumentParserToolInfo.SwiftFileList --metadata-file-list /Users/admin/builder/spi-builder-workspace/.derivedData/Build/Intermediates.noindex/swift-argument-parser.build/Debug/ArgumentParserToolInfo-t.build/ArgumentParserToolInfo.DependencyMetadataFileList --static-metadata-file-list /Users/admin/builder/spi-builder-workspace/.derivedData/Build/Intermediates.noindex/swift-argument-parser.build/Debug/ArgumentParserToolInfo-t.build/ArgumentParserToolInfo.DependencyStaticMetadataFileList --swift-const-vals-list /Users/admin/builder/spi-builder-workspace/.derivedData/Build/Intermediates.noindex/swift-argument-parser.build/Debug/ArgumentParserToolInfo-t.build/Objects-normal/arm64/ArgumentParserToolInfo.SwiftConstValuesFileList --swift-const-vals-list /Users/admin/builder/spi-builder-workspace/.derivedData/Build/Intermediates.noindex/swift-argument-parser.build/Debug/ArgumentParserToolInfo-t.build/Objects-normal/x86_64/ArgumentParserToolInfo.SwiftConstValuesFileList --force --compile-time-extraction --deployment-aware-processing --no-app-shortcuts-localization
2026-10-28 17:29:06.374 appintentsmetadataprocessor[3296:15630] Starting appintentsmetadataprocessor export
2026-10-28 17:29:06.438 appintentsmetadataprocessor[3296:15630] Extracted no relevant App Intents symbols, skipping writing output
ExtractAppIntentsMetadata (in target 'Atomics' from project 'swift-atomics')
    cd /Users/admin/builder/spi-builder-workspace/.dependencies/checkouts/swift-atomics
    /Applications/Xcode-27.0.0.app/Contents/Developer/Toolchains/XcodeDefault.xctoolchain/usr/bin/appintentsmetadataprocessor --toolchain-dir /var/run/com.apple.security.cryptexd/mnt/com.apple.MobileAsset.MetalToolchain-v27.1.266.1.mRDEqj/Metal.xctoolchain --module-name Atomics --sdk-root /Applications/Xcode-27.0.0.app/Contents/Developer/Platforms/WatchOS.platform/Developer/SDKs/WatchOS27.0.sdk --xcode-version 27A266a --platform-family watchOS --deployment-target 9.0 --bundle-identifier swift-atomics.Atomics --output /Users/admin/builder/spi-builder-workspace/.derivedData/Build/Products/Debug-watchos/Atomics.appintents --target-triple arm64-apple-watchos9.0 --target-triple arm64_32-apple-watchos9.0 --binary-file /Users/admin/builder/spi-builder-workspace/.derivedData/Build/Products/Debug-watchos/Atomics.o --dependency-file /Users/admin/builder/spi-builder-workspace/.derivedData/Build/Intermediates.noindex/swift-atomics.build/Debug-watchos/Atomics-t.build/Objects-normal/arm64/Atomics_dependency_info.dat --dependency-file /Users/admin/builder/spi-builder-workspace/.derivedData/Build/Intermediates.noindex/swift-atomics.build/Debug-watchos/Atomics-t.build/Objects-normal/arm64_32/Atomics_dependency_info.dat --stringsdata-file /Users/admin/builder/spi-builder-workspace/.derivedData/Build/Intermediates.noindex/swift-atomics.build/Debug-watchos/Atomics-t.build/Objects-normal/arm64/ExtractedAppShortcutsMetadata.stringsdata --stringsdata-file /Users/admin/builder/spi-builder-workspace/.derivedData/Build/Intermediates.noindex/swift-atomics.build/Debug-watchos/Atomics-t.build/Objects-normal/arm64_32/ExtractedAppShortcutsMetadata.stringsdata --source-file-list /Users/admin/builder/spi-builder-workspace/.derivedData/Build/Intermediates.noindex/swift-atomics.build/Debug-watchos/Atomics-t.build/Objects-normal/arm64/Atomics.SwiftFileList --source-file-list /Users/admin/builder/spi-builder-workspace/.derivedData/Build/Intermediates.noindex/swift-atomics.build/Debug-watchos/Atomics-t.build/Objects-normal/arm64_32/Atomics.SwiftFileList --metadata-file-list /Users/admin/builder/spi-builder-workspace/.derivedData/Build/Intermediates.noindex/swift-atomics.build/Debug-watchos/Atomics-t.build/Atomics.DependencyMetadataFileList --static-metadata-file-list /Users/admin/builder/spi-builder-workspace/.derivedData/Build/Intermediates.noindex/swift-atomics.build/Debug-watchos/Atomics-t.build/Atomics.DependencyStaticMetadataFileList --swift-const-vals-list /Users/admin/builder/spi-builder-workspace/.derivedData/Build/Intermediates.noindex/swift-atomics.build/Debug-watchos/Atomics-t.build/Objects-normal/arm64/Atomics.SwiftConstValuesFileList --swift-const-vals-list /Users/admin/builder/spi-builder-workspace/.derivedData/Build/Intermediates.noindex/swift-atomics.build/Debug-watchos/Atomics-t.build/Objects-normal/arm64_32/Atomics.SwiftConstValuesFileList --force --compile-time-extraction --deployment-aware-processing --no-app-shortcuts-localization
2026-10-28 17:29:06.380 appintentsmetadataprocessor[3297:15631] Starting appintentsmetadataprocessor export
2026-10-28 17:29:06.444 appintentsmetadataprocessor[3297:15631] Extracted no relevant App Intents symbols, skipping writing output
ExtractAppIntentsMetadata (in target 'ArgumentParserToolInfo' from project 'swift-argument-parser')
    cd /Users/admin/builder/spi-builder-workspace/.dependencies/checkouts/swift-argument-parser
    /Applications/Xcode-27.0.0.app/Contents/Developer/Toolchains/XcodeDefault.xctoolchain/usr/bin/appintentsmetadataprocessor --toolchain-dir /var/run/com.apple.security.cryptexd/mnt/com.apple.MobileAsset.MetalToolchain-v27.1.266.1.mRDEqj/Metal.xctoolchain --module-name ArgumentParserToolInfo --sdk-root /Applications/Xcode-27.0.0.app/Contents/Developer/Platforms/WatchOS.platform/Developer/SDKs/WatchOS27.0.sdk --xcode-version 27A266a --platform-family watchOS --deployment-target 9.0 --bundle-identifier swift-argument-parser.ArgumentParserToolInfo --output /Users/admin/builder/spi-builder-workspace/.derivedData/Build/Products/Debug-watchos/ArgumentParserToolInfo.appintents --target-triple arm64-apple-watchos9.0 --target-triple arm64_32-apple-watchos9.0 --binary-file /Users/admin/builder/spi-builder-workspace/.derivedData/Build/Products/Debug-watchos/ArgumentParserToolInfo.o --dependency-file /Users/admin/builder/spi-builder-workspace/.derivedData/Build/Intermediates.noindex/swift-argument-parser.build/Debug-watchos/ArgumentParserToolInfo-t.build/Objects-normal/arm64/ArgumentParserToolInfo_dependency_info.dat --dependency-file /Users/admin/builder/spi-builder-workspace/.derivedData/Build/Intermediates.noindex/swift-argument-parser.build/Debug-watchos/ArgumentParserToolInfo-t.build/Objects-normal/arm64_32/ArgumentParserToolInfo_dependency_info.dat --stringsdata-file /Users/admin/builder/spi-builder-workspace/.derivedData/Build/Intermediates.noindex/swift-argument-parser.build/Debug-watchos/ArgumentParserToolInfo-t.build/Objects-normal/arm64/ExtractedAppShortcutsMetadata.stringsdata --stringsdata-file /Users/admin/builder/spi-builder-workspace/.derivedData/Build/Intermediates.noindex/swift-argument-parser.build/Debug-watchos/ArgumentParserToolInfo-t.build/Objects-normal/arm64_32/ExtractedAppShortcutsMetadata.stringsdata --source-file-list /Users/admin/builder/spi-builder-workspace/.derivedData/Build/Intermediates.noindex/swift-argument-parser.build/Debug-watchos/ArgumentParserToolInfo-t.build/Objects-normal/arm64/ArgumentParserToolInfo.SwiftFileList --source-file-list /Users/admin/builder/spi-builder-workspace/.derivedData/Build/Intermediates.noindex/swift-argument-parser.build/Debug-watchos/ArgumentParserToolInfo-t.build/Objects-normal/arm64_32/ArgumentParserToolInfo.SwiftFileList --metadata-file-list /Users/admin/builder/spi-builder-workspace/.derivedData/Build/Intermediates.noindex/swift-argument-parser.build/Debug-watchos/ArgumentParserToolInfo-t.build/ArgumentParserToolInfo.DependencyMetadataFileList --static-metadata-file-list /Users/admin/builder/spi-builder-workspace/.derivedData/Build/Intermediates.noindex/swift-argument-parser.build/Debug-watchos/ArgumentParserToolInfo-t.build/ArgumentParserToolInfo.DependencyStaticMetadataFileList --swift-const-vals-list /Users/admin/builder/spi-builder-workspace/.derivedData/Build/Intermediates.noindex/swift-argument-parser.build/Debug-watchos/ArgumentParserToolInfo-t.build/Objects-normal/arm64/ArgumentParserToolInfo.SwiftConstValuesFileList --swift-const-vals-list /Users/admin/builder/spi-builder-workspace/.derivedData/Build/Intermediates.noindex/swift-argument-parser.build/Debug-watchos/ArgumentParserToolInfo-t.build/Objects-normal/arm64_32/ArgumentParserToolInfo.SwiftConstValuesFileList --force --compile-time-extraction --deployment-aware-processing --no-app-shortcuts-localization
2026-10-28 17:29:06.498 appintentsmetadataprocessor[3298:15652] Starting appintentsmetadataprocessor export
2026-10-28 17:29:06.732 appintentsmetadataprocessor[3298:15652] Extracted no relevant App Intents symbols, skipping writing output
SwiftDriver SyntaxEditorLanguageObjectiveC normal arm64_32 com.apple.xcode.tools.swift.compiler (in target 'SyntaxEditorLanguageObjectiveC' from project 'SyntaxEditorUI')
    cd /Users/admin/builder/spi-builder-workspace/.swiftpm/xcode
    builtin-SwiftDriver -- /Applications/Xcode-27.0.0.app/Contents/Developer/Toolchains/XcodeDefault.xctoolchain/usr/bin/swiftc -parse-as-library -module-name SyntaxEditorLanguageObjectiveC -Onone @/Users/admin/builder/spi-builder-workspace/.derivedData/Build/Intermediates.noindex/SyntaxEditorUI.build/Debug-watchos/SyntaxEditorLanguageObjectiveC-t.build/Objects-normal/arm64_32/SyntaxEditorLanguageObjectiveC.SwiftFileList -DSWIFT_PACKAGE -DDEBUG -DSWIFT_MODULE_RESOURCE_BUNDLE_AVAILABLE -Xcc -fmodule-map-file\=/Users/admin/builder/spi-builder-workspace/.derivedData/Build/Intermediates.noindex/GeneratedModuleMaps-watchos/TreeSitter.modulemap -Xcc -fmodule-map-file\=/Users/admin/builder/spi-builder-workspace/.derivedData/Build/Intermediates.noindex/GeneratedModuleMaps-watchos/TreeSitterObjc.modulemap -DXcode -default-isolation nonisolated -strict-memory-safety -plugin-path /Applications/Xcode-27.0.0.app/Contents/Developer/Toolchains/XcodeDefault.xctoolchain/usr/lib/swift/host/plugins/testing -enable-experimental-feature DebugDescriptionMacro -sdk /Applications/Xcode-27.0.0.app/Contents/Developer/Platforms/WatchOS.platform/Developer/SDKs/WatchOS27.0.sdk -target arm64_32-apple-watchos11.4 -g -module-cache-path /Users/admin/builder/spi-builder-workspace/.derivedData/ModuleCache.noindex -Xfrontend -serialize-debugging-options -profile-coverage-mapping -profile-generate -enable-testing -index-store-path /Users/admin/builder/spi-builder-workspace/.derivedData/Index.noindex/DataStore -Xcc -D_LIBCPP_HARDENING_MODE\=_LIBCPP_HARDENING_MODE_DEBUG -swift-version 6 -I /Users/admin/builder/spi-builder-workspace/.derivedData/Build/Products/Debug-watchos -Isystem /Applications/Xcode-27.0.0.app/Contents/Developer/Platforms/WatchOS.platform/Developer/usr/lib -F /Users/admin/builder/spi-builder-workspace/.derivedData/Build/Products/Debug-watchos/PackageFrameworks -F /Users/admin/builder/spi-builder-workspace/.derivedData/Build/Products/Debug-watchos -F /Applications/Xcode-27.0.0.app/Contents/Developer/Platforms/WatchOS.platform/Developer/Library/Frameworks -F /Applications/Xcode-27.0.0.app/Contents/Developer/Platforms/WatchOS.platform/Developer/SDKs/WatchOS27.0.sdk/Developer/Library/Frameworks -c -j10 -enable-batch-mode -incremental -Xcc -ivfsstatcache -Xcc /Users/admin/builder/spi-builder-workspace/.derivedData/SDKStatCaches.noindex/watchos27.0-24R360-e829b21a6f8c9b70876ba0858053c044b9db9bc9c079ee3c7b5f3373b13d10bc.sdkstatcache -output-file-map /Users/admin/builder/spi-builder-workspace/.derivedData/Build/Intermediates.noindex/SyntaxEditorUI.build/Debug-watchos/SyntaxEditorLanguageObjectiveC-t.build/Objects-normal/arm64_32/SyntaxEditorLanguageObjectiveC-OutputFileMap.json -save-temps -no-color-diagnostics -explicit-module-build -module-cache-path /Users/admin/builder/spi-builder-workspace/.derivedData/Build/Intermediates.noindex/SwiftExplicitPrecompiledModules -clang-scanner-module-cache-path /Users/admin/builder/spi-builder-workspace/.derivedData/ModuleCache.noindex -sdk-module-cache-path /Users/admin/builder/spi-builder-workspace/.derivedData/SDKExplicitPrecompiledModules -emit-dependencies -emit-module -emit-module-path /Users/admin/builder/spi-builder-workspace/.derivedData/Build/Intermediates.noindex/SyntaxEditorUI.build/Debug-watchos/SyntaxEditorLanguageObjectiveC-t.build/Objects-normal/arm64_32/SyntaxEditorLanguageObjectiveC.swiftmodule -serialize-diagnostics -dependency-scan-serialize-diagnostics-path /Users/admin/builder/spi-builder-workspace/.derivedData/Build/Intermediates.noindex/SyntaxEditorUI.build/Debug-watchos/SyntaxEditorLanguageObjectiveC-t.build/Objects-normal/arm64_32/SyntaxEditorLanguageObjectiveC-dependency-scan.dia -validate-clang-modules-once -clang-build-session-file /Users/admin/builder/spi-builder-workspace/.derivedData/ModuleCache.noindex/Session.modulevalidation -Xcc -fmodules-prune-interval\=86400 -Xcc -fmodules-prune-after\=345600 -package-name spi_builder_workspace -emit-const-values -const-gather-protocols-list /Users/admin/builder/spi-builder-workspace/.derivedData/Build/Intermediates.noindex/SyntaxEditorUI.build/Debug-watchos/SyntaxEditorLanguageObjectiveC-t.build/Objects-normal/arm64_32/SyntaxEditorLanguageObjectiveC_const_extract_protocols.json -Xcc -I/Users/admin/builder/spi-builder-workspace/.dependencies/checkouts/tree-sitter/lib/include -Xcc -I/Users/admin/builder/spi-builder-workspace/.dependencies/checkouts/tree-sitter-objc/bindings/swift -Xcc -I/Users/admin/builder/spi-builder-workspace/.derivedData/Build/Products/Debug-watchos/include -Xcc -I/Users/admin/builder/spi-builder-workspace/.derivedData/Build/Intermediates.noindex/SyntaxEditorUI.build/Debug-watchos/SyntaxEditorLanguageObjectiveC-t.build/DerivedSources-normal/arm64_32 -Xcc -I/Users/admin/builder/spi-builder-workspace/.derivedData/Build/Intermediates.noindex/SyntaxEditorUI.build/Debug-watchos/SyntaxEditorLanguageObjectiveC-t.build/DerivedSources/arm64_32 -Xcc -I/Users/admin/builder/spi-builder-workspace/.derivedData/Build/Intermediates.noindex/SyntaxEditorUI.build/Debug-watchos/SyntaxEditorLanguageObjectiveC-t.build/DerivedSources -Xcc -DSWIFT_PACKAGE -Xcc -DDEBUG\=1 -emit-objc-header -emit-objc-header-path /Users/admin/builder/spi-builder-workspace/.derivedData/Build/Intermediates.noindex/SyntaxEditorUI.build/Debug-watchos/SyntaxEditorLanguageObjectiveC-t.build/Objects-normal/arm64_32/SyntaxEditorLanguageObjectiveC-Swift.h -working-directory /Users/admin/builder/spi-builder-workspace/.swiftpm/xcode -experimental-emit-module-separately -disable-cmo
SwiftDriver SyntaxEditorLanguageObjectiveC normal arm64 com.apple.xcode.tools.swift.compiler (in target 'SyntaxEditorLanguageObjectiveC' from project 'SyntaxEditorUI')
    cd /Users/admin/builder/spi-builder-workspace/.swiftpm/xcode
    builtin-SwiftDriver -- /Applications/Xcode-27.0.0.app/Contents/Developer/Toolchains/XcodeDefault.xctoolchain/usr/bin/swiftc -parse-as-library -module-name SyntaxEditorLanguageObjectiveC -Onone @/Users/admin/builder/spi-builder-workspace/.derivedData/Build/Intermediates.noindex/SyntaxEditorUI.build/Debug-watchos/SyntaxEditorLanguageObjectiveC-t.build/Objects-normal/arm64/SyntaxEditorLanguageObjectiveC.SwiftFileList -DSWIFT_PACKAGE -DDEBUG -DSWIFT_MODULE_RESOURCE_BUNDLE_AVAILABLE -Xcc -fmodule-map-file\=/Users/admin/builder/spi-builder-workspace/.derivedData/Build/Intermediates.noindex/GeneratedModuleMaps-watchos/TreeSitter.modulemap -Xcc -fmodule-map-file\=/Users/admin/builder/spi-builder-workspace/.derivedData/Build/Intermediates.noindex/GeneratedModuleMaps-watchos/TreeSitterObjc.modulemap -DXcode -default-isolation nonisolated -strict-memory-safety -plugin-path /Applications/Xcode-27.0.0.app/Contents/Developer/Toolchains/XcodeDefault.xctoolchain/usr/lib/swift/host/plugins/testing -enable-experimental-feature DebugDescriptionMacro -sdk /Applications/Xcode-27.0.0.app/Contents/Developer/Platforms/WatchOS.platform/Developer/SDKs/WatchOS27.0.sdk -target arm64-apple-watchos11.4 -g -module-cache-path /Users/admin/builder/spi-builder-workspace/.derivedData/ModuleCache.noindex -Xfrontend -serialize-debugging-options -profile-coverage-mapping -profile-generate -enable-testing -index-store-path /Users/admin/builder/spi-builder-workspace/.derivedData/Index.noindex/DataStore -Xcc -D_LIBCPP_HARDENING_MODE\=_LIBCPP_HARDENING_MODE_DEBUG -swift-version 6 -I /Users/admin/builder/spi-builder-workspace/.derivedData/Build/Products/Debug-watchos -Isystem /Applications/Xcode-27.0.0.app/Contents/Developer/Platforms/WatchOS.platform/Developer/usr/lib -F /Users/admin/builder/spi-builder-workspace/.derivedData/Build/Products/Debug-watchos/PackageFrameworks -F /Users/admin/builder/spi-builder-workspace/.derivedData/Build/Products/Debug-watchos -F /Applications/Xcode-27.0.0.app/Contents/Developer/Platforms/WatchOS.platform/Developer/Library/Frameworks -F /Applications/Xcode-27.0.0.app/Contents/Developer/Platforms/WatchOS.platform/Developer/SDKs/WatchOS27.0.sdk/Developer/Library/Frameworks -c -j10 -enable-batch-mode -incremental -Xcc -ivfsstatcache -Xcc /Users/admin/builder/spi-builder-workspace/.derivedData/SDKStatCaches.noindex/watchos27.0-24R360-e829b21a6f8c9b70876ba0858053c044b9db9bc9c079ee3c7b5f3373b13d10bc.sdkstatcache -output-file-map /Users/admin/builder/spi-builder-workspace/.derivedData/Build/Intermediates.noindex/SyntaxEditorUI.build/Debug-watchos/SyntaxEditorLanguageObjectiveC-t.build/Objects-normal/arm64/SyntaxEditorLanguageObjectiveC-OutputFileMap.json -save-temps -no-color-diagnostics -explicit-module-build -module-cache-path /Users/admin/builder/spi-builder-workspace/.derivedData/Build/Intermediates.noindex/SwiftExplicitPrecompiledModules -clang-scanner-module-cache-path /Users/admin/builder/spi-builder-workspace/.derivedData/ModuleCache.noindex -sdk-module-cache-path /Users/admin/builder/spi-builder-workspace/.derivedData/SDKExplicitPrecompiledModules -emit-dependencies -emit-module -emit-module-path /Users/admin/builder/spi-builder-workspace/.derivedData/Build/Intermediates.noindex/SyntaxEditorUI.build/Debug-watchos/SyntaxEditorLanguageObjectiveC-t.build/Objects-normal/arm64/SyntaxEditorLanguageObjectiveC.swiftmodule -serialize-diagnostics -dependency-scan-serialize-diagnostics-path /Users/admin/builder/spi-builder-workspace/.derivedData/Build/Intermediates.noindex/SyntaxEditorUI.build/Debug-watchos/SyntaxEditorLanguageObjectiveC-t.build/Objects-normal/arm64/SyntaxEditorLanguageObjectiveC-dependency-scan.dia -validate-clang-modules-once -clang-build-session-file /Users/admin/builder/spi-builder-workspace/.derivedData/ModuleCache.noindex/Session.modulevalidation -Xcc -fmodules-prune-interval\=86400 -Xcc -fmodules-prune-after\=345600 -package-name spi_builder_workspace -emit-const-values -const-gather-protocols-list /Users/admin/builder/spi-builder-workspace/.derivedData/Build/Intermediates.noindex/SyntaxEditorUI.build/Debug-watchos/SyntaxEditorLanguageObjectiveC-t.build/Objects-normal/arm64/SyntaxEditorLanguageObjectiveC_const_extract_protocols.json -Xcc -I/Users/admin/builder/spi-builder-workspace/.dependencies/checkouts/tree-sitter/lib/include -Xcc -I/Users/admin/builder/spi-builder-workspace/.dependencies/checkouts/tree-sitter-objc/bindings/swift -Xcc -I/Users/admin/builder/spi-builder-workspace/.derivedData/Build/Products/Debug-watchos/include -Xcc -I/Users/admin/builder/spi-builder-workspace/.derivedData/Build/Intermediates.noindex/SyntaxEditorUI.build/Debug-watchos/SyntaxEditorLanguageObjectiveC-t.build/DerivedSources-normal/arm64 -Xcc -I/Users/admin/builder/spi-builder-workspace/.derivedData/Build/Intermediates.noindex/SyntaxEditorUI.build/Debug-watchos/SyntaxEditorLanguageObjectiveC-t.build/DerivedSources/arm64 -Xcc -I/Users/admin/builder/spi-builder-workspace/.derivedData/Build/Intermediates.noindex/SyntaxEditorUI.build/Debug-watchos/SyntaxEditorLanguageObjectiveC-t.build/DerivedSources -Xcc -DSWIFT_PACKAGE -Xcc -DDEBUG\=1 -emit-objc-header -emit-objc-header-path /Users/admin/builder/spi-builder-workspace/.derivedData/Build/Intermediates.noindex/SyntaxEditorUI.build/Debug-watchos/SyntaxEditorLanguageObjectiveC-t.build/Objects-normal/arm64/SyntaxEditorLanguageObjectiveC-Swift.h -working-directory /Users/admin/builder/spi-builder-workspace/.swiftpm/xcode -experimental-emit-module-separately -disable-cmo
SwiftDriver FileIOBinary normal arm64_32 com.apple.xcode.tools.swift.compiler (in target 'FileIOBinary' from project 'swift-fileio-extra')
    cd /Users/admin/builder/spi-builder-workspace/.swiftpm/xcode
    builtin-SwiftDriver -- /Applications/Xcode-27.0.0.app/Contents/Developer/Toolchains/XcodeDefault.xctoolchain/usr/bin/swiftc -parse-as-library -module-name FileIOBinary -Onone @/Users/admin/builder/spi-builder-workspace/.derivedData/Build/Intermediates.noindex/swift-fileio-extra.build/Debug-watchos/FileIOBinary-t.build/Objects-normal/arm64_32/FileIOBinary.SwiftFileList -DSWIFT_PACKAGE -DDEBUG -DSWIFT_MODULE_RESOURCE_BUNDLE_UNAVAILABLE -DXcode -plugin-path /Applications/Xcode-27.0.0.app/Contents/Developer/Toolchains/XcodeDefault.xctoolchain/usr/lib/swift/host/plugins/testing -enable-experimental-feature DebugDescriptionMacro -sdk /Applications/Xcode-27.0.0.app/Contents/Developer/Platforms/WatchOS.platform/Developer/SDKs/WatchOS27.0.sdk -target arm64_32-apple-watchos9.0 -g -module-cache-path /Users/admin/builder/spi-builder-workspace/.derivedData/ModuleCache.noindex -Xfrontend -serialize-debugging-options -profile-coverage-mapping -profile-generate -enable-testing -suppress-warnings -index-store-path /Users/admin/builder/spi-builder-workspace/.derivedData/Index.noindex/DataStore -Xcc -D_LIBCPP_HARDENING_MODE\=_LIBCPP_HARDENING_MODE_DEBUG -swift-version 5 -I /Users/admin/builder/spi-builder-workspace/.derivedData/Build/Products/Debug-watchos -Isystem /Applications/Xcode-27.0.0.app/Contents/Developer/Platforms/WatchOS.platform/Developer/usr/lib -F /Users/admin/builder/spi-builder-workspace/.derivedData/Build/Products/Debug-watchos/PackageFrameworks -F /Users/admin/builder/spi-builder-workspace/.derivedData/Build/Products/Debug-watchos -F /Applications/Xcode-27.0.0.app/Contents/Developer/Platforms/WatchOS.platform/Developer/Library/Frameworks -F /Applications/Xcode-27.0.0.app/Contents/Developer/Platforms/WatchOS.platform/Developer/SDKs/WatchOS27.0.sdk/Developer/Library/Frameworks -c -j10 -enable-batch-mode -incremental -Xcc -ivfsstatcache -Xcc /Users/admin/builder/spi-builder-workspace/.derivedData/SDKStatCaches.noindex/watchos27.0-24R360-e829b21a6f8c9b70876ba0858053c044b9db9bc9c079ee3c7b5f3373b13d10bc.sdkstatcache -output-file-map /Users/admin/builder/spi-builder-workspace/.derivedData/Build/Intermediates.noindex/swift-fileio-extra.build/Debug-watchos/FileIOBinary-t.build/Objects-normal/arm64_32/FileIOBinary-OutputFileMap.json -save-temps -no-color-diagnostics -explicit-module-build -module-cache-path /Users/admin/builder/spi-builder-workspace/.derivedData/Build/Intermediates.noindex/SwiftExplicitPrecompiledModules -clang-scanner-module-cache-path /Users/admin/builder/spi-builder-workspace/.derivedData/ModuleCache.noindex -sdk-module-cache-path /Users/admin/builder/spi-builder-workspace/.derivedData/SDKExplicitPrecompiledModules -emit-dependencies -emit-module -emit-module-path /Users/admin/builder/spi-builder-workspace/.derivedData/Build/Intermediates.noindex/swift-fileio-extra.build/Debug-watchos/FileIOBinary-t.build/Objects-normal/arm64_32/FileIOBinary.swiftmodule -serialize-diagnostics -dependency-scan-serialize-diagnostics-path /Users/admin/builder/spi-builder-workspace/.derivedData/Build/Intermediates.noindex/swift-fileio-extra.build/Debug-watchos/FileIOBinary-t.build/Objects-normal/arm64_32/FileIOBinary-dependency-scan.dia -validate-clang-modules-once -clang-build-session-file /Users/admin/builder/spi-builder-workspace/.derivedData/ModuleCache.noindex/Session.modulevalidation -Xcc -fmodules-prune-interval\=86400 -Xcc -fmodules-prune-after\=345600 -package-name swift_fileio_extra -emit-const-values -const-gather-protocols-list /Users/admin/builder/spi-builder-workspace/.derivedData/Build/Intermediates.noindex/swift-fileio-extra.build/Debug-watchos/FileIOBinary-t.build/Objects-normal/arm64_32/FileIOBinary_const_extract_protocols.json -Xcc -I/Users/admin/builder/spi-builder-workspace/.derivedData/Build/Products/Debug-watchos/include -Xcc -I/Users/admin/builder/spi-builder-workspace/.derivedData/Build/Intermediates.noindex/swift-fileio-extra.build/Debug-watchos/FileIOBinary-t.build/DerivedSources-normal/arm64_32 -Xcc -I/Users/admin/builder/spi-builder-workspace/.derivedData/Build/Intermediates.noindex/swift-fileio-extra.build/Debug-watchos/FileIOBinary-t.build/DerivedSources/arm64_32 -Xcc -I/Users/admin/builder/spi-builder-workspace/.derivedData/Build/Intermediates.noindex/swift-fileio-extra.build/Debug-watchos/FileIOBinary-t.build/DerivedSources -Xcc -DSWIFT_PACKAGE -Xcc -DDEBUG\=1 -emit-objc-header -emit-objc-header-path /Users/admin/builder/spi-builder-workspace/.derivedData/Build/Intermediates.noindex/swift-fileio-extra.build/Debug-watchos/FileIOBinary-t.build/Objects-normal/arm64_32/FileIOBinary-Swift.h -working-directory /Users/admin/builder/spi-builder-workspace/.swiftpm/xcode -experimental-emit-module-separately -disable-cmo
SwiftEmitModule normal arm64 Emitting\ module\ for\ SyntaxEditorLanguagePlainText (in target 'SyntaxEditorLanguagePlainText' from project 'SyntaxEditorUI')
SwiftCompile normal arm64 (in target 'SyntaxEditorLanguagePlainText' from project 'SyntaxEditorUI')
    cd /Users/admin/builder/spi-builder-workspace/.swiftpm/xcode

SwiftEmitModule normal arm64_32 Emitting\ module\ for\ SyntaxEditorLanguagePlainText (in target 'SyntaxEditorLanguagePlainText' from project 'SyntaxEditorUI')
SwiftCompile normal arm64_32 (in target 'SyntaxEditorLanguagePlainText' from project 'SyntaxEditorUI')
    cd /Users/admin/builder/spi-builder-workspace/.swiftpm/xcode

SwiftDriver FileIOBinary normal arm64 com.apple.xcode.tools.swift.compiler (in target 'FileIOBinary' from project 'swift-fileio-extra')
    cd /Users/admin/builder/spi-builder-workspace/.swiftpm/xcode
    builtin-SwiftDriver -- /Applications/Xcode-27.0.0.app/Contents/Developer/Toolchains/XcodeDefault.xctoolchain/usr/bin/swiftc -parse-as-library -module-name FileIOBinary -Onone @/Users/admin/builder/spi-builder-workspace/.derivedData/Build/Intermediates.noindex/swift-fileio-extra.build/Debug-watchos/FileIOBinary-t.build/Objects-normal/arm64/FileIOBinary.SwiftFileList -DSWIFT_PACKAGE -DDEBUG -DSWIFT_MODULE_RESOURCE_BUNDLE_UNAVAILABLE -DXcode -plugin-path /Applications/Xcode-27.0.0.app/Contents/Developer/Toolchains/XcodeDefault.xctoolchain/usr/lib/swift/host/plugins/testing -enable-experimental-feature DebugDescriptionMacro -sdk /Applications/Xcode-27.0.0.app/Contents/Developer/Platforms/WatchOS.platform/Developer/SDKs/WatchOS27.0.sdk -target arm64-apple-watchos9.0 -g -module-cache-path /Users/admin/builder/spi-builder-workspace/.derivedData/ModuleCache.noindex -Xfrontend -serialize-debugging-options -profile-coverage-mapping -profile-generate -enable-testing -suppress-warnings -index-store-path /Users/admin/builder/spi-builder-workspace/.derivedData/Index.noindex/DataStore -Xcc -D_LIBCPP_HARDENING_MODE\=_LIBCPP_HARDENING_MODE_DEBUG -swift-version 5 -I /Users/admin/builder/spi-builder-workspace/.derivedData/Build/Products/Debug-watchos -Isystem /Applications/Xcode-27.0.0.app/Contents/Developer/Platforms/WatchOS.platform/Developer/usr/lib -F /Users/admin/builder/spi-builder-workspace/.derivedData/Build/Products/Debug-watchos/PackageFrameworks -F /Users/admin/builder/spi-builder-workspace/.derivedData/Build/Products/Debug-watchos -F /Applications/Xcode-27.0.0.app/Contents/Developer/Platforms/WatchOS.platform/Developer/Library/Frameworks -F /Applications/Xcode-27.0.0.app/Contents/Developer/Platforms/WatchOS.platform/Developer/SDKs/WatchOS27.0.sdk/Developer/Library/Frameworks -c -j10 -enable-batch-mode -incremental -Xcc -ivfsstatcache -Xcc /Users/admin/builder/spi-builder-workspace/.derivedData/SDKStatCaches.noindex/watchos27.0-24R360-e829b21a6f8c9b70876ba0858053c044b9db9bc9c079ee3c7b5f3373b13d10bc.sdkstatcache -output-file-map /Users/admin/builder/spi-builder-workspace/.derivedData/Build/Intermediates.noindex/swift-fileio-extra.build/Debug-watchos/FileIOBinary-t.build/Objects-normal/arm64/FileIOBinary-OutputFileMap.json -save-temps -no-color-diagnostics -explicit-module-build -module-cache-path /Users/admin/builder/spi-builder-workspace/.derivedData/Build/Intermediates.noindex/SwiftExplicitPrecompiledModules -clang-scanner-module-cache-path /Users/admin/builder/spi-builder-workspace/.derivedData/ModuleCache.noindex -sdk-module-cache-path /Users/admin/builder/spi-builder-workspace/.derivedData/SDKExplicitPrecompiledModules -emit-dependencies -emit-module -emit-module-path /Users/admin/builder/spi-builder-workspace/.derivedData/Build/Intermediates.noindex/swift-fileio-extra.build/Debug-watchos/FileIOBinary-t.build/Objects-normal/arm64/FileIOBinary.swiftmodule -serialize-diagnostics -dependency-scan-serialize-diagnostics-path /Users/admin/builder/spi-builder-workspace/.derivedData/Build/Intermediates.noindex/swift-fileio-extra.build/Debug-watchos/FileIOBinary-t.build/Objects-normal/arm64/FileIOBinary-dependency-scan.dia -validate-clang-modules-once -clang-build-session-file /Users/admin/builder/spi-builder-workspace/.derivedData/ModuleCache.noindex/Session.modulevalidation -Xcc -fmodules-prune-interval\=86400 -Xcc -fmodules-prune-after\=345600 -package-name swift_fileio_extra -emit-const-values -const-gather-protocols-list /Users/admin/builder/spi-builder-workspace/.derivedData/Build/Intermediates.noindex/swift-fileio-extra.build/Debug-watchos/FileIOBinary-t.build/Objects-normal/arm64/FileIOBinary_const_extract_protocols.json -Xcc -I/Users/admin/builder/spi-builder-workspace/.derivedData/Build/Products/Debug-watchos/include -Xcc -I/Users/admin/builder/spi-builder-workspace/.derivedData/Build/Intermediates.noindex/swift-fileio-extra.build/Debug-watchos/FileIOBinary-t.build/DerivedSources-normal/arm64 -Xcc -I/Users/admin/builder/spi-builder-workspace/.derivedData/Build/Intermediates.noindex/swift-fileio-extra.build/Debug-watchos/FileIOBinary-t.build/DerivedSources/arm64 -Xcc -I/Users/admin/builder/spi-builder-workspace/.derivedData/Build/Intermediates.noindex/swift-fileio-extra.build/Debug-watchos/FileIOBinary-t.build/DerivedSources -Xcc -DSWIFT_PACKAGE -Xcc -DDEBUG\=1 -emit-objc-header -emit-objc-header-path /Users/admin/builder/spi-builder-workspace/.derivedData/Build/Intermediates.noindex/swift-fileio-extra.build/Debug-watchos/FileIOBinary-t.build/Objects-normal/arm64/FileIOBinary-Swift.h -working-directory /Users/admin/builder/spi-builder-workspace/.swiftpm/xcode -experimental-emit-module-separately -disable-cmo
SwiftDriver ComplexModule normal arm64 com.apple.xcode.tools.swift.compiler (in target 'ComplexModule' from project 'swift-numerics')
    cd /Users/admin/builder/spi-builder-workspace/.swiftpm/xcode
    builtin-SwiftDriver -- /Applications/Xcode-27.0.0.app/Contents/Developer/Toolchains/XcodeDefault.xctoolchain/usr/bin/swiftc -parse-as-library -module-name ComplexModule -Onone @/Users/admin/builder/spi-builder-workspace/.derivedData/Build/Intermediates.noindex/swift-numerics.build/Debug-watchos/ComplexModule-t.build/Objects-normal/arm64/ComplexModule.SwiftFileList -DSWIFT_PACKAGE -DDEBUG -DSWIFT_MODULE_RESOURCE_BUNDLE_UNAVAILABLE -Xcc -fmodule-map-file\=/Users/admin/builder/spi-builder-workspace/.dependencies/checkouts/swift-numerics/Sources/_NumericsShims/include/module.modulemap -DXcode -plugin-path /Applications/Xcode-27.0.0.app/Contents/Developer/Toolchains/XcodeDefault.xctoolchain/usr/lib/swift/host/plugins/testing -enable-experimental-feature DebugDescriptionMacro -sdk /Applications/Xcode-27.0.0.app/Contents/Developer/Platforms/WatchOS.platform/Developer/SDKs/WatchOS27.0.sdk -target arm64-apple-watchos9.0 -g -module-cache-path /Users/admin/builder/spi-builder-workspace/.derivedData/ModuleCache.noindex -Xfrontend -serialize-debugging-options -profile-coverage-mapping -profile-generate -enable-testing -suppress-warnings -index-store-path /Users/admin/builder/spi-builder-workspace/.derivedData/Index.noindex/DataStore -Xcc -D_LIBCPP_HARDENING_MODE\=_LIBCPP_HARDENING_MODE_DEBUG -swift-version 5 -I /Users/admin/builder/spi-builder-workspace/.derivedData/Build/Products/Debug-watchos -Isystem /Applications/Xcode-27.0.0.app/Contents/Developer/Platforms/WatchOS.platform/Developer/usr/lib -F /Users/admin/builder/spi-builder-workspace/.derivedData/Build/Products/Debug-watchos/PackageFrameworks -F /Users/admin/builder/spi-builder-workspace/.derivedData/Build/Products/Debug-watchos -F /Applications/Xcode-27.0.0.app/Contents/Developer/Platforms/WatchOS.platform/Developer/Library/Frameworks -F /Applications/Xcode-27.0.0.app/Contents/Developer/Platforms/WatchOS.platform/Developer/SDKs/WatchOS27.0.sdk/Developer/Library/Frameworks -c -j10 -enable-batch-mode -incremental -Xcc -ivfsstatcache -Xcc /Users/admin/builder/spi-builder-workspace/.derivedData/SDKStatCaches.noindex/watchos27.0-24R360-e829b21a6f8c9b70876ba0858053c044b9db9bc9c079ee3c7b5f3373b13d10bc.sdkstatcache -output-file-map /Users/admin/builder/spi-builder-workspace/.derivedData/Build/Intermediates.noindex/swift-numerics.build/Debug-watchos/ComplexModule-t.build/Objects-normal/arm64/ComplexModule-OutputFileMap.json -save-temps -no-color-diagnostics -explicit-module-build -module-cache-path /Users/admin/builder/spi-builder-workspace/.derivedData/Build/Intermediates.noindex/SwiftExplicitPrecompiledModules -clang-scanner-module-cache-path /Users/admin/builder/spi-builder-workspace/.derivedData/ModuleCache.noindex -sdk-module-cache-path /Users/admin/builder/spi-builder-workspace/.derivedData/SDKExplicitPrecompiledModules -emit-dependencies -emit-module -emit-module-path /Users/admin/builder/spi-builder-workspace/.derivedData/Build/Intermediates.noindex/swift-numerics.build/Debug-watchos/ComplexModule-t.build/Objects-normal/arm64/ComplexModule.swiftmodule -serialize-diagnostics -dependency-scan-serialize-diagnostics-path /Users/admin/builder/spi-builder-workspace/.derivedData/Build/Intermediates.noindex/swift-numerics.build/Debug-watchos/ComplexModule-t.build/Objects-normal/arm64/ComplexModule-dependency-scan.dia -validate-clang-modules-once -clang-build-session-file /Users/admin/builder/spi-builder-workspace/.derivedData/ModuleCache.noindex/Session.modulevalidation -Xcc -fmodules-prune-interval\=86400 -Xcc -fmodules-prune-after\=345600 -package-name swift_numerics -emit-const-values -const-gather-protocols-list /Users/admin/builder/spi-builder-workspace/.derivedData/Build/Intermediates.noindex/swift-numerics.build/Debug-watchos/ComplexModule-t.build/Objects-normal/arm64/ComplexModule_const_extract_protocols.json -Xcc -I/Users/admin/builder/spi-builder-workspace/.dependencies/checkouts/swift-numerics/Sources/_NumericsShims/include -Xcc -I/Users/admin/builder/spi-builder-workspace/.derivedData/Build/Products/Debug-watchos/include -Xcc -I/Users/admin/builder/spi-builder-workspace/.derivedData/Build/Intermediates.noindex/swift-numerics.build/Debug-watchos/ComplexModule-t.build/DerivedSources-normal/arm64 -Xcc -I/Users/admin/builder/spi-builder-workspace/.derivedData/Build/Intermediates.noindex/swift-numerics.build/Debug-watchos/ComplexModule-t.build/DerivedSources/arm64 -Xcc -I/Users/admin/builder/spi-builder-workspace/.derivedData/Build/Intermediates.noindex/swift-numerics.build/Debug-watchos/ComplexModule-t.build/DerivedSources -Xcc -DSWIFT_PACKAGE -Xcc -DDEBUG\=1 -emit-objc-header -emit-objc-header-path /Users/admin/builder/spi-builder-workspace/.derivedData/Build/Intermediates.noindex/swift-numerics.build/Debug-watchos/ComplexModule-t.build/Objects-normal/arm64/ComplexModule-Swift.h -working-directory /Users/admin/builder/spi-builder-workspace/.swiftpm/xcode -experimental-emit-module-separately -disable-cmo
SwiftDriver ComplexModule normal arm64_32 com.apple.xcode.tools.swift.compiler (in target 'ComplexModule' from project 'swift-numerics')
    cd /Users/admin/builder/spi-builder-workspace/.swiftpm/xcode
    builtin-SwiftDriver -- /Applications/Xcode-27.0.0.app/Contents/Developer/Toolchains/XcodeDefault.xctoolchain/usr/bin/swiftc -parse-as-library -module-name ComplexModule -Onone @/Users/admin/builder/spi-builder-workspace/.derivedData/Build/Intermediates.noindex/swift-numerics.build/Debug-watchos/ComplexModule-t.build/Objects-normal/arm64_32/ComplexModule.SwiftFileList -DSWIFT_PACKAGE -DDEBUG -DSWIFT_MODULE_RESOURCE_BUNDLE_UNAVAILABLE -Xcc -fmodule-map-file\=/Users/admin/builder/spi-builder-workspace/.dependencies/checkouts/swift-numerics/Sources/_NumericsShims/include/module.modulemap -DXcode -plugin-path /Applications/Xcode-27.0.0.app/Contents/Developer/Toolchains/XcodeDefault.xctoolchain/usr/lib/swift/host/plugins/testing -enable-experimental-feature DebugDescriptionMacro -sdk /Applications/Xcode-27.0.0.app/Contents/Developer/Platforms/WatchOS.platform/Developer/SDKs/WatchOS27.0.sdk -target arm64_32-apple-watchos9.0 -g -module-cache-path /Users/admin/builder/spi-builder-workspace/.derivedData/ModuleCache.noindex -Xfrontend -serialize-debugging-options -profile-coverage-mapping -profile-generate -enable-testing -suppress-warnings -index-store-path /Users/admin/builder/spi-builder-workspace/.derivedData/Index.noindex/DataStore -Xcc -D_LIBCPP_HARDENING_MODE\=_LIBCPP_HARDENING_MODE_DEBUG -swift-version 5 -I /Users/admin/builder/spi-builder-workspace/.derivedData/Build/Products/Debug-watchos -Isystem /Applications/Xcode-27.0.0.app/Contents/Developer/Platforms/WatchOS.platform/Developer/usr/lib -F /Users/admin/builder/spi-builder-workspace/.derivedData/Build/Products/Debug-watchos/PackageFrameworks -F /Users/admin/builder/spi-builder-workspace/.derivedData/Build/Products/Debug-watchos -F /Applications/Xcode-27.0.0.app/Contents/Developer/Platforms/WatchOS.platform/Developer/Library/Frameworks -F /Applications/Xcode-27.0.0.app/Contents/Developer/Platforms/WatchOS.platform/Developer/SDKs/WatchOS27.0.sdk/Developer/Library/Frameworks -c -j10 -enable-batch-mode -incremental -Xcc -ivfsstatcache -Xcc /Users/admin/builder/spi-builder-workspace/.derivedData/SDKStatCaches.noindex/watchos27.0-24R360-e829b21a6f8c9b70876ba0858053c044b9db9bc9c079ee3c7b5f3373b13d10bc.sdkstatcache -output-file-map /Users/admin/builder/spi-builder-workspace/.derivedData/Build/Intermediates.noindex/swift-numerics.build/Debug-watchos/ComplexModule-t.build/Objects-normal/arm64_32/ComplexModule-OutputFileMap.json -save-temps -no-color-diagnostics -explicit-module-build -module-cache-path /Users/admin/builder/spi-builder-workspace/.derivedData/Build/Intermediates.noindex/SwiftExplicitPrecompiledModules -clang-scanner-module-cache-path /Users/admin/builder/spi-builder-workspace/.derivedData/ModuleCache.noindex -sdk-module-cache-path /Users/admin/builder/spi-builder-workspace/.derivedData/SDKExplicitPrecompiledModules -emit-dependencies -emit-module -emit-module-path /Users/admin/builder/spi-builder-workspace/.derivedData/Build/Intermediates.noindex/swift-numerics.build/Debug-watchos/ComplexModule-t.build/Objects-normal/arm64_32/ComplexModule.swiftmodule -serialize-diagnostics -dependency-scan-serialize-diagnostics-path /Users/admin/builder/spi-builder-workspace/.derivedData/Build/Intermediates.noindex/swift-numerics.build/Debug-watchos/ComplexModule-t.build/Objects-normal/arm64_32/ComplexModule-dependency-scan.dia -validate-clang-modules-once -clang-build-session-file /Users/admin/builder/spi-builder-workspace/.derivedData/ModuleCache.noindex/Session.modulevalidation -Xcc -fmodules-prune-interval\=86400 -Xcc -fmodules-prune-after\=345600 -package-name swift_numerics -emit-const-values -const-gather-protocols-list /Users/admin/builder/spi-builder-workspace/.derivedData/Build/Intermediates.noindex/swift-numerics.build/Debug-watchos/ComplexModule-t.build/Objects-normal/arm64_32/ComplexModule_const_extract_protocols.json -Xcc -I/Users/admin/builder/spi-builder-workspace/.dependencies/checkouts/swift-numerics/Sources/_NumericsShims/include -Xcc -I/Users/admin/builder/spi-builder-workspace/.derivedData/Build/Products/Debug-watchos/include -Xcc -I/Users/admin/builder/spi-builder-workspace/.derivedData/Build/Intermediates.noindex/swift-numerics.build/Debug-watchos/ComplexModule-t.build/DerivedSources-normal/arm64_32 -Xcc -I/Users/admin/builder/spi-builder-workspace/.derivedData/Build/Intermediates.noindex/swift-numerics.build/Debug-watchos/ComplexModule-t.build/DerivedSources/arm64_32 -Xcc -I/Users/admin/builder/spi-builder-workspace/.derivedData/Build/Intermediates.noindex/swift-numerics.build/Debug-watchos/ComplexModule-t.build/DerivedSources -Xcc -DSWIFT_PACKAGE -Xcc -DDEBUG\=1 -emit-objc-header -emit-objc-header-path /Users/admin/builder/spi-builder-workspace/.derivedData/Build/Intermediates.noindex/swift-numerics.build/Debug-watchos/ComplexModule-t.build/Objects-normal/arm64_32/ComplexModule-Swift.h -working-directory /Users/admin/builder/spi-builder-workspace/.swiftpm/xcode -experimental-emit-module-separately -disable-cmo
SwiftEmitModule normal arm64_32 Emitting\ module\ for\ ObjCDump (in target 'ObjCDump' from project 'ObjCDump')
SwiftCompile normal arm64_32 (in target 'ObjCDump' from project 'ObjCDump')
    cd /Users/admin/builder/spi-builder-workspace/.swiftpm/xcode

SwiftDriverJobDiscovery normal arm64 Emitting module for SyntaxEditorLanguagePlainText (in target 'SyntaxEditorLanguagePlainText' from project 'SyntaxEditorUI')
SwiftDriver\ Compilation\ Requirements SyntaxEditorLanguagePlainText normal arm64 com.apple.xcode.tools.swift.compiler (in target 'SyntaxEditorLanguagePlainText' from project 'SyntaxEditorUI')
    cd /Users/admin/builder/spi-builder-workspace/.swiftpm/xcode
    builtin-Swift-Compilation-Requirements -- /Applications/Xcode-27.0.0.app/Contents/Developer/Toolchains/XcodeDefault.xctoolchain/usr/bin/swiftc -parse-as-library -module-name SyntaxEditorLanguagePlainText -Onone @/Users/admin/builder/spi-builder-workspace/.derivedData/Build/Intermediates.noindex/SyntaxEditorUI.build/Debug-watchos/SyntaxEditorLanguagePlainText-t.build/Objects-normal/arm64/SyntaxEditorLanguagePlainText.SwiftFileList -DSWIFT_PACKAGE -DDEBUG -DSWIFT_MODULE_RESOURCE_BUNDLE_UNAVAILABLE -Xcc -fmodule-map-file\=/Users/admin/builder/spi-builder-workspace/.derivedData/Build/Intermediates.noindex/GeneratedModuleMaps-watchos/TreeSitter.modulemap -DXcode -default-isolation nonisolated -strict-memory-safety -plugin-path /Applications/Xcode-27.0.0.app/Contents/Developer/Toolchains/XcodeDefault.xctoolchain/usr/lib/swift/host/plugins/testing -enable-experimental-feature DebugDescriptionMacro -sdk /Applications/Xcode-27.0.0.app/Contents/Developer/Platforms/WatchOS.platform/Developer/SDKs/WatchOS27.0.sdk -target arm64-apple-watchos11.4 -g -module-cache-path /Users/admin/builder/spi-builder-workspace/.derivedData/ModuleCache.noindex -Xfrontend -serialize-debugging-options -profile-coverage-mapping -profile-generate -enable-testing -index-store-path /Users/admin/builder/spi-builder-workspace/.derivedData/Index.noindex/DataStore -Xcc -D_LIBCPP_HARDENING_MODE\=_LIBCPP_HARDENING_MODE_DEBUG -swift-version 6 -I /Users/admin/builder/spi-builder-workspace/.derivedData/Build/Products/Debug-watchos -Isystem /Applications/Xcode-27.0.0.app/Contents/Developer/Platforms/WatchOS.platform/Developer/usr/lib -F /Users/admin/builder/spi-builder-workspace/.derivedData/Build/Products/Debug-watchos/PackageFrameworks -F /Users/admin/builder/spi-builder-workspace/.derivedData/Build/Products/Debug-watchos -F /Applications/Xcode-27.0.0.app/Contents/Developer/Platforms/WatchOS.platform/Developer/Library/Frameworks -F /Applications/Xcode-27.0.0.app/Contents/Developer/Platforms/WatchOS.platform/Developer/SDKs/WatchOS27.0.sdk/Developer/Library/Frameworks -c -j10 -enable-batch-mode -incremental -Xcc -ivfsstatcache -Xcc /Users/admin/builder/spi-builder-workspace/.derivedData/SDKStatCaches.noindex/watchos27.0-24R360-e829b21a6f8c9b70876ba0858053c044b9db9bc9c079ee3c7b5f3373b13d10bc.sdkstatcache -output-file-map /Users/admin/builder/spi-builder-workspace/.derivedData/Build/Intermediates.noindex/SyntaxEditorUI.build/Debug-watchos/SyntaxEditorLanguagePlainText-t.build/Objects-normal/arm64/SyntaxEditorLanguagePlainText-OutputFileMap.json -save-temps -no-color-diagnostics -explicit-module-build -module-cache-path /Users/admin/builder/spi-builder-workspace/.derivedData/Build/Intermediates.noindex/SwiftExplicitPrecompiledModules -clang-scanner-module-cache-path /Users/admin/builder/spi-builder-workspace/.derivedData/ModuleCache.noindex -sdk-module-cache-path /Users/admin/builder/spi-builder-workspace/.derivedData/SDKExplicitPrecompiledModules -emit-dependencies -emit-module -emit-module-path /Users/admin/builder/spi-builder-workspace/.derivedData/Build/Intermediates.noindex/SyntaxEditorUI.build/Debug-watchos/SyntaxEditorLanguagePlainText-t.build/Objects-normal/arm64/SyntaxEditorLanguagePlainText.swiftmodule -serialize-diagnostics -dependency-scan-serialize-diagnostics-path /Users/admin/builder/spi-builder-workspace/.derivedData/Build/Intermediates.noindex/SyntaxEditorUI.build/Debug-watchos/SyntaxEditorLanguagePlainText-t.build/Objects-normal/arm64/SyntaxEditorLanguagePlainText-dependency-scan.dia -validate-clang-modules-once -clang-build-session-file /Users/admin/builder/spi-builder-workspace/.derivedData/ModuleCache.noindex/Session.modulevalidation -Xcc -fmodules-prune-interval\=86400 -Xcc -fmodules-prune-after\=345600 -package-name spi_builder_workspace -emit-const-values -const-gather-protocols-list /Users/admin/builder/spi-builder-workspace/.derivedData/Build/Intermediates.noindex/SyntaxEditorUI.build/Debug-watchos/SyntaxEditorLanguagePlainText-t.build/Objects-normal/arm64/SyntaxEditorLanguagePlainText_const_extract_protocols.json -Xcc -I/Users/admin/builder/spi-builder-workspace/.dependencies/checkouts/tree-sitter/lib/include -Xcc -I/Users/admin/builder/spi-builder-workspace/.derivedData/Build/Products/Debug-watchos/include -Xcc -I/Users/admin/builder/spi-builder-workspace/.derivedData/Build/Intermediates.noindex/SyntaxEditorUI.build/Debug-watchos/SyntaxEditorLanguagePlainText-t.build/DerivedSources-normal/arm64 -Xcc -I/Users/admin/builder/spi-builder-workspace/.derivedData/Build/Intermediates.noindex/SyntaxEditorUI.build/Debug-watchos/SyntaxEditorLanguagePlainText-t.build/DerivedSources/arm64 -Xcc -I/Users/admin/builder/spi-builder-workspace/.derivedData/Build/Intermediates.noindex/SyntaxEditorUI.build/Debug-watchos/SyntaxEditorLanguagePlainText-t.build/DerivedSources -Xcc -DSWIFT_PACKAGE -Xcc -DDEBUG\=1 -emit-objc-header -emit-objc-header-path /Users/admin/builder/spi-builder-workspace/.derivedData/Build/Intermediates.noindex/SyntaxEditorUI.build/Debug-watchos/SyntaxEditorLanguagePlainText-t.build/Objects-normal/arm64/SyntaxEditorLanguagePlainText-Swift.h -working-directory /Users/admin/builder/spi-builder-workspace/.swiftpm/xcode -experimental-emit-module-separately -disable-cmo
SwiftDriverJobDiscovery normal arm64_32 Emitting module for SyntaxEditorLanguagePlainText (in target 'SyntaxEditorLanguagePlainText' from project 'SyntaxEditorUI')
SwiftDriver\ Compilation\ Requirements SyntaxEditorLanguagePlainText normal arm64_32 com.apple.xcode.tools.swift.compiler (in target 'SyntaxEditorLanguagePlainText' from project 'SyntaxEditorUI')
    cd /Users/admin/builder/spi-builder-workspace/.swiftpm/xcode
    builtin-Swift-Compilation-Requirements -- /Applications/Xcode-27.0.0.app/Contents/Developer/Toolchains/XcodeDefault.xctoolchain/usr/bin/swiftc -parse-as-library -module-name SyntaxEditorLanguagePlainText -Onone @/Users/admin/builder/spi-builder-workspace/.derivedData/Build/Intermediates.noindex/SyntaxEditorUI.build/Debug-watchos/SyntaxEditorLanguagePlainText-t.build/Objects-normal/arm64_32/SyntaxEditorLanguagePlainText.SwiftFileList -DSWIFT_PACKAGE -DDEBUG -DSWIFT_MODULE_RESOURCE_BUNDLE_UNAVAILABLE -Xcc -fmodule-map-file\=/Users/admin/builder/spi-builder-workspace/.derivedData/Build/Intermediates.noindex/GeneratedModuleMaps-watchos/TreeSitter.modulemap -DXcode -default-isolation nonisolated -strict-memory-safety -plugin-path /Applications/Xcode-27.0.0.app/Contents/Developer/Toolchains/XcodeDefault.xctoolchain/usr/lib/swift/host/plugins/testing -enable-experimental-feature DebugDescriptionMacro -sdk /Applications/Xcode-27.0.0.app/Contents/Developer/Platforms/WatchOS.platform/Developer/SDKs/WatchOS27.0.sdk -target arm64_32-apple-watchos11.4 -g -module-cache-path /Users/admin/builder/spi-builder-workspace/.derivedData/ModuleCache.noindex -Xfrontend -serialize-debugging-options -profile-coverage-mapping -profile-generate -enable-testing -index-store-path /Users/admin/builder/spi-builder-workspace/.derivedData/Index.noindex/DataStore -Xcc -D_LIBCPP_HARDENING_MODE\=_LIBCPP_HARDENING_MODE_DEBUG -swift-version 6 -I /Users/admin/builder/spi-builder-workspace/.derivedData/Build/Products/Debug-watchos -Isystem /Applications/Xcode-27.0.0.app/Contents/Developer/Platforms/WatchOS.platform/Developer/usr/lib -F /Users/admin/builder/spi-builder-workspace/.derivedData/Build/Products/Debug-watchos/PackageFrameworks -F /Users/admin/builder/spi-builder-workspace/.derivedData/Build/Products/Debug-watchos -F /Applications/Xcode-27.0.0.app/Contents/Developer/Platforms/WatchOS.platform/Developer/Library/Frameworks -F /Applications/Xcode-27.0.0.app/Contents/Developer/Platforms/WatchOS.platform/Developer/SDKs/WatchOS27.0.sdk/Developer/Library/Frameworks -c -j10 -enable-batch-mode -incremental -Xcc -ivfsstatcache -Xcc /Users/admin/builder/spi-builder-workspace/.derivedData/SDKStatCaches.noindex/watchos27.0-24R360-e829b21a6f8c9b70876ba0858053c044b9db9bc9c079ee3c7b5f3373b13d10bc.sdkstatcache -output-file-map /Users/admin/builder/spi-builder-workspace/.derivedData/Build/Intermediates.noindex/SyntaxEditorUI.build/Debug-watchos/SyntaxEditorLanguagePlainText-t.build/Objects-normal/arm64_32/SyntaxEditorLanguagePlainText-OutputFileMap.json -save-temps -no-color-diagnostics -explicit-module-build -module-cache-path /Users/admin/builder/spi-builder-workspace/.derivedData/Build/Intermediates.noindex/SwiftExplicitPrecompiledModules -clang-scanner-module-cache-path /Users/admin/builder/spi-builder-workspace/.derivedData/ModuleCache.noindex -sdk-module-cache-path /Users/admin/builder/spi-builder-workspace/.derivedData/SDKExplicitPrecompiledModules -emit-dependencies -emit-module -emit-module-path /Users/admin/builder/spi-builder-workspace/.derivedData/Build/Intermediates.noindex/SyntaxEditorUI.build/Debug-watchos/SyntaxEditorLanguagePlainText-t.build/Objects-normal/arm64_32/SyntaxEditorLanguagePlainText.swiftmodule -serialize-diagnostics -dependency-scan-serialize-diagnostics-path /Users/admin/builder/spi-builder-workspace/.derivedData/Build/Intermediates.noindex/SyntaxEditorUI.build/Debug-watchos/SyntaxEditorLanguagePlainText-t.build/Objects-normal/arm64_32/SyntaxEditorLanguagePlainText-dependency-scan.dia -validate-clang-modules-once -clang-build-session-file /Users/admin/builder/spi-builder-workspace/.derivedData/ModuleCache.noindex/Session.modulevalidation -Xcc -fmodules-prune-interval\=86400 -Xcc -fmodules-prune-after\=345600 -package-name spi_builder_workspace -emit-const-values -const-gather-protocols-list /Users/admin/builder/spi-builder-workspace/.derivedData/Build/Intermediates.noindex/SyntaxEditorUI.build/Debug-watchos/SyntaxEditorLanguagePlainText-t.build/Objects-normal/arm64_32/SyntaxEditorLanguagePlainText_const_extract_protocols.json -Xcc -I/Users/admin/builder/spi-builder-workspace/.dependencies/checkouts/tree-sitter/lib/include -Xcc -I/Users/admin/builder/spi-builder-workspace/.derivedData/Build/Products/Debug-watchos/include -Xcc -I/Users/admin/builder/spi-builder-workspace/.derivedData/Build/Intermediates.noindex/SyntaxEditorUI.build/Debug-watchos/SyntaxEditorLanguagePlainText-t.build/DerivedSources-normal/arm64_32 -Xcc -I/Users/admin/builder/spi-builder-workspace/.derivedData/Build/Intermediates.noindex/SyntaxEditorUI.build/Debug-watchos/SyntaxEditorLanguagePlainText-t.build/DerivedSources/arm64_32 -Xcc -I/Users/admin/builder/spi-builder-workspace/.derivedData/Build/Intermediates.noindex/SyntaxEditorUI.build/Debug-watchos/SyntaxEditorLanguagePlainText-t.build/DerivedSources -Xcc -DSWIFT_PACKAGE -Xcc -DDEBUG\=1 -emit-objc-header -emit-objc-header-path /Users/admin/builder/spi-builder-workspace/.derivedData/Build/Intermediates.noindex/SyntaxEditorUI.build/Debug-watchos/SyntaxEditorLanguagePlainText-t.build/Objects-normal/arm64_32/SyntaxEditorLanguagePlainText-Swift.h -working-directory /Users/admin/builder/spi-builder-workspace/.swiftpm/xcode -experimental-emit-module-separately -disable-cmo
Copy /Users/admin/builder/spi-builder-workspace/.derivedData/Build/Products/Debug-watchos/SyntaxEditorLanguagePlainText.swiftmodule/arm64-apple-watchos.swiftmodule /Users/admin/builder/spi-builder-workspace/.derivedData/Build/Intermediates.noindex/SyntaxEditorUI.build/Debug-watchos/SyntaxEditorLanguagePlainText-t.build/Objects-normal/arm64/SyntaxEditorLanguagePlainText.swiftmodule (in target 'SyntaxEditorLanguagePlainText' from project 'SyntaxEditorUI')
    cd /Users/admin/builder/spi-builder-workspace
    builtin-copy -exclude .DS_Store -exclude CVS -exclude .svn -exclude .git -exclude .hg -resolve-src-symlinks -rename /Users/admin/builder/spi-builder-workspace/.derivedData/Build/Intermediates.noindex/SyntaxEditorUI.build/Debug-watchos/SyntaxEditorLanguagePlainText-t.build/Objects-normal/arm64/SyntaxEditorLanguagePlainText.swiftmodule /Users/admin/builder/spi-builder-workspace/.derivedData/Build/Products/Debug-watchos/SyntaxEditorLanguagePlainText.swiftmodule/arm64-apple-watchos.swiftmodule
SwiftMergeGeneratedHeaders /Users/admin/builder/spi-builder-workspace/.derivedData/Build/Intermediates.noindex/GeneratedModuleMaps-watchos/SyntaxEditorLanguagePlainText-Swift.h /Users/admin/builder/spi-builder-workspace/.derivedData/Build/Intermediates.noindex/SyntaxEditorUI.build/Debug-watchos/SyntaxEditorLanguagePlainText-t.build/Objects-normal/arm64/SyntaxEditorLanguagePlainText-Swift.h /Users/admin/builder/spi-builder-workspace/.derivedData/Build/Intermediates.noindex/SyntaxEditorUI.build/Debug-watchos/SyntaxEditorLanguagePlainText-t.build/Objects-normal/arm64_32/SyntaxEditorLanguagePlainText-Swift.h (in target 'SyntaxEditorLanguagePlainText' from project 'SyntaxEditorUI')
    cd /Users/admin/builder/spi-builder-workspace
    builtin-swiftHeaderTool -arch arm64 /Users/admin/builder/spi-builder-workspace/.derivedData/Build/Intermediates.noindex/SyntaxEditorUI.build/Debug-watchos/SyntaxEditorLanguagePlainText-t.build/Objects-normal/arm64/SyntaxEditorLanguagePlainText-Swift.h -arch arm64_32 /Users/admin/builder/spi-builder-workspace/.derivedData/Build/Intermediates.noindex/SyntaxEditorUI.build/Debug-watchos/SyntaxEditorLanguagePlainText-t.build/Objects-normal/arm64_32/SyntaxEditorLanguagePlainText-Swift.h -o /Users/admin/builder/spi-builder-workspace/.derivedData/Build/Intermediates.noindex/GeneratedModuleMaps-watchos/SyntaxEditorLanguagePlainText-Swift.h
Copy /Users/admin/builder/spi-builder-workspace/.derivedData/Build/Products/Debug-watchos/SyntaxEditorLanguagePlainText.swiftmodule/arm64_32-apple-watchos.swiftmodule /Users/admin/builder/spi-builder-workspace/.derivedData/Build/Intermediates.noindex/SyntaxEditorUI.build/Debug-watchos/SyntaxEditorLanguagePlainText-t.build/Objects-normal/arm64_32/SyntaxEditorLanguagePlainText.swiftmodule (in target 'SyntaxEditorLanguagePlainText' from project 'SyntaxEditorUI')
    cd /Users/admin/builder/spi-builder-workspace
    builtin-copy -exclude .DS_Store -exclude CVS -exclude .svn -exclude .git -exclude .hg -resolve-src-symlinks -rename /Users/admin/builder/spi-builder-workspace/.derivedData/Build/Intermediates.noindex/SyntaxEditorUI.build/Debug-watchos/SyntaxEditorLanguagePlainText-t.build/Objects-normal/arm64_32/SyntaxEditorLanguagePlainText.swiftmodule /Users/admin/builder/spi-builder-workspace/.derivedData/Build/Products/Debug-watchos/SyntaxEditorLanguagePlainText.swiftmodule/arm64_32-apple-watchos.swiftmodule
Copy /Users/admin/builder/spi-builder-workspace/.derivedData/Build/Products/Debug-watchos/SyntaxEditorLanguagePlainText.swiftmodule/arm64_32-apple-watchos.swiftdoc /Users/admin/builder/spi-builder-workspace/.derivedData/Build/Intermediates.noindex/SyntaxEditorUI.build/Debug-watchos/SyntaxEditorLanguagePlainText-t.build/Objects-normal/arm64_32/SyntaxEditorLanguagePlainText.swiftdoc (in target 'SyntaxEditorLanguagePlainText' from project 'SyntaxEditorUI')
    cd /Users/admin/builder/spi-builder-workspace
    builtin-copy -exclude .DS_Store -exclude CVS -exclude .svn -exclude .git -exclude .hg -resolve-src-symlinks -rename /Users/admin/builder/spi-builder-workspace/.derivedData/Build/Intermediates.noindex/SyntaxEditorUI.build/Debug-watchos/SyntaxEditorLanguagePlainText-t.build/Objects-normal/arm64_32/SyntaxEditorLanguagePlainText.swiftdoc /Users/admin/builder/spi-builder-workspace/.derivedData/Build/Products/Debug-watchos/SyntaxEditorLanguagePlainText.swiftmodule/arm64_32-apple-watchos.swiftdoc
Copy /Users/admin/builder/spi-builder-workspace/.derivedData/Build/Products/Debug-watchos/SyntaxEditorLanguagePlainText.swiftmodule/arm64_32-apple-watchos.abi.json /Users/admin/builder/spi-builder-workspace/.derivedData/Build/Intermediates.noindex/SyntaxEditorUI.build/Debug-watchos/SyntaxEditorLanguagePlainText-t.build/Objects-normal/arm64_32/SyntaxEditorLanguagePlainText.abi.json (in target 'SyntaxEditorLanguagePlainText' from project 'SyntaxEditorUI')
    cd /Users/admin/builder/spi-builder-workspace
    builtin-copy -exclude .DS_Store -exclude CVS -exclude .svn -exclude .git -exclude .hg -resolve-src-symlinks -rename /Users/admin/builder/spi-builder-workspace/.derivedData/Build/Intermediates.noindex/SyntaxEditorUI.build/Debug-watchos/SyntaxEditorLanguagePlainText-t.build/Objects-normal/arm64_32/SyntaxEditorLanguagePlainText.abi.json /Users/admin/builder/spi-builder-workspace/.derivedData/Build/Products/Debug-watchos/SyntaxEditorLanguagePlainText.swiftmodule/arm64_32-apple-watchos.abi.json
Copy /Users/admin/builder/spi-builder-workspace/.derivedData/Build/Products/Debug-watchos/SyntaxEditorLanguagePlainText.swiftmodule/arm64-apple-watchos.swiftdoc /Users/admin/builder/spi-builder-workspace/.derivedData/Build/Intermediates.noindex/SyntaxEditorUI.build/Debug-watchos/SyntaxEditorLanguagePlainText-t.build/Objects-normal/arm64/SyntaxEditorLanguagePlainText.swiftdoc (in target 'SyntaxEditorLanguagePlainText' from project 'SyntaxEditorUI')
    cd /Users/admin/builder/spi-builder-workspace
    builtin-copy -exclude .DS_Store -exclude CVS -exclude .svn -exclude .git -exclude .hg -resolve-src-symlinks -rename /Users/admin/builder/spi-builder-workspace/.derivedData/Build/Intermediates.noindex/SyntaxEditorUI.build/Debug-watchos/SyntaxEditorLanguagePlainText-t.build/Objects-normal/arm64/SyntaxEditorLanguagePlainText.swiftdoc /Users/admin/builder/spi-builder-workspace/.derivedData/Build/Products/Debug-watchos/SyntaxEditorLanguagePlainText.swiftmodule/arm64-apple-watchos.swiftdoc
Copy /Users/admin/builder/spi-builder-workspace/.derivedData/Build/Products/Debug-watchos/SyntaxEditorLanguagePlainText.swiftmodule/arm64-apple-watchos.abi.json /Users/admin/builder/spi-builder-workspace/.derivedData/Build/Intermediates.noindex/SyntaxEditorUI.build/Debug-watchos/SyntaxEditorLanguagePlainText-t.build/Objects-normal/arm64/SyntaxEditorLanguagePlainText.abi.json (in target 'SyntaxEditorLanguagePlainText' from project 'SyntaxEditorUI')
    cd /Users/admin/builder/spi-builder-workspace
    builtin-copy -exclude .DS_Store -exclude CVS -exclude .svn -exclude .git -exclude .hg -resolve-src-symlinks -rename /Users/admin/builder/spi-builder-workspace/.derivedData/Build/Intermediates.noindex/SyntaxEditorUI.build/Debug-watchos/SyntaxEditorLanguagePlainText-t.build/Objects-normal/arm64/SyntaxEditorLanguagePlainText.abi.json /Users/admin/builder/spi-builder-workspace/.derivedData/Build/Products/Debug-watchos/SyntaxEditorLanguagePlainText.swiftmodule/arm64-apple-watchos.abi.json
Copy /Users/admin/builder/spi-builder-workspace/.derivedData/Build/Products/Debug-watchos/SyntaxEditorLanguagePlainText.swiftmodule/Project/arm64_32-apple-watchos.swiftsourceinfo /Users/admin/builder/spi-builder-workspace/.derivedData/Build/Intermediates.noindex/SyntaxEditorUI.build/Debug-watchos/SyntaxEditorLanguagePlainText-t.build/Objects-normal/arm64_32/SyntaxEditorLanguagePlainText.swiftsourceinfo (in target 'SyntaxEditorLanguagePlainText' from project 'SyntaxEditorUI')
    cd /Users/admin/builder/spi-builder-workspace
    builtin-copy -exclude .DS_Store -exclude CVS -exclude .svn -exclude .git -exclude .hg -resolve-src-symlinks -rename /Users/admin/builder/spi-builder-workspace/.derivedData/Build/Intermediates.noindex/SyntaxEditorUI.build/Debug-watchos/SyntaxEditorLanguagePlainText-t.build/Objects-normal/arm64_32/SyntaxEditorLanguagePlainText.swiftsourceinfo /Users/admin/builder/spi-builder-workspace/.derivedData/Build/Products/Debug-watchos/SyntaxEditorLanguagePlainText.swiftmodule/Project/arm64_32-apple-watchos.swiftsourceinfo
Copy /Users/admin/builder/spi-builder-workspace/.derivedData/Build/Products/Debug-watchos/SyntaxEditorLanguagePlainText.swiftmodule/Project/arm64-apple-watchos.swiftsourceinfo /Users/admin/builder/spi-builder-workspace/.derivedData/Build/Intermediates.noindex/SyntaxEditorUI.build/Debug-watchos/SyntaxEditorLanguagePlainText-t.build/Objects-normal/arm64/SyntaxEditorLanguagePlainText.swiftsourceinfo (in target 'SyntaxEditorLanguagePlainText' from project 'SyntaxEditorUI')
    cd /Users/admin/builder/spi-builder-workspace
    builtin-copy -exclude .DS_Store -exclude CVS -exclude .svn -exclude .git -exclude .hg -resolve-src-symlinks -rename /Users/admin/builder/spi-builder-workspace/.derivedData/Build/Intermediates.noindex/SyntaxEditorUI.build/Debug-watchos/SyntaxEditorLanguagePlainText-t.build/Objects-normal/arm64/SyntaxEditorLanguagePlainText.swiftsourceinfo /Users/admin/builder/spi-builder-workspace/.derivedData/Build/Products/Debug-watchos/SyntaxEditorLanguagePlainText.swiftmodule/Project/arm64-apple-watchos.swiftsourceinfo
SwiftExplicitDependencyGeneratePcm arm64_32 /Users/admin/builder/spi-builder-workspace/.derivedData/Build/Intermediates.noindex/SwiftExplicitPrecompiledModules/TreeSitterSwift-EAQGNH8EUH0KO07V7T9LJZGC9.pcm
SwiftExplicitDependencyGeneratePcm arm64 /Users/admin/builder/spi-builder-workspace/.derivedData/Build/Intermediates.noindex/SwiftExplicitPrecompiledModules/TreeSitterSwift-5IF918ECOKZ363FXCP0TAOZ5N.pcm
SwiftEmitModule normal arm64_32 Emitting\ module\ for\ SyntaxEditorLanguageSwift (in target 'SyntaxEditorLanguageSwift' from project 'SyntaxEditorUI')
SwiftCompile normal arm64_32 (in target 'SyntaxEditorLanguageSwift' from project 'SyntaxEditorUI')
    cd /Users/admin/builder/spi-builder-workspace/.swiftpm/xcode

SwiftCompile normal arm64_32 Compiling\ resource_bundle_accessor.swift /Users/admin/builder/spi-builder-workspace/.derivedData/Build/Intermediates.noindex/SyntaxEditorUI.build/Debug-watchos/SyntaxEditorLanguageSwift-t.build/DerivedSources/resource_bundle_accessor.swift (in target 'SyntaxEditorLanguageSwift' from project 'SyntaxEditorUI')
SwiftCompile normal arm64_32 /Users/admin/builder/spi-builder-workspace/.derivedData/Build/Intermediates.noindex/SyntaxEditorUI.build/Debug-watchos/SyntaxEditorLanguageSwift-t.build/DerivedSources/resource_bundle_accessor.swift (in target 'SyntaxEditorLanguageSwift' from project 'SyntaxEditorUI')
    cd /Users/admin/builder/spi-builder-workspace/.swiftpm/xcode
    builtin-SwiftPerFileCompile resource_bundle_accessor.swift
SwiftEmitModule normal arm64 Emitting\ module\ for\ SyntaxEditorLanguageSwift (in target 'SyntaxEditorLanguageSwift' from project 'SyntaxEditorUI')
SwiftCompile normal arm64 (in target 'SyntaxEditorLanguageSwift' from project 'SyntaxEditorUI')
    cd /Users/admin/builder/spi-builder-workspace/.swiftpm/xcode

SwiftCompile normal arm64 Compiling\ SwiftSyntaxOverlayTokenProvider.swift /Users/admin/builder/spi-builder-workspace/Sources/SyntaxEditorLanguageSwift/SwiftSyntaxOverlayTokenProvider.swift (in target 'SyntaxEditorLanguageSwift' from project 'SyntaxEditorUI')
SwiftCompile normal arm64 /Users/admin/builder/spi-builder-workspace/Sources/SyntaxEditorLanguageSwift/SwiftSyntaxOverlayTokenProvider.swift (in target 'SyntaxEditorLanguageSwift' from project 'SyntaxEditorUI')
    cd /Users/admin/builder/spi-builder-workspace/.swiftpm/xcode
    builtin-SwiftPerFileCompile SwiftSyntaxOverlayTokenProvider.swift
SwiftEmitModule normal arm64_32 Emitting\ module\ for\ ComplexModule (in target 'ComplexModule' from project 'swift-numerics')
SwiftCompile normal arm64_32 (in target 'ComplexModule' from project 'swift-numerics')
    cd /Users/admin/builder/spi-builder-workspace/.swiftpm/xcode

SwiftEmitModule normal arm64 Emitting\ module\ for\ ComplexModule (in target 'ComplexModule' from project 'swift-numerics')
SwiftCompile normal arm64 (in target 'ComplexModule' from project 'swift-numerics')
    cd /Users/admin/builder/spi-builder-workspace/.swiftpm/xcode

SwiftEmitModule normal arm64 Emitting\ module\ for\ SyntaxEditorTheme (in target 'SyntaxEditorTheme' from project 'SyntaxEditorUI')
SwiftCompile normal arm64 (in target 'SyntaxEditorTheme' from project 'SyntaxEditorUI')
    cd /Users/admin/builder/spi-builder-workspace/.swiftpm/xcode

SwiftEmitModule normal arm64_32 Emitting\ module\ for\ SyntaxEditorTheme (in target 'SyntaxEditorTheme' from project 'SyntaxEditorUI')
SwiftCompile normal arm64_32 (in target 'SyntaxEditorTheme' from project 'SyntaxEditorUI')
    cd /Users/admin/builder/spi-builder-workspace/.swiftpm/xcode

SwiftEmitModule normal arm64_32 Emitting\ module\ for\ FileIOBinary (in target 'FileIOBinary' from project 'swift-fileio-extra')
SwiftCompile normal arm64_32 (in target 'FileIOBinary' from project 'swift-fileio-extra')
    cd /Users/admin/builder/spi-builder-workspace/.swiftpm/xcode

SwiftExplicitDependencyGeneratePcm arm64 /Users/admin/builder/spi-builder-workspace/.derivedData/Build/Intermediates.noindex/SwiftExplicitPrecompiledModules/TreeSitterObjc-4MK1IGC0BZ74GENC2PZO2QMHV.pcm
SwiftEmitModule normal arm64 Emitting\ module\ for\ FileIOBinary (in target 'FileIOBinary' from project 'swift-fileio-extra')
SwiftCompile normal arm64 (in target 'FileIOBinary' from project 'swift-fileio-extra')
    cd /Users/admin/builder/spi-builder-workspace/.swiftpm/xcode

SwiftEmitModule normal arm64 Emitting\ module\ for\ SyntaxEditorLanguageObjectiveC (in target 'SyntaxEditorLanguageObjectiveC' from project 'SyntaxEditorUI')
SwiftCompile normal arm64 (in target 'SyntaxEditorLanguageObjectiveC' from project 'SyntaxEditorUI')
    cd /Users/admin/builder/spi-builder-workspace/.swiftpm/xcode

SwiftDriverJobDiscovery normal arm64_32 Compiling resource_bundle_accessor.swift (in target 'SyntaxEditorLanguageSwift' from project 'SyntaxEditorUI')
SwiftExplicitDependencyGeneratePcm arm64_32 /Users/admin/builder/spi-builder-workspace/.derivedData/Build/Intermediates.noindex/SwiftExplicitPrecompiledModules/TreeSitterObjc-8OPJ40G9TBCEWVGOZ4461QTC3.pcm
SwiftDriverJobDiscovery normal arm64_32 Emitting module for ComplexModule (in target 'ComplexModule' from project 'swift-numerics')
SwiftCompile normal arm64 Compiling\ BuiltInEditorThemes+Generated.swift /Users/admin/builder/spi-builder-workspace/Sources/SyntaxEditorTheme/BuiltInEditorThemes+Generated.swift (in target 'SyntaxEditorTheme' from project 'SyntaxEditorUI')
SwiftCompile normal arm64 /Users/admin/builder/spi-builder-workspace/Sources/SyntaxEditorTheme/BuiltInEditorThemes+Generated.swift (in target 'SyntaxEditorTheme' from project 'SyntaxEditorUI')
    cd /Users/admin/builder/spi-builder-workspace/.swiftpm/xcode
    builtin-SwiftPerFileCompile BuiltInEditorThemes+Generated.swift
SwiftDriverJobDiscovery normal arm64_32 Emitting module for FileIOBinary (in target 'FileIOBinary' from project 'swift-fileio-extra')
SwiftDriver\ Compilation\ Requirements FileIOBinary normal arm64_32 com.apple.xcode.tools.swift.compiler (in target 'FileIOBinary' from project 'swift-fileio-extra')
    cd /Users/admin/builder/spi-builder-workspace/.swiftpm/xcode
    builtin-Swift-Compilation-Requirements -- /Applications/Xcode-27.0.0.app/Contents/Developer/Toolchains/XcodeDefault.xctoolchain/usr/bin/swiftc -parse-as-library -module-name FileIOBinary -Onone @/Users/admin/builder/spi-builder-workspace/.derivedData/Build/Intermediates.noindex/swift-fileio-extra.build/Debug-watchos/FileIOBinary-t.build/Objects-normal/arm64_32/FileIOBinary.SwiftFileList -DSWIFT_PACKAGE -DDEBUG -DSWIFT_MODULE_RESOURCE_BUNDLE_UNAVAILABLE -DXcode -plugin-path /Applications/Xcode-27.0.0.app/Contents/Developer/Toolchains/XcodeDefault.xctoolchain/usr/lib/swift/host/plugins/testing -enable-experimental-feature DebugDescriptionMacro -sdk /Applications/Xcode-27.0.0.app/Contents/Developer/Platforms/WatchOS.platform/Developer/SDKs/WatchOS27.0.sdk -target arm64_32-apple-watchos9.0 -g -module-cache-path /Users/admin/builder/spi-builder-workspace/.derivedData/ModuleCache.noindex -Xfrontend -serialize-debugging-options -profile-coverage-mapping -profile-generate -enable-testing -suppress-warnings -index-store-path /Users/admin/builder/spi-builder-workspace/.derivedData/Index.noindex/DataStore -Xcc -D_LIBCPP_HARDENING_MODE\=_LIBCPP_HARDENING_MODE_DEBUG -swift-version 5 -I /Users/admin/builder/spi-builder-workspace/.derivedData/Build/Products/Debug-watchos -Isystem /Applications/Xcode-27.0.0.app/Contents/Developer/Platforms/WatchOS.platform/Developer/usr/lib -F /Users/admin/builder/spi-builder-workspace/.derivedData/Build/Products/Debug-watchos/PackageFrameworks -F /Users/admin/builder/spi-builder-workspace/.derivedData/Build/Products/Debug-watchos -F /Applications/Xcode-27.0.0.app/Contents/Developer/Platforms/WatchOS.platform/Developer/Library/Frameworks -F /Applications/Xcode-27.0.0.app/Contents/Developer/Platforms/WatchOS.platform/Developer/SDKs/WatchOS27.0.sdk/Developer/Library/Frameworks -c -j10 -enable-batch-mode -incremental -Xcc -ivfsstatcache -Xcc /Users/admin/builder/spi-builder-workspace/.derivedData/SDKStatCaches.noindex/watchos27.0-24R360-e829b21a6f8c9b70876ba0858053c044b9db9bc9c079ee3c7b5f3373b13d10bc.sdkstatcache -output-file-map /Users/admin/builder/spi-builder-workspace/.derivedData/Build/Intermediates.noindex/swift-fileio-extra.build/Debug-watchos/FileIOBinary-t.build/Objects-normal/arm64_32/FileIOBinary-OutputFileMap.json -save-temps -no-color-diagnostics -explicit-module-build -module-cache-path /Users/admin/builder/spi-builder-workspace/.derivedData/Build/Intermediates.noindex/SwiftExplicitPrecompiledModules -clang-scanner-module-cache-path /Users/admin/builder/spi-builder-workspace/.derivedData/ModuleCache.noindex -sdk-module-cache-path /Users/admin/builder/spi-builder-workspace/.derivedData/SDKExplicitPrecompiledModules -emit-dependencies -emit-module -emit-module-path /Users/admin/builder/spi-builder-workspace/.derivedData/Build/Intermediates.noindex/swift-fileio-extra.build/Debug-watchos/FileIOBinary-t.build/Objects-normal/arm64_32/FileIOBinary.swiftmodule -serialize-diagnostics -dependency-scan-serialize-diagnostics-path /Users/admin/builder/spi-builder-workspace/.derivedData/Build/Intermediates.noindex/swift-fileio-extra.build/Debug-watchos/FileIOBinary-t.build/Objects-normal/arm64_32/FileIOBinary-dependency-scan.dia -validate-clang-modules-once -clang-build-session-file /Users/admin/builder/spi-builder-workspace/.derivedData/ModuleCache.noindex/Session.modulevalidation -Xcc -fmodules-prune-interval\=86400 -Xcc -fmodules-prune-after\=345600 -package-name swift_fileio_extra -emit-const-values -const-gather-protocols-list /Users/admin/builder/spi-builder-workspace/.derivedData/Build/Intermediates.noindex/swift-fileio-extra.build/Debug-watchos/FileIOBinary-t.build/Objects-normal/arm64_32/FileIOBinary_const_extract_protocols.json -Xcc -I/Users/admin/builder/spi-builder-workspace/.derivedData/Build/Products/Debug-watchos/include -Xcc -I/Users/admin/builder/spi-builder-workspace/.derivedData/Build/Intermediates.noindex/swift-fileio-extra.build/Debug-watchos/FileIOBinary-t.build/DerivedSources-normal/arm64_32 -Xcc -I/Users/admin/builder/spi-builder-workspace/.derivedData/Build/Intermediates.noindex/swift-fileio-extra.build/Debug-watchos/FileIOBinary-t.build/DerivedSources/arm64_32 -Xcc -I/Users/admin/builder/spi-builder-workspace/.derivedData/Build/Intermediates.noindex/swift-fileio-extra.build/Debug-watchos/FileIOBinary-t.build/DerivedSources -Xcc -DSWIFT_PACKAGE -Xcc -DDEBUG\=1 -emit-objc-header -emit-objc-header-path /Users/admin/builder/spi-builder-workspace/.derivedData/Build/Intermediates.noindex/swift-fileio-extra.build/Debug-watchos/FileIOBinary-t.build/Objects-normal/arm64_32/FileIOBinary-Swift.h -working-directory /Users/admin/builder/spi-builder-workspace/.swiftpm/xcode -experimental-emit-module-separately -disable-cmo
SwiftDriverJobDiscovery normal arm64_32 Emitting module for SyntaxEditorLanguageSwift (in target 'SyntaxEditorLanguageSwift' from project 'SyntaxEditorUI')
SwiftDriver\ Compilation\ Requirements SyntaxEditorLanguageSwift normal arm64_32 com.apple.xcode.tools.swift.compiler (in target 'SyntaxEditorLanguageSwift' from project 'SyntaxEditorUI')
    cd /Users/admin/builder/spi-builder-workspace/.swiftpm/xcode
    builtin-Swift-Compilation-Requirements -- /Applications/Xcode-27.0.0.app/Contents/Developer/Toolchains/XcodeDefault.xctoolchain/usr/bin/swiftc -parse-as-library -module-name SyntaxEditorLanguageSwift -Onone @/Users/admin/builder/spi-builder-workspace/.derivedData/Build/Intermediates.noindex/SyntaxEditorUI.build/Debug-watchos/SyntaxEditorLanguageSwift-t.build/Objects-normal/arm64_32/SyntaxEditorLanguageSwift.SwiftFileList -DSWIFT_PACKAGE -DDEBUG -DSWIFT_MODULE_RESOURCE_BUNDLE_AVAILABLE -Xcc -fmodule-map-file\=/Users/admin/builder/spi-builder-workspace/.derivedData/Build/Intermediates.noindex/GeneratedModuleMaps-watchos/TreeSitter.modulemap -Xcc -fmodule-map-file\=/Users/admin/builder/spi-builder-workspace/.derivedData/Build/Intermediates.noindex/GeneratedModuleMaps-watchos/TreeSitterSwift.modulemap -DXcode -default-isolation nonisolated -strict-memory-safety -plugin-path /Applications/Xcode-27.0.0.app/Contents/Developer/Toolchains/XcodeDefault.xctoolchain/usr/lib/swift/host/plugins/testing -enable-experimental-feature DebugDescriptionMacro -sdk /Applications/Xcode-27.0.0.app/Contents/Developer/Platforms/WatchOS.platform/Developer/SDKs/WatchOS27.0.sdk -target arm64_32-apple-watchos11.4 -g -module-cache-path /Users/admin/builder/spi-builder-workspace/.derivedData/ModuleCache.noindex -Xfrontend -serialize-debugging-options -profile-coverage-mapping -profile-generate -enable-testing -index-store-path /Users/admin/builder/spi-builder-workspace/.derivedData/Index.noindex/DataStore -Xcc -D_LIBCPP_HARDENING_MODE\=_LIBCPP_HARDENING_MODE_DEBUG -swift-version 6 -I /Users/admin/builder/spi-builder-workspace/.derivedData/Build/Products/Debug-watchos -Isystem /Applications/Xcode-27.0.0.app/Contents/Developer/Platforms/WatchOS.platform/Developer/usr/lib -F /Users/admin/builder/spi-builder-workspace/.derivedData/Build/Products/Debug-watchos/PackageFrameworks -F /Users/admin/builder/spi-builder-workspace/.derivedData/Build/Products/Debug-watchos -F /Applications/Xcode-27.0.0.app/Contents/Developer/Platforms/WatchOS.platform/Developer/Library/Frameworks -F /Applications/Xcode-27.0.0.app/Contents/Developer/Platforms/WatchOS.platform/Developer/SDKs/WatchOS27.0.sdk/Developer/Library/Frameworks -c -j10 -enable-batch-mode -incremental -Xcc -ivfsstatcache -Xcc /Users/admin/builder/spi-builder-workspace/.derivedData/SDKStatCaches.noindex/watchos27.0-24R360-e829b21a6f8c9b70876ba0858053c044b9db9bc9c079ee3c7b5f3373b13d10bc.sdkstatcache -output-file-map /Users/admin/builder/spi-builder-workspace/.derivedData/Build/Intermediates.noindex/SyntaxEditorUI.build/Debug-watchos/SyntaxEditorLanguageSwift-t.build/Objects-normal/arm64_32/SyntaxEditorLanguageSwift-OutputFileMap.json -save-temps -no-color-diagnostics -explicit-module-build -module-cache-path /Users/admin/builder/spi-builder-workspace/.derivedData/Build/Intermediates.noindex/SwiftExplicitPrecompiledModules -clang-scanner-module-cache-path /Users/admin/builder/spi-builder-workspace/.derivedData/ModuleCache.noindex -sdk-module-cache-path /Users/admin/builder/spi-builder-workspace/.derivedData/SDKExplicitPrecompiledModules -emit-dependencies -emit-module -emit-module-path /Users/admin/builder/spi-builder-workspace/.derivedData/Build/Intermediates.noindex/SyntaxEditorUI.build/Debug-watchos/SyntaxEditorLanguageSwift-t.build/Objects-normal/arm64_32/SyntaxEditorLanguageSwift.swiftmodule -serialize-diagnostics -dependency-scan-serialize-diagnostics-path /Users/admin/builder/spi-builder-workspace/.derivedData/Build/Intermediates.noindex/SyntaxEditorUI.build/Debug-watchos/SyntaxEditorLanguageSwift-t.build/Objects-normal/arm64_32/SyntaxEditorLanguageSwift-dependency-scan.dia -validate-clang-modules-once -clang-build-session-file /Users/admin/builder/spi-builder-workspace/.derivedData/ModuleCache.noindex/Session.modulevalidation -Xcc -fmodules-prune-interval\=86400 -Xcc -fmodules-prune-after\=345600 -package-name spi_builder_workspace -emit-const-values -const-gather-protocols-list /Users/admin/builder/spi-builder-workspace/.derivedData/Build/Intermediates.noindex/SyntaxEditorUI.build/Debug-watchos/SyntaxEditorLanguageSwift-t.build/Objects-normal/arm64_32/SyntaxEditorLanguageSwift_const_extract_protocols.json -Xcc -I/Users/admin/builder/spi-builder-workspace/.dependencies/checkouts/tree-sitter/lib/include -Xcc -I/Users/admin/builder/spi-builder-workspace/.dependencies/checkouts/tree-sitter-swift/bindings/swift -Xcc -I/Users/admin/builder/spi-builder-workspace/.derivedData/Build/Products/Debug-watchos/include -Xcc -I/Users/admin/builder/spi-builder-workspace/.derivedData/Build/Intermediates.noindex/SyntaxEditorUI.build/Debug-watchos/SyntaxEditorLanguageSwift-t.build/DerivedSources-normal/arm64_32 -Xcc -I/Users/admin/builder/spi-builder-workspace/.derivedData/Build/Intermediates.noindex/SyntaxEditorUI.build/Debug-watchos/SyntaxEditorLanguageSwift-t.build/DerivedSources/arm64_32 -Xcc -I/Users/admin/builder/spi-builder-workspace/.derivedData/Build/Intermediates.noindex/SyntaxEditorUI.build/Debug-watchos/SyntaxEditorLanguageSwift-t.build/DerivedSources -Xcc -DSWIFT_PACKAGE -Xcc -DDEBUG\=1 -emit-objc-header -emit-objc-header-path /Users/admin/builder/spi-builder-workspace/.derivedData/Build/Intermediates.noindex/SyntaxEditorUI.build/Debug-watchos/SyntaxEditorLanguageSwift-t.build/Objects-normal/arm64_32/SyntaxEditorLanguageSwift-Swift.h -working-directory /Users/admin/builder/spi-builder-workspace/.swiftpm/xcode -experimental-emit-module-separately -disable-cmo
Copy /Users/admin/builder/spi-builder-workspace/.derivedData/Build/Products/Debug-watchos/FileIOBinary.swiftmodule/arm64_32-apple-watchos.swiftdoc /Users/admin/builder/spi-builder-workspace/.derivedData/Build/Intermediates.noindex/swift-fileio-extra.build/Debug-watchos/FileIOBinary-t.build/Objects-normal/arm64_32/FileIOBinary.swiftdoc (in target 'FileIOBinary' from project 'swift-fileio-extra')
    cd /Users/admin/builder/spi-builder-workspace/.dependencies/checkouts/swift-fileio-extra
    builtin-copy -exclude .DS_Store -exclude CVS -exclude .svn -exclude .git -exclude .hg -resolve-src-symlinks -rename /Users/admin/builder/spi-builder-workspace/.derivedData/Build/Intermediates.noindex/swift-fileio-extra.build/Debug-watchos/FileIOBinary-t.build/Objects-normal/arm64_32/FileIOBinary.swiftdoc /Users/admin/builder/spi-builder-workspace/.derivedData/Build/Products/Debug-watchos/FileIOBinary.swiftmodule/arm64_32-apple-watchos.swiftdoc
Copy /Users/admin/builder/spi-builder-workspace/.derivedData/Build/Products/Debug-watchos/FileIOBinary.swiftmodule/arm64_32-apple-watchos.swiftmodule /Users/admin/builder/spi-builder-workspace/.derivedData/Build/Intermediates.noindex/swift-fileio-extra.build/Debug-watchos/FileIOBinary-t.build/Objects-normal/arm64_32/FileIOBinary.swiftmodule (in target 'FileIOBinary' from project 'swift-fileio-extra')
    cd /Users/admin/builder/spi-builder-workspace/.dependencies/checkouts/swift-fileio-extra
    builtin-copy -exclude .DS_Store -exclude CVS -exclude .svn -exclude .git -exclude .hg -resolve-src-symlinks -rename /Users/admin/builder/spi-builder-workspace/.derivedData/Build/Intermediates.noindex/swift-fileio-extra.build/Debug-watchos/FileIOBinary-t.build/Objects-normal/arm64_32/FileIOBinary.swiftmodule /Users/admin/builder/spi-builder-workspace/.derivedData/Build/Products/Debug-watchos/FileIOBinary.swiftmodule/arm64_32-apple-watchos.swiftmodule
SwiftDriverJobDiscovery normal arm64 Emitting module for ComplexModule (in target 'ComplexModule' from project 'swift-numerics')
Copy /Users/admin/builder/spi-builder-workspace/.derivedData/Build/Products/Debug-watchos/SyntaxEditorLanguageSwift.swiftmodule/arm64_32-apple-watchos.swiftmodule /Users/admin/builder/spi-builder-workspace/.derivedData/Build/Intermediates.noindex/SyntaxEditorUI.build/Debug-watchos/SyntaxEditorLanguageSwift-t.build/Objects-normal/arm64_32/SyntaxEditorLanguageSwift.swiftmodule (in target 'SyntaxEditorLanguageSwift' from project 'SyntaxEditorUI')
    cd /Users/admin/builder/spi-builder-workspace
    builtin-copy -exclude .DS_Store -exclude CVS -exclude .svn -exclude .git -exclude .hg -resolve-src-symlinks -rename /Users/admin/builder/spi-builder-workspace/.derivedData/Build/Intermediates.noindex/SyntaxEditorUI.build/Debug-watchos/SyntaxEditorLanguageSwift-t.build/Objects-normal/arm64_32/SyntaxEditorLanguageSwift.swiftmodule /Users/admin/builder/spi-builder-workspace/.derivedData/Build/Products/Debug-watchos/SyntaxEditorLanguageSwift.swiftmodule/arm64_32-apple-watchos.swiftmodule
Copy /Users/admin/builder/spi-builder-workspace/.derivedData/Build/Products/Debug-watchos/SyntaxEditorLanguageSwift.swiftmodule/arm64_32-apple-watchos.swiftdoc /Users/admin/builder/spi-builder-workspace/.derivedData/Build/Intermediates.noindex/SyntaxEditorUI.build/Debug-watchos/SyntaxEditorLanguageSwift-t.build/Objects-normal/arm64_32/SyntaxEditorLanguageSwift.swiftdoc (in target 'SyntaxEditorLanguageSwift' from project 'SyntaxEditorUI')
    cd /Users/admin/builder/spi-builder-workspace
    builtin-copy -exclude .DS_Store -exclude CVS -exclude .svn -exclude .git -exclude .hg -resolve-src-symlinks -rename /Users/admin/builder/spi-builder-workspace/.derivedData/Build/Intermediates.noindex/SyntaxEditorUI.build/Debug-watchos/SyntaxEditorLanguageSwift-t.build/Objects-normal/arm64_32/SyntaxEditorLanguageSwift.swiftdoc /Users/admin/builder/spi-builder-workspace/.derivedData/Build/Products/Debug-watchos/SyntaxEditorLanguageSwift.swiftmodule/arm64_32-apple-watchos.swiftdoc
Copy /Users/admin/builder/spi-builder-workspace/.derivedData/Build/Products/Debug-watchos/SyntaxEditorLanguageSwift.swiftmodule/arm64_32-apple-watchos.abi.json /Users/admin/builder/spi-builder-workspace/.derivedData/Build/Intermediates.noindex/SyntaxEditorUI.build/Debug-watchos/SyntaxEditorLanguageSwift-t.build/Objects-normal/arm64_32/SyntaxEditorLanguageSwift.abi.json (in target 'SyntaxEditorLanguageSwift' from project 'SyntaxEditorUI')
    cd /Users/admin/builder/spi-builder-workspace
    builtin-copy -exclude .DS_Store -exclude CVS -exclude .svn -exclude .git -exclude .hg -resolve-src-symlinks -rename /Users/admin/builder/spi-builder-workspace/.derivedData/Build/Intermediates.noindex/SyntaxEditorUI.build/Debug-watchos/SyntaxEditorLanguageSwift-t.build/Objects-normal/arm64_32/SyntaxEditorLanguageSwift.abi.json /Users/admin/builder/spi-builder-workspace/.derivedData/Build/Products/Debug-watchos/SyntaxEditorLanguageSwift.swiftmodule/arm64_32-apple-watchos.abi.json
Copy /Users/admin/builder/spi-builder-workspace/.derivedData/Build/Products/Debug-watchos/SyntaxEditorLanguageSwift.swiftmodule/Project/arm64_32-apple-watchos.swiftsourceinfo /Users/admin/builder/spi-builder-workspace/.derivedData/Build/Intermediates.noindex/SyntaxEditorUI.build/Debug-watchos/SyntaxEditorLanguageSwift-t.build/Objects-normal/arm64_32/SyntaxEditorLanguageSwift.swiftsourceinfo (in target 'SyntaxEditorLanguageSwift' from project 'SyntaxEditorUI')
    cd /Users/admin/builder/spi-builder-workspace
    builtin-copy -exclude .DS_Store -exclude CVS -exclude .svn -exclude .git -exclude .hg -resolve-src-symlinks -rename /Users/admin/builder/spi-builder-workspace/.derivedData/Build/Intermediates.noindex/SyntaxEditorUI.build/Debug-watchos/SyntaxEditorLanguageSwift-t.build/Objects-normal/arm64_32/SyntaxEditorLanguageSwift.swiftsourceinfo /Users/admin/builder/spi-builder-workspace/.derivedData/Build/Products/Debug-watchos/SyntaxEditorLanguageSwift.swiftmodule/Project/arm64_32-apple-watchos.swiftsourceinfo
Copy /Users/admin/builder/spi-builder-workspace/.derivedData/Build/Products/Debug-watchos/FileIOBinary.swiftmodule/arm64_32-apple-watchos.abi.json /Users/admin/builder/spi-builder-workspace/.derivedData/Build/Intermediates.noindex/swift-fileio-extra.build/Debug-watchos/FileIOBinary-t.build/Objects-normal/arm64_32/FileIOBinary.abi.json (in target 'FileIOBinary' from project 'swift-fileio-extra')
    cd /Users/admin/builder/spi-builder-workspace/.dependencies/checkouts/swift-fileio-extra
    builtin-copy -exclude .DS_Store -exclude CVS -exclude .svn -exclude .git -exclude .hg -resolve-src-symlinks -rename /Users/admin/builder/spi-builder-workspace/.derivedData/Build/Intermediates.noindex/swift-fileio-extra.build/Debug-watchos/FileIOBinary-t.build/Objects-normal/arm64_32/FileIOBinary.abi.json /Users/admin/builder/spi-builder-workspace/.derivedData/Build/Products/Debug-watchos/FileIOBinary.swiftmodule/arm64_32-apple-watchos.abi.json
Copy /Users/admin/builder/spi-builder-workspace/.derivedData/Build/Products/Debug-watchos/FileIOBinary.swiftmodule/Project/arm64_32-apple-watchos.swiftsourceinfo /Users/admin/builder/spi-builder-workspace/.derivedData/Build/Intermediates.noindex/swift-fileio-extra.build/Debug-watchos/FileIOBinary-t.build/Objects-normal/arm64_32/FileIOBinary.swiftsourceinfo (in target 'FileIOBinary' from project 'swift-fileio-extra')
    cd /Users/admin/builder/spi-builder-workspace/.dependencies/checkouts/swift-fileio-extra
    builtin-copy -exclude .DS_Store -exclude CVS -exclude .svn -exclude .git -exclude .hg -resolve-src-symlinks -rename /Users/admin/builder/spi-builder-workspace/.derivedData/Build/Intermediates.noindex/swift-fileio-extra.build/Debug-watchos/FileIOBinary-t.build/Objects-normal/arm64_32/FileIOBinary.swiftsourceinfo /Users/admin/builder/spi-builder-workspace/.derivedData/Build/Products/Debug-watchos/FileIOBinary.swiftmodule/Project/arm64_32-apple-watchos.swiftsourceinfo
SwiftDriver\ Compilation\ Requirements ComplexModule normal arm64_32 com.apple.xcode.tools.swift.compiler (in target 'ComplexModule' from project 'swift-numerics')
    cd /Users/admin/builder/spi-builder-workspace/.swiftpm/xcode
    builtin-Swift-Compilation-Requirements -- /Applications/Xcode-27.0.0.app/Contents/Developer/Toolchains/XcodeDefault.xctoolchain/usr/bin/swiftc -parse-as-library -module-name ComplexModule -Onone @/Users/admin/builder/spi-builder-workspace/.derivedData/Build/Intermediates.noindex/swift-numerics.build/Debug-watchos/ComplexModule-t.build/Objects-normal/arm64_32/ComplexModule.SwiftFileList -DSWIFT_PACKAGE -DDEBUG -DSWIFT_MODULE_RESOURCE_BUNDLE_UNAVAILABLE -Xcc -fmodule-map-file\=/Users/admin/builder/spi-builder-workspace/.dependencies/checkouts/swift-numerics/Sources/_NumericsShims/include/module.modulemap -DXcode -plugin-path /Applications/Xcode-27.0.0.app/Contents/Developer/Toolchains/XcodeDefault.xctoolchain/usr/lib/swift/host/plugins/testing -enable-experimental-feature DebugDescriptionMacro -sdk /Applications/Xcode-27.0.0.app/Contents/Developer/Platforms/WatchOS.platform/Developer/SDKs/WatchOS27.0.sdk -target arm64_32-apple-watchos9.0 -g -module-cache-path /Users/admin/builder/spi-builder-workspace/.derivedData/ModuleCache.noindex -Xfrontend -serialize-debugging-options -profile-coverage-mapping -profile-generate -enable-testing -suppress-warnings -index-store-path /Users/admin/builder/spi-builder-workspace/.derivedData/Index.noindex/DataStore -Xcc -D_LIBCPP_HARDENING_MODE\=_LIBCPP_HARDENING_MODE_DEBUG -swift-version 5 -I /Users/admin/builder/spi-builder-workspace/.derivedData/Build/Products/Debug-watchos -Isystem /Applications/Xcode-27.0.0.app/Contents/Developer/Platforms/WatchOS.platform/Developer/usr/lib -F /Users/admin/builder/spi-builder-workspace/.derivedData/Build/Products/Debug-watchos/PackageFrameworks -F /Users/admin/builder/spi-builder-workspace/.derivedData/Build/Products/Debug-watchos -F /Applications/Xcode-27.0.0.app/Contents/Developer/Platforms/WatchOS.platform/Developer/Library/Frameworks -F /Applications/Xcode-27.0.0.app/Contents/Developer/Platforms/WatchOS.platform/Developer/SDKs/WatchOS27.0.sdk/Developer/Library/Frameworks -c -j10 -enable-batch-mode -incremental -Xcc -ivfsstatcache -Xcc /Users/admin/builder/spi-builder-workspace/.derivedData/SDKStatCaches.noindex/watchos27.0-24R360-e829b21a6f8c9b70876ba0858053c044b9db9bc9c079ee3c7b5f3373b13d10bc.sdkstatcache -output-file-map /Users/admin/builder/spi-builder-workspace/.derivedData/Build/Intermediates.noindex/swift-numerics.build/Debug-watchos/ComplexModule-t.build/Objects-normal/arm64_32/ComplexModule-OutputFileMap.json -save-temps -no-color-diagnostics -explicit-module-build -module-cache-path /Users/admin/builder/spi-builder-workspace/.derivedData/Build/Intermediates.noindex/SwiftExplicitPrecompiledModules -clang-scanner-module-cache-path /Users/admin/builder/spi-builder-workspace/.derivedData/ModuleCache.noindex -sdk-module-cache-path /Users/admin/builder/spi-builder-workspace/.derivedData/SDKExplicitPrecompiledModules -emit-dependencies -emit-module -emit-module-path /Users/admin/builder/spi-builder-workspace/.derivedData/Build/Intermediates.noindex/swift-numerics.build/Debug-watchos/ComplexModule-t.build/Objects-normal/arm64_32/ComplexModule.swiftmodule -serialize-diagnostics -dependency-scan-serialize-diagnostics-path /Users/admin/builder/spi-builder-workspace/.derivedData/Build/Intermediates.noindex/swift-numerics.build/Debug-watchos/ComplexModule-t.build/Objects-normal/arm64_32/ComplexModule-dependency-scan.dia -validate-clang-modules-once -clang-build-session-file /Users/admin/builder/spi-builder-workspace/.derivedData/ModuleCache.noindex/Session.modulevalidation -Xcc -fmodules-prune-interval\=86400 -Xcc -fmodules-prune-after\=345600 -package-name swift_numerics -emit-const-values -const-gather-protocols-list /Users/admin/builder/spi-builder-workspace/.derivedData/Build/Intermediates.noindex/swift-numerics.build/Debug-watchos/ComplexModule-t.build/Objects-normal/arm64_32/ComplexModule_const_extract_protocols.json -Xcc -I/Users/admin/builder/spi-builder-workspace/.dependencies/checkouts/swift-numerics/Sources/_NumericsShims/include -Xcc -I/Users/admin/builder/spi-builder-workspace/.derivedData/Build/Products/Debug-watchos/include -Xcc -I/Users/admin/builder/spi-builder-workspace/.derivedData/Build/Intermediates.noindex/swift-numerics.build/Debug-watchos/ComplexModule-t.build/DerivedSources-normal/arm64_32 -Xcc -I/Users/admin/builder/spi-builder-workspace/.derivedData/Build/Intermediates.noindex/swift-numerics.build/Debug-watchos/ComplexModule-t.build/DerivedSources/arm64_32 -Xcc -I/Users/admin/builder/spi-builder-workspace/.derivedData/Build/Intermediates.noindex/swift-numerics.build/Debug-watchos/ComplexModule-t.build/DerivedSources -Xcc -DSWIFT_PACKAGE -Xcc -DDEBUG\=1 -emit-objc-header -emit-objc-header-path /Users/admin/builder/spi-builder-workspace/.derivedData/Build/Intermediates.noindex/swift-numerics.build/Debug-watchos/ComplexModule-t.build/Objects-normal/arm64_32/ComplexModule-Swift.h -working-directory /Users/admin/builder/spi-builder-workspace/.swiftpm/xcode -experimental-emit-module-separately -disable-cmo
SwiftDriver\ Compilation\ Requirements ComplexModule normal arm64 com.apple.xcode.tools.swift.compiler (in target 'ComplexModule' from project 'swift-numerics')
    cd /Users/admin/builder/spi-builder-workspace/.swiftpm/xcode
    builtin-Swift-Compilation-Requirements -- /Applications/Xcode-27.0.0.app/Contents/Developer/Toolchains/XcodeDefault.xctoolchain/usr/bin/swiftc -parse-as-library -module-name ComplexModule -Onone @/Users/admin/builder/spi-builder-workspace/.derivedData/Build/Intermediates.noindex/swift-numerics.build/Debug-watchos/ComplexModule-t.build/Objects-normal/arm64/ComplexModule.SwiftFileList -DSWIFT_PACKAGE -DDEBUG -DSWIFT_MODULE_RESOURCE_BUNDLE_UNAVAILABLE -Xcc -fmodule-map-file\=/Users/admin/builder/spi-builder-workspace/.dependencies/checkouts/swift-numerics/Sources/_NumericsShims/include/module.modulemap -DXcode -plugin-path /Applications/Xcode-27.0.0.app/Contents/Developer/Toolchains/XcodeDefault.xctoolchain/usr/lib/swift/host/plugins/testing -enable-experimental-feature DebugDescriptionMacro -sdk /Applications/Xcode-27.0.0.app/Contents/Developer/Platforms/WatchOS.platform/Developer/SDKs/WatchOS27.0.sdk -target arm64-apple-watchos9.0 -g -module-cache-path /Users/admin/builder/spi-builder-workspace/.derivedData/ModuleCache.noindex -Xfrontend -serialize-debugging-options -profile-coverage-mapping -profile-generate -enable-testing -suppress-warnings -index-store-path /Users/admin/builder/spi-builder-workspace/.derivedData/Index.noindex/DataStore -Xcc -D_LIBCPP_HARDENING_MODE\=_LIBCPP_HARDENING_MODE_DEBUG -swift-version 5 -I /Users/admin/builder/spi-builder-workspace/.derivedData/Build/Products/Debug-watchos -Isystem /Applications/Xcode-27.0.0.app/Contents/Developer/Platforms/WatchOS.platform/Developer/usr/lib -F /Users/admin/builder/spi-builder-workspace/.derivedData/Build/Products/Debug-watchos/PackageFrameworks -F /Users/admin/builder/spi-builder-workspace/.derivedData/Build/Products/Debug-watchos -F /Applications/Xcode-27.0.0.app/Contents/Developer/Platforms/WatchOS.platform/Developer/Library/Frameworks -F /Applications/Xcode-27.0.0.app/Contents/Developer/Platforms/WatchOS.platform/Developer/SDKs/WatchOS27.0.sdk/Developer/Library/Frameworks -c -j10 -enable-batch-mode -incremental -Xcc -ivfsstatcache -Xcc /Users/admin/builder/spi-builder-workspace/.derivedData/SDKStatCaches.noindex/watchos27.0-24R360-e829b21a6f8c9b70876ba0858053c044b9db9bc9c079ee3c7b5f3373b13d10bc.sdkstatcache -output-file-map /Users/admin/builder/spi-builder-workspace/.derivedData/Build/Intermediates.noindex/swift-numerics.build/Debug-watchos/ComplexModule-t.build/Objects-normal/arm64/ComplexModule-OutputFileMap.json -save-temps -no-color-diagnostics -explicit-module-build -module-cache-path /Users/admin/builder/spi-builder-workspace/.derivedData/Build/Intermediates.noindex/SwiftExplicitPrecompiledModules -clang-scanner-module-cache-path /Users/admin/builder/spi-builder-workspace/.derivedData/ModuleCache.noindex -sdk-module-cache-path /Users/admin/builder/spi-builder-workspace/.derivedData/SDKExplicitPrecompiledModules -emit-dependencies -emit-module -emit-module-path /Users/admin/builder/spi-builder-workspace/.derivedData/Build/Intermediates.noindex/swift-numerics.build/Debug-watchos/ComplexModule-t.build/Objects-normal/arm64/ComplexModule.swiftmodule -serialize-diagnostics -dependency-scan-serialize-diagnostics-path /Users/admin/builder/spi-builder-workspace/.derivedData/Build/Intermediates.noindex/swift-numerics.build/Debug-watchos/ComplexModule-t.build/Objects-normal/arm64/ComplexModule-dependency-scan.dia -validate-clang-modules-once -clang-build-session-file /Users/admin/builder/spi-builder-workspace/.derivedData/ModuleCache.noindex/Session.modulevalidation -Xcc -fmodules-prune-interval\=86400 -Xcc -fmodules-prune-after\=345600 -package-name swift_numerics -emit-const-values -const-gather-protocols-list /Users/admin/builder/spi-builder-workspace/.derivedData/Build/Intermediates.noindex/swift-numerics.build/Debug-watchos/ComplexModule-t.build/Objects-normal/arm64/ComplexModule_const_extract_protocols.json -Xcc -I/Users/admin/builder/spi-builder-workspace/.dependencies/checkouts/swift-numerics/Sources/_NumericsShims/include -Xcc -I/Users/admin/builder/spi-builder-workspace/.derivedData/Build/Products/Debug-watchos/include -Xcc -I/Users/admin/builder/spi-builder-workspace/.derivedData/Build/Intermediates.noindex/swift-numerics.build/Debug-watchos/ComplexModule-t.build/DerivedSources-normal/arm64 -Xcc -I/Users/admin/builder/spi-builder-workspace/.derivedData/Build/Intermediates.noindex/swift-numerics.build/Debug-watchos/ComplexModule-t.build/DerivedSources/arm64 -Xcc -I/Users/admin/builder/spi-builder-workspace/.derivedData/Build/Intermediates.noindex/swift-numerics.build/Debug-watchos/ComplexModule-t.build/DerivedSources -Xcc -DSWIFT_PACKAGE -Xcc -DDEBUG\=1 -emit-objc-header -emit-objc-header-path /Users/admin/builder/spi-builder-workspace/.derivedData/Build/Intermediates.noindex/swift-numerics.build/Debug-watchos/ComplexModule-t.build/Objects-normal/arm64/ComplexModule-Swift.h -working-directory /Users/admin/builder/spi-builder-workspace/.swiftpm/xcode -experimental-emit-module-separately -disable-cmo
Copy /Users/admin/builder/spi-builder-workspace/.derivedData/Build/Products/Debug-watchos/ComplexModule.swiftmodule/arm64_32-apple-watchos.swiftmodule /Users/admin/builder/spi-builder-workspace/.derivedData/Build/Intermediates.noindex/swift-numerics.build/Debug-watchos/ComplexModule-t.build/Objects-normal/arm64_32/ComplexModule.swiftmodule (in target 'ComplexModule' from project 'swift-numerics')
    cd /Users/admin/builder/spi-builder-workspace/.dependencies/checkouts/swift-numerics
    builtin-copy -exclude .DS_Store -exclude CVS -exclude .svn -exclude .git -exclude .hg -resolve-src-symlinks -rename /Users/admin/builder/spi-builder-workspace/.derivedData/Build/Intermediates.noindex/swift-numerics.build/Debug-watchos/ComplexModule-t.build/Objects-normal/arm64_32/ComplexModule.swiftmodule /Users/admin/builder/spi-builder-workspace/.derivedData/Build/Products/Debug-watchos/ComplexModule.swiftmodule/arm64_32-apple-watchos.swiftmodule
Copy /Users/admin/builder/spi-builder-workspace/.derivedData/Build/Products/Debug-watchos/ComplexModule.swiftmodule/arm64_32-apple-watchos.swiftdoc /Users/admin/builder/spi-builder-workspace/.derivedData/Build/Intermediates.noindex/swift-numerics.build/Debug-watchos/ComplexModule-t.build/Objects-normal/arm64_32/ComplexModule.swiftdoc (in target 'ComplexModule' from project 'swift-numerics')
    cd /Users/admin/builder/spi-builder-workspace/.dependencies/checkouts/swift-numerics
    builtin-copy -exclude .DS_Store -exclude CVS -exclude .svn -exclude .git -exclude .hg -resolve-src-symlinks -rename /Users/admin/builder/spi-builder-workspace/.derivedData/Build/Intermediates.noindex/swift-numerics.build/Debug-watchos/ComplexModule-t.build/Objects-normal/arm64_32/ComplexModule.swiftdoc /Users/admin/builder/spi-builder-workspace/.derivedData/Build/Products/Debug-watchos/ComplexModule.swiftmodule/arm64_32-apple-watchos.swiftdoc
SwiftMergeGeneratedHeaders /Users/admin/builder/spi-builder-workspace/.derivedData/Build/Intermediates.noindex/GeneratedModuleMaps-watchos/ComplexModule-Swift.h /Users/admin/builder/spi-builder-workspace/.derivedData/Build/Intermediates.noindex/swift-numerics.build/Debug-watchos/ComplexModule-t.build/Objects-normal/arm64/ComplexModule-Swift.h /Users/admin/builder/spi-builder-workspace/.derivedData/Build/Intermediates.noindex/swift-numerics.build/Debug-watchos/ComplexModule-t.build/Objects-normal/arm64_32/ComplexModule-Swift.h (in target 'ComplexModule' from project 'swift-numerics')
    cd /Users/admin/builder/spi-builder-workspace/.dependencies/checkouts/swift-numerics
    builtin-swiftHeaderTool -arch arm64 /Users/admin/builder/spi-builder-workspace/.derivedData/Build/Intermediates.noindex/swift-numerics.build/Debug-watchos/ComplexModule-t.build/Objects-normal/arm64/ComplexModule-Swift.h -arch arm64_32 /Users/admin/builder/spi-builder-workspace/.derivedData/Build/Intermediates.noindex/swift-numerics.build/Debug-watchos/ComplexModule-t.build/Objects-normal/arm64_32/ComplexModule-Swift.h -o /Users/admin/builder/spi-builder-workspace/.derivedData/Build/Intermediates.noindex/GeneratedModuleMaps-watchos/ComplexModule-Swift.h
Copy /Users/admin/builder/spi-builder-workspace/.derivedData/Build/Products/Debug-watchos/ComplexModule.swiftmodule/arm64_32-apple-watchos.abi.json /Users/admin/builder/spi-builder-workspace/.derivedData/Build/Intermediates.noindex/swift-numerics.build/Debug-watchos/ComplexModule-t.build/Objects-normal/arm64_32/ComplexModule.abi.json (in target 'ComplexModule' from project 'swift-numerics')
    cd /Users/admin/builder/spi-builder-workspace/.dependencies/checkouts/swift-numerics
    builtin-copy -exclude .DS_Store -exclude CVS -exclude .svn -exclude .git -exclude .hg -resolve-src-symlinks -rename /Users/admin/builder/spi-builder-workspace/.derivedData/Build/Intermediates.noindex/swift-numerics.build/Debug-watchos/ComplexModule-t.build/Objects-normal/arm64_32/ComplexModule.abi.json /Users/admin/builder/spi-builder-workspace/.derivedData/Build/Products/Debug-watchos/ComplexModule.swiftmodule/arm64_32-apple-watchos.abi.json
Copy /Users/admin/builder/spi-builder-workspace/.derivedData/Build/Products/Debug-watchos/ComplexModule.swiftmodule/arm64-apple-watchos.swiftmodule /Users/admin/builder/spi-builder-workspace/.derivedData/Build/Intermediates.noindex/swift-numerics.build/Debug-watchos/ComplexModule-t.build/Objects-normal/arm64/ComplexModule.swiftmodule (in target 'ComplexModule' from project 'swift-numerics')
    cd /Users/admin/builder/spi-builder-workspace/.dependencies/checkouts/swift-numerics
    builtin-copy -exclude .DS_Store -exclude CVS -exclude .svn -exclude .git -exclude .hg -resolve-src-symlinks -rename /Users/admin/builder/spi-builder-workspace/.derivedData/Build/Intermediates.noindex/swift-numerics.build/Debug-watchos/ComplexModule-t.build/Objects-normal/arm64/ComplexModule.swiftmodule /Users/admin/builder/spi-builder-workspace/.derivedData/Build/Products/Debug-watchos/ComplexModule.swiftmodule/arm64-apple-watchos.swiftmodule
Copy /Users/admin/builder/spi-builder-workspace/.derivedData/Build/Products/Debug-watchos/ComplexModule.swiftmodule/arm64-apple-watchos.swiftdoc /Users/admin/builder/spi-builder-workspace/.derivedData/Build/Intermediates.noindex/swift-numerics.build/Debug-watchos/ComplexModule-t.build/Objects-normal/arm64/ComplexModule.swiftdoc (in target 'ComplexModule' from project 'swift-numerics')
    cd /Users/admin/builder/spi-builder-workspace/.dependencies/checkouts/swift-numerics
    builtin-copy -exclude .DS_Store -exclude CVS -exclude .svn -exclude .git -exclude .hg -resolve-src-symlinks -rename /Users/admin/builder/spi-builder-workspace/.derivedData/Build/Intermediates.noindex/swift-numerics.build/Debug-watchos/ComplexModule-t.build/Objects-normal/arm64/ComplexModule.swiftdoc /Users/admin/builder/spi-builder-workspace/.derivedData/Build/Products/Debug-watchos/ComplexModule.swiftmodule/arm64-apple-watchos.swiftdoc
Copy /Users/admin/builder/spi-builder-workspace/.derivedData/Build/Products/Debug-watchos/ComplexModule.swiftmodule/arm64-apple-watchos.abi.json /Users/admin/builder/spi-builder-workspace/.derivedData/Build/Intermediates.noindex/swift-numerics.build/Debug-watchos/ComplexModule-t.build/Objects-normal/arm64/ComplexModule.abi.json (in target 'ComplexModule' from project 'swift-numerics')
    cd /Users/admin/builder/spi-builder-workspace/.dependencies/checkouts/swift-numerics
    builtin-copy -exclude .DS_Store -exclude CVS -exclude .svn -exclude .git -exclude .hg -resolve-src-symlinks -rename /Users/admin/builder/spi-builder-workspace/.derivedData/Build/Intermediates.noindex/swift-numerics.build/Debug-watchos/ComplexModule-t.build/Objects-normal/arm64/ComplexModule.abi.json /Users/admin/builder/spi-builder-workspace/.derivedData/Build/Products/Debug-watchos/ComplexModule.swiftmodule/arm64-apple-watchos.abi.json
Copy /Users/admin/builder/spi-builder-workspace/.derivedData/Build/Products/Debug-watchos/ComplexModule.swiftmodule/Project/arm64_32-apple-watchos.swiftsourceinfo /Users/admin/builder/spi-builder-workspace/.derivedData/Build/Intermediates.noindex/swift-numerics.build/Debug-watchos/ComplexModule-t.build/Objects-normal/arm64_32/ComplexModule.swiftsourceinfo (in target 'ComplexModule' from project 'swift-numerics')
    cd /Users/admin/builder/spi-builder-workspace/.dependencies/checkouts/swift-numerics
    builtin-copy -exclude .DS_Store -exclude CVS -exclude .svn -exclude .git -exclude .hg -resolve-src-symlinks -rename /Users/admin/builder/spi-builder-workspace/.derivedData/Build/Intermediates.noindex/swift-numerics.build/Debug-watchos/ComplexModule-t.build/Objects-normal/arm64_32/ComplexModule.swiftsourceinfo /Users/admin/builder/spi-builder-workspace/.derivedData/Build/Products/Debug-watchos/ComplexModule.swiftmodule/Project/arm64_32-apple-watchos.swiftsourceinfo
Copy /Users/admin/builder/spi-builder-workspace/.derivedData/Build/Products/Debug-watchos/ComplexModule.swiftmodule/Project/arm64-apple-watchos.swiftsourceinfo /Users/admin/builder/spi-builder-workspace/.derivedData/Build/Intermediates.noindex/swift-numerics.build/Debug-watchos/ComplexModule-t.build/Objects-normal/arm64/ComplexModule.swiftsourceinfo (in target 'ComplexModule' from project 'swift-numerics')
    cd /Users/admin/builder/spi-builder-workspace/.dependencies/checkouts/swift-numerics
    builtin-copy -exclude .DS_Store -exclude CVS -exclude .svn -exclude .git -exclude .hg -resolve-src-symlinks -rename /Users/admin/builder/spi-builder-workspace/.derivedData/Build/Intermediates.noindex/swift-numerics.build/Debug-watchos/ComplexModule-t.build/Objects-normal/arm64/ComplexModule.swiftsourceinfo /Users/admin/builder/spi-builder-workspace/.derivedData/Build/Products/Debug-watchos/ComplexModule.swiftmodule/Project/arm64-apple-watchos.swiftsourceinfo
SwiftCompile normal arm64_32 Compiling\ SyntaxEditorHighlightTheme.swift /Users/admin/builder/spi-builder-workspace/Sources/SyntaxEditorTheme/SyntaxEditorHighlightTheme.swift (in target 'SyntaxEditorTheme' from project 'SyntaxEditorUI')
/Users/admin/builder/spi-builder-workspace/Sources/SyntaxEditorTheme/SyntaxEditorHighlightTheme.swift:979:9: error: 'init(dynamicProvider:)' is unavailable in watchOS
 977 |         dark: SyntaxEditorColorComponents
 978 |     ) -> UIColor {
 979 |         UIColor { traitCollection in
     |         `- error: 'init(dynamicProvider:)' is unavailable in watchOS
 980 |             syntaxEditorColor(traitCollection.userInterfaceStyle == .dark ? dark : light)
 981 |         }
/Applications/Xcode-27.0.0.app/Contents/Developer/Platforms/WatchOS.platform/Developer/SDKs/WatchOS27.0.sdk/System/Library/Frameworks/UIKit.framework/Headers/UIColor.h:144:1: note: 'init(dynamicProvider:)' has been explicitly marked unavailable here
142 |
143 | + (UIColor *)colorWithDynamicProvider:(UIColor * (^)(UITraitCollection *traitCollection))dynamicProvider API_AVAILABLE(ios(13.0), tvos(13.0)) API_UNAVAILABLE(watchos);
144 | - (UIColor *)initWithDynamicProvider:(UIColor * (^)(UITraitCollection *traitCollection))dynamicProvider API_AVAILABLE(ios(13.0), tvos(13.0)) API_UNAVAILABLE(watchos);
    | `- note: 'init(dynamicProvider:)' has been explicitly marked unavailable here
145 |
146 | /* Resolve any color to its most fundamental form (a non-dynamic color) for a specific trait collection.
/Users/admin/builder/spi-builder-workspace/Sources/SyntaxEditorTheme/SyntaxEditorHighlightTheme.swift:980:47: error: 'userInterfaceStyle' is unavailable in watchOS
 978 |     ) -> UIColor {
 979 |         UIColor { traitCollection in
 980 |             syntaxEditorColor(traitCollection.userInterfaceStyle == .dark ? dark : light)
     |                                               `- error: 'userInterfaceStyle' is unavailable in watchOS
 981 |         }
 982 |     }
/Applications/Xcode-27.0.0.app/Contents/Developer/Platforms/WatchOS.platform/Developer/SDKs/WatchOS27.0.sdk/System/Library/Frameworks/UIKit.framework/Headers/UITraitCollection.h:42:54: note: 'userInterfaceStyle' has been explicitly marked unavailable here
 40 |
 41 | + (UITraitCollection *)traitCollectionWithUserInterfaceStyle:(UIUserInterfaceStyle)userInterfaceStyle API_AVAILABLE(tvos(10.0)) API_AVAILABLE(ios(12.0)) API_UNAVAILABLE(watchos);
 42 | @property (nonatomic, readonly) UIUserInterfaceStyle userInterfaceStyle API_AVAILABLE(tvos(10.0)) API_AVAILABLE(ios(12.0)) API_UNAVAILABLE(watchos); // unspecified: UIUserInterfaceStyleUnspecified
    |                                                      `- note: 'userInterfaceStyle' has been explicitly marked unavailable here
 43 |
 44 | + (UITraitCollection *)traitCollectionWithLayoutDirection:(UITraitEnvironmentLayoutDirection)layoutDirection API_AVAILABLE(ios(10.0)) API_UNAVAILABLE(watchos);
Failed frontend command:
/Applications/Xcode-27.0.0.app/Contents/Developer/Toolchains/XcodeDefault.xctoolchain/usr/bin/swift-frontend -frontend -c /Users/admin/builder/spi-builder-workspace/Sources/SyntaxEditorTheme/BuiltInEditorThemes+Generated.swift -primary-file /Users/admin/builder/spi-builder-workspace/Sources/SyntaxEditorTheme/SyntaxEditorHighlightTheme.swift -emit-dependencies-path /Users/admin/builder/spi-builder-workspace/.derivedData/Build/Intermediates.noindex/SyntaxEditorUI.build/Debug-watchos/SyntaxEditorTheme-t.build/Objects-normal/arm64_32/SyntaxEditorHighlightTheme.d -emit-const-values-path /Users/admin/builder/spi-builder-workspace/.derivedData/Build/Intermediates.noindex/SyntaxEditorUI.build/Debug-watchos/SyntaxEditorTheme-t.build/Objects-normal/arm64_32/SyntaxEditorHighlightTheme.swiftconstvalues -emit-reference-dependencies-path /Users/admin/builder/spi-builder-workspace/.derivedData/Build/Intermediates.noindex/SyntaxEditorUI.build/Debug-watchos/SyntaxEditorTheme-t.build/Objects-normal/arm64_32/SyntaxEditorHighlightTheme.swiftdeps -serialize-diagnostics-path /Users/admin/builder/spi-builder-workspace/.derivedData/Build/Intermediates.noindex/SyntaxEditorUI.build/Debug-watchos/SyntaxEditorTheme-t.build/Objects-normal/arm64_32/SyntaxEditorHighlightTheme.dia -target arm64_32-apple-watchos11.4 -module-can-import-version UIKit 9127.0.84.1 9127.0.84 -disable-cross-import-overlay-search -load-resolved-plugin /Applications/Xcode-27.0.0.app/Contents/Developer/Platforms/WatchOS.platform/Developer/usr/lib/swift/host/plugins/libFoundationMacros.dylib\#/Applications/Xcode-27.0.0.app/Contents/Developer/Platforms/WatchOS.platform/Developer/usr/bin/swift-plugin-server\#FoundationMacros -load-resolved-plugin /Applications/Xcode-27.0.0.app/Contents/Developer/Platforms/WatchOS.platform/Developer/usr/lib/swift/host/plugins/libObservationMacros.dylib\#/Applications/Xcode-27.0.0.app/Contents/Developer/Platforms/WatchOS.platform/Developer/usr/bin/swift-plugin-server\#ObservationMacros -load-resolved-plugin /Applications/Xcode-27.0.0.app/Contents/Developer/Platforms/WatchOS.platform/Developer/usr/lib/swift/host/plugins/libSwiftMacros.dylib\#/Applications/Xcode-27.0.0.app/Contents/Developer/Platforms/WatchOS.platform/Developer/usr/bin/swift-plugin-server\#SwiftMacros -load-resolved-plugin /Applications/Xcode-27.0.0.app/Contents/Developer/Platforms/WatchOS.platform/Developer/usr/lib/swift/host/plugins/libSwiftUIMacros.dylib\#/Applications/Xcode-27.0.0.app/Contents/Developer/Platforms/WatchOS.platform/Developer/usr/bin/swift-plugin-server\#SwiftUIMacros -disable-implicit-swift-modules -Xcc -fno-implicit-modules -Xcc -fno-implicit-module-maps -explicit-swift-module-map-file /Users/admin/builder/spi-builder-workspace/.derivedData/Build/Intermediates.noindex/SyntaxEditorUI.build/Debug-watchos/SyntaxEditorTheme-t.build/Objects-normal/arm64_32/SyntaxEditorTheme-dependencies-1.json -enable-objc-interop -sdk /Applications/Xcode-27.0.0.app/Contents/Developer/Platforms/WatchOS.platform/Developer/SDKs/WatchOS27.0.sdk -I /Users/admin/builder/spi-builder-workspace/.derivedData/Build/Products/Debug-watchos -Isystem /Applications/Xcode-27.0.0.app/Contents/Developer/Platforms/WatchOS.platform/Developer/usr/lib -F /Users/admin/builder/spi-builder-workspace/.derivedData/Build/Products/Debug-watchos/PackageFrameworks -F /Users/admin/builder/spi-builder-workspace/.derivedData/Build/Products/Debug-watchos -F /Applications/Xcode-27.0.0.app/Contents/Developer/Platforms/WatchOS.platform/Developer/Library/Frameworks -F /Applications/Xcode-27.0.0.app/Contents/Developer/Platforms/WatchOS.platform/Developer/SDKs/WatchOS27.0.sdk/Developer/Library/Frameworks -module-cache-path /Users/admin/builder/spi-builder-workspace/.derivedData/Build/Intermediates.noindex/SwiftExplicitPrecompiledModules -no-color-diagnostics -Xcc -fno-color-diagnostics -enable-testing -g -debug-info-format\=dwarf -dwarf-version\=5 -profile-generate -profile-coverage-mapping -swift-version 6 -Onone -D SWIFT_PACKAGE -D DEBUG -D SWIFT_MODULE_RESOURCE_BUNDLE_UNAVAILABLE -D Xcode -serialize-debugging-options -enable-experimental-feature DebugDescriptionMacro -strict-memory-safety -default-isolation nonisolated -empty-abi-descriptor -validate-clang-modules-once -clang-build-session-file /Users/admin/builder/spi-builder-workspace/.derivedData/ModuleCache.noindex/Session.modulevalidation -Xcc -working-directory -Xcc /Users/admin/builder/spi-builder-workspace/.swiftpm/xcode -enable-anonymous-context-mangled-names -file-compilation-dir /Users/admin/builder/spi-builder-workspace/.swiftpm/xcode -Xcc -D_LIBCPP_HARDENING_MODE\=_LIBCPP_HARDENING_MODE_DEBUG -Xcc -ivfsstatcache -Xcc /Users/admin/builder/spi-builder-workspace/.derivedData/SDKStatCaches.noindex/watchos27.0-24R360-e829b21a6f8c9b70876ba0858053c044b9db9bc9c079ee3c7b5f3373b13d10bc.sdkstatcache -Xcc -fmodules-prune-interval\=86400 -Xcc -fmodules-prune-after\=345600 -Xcc -I/Users/admin/builder/spi-builder-workspace/.derivedData/Build/Products/Debug-watchos/include -Xcc -I/Users/admin/builder/spi-builder-workspace/.derivedData/Build/Intermediates.noindex/SyntaxEditorUI.build/Debug-watchos/SyntaxEditorTheme-t.build/DerivedSources-normal/arm64_32 -Xcc -I/Users/admin/builder/spi-builder-workspace/.derivedData/Build/Intermediates.noindex/SyntaxEditorUI.build/Debug-watchos/SyntaxEditorTheme-t.build/DerivedSources/arm64_32 -Xcc -I/Users/admin/builder/spi-builder-workspace/.derivedData/Build/Intermediates.noindex/SyntaxEditorUI.build/Debug-watchos/SyntaxEditorTheme-t.build/DerivedSources -Xcc -DSWIFT_PACKAGE -Xcc -DDEBUG\=1 -no-auto-bridging-header-chaining -module-name SyntaxEditorTheme -package-name spi_builder_workspace -const-gather-protocols-file /Users/admin/builder/spi-builder-workspace/.derivedData/Build/Intermediates.noindex/SyntaxEditorUI.build/Debug-watchos/SyntaxEditorTheme-t.build/Objects-normal/arm64_32/SyntaxEditorTheme_const_extract_protocols.json -disable-clang-spi -clang-target arm64_32-apple-watchos27.0 -target-sdk-version 27.0 -target-sdk-name watchos27.0 -in-process-plugin-server-path /Applications/Xcode-27.0.0.app/Contents/Developer/Toolchains/XcodeDefault.xctoolchain/usr/lib/swift/host/libSwiftInProcPluginServer.dylib -parse-as-library -o /Users/admin/builder/spi-builder-workspace/.derivedData/Build/Intermediates.noindex/SyntaxEditorUI.build/Debug-watchos/SyntaxEditorTheme-t.build/Objects-normal/arm64_32/SyntaxEditorHighlightTheme.o -debug-module-path /Users/admin/builder/spi-builder-workspace/.derivedData/Build/Intermediates.noindex/SyntaxEditorUI.build/Debug-watchos/SyntaxEditorTheme-t.build/Objects-normal/arm64_32/SyntaxEditorTheme.swiftmodule -index-unit-output-path /SyntaxEditorUI.build/Debug-watchos/SyntaxEditorTheme-t.build/Objects-normal/arm64_32/SyntaxEditorHighlightTheme.o -index-store-path /Users/admin/builder/spi-builder-workspace/.derivedData/Index.noindex/DataStore -index-system-modules
SwiftCompile normal arm64_32 /Users/admin/builder/spi-builder-workspace/Sources/SyntaxEditorTheme/SyntaxEditorHighlightTheme.swift (in target 'SyntaxEditorTheme' from project 'SyntaxEditorUI')
    cd /Users/admin/builder/spi-builder-workspace/.swiftpm/xcode
    builtin-SwiftPerFileCompile SyntaxEditorHighlightTheme.swift
SwiftCompile normal arm64 Compiling\ SyntaxEditorHighlightTheme.swift /Users/admin/builder/spi-builder-workspace/Sources/SyntaxEditorTheme/SyntaxEditorHighlightTheme.swift (in target 'SyntaxEditorTheme' from project 'SyntaxEditorUI')
/Users/admin/builder/spi-builder-workspace/Sources/SyntaxEditorTheme/SyntaxEditorHighlightTheme.swift:979:9: error: 'init(dynamicProvider:)' is unavailable in watchOS
 977 |         dark: SyntaxEditorColorComponents
 978 |     ) -> UIColor {
 979 |         UIColor { traitCollection in
     |         `- error: 'init(dynamicProvider:)' is unavailable in watchOS
 980 |             syntaxEditorColor(traitCollection.userInterfaceStyle == .dark ? dark : light)
 981 |         }
/Applications/Xcode-27.0.0.app/Contents/Developer/Platforms/WatchOS.platform/Developer/SDKs/WatchOS27.0.sdk/System/Library/Frameworks/UIKit.framework/Headers/UIColor.h:144:1: note: 'init(dynamicProvider:)' has been explicitly marked unavailable here
142 |
143 | + (UIColor *)colorWithDynamicProvider:(UIColor * (^)(UITraitCollection *traitCollection))dynamicProvider API_AVAILABLE(ios(13.0), tvos(13.0)) API_UNAVAILABLE(watchos);
144 | - (UIColor *)initWithDynamicProvider:(UIColor * (^)(UITraitCollection *traitCollection))dynamicProvider API_AVAILABLE(ios(13.0), tvos(13.0)) API_UNAVAILABLE(watchos);
    | `- note: 'init(dynamicProvider:)' has been explicitly marked unavailable here
145 |
146 | /* Resolve any color to its most fundamental form (a non-dynamic color) for a specific trait collection.
/Users/admin/builder/spi-builder-workspace/Sources/SyntaxEditorTheme/SyntaxEditorHighlightTheme.swift:980:47: error: 'userInterfaceStyle' is unavailable in watchOS
 978 |     ) -> UIColor {
 979 |         UIColor { traitCollection in
 980 |             syntaxEditorColor(traitCollection.userInterfaceStyle == .dark ? dark : light)
     |                                               `- error: 'userInterfaceStyle' is unavailable in watchOS
 981 |         }
 982 |     }
/Applications/Xcode-27.0.0.app/Contents/Developer/Platforms/WatchOS.platform/Developer/SDKs/WatchOS27.0.sdk/System/Library/Frameworks/UIKit.framework/Headers/UITraitCollection.h:42:54: note: 'userInterfaceStyle' has been explicitly marked unavailable here
 40 |
 41 | + (UITraitCollection *)traitCollectionWithUserInterfaceStyle:(UIUserInterfaceStyle)userInterfaceStyle API_AVAILABLE(tvos(10.0)) API_AVAILABLE(ios(12.0)) API_UNAVAILABLE(watchos);
 42 | @property (nonatomic, readonly) UIUserInterfaceStyle userInterfaceStyle API_AVAILABLE(tvos(10.0)) API_AVAILABLE(ios(12.0)) API_UNAVAILABLE(watchos); // unspecified: UIUserInterfaceStyleUnspecified
    |                                                      `- note: 'userInterfaceStyle' has been explicitly marked unavailable here
 43 |
 44 | + (UITraitCollection *)traitCollectionWithLayoutDirection:(UITraitEnvironmentLayoutDirection)layoutDirection API_AVAILABLE(ios(10.0)) API_UNAVAILABLE(watchos);
Failed frontend command:
/Applications/Xcode-27.0.0.app/Contents/Developer/Toolchains/XcodeDefault.xctoolchain/usr/bin/swift-frontend -frontend -c /Users/admin/builder/spi-builder-workspace/Sources/SyntaxEditorTheme/BuiltInEditorThemes+Generated.swift -primary-file /Users/admin/builder/spi-builder-workspace/Sources/SyntaxEditorTheme/SyntaxEditorHighlightTheme.swift -emit-dependencies-path /Users/admin/builder/spi-builder-workspace/.derivedData/Build/Intermediates.noindex/SyntaxEditorUI.build/Debug-watchos/SyntaxEditorTheme-t.build/Objects-normal/arm64/SyntaxEditorHighlightTheme.d -emit-const-values-path /Users/admin/builder/spi-builder-workspace/.derivedData/Build/Intermediates.noindex/SyntaxEditorUI.build/Debug-watchos/SyntaxEditorTheme-t.build/Objects-normal/arm64/SyntaxEditorHighlightTheme.swiftconstvalues -emit-reference-dependencies-path /Users/admin/builder/spi-builder-workspace/.derivedData/Build/Intermediates.noindex/SyntaxEditorUI.build/Debug-watchos/SyntaxEditorTheme-t.build/Objects-normal/arm64/SyntaxEditorHighlightTheme.swiftdeps -serialize-diagnostics-path /Users/admin/builder/spi-builder-workspace/.derivedData/Build/Intermediates.noindex/SyntaxEditorUI.build/Debug-watchos/SyntaxEditorTheme-t.build/Objects-normal/arm64/SyntaxEditorHighlightTheme.dia -target arm64-apple-watchos11.4 -module-can-import-version UIKit 9127.0.84.1 9127.0.84 -disable-cross-import-overlay-search -load-resolved-plugin /Applications/Xcode-27.0.0.app/Contents/Developer/Platforms/WatchOS.platform/Developer/usr/lib/swift/host/plugins/libFoundationMacros.dylib\#/Applications/Xcode-27.0.0.app/Contents/Developer/Platforms/WatchOS.platform/Developer/usr/bin/swift-plugin-server\#FoundationMacros -load-resolved-plugin /Applications/Xcode-27.0.0.app/Contents/Developer/Platforms/WatchOS.platform/Developer/usr/lib/swift/host/plugins/libObservationMacros.dylib\#/Applications/Xcode-27.0.0.app/Contents/Developer/Platforms/WatchOS.platform/Developer/usr/bin/swift-plugin-server\#ObservationMacros -load-resolved-plugin /Applications/Xcode-27.0.0.app/Contents/Developer/Platforms/WatchOS.platform/Developer/usr/lib/swift/host/plugins/libSwiftMacros.dylib\#/Applications/Xcode-27.0.0.app/Contents/Developer/Platforms/WatchOS.platform/Developer/usr/bin/swift-plugin-server\#SwiftMacros -load-resolved-plugin /Applications/Xcode-27.0.0.app/Contents/Developer/Platforms/WatchOS.platform/Developer/usr/lib/swift/host/plugins/libSwiftUIMacros.dylib\#/Applications/Xcode-27.0.0.app/Contents/Developer/Platforms/WatchOS.platform/Developer/usr/bin/swift-plugin-server\#SwiftUIMacros -disable-implicit-swift-modules -Xcc -fno-implicit-modules -Xcc -fno-implicit-module-maps -explicit-swift-module-map-file /Users/admin/builder/spi-builder-workspace/.derivedData/Build/Intermediates.noindex/SyntaxEditorUI.build/Debug-watchos/SyntaxEditorTheme-t.build/Objects-normal/arm64/SyntaxEditorTheme-dependencies-2.json -Xllvm -aarch64-use-tbi -enable-objc-interop -stack-check -sdk /Applications/Xcode-27.0.0.app/Contents/Developer/Platforms/WatchOS.platform/Developer/SDKs/WatchOS27.0.sdk -I /Users/admin/builder/spi-builder-workspace/.derivedData/Build/Products/Debug-watchos -Isystem /Applications/Xcode-27.0.0.app/Contents/Developer/Platforms/WatchOS.platform/Developer/usr/lib -F /Users/admin/builder/spi-builder-workspace/.derivedData/Build/Products/Debug-watchos/PackageFrameworks -F /Users/admin/builder/spi-builder-workspace/.derivedData/Build/Products/Debug-watchos -F /Applications/Xcode-27.0.0.app/Contents/Developer/Platforms/WatchOS.platform/Developer/Library/Frameworks -F /Applications/Xcode-27.0.0.app/Contents/Developer/Platforms/WatchOS.platform/Developer/SDKs/WatchOS27.0.sdk/Developer/Library/Frameworks -module-cache-path /Users/admin/builder/spi-builder-workspace/.derivedData/Build/Intermediates.noindex/SwiftExplicitPrecompiledModules -no-color-diagnostics -Xcc -fno-color-diagnostics -enable-testing -g -debug-info-format\=dwarf -dwarf-version\=5 -profile-generate -profile-coverage-mapping -swift-version 6 -Onone -D SWIFT_PACKAGE -D DEBUG -D SWIFT_MODULE_RESOURCE_BUNDLE_UNAVAILABLE -D Xcode -serialize-debugging-options -enable-experimental-feature DebugDescriptionMacro -strict-memory-safety -default-isolation nonisolated -empty-abi-descriptor -validate-clang-modules-once -clang-build-session-file /Users/admin/builder/spi-builder-workspace/.derivedData/ModuleCache.noindex/Session.modulevalidation -Xcc -working-directory -Xcc /Users/admin/builder/spi-builder-workspace/.swiftpm/xcode -enable-anonymous-context-mangled-names -file-compilation-dir /Users/admin/builder/spi-builder-workspace/.swiftpm/xcode -Xcc -D_LIBCPP_HARDENING_MODE\=_LIBCPP_HARDENING_MODE_DEBUG -Xcc -ivfsstatcache -Xcc /Users/admin/builder/spi-builder-workspace/.derivedData/SDKStatCaches.noindex/watchos27.0-24R360-e829b21a6f8c9b70876ba0858053c044b9db9bc9c079ee3c7b5f3373b13d10bc.sdkstatcache -Xcc -fmodules-prune-interval\=86400 -Xcc -fmodules-prune-after\=345600 -Xcc -I/Users/admin/builder/spi-builder-workspace/.derivedData/Build/Products/Debug-watchos/include -Xcc -I/Users/admin/builder/spi-builder-workspace/.derivedData/Build/Intermediates.noindex/SyntaxEditorUI.build/Debug-watchos/SyntaxEditorTheme-t.build/DerivedSources-normal/arm64 -Xcc -I/Users/admin/builder/spi-builder-workspace/.derivedData/Build/Intermediates.noindex/SyntaxEditorUI.build/Debug-watchos/SyntaxEditorTheme-t.build/DerivedSources/arm64 -Xcc -I/Users/admin/builder/spi-builder-workspace/.derivedData/Build/Intermediates.noindex/SyntaxEditorUI.build/Debug-watchos/SyntaxEditorTheme-t.build/DerivedSources -Xcc -DSWIFT_PACKAGE -Xcc -DDEBUG\=1 -no-auto-bridging-header-chaining -module-name SyntaxEditorTheme -package-name spi_builder_workspace -const-gather-protocols-file /Users/admin/builder/spi-builder-workspace/.derivedData/Build/Intermediates.noindex/SyntaxEditorUI.build/Debug-watchos/SyntaxEditorTheme-t.build/Objects-normal/arm64/SyntaxEditorTheme_const_extract_protocols.json -disable-clang-spi -clang-target arm64-apple-watchos27.0 -target-sdk-version 27.0 -target-sdk-name watchos27.0 -in-process-plugin-server-path /Applications/Xcode-27.0.0.app/Contents/Developer/Toolchains/XcodeDefault.xctoolchain/usr/lib/swift/host/libSwiftInProcPluginServer.dylib -parse-as-library -o /Users/admin/builder/spi-builder-workspace/.derivedData/Build/Intermediates.noindex/SyntaxEditorUI.build/Debug-watchos/SyntaxEditorTheme-t.build/Objects-normal/arm64/SyntaxEditorHighlightTheme.o -debug-module-path /Users/admin/builder/spi-builder-workspace/.derivedData/Build/Intermediates.noindex/SyntaxEditorUI.build/Debug-watchos/SyntaxEditorTheme-t.build/Objects-normal/arm64/SyntaxEditorTheme.swiftmodule -index-unit-output-path /SyntaxEditorUI.build/Debug-watchos/SyntaxEditorTheme-t.build/Objects-normal/arm64/SyntaxEditorHighlightTheme.o -index-store-path /Users/admin/builder/spi-builder-workspace/.derivedData/Index.noindex/DataStore -index-system-modules
SwiftCompile normal arm64 /Users/admin/builder/spi-builder-workspace/Sources/SyntaxEditorTheme/SyntaxEditorHighlightTheme.swift (in target 'SyntaxEditorTheme' from project 'SyntaxEditorUI')
    cd /Users/admin/builder/spi-builder-workspace/.swiftpm/xcode
    builtin-SwiftPerFileCompile SyntaxEditorHighlightTheme.swift
SwiftCompile normal arm64_32 Compiling\ BuiltInEditorThemes+Generated.swift /Users/admin/builder/spi-builder-workspace/Sources/SyntaxEditorTheme/BuiltInEditorThemes+Generated.swift (in target 'SyntaxEditorTheme' from project 'SyntaxEditorUI')
SwiftCompile normal arm64_32 /Users/admin/builder/spi-builder-workspace/Sources/SyntaxEditorTheme/BuiltInEditorThemes+Generated.swift (in target 'SyntaxEditorTheme' from project 'SyntaxEditorUI')
    cd /Users/admin/builder/spi-builder-workspace/.swiftpm/xcode
    builtin-SwiftPerFileCompile BuiltInEditorThemes+Generated.swift
SwiftDriverJobDiscovery normal arm64 Emitting module for SyntaxEditorLanguageSwift (in target 'SyntaxEditorLanguageSwift' from project 'SyntaxEditorUI')
SwiftDriver\ Compilation\ Requirements SyntaxEditorLanguageSwift normal arm64 com.apple.xcode.tools.swift.compiler (in target 'SyntaxEditorLanguageSwift' from project 'SyntaxEditorUI')
    cd /Users/admin/builder/spi-builder-workspace/.swiftpm/xcode
    builtin-Swift-Compilation-Requirements -- /Applications/Xcode-27.0.0.app/Contents/Developer/Toolchains/XcodeDefault.xctoolchain/usr/bin/swiftc -parse-as-library -module-name SyntaxEditorLanguageSwift -Onone @/Users/admin/builder/spi-builder-workspace/.derivedData/Build/Intermediates.noindex/SyntaxEditorUI.build/Debug-watchos/SyntaxEditorLanguageSwift-t.build/Objects-normal/arm64/SyntaxEditorLanguageSwift.SwiftFileList -DSWIFT_PACKAGE -DDEBUG -DSWIFT_MODULE_RESOURCE_BUNDLE_AVAILABLE -Xcc -fmodule-map-file\=/Users/admin/builder/spi-builder-workspace/.derivedData/Build/Intermediates.noindex/GeneratedModuleMaps-watchos/TreeSitter.modulemap -Xcc -fmodule-map-file\=/Users/admin/builder/spi-builder-workspace/.derivedData/Build/Intermediates.noindex/GeneratedModuleMaps-watchos/TreeSitterSwift.modulemap -DXcode -default-isolation nonisolated -strict-memory-safety -plugin-path /Applications/Xcode-27.0.0.app/Contents/Developer/Toolchains/XcodeDefault.xctoolchain/usr/lib/swift/host/plugins/testing -enable-experimental-feature DebugDescriptionMacro -sdk /Applications/Xcode-27.0.0.app/Contents/Developer/Platforms/WatchOS.platform/Developer/SDKs/WatchOS27.0.sdk -target arm64-apple-watchos11.4 -g -module-cache-path /Users/admin/builder/spi-builder-workspace/.derivedData/ModuleCache.noindex -Xfrontend -serialize-debugging-options -profile-coverage-mapping -profile-generate -enable-testing -index-store-path /Users/admin/builder/spi-builder-workspace/.derivedData/Index.noindex/DataStore -Xcc -D_LIBCPP_HARDENING_MODE\=_LIBCPP_HARDENING_MODE_DEBUG -swift-version 6 -I /Users/admin/builder/spi-builder-workspace/.derivedData/Build/Products/Debug-watchos -Isystem /Applications/Xcode-27.0.0.app/Contents/Developer/Platforms/WatchOS.platform/Developer/usr/lib -F /Users/admin/builder/spi-builder-workspace/.derivedData/Build/Products/Debug-watchos/PackageFrameworks -F /Users/admin/builder/spi-builder-workspace/.derivedData/Build/Products/Debug-watchos -F /Applications/Xcode-27.0.0.app/Contents/Developer/Platforms/WatchOS.platform/Developer/Library/Frameworks -F /Applications/Xcode-27.0.0.app/Contents/Developer/Platforms/WatchOS.platform/Developer/SDKs/WatchOS27.0.sdk/Developer/Library/Frameworks -c -j10 -enable-batch-mode -incremental -Xcc -ivfsstatcache -Xcc /Users/admin/builder/spi-builder-workspace/.derivedData/SDKStatCaches.noindex/watchos27.0-24R360-e829b21a6f8c9b70876ba0858053c044b9db9bc9c079ee3c7b5f3373b13d10bc.sdkstatcache -output-file-map /Users/admin/builder/spi-builder-workspace/.derivedData/Build/Intermediates.noindex/SyntaxEditorUI.build/Debug-watchos/SyntaxEditorLanguageSwift-t.build/Objects-normal/arm64/SyntaxEditorLanguageSwift-OutputFileMap.json -save-temps -no-color-diagnostics -explicit-module-build -module-cache-path /Users/admin/builder/spi-builder-workspace/.derivedData/Build/Intermediates.noindex/SwiftExplicitPrecompiledModules -clang-scanner-module-cache-path /Users/admin/builder/spi-builder-workspace/.derivedData/ModuleCache.noindex -sdk-module-cache-path /Users/admin/builder/spi-builder-workspace/.derivedData/SDKExplicitPrecompiledModules -emit-dependencies -emit-module -emit-module-path /Users/admin/builder/spi-builder-workspace/.derivedData/Build/Intermediates.noindex/SyntaxEditorUI.build/Debug-watchos/SyntaxEditorLanguageSwift-t.build/Objects-normal/arm64/SyntaxEditorLanguageSwift.swiftmodule -serialize-diagnostics -dependency-scan-serialize-diagnostics-path /Users/admin/builder/spi-builder-workspace/.derivedData/Build/Intermediates.noindex/SyntaxEditorUI.build/Debug-watchos/SyntaxEditorLanguageSwift-t.build/Objects-normal/arm64/SyntaxEditorLanguageSwift-dependency-scan.dia -validate-clang-modules-once -clang-build-session-file /Users/admin/builder/spi-builder-workspace/.derivedData/ModuleCache.noindex/Session.modulevalidation -Xcc -fmodules-prune-interval\=86400 -Xcc -fmodules-prune-after\=345600 -package-name spi_builder_workspace -emit-const-values -const-gather-protocols-list /Users/admin/builder/spi-builder-workspace/.derivedData/Build/Intermediates.noindex/SyntaxEditorUI.build/Debug-watchos/SyntaxEditorLanguageSwift-t.build/Objects-normal/arm64/SyntaxEditorLanguageSwift_const_extract_protocols.json -Xcc -I/Users/admin/builder/spi-builder-workspace/.dependencies/checkouts/tree-sitter/lib/include -Xcc -I/Users/admin/builder/spi-builder-workspace/.dependencies/checkouts/tree-sitter-swift/bindings/swift -Xcc -I/Users/admin/builder/spi-builder-workspace/.derivedData/Build/Products/Debug-watchos/include -Xcc -I/Users/admin/builder/spi-builder-workspace/.derivedData/Build/Intermediates.noindex/SyntaxEditorUI.build/Debug-watchos/SyntaxEditorLanguageSwift-t.build/DerivedSources-normal/arm64 -Xcc -I/Users/admin/builder/spi-builder-workspace/.derivedData/Build/Intermediates.noindex/SyntaxEditorUI.build/Debug-watchos/SyntaxEditorLanguageSwift-t.build/DerivedSources/arm64 -Xcc -I/Users/admin/builder/spi-builder-workspace/.derivedData/Build/Intermediates.noindex/SyntaxEditorUI.build/Debug-watchos/SyntaxEditorLanguageSwift-t.build/DerivedSources -Xcc -DSWIFT_PACKAGE -Xcc -DDEBUG\=1 -emit-objc-header -emit-objc-header-path /Users/admin/builder/spi-builder-workspace/.derivedData/Build/Intermediates.noindex/SyntaxEditorUI.build/Debug-watchos/SyntaxEditorLanguageSwift-t.build/Objects-normal/arm64/SyntaxEditorLanguageSwift-Swift.h -working-directory /Users/admin/builder/spi-builder-workspace/.swiftpm/xcode -experimental-emit-module-separately -disable-cmo
SwiftEmitModule normal arm64_32 Emitting\ module\ for\ SyntaxEditorLanguageObjectiveC (in target 'SyntaxEditorLanguageObjectiveC' from project 'SyntaxEditorUI')
SwiftCompile normal arm64_32 (in target 'SyntaxEditorLanguageObjectiveC' from project 'SyntaxEditorUI')
    cd /Users/admin/builder/spi-builder-workspace/.swiftpm/xcode

SwiftMergeGeneratedHeaders /Users/admin/builder/spi-builder-workspace/.derivedData/Build/Intermediates.noindex/GeneratedModuleMaps-watchos/SyntaxEditorLanguageSwift-Swift.h /Users/admin/builder/spi-builder-workspace/.derivedData/Build/Intermediates.noindex/SyntaxEditorUI.build/Debug-watchos/SyntaxEditorLanguageSwift-t.build/Objects-normal/arm64/SyntaxEditorLanguageSwift-Swift.h /Users/admin/builder/spi-builder-workspace/.derivedData/Build/Intermediates.noindex/SyntaxEditorUI.build/Debug-watchos/SyntaxEditorLanguageSwift-t.build/Objects-normal/arm64_32/SyntaxEditorLanguageSwift-Swift.h (in target 'SyntaxEditorLanguageSwift' from project 'SyntaxEditorUI')
    cd /Users/admin/builder/spi-builder-workspace
    builtin-swiftHeaderTool -arch arm64 /Users/admin/builder/spi-builder-workspace/.derivedData/Build/Intermediates.noindex/SyntaxEditorUI.build/Debug-watchos/SyntaxEditorLanguageSwift-t.build/Objects-normal/arm64/SyntaxEditorLanguageSwift-Swift.h -arch arm64_32 /Users/admin/builder/spi-builder-workspace/.derivedData/Build/Intermediates.noindex/SyntaxEditorUI.build/Debug-watchos/SyntaxEditorLanguageSwift-t.build/Objects-normal/arm64_32/SyntaxEditorLanguageSwift-Swift.h -o /Users/admin/builder/spi-builder-workspace/.derivedData/Build/Intermediates.noindex/GeneratedModuleMaps-watchos/SyntaxEditorLanguageSwift-Swift.h
SwiftDriverJobDiscovery normal arm64 Emitting module for FileIOBinary (in target 'FileIOBinary' from project 'swift-fileio-extra')
Copy /Users/admin/builder/spi-builder-workspace/.derivedData/Build/Products/Debug-watchos/SyntaxEditorLanguageSwift.swiftmodule/arm64-apple-watchos.swiftmodule /Users/admin/builder/spi-builder-workspace/.derivedData/Build/Intermediates.noindex/SyntaxEditorUI.build/Debug-watchos/SyntaxEditorLanguageSwift-t.build/Objects-normal/arm64/SyntaxEditorLanguageSwift.swiftmodule (in target 'SyntaxEditorLanguageSwift' from project 'SyntaxEditorUI')
    cd /Users/admin/builder/spi-builder-workspace
    builtin-copy -exclude .DS_Store -exclude CVS -exclude .svn -exclude .git -exclude .hg -resolve-src-symlinks -rename /Users/admin/builder/spi-builder-workspace/.derivedData/Build/Intermediates.noindex/SyntaxEditorUI.build/Debug-watchos/SyntaxEditorLanguageSwift-t.build/Objects-normal/arm64/SyntaxEditorLanguageSwift.swiftmodule /Users/admin/builder/spi-builder-workspace/.derivedData/Build/Products/Debug-watchos/SyntaxEditorLanguageSwift.swiftmodule/arm64-apple-watchos.swiftmodule
Copy /Users/admin/builder/spi-builder-workspace/.derivedData/Build/Products/Debug-watchos/SyntaxEditorLanguageSwift.swiftmodule/arm64-apple-watchos.swiftdoc /Users/admin/builder/spi-builder-workspace/.derivedData/Build/Intermediates.noindex/SyntaxEditorUI.build/Debug-watchos/SyntaxEditorLanguageSwift-t.build/Objects-normal/arm64/SyntaxEditorLanguageSwift.swiftdoc (in target 'SyntaxEditorLanguageSwift' from project 'SyntaxEditorUI')
    cd /Users/admin/builder/spi-builder-workspace
    builtin-copy -exclude .DS_Store -exclude CVS -exclude .svn -exclude .git -exclude .hg -resolve-src-symlinks -rename /Users/admin/builder/spi-builder-workspace/.derivedData/Build/Intermediates.noindex/SyntaxEditorUI.build/Debug-watchos/SyntaxEditorLanguageSwift-t.build/Objects-normal/arm64/SyntaxEditorLanguageSwift.swiftdoc /Users/admin/builder/spi-builder-workspace/.derivedData/Build/Products/Debug-watchos/SyntaxEditorLanguageSwift.swiftmodule/arm64-apple-watchos.swiftdoc
Copy /Users/admin/builder/spi-builder-workspace/.derivedData/Build/Products/Debug-watchos/SyntaxEditorLanguageSwift.swiftmodule/arm64-apple-watchos.abi.json /Users/admin/builder/spi-builder-workspace/.derivedData/Build/Intermediates.noindex/SyntaxEditorUI.build/Debug-watchos/SyntaxEditorLanguageSwift-t.build/Objects-normal/arm64/SyntaxEditorLanguageSwift.abi.json (in target 'SyntaxEditorLanguageSwift' from project 'SyntaxEditorUI')
    cd /Users/admin/builder/spi-builder-workspace
    builtin-copy -exclude .DS_Store -exclude CVS -exclude .svn -exclude .git -exclude .hg -resolve-src-symlinks -rename /Users/admin/builder/spi-builder-workspace/.derivedData/Build/Intermediates.noindex/SyntaxEditorUI.build/Debug-watchos/SyntaxEditorLanguageSwift-t.build/Objects-normal/arm64/SyntaxEditorLanguageSwift.abi.json /Users/admin/builder/spi-builder-workspace/.derivedData/Build/Products/Debug-watchos/SyntaxEditorLanguageSwift.swiftmodule/arm64-apple-watchos.abi.json
Copy /Users/admin/builder/spi-builder-workspace/.derivedData/Build/Products/Debug-watchos/SyntaxEditorLanguageSwift.swiftmodule/Project/arm64-apple-watchos.swiftsourceinfo /Users/admin/builder/spi-builder-workspace/.derivedData/Build/Intermediates.noindex/SyntaxEditorUI.build/Debug-watchos/SyntaxEditorLanguageSwift-t.build/Objects-normal/arm64/SyntaxEditorLanguageSwift.swiftsourceinfo (in target 'SyntaxEditorLanguageSwift' from project 'SyntaxEditorUI')
    cd /Users/admin/builder/spi-builder-workspace
    builtin-copy -exclude .DS_Store -exclude CVS -exclude .svn -exclude .git -exclude .hg -resolve-src-symlinks -rename /Users/admin/builder/spi-builder-workspace/.derivedData/Build/Intermediates.noindex/SyntaxEditorUI.build/Debug-watchos/SyntaxEditorLanguageSwift-t.build/Objects-normal/arm64/SyntaxEditorLanguageSwift.swiftsourceinfo /Users/admin/builder/spi-builder-workspace/.derivedData/Build/Products/Debug-watchos/SyntaxEditorLanguageSwift.swiftmodule/Project/arm64-apple-watchos.swiftsourceinfo
SwiftDriver\ Compilation\ Requirements FileIOBinary normal arm64 com.apple.xcode.tools.swift.compiler (in target 'FileIOBinary' from project 'swift-fileio-extra')
    cd /Users/admin/builder/spi-builder-workspace/.swiftpm/xcode
    builtin-Swift-Compilation-Requirements -- /Applications/Xcode-27.0.0.app/Contents/Developer/Toolchains/XcodeDefault.xctoolchain/usr/bin/swiftc -parse-as-library -module-name FileIOBinary -Onone @/Users/admin/builder/spi-builder-workspace/.derivedData/Build/Intermediates.noindex/swift-fileio-extra.build/Debug-watchos/FileIOBinary-t.build/Objects-normal/arm64/FileIOBinary.SwiftFileList -DSWIFT_PACKAGE -DDEBUG -DSWIFT_MODULE_RESOURCE_BUNDLE_UNAVAILABLE -DXcode -plugin-path /Applications/Xcode-27.0.0.app/Contents/Developer/Toolchains/XcodeDefault.xctoolchain/usr/lib/swift/host/plugins/testing -enable-experimental-feature DebugDescriptionMacro -sdk /Applications/Xcode-27.0.0.app/Contents/Developer/Platforms/WatchOS.platform/Developer/SDKs/WatchOS27.0.sdk -target arm64-apple-watchos9.0 -g -module-cache-path /Users/admin/builder/spi-builder-workspace/.derivedData/ModuleCache.noindex -Xfrontend -serialize-debugging-options -profile-coverage-mapping -profile-generate -enable-testing -suppress-warnings -index-store-path /Users/admin/builder/spi-builder-workspace/.derivedData/Index.noindex/DataStore -Xcc -D_LIBCPP_HARDENING_MODE\=_LIBCPP_HARDENING_MODE_DEBUG -swift-version 5 -I /Users/admin/builder/spi-builder-workspace/.derivedData/Build/Products/Debug-watchos -Isystem /Applications/Xcode-27.0.0.app/Contents/Developer/Platforms/WatchOS.platform/Developer/usr/lib -F /Users/admin/builder/spi-builder-workspace/.derivedData/Build/Products/Debug-watchos/PackageFrameworks -F /Users/admin/builder/spi-builder-workspace/.derivedData/Build/Products/Debug-watchos -F /Applications/Xcode-27.0.0.app/Contents/Developer/Platforms/WatchOS.platform/Developer/Library/Frameworks -F /Applications/Xcode-27.0.0.app/Contents/Developer/Platforms/WatchOS.platform/Developer/SDKs/WatchOS27.0.sdk/Developer/Library/Frameworks -c -j10 -enable-batch-mode -incremental -Xcc -ivfsstatcache -Xcc /Users/admin/builder/spi-builder-workspace/.derivedData/SDKStatCaches.noindex/watchos27.0-24R360-e829b21a6f8c9b70876ba0858053c044b9db9bc9c079ee3c7b5f3373b13d10bc.sdkstatcache -output-file-map /Users/admin/builder/spi-builder-workspace/.derivedData/Build/Intermediates.noindex/swift-fileio-extra.build/Debug-watchos/FileIOBinary-t.build/Objects-normal/arm64/FileIOBinary-OutputFileMap.json -save-temps -no-color-diagnostics -explicit-module-build -module-cache-path /Users/admin/builder/spi-builder-workspace/.derivedData/Build/Intermediates.noindex/SwiftExplicitPrecompiledModules -clang-scanner-module-cache-path /Users/admin/builder/spi-builder-workspace/.derivedData/ModuleCache.noindex -sdk-module-cache-path /Users/admin/builder/spi-builder-workspace/.derivedData/SDKExplicitPrecompiledModules -emit-dependencies -emit-module -emit-module-path /Users/admin/builder/spi-builder-workspace/.derivedData/Build/Intermediates.noindex/swift-fileio-extra.build/Debug-watchos/FileIOBinary-t.build/Objects-normal/arm64/FileIOBinary.swiftmodule -serialize-diagnostics -dependency-scan-serialize-diagnostics-path /Users/admin/builder/spi-builder-workspace/.derivedData/Build/Intermediates.noindex/swift-fileio-extra.build/Debug-watchos/FileIOBinary-t.build/Objects-normal/arm64/FileIOBinary-dependency-scan.dia -validate-clang-modules-once -clang-build-session-file /Users/admin/builder/spi-builder-workspace/.derivedData/ModuleCache.noindex/Session.modulevalidation -Xcc -fmodules-prune-interval\=86400 -Xcc -fmodules-prune-after\=345600 -package-name swift_fileio_extra -emit-const-values -const-gather-protocols-list /Users/admin/builder/spi-builder-workspace/.derivedData/Build/Intermediates.noindex/swift-fileio-extra.build/Debug-watchos/FileIOBinary-t.build/Objects-normal/arm64/FileIOBinary_const_extract_protocols.json -Xcc -I/Users/admin/builder/spi-builder-workspace/.derivedData/Build/Products/Debug-watchos/include -Xcc -I/Users/admin/builder/spi-builder-workspace/.derivedData/Build/Intermediates.noindex/swift-fileio-extra.build/Debug-watchos/FileIOBinary-t.build/DerivedSources-normal/arm64 -Xcc -I/Users/admin/builder/spi-builder-workspace/.derivedData/Build/Intermediates.noindex/swift-fileio-extra.build/Debug-watchos/FileIOBinary-t.build/DerivedSources/arm64 -Xcc -I/Users/admin/builder/spi-builder-workspace/.derivedData/Build/Intermediates.noindex/swift-fileio-extra.build/Debug-watchos/FileIOBinary-t.build/DerivedSources -Xcc -DSWIFT_PACKAGE -Xcc -DDEBUG\=1 -emit-objc-header -emit-objc-header-path /Users/admin/builder/spi-builder-workspace/.derivedData/Build/Intermediates.noindex/swift-fileio-extra.build/Debug-watchos/FileIOBinary-t.build/Objects-normal/arm64/FileIOBinary-Swift.h -working-directory /Users/admin/builder/spi-builder-workspace/.swiftpm/xcode -experimental-emit-module-separately -disable-cmo
SwiftCompile normal arm64 Compiling\ resource_bundle_accessor.swift /Users/admin/builder/spi-builder-workspace/.derivedData/Build/Intermediates.noindex/SyntaxEditorUI.build/Debug-watchos/SyntaxEditorLanguageSwift-t.build/DerivedSources/resource_bundle_accessor.swift (in target 'SyntaxEditorLanguageSwift' from project 'SyntaxEditorUI')
SwiftCompile normal arm64 /Users/admin/builder/spi-builder-workspace/.derivedData/Build/Intermediates.noindex/SyntaxEditorUI.build/Debug-watchos/SyntaxEditorLanguageSwift-t.build/DerivedSources/resource_bundle_accessor.swift (in target 'SyntaxEditorLanguageSwift' from project 'SyntaxEditorUI')
    cd /Users/admin/builder/spi-builder-workspace/.swiftpm/xcode
    builtin-SwiftPerFileCompile resource_bundle_accessor.swift
SwiftMergeGeneratedHeaders /Users/admin/builder/spi-builder-workspace/.derivedData/Build/Intermediates.noindex/GeneratedModuleMaps-watchos/FileIOBinary-Swift.h /Users/admin/builder/spi-builder-workspace/.derivedData/Build/Intermediates.noindex/swift-fileio-extra.build/Debug-watchos/FileIOBinary-t.build/Objects-normal/arm64/FileIOBinary-Swift.h /Users/admin/builder/spi-builder-workspace/.derivedData/Build/Intermediates.noindex/swift-fileio-extra.build/Debug-watchos/FileIOBinary-t.build/Objects-normal/arm64_32/FileIOBinary-Swift.h (in target 'FileIOBinary' from project 'swift-fileio-extra')
    cd /Users/admin/builder/spi-builder-workspace/.dependencies/checkouts/swift-fileio-extra
    builtin-swiftHeaderTool -arch arm64 /Users/admin/builder/spi-builder-workspace/.derivedData/Build/Intermediates.noindex/swift-fileio-extra.build/Debug-watchos/FileIOBinary-t.build/Objects-normal/arm64/FileIOBinary-Swift.h -arch arm64_32 /Users/admin/builder/spi-builder-workspace/.derivedData/Build/Intermediates.noindex/swift-fileio-extra.build/Debug-watchos/FileIOBinary-t.build/Objects-normal/arm64_32/FileIOBinary-Swift.h -o /Users/admin/builder/spi-builder-workspace/.derivedData/Build/Intermediates.noindex/GeneratedModuleMaps-watchos/FileIOBinary-Swift.h
SwiftDriverJobDiscovery normal arm64 Emitting module for SyntaxEditorLanguageObjectiveC (in target 'SyntaxEditorLanguageObjectiveC' from project 'SyntaxEditorUI')
SwiftDriver\ Compilation\ Requirements SyntaxEditorLanguageObjectiveC normal arm64 com.apple.xcode.tools.swift.compiler (in target 'SyntaxEditorLanguageObjectiveC' from project 'SyntaxEditorUI')
    cd /Users/admin/builder/spi-builder-workspace/.swiftpm/xcode
    builtin-Swift-Compilation-Requirements -- /Applications/Xcode-27.0.0.app/Contents/Developer/Toolchains/XcodeDefault.xctoolchain/usr/bin/swiftc -parse-as-library -module-name SyntaxEditorLanguageObjectiveC -Onone @/Users/admin/builder/spi-builder-workspace/.derivedData/Build/Intermediates.noindex/SyntaxEditorUI.build/Debug-watchos/SyntaxEditorLanguageObjectiveC-t.build/Objects-normal/arm64/SyntaxEditorLanguageObjectiveC.SwiftFileList -DSWIFT_PACKAGE -DDEBUG -DSWIFT_MODULE_RESOURCE_BUNDLE_AVAILABLE -Xcc -fmodule-map-file\=/Users/admin/builder/spi-builder-workspace/.derivedData/Build/Intermediates.noindex/GeneratedModuleMaps-watchos/TreeSitter.modulemap -Xcc -fmodule-map-file\=/Users/admin/builder/spi-builder-workspace/.derivedData/Build/Intermediates.noindex/GeneratedModuleMaps-watchos/TreeSitterObjc.modulemap -DXcode -default-isolation nonisolated -strict-memory-safety -plugin-path /Applications/Xcode-27.0.0.app/Contents/Developer/Toolchains/XcodeDefault.xctoolchain/usr/lib/swift/host/plugins/testing -enable-experimental-feature DebugDescriptionMacro -sdk /Applications/Xcode-27.0.0.app/Contents/Developer/Platforms/WatchOS.platform/Developer/SDKs/WatchOS27.0.sdk -target arm64-apple-watchos11.4 -g -module-cache-path /Users/admin/builder/spi-builder-workspace/.derivedData/ModuleCache.noindex -Xfrontend -serialize-debugging-options -profile-coverage-mapping -profile-generate -enable-testing -index-store-path /Users/admin/builder/spi-builder-workspace/.derivedData/Index.noindex/DataStore -Xcc -D_LIBCPP_HARDENING_MODE\=_LIBCPP_HARDENING_MODE_DEBUG -swift-version 6 -I /Users/admin/builder/spi-builder-workspace/.derivedData/Build/Products/Debug-watchos -Isystem /Applications/Xcode-27.0.0.app/Contents/Developer/Platforms/WatchOS.platform/Developer/usr/lib -F /Users/admin/builder/spi-builder-workspace/.derivedData/Build/Products/Debug-watchos/PackageFrameworks -F /Users/admin/builder/spi-builder-workspace/.derivedData/Build/Products/Debug-watchos -F /Applications/Xcode-27.0.0.app/Contents/Developer/Platforms/WatchOS.platform/Developer/Library/Frameworks -F /Applications/Xcode-27.0.0.app/Contents/Developer/Platforms/WatchOS.platform/Developer/SDKs/WatchOS27.0.sdk/Developer/Library/Frameworks -c -j10 -enable-batch-mode -incremental -Xcc -ivfsstatcache -Xcc /Users/admin/builder/spi-builder-workspace/.derivedData/SDKStatCaches.noindex/watchos27.0-24R360-e829b21a6f8c9b70876ba0858053c044b9db9bc9c079ee3c7b5f3373b13d10bc.sdkstatcache -output-file-map /Users/admin/builder/spi-builder-workspace/.derivedData/Build/Intermediates.noindex/SyntaxEditorUI.build/Debug-watchos/SyntaxEditorLanguageObjectiveC-t.build/Objects-normal/arm64/SyntaxEditorLanguageObjectiveC-OutputFileMap.json -save-temps -no-color-diagnostics -explicit-module-build -module-cache-path /Users/admin/builder/spi-builder-workspace/.derivedData/Build/Intermediates.noindex/SwiftExplicitPrecompiledModules -clang-scanner-module-cache-path /Users/admin/builder/spi-builder-workspace/.derivedData/ModuleCache.noindex -sdk-module-cache-path /Users/admin/builder/spi-builder-workspace/.derivedData/SDKExplicitPrecompiledModules -emit-dependencies -emit-module -emit-module-path /Users/admin/builder/spi-builder-workspace/.derivedData/Build/Intermediates.noindex/SyntaxEditorUI.build/Debug-watchos/SyntaxEditorLanguageObjectiveC-t.build/Objects-normal/arm64/SyntaxEditorLanguageObjectiveC.swiftmodule -serialize-diagnostics -dependency-scan-serialize-diagnostics-path /Users/admin/builder/spi-builder-workspace/.derivedData/Build/Intermediates.noindex/SyntaxEditorUI.build/Debug-watchos/SyntaxEditorLanguageObjectiveC-t.build/Objects-normal/arm64/SyntaxEditorLanguageObjectiveC-dependency-scan.dia -validate-clang-modules-once -clang-build-session-file /Users/admin/builder/spi-builder-workspace/.derivedData/ModuleCache.noindex/Session.modulevalidation -Xcc -fmodules-prune-interval\=86400 -Xcc -fmodules-prune-after\=345600 -package-name spi_builder_workspace -emit-const-values -const-gather-protocols-list /Users/admin/builder/spi-builder-workspace/.derivedData/Build/Intermediates.noindex/SyntaxEditorUI.build/Debug-watchos/SyntaxEditorLanguageObjectiveC-t.build/Objects-normal/arm64/SyntaxEditorLanguageObjectiveC_const_extract_protocols.json -Xcc -I/Users/admin/builder/spi-builder-workspace/.dependencies/checkouts/tree-sitter/lib/include -Xcc -I/Users/admin/builder/spi-builder-workspace/.dependencies/checkouts/tree-sitter-objc/bindings/swift -Xcc -I/Users/admin/builder/spi-builder-workspace/.derivedData/Build/Products/Debug-watchos/include -Xcc -I/Users/admin/builder/spi-builder-workspace/.derivedData/Build/Intermediates.noindex/SyntaxEditorUI.build/Debug-watchos/SyntaxEditorLanguageObjectiveC-t.build/DerivedSources-normal/arm64 -Xcc -I/Users/admin/builder/spi-builder-workspace/.derivedData/Build/Intermediates.noindex/SyntaxEditorUI.build/Debug-watchos/SyntaxEditorLanguageObjectiveC-t.build/DerivedSources/arm64 -Xcc -I/Users/admin/builder/spi-builder-workspace/.derivedData/Build/Intermediates.noindex/SyntaxEditorUI.build/Debug-watchos/SyntaxEditorLanguageObjectiveC-t.build/DerivedSources -Xcc -DSWIFT_PACKAGE -Xcc -DDEBUG\=1 -emit-objc-header -emit-objc-header-path /Users/admin/builder/spi-builder-workspace/.derivedData/Build/Intermediates.noindex/SyntaxEditorUI.build/Debug-watchos/SyntaxEditorLanguageObjectiveC-t.build/Objects-normal/arm64/SyntaxEditorLanguageObjectiveC-Swift.h -working-directory /Users/admin/builder/spi-builder-workspace/.swiftpm/xcode -experimental-emit-module-separately -disable-cmo
Copy /Users/admin/builder/spi-builder-workspace/.derivedData/Build/Products/Debug-watchos/FileIOBinary.swiftmodule/arm64-apple-watchos.swiftmodule /Users/admin/builder/spi-builder-workspace/.derivedData/Build/Intermediates.noindex/swift-fileio-extra.build/Debug-watchos/FileIOBinary-t.build/Objects-normal/arm64/FileIOBinary.swiftmodule (in target 'FileIOBinary' from project 'swift-fileio-extra')
    cd /Users/admin/builder/spi-builder-workspace/.dependencies/checkouts/swift-fileio-extra
    builtin-copy -exclude .DS_Store -exclude CVS -exclude .svn -exclude .git -exclude .hg -resolve-src-symlinks -rename /Users/admin/builder/spi-builder-workspace/.derivedData/Build/Intermediates.noindex/swift-fileio-extra.build/Debug-watchos/FileIOBinary-t.build/Objects-normal/arm64/FileIOBinary.swiftmodule /Users/admin/builder/spi-builder-workspace/.derivedData/Build/Products/Debug-watchos/FileIOBinary.swiftmodule/arm64-apple-watchos.swiftmodule
Copy /Users/admin/builder/spi-builder-workspace/.derivedData/Build/Products/Debug-watchos/SyntaxEditorLanguageObjectiveC.swiftmodule/arm64-apple-watchos.swiftmodule /Users/admin/builder/spi-builder-workspace/.derivedData/Build/Intermediates.noindex/SyntaxEditorUI.build/Debug-watchos/SyntaxEditorLanguageObjectiveC-t.build/Objects-normal/arm64/SyntaxEditorLanguageObjectiveC.swiftmodule (in target 'SyntaxEditorLanguageObjectiveC' from project 'SyntaxEditorUI')
    cd /Users/admin/builder/spi-builder-workspace
    builtin-copy -exclude .DS_Store -exclude CVS -exclude .svn -exclude .git -exclude .hg -resolve-src-symlinks -rename /Users/admin/builder/spi-builder-workspace/.derivedData/Build/Intermediates.noindex/SyntaxEditorUI.build/Debug-watchos/SyntaxEditorLanguageObjectiveC-t.build/Objects-normal/arm64/SyntaxEditorLanguageObjectiveC.swiftmodule /Users/admin/builder/spi-builder-workspace/.derivedData/Build/Products/Debug-watchos/SyntaxEditorLanguageObjectiveC.swiftmodule/arm64-apple-watchos.swiftmodule
Copy /Users/admin/builder/spi-builder-workspace/.derivedData/Build/Products/Debug-watchos/SyntaxEditorLanguageObjectiveC.swiftmodule/arm64-apple-watchos.swiftdoc /Users/admin/builder/spi-builder-workspace/.derivedData/Build/Intermediates.noindex/SyntaxEditorUI.build/Debug-watchos/SyntaxEditorLanguageObjectiveC-t.build/Objects-normal/arm64/SyntaxEditorLanguageObjectiveC.swiftdoc (in target 'SyntaxEditorLanguageObjectiveC' from project 'SyntaxEditorUI')
    cd /Users/admin/builder/spi-builder-workspace
    builtin-copy -exclude .DS_Store -exclude CVS -exclude .svn -exclude .git -exclude .hg -resolve-src-symlinks -rename /Users/admin/builder/spi-builder-workspace/.derivedData/Build/Intermediates.noindex/SyntaxEditorUI.build/Debug-watchos/SyntaxEditorLanguageObjectiveC-t.build/Objects-normal/arm64/SyntaxEditorLanguageObjectiveC.swiftdoc /Users/admin/builder/spi-builder-workspace/.derivedData/Build/Products/Debug-watchos/SyntaxEditorLanguageObjectiveC.swiftmodule/arm64-apple-watchos.swiftdoc
Copy /Users/admin/builder/spi-builder-workspace/.derivedData/Build/Products/Debug-watchos/SyntaxEditorLanguageObjectiveC.swiftmodule/arm64-apple-watchos.abi.json /Users/admin/builder/spi-builder-workspace/.derivedData/Build/Intermediates.noindex/SyntaxEditorUI.build/Debug-watchos/SyntaxEditorLanguageObjectiveC-t.build/Objects-normal/arm64/SyntaxEditorLanguageObjectiveC.abi.json (in target 'SyntaxEditorLanguageObjectiveC' from project 'SyntaxEditorUI')
    cd /Users/admin/builder/spi-builder-workspace
    builtin-copy -exclude .DS_Store -exclude CVS -exclude .svn -exclude .git -exclude .hg -resolve-src-symlinks -rename /Users/admin/builder/spi-builder-workspace/.derivedData/Build/Intermediates.noindex/SyntaxEditorUI.build/Debug-watchos/SyntaxEditorLanguageObjectiveC-t.build/Objects-normal/arm64/SyntaxEditorLanguageObjectiveC.abi.json /Users/admin/builder/spi-builder-workspace/.derivedData/Build/Products/Debug-watchos/SyntaxEditorLanguageObjectiveC.swiftmodule/arm64-apple-watchos.abi.json
Copy /Users/admin/builder/spi-builder-workspace/.derivedData/Build/Products/Debug-watchos/SyntaxEditorLanguageObjectiveC.swiftmodule/Project/arm64-apple-watchos.swiftsourceinfo /Users/admin/builder/spi-builder-workspace/.derivedData/Build/Intermediates.noindex/SyntaxEditorUI.build/Debug-watchos/SyntaxEditorLanguageObjectiveC-t.build/Objects-normal/arm64/SyntaxEditorLanguageObjectiveC.swiftsourceinfo (in target 'SyntaxEditorLanguageObjectiveC' from project 'SyntaxEditorUI')
    cd /Users/admin/builder/spi-builder-workspace
    builtin-copy -exclude .DS_Store -exclude CVS -exclude .svn -exclude .git -exclude .hg -resolve-src-symlinks -rename /Users/admin/builder/spi-builder-workspace/.derivedData/Build/Intermediates.noindex/SyntaxEditorUI.build/Debug-watchos/SyntaxEditorLanguageObjectiveC-t.build/Objects-normal/arm64/SyntaxEditorLanguageObjectiveC.swiftsourceinfo /Users/admin/builder/spi-builder-workspace/.derivedData/Build/Products/Debug-watchos/SyntaxEditorLanguageObjectiveC.swiftmodule/Project/arm64-apple-watchos.swiftsourceinfo
Copy /Users/admin/builder/spi-builder-workspace/.derivedData/Build/Products/Debug-watchos/FileIOBinary.swiftmodule/arm64-apple-watchos.swiftdoc /Users/admin/builder/spi-builder-workspace/.derivedData/Build/Intermediates.noindex/swift-fileio-extra.build/Debug-watchos/FileIOBinary-t.build/Objects-normal/arm64/FileIOBinary.swiftdoc (in target 'FileIOBinary' from project 'swift-fileio-extra')
    cd /Users/admin/builder/spi-builder-workspace/.dependencies/checkouts/swift-fileio-extra
    builtin-copy -exclude .DS_Store -exclude CVS -exclude .svn -exclude .git -exclude .hg -resolve-src-symlinks -rename /Users/admin/builder/spi-builder-workspace/.derivedData/Build/Intermediates.noindex/swift-fileio-extra.build/Debug-watchos/FileIOBinary-t.build/Objects-normal/arm64/FileIOBinary.swiftdoc /Users/admin/builder/spi-builder-workspace/.derivedData/Build/Products/Debug-watchos/FileIOBinary.swiftmodule/arm64-apple-watchos.swiftdoc
Copy /Users/admin/builder/spi-builder-workspace/.derivedData/Build/Products/Debug-watchos/FileIOBinary.swiftmodule/arm64-apple-watchos.abi.json /Users/admin/builder/spi-builder-workspace/.derivedData/Build/Intermediates.noindex/swift-fileio-extra.build/Debug-watchos/FileIOBinary-t.build/Objects-normal/arm64/FileIOBinary.abi.json (in target 'FileIOBinary' from project 'swift-fileio-extra')
    cd /Users/admin/builder/spi-builder-workspace/.dependencies/checkouts/swift-fileio-extra
    builtin-copy -exclude .DS_Store -exclude CVS -exclude .svn -exclude .git -exclude .hg -resolve-src-symlinks -rename /Users/admin/builder/spi-builder-workspace/.derivedData/Build/Intermediates.noindex/swift-fileio-extra.build/Debug-watchos/FileIOBinary-t.build/Objects-normal/arm64/FileIOBinary.abi.json /Users/admin/builder/spi-builder-workspace/.derivedData/Build/Products/Debug-watchos/FileIOBinary.swiftmodule/arm64-apple-watchos.abi.json
Copy /Users/admin/builder/spi-builder-workspace/.derivedData/Build/Products/Debug-watchos/FileIOBinary.swiftmodule/Project/arm64-apple-watchos.swiftsourceinfo /Users/admin/builder/spi-builder-workspace/.derivedData/Build/Intermediates.noindex/swift-fileio-extra.build/Debug-watchos/FileIOBinary-t.build/Objects-normal/arm64/FileIOBinary.swiftsourceinfo (in target 'FileIOBinary' from project 'swift-fileio-extra')
    cd /Users/admin/builder/spi-builder-workspace/.dependencies/checkouts/swift-fileio-extra
    builtin-copy -exclude .DS_Store -exclude CVS -exclude .svn -exclude .git -exclude .hg -resolve-src-symlinks -rename /Users/admin/builder/spi-builder-workspace/.derivedData/Build/Intermediates.noindex/swift-fileio-extra.build/Debug-watchos/FileIOBinary-t.build/Objects-normal/arm64/FileIOBinary.swiftsourceinfo /Users/admin/builder/spi-builder-workspace/.derivedData/Build/Products/Debug-watchos/FileIOBinary.swiftmodule/Project/arm64-apple-watchos.swiftsourceinfo
SwiftCompile normal arm64_32 Compiling\ SwiftScopeIndex.swift /Users/admin/builder/spi-builder-workspace/Sources/SyntaxEditorLanguageSwift/SwiftScopeIndex.swift (in target 'SyntaxEditorLanguageSwift' from project 'SyntaxEditorUI')
SwiftCompile normal arm64_32 /Users/admin/builder/spi-builder-workspace/Sources/SyntaxEditorLanguageSwift/SwiftScopeIndex.swift (in target 'SyntaxEditorLanguageSwift' from project 'SyntaxEditorUI')
    cd /Users/admin/builder/spi-builder-workspace/.swiftpm/xcode
    builtin-SwiftPerFileCompile SwiftScopeIndex.swift
SwiftCompile normal arm64 Compiling\ SwiftLanguage.swift /Users/admin/builder/spi-builder-workspace/Sources/SyntaxEditorLanguageSwift/SwiftLanguage.swift (in target 'SyntaxEditorLanguageSwift' from project 'SyntaxEditorUI')
SwiftCompile normal arm64 /Users/admin/builder/spi-builder-workspace/Sources/SyntaxEditorLanguageSwift/SwiftLanguage.swift (in target 'SyntaxEditorLanguageSwift' from project 'SyntaxEditorUI')
    cd /Users/admin/builder/spi-builder-workspace/.swiftpm/xcode
    builtin-SwiftPerFileCompile SwiftLanguage.swift
SwiftDriverJobDiscovery normal arm64 Compiling resource_bundle_accessor.swift (in target 'SyntaxEditorLanguageSwift' from project 'SyntaxEditorUI')
SwiftCompile normal arm64 Compiling\ SwiftScopeIndex.swift /Users/admin/builder/spi-builder-workspace/Sources/SyntaxEditorLanguageSwift/SwiftScopeIndex.swift (in target 'SyntaxEditorLanguageSwift' from project 'SyntaxEditorUI')
SwiftCompile normal arm64 /Users/admin/builder/spi-builder-workspace/Sources/SyntaxEditorLanguageSwift/SwiftScopeIndex.swift (in target 'SyntaxEditorLanguageSwift' from project 'SyntaxEditorUI')
    cd /Users/admin/builder/spi-builder-workspace/.swiftpm/xcode
    builtin-SwiftPerFileCompile SwiftScopeIndex.swift
SwiftDriverJobDiscovery normal arm64_32 Emitting module for SyntaxEditorLanguageObjectiveC (in target 'SyntaxEditorLanguageObjectiveC' from project 'SyntaxEditorUI')
SwiftDriver\ Compilation\ Requirements SyntaxEditorLanguageObjectiveC normal arm64_32 com.apple.xcode.tools.swift.compiler (in target 'SyntaxEditorLanguageObjectiveC' from project 'SyntaxEditorUI')
    cd /Users/admin/builder/spi-builder-workspace/.swiftpm/xcode
    builtin-Swift-Compilation-Requirements -- /Applications/Xcode-27.0.0.app/Contents/Developer/Toolchains/XcodeDefault.xctoolchain/usr/bin/swiftc -parse-as-library -module-name SyntaxEditorLanguageObjectiveC -Onone @/Users/admin/builder/spi-builder-workspace/.derivedData/Build/Intermediates.noindex/SyntaxEditorUI.build/Debug-watchos/SyntaxEditorLanguageObjectiveC-t.build/Objects-normal/arm64_32/SyntaxEditorLanguageObjectiveC.SwiftFileList -DSWIFT_PACKAGE -DDEBUG -DSWIFT_MODULE_RESOURCE_BUNDLE_AVAILABLE -Xcc -fmodule-map-file\=/Users/admin/builder/spi-builder-workspace/.derivedData/Build/Intermediates.noindex/GeneratedModuleMaps-watchos/TreeSitter.modulemap -Xcc -fmodule-map-file\=/Users/admin/builder/spi-builder-workspace/.derivedData/Build/Intermediates.noindex/GeneratedModuleMaps-watchos/TreeSitterObjc.modulemap -DXcode -default-isolation nonisolated -strict-memory-safety -plugin-path /Applications/Xcode-27.0.0.app/Contents/Developer/Toolchains/XcodeDefault.xctoolchain/usr/lib/swift/host/plugins/testing -enable-experimental-feature DebugDescriptionMacro -sdk /Applications/Xcode-27.0.0.app/Contents/Developer/Platforms/WatchOS.platform/Developer/SDKs/WatchOS27.0.sdk -target arm64_32-apple-watchos11.4 -g -module-cache-path /Users/admin/builder/spi-builder-workspace/.derivedData/ModuleCache.noindex -Xfrontend -serialize-debugging-options -profile-coverage-mapping -profile-generate -enable-testing -index-store-path /Users/admin/builder/spi-builder-workspace/.derivedData/Index.noindex/DataStore -Xcc -D_LIBCPP_HARDENING_MODE\=_LIBCPP_HARDENING_MODE_DEBUG -swift-version 6 -I /Users/admin/builder/spi-builder-workspace/.derivedData/Build/Products/Debug-watchos -Isystem /Applications/Xcode-27.0.0.app/Contents/Developer/Platforms/WatchOS.platform/Developer/usr/lib -F /Users/admin/builder/spi-builder-workspace/.derivedData/Build/Products/Debug-watchos/PackageFrameworks -F /Users/admin/builder/spi-builder-workspace/.derivedData/Build/Products/Debug-watchos -F /Applications/Xcode-27.0.0.app/Contents/Developer/Platforms/WatchOS.platform/Developer/Library/Frameworks -F /Applications/Xcode-27.0.0.app/Contents/Developer/Platforms/WatchOS.platform/Developer/SDKs/WatchOS27.0.sdk/Developer/Library/Frameworks -c -j10 -enable-batch-mode -incremental -Xcc -ivfsstatcache -Xcc /Users/admin/builder/spi-builder-workspace/.derivedData/SDKStatCaches.noindex/watchos27.0-24R360-e829b21a6f8c9b70876ba0858053c044b9db9bc9c079ee3c7b5f3373b13d10bc.sdkstatcache -output-file-map /Users/admin/builder/spi-builder-workspace/.derivedData/Build/Intermediates.noindex/SyntaxEditorUI.build/Debug-watchos/SyntaxEditorLanguageObjectiveC-t.build/Objects-normal/arm64_32/SyntaxEditorLanguageObjectiveC-OutputFileMap.json -save-temps -no-color-diagnostics -explicit-module-build -module-cache-path /Users/admin/builder/spi-builder-workspace/.derivedData/Build/Intermediates.noindex/SwiftExplicitPrecompiledModules -clang-scanner-module-cache-path /Users/admin/builder/spi-builder-workspace/.derivedData/ModuleCache.noindex -sdk-module-cache-path /Users/admin/builder/spi-builder-workspace/.derivedData/SDKExplicitPrecompiledModules -emit-dependencies -emit-module -emit-module-path /Users/admin/builder/spi-builder-workspace/.derivedData/Build/Intermediates.noindex/SyntaxEditorUI.build/Debug-watchos/SyntaxEditorLanguageObjectiveC-t.build/Objects-normal/arm64_32/SyntaxEditorLanguageObjectiveC.swiftmodule -serialize-diagnostics -dependency-scan-serialize-diagnostics-path /Users/admin/builder/spi-builder-workspace/.derivedData/Build/Intermediates.noindex/SyntaxEditorUI.build/Debug-watchos/SyntaxEditorLanguageObjectiveC-t.build/Objects-normal/arm64_32/SyntaxEditorLanguageObjectiveC-dependency-scan.dia -validate-clang-modules-once -clang-build-session-file /Users/admin/builder/spi-builder-workspace/.derivedData/ModuleCache.noindex/Session.modulevalidation -Xcc -fmodules-prune-interval\=86400 -Xcc -fmodules-prune-after\=345600 -package-name spi_builder_workspace -emit-const-values -const-gather-protocols-list /Users/admin/builder/spi-builder-workspace/.derivedData/Build/Intermediates.noindex/SyntaxEditorUI.build/Debug-watchos/SyntaxEditorLanguageObjectiveC-t.build/Objects-normal/arm64_32/SyntaxEditorLanguageObjectiveC_const_extract_protocols.json -Xcc -I/Users/admin/builder/spi-builder-workspace/.dependencies/checkouts/tree-sitter/lib/include -Xcc -I/Users/admin/builder/spi-builder-workspace/.dependencies/checkouts/tree-sitter-objc/bindings/swift -Xcc -I/Users/admin/builder/spi-builder-workspace/.derivedData/Build/Products/Debug-watchos/include -Xcc -I/Users/admin/builder/spi-builder-workspace/.derivedData/Build/Intermediates.noindex/SyntaxEditorUI.build/Debug-watchos/SyntaxEditorLanguageObjectiveC-t.build/DerivedSources-normal/arm64_32 -Xcc -I/Users/admin/builder/spi-builder-workspace/.derivedData/Build/Intermediates.noindex/SyntaxEditorUI.build/Debug-watchos/SyntaxEditorLanguageObjectiveC-t.build/DerivedSources/arm64_32 -Xcc -I/Users/admin/builder/spi-builder-workspace/.derivedData/Build/Intermediates.noindex/SyntaxEditorUI.build/Debug-watchos/SyntaxEditorLanguageObjectiveC-t.build/DerivedSources -Xcc -DSWIFT_PACKAGE -Xcc -DDEBUG\=1 -emit-objc-header -emit-objc-header-path /Users/admin/builder/spi-builder-workspace/.derivedData/Build/Intermediates.noindex/SyntaxEditorUI.build/Debug-watchos/SyntaxEditorLanguageObjectiveC-t.build/Objects-normal/arm64_32/SyntaxEditorLanguageObjectiveC-Swift.h -working-directory /Users/admin/builder/spi-builder-workspace/.swiftpm/xcode -experimental-emit-module-separately -disable-cmo
PruneExplicitPrecompiledModules /Users/admin/builder/spi-builder-workspace/.derivedData/Build/Intermediates.noindex/ExplicitPrecompiledModules
PruneExplicitPrecompiledModules /Users/admin/builder/spi-builder-workspace/.derivedData/Build/Intermediates.noindex/SwiftExplicitPrecompiledModules
PruneExplicitPrecompiledModules /Users/admin/builder/spi-builder-workspace/.derivedData/SDKExplicitPrecompiledModules
2026-10-28 17:29:02.308 xcodebuild[3278:15467] [MT] IDERunDestination: Supported platforms for the buildables in the current scheme is empty.
** BUILD FAILED **
The following build commands failed:
	SwiftCompile normal arm64_32 Compiling\ SyntaxEditorHighlightTheme.swift /Users/admin/builder/spi-builder-workspace/Sources/SyntaxEditorTheme/SyntaxEditorHighlightTheme.swift (in target 'SyntaxEditorTheme' from project 'SyntaxEditorUI')
	SwiftCompile normal arm64_32 /Users/admin/builder/spi-builder-workspace/Sources/SyntaxEditorTheme/SyntaxEditorHighlightTheme.swift (in target 'SyntaxEditorTheme' from project 'SyntaxEditorUI')
	SwiftCompile normal arm64 Compiling\ SyntaxEditorHighlightTheme.swift /Users/admin/builder/spi-builder-workspace/Sources/SyntaxEditorTheme/SyntaxEditorHighlightTheme.swift (in target 'SyntaxEditorTheme' from project 'SyntaxEditorUI')
	SwiftCompile normal arm64 /Users/admin/builder/spi-builder-workspace/Sources/SyntaxEditorTheme/SyntaxEditorHighlightTheme.swift (in target 'SyntaxEditorTheme' from project 'SyntaxEditorUI')
	Building workspace SyntaxEditorUI with scheme SyntaxEditorUI-Package
(5 failures)
BUILD FAILURE 6.4 watchOS