The Swift Package Index logo.Swift Package Index

Build Information

Failed to build AdminPanel, reference master (24bc87), with Swift 6.4 for Wasm on 20 Sep 2026 14:56:10 UTC.

Build Command

bash -c docker run --pull=always --rm -v "checkouts-54344844-1":/host -w "$PWD" -e JAVA_HOME="/root/.sdkman/candidates/java/current" -e SPI_BUILD="1" -e SPI_PROCESSING="1" registry.gitlab.com/saguaro1/spi-images:wasm-6.4-latest swift build --swift-sdk swift-6.4.x-DEVELOPMENT-SNAPSHOT-2026-09-04-a_wasm 2>&1

Build Log

========================================
RunAll
========================================
Builder version: 5.1.0
Interrupt handler set up.
========================================
Checkout
========================================
Clone URL: https://github.com/ml-archive/admin-panel.git
Reference: master
Initialized empty Git repository in /host/spi-builder-workspace/.git/
hint: Using 'master' as the name for the initial branch. This default branch name
hint: is subject to change. To configure the initial branch name to use in all
hint: of your new repositories, which will suppress this warning, call:
hint:
hint: 	git config --global init.defaultBranch <name>
hint:
hint: Names commonly chosen instead of 'master' are 'main', 'trunk' and
hint: 'development'. The just-created branch can be renamed via this command:
hint:
hint: 	git branch -m <name>
From https://github.com/ml-archive/admin-panel
 * branch            master     -> FETCH_HEAD
 * [new branch]      master     -> origin/master
HEAD is now at 24bc877 Merge pull request #144 from nodes-vapor/swift-5.3-dependency-bump
Cloned https://github.com/ml-archive/admin-panel.git
Revision (git rev-parse @):
24bc877cb297dba8d011bfb59a1033c60d801979
SUCCESS checkout https://github.com/ml-archive/admin-panel.git at master
========================================
Build
========================================
Selected platform:         wasm
Swift version:             6.4
Building package at path:  $PWD
https://github.com/ml-archive/admin-panel.git
Running build ...
bash -c docker run --pull=always --rm -v "checkouts-54344844-1":/host -w "$PWD" -e JAVA_HOME="/root/.sdkman/candidates/java/current" -e SPI_BUILD="1" -e SPI_PROCESSING="1" registry.gitlab.com/saguaro1/spi-images:wasm-6.4-latest swift build --swift-sdk swift-6.4.x-DEVELOPMENT-SNAPSHOT-2026-09-04-a_wasm 2>&1
wasm-6.4-latest: Pulling from saguaro1/spi-images
Digest: sha256:4328fdb43c680d205c1d6761b1e3267aa38277eefdda9ddfb17b6a0f1a77857a
Status: Image is up to date for registry.gitlab.com/saguaro1/spi-images:wasm-6.4-latest
Fetching https://github.com/vapor/fluent-mysql.git
Fetching https://github.com/vapor/auth.git
Fetching https://github.com/vapor/leaf.git
Fetching https://github.com/vapor/fluent.git
Fetching https://github.com/vapor/vapor.git
Fetching https://github.com/twof/VaporMailgunService.git
[1/13517] Fetching fluent
[5273/15115] Fetching fluent, auth
[6871/17922] Fetching fluent, auth, fluent-mysql
Fetched https://github.com/vapor/auth.git (0.50s)
[7181/16324] Fetching fluent, fluent-mysql
Fetching https://github.com/nodes-vapor/sugar.git
[7968/17373] Fetching fluent, fluent-mysql, vapormailgunservice
Fetched https://github.com/vapor/fluent-mysql.git (0.54s)
Fetching https://github.com/nodes-vapor/reset.git
[11458/14566] Fetching fluent, vapormailgunservice
[11594/95968] Fetching fluent, vapormailgunservice, vapor
Fetched https://github.com/twof/VaporMailgunService.git (0.55s)
[10950/94919] Fetching fluent, vapor
Fetching https://github.com/nodes-vapor/submissions.git
[39567/98953] Fetching fluent, vapor, leaf
[53607/101285] Fetching fluent, vapor, leaf, sugar
[67578/101988] Fetching fluent, vapor, leaf, sugar, reset
Fetched https://github.com/nodes-vapor/sugar.git (0.47s)
[70236/99656] Fetching fluent, vapor, leaf, reset
Fetching https://github.com/nodes-vapor/paginator.git
Fetched https://github.com/nodes-vapor/reset.git (0.45s)
[71508/98953] Fetching fluent, vapor, leaf
Fetching https://github.com/nodes-vapor/flash.git
[72686/100435] Fetching fluent, vapor, leaf, submissions
Fetched https://github.com/nodes-vapor/submissions.git (0.49s)
[85929/98953] Fetching fluent, vapor, leaf
Fetching https://github.com/nodes-vapor/bootstrap.git
Fetched https://github.com/vapor/leaf.git (1.07s)
[90035/94919] Fetching fluent, vapor
[94920/96357] Fetching fluent, vapor, paginator
Fetched https://github.com/vapor/fluent.git (1.43s)
Fetched https://github.com/nodes-vapor/paginator.git (0.47s)
Fetched https://github.com/vapor/vapor.git (1.45s)
[1/610] Fetching flash
Fetched https://github.com/nodes-vapor/flash.git (0.50s)
[1/479] Fetching bootstrap
Fetched https://github.com/nodes-vapor/bootstrap.git (0.49s)
Computing version for https://github.com/nodes-vapor/sugar.git
Computed https://github.com/nodes-vapor/sugar.git at 4.0.0 (2.61s)
Fetching https://github.com/vapor/redis.git
Fetching https://github.com/vapor/jwt.git
[1/3825] Fetching redis
[307/6593] Fetching redis, jwt
Fetched https://github.com/vapor/jwt.git (0.47s)
Fetched https://github.com/vapor/redis.git (0.47s)
Computing version for https://github.com/nodes-vapor/reset.git
Computed https://github.com/nodes-vapor/reset.git at 1.0.1 (0.68s)
Computing version for https://github.com/nodes-vapor/paginator.git
Computed https://github.com/nodes-vapor/paginator.git at 4.0.0 (0.18s)
Fetching https://github.com/vapor/sql.git
[1/6358] Fetching sql
Fetched https://github.com/vapor/sql.git (0.96s)
Computing version for https://github.com/nodes-vapor/flash.git
Computed https://github.com/nodes-vapor/flash.git at 5.0.0 (1.17s)
Computing version for https://github.com/nodes-vapor/bootstrap.git
Computed https://github.com/nodes-vapor/bootstrap.git at 4.0.0 (0.19s)
Computing version for https://github.com/vapor/sql.git
Computed https://github.com/vapor/sql.git at 2.3.2 (0.18s)
Fetching https://github.com/vapor/database-kit.git
[1/1181] Fetching database-kit
Fetched https://github.com/vapor/database-kit.git (0.45s)
Computing version for https://github.com/vapor/leaf.git
Computed https://github.com/vapor/leaf.git at 3.0.2 (0.66s)
Fetching https://github.com/vapor/service.git
Fetching https://github.com/vapor/core.git
Fetching https://github.com/vapor/template-kit.git
[1/20143] Fetching core
[203/21425] Fetching core, template-kit
[709/22344] Fetching core, template-kit, service
Fetched https://github.com/vapor/template-kit.git (0.49s)
[6871/21062] Fetching core, service
Fetched https://github.com/vapor/service.git (0.51s)
[8662/20143] Fetching core
Fetched https://github.com/vapor/core.git (0.73s)
Computing version for https://github.com/vapor/fluent.git
Computed https://github.com/vapor/fluent.git at 3.2.1 (0.92s)
Fetching https://github.com/vapor/console.git
[1/6843] Fetching console
Fetched https://github.com/vapor/console.git (0.49s)
Computing version for https://github.com/nodes-vapor/submissions.git
Computed https://github.com/nodes-vapor/submissions.git at 2.1.0 (0.69s)
Computing version for https://github.com/vapor/service.git
Computed https://github.com/vapor/service.git at 1.0.2 (0.20s)
Computing version for https://github.com/vapor/vapor.git
Computed https://github.com/vapor/vapor.git at 3.3.3 (0.19s)
Fetching https://github.com/vapor/websocket.git
Fetching https://github.com/vapor/multipart.git
Fetching https://github.com/vapor/validation.git
Fetching https://github.com/vapor/http.git
Fetching https://github.com/vapor/routing.git
Fetching https://github.com/vapor/crypto.git
[1/21556] Fetching routing
[433/24342] Fetching routing, crypto
[920/24921] Fetching routing, crypto, validation
[1496/31199] Fetching routing, crypto, validation, multipart
[2767/56666] Fetching routing, crypto, validation, multipart, http
Fetched https://github.com/vapor/crypto.git (0.49s)
[21984/53880] Fetching routing, validation, multipart, http
Fetching https://github.com/vapor/url-encoded-form.git
Fetched https://github.com/vapor/routing.git (0.76s)
[27680/34994] Fetching validation, multipart, http, websocket
[30350/35375] Fetching validation, multipart, http, websocket, url-encoded-form
Fetched https://github.com/vapor/websocket.git (0.93s)
Fetched https://github.com/vapor/url-encoded-form.git (0.45s)
[27742/32324] Fetching validation, multipart, http
Fetched https://github.com/vapor/validation.git (1.07s)
Fetched https://github.com/vapor/http.git (1.08s)
Fetched https://github.com/vapor/multipart.git (1.09s)
Computing version for https://github.com/vapor/http.git
Computed https://github.com/vapor/http.git at 3.4.0 (1.27s)
Fetching https://github.com/apple/swift-nio.git
Fetching https://github.com/apple/swift-nio-ssl.git
[1/16065] Fetching swift-nio-ssl
[16066/102138] Fetching swift-nio-ssl, swift-nio
Fetched https://github.com/apple/swift-nio-ssl.git (1.00s)
[4304/86073] Fetching swift-nio
Fetched https://github.com/apple/swift-nio.git (3.06s)
Computing version for https://github.com/vapor/validation.git
Computed https://github.com/vapor/validation.git at 2.1.1 (3.24s)
Computing version for https://github.com/apple/swift-nio.git
Computed https://github.com/apple/swift-nio.git at 1.14.4 (0.20s)
Fetching https://github.com/apple/swift-nio-zlib-support.git
[1/15] Fetching swift-nio-zlib-support
Fetched https://github.com/apple/swift-nio-zlib-support.git (0.43s)
Computing version for https://github.com/apple/swift-nio-zlib-support.git
Computed https://github.com/apple/swift-nio-zlib-support.git at 1.0.0 (0.60s)
Computing version for https://github.com/vapor/fluent-mysql.git
Computed https://github.com/vapor/fluent-mysql.git at 3.1.0 (0.18s)
Fetching https://github.com/vapor/mysql.git
[1/5178] Fetching mysql
Fetched https://github.com/vapor/mysql.git (0.47s)
Computing version for https://github.com/vapor/jwt.git
Computed https://github.com/vapor/jwt.git at 3.1.2 (0.66s)
Computing version for https://github.com/vapor/routing.git
Computed https://github.com/vapor/routing.git at 3.1.0 (0.18s)
Computing version for https://github.com/vapor/auth.git
Computed https://github.com/vapor/auth.git at 2.0.4 (0.19s)
Fetching https://github.com/vapor/fluent-sqlite.git
[1/1373] Fetching fluent-sqlite
Fetched https://github.com/vapor/fluent-sqlite.git (0.45s)
Computing version for https://github.com/vapor/fluent-sqlite.git
Computed https://github.com/vapor/fluent-sqlite.git at 3.0.0 (0.64s)
Fetching https://github.com/vapor/sqlite.git
[1/2197] Fetching sqlite
Fetched https://github.com/vapor/sqlite.git (1.09s)
Computing version for https://github.com/vapor/database-kit.git
Computed https://github.com/vapor/database-kit.git at 1.3.3 (1.29s)
Computing version for https://github.com/vapor/sqlite.git
Computed https://github.com/vapor/sqlite.git at 3.3.0 (0.20s)
Computing version for https://github.com/vapor/websocket.git
Computed https://github.com/vapor/websocket.git at 1.1.2 (0.19s)
Computing version for https://github.com/apple/swift-nio-ssl.git
Computed https://github.com/apple/swift-nio-ssl.git at 1.4.0 (0.19s)
Fetching https://github.com/apple/swift-nio-ssl-support.git
[1/16] Fetching swift-nio-ssl-support
Fetched https://github.com/apple/swift-nio-ssl-support.git (0.42s)
Computing version for https://github.com/apple/swift-nio-ssl-support.git
Computed https://github.com/apple/swift-nio-ssl-support.git at 1.0.0 (0.60s)
Computing version for https://github.com/vapor/crypto.git
Computed https://github.com/vapor/crypto.git at 3.4.1 (0.20s)
Computing version for https://github.com/vapor/template-kit.git
Computed https://github.com/vapor/template-kit.git at 1.5.0 (0.19s)
Computing version for https://github.com/vapor/console.git
Computed https://github.com/vapor/console.git at 3.1.1 (0.19s)
Computing version for https://github.com/twof/VaporMailgunService.git
Computed https://github.com/twof/VaporMailgunService.git at 1.8.1 (0.19s)
Computing version for https://github.com/vapor/redis.git
Computed https://github.com/vapor/redis.git at 3.4.0 (0.19s)
Computing version for https://github.com/vapor/url-encoded-form.git
Computed https://github.com/vapor/url-encoded-form.git at 1.1.0 (0.19s)
Computing version for https://github.com/vapor/multipart.git
Computed https://github.com/vapor/multipart.git at 3.1.3 (0.19s)
Computing version for https://github.com/vapor/core.git
Computed https://github.com/vapor/core.git at 3.10.1 (0.19s)
Computing version for https://github.com/vapor/mysql.git
Computed https://github.com/vapor/mysql.git at 3.3.1 (0.20s)
Creating working copy for https://github.com/vapor/template-kit.git
Working copy of https://github.com/vapor/template-kit.git resolved at 1.5.0
Creating working copy for https://github.com/nodes-vapor/paginator.git
Working copy of https://github.com/nodes-vapor/paginator.git resolved at 4.0.0
Creating working copy for https://github.com/nodes-vapor/flash.git
Working copy of https://github.com/nodes-vapor/flash.git resolved at 5.0.0
Creating working copy for https://github.com/vapor/console.git
Working copy of https://github.com/vapor/console.git resolved at 3.1.1
Creating working copy for https://github.com/vapor/core.git
Working copy of https://github.com/vapor/core.git resolved at 3.10.1
Creating working copy for https://github.com/vapor/fluent-mysql.git
Working copy of https://github.com/vapor/fluent-mysql.git resolved at 3.1.0
Creating working copy for https://github.com/vapor/fluent.git
Working copy of https://github.com/vapor/fluent.git resolved at 3.2.1
Creating working copy for https://github.com/vapor/url-encoded-form.git
Working copy of https://github.com/vapor/url-encoded-form.git resolved at 1.1.0
Creating working copy for https://github.com/vapor/multipart.git
Working copy of https://github.com/vapor/multipart.git resolved at 3.1.3
Creating working copy for https://github.com/nodes-vapor/submissions.git
Working copy of https://github.com/nodes-vapor/submissions.git resolved at 2.1.0
Creating working copy for https://github.com/twof/VaporMailgunService.git
Working copy of https://github.com/twof/VaporMailgunService.git resolved at 1.8.1
Creating working copy for https://github.com/apple/swift-nio-ssl-support.git
Working copy of https://github.com/apple/swift-nio-ssl-support.git resolved at 1.0.0
Creating working copy for https://github.com/vapor/leaf.git
Working copy of https://github.com/vapor/leaf.git resolved at 3.0.2
Creating working copy for https://github.com/nodes-vapor/sugar.git
Working copy of https://github.com/nodes-vapor/sugar.git resolved at 4.0.0
Creating working copy for https://github.com/vapor/fluent-sqlite.git
Working copy of https://github.com/vapor/fluent-sqlite.git resolved at 3.0.0
Creating working copy for https://github.com/vapor/sql.git
Working copy of https://github.com/vapor/sql.git resolved at 2.3.2
Creating working copy for https://github.com/vapor/service.git
Working copy of https://github.com/vapor/service.git resolved at 1.0.2
Creating working copy for https://github.com/vapor/sqlite.git
Working copy of https://github.com/vapor/sqlite.git resolved at 3.3.0
Creating working copy for https://github.com/vapor/routing.git
Working copy of https://github.com/vapor/routing.git resolved at 3.1.0
Creating working copy for https://github.com/apple/swift-nio.git
Working copy of https://github.com/apple/swift-nio.git resolved at 1.14.4
Creating working copy for https://github.com/nodes-vapor/bootstrap.git
Working copy of https://github.com/nodes-vapor/bootstrap.git resolved at 4.0.0
Creating working copy for https://github.com/nodes-vapor/reset.git
Working copy of https://github.com/nodes-vapor/reset.git resolved at 1.0.1
Creating working copy for https://github.com/vapor/validation.git
Working copy of https://github.com/vapor/validation.git resolved at 2.1.1
Creating working copy for https://github.com/apple/swift-nio-zlib-support.git
Working copy of https://github.com/apple/swift-nio-zlib-support.git resolved at 1.0.0
Creating working copy for https://github.com/vapor/crypto.git
Working copy of https://github.com/vapor/crypto.git resolved at 3.4.1
Creating working copy for https://github.com/vapor/database-kit.git
Working copy of https://github.com/vapor/database-kit.git resolved at 1.3.3
Creating working copy for https://github.com/vapor/vapor.git
Working copy of https://github.com/vapor/vapor.git resolved at 3.3.3
Creating working copy for https://github.com/vapor/auth.git
Working copy of https://github.com/vapor/auth.git resolved at 2.0.4
Creating working copy for https://github.com/vapor/jwt.git
Working copy of https://github.com/vapor/jwt.git resolved at 3.1.2
Creating working copy for https://github.com/vapor/websocket.git
Working copy of https://github.com/vapor/websocket.git resolved at 1.1.2
Creating working copy for https://github.com/vapor/http.git
Working copy of https://github.com/vapor/http.git resolved at 3.4.0
Creating working copy for https://github.com/vapor/redis.git
Working copy of https://github.com/vapor/redis.git resolved at 3.4.0
Creating working copy for https://github.com/apple/swift-nio-ssl.git
Working copy of https://github.com/apple/swift-nio-ssl.git resolved at 1.4.0
Creating working copy for https://github.com/vapor/mysql.git
Working copy of https://github.com/vapor/mysql.git resolved at 3.3.1
warning: 'swift-nio-ssl-support': ignoring declared target(s) 'swift-nio-ssl-support' in the system package
warning: 'swift-nio-zlib-support': ignoring declared target(s) 'swift-nio-zlib-support' in the system package
warning: 'swift-nio-ssl-support': ignoring declared target(s) 'swift-nio-ssl-support' in the system package
warning: 'swift-nio-zlib-support': ignoring declared target(s) 'swift-nio-zlib-support' in the system package
warning: 'swift-nio-ssl-support': couldn't find pc file for openssl
Building for debugging...
[Computing dependencies]
[Constructing description]
[Pre-planning 1 / 1686]
[Planning 216 / 1686]
[Planning deferred tasks]
[Constructing 1872 / 3803]
[153 / 602] HTTP
In file included from /host/spi-builder-workspace/.build/checkouts/swift-nio-ssl/Sources/CNIOOpenSSL/shims.c:16:
/host/spi-builder-workspace/.build/checkouts/swift-nio-ssl/Sources/CNIOOpenSSL/include/c_nio_openssl.h:17:10: fatal error: 'openssl/conf.h' file not found
   17 | #include <openssl/conf.h>
      |          ^~~~~~~~~~~~~~~~
1 error generated.
error: CompileC /host/spi-builder-workspace/.build/out/Intermediates.noindex/swift-nio-ssl.build/Debug-webassembly-wasm32/CNIOOpenSSL-t.build/Objects-normal/wasm32/shims.o /host/spi-builder-workspace/.build/checkouts/swift-nio-ssl/Sources/CNIOOpenSSL/shims.c normal wasm32 c com.apple.compilers.llvm.clang.1_0.compiler failed with a nonzero exit code. Command line:     cd /host

    Using response file: /host/spi-builder-workspace/.build/out/Intermediates.noindex/swift-nio-ssl.build/Debug-webassembly-wasm32/CNIOOpenSSL-t.build/Objects-normal/wasm32/9f65232cb83f8421e3a495a5062eba382369c975104ee97bafc405ab795bfc5e-common-args.resp

    /usr/bin/clang -x c -target wasm32-unknown-wasip1 -fmessage-length\=0 -fdiagnostics-show-note-include-stack -fmacro-backtrace-limit\=0 -fcolor-diagnostics -Wno-trigraphs -Wno-missing-field-initializers -Wno-missing-prototypes -Wno-return-type -Wno-missing-braces -Wparentheses -Wswitch -Wno-unused-function -Wno-unused-label -Wno-unused-parameter -Wno-unused-variable -Wunused-value -Wno-empty-body -Wno-uninitialized -Wno-unknown-pragmas -w -Wno-shadow -Wno-four-char-constants -Wno-conversion -Wno-constant-conversion -Wno-int-conversion -Wno-bool-conversion -Wno-enum-conversion -Wno-float-conversion -Wno-non-literal-null-conversion -Wno-objc-literal-conversion -Wno-shorten-64-to-32 -Wpointer-sign -Wno-newline-eof -Wno-implicit-fallthrough -fstrict-aliasing -Wdeprecated-declarations -Wno-sign-conversion -Wno-infinite-recursion -Wno-comma -Wno-block-capture-autoreleasing -Wno-strict-prototypes -Wno-semicolon-before-method-body --sysroot /root/.swiftpm/swift-sdks/swift-6.4.x-DEVELOPMENT-SNAPSHOT-2026-09-04-a_wasm.artifactbundle/swift-6.4.x-DEVELOPMENT-SNAPSHOT-2026-09-04-a_wasm/wasm32-unknown-wasip1/WASI.sdk @/host/spi-builder-workspace/.build/out/Intermediates.noindex/swift-nio-ssl.build/Debug-webassembly-wasm32/CNIOOpenSSL-t.build/Objects-normal/wasm32/9f65232cb83f8421e3a495a5062eba382369c975104ee97bafc405ab795bfc5e-common-args.resp -MMD -MT dependencies -MF /host/spi-builder-workspace/.build/out/Intermediates.noindex/swift-nio-ssl.build/Debug-webassembly-wasm32/CNIOOpenSSL-t.build/Objects-normal/wasm32/shims.d --serialize-diagnostics /host/spi-builder-workspace/.build/out/Intermediates.noindex/swift-nio-ssl.build/Debug-webassembly-wasm32/CNIOOpenSSL-t.build/Objects-normal/wasm32/shims.dia -c /host/spi-builder-workspace/.build/checkouts/swift-nio-ssl/Sources/CNIOOpenSSL/shims.c -o /host/spi-builder-workspace/.build/out/Intermediates.noindex/swift-nio-ssl.build/Debug-webassembly-wasm32/CNIOOpenSSL-t.build/Objects-normal/wasm32/shims.o
In file included from /host/spi-builder-workspace/.build/checkouts/swift-nio-ssl/Sources/CNIOOpenSSL/helpers.c:14:
/host/spi-builder-workspace/.build/checkouts/swift-nio-ssl/Sources/CNIOOpenSSL/include/c_nio_openssl.h:17:10: fatal error: 'openssl/conf.h' file not found
   17 | #include <openssl/conf.h>
      |          ^~~~~~~~~~~~~~~~
1 error generated.
error: CompileC /host/spi-builder-workspace/.build/out/Intermediates.noindex/swift-nio-ssl.build/Debug-webassembly-wasm32/CNIOOpenSSL-t.build/Objects-normal/wasm32/helpers.o /host/spi-builder-workspace/.build/checkouts/swift-nio-ssl/Sources/CNIOOpenSSL/helpers.c normal wasm32 c com.apple.compilers.llvm.clang.1_0.compiler failed with a nonzero exit code. Command line:     cd /host

    Using response file: /host/spi-builder-workspace/.build/out/Intermediates.noindex/swift-nio-ssl.build/Debug-webassembly-wasm32/CNIOOpenSSL-t.build/Objects-normal/wasm32/9f65232cb83f8421e3a495a5062eba382369c975104ee97bafc405ab795bfc5e-common-args.resp

    /usr/bin/clang -x c -target wasm32-unknown-wasip1 -fmessage-length\=0 -fdiagnostics-show-note-include-stack -fmacro-backtrace-limit\=0 -fcolor-diagnostics -Wno-trigraphs -Wno-missing-field-initializers -Wno-missing-prototypes -Wno-return-type -Wno-missing-braces -Wparentheses -Wswitch -Wno-unused-function -Wno-unused-label -Wno-unused-parameter -Wno-unused-variable -Wunused-value -Wno-empty-body -Wno-uninitialized -Wno-unknown-pragmas -w -Wno-shadow -Wno-four-char-constants -Wno-conversion -Wno-constant-conversion -Wno-int-conversion -Wno-bool-conversion -Wno-enum-conversion -Wno-float-conversion -Wno-non-literal-null-conversion -Wno-objc-literal-conversion -Wno-shorten-64-to-32 -Wpointer-sign -Wno-newline-eof -Wno-implicit-fallthrough -fstrict-aliasing -Wdeprecated-declarations -Wno-sign-conversion -Wno-infinite-recursion -Wno-comma -Wno-block-capture-autoreleasing -Wno-strict-prototypes -Wno-semicolon-before-method-body --sysroot /root/.swiftpm/swift-sdks/swift-6.4.x-DEVELOPMENT-SNAPSHOT-2026-09-04-a_wasm.artifactbundle/swift-6.4.x-DEVELOPMENT-SNAPSHOT-2026-09-04-a_wasm/wasm32-unknown-wasip1/WASI.sdk @/host/spi-builder-workspace/.build/out/Intermediates.noindex/swift-nio-ssl.build/Debug-webassembly-wasm32/CNIOOpenSSL-t.build/Objects-normal/wasm32/9f65232cb83f8421e3a495a5062eba382369c975104ee97bafc405ab795bfc5e-common-args.resp -MMD -MT dependencies -MF /host/spi-builder-workspace/.build/out/Intermediates.noindex/swift-nio-ssl.build/Debug-webassembly-wasm32/CNIOOpenSSL-t.build/Objects-normal/wasm32/helpers.d --serialize-diagnostics /host/spi-builder-workspace/.build/out/Intermediates.noindex/swift-nio-ssl.build/Debug-webassembly-wasm32/CNIOOpenSSL-t.build/Objects-normal/wasm32/helpers.dia -c /host/spi-builder-workspace/.build/checkouts/swift-nio-ssl/Sources/CNIOOpenSSL/helpers.c -o /host/spi-builder-workspace/.build/out/Intermediates.noindex/swift-nio-ssl.build/Debug-webassembly-wasm32/CNIOOpenSSL-t.build/Objects-normal/wasm32/helpers.o
/host/spi-builder-workspace/.build/checkouts/swift-nio/Sources/CNIOSHA1/c_nio_sha1.c:47:10: fatal error: 'sys/cdefs.h' file not found
   47 | #include <sys/cdefs.h>
      |          ^~~~~~~~~~~~~
1 error generated.
error: CompileC /host/spi-builder-workspace/.build/out/Intermediates.noindex/swift-nio.build/Debug-webassembly-wasm32/CNIOSHA1-t.build/Objects-normal/wasm32/c_nio_sha1.o /host/spi-builder-workspace/.build/checkouts/swift-nio/Sources/CNIOSHA1/c_nio_sha1.c normal wasm32 c com.apple.compilers.llvm.clang.1_0.compiler failed with a nonzero exit code. Command line:     cd /host

    Using response file: /host/spi-builder-workspace/.build/out/Intermediates.noindex/swift-nio.build/Debug-webassembly-wasm32/CNIOSHA1-t.build/Objects-normal/wasm32/9f65232cb83f8421e3a495a5062eba382369c975104ee97bafc405ab795bfc5e-common-args.resp

    /usr/bin/clang -x c -target wasm32-unknown-wasip1 -fmessage-length\=0 -fdiagnostics-show-note-include-stack -fmacro-backtrace-limit\=0 -fcolor-diagnostics -Wno-trigraphs -Wno-missing-field-initializers -Wno-missing-prototypes -Wno-return-type -Wno-missing-braces -Wparentheses -Wswitch -Wno-unused-function -Wno-unused-label -Wno-unused-parameter -Wno-unused-variable -Wunused-value -Wno-empty-body -Wno-uninitialized -Wno-unknown-pragmas -w -Wno-shadow -Wno-four-char-constants -Wno-conversion -Wno-constant-conversion -Wno-int-conversion -Wno-bool-conversion -Wno-enum-conversion -Wno-float-conversion -Wno-non-literal-null-conversion -Wno-objc-literal-conversion -Wno-shorten-64-to-32 -Wpointer-sign -Wno-newline-eof -Wno-implicit-fallthrough -fstrict-aliasing -Wdeprecated-declarations -Wno-sign-conversion -Wno-infinite-recursion -Wno-comma -Wno-block-capture-autoreleasing -Wno-strict-prototypes -Wno-semicolon-before-method-body --sysroot /root/.swiftpm/swift-sdks/swift-6.4.x-DEVELOPMENT-SNAPSHOT-2026-09-04-a_wasm.artifactbundle/swift-6.4.x-DEVELOPMENT-SNAPSHOT-2026-09-04-a_wasm/wasm32-unknown-wasip1/WASI.sdk @/host/spi-builder-workspace/.build/out/Intermediates.noindex/swift-nio.build/Debug-webassembly-wasm32/CNIOSHA1-t.build/Objects-normal/wasm32/9f65232cb83f8421e3a495a5062eba382369c975104ee97bafc405ab795bfc5e-common-args.resp -MMD -MT dependencies -MF /host/spi-builder-workspace/.build/out/Intermediates.noindex/swift-nio.build/Debug-webassembly-wasm32/CNIOSHA1-t.build/Objects-normal/wasm32/c_nio_sha1.d --serialize-diagnostics /host/spi-builder-workspace/.build/out/Intermediates.noindex/swift-nio.build/Debug-webassembly-wasm32/CNIOSHA1-t.build/Objects-normal/wasm32/c_nio_sha1.dia -c /host/spi-builder-workspace/.build/checkouts/swift-nio/Sources/CNIOSHA1/c_nio_sha1.c -o /host/spi-builder-workspace/.build/out/Intermediates.noindex/swift-nio.build/Debug-webassembly-wasm32/CNIOSHA1-t.build/Objects-normal/wasm32/c_nio_sha1.o
error: Build failed
BUILD FAILURE 6.4 wasm