Build Information
Failed to build QRCode, reference 1.1.0 (a23c2d), with Swift 6.4 for watchOS using Xcode 27.0 on 17 Sep 2026 15:48:56 UTC.
Build Command
env DEVELOPER_DIR=/Applications/Xcode-27.0.0-Release.Candidate.app xcrun xcodebuild -IDEClonedSourcePackagesDirPathOverride=$PWD/.dependencies -skipMacroValidation -skipPackagePluginValidation -derivedDataPath $PWD/.derivedData build -scheme QRCode -destination generic/platform=watchOSBuild Log
========================================
RunAll
========================================
Builder version: 5.1.0
Interrupt handler set up.
========================================
Checkout
========================================
Clone URL: https://github.com/dmrschmidt/QRCode.git
Reference: 1.1.0
Initialized empty Git repository in /Users/admin/builder/spi-builder-workspace/.git/
From https://github.com/dmrschmidt/QRCode
* tag 1.1.0 -> FETCH_HEAD
HEAD is now at a23c2d2 import UIKit
Cloned https://github.com/dmrschmidt/QRCode.git
Revision (git rev-parse @):
a23c2d2b77483c5ce20ffaf4e68fef2d1a0bbca9
SUCCESS checkout https://github.com/dmrschmidt/QRCode.git at 1.1.0
========================================
Build
========================================
Selected platform: watchOS
Swift version: 6.4
Building package at path: $PWD
https://github.com/dmrschmidt/QRCode.git
Command line invocation:
/Applications/Xcode-27.0.0-Release.Candidate.app/Contents/Developer/usr/bin/xcodebuild -IDEClonedSourcePackagesDirPathOverride=/Users/admin/builder/spi-builder-workspace/.dependencies -resolvePackageDependencies
resolved source packages:
{
"dependencies" : [
],
"manifest_display_name" : "QRCode",
"name" : "QRCode",
"path" : "/Users/admin/builder/spi-builder-workspace",
"platforms" : [
{
"name" : "ios",
"version" : "9.0"
}
],
"products" : [
{
"name" : "QRCode",
"targets" : [
"QRCode"
],
"type" : {
"library" : [
"automatic"
]
}
}
],
"targets" : [
{
"c99name" : "QRCode",
"module_type" : "SwiftTarget",
"name" : "QRCode",
"path" : "QRCode",
"product_memberships" : [
"QRCode"
],
"sources" : [
"QRCode.swift",
"QRCodeImageGenerator.swift",
"QRCodeView.swift"
],
"type" : "library"
}
],
"tools_version" : "5.1"
}
{
"project" : {
"configurations" : [
"Debug",
"Release"
],
"name" : "QRCode",
"schemes" : [
"QRCode",
"QRCodeExamples",
"QRCodeTests"
],
"targets" : [
"QRCode",
"QRCodeTests",
"QRCodeExamples"
]
}
}
{
"workspace" : {
"name" : "QRCode",
"schemes" : [
"QRCode"
]
}
}
2026-09-17 11:48:45.889 xcodebuild[650:3878] [MT] IDERunDestination: Supported platforms for the buildables in the current scheme is empty.
Running build ...
env DEVELOPER_DIR=/Applications/Xcode-27.0.0-Release.Candidate.app xcrun xcodebuild -IDEClonedSourcePackagesDirPathOverride=$PWD/.dependencies -skipMacroValidation -skipPackagePluginValidation -derivedDataPath $PWD/.derivedData build -scheme QRCode -destination generic/platform=watchOS
Command line invocation:
/Applications/Xcode-27.0.0-Release.Candidate.app/Contents/Developer/usr/bin/xcodebuild -IDEClonedSourcePackagesDirPathOverride=/Users/admin/builder/spi-builder-workspace/.dependencies -skipMacroValidation -skipPackagePluginValidation -derivedDataPath /Users/admin/builder/spi-builder-workspace/.derivedData build -scheme QRCode -destination generic/platform=watchOS
Resolve Package Graph
Resolved source packages:
QRCode: /Users/admin/builder/spi-builder-workspace
ComputePackagePrebuildTargetDependencyGraph
Prepare packages
CreateBuildRequest
SendProjectDescription
CreateBuildOperation
ComputeTargetDependencyGraph
note: Building targets in dependency order
note: Target dependency graph (2 targets)
Target 'QRCode-product' in project 'QRCode'
➜ Explicit dependency on target 'QRCode' in project 'QRCode'
Target 'QRCode' in project 'QRCode' (no dependencies)
GatherProvisioningInputs
CreateBuildDescription
ExecuteExternalTool /Applications/Xcode-27.0.0-Release.Candidate.app/Contents/Developer/Toolchains/XcodeDefault.xctoolchain/usr/bin/clang -v -E -dM -isysroot /Applications/Xcode-27.0.0-Release.Candidate.app/Contents/Developer/Platforms/WatchOS.platform/Developer/SDKs/WatchOS27.0.sdk -x c -c /dev/null
ExecuteExternalTool /Applications/Xcode-27.0.0-Release.Candidate.app/Contents/Developer/Toolchains/XcodeDefault.xctoolchain/usr/bin/swiftc --version
ExecuteExternalTool /Applications/Xcode-27.0.0-Release.Candidate.app/Contents/Developer/Toolchains/XcodeDefault.xctoolchain/usr/bin/ld -version_details
Build description signature: 9835f28b4795f3c3132e9ef7d7f4493e
Build description path: /Users/admin/builder/spi-builder-workspace/.derivedData/Build/Intermediates.noindex/XCBuildData/9835f28b4795f3c3132e9ef7d7f4493e.xcbuilddata
CreateBuildDirectory /Users/admin/builder/spi-builder-workspace/.derivedData/SDKExplicitPrecompiledModules
cd /Users/admin/builder/spi-builder-workspace/.swiftpm/xcode
builtin-create-build-directory /Users/admin/builder/spi-builder-workspace/.derivedData/SDKExplicitPrecompiledModules
CreateBuildDirectory /Users/admin/builder/spi-builder-workspace/.derivedData/ModuleCache.noindex
cd /Users/admin/builder/spi-builder-workspace/.swiftpm/xcode
builtin-create-build-directory /Users/admin/builder/spi-builder-workspace/.derivedData/ModuleCache.noindex
CreateBuildDirectory /Users/admin/builder/spi-builder-workspace/.derivedData/CompilationCache.noindex
cd /Users/admin/builder/spi-builder-workspace/.swiftpm/xcode
builtin-create-build-directory /Users/admin/builder/spi-builder-workspace/.derivedData/CompilationCache.noindex
CreateBuildDirectory /Users/admin/builder/spi-builder-workspace/.derivedData/Build/Products
cd /Users/admin/builder/spi-builder-workspace/.swiftpm/xcode
builtin-create-build-directory /Users/admin/builder/spi-builder-workspace/.derivedData/Build/Products
CreateBuildDirectory /Users/admin/builder/spi-builder-workspace/.derivedData/Build/Intermediates.noindex
cd /Users/admin/builder/spi-builder-workspace/.swiftpm/xcode
builtin-create-build-directory /Users/admin/builder/spi-builder-workspace/.derivedData/Build/Intermediates.noindex
ClangStatCache /Applications/Xcode-27.0.0-Release.Candidate.app/Contents/Developer/Toolchains/XcodeDefault.xctoolchain/usr/bin/clang-stat-cache /Applications/Xcode-27.0.0-Release.Candidate.app/Contents/Developer/Platforms/WatchOS.platform/Developer/SDKs/WatchOS27.0.sdk /Users/admin/builder/spi-builder-workspace/.derivedData/SDKStatCaches.noindex/watchos27.0-24R360-e829b21a6f8c9b70876ba0858053c04477534ef55a1706bf4c1112bbb242f0a2.sdkstatcache
cd /Users/admin/builder/spi-builder-workspace/.swiftpm/xcode
/Applications/Xcode-27.0.0-Release.Candidate.app/Contents/Developer/Toolchains/XcodeDefault.xctoolchain/usr/bin/clang-stat-cache /Applications/Xcode-27.0.0-Release.Candidate.app/Contents/Developer/Platforms/WatchOS.platform/Developer/SDKs/WatchOS27.0.sdk -o /Users/admin/builder/spi-builder-workspace/.derivedData/SDKStatCaches.noindex/watchos27.0-24R360-e829b21a6f8c9b70876ba0858053c04477534ef55a1706bf4c1112bbb242f0a2.sdkstatcache
CreateBuildDirectory /Users/admin/builder/spi-builder-workspace/.derivedData/Build/Intermediates.noindex/SwiftExplicitPrecompiledModules
cd /Users/admin/builder/spi-builder-workspace/.swiftpm/xcode
builtin-create-build-directory /Users/admin/builder/spi-builder-workspace/.derivedData/Build/Intermediates.noindex/SwiftExplicitPrecompiledModules
CreateBuildDirectory /Users/admin/builder/spi-builder-workspace/.derivedData/Build/Intermediates.noindex/PrecompiledHeaders
cd /Users/admin/builder/spi-builder-workspace/.swiftpm/xcode
builtin-create-build-directory /Users/admin/builder/spi-builder-workspace/.derivedData/Build/Intermediates.noindex/PrecompiledHeaders
CreateBuildDirectory /Users/admin/builder/spi-builder-workspace/.derivedData/Build/Intermediates.noindex/ExplicitPrecompiledModules
cd /Users/admin/builder/spi-builder-workspace/.swiftpm/xcode
builtin-create-build-directory /Users/admin/builder/spi-builder-workspace/.derivedData/Build/Intermediates.noindex/ExplicitPrecompiledModules
CreateBuildDirectory /Users/admin/builder/spi-builder-workspace/.derivedData/Build/Intermediates.noindex/EagerLinkingTBDs/Debug-watchos
cd /Users/admin/builder/spi-builder-workspace/.swiftpm/xcode
builtin-create-build-directory /Users/admin/builder/spi-builder-workspace/.derivedData/Build/Intermediates.noindex/EagerLinkingTBDs/Debug-watchos
CreateBuildDirectory /Users/admin/builder/spi-builder-workspace/.derivedData/Build/Products/Debug-watchos
cd /Users/admin/builder/spi-builder-workspace/.swiftpm/xcode
builtin-create-build-directory /Users/admin/builder/spi-builder-workspace/.derivedData/Build/Products/Debug-watchos
CreateBuildDirectory /Users/admin/builder/spi-builder-workspace/.derivedData/Build/Products/Debug-watchos/PackageFrameworks
cd /Users/admin/builder/spi-builder-workspace/.swiftpm/xcode
builtin-create-build-directory /Users/admin/builder/spi-builder-workspace/.derivedData/Build/Products/Debug-watchos/PackageFrameworks
WriteAuxiliaryFile /Users/admin/builder/spi-builder-workspace/.derivedData/Build/Intermediates.noindex/QRCode.build/Debug-watchos/QRCode-t.build/QRCode.DependencyMetadataFileList (in target 'QRCode' from project 'QRCode')
cd /Users/admin/builder/spi-builder-workspace
write-file /Users/admin/builder/spi-builder-workspace/.derivedData/Build/Intermediates.noindex/QRCode.build/Debug-watchos/QRCode-t.build/QRCode.DependencyMetadataFileList
WriteAuxiliaryFile /Users/admin/builder/spi-builder-workspace/.derivedData/Build/Intermediates.noindex/QRCode.build/Debug-watchos/QRCode-t.build/QRCode.modulemap (in target 'QRCode' from project 'QRCode')
cd /Users/admin/builder/spi-builder-workspace
write-file /Users/admin/builder/spi-builder-workspace/.derivedData/Build/Intermediates.noindex/QRCode.build/Debug-watchos/QRCode-t.build/QRCode.modulemap
WriteAuxiliaryFile /Users/admin/builder/spi-builder-workspace/.derivedData/Build/Intermediates.noindex/QRCode.build/Debug-watchos/QRCode-t.build/QRCode.DependencyStaticMetadataFileList (in target 'QRCode' from project 'QRCode')
cd /Users/admin/builder/spi-builder-workspace
write-file /Users/admin/builder/spi-builder-workspace/.derivedData/Build/Intermediates.noindex/QRCode.build/Debug-watchos/QRCode-t.build/QRCode.DependencyStaticMetadataFileList
WriteAuxiliaryFile /Users/admin/builder/spi-builder-workspace/.derivedData/Build/Intermediates.noindex/QRCode.build/Debug-watchos/QRCode-t.build/Objects-normal/arm64_32/QRCode-OutputFileMap.json (in target 'QRCode' from project 'QRCode')
cd /Users/admin/builder/spi-builder-workspace
write-file /Users/admin/builder/spi-builder-workspace/.derivedData/Build/Intermediates.noindex/QRCode.build/Debug-watchos/QRCode-t.build/Objects-normal/arm64_32/QRCode-OutputFileMap.json
WriteAuxiliaryFile /Users/admin/builder/spi-builder-workspace/.derivedData/Build/Intermediates.noindex/QRCode.build/Debug-watchos/QRCode-t.build/Objects-normal/arm64_32/QRCode.SwiftFileList (in target 'QRCode' from project 'QRCode')
cd /Users/admin/builder/spi-builder-workspace
write-file /Users/admin/builder/spi-builder-workspace/.derivedData/Build/Intermediates.noindex/QRCode.build/Debug-watchos/QRCode-t.build/Objects-normal/arm64_32/QRCode.SwiftFileList
WriteAuxiliaryFile /Users/admin/builder/spi-builder-workspace/.derivedData/Build/Intermediates.noindex/QRCode.build/Debug-watchos/QRCode-t.build/Objects-normal/arm64_32/QRCode_const_extract_protocols.json (in target 'QRCode' from project 'QRCode')
cd /Users/admin/builder/spi-builder-workspace
write-file /Users/admin/builder/spi-builder-workspace/.derivedData/Build/Intermediates.noindex/QRCode.build/Debug-watchos/QRCode-t.build/Objects-normal/arm64_32/QRCode_const_extract_protocols.json
WriteAuxiliaryFile /Users/admin/builder/spi-builder-workspace/.derivedData/Build/Intermediates.noindex/QRCode.build/Debug-watchos/QRCode-t.build/Objects-normal/arm64/QRCode-OutputFileMap.json (in target 'QRCode' from project 'QRCode')
cd /Users/admin/builder/spi-builder-workspace
write-file /Users/admin/builder/spi-builder-workspace/.derivedData/Build/Intermediates.noindex/QRCode.build/Debug-watchos/QRCode-t.build/Objects-normal/arm64/QRCode-OutputFileMap.json
WriteAuxiliaryFile /Users/admin/builder/spi-builder-workspace/.derivedData/Build/Intermediates.noindex/QRCode.build/Debug-watchos/QRCode-t.build/Objects-normal/arm64/QRCode_const_extract_protocols.json (in target 'QRCode' from project 'QRCode')
cd /Users/admin/builder/spi-builder-workspace
write-file /Users/admin/builder/spi-builder-workspace/.derivedData/Build/Intermediates.noindex/QRCode.build/Debug-watchos/QRCode-t.build/Objects-normal/arm64/QRCode_const_extract_protocols.json
WriteAuxiliaryFile /Users/admin/builder/spi-builder-workspace/.derivedData/Build/Intermediates.noindex/QRCode.build/Debug-watchos/QRCode-t.build/Objects-normal/arm64_32/QRCode.SwiftConstValuesFileList (in target 'QRCode' from project 'QRCode')
cd /Users/admin/builder/spi-builder-workspace
write-file /Users/admin/builder/spi-builder-workspace/.derivedData/Build/Intermediates.noindex/QRCode.build/Debug-watchos/QRCode-t.build/Objects-normal/arm64_32/QRCode.SwiftConstValuesFileList
WriteAuxiliaryFile /Users/admin/builder/spi-builder-workspace/.derivedData/Build/Intermediates.noindex/QRCode.build/Debug-watchos/QRCode-t.build/Objects-normal/arm64_32/QRCode.LinkFileList (in target 'QRCode' from project 'QRCode')
cd /Users/admin/builder/spi-builder-workspace
write-file /Users/admin/builder/spi-builder-workspace/.derivedData/Build/Intermediates.noindex/QRCode.build/Debug-watchos/QRCode-t.build/Objects-normal/arm64_32/QRCode.LinkFileList
WriteAuxiliaryFile /Users/admin/builder/spi-builder-workspace/.derivedData/Build/Intermediates.noindex/QRCode.build/Debug-watchos/QRCode-t.build/Objects-normal/arm64/QRCode.SwiftFileList (in target 'QRCode' from project 'QRCode')
cd /Users/admin/builder/spi-builder-workspace
write-file /Users/admin/builder/spi-builder-workspace/.derivedData/Build/Intermediates.noindex/QRCode.build/Debug-watchos/QRCode-t.build/Objects-normal/arm64/QRCode.SwiftFileList
WriteAuxiliaryFile /Users/admin/builder/spi-builder-workspace/.derivedData/Build/Intermediates.noindex/QRCode.build/Debug-watchos/QRCode-t.build/Objects-normal/arm64/QRCode.SwiftConstValuesFileList (in target 'QRCode' from project 'QRCode')
cd /Users/admin/builder/spi-builder-workspace
write-file /Users/admin/builder/spi-builder-workspace/.derivedData/Build/Intermediates.noindex/QRCode.build/Debug-watchos/QRCode-t.build/Objects-normal/arm64/QRCode.SwiftConstValuesFileList
WriteAuxiliaryFile /Users/admin/builder/spi-builder-workspace/.derivedData/Build/Intermediates.noindex/QRCode.build/Debug-watchos/QRCode-t.build/Objects-normal/arm64/QRCode.LinkFileList (in target 'QRCode' from project 'QRCode')
cd /Users/admin/builder/spi-builder-workspace
write-file /Users/admin/builder/spi-builder-workspace/.derivedData/Build/Intermediates.noindex/QRCode.build/Debug-watchos/QRCode-t.build/Objects-normal/arm64/QRCode.LinkFileList
Copy /Users/admin/builder/spi-builder-workspace/.derivedData/Build/Intermediates.noindex/GeneratedModuleMaps-watchos/QRCode.modulemap /Users/admin/builder/spi-builder-workspace/.derivedData/Build/Intermediates.noindex/QRCode.build/Debug-watchos/QRCode-t.build/QRCode.modulemap (in target 'QRCode' from project 'QRCode')
cd /Users/admin/builder/spi-builder-workspace
builtin-copy -exclude .DS_Store -exclude CVS -exclude .svn -exclude .git -exclude .hg -resolve-src-symlinks /Users/admin/builder/spi-builder-workspace/.derivedData/Build/Intermediates.noindex/QRCode.build/Debug-watchos/QRCode-t.build/QRCode.modulemap /Users/admin/builder/spi-builder-workspace/.derivedData/Build/Intermediates.noindex/GeneratedModuleMaps-watchos
SwiftDriver QRCode normal arm64 com.apple.xcode.tools.swift.compiler (in target 'QRCode' from project 'QRCode')
cd /Users/admin/builder/spi-builder-workspace/.swiftpm/xcode
builtin-SwiftDriver -- /Applications/Xcode-27.0.0-Release.Candidate.app/Contents/Developer/Toolchains/XcodeDefault.xctoolchain/usr/bin/swiftc -parse-as-library -module-name QRCode -Onone @/Users/admin/builder/spi-builder-workspace/.derivedData/Build/Intermediates.noindex/QRCode.build/Debug-watchos/QRCode-t.build/Objects-normal/arm64/QRCode.SwiftFileList -DSWIFT_PACKAGE -DDEBUG -DSWIFT_MODULE_RESOURCE_BUNDLE_UNAVAILABLE -DXcode -plugin-path /Applications/Xcode-27.0.0-Release.Candidate.app/Contents/Developer/Toolchains/XcodeDefault.xctoolchain/usr/lib/swift/host/plugins/testing -enable-experimental-feature DebugDescriptionMacro -sdk /Applications/Xcode-27.0.0-Release.Candidate.app/Contents/Developer/Platforms/WatchOS.platform/Developer/SDKs/WatchOS27.0.sdk -target arm64-apple-watchos9.0 -g -module-cache-path /Users/admin/builder/spi-builder-workspace/.derivedData/ModuleCache.noindex -Xfrontend -serialize-debugging-options -enable-testing -index-store-path /Users/admin/builder/spi-builder-workspace/.derivedData/Index.noindex/DataStore -Xcc -D_LIBCPP_HARDENING_MODE\=_LIBCPP_HARDENING_MODE_DEBUG -swift-version 5 -I /Users/admin/builder/spi-builder-workspace/.derivedData/Build/Products/Debug-watchos -Isystem /Applications/Xcode-27.0.0-Release.Candidate.app/Contents/Developer/Platforms/WatchOS.platform/Developer/usr/lib -F /Users/admin/builder/spi-builder-workspace/.derivedData/Build/Products/Debug-watchos -F /Applications/Xcode-27.0.0-Release.Candidate.app/Contents/Developer/Platforms/WatchOS.platform/Developer/Library/Frameworks -F /Applications/Xcode-27.0.0-Release.Candidate.app/Contents/Developer/Platforms/WatchOS.platform/Developer/SDKs/WatchOS27.0.sdk/Developer/Library/Frameworks -c -j10 -enable-batch-mode -incremental -Xcc -ivfsstatcache -Xcc /Users/admin/builder/spi-builder-workspace/.derivedData/SDKStatCaches.noindex/watchos27.0-24R360-e829b21a6f8c9b70876ba0858053c04477534ef55a1706bf4c1112bbb242f0a2.sdkstatcache -output-file-map /Users/admin/builder/spi-builder-workspace/.derivedData/Build/Intermediates.noindex/QRCode.build/Debug-watchos/QRCode-t.build/Objects-normal/arm64/QRCode-OutputFileMap.json -save-temps -no-color-diagnostics -explicit-module-build -module-cache-path /Users/admin/builder/spi-builder-workspace/.derivedData/Build/Intermediates.noindex/SwiftExplicitPrecompiledModules -clang-scanner-module-cache-path /Users/admin/builder/spi-builder-workspace/.derivedData/ModuleCache.noindex -sdk-module-cache-path /Users/admin/builder/spi-builder-workspace/.derivedData/SDKExplicitPrecompiledModules -emit-dependencies -emit-module -emit-module-path /Users/admin/builder/spi-builder-workspace/.derivedData/Build/Intermediates.noindex/QRCode.build/Debug-watchos/QRCode-t.build/Objects-normal/arm64/QRCode.swiftmodule -serialize-diagnostics -dependency-scan-serialize-diagnostics-path /Users/admin/builder/spi-builder-workspace/.derivedData/Build/Intermediates.noindex/QRCode.build/Debug-watchos/QRCode-t.build/Objects-normal/arm64/QRCode-dependency-scan.dia -validate-clang-modules-once -clang-build-session-file /Users/admin/builder/spi-builder-workspace/.derivedData/ModuleCache.noindex/Session.modulevalidation -Xcc -fmodules-prune-interval\=86400 -Xcc -fmodules-prune-after\=345600 -emit-const-values -const-gather-protocols-list /Users/admin/builder/spi-builder-workspace/.derivedData/Build/Intermediates.noindex/QRCode.build/Debug-watchos/QRCode-t.build/Objects-normal/arm64/QRCode_const_extract_protocols.json -Xcc -I/Users/admin/builder/spi-builder-workspace/.derivedData/Build/Products/Debug-watchos/include -Xcc -I/Users/admin/builder/spi-builder-workspace/.derivedData/Build/Intermediates.noindex/QRCode.build/Debug-watchos/QRCode-t.build/DerivedSources-normal/arm64 -Xcc -I/Users/admin/builder/spi-builder-workspace/.derivedData/Build/Intermediates.noindex/QRCode.build/Debug-watchos/QRCode-t.build/DerivedSources/arm64 -Xcc -I/Users/admin/builder/spi-builder-workspace/.derivedData/Build/Intermediates.noindex/QRCode.build/Debug-watchos/QRCode-t.build/DerivedSources -Xcc -DSWIFT_PACKAGE -Xcc -DDEBUG\=1 -emit-objc-header -emit-objc-header-path /Users/admin/builder/spi-builder-workspace/.derivedData/Build/Intermediates.noindex/QRCode.build/Debug-watchos/QRCode-t.build/Objects-normal/arm64/QRCode-Swift.h -working-directory /Users/admin/builder/spi-builder-workspace/.swiftpm/xcode -experimental-emit-module-separately -disable-cmo
SwiftDriver QRCode normal arm64_32 com.apple.xcode.tools.swift.compiler (in target 'QRCode' from project 'QRCode')
cd /Users/admin/builder/spi-builder-workspace/.swiftpm/xcode
builtin-SwiftDriver -- /Applications/Xcode-27.0.0-Release.Candidate.app/Contents/Developer/Toolchains/XcodeDefault.xctoolchain/usr/bin/swiftc -parse-as-library -module-name QRCode -Onone @/Users/admin/builder/spi-builder-workspace/.derivedData/Build/Intermediates.noindex/QRCode.build/Debug-watchos/QRCode-t.build/Objects-normal/arm64_32/QRCode.SwiftFileList -DSWIFT_PACKAGE -DDEBUG -DSWIFT_MODULE_RESOURCE_BUNDLE_UNAVAILABLE -DXcode -plugin-path /Applications/Xcode-27.0.0-Release.Candidate.app/Contents/Developer/Toolchains/XcodeDefault.xctoolchain/usr/lib/swift/host/plugins/testing -enable-experimental-feature DebugDescriptionMacro -sdk /Applications/Xcode-27.0.0-Release.Candidate.app/Contents/Developer/Platforms/WatchOS.platform/Developer/SDKs/WatchOS27.0.sdk -target arm64_32-apple-watchos9.0 -g -module-cache-path /Users/admin/builder/spi-builder-workspace/.derivedData/ModuleCache.noindex -Xfrontend -serialize-debugging-options -enable-testing -index-store-path /Users/admin/builder/spi-builder-workspace/.derivedData/Index.noindex/DataStore -Xcc -D_LIBCPP_HARDENING_MODE\=_LIBCPP_HARDENING_MODE_DEBUG -swift-version 5 -I /Users/admin/builder/spi-builder-workspace/.derivedData/Build/Products/Debug-watchos -Isystem /Applications/Xcode-27.0.0-Release.Candidate.app/Contents/Developer/Platforms/WatchOS.platform/Developer/usr/lib -F /Users/admin/builder/spi-builder-workspace/.derivedData/Build/Products/Debug-watchos -F /Applications/Xcode-27.0.0-Release.Candidate.app/Contents/Developer/Platforms/WatchOS.platform/Developer/Library/Frameworks -F /Applications/Xcode-27.0.0-Release.Candidate.app/Contents/Developer/Platforms/WatchOS.platform/Developer/SDKs/WatchOS27.0.sdk/Developer/Library/Frameworks -c -j10 -enable-batch-mode -incremental -Xcc -ivfsstatcache -Xcc /Users/admin/builder/spi-builder-workspace/.derivedData/SDKStatCaches.noindex/watchos27.0-24R360-e829b21a6f8c9b70876ba0858053c04477534ef55a1706bf4c1112bbb242f0a2.sdkstatcache -output-file-map /Users/admin/builder/spi-builder-workspace/.derivedData/Build/Intermediates.noindex/QRCode.build/Debug-watchos/QRCode-t.build/Objects-normal/arm64_32/QRCode-OutputFileMap.json -save-temps -no-color-diagnostics -explicit-module-build -module-cache-path /Users/admin/builder/spi-builder-workspace/.derivedData/Build/Intermediates.noindex/SwiftExplicitPrecompiledModules -clang-scanner-module-cache-path /Users/admin/builder/spi-builder-workspace/.derivedData/ModuleCache.noindex -sdk-module-cache-path /Users/admin/builder/spi-builder-workspace/.derivedData/SDKExplicitPrecompiledModules -emit-dependencies -emit-module -emit-module-path /Users/admin/builder/spi-builder-workspace/.derivedData/Build/Intermediates.noindex/QRCode.build/Debug-watchos/QRCode-t.build/Objects-normal/arm64_32/QRCode.swiftmodule -serialize-diagnostics -dependency-scan-serialize-diagnostics-path /Users/admin/builder/spi-builder-workspace/.derivedData/Build/Intermediates.noindex/QRCode.build/Debug-watchos/QRCode-t.build/Objects-normal/arm64_32/QRCode-dependency-scan.dia -validate-clang-modules-once -clang-build-session-file /Users/admin/builder/spi-builder-workspace/.derivedData/ModuleCache.noindex/Session.modulevalidation -Xcc -fmodules-prune-interval\=86400 -Xcc -fmodules-prune-after\=345600 -emit-const-values -const-gather-protocols-list /Users/admin/builder/spi-builder-workspace/.derivedData/Build/Intermediates.noindex/QRCode.build/Debug-watchos/QRCode-t.build/Objects-normal/arm64_32/QRCode_const_extract_protocols.json -Xcc -I/Users/admin/builder/spi-builder-workspace/.derivedData/Build/Products/Debug-watchos/include -Xcc -I/Users/admin/builder/spi-builder-workspace/.derivedData/Build/Intermediates.noindex/QRCode.build/Debug-watchos/QRCode-t.build/DerivedSources-normal/arm64_32 -Xcc -I/Users/admin/builder/spi-builder-workspace/.derivedData/Build/Intermediates.noindex/QRCode.build/Debug-watchos/QRCode-t.build/DerivedSources/arm64_32 -Xcc -I/Users/admin/builder/spi-builder-workspace/.derivedData/Build/Intermediates.noindex/QRCode.build/Debug-watchos/QRCode-t.build/DerivedSources -Xcc -DSWIFT_PACKAGE -Xcc -DDEBUG\=1 -emit-objc-header -emit-objc-header-path /Users/admin/builder/spi-builder-workspace/.derivedData/Build/Intermediates.noindex/QRCode.build/Debug-watchos/QRCode-t.build/Objects-normal/arm64_32/QRCode-Swift.h -working-directory /Users/admin/builder/spi-builder-workspace/.swiftpm/xcode -experimental-emit-module-separately -disable-cmo
SwiftExplicitDependencyGeneratePcm arm64_32 /Users/admin/builder/spi-builder-workspace/.derivedData/SDKExplicitPrecompiledModules/_Builtin_stdarg-D305JG44A2WPI6CJY37X3QJE8.pcm
SwiftExplicitDependencyGeneratePcm arm64_32 /Users/admin/builder/spi-builder-workspace/.derivedData/SDKExplicitPrecompiledModules/ptrcheck-7ELIH9BTIGVKX3UBITM9N72WD.pcm
SwiftExplicitDependencyGeneratePcm arm64_32 /Users/admin/builder/spi-builder-workspace/.derivedData/SDKExplicitPrecompiledModules/SwiftShims-9CQQGWTSNTN9EB5NSHDWUJICH.pcm
SwiftExplicitDependencyGeneratePcm arm64_32 /Users/admin/builder/spi-builder-workspace/.derivedData/SDKExplicitPrecompiledModules/_SwiftConcurrencyShims-6RTBPQ03V7BM9SPRK8SUE055H.pcm
SwiftExplicitDependencyGeneratePcm arm64_32 /Users/admin/builder/spi-builder-workspace/.derivedData/SDKExplicitPrecompiledModules/_AvailabilityInternal-244WAN3Z1QBT7PIA64EZEFY1R.pcm
SwiftExplicitDependencyGeneratePcm arm64_32 /Users/admin/builder/spi-builder-workspace/.derivedData/SDKExplicitPrecompiledModules/_Builtin_stddef-H44EFHQX6XSS5MZ7QP6YJZ76.pcm
SwiftExplicitDependencyGeneratePcm arm64_32 /Users/admin/builder/spi-builder-workspace/.derivedData/SDKExplicitPrecompiledModules/DeveloperToolsSupport-DZU5G1OCMNWU0AQRULIFHUJ1Z.pcm
SwiftExplicitDependencyGeneratePcm arm64 /Users/admin/builder/spi-builder-workspace/.derivedData/SDKExplicitPrecompiledModules/DeveloperToolsSupport-E7CNISCB36UE8XQ9IOHK9XDX1.pcm
SwiftExplicitDependencyGeneratePcm arm64_32 /Users/admin/builder/spi-builder-workspace/.derivedData/SDKExplicitPrecompiledModules/ptrauth-BFXF358ME5AK535N5A9Z766WU.pcm
SwiftExplicitDependencyGeneratePcm arm64_32 /Users/admin/builder/spi-builder-workspace/.derivedData/SDKExplicitPrecompiledModules/_Builtin_stdbool-A967K8W8YUYEC9SN52KJ7OO88.pcm
SwiftExplicitDependencyGeneratePcm arm64 /Users/admin/builder/spi-builder-workspace/.derivedData/SDKExplicitPrecompiledModules/ptrauth-3TZ9WJCGLYD25HQPWH4968ONX.pcm
SwiftExplicitDependencyGeneratePcm arm64 /Users/admin/builder/spi-builder-workspace/.derivedData/SDKExplicitPrecompiledModules/SwiftShims-4MXFZPV6FEB0XBYXCGPWAMQGL.pcm
SwiftExplicitDependencyGeneratePcm arm64 /Users/admin/builder/spi-builder-workspace/.derivedData/SDKExplicitPrecompiledModules/_Builtin_stddef-1FU30Y8SWFB7OUUHMJQH5J6FM.pcm
SwiftExplicitDependencyGeneratePcm arm64 /Users/admin/builder/spi-builder-workspace/.derivedData/SDKExplicitPrecompiledModules/_SwiftConcurrencyShims-659N52XSKR5F0QSB880BH2FJR.pcm
SwiftExplicitDependencyGeneratePcm arm64 /Users/admin/builder/spi-builder-workspace/.derivedData/SDKExplicitPrecompiledModules/_AvailabilityInternal-BUNV3UXM65NT37THI4W1AM0SF.pcm
SwiftExplicitDependencyGeneratePcm arm64 /Users/admin/builder/spi-builder-workspace/.derivedData/SDKExplicitPrecompiledModules/_Builtin_float-C0CW5Q4HGBQYKE77TC42IAFB5.pcm
SwiftExplicitDependencyGeneratePcm arm64_32 /Users/admin/builder/spi-builder-workspace/.derivedData/SDKExplicitPrecompiledModules/_Builtin_float-6KO8O3PEWRCA4WC6PPLOYO6WJ.pcm
SwiftExplicitDependencyGeneratePcm arm64 /Users/admin/builder/spi-builder-workspace/.derivedData/SDKExplicitPrecompiledModules/ptrcheck-AIF0NDOYZ8ORBNHQAQR5NNB8M.pcm
SwiftExplicitDependencyGeneratePcm arm64 /Users/admin/builder/spi-builder-workspace/.derivedData/SDKExplicitPrecompiledModules/_Builtin_stdbool-83J96QSOFE9VX04AAS6310UAE.pcm
SwiftExplicitDependencyGeneratePcm arm64 /Users/admin/builder/spi-builder-workspace/.derivedData/SDKExplicitPrecompiledModules/_Builtin_stdarg-A7UU8LE6MP85SM26YO7PBZNUQ.pcm
SwiftExplicitDependencyGeneratePcm arm64_32 /Users/admin/builder/spi-builder-workspace/.derivedData/SDKExplicitPrecompiledModules/_DarwinFoundation1-2GWF9RFMPLQW4PDHS3NARVI3G.pcm
SwiftExplicitDependencyGeneratePcm arm64 /Users/admin/builder/spi-builder-workspace/.derivedData/SDKExplicitPrecompiledModules/_DarwinFoundation1-7SPX3MD0HMP55E4OLNCPNDQ53.pcm
SwiftExplicitDependencyGeneratePcm arm64_32 /Users/admin/builder/spi-builder-workspace/.derivedData/SDKExplicitPrecompiledModules/_Builtin_limits-3VKBU2AFTD65PAJZ5CJ3LHFM2.pcm
SwiftExplicitDependencyGeneratePcm arm64_32 /Users/admin/builder/spi-builder-workspace/.derivedData/SDKExplicitPrecompiledModules/_DarwinFoundation2-9MY8GOSYRO0M9MKNXF6D3MBNK.pcm
SwiftExplicitDependencyGeneratePcm arm64 /Users/admin/builder/spi-builder-workspace/.derivedData/SDKExplicitPrecompiledModules/_Builtin_limits-9GWPA2B0H20DYUNYHYCWKABJG.pcm
SwiftExplicitDependencyGeneratePcm arm64 /Users/admin/builder/spi-builder-workspace/.derivedData/SDKExplicitPrecompiledModules/_DarwinFoundation2-D0XAPJU49S5E9XMKYOFGSTB1Q.pcm
SwiftExplicitDependencyGeneratePcm arm64_32 /Users/admin/builder/spi-builder-workspace/.derivedData/SDKExplicitPrecompiledModules/_Builtin_tgmath-23PGCKURCQILXMK0MYZRYDCOU.pcm
SwiftExplicitDependencyGeneratePcm arm64_32 /Users/admin/builder/spi-builder-workspace/.derivedData/SDKExplicitPrecompiledModules/sys_types-8TLLMW08ZJWDGIIPKOYFGHHZW.pcm
SwiftExplicitDependencyGeneratePcm arm64_32 /Users/admin/builder/spi-builder-workspace/.derivedData/SDKExplicitPrecompiledModules/string_h-BFVLUQUSBZWYMLCU9QI7VZALW.pcm
SwiftExplicitDependencyGeneratePcm arm64_32 /Users/admin/builder/spi-builder-workspace/.derivedData/SDKExplicitPrecompiledModules/_Builtin_stdint-1HMXWI3V0V4TXHRWZOMZGZ80Y.pcm
SwiftExplicitDependencyGeneratePcm arm64 /Users/admin/builder/spi-builder-workspace/.derivedData/SDKExplicitPrecompiledModules/_Builtin_stdint-8XMILLJZEGRN2XG7XZUXZ5RLX.pcm
SwiftExplicitDependencyGeneratePcm arm64 /Users/admin/builder/spi-builder-workspace/.derivedData/SDKExplicitPrecompiledModules/_Builtin_tgmath-8NQ96OZ0YHXEC24JI95P01UF8.pcm
SwiftExplicitDependencyGeneratePcm arm64 /Users/admin/builder/spi-builder-workspace/.derivedData/SDKExplicitPrecompiledModules/string_h-E6PRXK75PHIPCZFWOFCQ3QBMK.pcm
SwiftExplicitDependencyGeneratePcm arm64 /Users/admin/builder/spi-builder-workspace/.derivedData/SDKExplicitPrecompiledModules/sys_types-2KXQLI78OUCDP779AE68GZJ2.pcm
SwiftExplicitDependencyGeneratePcm arm64_32 /Users/admin/builder/spi-builder-workspace/.derivedData/SDKExplicitPrecompiledModules/_DarwinFoundation3-3DUTYQDQSD9HUAAVY947NMWOI.pcm
SwiftExplicitDependencyGeneratePcm arm64_32 /Users/admin/builder/spi-builder-workspace/.derivedData/SDKExplicitPrecompiledModules/_Builtin_stdatomic-1TY035TURL76BF2U98PZPPZRX.pcm
SwiftExplicitDependencyGeneratePcm arm64_32 /Users/admin/builder/spi-builder-workspace/.derivedData/SDKExplicitPrecompiledModules/_Builtin_intrinsics-196IIAKDQVU42DLOZP9OQCV76.pcm
SwiftExplicitDependencyGeneratePcm arm64 /Users/admin/builder/spi-builder-workspace/.derivedData/SDKExplicitPrecompiledModules/_Builtin_stdatomic-7JEFA3KBJJJN6TKJWY3OG1VG5.pcm
SwiftExplicitDependencyGeneratePcm arm64 /Users/admin/builder/spi-builder-workspace/.derivedData/SDKExplicitPrecompiledModules/_Builtin_intrinsics-75960HIPCIYA06IUW8FIIPQT.pcm
SwiftExplicitDependencyGeneratePcm arm64 /Users/admin/builder/spi-builder-workspace/.derivedData/SDKExplicitPrecompiledModules/_DarwinFoundation3-B97LRG0E9GON2NUE65TVG81HU.pcm
SwiftExplicitDependencyGeneratePcm arm64_32 /Users/admin/builder/spi-builder-workspace/.derivedData/SDKExplicitPrecompiledModules/_Builtin_inttypes-D2KPCR4PEX9AQA33NGLUT5SBR.pcm
SwiftExplicitDependencyGeneratePcm arm64 /Users/admin/builder/spi-builder-workspace/.derivedData/SDKExplicitPrecompiledModules/_Builtin_inttypes-3UQSCM7WNM9EK4HZML8TY5J3D.pcm
SwiftExplicitDependencyGeneratePcm arm64_32 /Users/admin/builder/spi-builder-workspace/.derivedData/SDKExplicitPrecompiledModules/Darwin-3FVT1SKLN2ZQ5RVOABMTQBB34.pcm
SwiftExplicitDependencyGeneratePcm arm64 /Users/admin/builder/spi-builder-workspace/.derivedData/SDKExplicitPrecompiledModules/Darwin-3984OXKFNSPE77NT743WK8SEX.pcm
SwiftExplicitDependencyGeneratePcm arm64_32 /Users/admin/builder/spi-builder-workspace/.derivedData/SDKExplicitPrecompiledModules/simd-21UNWYOBUZI1LVSQ99S1XBLMO.pcm
SwiftExplicitDependencyGeneratePcm arm64 /Users/admin/builder/spi-builder-workspace/.derivedData/SDKExplicitPrecompiledModules/simd-EH08NODU6574T74ZKU61VP9BW.pcm
SwiftExplicitDependencyGeneratePcm arm64_32 /Users/admin/builder/spi-builder-workspace/.derivedData/SDKExplicitPrecompiledModules/ObjectiveC-6IJNELR2E80E7LUKESVCP2KET.pcm
SwiftExplicitDependencyGeneratePcm arm64_32 /Users/admin/builder/spi-builder-workspace/.derivedData/SDKExplicitPrecompiledModules/MachO-56838ZJ0NC1EBAJ0O6O8QMPDX.pcm
SwiftExplicitDependencyGeneratePcm arm64 /Users/admin/builder/spi-builder-workspace/.derivedData/SDKExplicitPrecompiledModules/MachO-2U90NNSAQILBNBPS1SA4F8TYP.pcm
SwiftExplicitDependencyGeneratePcm arm64 /Users/admin/builder/spi-builder-workspace/.derivedData/SDKExplicitPrecompiledModules/ObjectiveC-72IVD3VS2RS8Q28D9PIMY0KQP.pcm
SwiftExplicitDependencyGeneratePcm arm64_32 /Users/admin/builder/spi-builder-workspace/.derivedData/SDKExplicitPrecompiledModules/os_object-5YWTC6L4756IWSTPGXS5NM0D0.pcm
SwiftExplicitDependencyGeneratePcm arm64 /Users/admin/builder/spi-builder-workspace/.derivedData/SDKExplicitPrecompiledModules/os_object-3SDKD7F87FTZ26OON37DRYT6O.pcm
SwiftExplicitDependencyGeneratePcm arm64 /Users/admin/builder/spi-builder-workspace/.derivedData/SDKExplicitPrecompiledModules/os_workgroup-89GG5G7YC2D0ZTK6AZXXQ20DH.pcm
SwiftExplicitDependencyGeneratePcm arm64_32 /Users/admin/builder/spi-builder-workspace/.derivedData/SDKExplicitPrecompiledModules/os_workgroup-5JHTPDMNBUNHLJI8LPHKQK1JK.pcm
SwiftExplicitDependencyGeneratePcm arm64_32 /Users/admin/builder/spi-builder-workspace/.derivedData/SDKExplicitPrecompiledModules/Spatial-CWVWNML3T0NXVHZDKVLD3X1YZ.pcm
SwiftExplicitDependencyGeneratePcm arm64 /Users/admin/builder/spi-builder-workspace/.derivedData/SDKExplicitPrecompiledModules/Spatial-44FJGYXFAT2AQAW9Z6T7YS02U.pcm
SwiftExplicitDependencyGeneratePcm arm64_32 /Users/admin/builder/spi-builder-workspace/.derivedData/SDKExplicitPrecompiledModules/Dispatch-2P62F1T4XV63S4P99TUDTOK2Q.pcm
SwiftExplicitDependencyGeneratePcm arm64 /Users/admin/builder/spi-builder-workspace/.derivedData/SDKExplicitPrecompiledModules/Dispatch-1NLJOVAK60XP0DUB05XA59EIM.pcm
SwiftExplicitDependencyGeneratePcm arm64 /Users/admin/builder/spi-builder-workspace/.derivedData/SDKExplicitPrecompiledModules/CoreFoundation-8T2L24YC5NU7WO6WQJWRY7W08.pcm
SwiftExplicitDependencyGeneratePcm arm64 /Users/admin/builder/spi-builder-workspace/.derivedData/SDKExplicitPrecompiledModules/XPC-40DR0X1DHKGCV4J1IOLFS8MOU.pcm
SwiftExplicitDependencyGeneratePcm arm64_32 /Users/admin/builder/spi-builder-workspace/.derivedData/SDKExplicitPrecompiledModules/CoreFoundation-8E6Y4BA3EXYKUGJ24GT9LGV3N.pcm
SwiftExplicitDependencyGeneratePcm arm64_32 /Users/admin/builder/spi-builder-workspace/.derivedData/SDKExplicitPrecompiledModules/XPC-81Y45QFY96XYYFCW2GT6FY8S4.pcm
SwiftExplicitDependencyGeneratePcm arm64_32 /Users/admin/builder/spi-builder-workspace/.derivedData/SDKExplicitPrecompiledModules/os-E5IGB442IA6SBB25TTCOLK2OC.pcm
SwiftExplicitDependencyGeneratePcm arm64 /Users/admin/builder/spi-builder-workspace/.derivedData/SDKExplicitPrecompiledModules/os-5DIL6Z9LFIGLMZAHM7X2T5435.pcm
SwiftExplicitDependencyGeneratePcm arm64_32 /Users/admin/builder/spi-builder-workspace/.derivedData/SDKExplicitPrecompiledModules/Security-D7TOWF88VWF67TB9HAFP5UWB1.pcm
SwiftExplicitDependencyGeneratePcm arm64_32 /Users/admin/builder/spi-builder-workspace/.derivedData/SDKExplicitPrecompiledModules/CoreGraphics-9FDXYX6BKBUT6TJ2VF819E7T5.pcm
SwiftExplicitDependencyGeneratePcm arm64 /Users/admin/builder/spi-builder-workspace/.derivedData/SDKExplicitPrecompiledModules/Security-6RZ6YBRU8WCUHRFFRVUK5WKMM.pcm
SwiftExplicitDependencyGeneratePcm arm64 /Users/admin/builder/spi-builder-workspace/.derivedData/SDKExplicitPrecompiledModules/CoreGraphics-DWNZ73GEH98SBJXZ7DEXB420K.pcm
SwiftExplicitDependencyGeneratePcm arm64_32 /Users/admin/builder/spi-builder-workspace/.derivedData/SDKExplicitPrecompiledModules/Foundation-BJ2VQGI3OGR34500MEQ1VKHPH.pcm
SwiftExplicitDependencyGeneratePcm arm64 /Users/admin/builder/spi-builder-workspace/.derivedData/SDKExplicitPrecompiledModules/Foundation-DLBKUSGXN8QHAT8W0OARR9S8A.pcm
SwiftExplicitDependencyGeneratePcm arm64_32 /Users/admin/builder/spi-builder-workspace/.derivedData/SDKExplicitPrecompiledModules/CoreVideo-2P8HI0403J99LBDPKNFJ5D4DL.pcm
SwiftExplicitDependencyGeneratePcm arm64_32 /Users/admin/builder/spi-builder-workspace/.derivedData/SDKExplicitPrecompiledModules/CoreText-C9X2REPZN2V5BSU4G80FCETDR.pcm
SwiftExplicitDependencyGeneratePcm arm64 /Users/admin/builder/spi-builder-workspace/.derivedData/SDKExplicitPrecompiledModules/CoreText-970YJN6NIYGK1316L35Z0O8QT.pcm
SwiftExplicitDependencyGeneratePcm arm64 /Users/admin/builder/spi-builder-workspace/.derivedData/SDKExplicitPrecompiledModules/CoreVideo-8MRR5MNWUOAW2DBPGUQ8FKK4.pcm
SwiftExplicitDependencyGeneratePcm arm64_32 /Users/admin/builder/spi-builder-workspace/.derivedData/SDKExplicitPrecompiledModules/Accessibility-F385OMZ5GYBUY5O4QAJB4NRII.pcm
SwiftExplicitDependencyGeneratePcm arm64_32 /Users/admin/builder/spi-builder-workspace/.derivedData/SDKExplicitPrecompiledModules/Symbols-1H97WMG76HU94F5VGJR19PXFY.pcm
SwiftExplicitDependencyGeneratePcm arm64_32 /Users/admin/builder/spi-builder-workspace/.derivedData/SDKExplicitPrecompiledModules/OSLog-D9AVFY0KWO7RVBIQ73CBIJVCN.pcm
SwiftExplicitDependencyGeneratePcm arm64_32 /Users/admin/builder/spi-builder-workspace/.derivedData/SDKExplicitPrecompiledModules/CoreTransferable-5D4IR6X37682FPHJ5CBPTKQV6.pcm
SwiftExplicitDependencyGeneratePcm arm64_32 /Users/admin/builder/spi-builder-workspace/.derivedData/SDKExplicitPrecompiledModules/UIUtilities-9YFVNIMRC5HRVOIARNWHP1E3H.pcm
SwiftExplicitDependencyGeneratePcm arm64_32 /Users/admin/builder/spi-builder-workspace/.derivedData/SDKExplicitPrecompiledModules/UserNotifications-6TBN8TEAKO014N1T2QD926XED.pcm
SwiftExplicitDependencyGeneratePcm arm64_32 /Users/admin/builder/spi-builder-workspace/.derivedData/SDKExplicitPrecompiledModules/UniformTypeIdentifiers-CJZ3NTHPSBH4XWX5EVOG56UZS.pcm
SwiftExplicitDependencyGeneratePcm arm64_32 /Users/admin/builder/spi-builder-workspace/.derivedData/SDKExplicitPrecompiledModules/QuartzCore-6375NPYACK5NYVHPMC1QQ8MC2.pcm
SwiftExplicitDependencyGeneratePcm arm64_32 /Users/admin/builder/spi-builder-workspace/.derivedData/SDKExplicitPrecompiledModules/_LocationEssentials-AQ1OL9QKC3LQLY5CNSRM1HB53.pcm
SwiftExplicitDependencyGeneratePcm arm64_32 /Users/admin/builder/spi-builder-workspace/.derivedData/SDKExplicitPrecompiledModules/DataDetection-U9BF7WHFVA6BZGFXXXP272PS.pcm
SwiftExplicitDependencyGeneratePcm arm64 /Users/admin/builder/spi-builder-workspace/.derivedData/SDKExplicitPrecompiledModules/DataDetection-7BNVI1SZW5ISQL5SX4WL2X7I5.pcm
SwiftExplicitDependencyGeneratePcm arm64 /Users/admin/builder/spi-builder-workspace/.derivedData/SDKExplicitPrecompiledModules/CoreTransferable-9PPG3SLJ55T4LITIFYX2M0NOZ.pcm
SwiftExplicitDependencyGeneratePcm arm64 /Users/admin/builder/spi-builder-workspace/.derivedData/SDKExplicitPrecompiledModules/_LocationEssentials-5ZZDGDXB6HLQUC72SJW7YJ7MK.pcm
SwiftExplicitDependencyGeneratePcm arm64 /Users/admin/builder/spi-builder-workspace/.derivedData/SDKExplicitPrecompiledModules/Accessibility-27QMG6ZQ1NKYTNBYFPM1XKNFC.pcm
SwiftExplicitDependencyGeneratePcm arm64 /Users/admin/builder/spi-builder-workspace/.derivedData/SDKExplicitPrecompiledModules/UniformTypeIdentifiers-8L08Q8DQJV8C4AW84YVGFGTRN.pcm
SwiftExplicitDependencyGeneratePcm arm64 /Users/admin/builder/spi-builder-workspace/.derivedData/SDKExplicitPrecompiledModules/Symbols-3EFABTJ9L5PQDJ7RQCYQWEJMM.pcm
SwiftExplicitDependencyGeneratePcm arm64 /Users/admin/builder/spi-builder-workspace/.derivedData/SDKExplicitPrecompiledModules/UIUtilities-IR7RNW23VAUKYI9MLCS9NL9A.pcm
SwiftExplicitDependencyGeneratePcm arm64 /Users/admin/builder/spi-builder-workspace/.derivedData/SDKExplicitPrecompiledModules/OSLog-B7VGO357Y3GJG35TST7DKDSI3.pcm
SwiftExplicitDependencyGeneratePcm arm64 /Users/admin/builder/spi-builder-workspace/.derivedData/SDKExplicitPrecompiledModules/UserNotifications-ARAH8MEQ0C2L0FBO39HITJMAO.pcm
SwiftExplicitDependencyGeneratePcm arm64_32 /Users/admin/builder/spi-builder-workspace/.derivedData/SDKExplicitPrecompiledModules/CoreLocation-8XU5YMYM4P11RQMYCQAG65ITK.pcm
SwiftExplicitDependencyGeneratePcm arm64_32 /Users/admin/builder/spi-builder-workspace/.derivedData/SDKExplicitPrecompiledModules/SwiftUICore-3Q7WLRD8MR9R3NGIPUBQCP6F6.pcm
SwiftExplicitDependencyGeneratePcm arm64 /Users/admin/builder/spi-builder-workspace/.derivedData/SDKExplicitPrecompiledModules/QuartzCore-94KFMWNOU7ZLUZNB4T5DLZC9D.pcm
SwiftExplicitDependencyGeneratePcm arm64 /Users/admin/builder/spi-builder-workspace/.derivedData/SDKExplicitPrecompiledModules/CoreLocation-ACKJ9K7ABI14F97Y46Y6SRR17.pcm
SwiftExplicitDependencyGeneratePcm arm64_32 /Users/admin/builder/spi-builder-workspace/.derivedData/SDKExplicitPrecompiledModules/CoreMotion-1XGTVTE5PP32UHME8AC63TL6.pcm
SwiftExplicitDependencyGeneratePcm arm64 /Users/admin/builder/spi-builder-workspace/.derivedData/SDKExplicitPrecompiledModules/CoreMotion-6RD5K48QT1F4L9CATNFD2O7YB.pcm
SwiftExplicitDependencyGeneratePcm arm64 /Users/admin/builder/spi-builder-workspace/.derivedData/SDKExplicitPrecompiledModules/SwiftUICore-C1DST1IX2Z0PTH5SJJZ1IULRB.pcm
SwiftExplicitDependencyGeneratePcm arm64_32 /Users/admin/builder/spi-builder-workspace/.derivedData/SDKExplicitPrecompiledModules/UIKit-6PPV7YPZ89CZPHYAP072QH8B6.pcm
SwiftExplicitDependencyGeneratePcm arm64 /Users/admin/builder/spi-builder-workspace/.derivedData/SDKExplicitPrecompiledModules/UIKit-27R3P1YMV4C6JLDT661G3MRIA.pcm
SwiftCompile normal arm64_32 Compiling\ QRCodeImageGenerator.swift /Users/admin/builder/spi-builder-workspace/QRCode/QRCodeImageGenerator.swift (in target 'QRCode' from project 'QRCode')
SwiftCompile normal arm64_32 /Users/admin/builder/spi-builder-workspace/QRCode/QRCodeImageGenerator.swift (in target 'QRCode' from project 'QRCode')
cd /Users/admin/builder/spi-builder-workspace/.swiftpm/xcode
builtin-SwiftPerFileCompile QRCodeImageGenerator.swift
/Users/admin/builder/spi-builder-workspace/QRCode/QRCodeImageGenerator.swift:19:66: error: cannot find type 'CIImage' in scope
17 | }
18 |
19 | private func qrCodeScaledCiImage(for code: QRCode) throws -> CIImage {
| `- error: cannot find type 'CIImage' in scope
20 | let ciImage = try qrCodeColoredCiImage(for: code)
21 | guard desiredSizeIsSufficient(for: code, with: ciImage) else {
/Users/admin/builder/spi-builder-workspace/QRCode/QRCodeImageGenerator.swift:33:67: error: cannot find type 'CIImage' in scope
31 | }
32 |
33 | private func qrCodeColoredCiImage(for code: QRCode) throws -> CIImage {
| `- error: cannot find type 'CIImage' in scope
34 | let qrCodeImage = try qrCodeBaseImage(for: code)
35 | let colorFilter = CIFilter(name: "CIFalseColor")!
/Users/admin/builder/spi-builder-workspace/QRCode/QRCodeImageGenerator.swift:45:62: error: cannot find type 'CIImage' in scope
43 | }
44 |
45 | private func qrCodeBaseImage(for code: QRCode) throws -> CIImage {
| `- error: cannot find type 'CIImage' in scope
46 | let qrCodeFilter = CIFilter(name: "CIQRCodeGenerator")!
47 |
/Users/admin/builder/spi-builder-workspace/QRCode/QRCodeImageGenerator.swift:59:72: error: cannot find type 'CIImage' in scope
57 | }
58 |
59 | private func desiredSizeIsSufficient(for code: QRCode, with image: CIImage) -> Bool {
| `- error: cannot find type 'CIImage' in scope
60 | guard let desiredSize = code.size else { return true }
61 | let hasSufficientWidth = desiredSize.width >= image.extent.size.width
/Users/admin/builder/spi-builder-workspace/QRCode/QRCodeImageGenerator.swift:13:23: error: cannot find 'CIContext' in scope
11 |
12 | // for proper scaling, e.g. in UIImageViews, we need a CGImage as the base
13 | let context = CIContext(options: nil)
| `- error: cannot find 'CIContext' in scope
14 | let cgImage = context.createCGImage(ciImage, from: ciImage.extent)!
15 |
/Users/admin/builder/spi-builder-workspace/QRCode/QRCodeImageGenerator.swift:35:27: error: cannot find 'CIFilter' in scope
33 | private func qrCodeColoredCiImage(for code: QRCode) throws -> CIImage {
34 | let qrCodeImage = try qrCodeBaseImage(for: code)
35 | let colorFilter = CIFilter(name: "CIFalseColor")!
| `- error: cannot find 'CIFilter' in scope
36 |
37 | colorFilter.setDefaults()
/Users/admin/builder/spi-builder-workspace/QRCode/QRCodeImageGenerator.swift:39:30: error: cannot find 'CIColor' in scope
37 | colorFilter.setDefaults()
38 | colorFilter.setValue(qrCodeImage, forKey: "inputImage")
39 | colorFilter.setValue(CIColor(cgColor: code.color.cgColor), forKey: "inputColor0")
| `- error: cannot find 'CIColor' in scope
40 | colorFilter.setValue(CIColor(cgColor: code.backgroundColor.cgColor), forKey: "inputColor1")
41 |
/Users/admin/builder/spi-builder-workspace/QRCode/QRCodeImageGenerator.swift:40:30: error: cannot find 'CIColor' in scope
38 | colorFilter.setValue(qrCodeImage, forKey: "inputImage")
39 | colorFilter.setValue(CIColor(cgColor: code.color.cgColor), forKey: "inputColor0")
40 | colorFilter.setValue(CIColor(cgColor: code.backgroundColor.cgColor), forKey: "inputColor1")
| `- error: cannot find 'CIColor' in scope
41 |
42 | return colorFilter.outputImage!
SwiftCompile normal arm64_32 Compiling\ QRCode.swift /Users/admin/builder/spi-builder-workspace/QRCode/QRCode.swift (in target 'QRCode' from project 'QRCode')
SwiftCompile normal arm64_32 /Users/admin/builder/spi-builder-workspace/QRCode/QRCode.swift (in target 'QRCode' from project 'QRCode')
cd /Users/admin/builder/spi-builder-workspace/.swiftpm/xcode
builtin-SwiftPerFileCompile QRCode.swift
/Users/admin/builder/spi-builder-workspace/QRCode/QRCode.swift:27:38: error: 'UIScreen' is unavailable in watchOS
25 | public static let defaultBackgroundColor = UIColor.white
26 | public static let defaultImageSize: CGSize? = nil
27 | public static let defaultScale = UIScreen.main.scale
| `- error: 'UIScreen' is unavailable in watchOS
28 | public static let defaultInputCorrection = InputCorrection.low
29 |
/Applications/Xcode-27.0.0-Release.Candidate.app/Contents/Developer/Platforms/WatchOS.platform/Developer/SDKs/WatchOS27.0.sdk/System/Library/Frameworks/UIKit.framework/Headers/UIScreen.h:54:12: note: 'UIScreen' has been explicitly marked unavailable here
52 |
53 | UIKIT_EXTERN API_AVAILABLE(ios(2.0)) API_UNAVAILABLE(visionos, watchos) NS_SWIFT_UI_ACTOR
54 | @interface UIScreen : NSObject <UITraitEnvironment>
| `- note: 'UIScreen' has been explicitly marked unavailable here
55 |
56 | @property(class, nonatomic, readonly) NSArray<UIScreen *> *screens API_DEPRECATED("Use UIApplication.shared.openSessions to find open sessions with scenes from other screens", ios(3.2, 16.0), visionos(1.0, 1.0)) API_UNAVAILABLE(watchos); // all screens currently attached to the device
SwiftCompile normal arm64_32 Compiling\ QRCodeView.swift /Users/admin/builder/spi-builder-workspace/QRCode/QRCodeView.swift (in target 'QRCode' from project 'QRCode')
SwiftCompile normal arm64_32 /Users/admin/builder/spi-builder-workspace/QRCode/QRCodeView.swift (in target 'QRCode' from project 'QRCode')
cd /Users/admin/builder/spi-builder-workspace/.swiftpm/xcode
builtin-SwiftPerFileCompile QRCodeView.swift
/Users/admin/builder/spi-builder-workspace/QRCode/QRCodeView.swift:41:38: error: 'UIView' is unavailable in watchOS
39 | }
40 |
41 | public override var contentMode: UIView.ContentMode {
| `- error: 'UIView' is unavailable in watchOS
42 | didSet {
43 | DispatchQueue.main.async { [unowned self] in
/Applications/Xcode-27.0.0-Release.Candidate.app/Contents/Developer/Platforms/WatchOS.platform/Developer/SDKs/WatchOS27.0.sdk/System/Library/Frameworks/UIKit.framework/Headers/UIView.h:152:12: note: 'UIView' has been explicitly marked unavailable here
150 |
151 | UIKIT_EXTERN API_AVAILABLE(ios(2.0)) API_UNAVAILABLE(watchos) NS_SWIFT_UI_ACTOR
152 | @interface UIView : UIResponder <NSCoding, UIAppearance, UIAppearanceContainer, UIDynamicItem, UITraitEnvironment, UICoordinateSpace, UIFocusItem, UIFocusItemContainer, CALayerDelegate>
| `- note: 'UIView' has been explicitly marked unavailable here
153 |
154 | @property(class, nonatomic, readonly) Class layerClass; // default is [CALayer class]. Used when creating the underlying layer for the view.
/Users/admin/builder/spi-builder-workspace/QRCode/QRCodeView.swift:51:32: error: 'UIImageView' is unavailable in watchOS
49 |
50 | private var cachedImage: UIImage?
51 | fileprivate let imageView: UIImageView!
| `- error: 'UIImageView' is unavailable in watchOS
52 |
53 | private static let defaultSizingBehavior: SizingBehavior = .hideWhenTooSmall
/Applications/Xcode-27.0.0-Release.Candidate.app/Contents/Developer/Platforms/WatchOS.platform/Developer/SDKs/WatchOS27.0.sdk/System/Library/Frameworks/UIKit.framework/Headers/UIImageView.h:21:12: note: 'UIImageView' has been explicitly marked unavailable here
19 |
20 | UIKIT_EXTERN API_AVAILABLE(ios(2.0)) API_UNAVAILABLE(watchos) NS_SWIFT_UI_ACTOR
21 | @interface UIImageView : UIView
| `- note: 'UIImageView' has been explicitly marked unavailable here
22 |
23 | - (instancetype)initWithImage:(nullable UIImage *)image;
/Users/admin/builder/spi-builder-workspace/QRCode/QRCodeView.swift:8:26: error: 'UIView' is unavailable in watchOS
6 | rotation, to ensure pixel-perfect display of the QR code.
7 | */
8 | public class QRCodeView: UIView {
| `- error: 'UIView' is unavailable in watchOS
9 | /**
10 | Specifies the view's behavior when the frame becomes smaller than the QR code would require to be displayed without
/Applications/Xcode-27.0.0-Release.Candidate.app/Contents/Developer/Platforms/WatchOS.platform/Developer/SDKs/WatchOS27.0.sdk/System/Library/Frameworks/UIKit.framework/Headers/UIView.h:152:12: note: 'UIView' has been explicitly marked unavailable here
150 |
151 | UIKIT_EXTERN API_AVAILABLE(ios(2.0)) API_UNAVAILABLE(watchos) NS_SWIFT_UI_ACTOR
152 | @interface UIView : UIResponder <NSCoding, UIAppearance, UIAppearanceContainer, UIDynamicItem, UITraitEnvironment, UICoordinateSpace, UIFocusItem, UIFocusItemContainer, CALayerDelegate>
| `- note: 'UIView' has been explicitly marked unavailable here
153 |
154 | @property(class, nonatomic, readonly) Class layerClass; // default is [CALayer class]. Used when creating the underlying layer for the view.
/Users/admin/builder/spi-builder-workspace/QRCode/QRCodeView.swift:118:81: error: 'UIView' is unavailable in watchOS
116 | }
117 |
118 | fileprivate func imageForCurrentSizingBehavior(bounds: CGRect, contentMode: UIView.ContentMode) -> UIImage? {
| `- error: 'UIView' is unavailable in watchOS
119 | guard let code = qrCode else { return nil }
120 |
/Applications/Xcode-27.0.0-Release.Candidate.app/Contents/Developer/Platforms/WatchOS.platform/Developer/SDKs/WatchOS27.0.sdk/System/Library/Frameworks/UIKit.framework/Headers/UIView.h:152:12: note: 'UIView' has been explicitly marked unavailable here
150 |
151 | UIKIT_EXTERN API_AVAILABLE(ios(2.0)) API_UNAVAILABLE(watchos) NS_SWIFT_UI_ACTOR
152 | @interface UIView : UIResponder <NSCoding, UIAppearance, UIAppearanceContainer, UIDynamicItem, UITraitEnvironment, UICoordinateSpace, UIFocusItem, UIFocusItemContainer, CALayerDelegate>
| `- note: 'UIView' has been explicitly marked unavailable here
153 |
154 | @property(class, nonatomic, readonly) Class layerClass; // default is [CALayer class]. Used when creating the underlying layer for the view.
/Users/admin/builder/spi-builder-workspace/QRCode/QRCodeView.swift:58:21: error: 'UIImageView' is unavailable in watchOS
56 |
57 | override public init(frame: CGRect) {
58 | imageView = UIImageView(frame: frame)
| `- error: 'UIImageView' is unavailable in watchOS
59 | sizingBehavior = QRCodeView.defaultSizingBehavior
60 |
/Applications/Xcode-27.0.0-Release.Candidate.app/Contents/Developer/Platforms/WatchOS.platform/Developer/SDKs/WatchOS27.0.sdk/System/Library/Frameworks/UIKit.framework/Headers/UIImageView.h:21:12: note: 'UIImageView' has been explicitly marked unavailable here
19 |
20 | UIKIT_EXTERN API_AVAILABLE(ios(2.0)) API_UNAVAILABLE(watchos) NS_SWIFT_UI_ACTOR
21 | @interface UIImageView : UIView
| `- note: 'UIImageView' has been explicitly marked unavailable here
22 |
23 | - (instancetype)initWithImage:(nullable UIImage *)image;
/Users/admin/builder/spi-builder-workspace/QRCode/QRCodeView.swift:67:21: error: 'UIImageView' is unavailable in watchOS
65 |
66 | required public init?(coder aDecoder: NSCoder) {
67 | imageView = UIImageView(coder: aDecoder)
| `- error: 'UIImageView' is unavailable in watchOS
68 | sizingBehavior = QRCodeView.defaultSizingBehavior
69 |
/Applications/Xcode-27.0.0-Release.Candidate.app/Contents/Developer/Platforms/WatchOS.platform/Developer/SDKs/WatchOS27.0.sdk/System/Library/Frameworks/UIKit.framework/Headers/UIImageView.h:21:12: note: 'UIImageView' has been explicitly marked unavailable here
19 |
20 | UIKIT_EXTERN API_AVAILABLE(ios(2.0)) API_UNAVAILABLE(watchos) NS_SWIFT_UI_ACTOR
21 | @interface UIImageView : UIView
| `- note: 'UIImageView' has been explicitly marked unavailable here
22 |
23 | - (instancetype)initWithImage:(nullable UIImage *)image;
/Users/admin/builder/spi-builder-workspace/QRCode/QRCodeView.swift:112:24: error: 'NSLayoutConstraint' is unavailable in watchOS
110 | imageView.contentMode = contentMode
111 | imageView.translatesAutoresizingMaskIntoConstraints = false
112 | addConstraints(NSLayoutConstraint.constraints(withVisualFormat: "H:|[imageView]|", options: [], metrics: nil,
| `- error: 'NSLayoutConstraint' is unavailable in watchOS
113 | views: ["imageView": imageView!]))
114 | addConstraints(NSLayoutConstraint.constraints(withVisualFormat: "V:|[imageView]|", options: [], metrics: nil,
/Applications/Xcode-27.0.0-Release.Candidate.app/Contents/Developer/Platforms/WatchOS.platform/Developer/SDKs/WatchOS27.0.sdk/System/Library/Frameworks/UIKit.framework/Headers/NSLayoutConstraint.h:126:12: note: 'NSLayoutConstraint' has been explicitly marked unavailable here
124 |
125 | NSLAYOUTCONSTRAINT_EXTERN API_AVAILABLE(macos(10.7), ios(6.0), tvos(9.0)) API_UNAVAILABLE(watchos) NS_SWIFT_UI_ACTOR
126 | @interface NSLayoutConstraint : NSObject
| `- note: 'NSLayoutConstraint' has been explicitly marked unavailable here
127 |
128 | /* Create an array of constraints using an ASCII-art-like visual format string. The values of the `metrics` dictionary should be NSNumber (or some other type that responds to -doubleValue and returns a double).
SwiftEmitModule normal arm64_32 Emitting\ module\ for\ QRCode (in target 'QRCode' from project 'QRCode')
/Users/admin/builder/spi-builder-workspace/QRCode/QRCode.swift:27:38: error: 'UIScreen' is unavailable in watchOS
25 | public static let defaultBackgroundColor = UIColor.white
26 | public static let defaultImageSize: CGSize? = nil
27 | public static let defaultScale = UIScreen.main.scale
| `- error: 'UIScreen' is unavailable in watchOS
28 | public static let defaultInputCorrection = InputCorrection.low
29 |
/Applications/Xcode-27.0.0-Release.Candidate.app/Contents/Developer/Platforms/WatchOS.platform/Developer/SDKs/WatchOS27.0.sdk/System/Library/Frameworks/UIKit.framework/Headers/UIScreen.h:54:12: note: 'UIScreen' has been explicitly marked unavailable here
52 |
53 | UIKIT_EXTERN API_AVAILABLE(ios(2.0)) API_UNAVAILABLE(visionos, watchos) NS_SWIFT_UI_ACTOR
54 | @interface UIScreen : NSObject <UITraitEnvironment>
| `- note: 'UIScreen' has been explicitly marked unavailable here
55 |
56 | @property(class, nonatomic, readonly) NSArray<UIScreen *> *screens API_DEPRECATED("Use UIApplication.shared.openSessions to find open sessions with scenes from other screens", ios(3.2, 16.0), visionos(1.0, 1.0)) API_UNAVAILABLE(watchos); // all screens currently attached to the device
/Users/admin/builder/spi-builder-workspace/QRCode/QRCode.swift:27:47: error: 'main' is unavailable in watchOS
25 | public static let defaultBackgroundColor = UIColor.white
26 | public static let defaultImageSize: CGSize? = nil
27 | public static let defaultScale = UIScreen.main.scale
| `- error: 'main' is unavailable in watchOS
28 | public static let defaultInputCorrection = InputCorrection.low
29 |
/Applications/Xcode-27.0.0-Release.Candidate.app/Contents/Developer/Platforms/WatchOS.platform/Developer/SDKs/WatchOS27.0.sdk/System/Library/Frameworks/UIKit.framework/Headers/UIScreen.h:57:49: note: 'main' has been explicitly marked unavailable here
55 |
56 | @property(class, nonatomic, readonly) NSArray<UIScreen *> *screens API_DEPRECATED("Use UIApplication.shared.openSessions to find open sessions with scenes from other screens", ios(3.2, 16.0), visionos(1.0, 1.0)) API_UNAVAILABLE(watchos); // all screens currently attached to the device
57 | @property(class, nonatomic, readonly) UIScreen *mainScreen API_DEPRECATED("Use a UIScreen instance found through context instead (i.e, view.window.windowScene.screen), or for properties like UIScreen.scale with trait equivalents, use a traitCollection found through context.", ios(2.0, 26.0), tvos(9.0, 26.0), visionos(1.0, 26.0)) API_UNAVAILABLE(watchos);
| `- note: 'main' has been explicitly marked unavailable here
58 |
59 | @property(nonatomic,readonly) CGRect bounds; // Bounds of entire screen in points
/Users/admin/builder/spi-builder-workspace/QRCode/QRCodeImageGenerator.swift:19:66: error: cannot find type 'CIImage' in scope
17 | }
18 |
19 | private func qrCodeScaledCiImage(for code: QRCode) throws -> CIImage {
| `- error: cannot find type 'CIImage' in scope
20 | let ciImage = try qrCodeColoredCiImage(for: code)
21 | guard desiredSizeIsSufficient(for: code, with: ciImage) else {
/Users/admin/builder/spi-builder-workspace/QRCode/QRCodeImageGenerator.swift:33:67: error: cannot find type 'CIImage' in scope
31 | }
32 |
33 | private func qrCodeColoredCiImage(for code: QRCode) throws -> CIImage {
| `- error: cannot find type 'CIImage' in scope
34 | let qrCodeImage = try qrCodeBaseImage(for: code)
35 | let colorFilter = CIFilter(name: "CIFalseColor")!
/Users/admin/builder/spi-builder-workspace/QRCode/QRCodeImageGenerator.swift:45:62: error: cannot find type 'CIImage' in scope
43 | }
44 |
45 | private func qrCodeBaseImage(for code: QRCode) throws -> CIImage {
| `- error: cannot find type 'CIImage' in scope
46 | let qrCodeFilter = CIFilter(name: "CIQRCodeGenerator")!
47 |
/Users/admin/builder/spi-builder-workspace/QRCode/QRCodeImageGenerator.swift:59:72: error: cannot find type 'CIImage' in scope
57 | }
58 |
59 | private func desiredSizeIsSufficient(for code: QRCode, with image: CIImage) -> Bool {
| `- error: cannot find type 'CIImage' in scope
60 | guard let desiredSize = code.size else { return true }
61 | let hasSufficientWidth = desiredSize.width >= image.extent.size.width
/Users/admin/builder/spi-builder-workspace/QRCode/QRCodeView.swift:41:38: error: 'UIView' is unavailable in watchOS
39 | }
40 |
41 | public override var contentMode: UIView.ContentMode {
| `- error: 'UIView' is unavailable in watchOS
42 | didSet {
43 | DispatchQueue.main.async { [unowned self] in
/Applications/Xcode-27.0.0-Release.Candidate.app/Contents/Developer/Platforms/WatchOS.platform/Developer/SDKs/WatchOS27.0.sdk/System/Library/Frameworks/UIKit.framework/Headers/UIView.h:152:12: note: 'UIView' has been explicitly marked unavailable here
150 |
151 | UIKIT_EXTERN API_AVAILABLE(ios(2.0)) API_UNAVAILABLE(watchos) NS_SWIFT_UI_ACTOR
152 | @interface UIView : UIResponder <NSCoding, UIAppearance, UIAppearanceContainer, UIDynamicItem, UITraitEnvironment, UICoordinateSpace, UIFocusItem, UIFocusItemContainer, CALayerDelegate>
| `- note: 'UIView' has been explicitly marked unavailable here
153 |
154 | @property(class, nonatomic, readonly) Class layerClass; // default is [CALayer class]. Used when creating the underlying layer for the view.
/Users/admin/builder/spi-builder-workspace/QRCode/QRCodeView.swift:51:32: error: 'UIImageView' is unavailable in watchOS
49 |
50 | private var cachedImage: UIImage?
51 | fileprivate let imageView: UIImageView!
| `- error: 'UIImageView' is unavailable in watchOS
52 |
53 | private static let defaultSizingBehavior: SizingBehavior = .hideWhenTooSmall
/Applications/Xcode-27.0.0-Release.Candidate.app/Contents/Developer/Platforms/WatchOS.platform/Developer/SDKs/WatchOS27.0.sdk/System/Library/Frameworks/UIKit.framework/Headers/UIImageView.h:21:12: note: 'UIImageView' has been explicitly marked unavailable here
19 |
20 | UIKIT_EXTERN API_AVAILABLE(ios(2.0)) API_UNAVAILABLE(watchos) NS_SWIFT_UI_ACTOR
21 | @interface UIImageView : UIView
| `- note: 'UIImageView' has been explicitly marked unavailable here
22 |
23 | - (instancetype)initWithImage:(nullable UIImage *)image;
/Users/admin/builder/spi-builder-workspace/QRCode/QRCodeView.swift:8:26: error: 'UIView' is unavailable in watchOS
6 | rotation, to ensure pixel-perfect display of the QR code.
7 | */
8 | public class QRCodeView: UIView {
| `- error: 'UIView' is unavailable in watchOS
9 | /**
10 | Specifies the view's behavior when the frame becomes smaller than the QR code would require to be displayed without
/Applications/Xcode-27.0.0-Release.Candidate.app/Contents/Developer/Platforms/WatchOS.platform/Developer/SDKs/WatchOS27.0.sdk/System/Library/Frameworks/UIKit.framework/Headers/UIView.h:152:12: note: 'UIView' has been explicitly marked unavailable here
150 |
151 | UIKIT_EXTERN API_AVAILABLE(ios(2.0)) API_UNAVAILABLE(watchos) NS_SWIFT_UI_ACTOR
152 | @interface UIView : UIResponder <NSCoding, UIAppearance, UIAppearanceContainer, UIDynamicItem, UITraitEnvironment, UICoordinateSpace, UIFocusItem, UIFocusItemContainer, CALayerDelegate>
| `- note: 'UIView' has been explicitly marked unavailable here
153 |
154 | @property(class, nonatomic, readonly) Class layerClass; // default is [CALayer class]. Used when creating the underlying layer for the view.
/Users/admin/builder/spi-builder-workspace/QRCode/QRCodeView.swift:118:81: error: 'UIView' is unavailable in watchOS
116 | }
117 |
118 | fileprivate func imageForCurrentSizingBehavior(bounds: CGRect, contentMode: UIView.ContentMode) -> UIImage? {
| `- error: 'UIView' is unavailable in watchOS
119 | guard let code = qrCode else { return nil }
120 |
/Applications/Xcode-27.0.0-Release.Candidate.app/Contents/Developer/Platforms/WatchOS.platform/Developer/SDKs/WatchOS27.0.sdk/System/Library/Frameworks/UIKit.framework/Headers/UIView.h:152:12: note: 'UIView' has been explicitly marked unavailable here
150 |
151 | UIKIT_EXTERN API_AVAILABLE(ios(2.0)) API_UNAVAILABLE(watchos) NS_SWIFT_UI_ACTOR
152 | @interface UIView : UIResponder <NSCoding, UIAppearance, UIAppearanceContainer, UIDynamicItem, UITraitEnvironment, UICoordinateSpace, UIFocusItem, UIFocusItemContainer, CALayerDelegate>
| `- note: 'UIView' has been explicitly marked unavailable here
153 |
154 | @property(class, nonatomic, readonly) Class layerClass; // default is [CALayer class]. Used when creating the underlying layer for the view.
Failed frontend command:
/Applications/Xcode-27.0.0-Release.Candidate.app/Contents/Developer/Toolchains/XcodeDefault.xctoolchain/usr/bin/swift-frontend -frontend -emit-module -experimental-skip-non-inlinable-function-bodies-without-types /Users/admin/builder/spi-builder-workspace/QRCode/QRCode.swift /Users/admin/builder/spi-builder-workspace/QRCode/QRCodeImageGenerator.swift /Users/admin/builder/spi-builder-workspace/QRCode/QRCodeView.swift -target arm64_32-apple-watchos9.0 -disable-cross-import-overlay-search -load-resolved-plugin /Applications/Xcode-27.0.0-Release.Candidate.app/Contents/Developer/Platforms/WatchOS.platform/Developer/usr/lib/swift/host/plugins/libFoundationMacros.dylib\#/Applications/Xcode-27.0.0-Release.Candidate.app/Contents/Developer/Platforms/WatchOS.platform/Developer/usr/bin/swift-plugin-server\#FoundationMacros -load-resolved-plugin /Applications/Xcode-27.0.0-Release.Candidate.app/Contents/Developer/Platforms/WatchOS.platform/Developer/usr/lib/swift/host/plugins/libObservationMacros.dylib\#/Applications/Xcode-27.0.0-Release.Candidate.app/Contents/Developer/Platforms/WatchOS.platform/Developer/usr/bin/swift-plugin-server\#ObservationMacros -load-resolved-plugin /Applications/Xcode-27.0.0-Release.Candidate.app/Contents/Developer/Platforms/WatchOS.platform/Developer/usr/lib/swift/host/plugins/libSwiftMacros.dylib\#/Applications/Xcode-27.0.0-Release.Candidate.app/Contents/Developer/Platforms/WatchOS.platform/Developer/usr/bin/swift-plugin-server\#SwiftMacros -load-resolved-plugin /Applications/Xcode-27.0.0-Release.Candidate.app/Contents/Developer/Platforms/WatchOS.platform/Developer/usr/lib/swift/host/plugins/libSwiftUIMacros.dylib\#/Applications/Xcode-27.0.0-Release.Candidate.app/Contents/Developer/Platforms/WatchOS.platform/Developer/usr/bin/swift-plugin-server\#SwiftUIMacros -disable-implicit-swift-modules -Xcc -fno-implicit-modules -Xcc -fno-implicit-module-maps -explicit-swift-module-map-file /Users/admin/builder/spi-builder-workspace/.derivedData/Build/Intermediates.noindex/QRCode.build/Debug-watchos/QRCode-t.build/Objects-normal/arm64_32/QRCode-dependencies-2.json -enable-objc-interop -sdk /Applications/Xcode-27.0.0-Release.Candidate.app/Contents/Developer/Platforms/WatchOS.platform/Developer/SDKs/WatchOS27.0.sdk -I /Users/admin/builder/spi-builder-workspace/.derivedData/Build/Products/Debug-watchos -Isystem /Applications/Xcode-27.0.0-Release.Candidate.app/Contents/Developer/Platforms/WatchOS.platform/Developer/usr/lib -F /Users/admin/builder/spi-builder-workspace/.derivedData/Build/Products/Debug-watchos -F /Applications/Xcode-27.0.0-Release.Candidate.app/Contents/Developer/Platforms/WatchOS.platform/Developer/Library/Frameworks -F /Applications/Xcode-27.0.0-Release.Candidate.app/Contents/Developer/Platforms/WatchOS.platform/Developer/SDKs/WatchOS27.0.sdk/Developer/Library/Frameworks -module-cache-path /Users/admin/builder/spi-builder-workspace/.derivedData/Build/Intermediates.noindex/SwiftExplicitPrecompiledModules -no-color-diagnostics -Xcc -fno-color-diagnostics -enable-testing -g -debug-info-format\=dwarf -dwarf-version\=4 -swift-version 5 -Onone -D SWIFT_PACKAGE -D DEBUG -D SWIFT_MODULE_RESOURCE_BUNDLE_UNAVAILABLE -D Xcode -serialize-debugging-options -enable-experimental-feature DebugDescriptionMacro -empty-abi-descriptor -validate-clang-modules-once -clang-build-session-file /Users/admin/builder/spi-builder-workspace/.derivedData/ModuleCache.noindex/Session.modulevalidation -Xcc -working-directory -Xcc /Users/admin/builder/spi-builder-workspace/.swiftpm/xcode -enable-anonymous-context-mangled-names -file-compilation-dir /Users/admin/builder/spi-builder-workspace/.swiftpm/xcode -Xcc -D_LIBCPP_HARDENING_MODE\=_LIBCPP_HARDENING_MODE_DEBUG -Xcc -ivfsstatcache -Xcc /Users/admin/builder/spi-builder-workspace/.derivedData/SDKStatCaches.noindex/watchos27.0-24R360-e829b21a6f8c9b70876ba0858053c04477534ef55a1706bf4c1112bbb242f0a2.sdkstatcache -Xcc -fmodules-prune-interval\=86400 -Xcc -fmodules-prune-after\=345600 -Xcc -I/Users/admin/builder/spi-builder-workspace/.derivedData/Build/Products/Debug-watchos/include -Xcc -I/Users/admin/builder/spi-builder-workspace/.derivedData/Build/Intermediates.noindex/QRCode.build/Debug-watchos/QRCode-t.build/DerivedSources-normal/arm64_32 -Xcc -I/Users/admin/builder/spi-builder-workspace/.derivedData/Build/Intermediates.noindex/QRCode.build/Debug-watchos/QRCode-t.build/DerivedSources/arm64_32 -Xcc -I/Users/admin/builder/spi-builder-workspace/.derivedData/Build/Intermediates.noindex/QRCode.build/Debug-watchos/QRCode-t.build/DerivedSources -Xcc -DSWIFT_PACKAGE -Xcc -DDEBUG\=1 -no-auto-bridging-header-chaining -module-name QRCode -const-gather-protocols-file /Users/admin/builder/spi-builder-workspace/.derivedData/Build/Intermediates.noindex/QRCode.build/Debug-watchos/QRCode-t.build/Objects-normal/arm64_32/QRCode_const_extract_protocols.json -disable-clang-spi -clang-target arm64_32-apple-watchos27.0 -target-sdk-version 27.0 -target-sdk-name watchos27.0 -in-process-plugin-server-path /Applications/Xcode-27.0.0-Release.Candidate.app/Contents/Developer/Toolchains/XcodeDefault.xctoolchain/usr/lib/swift/host/libSwiftInProcPluginServer.dylib -emit-module-doc-path /Users/admin/builder/spi-builder-workspace/.derivedData/Build/Intermediates.noindex/QRCode.build/Debug-watchos/QRCode-t.build/Objects-normal/arm64_32/QRCode.swiftdoc -emit-module-source-info-path /Users/admin/builder/spi-builder-workspace/.derivedData/Build/Intermediates.noindex/QRCode.build/Debug-watchos/QRCode-t.build/Objects-normal/arm64_32/QRCode.swiftsourceinfo -emit-objc-header-path /Users/admin/builder/spi-builder-workspace/.derivedData/Build/Intermediates.noindex/QRCode.build/Debug-watchos/QRCode-t.build/Objects-normal/arm64_32/QRCode-Swift.h -serialize-diagnostics-path /Users/admin/builder/spi-builder-workspace/.derivedData/Build/Intermediates.noindex/QRCode.build/Debug-watchos/QRCode-t.build/Objects-normal/arm64_32/QRCode-primary-emit-module.dia -emit-dependencies-path /Users/admin/builder/spi-builder-workspace/.derivedData/Build/Intermediates.noindex/QRCode.build/Debug-watchos/QRCode-t.build/Objects-normal/arm64_32/QRCode-primary-emit-module.d -parse-as-library -o /Users/admin/builder/spi-builder-workspace/.derivedData/Build/Intermediates.noindex/QRCode.build/Debug-watchos/QRCode-t.build/Objects-normal/arm64_32/QRCode.swiftmodule -emit-abi-descriptor-path /Users/admin/builder/spi-builder-workspace/.derivedData/Build/Intermediates.noindex/QRCode.build/Debug-watchos/QRCode-t.build/Objects-normal/arm64_32/QRCode.abi.json
SwiftCompile normal arm64_32 (in target 'QRCode' from project 'QRCode')
cd /Users/admin/builder/spi-builder-workspace/.swiftpm/xcode
SwiftEmitModule normal arm64 Emitting\ module\ for\ QRCode (in target 'QRCode' from project 'QRCode')
/Users/admin/builder/spi-builder-workspace/QRCode/QRCode.swift:27:38: error: 'UIScreen' is unavailable in watchOS
25 | public static let defaultBackgroundColor = UIColor.white
26 | public static let defaultImageSize: CGSize? = nil
27 | public static let defaultScale = UIScreen.main.scale
| `- error: 'UIScreen' is unavailable in watchOS
28 | public static let defaultInputCorrection = InputCorrection.low
29 |
/Applications/Xcode-27.0.0-Release.Candidate.app/Contents/Developer/Platforms/WatchOS.platform/Developer/SDKs/WatchOS27.0.sdk/System/Library/Frameworks/UIKit.framework/Headers/UIScreen.h:54:12: note: 'UIScreen' has been explicitly marked unavailable here
52 |
53 | UIKIT_EXTERN API_AVAILABLE(ios(2.0)) API_UNAVAILABLE(visionos, watchos) NS_SWIFT_UI_ACTOR
54 | @interface UIScreen : NSObject <UITraitEnvironment>
| `- note: 'UIScreen' has been explicitly marked unavailable here
55 |
56 | @property(class, nonatomic, readonly) NSArray<UIScreen *> *screens API_DEPRECATED("Use UIApplication.shared.openSessions to find open sessions with scenes from other screens", ios(3.2, 16.0), visionos(1.0, 1.0)) API_UNAVAILABLE(watchos); // all screens currently attached to the device
/Users/admin/builder/spi-builder-workspace/QRCode/QRCode.swift:27:47: error: 'main' is unavailable in watchOS
25 | public static let defaultBackgroundColor = UIColor.white
26 | public static let defaultImageSize: CGSize? = nil
27 | public static let defaultScale = UIScreen.main.scale
| `- error: 'main' is unavailable in watchOS
28 | public static let defaultInputCorrection = InputCorrection.low
29 |
/Applications/Xcode-27.0.0-Release.Candidate.app/Contents/Developer/Platforms/WatchOS.platform/Developer/SDKs/WatchOS27.0.sdk/System/Library/Frameworks/UIKit.framework/Headers/UIScreen.h:57:49: note: 'main' has been explicitly marked unavailable here
55 |
56 | @property(class, nonatomic, readonly) NSArray<UIScreen *> *screens API_DEPRECATED("Use UIApplication.shared.openSessions to find open sessions with scenes from other screens", ios(3.2, 16.0), visionos(1.0, 1.0)) API_UNAVAILABLE(watchos); // all screens currently attached to the device
57 | @property(class, nonatomic, readonly) UIScreen *mainScreen API_DEPRECATED("Use a UIScreen instance found through context instead (i.e, view.window.windowScene.screen), or for properties like UIScreen.scale with trait equivalents, use a traitCollection found through context.", ios(2.0, 26.0), tvos(9.0, 26.0), visionos(1.0, 26.0)) API_UNAVAILABLE(watchos);
| `- note: 'main' has been explicitly marked unavailable here
58 |
59 | @property(nonatomic,readonly) CGRect bounds; // Bounds of entire screen in points
/Users/admin/builder/spi-builder-workspace/QRCode/QRCodeImageGenerator.swift:19:66: error: cannot find type 'CIImage' in scope
17 | }
18 |
19 | private func qrCodeScaledCiImage(for code: QRCode) throws -> CIImage {
| `- error: cannot find type 'CIImage' in scope
20 | let ciImage = try qrCodeColoredCiImage(for: code)
21 | guard desiredSizeIsSufficient(for: code, with: ciImage) else {
/Users/admin/builder/spi-builder-workspace/QRCode/QRCodeImageGenerator.swift:33:67: error: cannot find type 'CIImage' in scope
31 | }
32 |
33 | private func qrCodeColoredCiImage(for code: QRCode) throws -> CIImage {
| `- error: cannot find type 'CIImage' in scope
34 | let qrCodeImage = try qrCodeBaseImage(for: code)
35 | let colorFilter = CIFilter(name: "CIFalseColor")!
/Users/admin/builder/spi-builder-workspace/QRCode/QRCodeImageGenerator.swift:45:62: error: cannot find type 'CIImage' in scope
43 | }
44 |
45 | private func qrCodeBaseImage(for code: QRCode) throws -> CIImage {
| `- error: cannot find type 'CIImage' in scope
46 | let qrCodeFilter = CIFilter(name: "CIQRCodeGenerator")!
47 |
/Users/admin/builder/spi-builder-workspace/QRCode/QRCodeImageGenerator.swift:59:72: error: cannot find type 'CIImage' in scope
57 | }
58 |
59 | private func desiredSizeIsSufficient(for code: QRCode, with image: CIImage) -> Bool {
| `- error: cannot find type 'CIImage' in scope
60 | guard let desiredSize = code.size else { return true }
61 | let hasSufficientWidth = desiredSize.width >= image.extent.size.width
SwiftCompile normal arm64 (in target 'QRCode' from project 'QRCode')
cd /Users/admin/builder/spi-builder-workspace/.swiftpm/xcode
SwiftCompile normal arm64 Compiling\ QRCodeView.swift /Users/admin/builder/spi-builder-workspace/QRCode/QRCodeView.swift (in target 'QRCode' from project 'QRCode')
/Users/admin/builder/spi-builder-workspace/QRCode/QRCodeView.swift:41:38: error: 'UIView' is unavailable in watchOS
39 | }
40 |
41 | public override var contentMode: UIView.ContentMode {
| `- error: 'UIView' is unavailable in watchOS
42 | didSet {
43 | DispatchQueue.main.async { [unowned self] in
/Applications/Xcode-27.0.0-Release.Candidate.app/Contents/Developer/Platforms/WatchOS.platform/Developer/SDKs/WatchOS27.0.sdk/System/Library/Frameworks/UIKit.framework/Headers/UIView.h:152:12: note: 'UIView' has been explicitly marked unavailable here
150 |
151 | UIKIT_EXTERN API_AVAILABLE(ios(2.0)) API_UNAVAILABLE(watchos) NS_SWIFT_UI_ACTOR
152 | @interface UIView : UIResponder <NSCoding, UIAppearance, UIAppearanceContainer, UIDynamicItem, UITraitEnvironment, UICoordinateSpace, UIFocusItem, UIFocusItemContainer, CALayerDelegate>
| `- note: 'UIView' has been explicitly marked unavailable here
153 |
154 | @property(class, nonatomic, readonly) Class layerClass; // default is [CALayer class]. Used when creating the underlying layer for the view.
/Users/admin/builder/spi-builder-workspace/QRCode/QRCodeView.swift:51:32: error: 'UIImageView' is unavailable in watchOS
49 |
50 | private var cachedImage: UIImage?
51 | fileprivate let imageView: UIImageView!
| `- error: 'UIImageView' is unavailable in watchOS
52 |
53 | private static let defaultSizingBehavior: SizingBehavior = .hideWhenTooSmall
/Applications/Xcode-27.0.0-Release.Candidate.app/Contents/Developer/Platforms/WatchOS.platform/Developer/SDKs/WatchOS27.0.sdk/System/Library/Frameworks/UIKit.framework/Headers/UIImageView.h:21:12: note: 'UIImageView' has been explicitly marked unavailable here
19 |
20 | UIKIT_EXTERN API_AVAILABLE(ios(2.0)) API_UNAVAILABLE(watchos) NS_SWIFT_UI_ACTOR
21 | @interface UIImageView : UIView
| `- note: 'UIImageView' has been explicitly marked unavailable here
22 |
23 | - (instancetype)initWithImage:(nullable UIImage *)image;
/Users/admin/builder/spi-builder-workspace/QRCode/QRCodeView.swift:8:26: error: 'UIView' is unavailable in watchOS
6 | rotation, to ensure pixel-perfect display of the QR code.
7 | */
8 | public class QRCodeView: UIView {
| `- error: 'UIView' is unavailable in watchOS
9 | /**
10 | Specifies the view's behavior when the frame becomes smaller than the QR code would require to be displayed without
/Applications/Xcode-27.0.0-Release.Candidate.app/Contents/Developer/Platforms/WatchOS.platform/Developer/SDKs/WatchOS27.0.sdk/System/Library/Frameworks/UIKit.framework/Headers/UIView.h:152:12: note: 'UIView' has been explicitly marked unavailable here
150 |
151 | UIKIT_EXTERN API_AVAILABLE(ios(2.0)) API_UNAVAILABLE(watchos) NS_SWIFT_UI_ACTOR
152 | @interface UIView : UIResponder <NSCoding, UIAppearance, UIAppearanceContainer, UIDynamicItem, UITraitEnvironment, UICoordinateSpace, UIFocusItem, UIFocusItemContainer, CALayerDelegate>
| `- note: 'UIView' has been explicitly marked unavailable here
153 |
154 | @property(class, nonatomic, readonly) Class layerClass; // default is [CALayer class]. Used when creating the underlying layer for the view.
SwiftCompile normal arm64 /Users/admin/builder/spi-builder-workspace/QRCode/QRCodeView.swift (in target 'QRCode' from project 'QRCode')
cd /Users/admin/builder/spi-builder-workspace/.swiftpm/xcode
builtin-SwiftPerFileCompile QRCodeView.swift
SwiftCompile normal arm64 Compiling\ QRCode.swift /Users/admin/builder/spi-builder-workspace/QRCode/QRCode.swift (in target 'QRCode' from project 'QRCode')
/Users/admin/builder/spi-builder-workspace/QRCode/QRCode.swift:27:38: error: 'UIScreen' is unavailable in watchOS
25 | public static let defaultBackgroundColor = UIColor.white
26 | public static let defaultImageSize: CGSize? = nil
27 | public static let defaultScale = UIScreen.main.scale
| `- error: 'UIScreen' is unavailable in watchOS
28 | public static let defaultInputCorrection = InputCorrection.low
29 |
/Applications/Xcode-27.0.0-Release.Candidate.app/Contents/Developer/Platforms/WatchOS.platform/Developer/SDKs/WatchOS27.0.sdk/System/Library/Frameworks/UIKit.framework/Headers/UIScreen.h:54:12: note: 'UIScreen' has been explicitly marked unavailable here
52 |
53 | UIKIT_EXTERN API_AVAILABLE(ios(2.0)) API_UNAVAILABLE(visionos, watchos) NS_SWIFT_UI_ACTOR
54 | @interface UIScreen : NSObject <UITraitEnvironment>
| `- note: 'UIScreen' has been explicitly marked unavailable here
55 |
56 | @property(class, nonatomic, readonly) NSArray<UIScreen *> *screens API_DEPRECATED("Use UIApplication.shared.openSessions to find open sessions with scenes from other screens", ios(3.2, 16.0), visionos(1.0, 1.0)) API_UNAVAILABLE(watchos); // all screens currently attached to the device
SwiftCompile normal arm64 /Users/admin/builder/spi-builder-workspace/QRCode/QRCode.swift (in target 'QRCode' from project 'QRCode')
cd /Users/admin/builder/spi-builder-workspace/.swiftpm/xcode
builtin-SwiftPerFileCompile QRCode.swift
SwiftCompile normal arm64 Compiling\ QRCodeImageGenerator.swift /Users/admin/builder/spi-builder-workspace/QRCode/QRCodeImageGenerator.swift (in target 'QRCode' from project 'QRCode')
/Users/admin/builder/spi-builder-workspace/QRCode/QRCodeImageGenerator.swift:19:66: error: cannot find type 'CIImage' in scope
17 | }
18 |
19 | private func qrCodeScaledCiImage(for code: QRCode) throws -> CIImage {
| `- error: cannot find type 'CIImage' in scope
20 | let ciImage = try qrCodeColoredCiImage(for: code)
21 | guard desiredSizeIsSufficient(for: code, with: ciImage) else {
/Users/admin/builder/spi-builder-workspace/QRCode/QRCodeImageGenerator.swift:33:67: error: cannot find type 'CIImage' in scope
31 | }
32 |
33 | private func qrCodeColoredCiImage(for code: QRCode) throws -> CIImage {
| `- error: cannot find type 'CIImage' in scope
34 | let qrCodeImage = try qrCodeBaseImage(for: code)
35 | let colorFilter = CIFilter(name: "CIFalseColor")!
/Users/admin/builder/spi-builder-workspace/QRCode/QRCodeImageGenerator.swift:45:62: error: cannot find type 'CIImage' in scope
43 | }
44 |
45 | private func qrCodeBaseImage(for code: QRCode) throws -> CIImage {
| `- error: cannot find type 'CIImage' in scope
46 | let qrCodeFilter = CIFilter(name: "CIQRCodeGenerator")!
47 |
/Users/admin/builder/spi-builder-workspace/QRCode/QRCodeImageGenerator.swift:59:72: error: cannot find type 'CIImage' in scope
57 | }
58 |
59 | private func desiredSizeIsSufficient(for code: QRCode, with image: CIImage) -> Bool {
| `- error: cannot find type 'CIImage' in scope
60 | guard let desiredSize = code.size else { return true }
61 | let hasSufficientWidth = desiredSize.width >= image.extent.size.width
/Users/admin/builder/spi-builder-workspace/QRCode/QRCodeImageGenerator.swift:13:23: error: cannot find 'CIContext' in scope
11 |
12 | // for proper scaling, e.g. in UIImageViews, we need a CGImage as the base
13 | let context = CIContext(options: nil)
| `- error: cannot find 'CIContext' in scope
14 | let cgImage = context.createCGImage(ciImage, from: ciImage.extent)!
15 |
/Users/admin/builder/spi-builder-workspace/QRCode/QRCodeImageGenerator.swift:35:27: error: cannot find 'CIFilter' in scope
33 | private func qrCodeColoredCiImage(for code: QRCode) throws -> CIImage {
34 | let qrCodeImage = try qrCodeBaseImage(for: code)
35 | let colorFilter = CIFilter(name: "CIFalseColor")!
| `- error: cannot find 'CIFilter' in scope
36 |
37 | colorFilter.setDefaults()
/Users/admin/builder/spi-builder-workspace/QRCode/QRCodeImageGenerator.swift:39:30: error: cannot find 'CIColor' in scope
37 | colorFilter.setDefaults()
38 | colorFilter.setValue(qrCodeImage, forKey: "inputImage")
39 | colorFilter.setValue(CIColor(cgColor: code.color.cgColor), forKey: "inputColor0")
| `- error: cannot find 'CIColor' in scope
40 | colorFilter.setValue(CIColor(cgColor: code.backgroundColor.cgColor), forKey: "inputColor1")
41 |
/Users/admin/builder/spi-builder-workspace/QRCode/QRCodeImageGenerator.swift:40:30: error: cannot find 'CIColor' in scope
38 | colorFilter.setValue(qrCodeImage, forKey: "inputImage")
39 | colorFilter.setValue(CIColor(cgColor: code.color.cgColor), forKey: "inputColor0")
40 | colorFilter.setValue(CIColor(cgColor: code.backgroundColor.cgColor), forKey: "inputColor1")
| `- error: cannot find 'CIColor' in scope
41 |
42 | return colorFilter.outputImage!
SwiftCompile normal arm64 /Users/admin/builder/spi-builder-workspace/QRCode/QRCodeImageGenerator.swift (in target 'QRCode' from project 'QRCode')
cd /Users/admin/builder/spi-builder-workspace/.swiftpm/xcode
builtin-SwiftPerFileCompile QRCodeImageGenerator.swift
PruneExplicitPrecompiledModules /Users/admin/builder/spi-builder-workspace/.derivedData/SDKExplicitPrecompiledModules
PruneExplicitPrecompiledModules /Users/admin/builder/spi-builder-workspace/.derivedData/Build/Intermediates.noindex/ExplicitPrecompiledModules
PruneExplicitPrecompiledModules /Users/admin/builder/spi-builder-workspace/.derivedData/Build/Intermediates.noindex/SwiftExplicitPrecompiledModules
2026-09-17 11:48:47.523 xcodebuild[691:4294] [MT] IDERunDestination: Supported platforms for the buildables in the current scheme is empty.
** BUILD FAILED **
The following build commands failed:
SwiftEmitModule normal arm64_32 Emitting\ module\ for\ QRCode (in target 'QRCode' from project 'QRCode')
SwiftCompile normal arm64_32 (in target 'QRCode' from project 'QRCode')
Building workspace QRCode with scheme QRCode
(3 failures)
Command line invocation:
/Applications/Xcode-27.0.0-Release.Candidate.app/Contents/Developer/usr/bin/xcodebuild -IDEClonedSourcePackagesDirPathOverride=/Users/admin/builder/spi-builder-workspace/.dependencies -resolvePackageDependencies
Resolve Package Graph
Resolved source packages:
QRCode: /Users/admin/builder/spi-builder-workspace
resolved source packages: QRCode
2026-09-17 11:48:53.453 xcodebuild[816:4779] [MT] IDERunDestination: Supported platforms for the buildables in the current scheme is empty.
{
"dependencies" : [
],
"manifest_display_name" : "QRCode",
"name" : "QRCode",
"path" : "/Users/admin/builder/spi-builder-workspace",
"platforms" : [
{
"name" : "ios",
"version" : "9.0"
}
],
"products" : [
{
"name" : "QRCode",
"targets" : [
"QRCode"
],
"type" : {
"library" : [
"automatic"
]
}
}
],
"targets" : [
{
"c99name" : "QRCode",
"module_type" : "SwiftTarget",
"name" : "QRCode",
"path" : "QRCode",
"product_memberships" : [
"QRCode"
],
"sources" : [
"QRCode.swift",
"QRCodeImageGenerator.swift",
"QRCodeView.swift"
],
"type" : "library"
}
],
"tools_version" : "5.1"
}
{
"workspace" : {
"name" : "QRCode",
"schemes" : [
"QRCode"
]
}
}
2026-09-17 11:48:54.617 xcodebuild[824:4850] [MT] IDERunDestination: Supported platforms for the buildables in the current scheme is empty.
Running build ...
env DEVELOPER_DIR=/Applications/Xcode-27.0.0-Release.Candidate.app xcrun xcodebuild -IDEClonedSourcePackagesDirPathOverride=$PWD/.dependencies -skipMacroValidation -skipPackagePluginValidation -derivedDataPath $PWD/.derivedData build -scheme QRCode -destination generic/platform=watchOS
Command line invocation:
/Applications/Xcode-27.0.0-Release.Candidate.app/Contents/Developer/usr/bin/xcodebuild -IDEClonedSourcePackagesDirPathOverride=/Users/admin/builder/spi-builder-workspace/.dependencies -skipMacroValidation -skipPackagePluginValidation -derivedDataPath /Users/admin/builder/spi-builder-workspace/.derivedData build -scheme QRCode -destination generic/platform=watchOS
Resolve Package Graph
Resolved source packages:
QRCode: /Users/admin/builder/spi-builder-workspace
ComputePackagePrebuildTargetDependencyGraph
Prepare packages
CreateBuildRequest
SendProjectDescription
CreateBuildOperation
ComputeTargetDependencyGraph
note: Building targets in dependency order
note: Target dependency graph (2 targets)
Target 'QRCode-product' in project 'QRCode'
➜ Explicit dependency on target 'QRCode' in project 'QRCode'
Target 'QRCode' in project 'QRCode' (no dependencies)
GatherProvisioningInputs
CreateBuildDescription
ClangStatCache /Applications/Xcode-27.0.0-Release.Candidate.app/Contents/Developer/Toolchains/XcodeDefault.xctoolchain/usr/bin/clang-stat-cache /Applications/Xcode-27.0.0-Release.Candidate.app/Contents/Developer/Platforms/WatchOS.platform/Developer/SDKs/WatchOS27.0.sdk /Users/admin/builder/spi-builder-workspace/.derivedData/SDKStatCaches.noindex/watchos27.0-24R360-e829b21a6f8c9b70876ba0858053c04477534ef55a1706bf4c1112bbb242f0a2.sdkstatcache
cd /Users/admin/builder/spi-builder-workspace/.swiftpm/xcode
/Applications/Xcode-27.0.0-Release.Candidate.app/Contents/Developer/Toolchains/XcodeDefault.xctoolchain/usr/bin/clang-stat-cache /Applications/Xcode-27.0.0-Release.Candidate.app/Contents/Developer/Platforms/WatchOS.platform/Developer/SDKs/WatchOS27.0.sdk -o /Users/admin/builder/spi-builder-workspace/.derivedData/SDKStatCaches.noindex/watchos27.0-24R360-e829b21a6f8c9b70876ba0858053c04477534ef55a1706bf4c1112bbb242f0a2.sdkstatcache
SwiftDriver QRCode normal arm64_32 com.apple.xcode.tools.swift.compiler (in target 'QRCode' from project 'QRCode')
cd /Users/admin/builder/spi-builder-workspace/.swiftpm/xcode
builtin-SwiftDriver -- /Applications/Xcode-27.0.0-Release.Candidate.app/Contents/Developer/Toolchains/XcodeDefault.xctoolchain/usr/bin/swiftc -parse-as-library -module-name QRCode -Onone @/Users/admin/builder/spi-builder-workspace/.derivedData/Build/Intermediates.noindex/QRCode.build/Debug-watchos/QRCode-t.build/Objects-normal/arm64_32/QRCode.SwiftFileList -DSWIFT_PACKAGE -DDEBUG -DSWIFT_MODULE_RESOURCE_BUNDLE_UNAVAILABLE -DXcode -plugin-path /Applications/Xcode-27.0.0-Release.Candidate.app/Contents/Developer/Toolchains/XcodeDefault.xctoolchain/usr/lib/swift/host/plugins/testing -enable-experimental-feature DebugDescriptionMacro -sdk /Applications/Xcode-27.0.0-Release.Candidate.app/Contents/Developer/Platforms/WatchOS.platform/Developer/SDKs/WatchOS27.0.sdk -target arm64_32-apple-watchos9.0 -g -module-cache-path /Users/admin/builder/spi-builder-workspace/.derivedData/ModuleCache.noindex -Xfrontend -serialize-debugging-options -enable-testing -index-store-path /Users/admin/builder/spi-builder-workspace/.derivedData/Index.noindex/DataStore -Xcc -D_LIBCPP_HARDENING_MODE\=_LIBCPP_HARDENING_MODE_DEBUG -swift-version 5 -I /Users/admin/builder/spi-builder-workspace/.derivedData/Build/Products/Debug-watchos -Isystem /Applications/Xcode-27.0.0-Release.Candidate.app/Contents/Developer/Platforms/WatchOS.platform/Developer/usr/lib -F /Users/admin/builder/spi-builder-workspace/.derivedData/Build/Products/Debug-watchos -F /Applications/Xcode-27.0.0-Release.Candidate.app/Contents/Developer/Platforms/WatchOS.platform/Developer/Library/Frameworks -F /Applications/Xcode-27.0.0-Release.Candidate.app/Contents/Developer/Platforms/WatchOS.platform/Developer/SDKs/WatchOS27.0.sdk/Developer/Library/Frameworks -c -j10 -enable-batch-mode -incremental -Xcc -ivfsstatcache -Xcc /Users/admin/builder/spi-builder-workspace/.derivedData/SDKStatCaches.noindex/watchos27.0-24R360-e829b21a6f8c9b70876ba0858053c04477534ef55a1706bf4c1112bbb242f0a2.sdkstatcache -output-file-map /Users/admin/builder/spi-builder-workspace/.derivedData/Build/Intermediates.noindex/QRCode.build/Debug-watchos/QRCode-t.build/Objects-normal/arm64_32/QRCode-OutputFileMap.json -save-temps -no-color-diagnostics -explicit-module-build -module-cache-path /Users/admin/builder/spi-builder-workspace/.derivedData/Build/Intermediates.noindex/SwiftExplicitPrecompiledModules -clang-scanner-module-cache-path /Users/admin/builder/spi-builder-workspace/.derivedData/ModuleCache.noindex -sdk-module-cache-path /Users/admin/builder/spi-builder-workspace/.derivedData/SDKExplicitPrecompiledModules -emit-dependencies -emit-module -emit-module-path /Users/admin/builder/spi-builder-workspace/.derivedData/Build/Intermediates.noindex/QRCode.build/Debug-watchos/QRCode-t.build/Objects-normal/arm64_32/QRCode.swiftmodule -serialize-diagnostics -dependency-scan-serialize-diagnostics-path /Users/admin/builder/spi-builder-workspace/.derivedData/Build/Intermediates.noindex/QRCode.build/Debug-watchos/QRCode-t.build/Objects-normal/arm64_32/QRCode-dependency-scan.dia -validate-clang-modules-once -clang-build-session-file /Users/admin/builder/spi-builder-workspace/.derivedData/ModuleCache.noindex/Session.modulevalidation -Xcc -fmodules-prune-interval\=86400 -Xcc -fmodules-prune-after\=345600 -emit-const-values -const-gather-protocols-list /Users/admin/builder/spi-builder-workspace/.derivedData/Build/Intermediates.noindex/QRCode.build/Debug-watchos/QRCode-t.build/Objects-normal/arm64_32/QRCode_const_extract_protocols.json -Xcc -I/Users/admin/builder/spi-builder-workspace/.derivedData/Build/Products/Debug-watchos/include -Xcc -I/Users/admin/builder/spi-builder-workspace/.derivedData/Build/Intermediates.noindex/QRCode.build/Debug-watchos/QRCode-t.build/DerivedSources-normal/arm64_32 -Xcc -I/Users/admin/builder/spi-builder-workspace/.derivedData/Build/Intermediates.noindex/QRCode.build/Debug-watchos/QRCode-t.build/DerivedSources/arm64_32 -Xcc -I/Users/admin/builder/spi-builder-workspace/.derivedData/Build/Intermediates.noindex/QRCode.build/Debug-watchos/QRCode-t.build/DerivedSources -Xcc -DSWIFT_PACKAGE -Xcc -DDEBUG\=1 -emit-objc-header -emit-objc-header-path /Users/admin/builder/spi-builder-workspace/.derivedData/Build/Intermediates.noindex/QRCode.build/Debug-watchos/QRCode-t.build/Objects-normal/arm64_32/QRCode-Swift.h -working-directory /Users/admin/builder/spi-builder-workspace/.swiftpm/xcode -experimental-emit-module-separately -disable-cmo
SwiftDriver QRCode normal arm64 com.apple.xcode.tools.swift.compiler (in target 'QRCode' from project 'QRCode')
cd /Users/admin/builder/spi-builder-workspace/.swiftpm/xcode
builtin-SwiftDriver -- /Applications/Xcode-27.0.0-Release.Candidate.app/Contents/Developer/Toolchains/XcodeDefault.xctoolchain/usr/bin/swiftc -parse-as-library -module-name QRCode -Onone @/Users/admin/builder/spi-builder-workspace/.derivedData/Build/Intermediates.noindex/QRCode.build/Debug-watchos/QRCode-t.build/Objects-normal/arm64/QRCode.SwiftFileList -DSWIFT_PACKAGE -DDEBUG -DSWIFT_MODULE_RESOURCE_BUNDLE_UNAVAILABLE -DXcode -plugin-path /Applications/Xcode-27.0.0-Release.Candidate.app/Contents/Developer/Toolchains/XcodeDefault.xctoolchain/usr/lib/swift/host/plugins/testing -enable-experimental-feature DebugDescriptionMacro -sdk /Applications/Xcode-27.0.0-Release.Candidate.app/Contents/Developer/Platforms/WatchOS.platform/Developer/SDKs/WatchOS27.0.sdk -target arm64-apple-watchos9.0 -g -module-cache-path /Users/admin/builder/spi-builder-workspace/.derivedData/ModuleCache.noindex -Xfrontend -serialize-debugging-options -enable-testing -index-store-path /Users/admin/builder/spi-builder-workspace/.derivedData/Index.noindex/DataStore -Xcc -D_LIBCPP_HARDENING_MODE\=_LIBCPP_HARDENING_MODE_DEBUG -swift-version 5 -I /Users/admin/builder/spi-builder-workspace/.derivedData/Build/Products/Debug-watchos -Isystem /Applications/Xcode-27.0.0-Release.Candidate.app/Contents/Developer/Platforms/WatchOS.platform/Developer/usr/lib -F /Users/admin/builder/spi-builder-workspace/.derivedData/Build/Products/Debug-watchos -F /Applications/Xcode-27.0.0-Release.Candidate.app/Contents/Developer/Platforms/WatchOS.platform/Developer/Library/Frameworks -F /Applications/Xcode-27.0.0-Release.Candidate.app/Contents/Developer/Platforms/WatchOS.platform/Developer/SDKs/WatchOS27.0.sdk/Developer/Library/Frameworks -c -j10 -enable-batch-mode -incremental -Xcc -ivfsstatcache -Xcc /Users/admin/builder/spi-builder-workspace/.derivedData/SDKStatCaches.noindex/watchos27.0-24R360-e829b21a6f8c9b70876ba0858053c04477534ef55a1706bf4c1112bbb242f0a2.sdkstatcache -output-file-map /Users/admin/builder/spi-builder-workspace/.derivedData/Build/Intermediates.noindex/QRCode.build/Debug-watchos/QRCode-t.build/Objects-normal/arm64/QRCode-OutputFileMap.json -save-temps -no-color-diagnostics -explicit-module-build -module-cache-path /Users/admin/builder/spi-builder-workspace/.derivedData/Build/Intermediates.noindex/SwiftExplicitPrecompiledModules -clang-scanner-module-cache-path /Users/admin/builder/spi-builder-workspace/.derivedData/ModuleCache.noindex -sdk-module-cache-path /Users/admin/builder/spi-builder-workspace/.derivedData/SDKExplicitPrecompiledModules -emit-dependencies -emit-module -emit-module-path /Users/admin/builder/spi-builder-workspace/.derivedData/Build/Intermediates.noindex/QRCode.build/Debug-watchos/QRCode-t.build/Objects-normal/arm64/QRCode.swiftmodule -serialize-diagnostics -dependency-scan-serialize-diagnostics-path /Users/admin/builder/spi-builder-workspace/.derivedData/Build/Intermediates.noindex/QRCode.build/Debug-watchos/QRCode-t.build/Objects-normal/arm64/QRCode-dependency-scan.dia -validate-clang-modules-once -clang-build-session-file /Users/admin/builder/spi-builder-workspace/.derivedData/ModuleCache.noindex/Session.modulevalidation -Xcc -fmodules-prune-interval\=86400 -Xcc -fmodules-prune-after\=345600 -emit-const-values -const-gather-protocols-list /Users/admin/builder/spi-builder-workspace/.derivedData/Build/Intermediates.noindex/QRCode.build/Debug-watchos/QRCode-t.build/Objects-normal/arm64/QRCode_const_extract_protocols.json -Xcc -I/Users/admin/builder/spi-builder-workspace/.derivedData/Build/Products/Debug-watchos/include -Xcc -I/Users/admin/builder/spi-builder-workspace/.derivedData/Build/Intermediates.noindex/QRCode.build/Debug-watchos/QRCode-t.build/DerivedSources-normal/arm64 -Xcc -I/Users/admin/builder/spi-builder-workspace/.derivedData/Build/Intermediates.noindex/QRCode.build/Debug-watchos/QRCode-t.build/DerivedSources/arm64 -Xcc -I/Users/admin/builder/spi-builder-workspace/.derivedData/Build/Intermediates.noindex/QRCode.build/Debug-watchos/QRCode-t.build/DerivedSources -Xcc -DSWIFT_PACKAGE -Xcc -DDEBUG\=1 -emit-objc-header -emit-objc-header-path /Users/admin/builder/spi-builder-workspace/.derivedData/Build/Intermediates.noindex/QRCode.build/Debug-watchos/QRCode-t.build/Objects-normal/arm64/QRCode-Swift.h -working-directory /Users/admin/builder/spi-builder-workspace/.swiftpm/xcode -experimental-emit-module-separately -disable-cmo
SwiftCompile normal arm64 Compiling\ QRCode.swift /Users/admin/builder/spi-builder-workspace/QRCode/QRCode.swift (in target 'QRCode' from project 'QRCode')
SwiftCompile normal arm64 /Users/admin/builder/spi-builder-workspace/QRCode/QRCode.swift (in target 'QRCode' from project 'QRCode')
cd /Users/admin/builder/spi-builder-workspace/.swiftpm/xcode
builtin-SwiftPerFileCompile QRCode.swift
/Users/admin/builder/spi-builder-workspace/QRCode/QRCode.swift:27:38: error: 'UIScreen' is unavailable in watchOS
25 | public static let defaultBackgroundColor = UIColor.white
26 | public static let defaultImageSize: CGSize? = nil
27 | public static let defaultScale = UIScreen.main.scale
| `- error: 'UIScreen' is unavailable in watchOS
28 | public static let defaultInputCorrection = InputCorrection.low
29 |
/Applications/Xcode-27.0.0-Release.Candidate.app/Contents/Developer/Platforms/WatchOS.platform/Developer/SDKs/WatchOS27.0.sdk/System/Library/Frameworks/UIKit.framework/Headers/UIScreen.h:54:12: note: 'UIScreen' has been explicitly marked unavailable here
52 |
53 | UIKIT_EXTERN API_AVAILABLE(ios(2.0)) API_UNAVAILABLE(visionos, watchos) NS_SWIFT_UI_ACTOR
54 | @interface UIScreen : NSObject <UITraitEnvironment>
| `- note: 'UIScreen' has been explicitly marked unavailable here
55 |
56 | @property(class, nonatomic, readonly) NSArray<UIScreen *> *screens API_DEPRECATED("Use UIApplication.shared.openSessions to find open sessions with scenes from other screens", ios(3.2, 16.0), visionos(1.0, 1.0)) API_UNAVAILABLE(watchos); // all screens currently attached to the device
SwiftEmitModule normal arm64_32 Emitting\ module\ for\ QRCode (in target 'QRCode' from project 'QRCode')
/Users/admin/builder/spi-builder-workspace/QRCode/QRCode.swift:27:38: error: 'UIScreen' is unavailable in watchOS
25 | public static let defaultBackgroundColor = UIColor.white
26 | public static let defaultImageSize: CGSize? = nil
27 | public static let defaultScale = UIScreen.main.scale
| `- error: 'UIScreen' is unavailable in watchOS
28 | public static let defaultInputCorrection = InputCorrection.low
29 |
/Applications/Xcode-27.0.0-Release.Candidate.app/Contents/Developer/Platforms/WatchOS.platform/Developer/SDKs/WatchOS27.0.sdk/System/Library/Frameworks/UIKit.framework/Headers/UIScreen.h:54:12: note: 'UIScreen' has been explicitly marked unavailable here
52 |
53 | UIKIT_EXTERN API_AVAILABLE(ios(2.0)) API_UNAVAILABLE(visionos, watchos) NS_SWIFT_UI_ACTOR
54 | @interface UIScreen : NSObject <UITraitEnvironment>
| `- note: 'UIScreen' has been explicitly marked unavailable here
55 |
56 | @property(class, nonatomic, readonly) NSArray<UIScreen *> *screens API_DEPRECATED("Use UIApplication.shared.openSessions to find open sessions with scenes from other screens", ios(3.2, 16.0), visionos(1.0, 1.0)) API_UNAVAILABLE(watchos); // all screens currently attached to the device
/Users/admin/builder/spi-builder-workspace/QRCode/QRCode.swift:27:47: error: 'main' is unavailable in watchOS
25 | public static let defaultBackgroundColor = UIColor.white
26 | public static let defaultImageSize: CGSize? = nil
27 | public static let defaultScale = UIScreen.main.scale
| `- error: 'main' is unavailable in watchOS
28 | public static let defaultInputCorrection = InputCorrection.low
29 |
/Applications/Xcode-27.0.0-Release.Candidate.app/Contents/Developer/Platforms/WatchOS.platform/Developer/SDKs/WatchOS27.0.sdk/System/Library/Frameworks/UIKit.framework/Headers/UIScreen.h:57:49: note: 'main' has been explicitly marked unavailable here
55 |
56 | @property(class, nonatomic, readonly) NSArray<UIScreen *> *screens API_DEPRECATED("Use UIApplication.shared.openSessions to find open sessions with scenes from other screens", ios(3.2, 16.0), visionos(1.0, 1.0)) API_UNAVAILABLE(watchos); // all screens currently attached to the device
57 | @property(class, nonatomic, readonly) UIScreen *mainScreen API_DEPRECATED("Use a UIScreen instance found through context instead (i.e, view.window.windowScene.screen), or for properties like UIScreen.scale with trait equivalents, use a traitCollection found through context.", ios(2.0, 26.0), tvos(9.0, 26.0), visionos(1.0, 26.0)) API_UNAVAILABLE(watchos);
| `- note: 'main' has been explicitly marked unavailable here
58 |
59 | @property(nonatomic,readonly) CGRect bounds; // Bounds of entire screen in points
/Users/admin/builder/spi-builder-workspace/QRCode/QRCodeImageGenerator.swift:19:66: error: cannot find type 'CIImage' in scope
17 | }
18 |
19 | private func qrCodeScaledCiImage(for code: QRCode) throws -> CIImage {
| `- error: cannot find type 'CIImage' in scope
20 | let ciImage = try qrCodeColoredCiImage(for: code)
21 | guard desiredSizeIsSufficient(for: code, with: ciImage) else {
/Users/admin/builder/spi-builder-workspace/QRCode/QRCodeImageGenerator.swift:33:67: error: cannot find type 'CIImage' in scope
31 | }
32 |
33 | private func qrCodeColoredCiImage(for code: QRCode) throws -> CIImage {
| `- error: cannot find type 'CIImage' in scope
34 | let qrCodeImage = try qrCodeBaseImage(for: code)
35 | let colorFilter = CIFilter(name: "CIFalseColor")!
/Users/admin/builder/spi-builder-workspace/QRCode/QRCodeImageGenerator.swift:45:62: error: cannot find type 'CIImage' in scope
43 | }
44 |
45 | private func qrCodeBaseImage(for code: QRCode) throws -> CIImage {
| `- error: cannot find type 'CIImage' in scope
46 | let qrCodeFilter = CIFilter(name: "CIQRCodeGenerator")!
47 |
/Users/admin/builder/spi-builder-workspace/QRCode/QRCodeImageGenerator.swift:59:72: error: cannot find type 'CIImage' in scope
57 | }
58 |
59 | private func desiredSizeIsSufficient(for code: QRCode, with image: CIImage) -> Bool {
| `- error: cannot find type 'CIImage' in scope
60 | guard let desiredSize = code.size else { return true }
61 | let hasSufficientWidth = desiredSize.width >= image.extent.size.width
/Users/admin/builder/spi-builder-workspace/QRCode/QRCodeView.swift:41:38: error: 'UIView' is unavailable in watchOS
39 | }
40 |
41 | public override var contentMode: UIView.ContentMode {
| `- error: 'UIView' is unavailable in watchOS
42 | didSet {
43 | DispatchQueue.main.async { [unowned self] in
/Applications/Xcode-27.0.0-Release.Candidate.app/Contents/Developer/Platforms/WatchOS.platform/Developer/SDKs/WatchOS27.0.sdk/System/Library/Frameworks/UIKit.framework/Headers/UIView.h:152:12: note: 'UIView' has been explicitly marked unavailable here
150 |
151 | UIKIT_EXTERN API_AVAILABLE(ios(2.0)) API_UNAVAILABLE(watchos) NS_SWIFT_UI_ACTOR
152 | @interface UIView : UIResponder <NSCoding, UIAppearance, UIAppearanceContainer, UIDynamicItem, UITraitEnvironment, UICoordinateSpace, UIFocusItem, UIFocusItemContainer, CALayerDelegate>
| `- note: 'UIView' has been explicitly marked unavailable here
153 |
154 | @property(class, nonatomic, readonly) Class layerClass; // default is [CALayer class]. Used when creating the underlying layer for the view.
/Users/admin/builder/spi-builder-workspace/QRCode/QRCodeView.swift:51:32: error: 'UIImageView' is unavailable in watchOS
49 |
50 | private var cachedImage: UIImage?
51 | fileprivate let imageView: UIImageView!
| `- error: 'UIImageView' is unavailable in watchOS
52 |
53 | private static let defaultSizingBehavior: SizingBehavior = .hideWhenTooSmall
/Applications/Xcode-27.0.0-Release.Candidate.app/Contents/Developer/Platforms/WatchOS.platform/Developer/SDKs/WatchOS27.0.sdk/System/Library/Frameworks/UIKit.framework/Headers/UIImageView.h:21:12: note: 'UIImageView' has been explicitly marked unavailable here
19 |
20 | UIKIT_EXTERN API_AVAILABLE(ios(2.0)) API_UNAVAILABLE(watchos) NS_SWIFT_UI_ACTOR
21 | @interface UIImageView : UIView
| `- note: 'UIImageView' has been explicitly marked unavailable here
22 |
23 | - (instancetype)initWithImage:(nullable UIImage *)image;
/Users/admin/builder/spi-builder-workspace/QRCode/QRCodeView.swift:8:26: error: 'UIView' is unavailable in watchOS
6 | rotation, to ensure pixel-perfect display of the QR code.
7 | */
8 | public class QRCodeView: UIView {
| `- error: 'UIView' is unavailable in watchOS
9 | /**
10 | Specifies the view's behavior when the frame becomes smaller than the QR code would require to be displayed without
/Applications/Xcode-27.0.0-Release.Candidate.app/Contents/Developer/Platforms/WatchOS.platform/Developer/SDKs/WatchOS27.0.sdk/System/Library/Frameworks/UIKit.framework/Headers/UIView.h:152:12: note: 'UIView' has been explicitly marked unavailable here
150 |
151 | UIKIT_EXTERN API_AVAILABLE(ios(2.0)) API_UNAVAILABLE(watchos) NS_SWIFT_UI_ACTOR
152 | @interface UIView : UIResponder <NSCoding, UIAppearance, UIAppearanceContainer, UIDynamicItem, UITraitEnvironment, UICoordinateSpace, UIFocusItem, UIFocusItemContainer, CALayerDelegate>
| `- note: 'UIView' has been explicitly marked unavailable here
153 |
154 | @property(class, nonatomic, readonly) Class layerClass; // default is [CALayer class]. Used when creating the underlying layer for the view.
/Users/admin/builder/spi-builder-workspace/QRCode/QRCodeView.swift:118:81: error: 'UIView' is unavailable in watchOS
116 | }
117 |
118 | fileprivate func imageForCurrentSizingBehavior(bounds: CGRect, contentMode: UIView.ContentMode) -> UIImage? {
| `- error: 'UIView' is unavailable in watchOS
119 | guard let code = qrCode else { return nil }
120 |
/Applications/Xcode-27.0.0-Release.Candidate.app/Contents/Developer/Platforms/WatchOS.platform/Developer/SDKs/WatchOS27.0.sdk/System/Library/Frameworks/UIKit.framework/Headers/UIView.h:152:12: note: 'UIView' has been explicitly marked unavailable here
150 |
151 | UIKIT_EXTERN API_AVAILABLE(ios(2.0)) API_UNAVAILABLE(watchos) NS_SWIFT_UI_ACTOR
152 | @interface UIView : UIResponder <NSCoding, UIAppearance, UIAppearanceContainer, UIDynamicItem, UITraitEnvironment, UICoordinateSpace, UIFocusItem, UIFocusItemContainer, CALayerDelegate>
| `- note: 'UIView' has been explicitly marked unavailable here
153 |
154 | @property(class, nonatomic, readonly) Class layerClass; // default is [CALayer class]. Used when creating the underlying layer for the view.
Failed frontend command:
/Applications/Xcode-27.0.0-Release.Candidate.app/Contents/Developer/Toolchains/XcodeDefault.xctoolchain/usr/bin/swift-frontend -frontend -emit-module -experimental-skip-non-inlinable-function-bodies-without-types /Users/admin/builder/spi-builder-workspace/QRCode/QRCode.swift /Users/admin/builder/spi-builder-workspace/QRCode/QRCodeImageGenerator.swift /Users/admin/builder/spi-builder-workspace/QRCode/QRCodeView.swift -target arm64_32-apple-watchos9.0 -disable-cross-import-overlay-search -load-resolved-plugin /Applications/Xcode-27.0.0-Release.Candidate.app/Contents/Developer/Platforms/WatchOS.platform/Developer/usr/lib/swift/host/plugins/libFoundationMacros.dylib\#/Applications/Xcode-27.0.0-Release.Candidate.app/Contents/Developer/Platforms/WatchOS.platform/Developer/usr/bin/swift-plugin-server\#FoundationMacros -load-resolved-plugin /Applications/Xcode-27.0.0-Release.Candidate.app/Contents/Developer/Platforms/WatchOS.platform/Developer/usr/lib/swift/host/plugins/libObservationMacros.dylib\#/Applications/Xcode-27.0.0-Release.Candidate.app/Contents/Developer/Platforms/WatchOS.platform/Developer/usr/bin/swift-plugin-server\#ObservationMacros -load-resolved-plugin /Applications/Xcode-27.0.0-Release.Candidate.app/Contents/Developer/Platforms/WatchOS.platform/Developer/usr/lib/swift/host/plugins/libSwiftMacros.dylib\#/Applications/Xcode-27.0.0-Release.Candidate.app/Contents/Developer/Platforms/WatchOS.platform/Developer/usr/bin/swift-plugin-server\#SwiftMacros -load-resolved-plugin /Applications/Xcode-27.0.0-Release.Candidate.app/Contents/Developer/Platforms/WatchOS.platform/Developer/usr/lib/swift/host/plugins/libSwiftUIMacros.dylib\#/Applications/Xcode-27.0.0-Release.Candidate.app/Contents/Developer/Platforms/WatchOS.platform/Developer/usr/bin/swift-plugin-server\#SwiftUIMacros -disable-implicit-swift-modules -Xcc -fno-implicit-modules -Xcc -fno-implicit-module-maps -explicit-swift-module-map-file /Users/admin/builder/spi-builder-workspace/.derivedData/Build/Intermediates.noindex/QRCode.build/Debug-watchos/QRCode-t.build/Objects-normal/arm64_32/QRCode-dependencies-2.json -enable-objc-interop -sdk /Applications/Xcode-27.0.0-Release.Candidate.app/Contents/Developer/Platforms/WatchOS.platform/Developer/SDKs/WatchOS27.0.sdk -I /Users/admin/builder/spi-builder-workspace/.derivedData/Build/Products/Debug-watchos -Isystem /Applications/Xcode-27.0.0-Release.Candidate.app/Contents/Developer/Platforms/WatchOS.platform/Developer/usr/lib -F /Users/admin/builder/spi-builder-workspace/.derivedData/Build/Products/Debug-watchos -F /Applications/Xcode-27.0.0-Release.Candidate.app/Contents/Developer/Platforms/WatchOS.platform/Developer/Library/Frameworks -F /Applications/Xcode-27.0.0-Release.Candidate.app/Contents/Developer/Platforms/WatchOS.platform/Developer/SDKs/WatchOS27.0.sdk/Developer/Library/Frameworks -module-cache-path /Users/admin/builder/spi-builder-workspace/.derivedData/Build/Intermediates.noindex/SwiftExplicitPrecompiledModules -no-color-diagnostics -Xcc -fno-color-diagnostics -enable-testing -g -debug-info-format\=dwarf -dwarf-version\=4 -swift-version 5 -Onone -D SWIFT_PACKAGE -D DEBUG -D SWIFT_MODULE_RESOURCE_BUNDLE_UNAVAILABLE -D Xcode -serialize-debugging-options -enable-experimental-feature DebugDescriptionMacro -empty-abi-descriptor -validate-clang-modules-once -clang-build-session-file /Users/admin/builder/spi-builder-workspace/.derivedData/ModuleCache.noindex/Session.modulevalidation -Xcc -working-directory -Xcc /Users/admin/builder/spi-builder-workspace/.swiftpm/xcode -enable-anonymous-context-mangled-names -file-compilation-dir /Users/admin/builder/spi-builder-workspace/.swiftpm/xcode -Xcc -D_LIBCPP_HARDENING_MODE\=_LIBCPP_HARDENING_MODE_DEBUG -Xcc -ivfsstatcache -Xcc /Users/admin/builder/spi-builder-workspace/.derivedData/SDKStatCaches.noindex/watchos27.0-24R360-e829b21a6f8c9b70876ba0858053c04477534ef55a1706bf4c1112bbb242f0a2.sdkstatcache -Xcc -fmodules-prune-interval\=86400 -Xcc -fmodules-prune-after\=345600 -Xcc -I/Users/admin/builder/spi-builder-workspace/.derivedData/Build/Products/Debug-watchos/include -Xcc -I/Users/admin/builder/spi-builder-workspace/.derivedData/Build/Intermediates.noindex/QRCode.build/Debug-watchos/QRCode-t.build/DerivedSources-normal/arm64_32 -Xcc -I/Users/admin/builder/spi-builder-workspace/.derivedData/Build/Intermediates.noindex/QRCode.build/Debug-watchos/QRCode-t.build/DerivedSources/arm64_32 -Xcc -I/Users/admin/builder/spi-builder-workspace/.derivedData/Build/Intermediates.noindex/QRCode.build/Debug-watchos/QRCode-t.build/DerivedSources -Xcc -DSWIFT_PACKAGE -Xcc -DDEBUG\=1 -no-auto-bridging-header-chaining -module-name QRCode -const-gather-protocols-file /Users/admin/builder/spi-builder-workspace/.derivedData/Build/Intermediates.noindex/QRCode.build/Debug-watchos/QRCode-t.build/Objects-normal/arm64_32/QRCode_const_extract_protocols.json -disable-clang-spi -clang-target arm64_32-apple-watchos27.0 -target-sdk-version 27.0 -target-sdk-name watchos27.0 -in-process-plugin-server-path /Applications/Xcode-27.0.0-Release.Candidate.app/Contents/Developer/Toolchains/XcodeDefault.xctoolchain/usr/lib/swift/host/libSwiftInProcPluginServer.dylib -emit-module-doc-path /Users/admin/builder/spi-builder-workspace/.derivedData/Build/Intermediates.noindex/QRCode.build/Debug-watchos/QRCode-t.build/Objects-normal/arm64_32/QRCode.swiftdoc -emit-module-source-info-path /Users/admin/builder/spi-builder-workspace/.derivedData/Build/Intermediates.noindex/QRCode.build/Debug-watchos/QRCode-t.build/Objects-normal/arm64_32/QRCode.swiftsourceinfo -emit-objc-header-path /Users/admin/builder/spi-builder-workspace/.derivedData/Build/Intermediates.noindex/QRCode.build/Debug-watchos/QRCode-t.build/Objects-normal/arm64_32/QRCode-Swift.h -serialize-diagnostics-path /Users/admin/builder/spi-builder-workspace/.derivedData/Build/Intermediates.noindex/QRCode.build/Debug-watchos/QRCode-t.build/Objects-normal/arm64_32/QRCode-primary-emit-module.dia -emit-dependencies-path /Users/admin/builder/spi-builder-workspace/.derivedData/Build/Intermediates.noindex/QRCode.build/Debug-watchos/QRCode-t.build/Objects-normal/arm64_32/QRCode-primary-emit-module.d -parse-as-library -o /Users/admin/builder/spi-builder-workspace/.derivedData/Build/Intermediates.noindex/QRCode.build/Debug-watchos/QRCode-t.build/Objects-normal/arm64_32/QRCode.swiftmodule -emit-abi-descriptor-path /Users/admin/builder/spi-builder-workspace/.derivedData/Build/Intermediates.noindex/QRCode.build/Debug-watchos/QRCode-t.build/Objects-normal/arm64_32/QRCode.abi.json
SwiftCompile normal arm64_32 (in target 'QRCode' from project 'QRCode')
cd /Users/admin/builder/spi-builder-workspace/.swiftpm/xcode
SwiftCompile normal arm64 Compiling\ QRCodeImageGenerator.swift /Users/admin/builder/spi-builder-workspace/QRCode/QRCodeImageGenerator.swift (in target 'QRCode' from project 'QRCode')
/Users/admin/builder/spi-builder-workspace/QRCode/QRCodeImageGenerator.swift:19:66: error: cannot find type 'CIImage' in scope
17 | }
18 |
19 | private func qrCodeScaledCiImage(for code: QRCode) throws -> CIImage {
| `- error: cannot find type 'CIImage' in scope
20 | let ciImage = try qrCodeColoredCiImage(for: code)
21 | guard desiredSizeIsSufficient(for: code, with: ciImage) else {
/Users/admin/builder/spi-builder-workspace/QRCode/QRCodeImageGenerator.swift:33:67: error: cannot find type 'CIImage' in scope
31 | }
32 |
33 | private func qrCodeColoredCiImage(for code: QRCode) throws -> CIImage {
| `- error: cannot find type 'CIImage' in scope
34 | let qrCodeImage = try qrCodeBaseImage(for: code)
35 | let colorFilter = CIFilter(name: "CIFalseColor")!
/Users/admin/builder/spi-builder-workspace/QRCode/QRCodeImageGenerator.swift:45:62: error: cannot find type 'CIImage' in scope
43 | }
44 |
45 | private func qrCodeBaseImage(for code: QRCode) throws -> CIImage {
| `- error: cannot find type 'CIImage' in scope
46 | let qrCodeFilter = CIFilter(name: "CIQRCodeGenerator")!
47 |
/Users/admin/builder/spi-builder-workspace/QRCode/QRCodeImageGenerator.swift:59:72: error: cannot find type 'CIImage' in scope
57 | }
58 |
59 | private func desiredSizeIsSufficient(for code: QRCode, with image: CIImage) -> Bool {
| `- error: cannot find type 'CIImage' in scope
60 | guard let desiredSize = code.size else { return true }
61 | let hasSufficientWidth = desiredSize.width >= image.extent.size.width
/Users/admin/builder/spi-builder-workspace/QRCode/QRCodeImageGenerator.swift:13:23: error: cannot find 'CIContext' in scope
11 |
12 | // for proper scaling, e.g. in UIImageViews, we need a CGImage as the base
13 | let context = CIContext(options: nil)
| `- error: cannot find 'CIContext' in scope
14 | let cgImage = context.createCGImage(ciImage, from: ciImage.extent)!
15 |
/Users/admin/builder/spi-builder-workspace/QRCode/QRCodeImageGenerator.swift:35:27: error: cannot find 'CIFilter' in scope
33 | private func qrCodeColoredCiImage(for code: QRCode) throws -> CIImage {
34 | let qrCodeImage = try qrCodeBaseImage(for: code)
35 | let colorFilter = CIFilter(name: "CIFalseColor")!
| `- error: cannot find 'CIFilter' in scope
36 |
37 | colorFilter.setDefaults()
/Users/admin/builder/spi-builder-workspace/QRCode/QRCodeImageGenerator.swift:39:30: error: cannot find 'CIColor' in scope
37 | colorFilter.setDefaults()
38 | colorFilter.setValue(qrCodeImage, forKey: "inputImage")
39 | colorFilter.setValue(CIColor(cgColor: code.color.cgColor), forKey: "inputColor0")
| `- error: cannot find 'CIColor' in scope
40 | colorFilter.setValue(CIColor(cgColor: code.backgroundColor.cgColor), forKey: "inputColor1")
41 |
/Users/admin/builder/spi-builder-workspace/QRCode/QRCodeImageGenerator.swift:40:30: error: cannot find 'CIColor' in scope
38 | colorFilter.setValue(qrCodeImage, forKey: "inputImage")
39 | colorFilter.setValue(CIColor(cgColor: code.color.cgColor), forKey: "inputColor0")
40 | colorFilter.setValue(CIColor(cgColor: code.backgroundColor.cgColor), forKey: "inputColor1")
| `- error: cannot find 'CIColor' in scope
41 |
42 | return colorFilter.outputImage!
SwiftCompile normal arm64 /Users/admin/builder/spi-builder-workspace/QRCode/QRCodeImageGenerator.swift (in target 'QRCode' from project 'QRCode')
cd /Users/admin/builder/spi-builder-workspace/.swiftpm/xcode
builtin-SwiftPerFileCompile QRCodeImageGenerator.swift
SwiftCompile normal arm64 Compiling\ QRCodeView.swift /Users/admin/builder/spi-builder-workspace/QRCode/QRCodeView.swift (in target 'QRCode' from project 'QRCode')
/Users/admin/builder/spi-builder-workspace/QRCode/QRCodeView.swift:41:38: error: 'UIView' is unavailable in watchOS
39 | }
40 |
41 | public override var contentMode: UIView.ContentMode {
| `- error: 'UIView' is unavailable in watchOS
42 | didSet {
43 | DispatchQueue.main.async { [unowned self] in
/Applications/Xcode-27.0.0-Release.Candidate.app/Contents/Developer/Platforms/WatchOS.platform/Developer/SDKs/WatchOS27.0.sdk/System/Library/Frameworks/UIKit.framework/Headers/UIView.h:152:12: note: 'UIView' has been explicitly marked unavailable here
150 |
151 | UIKIT_EXTERN API_AVAILABLE(ios(2.0)) API_UNAVAILABLE(watchos) NS_SWIFT_UI_ACTOR
152 | @interface UIView : UIResponder <NSCoding, UIAppearance, UIAppearanceContainer, UIDynamicItem, UITraitEnvironment, UICoordinateSpace, UIFocusItem, UIFocusItemContainer, CALayerDelegate>
| `- note: 'UIView' has been explicitly marked unavailable here
153 |
154 | @property(class, nonatomic, readonly) Class layerClass; // default is [CALayer class]. Used when creating the underlying layer for the view.
/Users/admin/builder/spi-builder-workspace/QRCode/QRCodeView.swift:51:32: error: 'UIImageView' is unavailable in watchOS
49 |
50 | private var cachedImage: UIImage?
51 | fileprivate let imageView: UIImageView!
| `- error: 'UIImageView' is unavailable in watchOS
52 |
53 | private static let defaultSizingBehavior: SizingBehavior = .hideWhenTooSmall
/Applications/Xcode-27.0.0-Release.Candidate.app/Contents/Developer/Platforms/WatchOS.platform/Developer/SDKs/WatchOS27.0.sdk/System/Library/Frameworks/UIKit.framework/Headers/UIImageView.h:21:12: note: 'UIImageView' has been explicitly marked unavailable here
19 |
20 | UIKIT_EXTERN API_AVAILABLE(ios(2.0)) API_UNAVAILABLE(watchos) NS_SWIFT_UI_ACTOR
21 | @interface UIImageView : UIView
| `- note: 'UIImageView' has been explicitly marked unavailable here
22 |
23 | - (instancetype)initWithImage:(nullable UIImage *)image;
/Users/admin/builder/spi-builder-workspace/QRCode/QRCodeView.swift:8:26: error: 'UIView' is unavailable in watchOS
6 | rotation, to ensure pixel-perfect display of the QR code.
7 | */
8 | public class QRCodeView: UIView {
| `- error: 'UIView' is unavailable in watchOS
9 | /**
10 | Specifies the view's behavior when the frame becomes smaller than the QR code would require to be displayed without
/Applications/Xcode-27.0.0-Release.Candidate.app/Contents/Developer/Platforms/WatchOS.platform/Developer/SDKs/WatchOS27.0.sdk/System/Library/Frameworks/UIKit.framework/Headers/UIView.h:152:12: note: 'UIView' has been explicitly marked unavailable here
150 |
151 | UIKIT_EXTERN API_AVAILABLE(ios(2.0)) API_UNAVAILABLE(watchos) NS_SWIFT_UI_ACTOR
152 | @interface UIView : UIResponder <NSCoding, UIAppearance, UIAppearanceContainer, UIDynamicItem, UITraitEnvironment, UICoordinateSpace, UIFocusItem, UIFocusItemContainer, CALayerDelegate>
| `- note: 'UIView' has been explicitly marked unavailable here
153 |
154 | @property(class, nonatomic, readonly) Class layerClass; // default is [CALayer class]. Used when creating the underlying layer for the view.
/Users/admin/builder/spi-builder-workspace/QRCode/QRCodeView.swift:118:81: error: 'UIView' is unavailable in watchOS
116 | }
117 |
118 | fileprivate func imageForCurrentSizingBehavior(bounds: CGRect, contentMode: UIView.ContentMode) -> UIImage? {
| `- error: 'UIView' is unavailable in watchOS
119 | guard let code = qrCode else { return nil }
120 |
/Applications/Xcode-27.0.0-Release.Candidate.app/Contents/Developer/Platforms/WatchOS.platform/Developer/SDKs/WatchOS27.0.sdk/System/Library/Frameworks/UIKit.framework/Headers/UIView.h:152:12: note: 'UIView' has been explicitly marked unavailable here
150 |
151 | UIKIT_EXTERN API_AVAILABLE(ios(2.0)) API_UNAVAILABLE(watchos) NS_SWIFT_UI_ACTOR
152 | @interface UIView : UIResponder <NSCoding, UIAppearance, UIAppearanceContainer, UIDynamicItem, UITraitEnvironment, UICoordinateSpace, UIFocusItem, UIFocusItemContainer, CALayerDelegate>
| `- note: 'UIView' has been explicitly marked unavailable here
153 |
154 | @property(class, nonatomic, readonly) Class layerClass; // default is [CALayer class]. Used when creating the underlying layer for the view.
/Users/admin/builder/spi-builder-workspace/QRCode/QRCodeView.swift:58:21: error: 'UIImageView' is unavailable in watchOS
56 |
57 | override public init(frame: CGRect) {
58 | imageView = UIImageView(frame: frame)
| `- error: 'UIImageView' is unavailable in watchOS
59 | sizingBehavior = QRCodeView.defaultSizingBehavior
60 |
/Applications/Xcode-27.0.0-Release.Candidate.app/Contents/Developer/Platforms/WatchOS.platform/Developer/SDKs/WatchOS27.0.sdk/System/Library/Frameworks/UIKit.framework/Headers/UIImageView.h:21:12: note: 'UIImageView' has been explicitly marked unavailable here
19 |
20 | UIKIT_EXTERN API_AVAILABLE(ios(2.0)) API_UNAVAILABLE(watchos) NS_SWIFT_UI_ACTOR
21 | @interface UIImageView : UIView
| `- note: 'UIImageView' has been explicitly marked unavailable here
22 |
23 | - (instancetype)initWithImage:(nullable UIImage *)image;
/Users/admin/builder/spi-builder-workspace/QRCode/QRCodeView.swift:67:21: error: 'UIImageView' is unavailable in watchOS
65 |
66 | required public init?(coder aDecoder: NSCoder) {
67 | imageView = UIImageView(coder: aDecoder)
| `- error: 'UIImageView' is unavailable in watchOS
68 | sizingBehavior = QRCodeView.defaultSizingBehavior
69 |
/Applications/Xcode-27.0.0-Release.Candidate.app/Contents/Developer/Platforms/WatchOS.platform/Developer/SDKs/WatchOS27.0.sdk/System/Library/Frameworks/UIKit.framework/Headers/UIImageView.h:21:12: note: 'UIImageView' has been explicitly marked unavailable here
19 |
20 | UIKIT_EXTERN API_AVAILABLE(ios(2.0)) API_UNAVAILABLE(watchos) NS_SWIFT_UI_ACTOR
21 | @interface UIImageView : UIView
| `- note: 'UIImageView' has been explicitly marked unavailable here
22 |
23 | - (instancetype)initWithImage:(nullable UIImage *)image;
/Users/admin/builder/spi-builder-workspace/QRCode/QRCodeView.swift:112:24: error: 'NSLayoutConstraint' is unavailable in watchOS
110 | imageView.contentMode = contentMode
111 | imageView.translatesAutoresizingMaskIntoConstraints = false
112 | addConstraints(NSLayoutConstraint.constraints(withVisualFormat: "H:|[imageView]|", options: [], metrics: nil,
| `- error: 'NSLayoutConstraint' is unavailable in watchOS
113 | views: ["imageView": imageView!]))
114 | addConstraints(NSLayoutConstraint.constraints(withVisualFormat: "V:|[imageView]|", options: [], metrics: nil,
/Applications/Xcode-27.0.0-Release.Candidate.app/Contents/Developer/Platforms/WatchOS.platform/Developer/SDKs/WatchOS27.0.sdk/System/Library/Frameworks/UIKit.framework/Headers/NSLayoutConstraint.h:126:12: note: 'NSLayoutConstraint' has been explicitly marked unavailable here
124 |
125 | NSLAYOUTCONSTRAINT_EXTERN API_AVAILABLE(macos(10.7), ios(6.0), tvos(9.0)) API_UNAVAILABLE(watchos) NS_SWIFT_UI_ACTOR
126 | @interface NSLayoutConstraint : NSObject
| `- note: 'NSLayoutConstraint' has been explicitly marked unavailable here
127 |
128 | /* Create an array of constraints using an ASCII-art-like visual format string. The values of the `metrics` dictionary should be NSNumber (or some other type that responds to -doubleValue and returns a double).
SwiftCompile normal arm64 /Users/admin/builder/spi-builder-workspace/QRCode/QRCodeView.swift (in target 'QRCode' from project 'QRCode')
cd /Users/admin/builder/spi-builder-workspace/.swiftpm/xcode
builtin-SwiftPerFileCompile QRCodeView.swift
SwiftCompile normal arm64_32 Compiling\ QRCodeImageGenerator.swift /Users/admin/builder/spi-builder-workspace/QRCode/QRCodeImageGenerator.swift (in target 'QRCode' from project 'QRCode')
/Users/admin/builder/spi-builder-workspace/QRCode/QRCodeImageGenerator.swift:19:66: error: cannot find type 'CIImage' in scope
17 | }
18 |
19 | private func qrCodeScaledCiImage(for code: QRCode) throws -> CIImage {
| `- error: cannot find type 'CIImage' in scope
20 | let ciImage = try qrCodeColoredCiImage(for: code)
21 | guard desiredSizeIsSufficient(for: code, with: ciImage) else {
/Users/admin/builder/spi-builder-workspace/QRCode/QRCodeImageGenerator.swift:33:67: error: cannot find type 'CIImage' in scope
31 | }
32 |
33 | private func qrCodeColoredCiImage(for code: QRCode) throws -> CIImage {
| `- error: cannot find type 'CIImage' in scope
34 | let qrCodeImage = try qrCodeBaseImage(for: code)
35 | let colorFilter = CIFilter(name: "CIFalseColor")!
/Users/admin/builder/spi-builder-workspace/QRCode/QRCodeImageGenerator.swift:45:62: error: cannot find type 'CIImage' in scope
43 | }
44 |
45 | private func qrCodeBaseImage(for code: QRCode) throws -> CIImage {
| `- error: cannot find type 'CIImage' in scope
46 | let qrCodeFilter = CIFilter(name: "CIQRCodeGenerator")!
47 |
/Users/admin/builder/spi-builder-workspace/QRCode/QRCodeImageGenerator.swift:59:72: error: cannot find type 'CIImage' in scope
57 | }
58 |
59 | private func desiredSizeIsSufficient(for code: QRCode, with image: CIImage) -> Bool {
| `- error: cannot find type 'CIImage' in scope
60 | guard let desiredSize = code.size else { return true }
61 | let hasSufficientWidth = desiredSize.width >= image.extent.size.width
/Users/admin/builder/spi-builder-workspace/QRCode/QRCodeImageGenerator.swift:13:23: error: cannot find 'CIContext' in scope
11 |
12 | // for proper scaling, e.g. in UIImageViews, we need a CGImage as the base
13 | let context = CIContext(options: nil)
| `- error: cannot find 'CIContext' in scope
14 | let cgImage = context.createCGImage(ciImage, from: ciImage.extent)!
15 |
/Users/admin/builder/spi-builder-workspace/QRCode/QRCodeImageGenerator.swift:35:27: error: cannot find 'CIFilter' in scope
33 | private func qrCodeColoredCiImage(for code: QRCode) throws -> CIImage {
34 | let qrCodeImage = try qrCodeBaseImage(for: code)
35 | let colorFilter = CIFilter(name: "CIFalseColor")!
| `- error: cannot find 'CIFilter' in scope
36 |
37 | colorFilter.setDefaults()
/Users/admin/builder/spi-builder-workspace/QRCode/QRCodeImageGenerator.swift:39:30: error: cannot find 'CIColor' in scope
37 | colorFilter.setDefaults()
38 | colorFilter.setValue(qrCodeImage, forKey: "inputImage")
39 | colorFilter.setValue(CIColor(cgColor: code.color.cgColor), forKey: "inputColor0")
| `- error: cannot find 'CIColor' in scope
40 | colorFilter.setValue(CIColor(cgColor: code.backgroundColor.cgColor), forKey: "inputColor1")
41 |
/Users/admin/builder/spi-builder-workspace/QRCode/QRCodeImageGenerator.swift:40:30: error: cannot find 'CIColor' in scope
38 | colorFilter.setValue(qrCodeImage, forKey: "inputImage")
39 | colorFilter.setValue(CIColor(cgColor: code.color.cgColor), forKey: "inputColor0")
40 | colorFilter.setValue(CIColor(cgColor: code.backgroundColor.cgColor), forKey: "inputColor1")
| `- error: cannot find 'CIColor' in scope
41 |
42 | return colorFilter.outputImage!
SwiftCompile normal arm64_32 /Users/admin/builder/spi-builder-workspace/QRCode/QRCodeImageGenerator.swift (in target 'QRCode' from project 'QRCode')
cd /Users/admin/builder/spi-builder-workspace/.swiftpm/xcode
builtin-SwiftPerFileCompile QRCodeImageGenerator.swift
SwiftCompile normal arm64_32 Compiling\ QRCode.swift /Users/admin/builder/spi-builder-workspace/QRCode/QRCode.swift (in target 'QRCode' from project 'QRCode')
/Users/admin/builder/spi-builder-workspace/QRCode/QRCode.swift:27:38: error: 'UIScreen' is unavailable in watchOS
25 | public static let defaultBackgroundColor = UIColor.white
26 | public static let defaultImageSize: CGSize? = nil
27 | public static let defaultScale = UIScreen.main.scale
| `- error: 'UIScreen' is unavailable in watchOS
28 | public static let defaultInputCorrection = InputCorrection.low
29 |
/Applications/Xcode-27.0.0-Release.Candidate.app/Contents/Developer/Platforms/WatchOS.platform/Developer/SDKs/WatchOS27.0.sdk/System/Library/Frameworks/UIKit.framework/Headers/UIScreen.h:54:12: note: 'UIScreen' has been explicitly marked unavailable here
52 |
53 | UIKIT_EXTERN API_AVAILABLE(ios(2.0)) API_UNAVAILABLE(visionos, watchos) NS_SWIFT_UI_ACTOR
54 | @interface UIScreen : NSObject <UITraitEnvironment>
| `- note: 'UIScreen' has been explicitly marked unavailable here
55 |
56 | @property(class, nonatomic, readonly) NSArray<UIScreen *> *screens API_DEPRECATED("Use UIApplication.shared.openSessions to find open sessions with scenes from other screens", ios(3.2, 16.0), visionos(1.0, 1.0)) API_UNAVAILABLE(watchos); // all screens currently attached to the device
SwiftCompile normal arm64_32 /Users/admin/builder/spi-builder-workspace/QRCode/QRCode.swift (in target 'QRCode' from project 'QRCode')
cd /Users/admin/builder/spi-builder-workspace/.swiftpm/xcode
builtin-SwiftPerFileCompile QRCode.swift
SwiftCompile normal arm64_32 Compiling\ QRCodeView.swift /Users/admin/builder/spi-builder-workspace/QRCode/QRCodeView.swift (in target 'QRCode' from project 'QRCode')
SwiftCompile normal arm64_32 /Users/admin/builder/spi-builder-workspace/QRCode/QRCodeView.swift (in target 'QRCode' from project 'QRCode')
cd /Users/admin/builder/spi-builder-workspace/.swiftpm/xcode
builtin-SwiftPerFileCompile QRCodeView.swift
/Users/admin/builder/spi-builder-workspace/QRCode/QRCodeView.swift:41:38: error: 'UIView' is unavailable in watchOS
39 | }
40 |
41 | public override var contentMode: UIView.ContentMode {
| `- error: 'UIView' is unavailable in watchOS
42 | didSet {
43 | DispatchQueue.main.async { [unowned self] in
/Applications/Xcode-27.0.0-Release.Candidate.app/Contents/Developer/Platforms/WatchOS.platform/Developer/SDKs/WatchOS27.0.sdk/System/Library/Frameworks/UIKit.framework/Headers/UIView.h:152:12: note: 'UIView' has been explicitly marked unavailable here
150 |
151 | UIKIT_EXTERN API_AVAILABLE(ios(2.0)) API_UNAVAILABLE(watchos) NS_SWIFT_UI_ACTOR
152 | @interface UIView : UIResponder <NSCoding, UIAppearance, UIAppearanceContainer, UIDynamicItem, UITraitEnvironment, UICoordinateSpace, UIFocusItem, UIFocusItemContainer, CALayerDelegate>
| `- note: 'UIView' has been explicitly marked unavailable here
153 |
154 | @property(class, nonatomic, readonly) Class layerClass; // default is [CALayer class]. Used when creating the underlying layer for the view.
/Users/admin/builder/spi-builder-workspace/QRCode/QRCodeView.swift:51:32: error: 'UIImageView' is unavailable in watchOS
49 |
50 | private var cachedImage: UIImage?
51 | fileprivate let imageView: UIImageView!
| `- error: 'UIImageView' is unavailable in watchOS
52 |
53 | private static let defaultSizingBehavior: SizingBehavior = .hideWhenTooSmall
/Applications/Xcode-27.0.0-Release.Candidate.app/Contents/Developer/Platforms/WatchOS.platform/Developer/SDKs/WatchOS27.0.sdk/System/Library/Frameworks/UIKit.framework/Headers/UIImageView.h:21:12: note: 'UIImageView' has been explicitly marked unavailable here
19 |
20 | UIKIT_EXTERN API_AVAILABLE(ios(2.0)) API_UNAVAILABLE(watchos) NS_SWIFT_UI_ACTOR
21 | @interface UIImageView : UIView
| `- note: 'UIImageView' has been explicitly marked unavailable here
22 |
23 | - (instancetype)initWithImage:(nullable UIImage *)image;
/Users/admin/builder/spi-builder-workspace/QRCode/QRCodeView.swift:8:26: error: 'UIView' is unavailable in watchOS
6 | rotation, to ensure pixel-perfect display of the QR code.
7 | */
8 | public class QRCodeView: UIView {
| `- error: 'UIView' is unavailable in watchOS
9 | /**
10 | Specifies the view's behavior when the frame becomes smaller than the QR code would require to be displayed without
/Applications/Xcode-27.0.0-Release.Candidate.app/Contents/Developer/Platforms/WatchOS.platform/Developer/SDKs/WatchOS27.0.sdk/System/Library/Frameworks/UIKit.framework/Headers/UIView.h:152:12: note: 'UIView' has been explicitly marked unavailable here
150 |
151 | UIKIT_EXTERN API_AVAILABLE(ios(2.0)) API_UNAVAILABLE(watchos) NS_SWIFT_UI_ACTOR
152 | @interface UIView : UIResponder <NSCoding, UIAppearance, UIAppearanceContainer, UIDynamicItem, UITraitEnvironment, UICoordinateSpace, UIFocusItem, UIFocusItemContainer, CALayerDelegate>
| `- note: 'UIView' has been explicitly marked unavailable here
153 |
154 | @property(class, nonatomic, readonly) Class layerClass; // default is [CALayer class]. Used when creating the underlying layer for the view.
/Users/admin/builder/spi-builder-workspace/QRCode/QRCodeView.swift:118:81: error: 'UIView' is unavailable in watchOS
116 | }
117 |
118 | fileprivate func imageForCurrentSizingBehavior(bounds: CGRect, contentMode: UIView.ContentMode) -> UIImage? {
| `- error: 'UIView' is unavailable in watchOS
119 | guard let code = qrCode else { return nil }
120 |
/Applications/Xcode-27.0.0-Release.Candidate.app/Contents/Developer/Platforms/WatchOS.platform/Developer/SDKs/WatchOS27.0.sdk/System/Library/Frameworks/UIKit.framework/Headers/UIView.h:152:12: note: 'UIView' has been explicitly marked unavailable here
150 |
151 | UIKIT_EXTERN API_AVAILABLE(ios(2.0)) API_UNAVAILABLE(watchos) NS_SWIFT_UI_ACTOR
152 | @interface UIView : UIResponder <NSCoding, UIAppearance, UIAppearanceContainer, UIDynamicItem, UITraitEnvironment, UICoordinateSpace, UIFocusItem, UIFocusItemContainer, CALayerDelegate>
| `- note: 'UIView' has been explicitly marked unavailable here
153 |
154 | @property(class, nonatomic, readonly) Class layerClass; // default is [CALayer class]. Used when creating the underlying layer for the view.
/Users/admin/builder/spi-builder-workspace/QRCode/QRCodeView.swift:58:21: error: 'UIImageView' is unavailable in watchOS
56 |
57 | override public init(frame: CGRect) {
58 | imageView = UIImageView(frame: frame)
| `- error: 'UIImageView' is unavailable in watchOS
59 | sizingBehavior = QRCodeView.defaultSizingBehavior
60 |
/Applications/Xcode-27.0.0-Release.Candidate.app/Contents/Developer/Platforms/WatchOS.platform/Developer/SDKs/WatchOS27.0.sdk/System/Library/Frameworks/UIKit.framework/Headers/UIImageView.h:21:12: note: 'UIImageView' has been explicitly marked unavailable here
19 |
20 | UIKIT_EXTERN API_AVAILABLE(ios(2.0)) API_UNAVAILABLE(watchos) NS_SWIFT_UI_ACTOR
21 | @interface UIImageView : UIView
| `- note: 'UIImageView' has been explicitly marked unavailable here
22 |
23 | - (instancetype)initWithImage:(nullable UIImage *)image;
/Users/admin/builder/spi-builder-workspace/QRCode/QRCodeView.swift:67:21: error: 'UIImageView' is unavailable in watchOS
65 |
66 | required public init?(coder aDecoder: NSCoder) {
67 | imageView = UIImageView(coder: aDecoder)
| `- error: 'UIImageView' is unavailable in watchOS
68 | sizingBehavior = QRCodeView.defaultSizingBehavior
69 |
/Applications/Xcode-27.0.0-Release.Candidate.app/Contents/Developer/Platforms/WatchOS.platform/Developer/SDKs/WatchOS27.0.sdk/System/Library/Frameworks/UIKit.framework/Headers/UIImageView.h:21:12: note: 'UIImageView' has been explicitly marked unavailable here
19 |
20 | UIKIT_EXTERN API_AVAILABLE(ios(2.0)) API_UNAVAILABLE(watchos) NS_SWIFT_UI_ACTOR
21 | @interface UIImageView : UIView
| `- note: 'UIImageView' has been explicitly marked unavailable here
22 |
23 | - (instancetype)initWithImage:(nullable UIImage *)image;
/Users/admin/builder/spi-builder-workspace/QRCode/QRCodeView.swift:112:24: error: 'NSLayoutConstraint' is unavailable in watchOS
110 | imageView.contentMode = contentMode
111 | imageView.translatesAutoresizingMaskIntoConstraints = false
112 | addConstraints(NSLayoutConstraint.constraints(withVisualFormat: "H:|[imageView]|", options: [], metrics: nil,
| `- error: 'NSLayoutConstraint' is unavailable in watchOS
113 | views: ["imageView": imageView!]))
114 | addConstraints(NSLayoutConstraint.constraints(withVisualFormat: "V:|[imageView]|", options: [], metrics: nil,
/Applications/Xcode-27.0.0-Release.Candidate.app/Contents/Developer/Platforms/WatchOS.platform/Developer/SDKs/WatchOS27.0.sdk/System/Library/Frameworks/UIKit.framework/Headers/NSLayoutConstraint.h:126:12: note: 'NSLayoutConstraint' has been explicitly marked unavailable here
124 |
125 | NSLAYOUTCONSTRAINT_EXTERN API_AVAILABLE(macos(10.7), ios(6.0), tvos(9.0)) API_UNAVAILABLE(watchos) NS_SWIFT_UI_ACTOR
126 | @interface NSLayoutConstraint : NSObject
| `- note: 'NSLayoutConstraint' has been explicitly marked unavailable here
127 |
128 | /* Create an array of constraints using an ASCII-art-like visual format string. The values of the `metrics` dictionary should be NSNumber (or some other type that responds to -doubleValue and returns a double).
SwiftEmitModule normal arm64 Emitting\ module\ for\ QRCode (in target 'QRCode' from project 'QRCode')
/Users/admin/builder/spi-builder-workspace/QRCode/QRCode.swift:27:38: error: 'UIScreen' is unavailable in watchOS
25 | public static let defaultBackgroundColor = UIColor.white
26 | public static let defaultImageSize: CGSize? = nil
27 | public static let defaultScale = UIScreen.main.scale
| `- error: 'UIScreen' is unavailable in watchOS
28 | public static let defaultInputCorrection = InputCorrection.low
29 |
/Applications/Xcode-27.0.0-Release.Candidate.app/Contents/Developer/Platforms/WatchOS.platform/Developer/SDKs/WatchOS27.0.sdk/System/Library/Frameworks/UIKit.framework/Headers/UIScreen.h:54:12: note: 'UIScreen' has been explicitly marked unavailable here
52 |
53 | UIKIT_EXTERN API_AVAILABLE(ios(2.0)) API_UNAVAILABLE(visionos, watchos) NS_SWIFT_UI_ACTOR
54 | @interface UIScreen : NSObject <UITraitEnvironment>
| `- note: 'UIScreen' has been explicitly marked unavailable here
55 |
56 | @property(class, nonatomic, readonly) NSArray<UIScreen *> *screens API_DEPRECATED("Use UIApplication.shared.openSessions to find open sessions with scenes from other screens", ios(3.2, 16.0), visionos(1.0, 1.0)) API_UNAVAILABLE(watchos); // all screens currently attached to the device
/Users/admin/builder/spi-builder-workspace/QRCode/QRCode.swift:27:47: error: 'main' is unavailable in watchOS
25 | public static let defaultBackgroundColor = UIColor.white
26 | public static let defaultImageSize: CGSize? = nil
27 | public static let defaultScale = UIScreen.main.scale
| `- error: 'main' is unavailable in watchOS
28 | public static let defaultInputCorrection = InputCorrection.low
29 |
/Applications/Xcode-27.0.0-Release.Candidate.app/Contents/Developer/Platforms/WatchOS.platform/Developer/SDKs/WatchOS27.0.sdk/System/Library/Frameworks/UIKit.framework/Headers/UIScreen.h:57:49: note: 'main' has been explicitly marked unavailable here
55 |
56 | @property(class, nonatomic, readonly) NSArray<UIScreen *> *screens API_DEPRECATED("Use UIApplication.shared.openSessions to find open sessions with scenes from other screens", ios(3.2, 16.0), visionos(1.0, 1.0)) API_UNAVAILABLE(watchos); // all screens currently attached to the device
57 | @property(class, nonatomic, readonly) UIScreen *mainScreen API_DEPRECATED("Use a UIScreen instance found through context instead (i.e, view.window.windowScene.screen), or for properties like UIScreen.scale with trait equivalents, use a traitCollection found through context.", ios(2.0, 26.0), tvos(9.0, 26.0), visionos(1.0, 26.0)) API_UNAVAILABLE(watchos);
| `- note: 'main' has been explicitly marked unavailable here
58 |
59 | @property(nonatomic,readonly) CGRect bounds; // Bounds of entire screen in points
/Users/admin/builder/spi-builder-workspace/QRCode/QRCodeImageGenerator.swift:19:66: error: cannot find type 'CIImage' in scope
17 | }
18 |
19 | private func qrCodeScaledCiImage(for code: QRCode) throws -> CIImage {
| `- error: cannot find type 'CIImage' in scope
20 | let ciImage = try qrCodeColoredCiImage(for: code)
21 | guard desiredSizeIsSufficient(for: code, with: ciImage) else {
/Users/admin/builder/spi-builder-workspace/QRCode/QRCodeImageGenerator.swift:33:67: error: cannot find type 'CIImage' in scope
31 | }
32 |
33 | private func qrCodeColoredCiImage(for code: QRCode) throws -> CIImage {
| `- error: cannot find type 'CIImage' in scope
34 | let qrCodeImage = try qrCodeBaseImage(for: code)
35 | let colorFilter = CIFilter(name: "CIFalseColor")!
/Users/admin/builder/spi-builder-workspace/QRCode/QRCodeImageGenerator.swift:45:62: error: cannot find type 'CIImage' in scope
43 | }
44 |
45 | private func qrCodeBaseImage(for code: QRCode) throws -> CIImage {
| `- error: cannot find type 'CIImage' in scope
46 | let qrCodeFilter = CIFilter(name: "CIQRCodeGenerator")!
47 |
/Users/admin/builder/spi-builder-workspace/QRCode/QRCodeImageGenerator.swift:59:72: error: cannot find type 'CIImage' in scope
57 | }
58 |
59 | private func desiredSizeIsSufficient(for code: QRCode, with image: CIImage) -> Bool {
| `- error: cannot find type 'CIImage' in scope
60 | guard let desiredSize = code.size else { return true }
61 | let hasSufficientWidth = desiredSize.width >= image.extent.size.width
/Users/admin/builder/spi-builder-workspace/QRCode/QRCodeView.swift:41:38: error: 'UIView' is unavailable in watchOS
39 | }
40 |
41 | public override var contentMode: UIView.ContentMode {
| `- error: 'UIView' is unavailable in watchOS
42 | didSet {
43 | DispatchQueue.main.async { [unowned self] in
/Applications/Xcode-27.0.0-Release.Candidate.app/Contents/Developer/Platforms/WatchOS.platform/Developer/SDKs/WatchOS27.0.sdk/System/Library/Frameworks/UIKit.framework/Headers/UIView.h:152:12: note: 'UIView' has been explicitly marked unavailable here
150 |
151 | UIKIT_EXTERN API_AVAILABLE(ios(2.0)) API_UNAVAILABLE(watchos) NS_SWIFT_UI_ACTOR
152 | @interface UIView : UIResponder <NSCoding, UIAppearance, UIAppearanceContainer, UIDynamicItem, UITraitEnvironment, UICoordinateSpace, UIFocusItem, UIFocusItemContainer, CALayerDelegate>
| `- note: 'UIView' has been explicitly marked unavailable here
153 |
154 | @property(class, nonatomic, readonly) Class layerClass; // default is [CALayer class]. Used when creating the underlying layer for the view.
/Users/admin/builder/spi-builder-workspace/QRCode/QRCodeView.swift:51:32: error: 'UIImageView' is unavailable in watchOS
49 |
50 | private var cachedImage: UIImage?
51 | fileprivate let imageView: UIImageView!
| `- error: 'UIImageView' is unavailable in watchOS
52 |
53 | private static let defaultSizingBehavior: SizingBehavior = .hideWhenTooSmall
/Applications/Xcode-27.0.0-Release.Candidate.app/Contents/Developer/Platforms/WatchOS.platform/Developer/SDKs/WatchOS27.0.sdk/System/Library/Frameworks/UIKit.framework/Headers/UIImageView.h:21:12: note: 'UIImageView' has been explicitly marked unavailable here
19 |
20 | UIKIT_EXTERN API_AVAILABLE(ios(2.0)) API_UNAVAILABLE(watchos) NS_SWIFT_UI_ACTOR
21 | @interface UIImageView : UIView
| `- note: 'UIImageView' has been explicitly marked unavailable here
22 |
23 | - (instancetype)initWithImage:(nullable UIImage *)image;
/Users/admin/builder/spi-builder-workspace/QRCode/QRCodeView.swift:8:26: error: 'UIView' is unavailable in watchOS
6 | rotation, to ensure pixel-perfect display of the QR code.
7 | */
8 | public class QRCodeView: UIView {
| `- error: 'UIView' is unavailable in watchOS
9 | /**
10 | Specifies the view's behavior when the frame becomes smaller than the QR code would require to be displayed without
/Applications/Xcode-27.0.0-Release.Candidate.app/Contents/Developer/Platforms/WatchOS.platform/Developer/SDKs/WatchOS27.0.sdk/System/Library/Frameworks/UIKit.framework/Headers/UIView.h:152:12: note: 'UIView' has been explicitly marked unavailable here
150 |
151 | UIKIT_EXTERN API_AVAILABLE(ios(2.0)) API_UNAVAILABLE(watchos) NS_SWIFT_UI_ACTOR
152 | @interface UIView : UIResponder <NSCoding, UIAppearance, UIAppearanceContainer, UIDynamicItem, UITraitEnvironment, UICoordinateSpace, UIFocusItem, UIFocusItemContainer, CALayerDelegate>
| `- note: 'UIView' has been explicitly marked unavailable here
153 |
154 | @property(class, nonatomic, readonly) Class layerClass; // default is [CALayer class]. Used when creating the underlying layer for the view.
/Users/admin/builder/spi-builder-workspace/QRCode/QRCodeView.swift:118:81: error: 'UIView' is unavailable in watchOS
116 | }
117 |
118 | fileprivate func imageForCurrentSizingBehavior(bounds: CGRect, contentMode: UIView.ContentMode) -> UIImage? {
| `- error: 'UIView' is unavailable in watchOS
119 | guard let code = qrCode else { return nil }
120 |
/Applications/Xcode-27.0.0-Release.Candidate.app/Contents/Developer/Platforms/WatchOS.platform/Developer/SDKs/WatchOS27.0.sdk/System/Library/Frameworks/UIKit.framework/Headers/UIView.h:152:12: note: 'UIView' has been explicitly marked unavailable here
150 |
151 | UIKIT_EXTERN API_AVAILABLE(ios(2.0)) API_UNAVAILABLE(watchos) NS_SWIFT_UI_ACTOR
152 | @interface UIView : UIResponder <NSCoding, UIAppearance, UIAppearanceContainer, UIDynamicItem, UITraitEnvironment, UICoordinateSpace, UIFocusItem, UIFocusItemContainer, CALayerDelegate>
| `- note: 'UIView' has been explicitly marked unavailable here
153 |
154 | @property(class, nonatomic, readonly) Class layerClass; // default is [CALayer class]. Used when creating the underlying layer for the view.
Failed frontend command:
/Applications/Xcode-27.0.0-Release.Candidate.app/Contents/Developer/Toolchains/XcodeDefault.xctoolchain/usr/bin/swift-frontend -frontend -emit-module -experimental-skip-non-inlinable-function-bodies-without-types /Users/admin/builder/spi-builder-workspace/QRCode/QRCode.swift /Users/admin/builder/spi-builder-workspace/QRCode/QRCodeImageGenerator.swift /Users/admin/builder/spi-builder-workspace/QRCode/QRCodeView.swift -target arm64-apple-watchos9.0 -disable-cross-import-overlay-search -load-resolved-plugin /Applications/Xcode-27.0.0-Release.Candidate.app/Contents/Developer/Platforms/WatchOS.platform/Developer/usr/lib/swift/host/plugins/libFoundationMacros.dylib\#/Applications/Xcode-27.0.0-Release.Candidate.app/Contents/Developer/Platforms/WatchOS.platform/Developer/usr/bin/swift-plugin-server\#FoundationMacros -load-resolved-plugin /Applications/Xcode-27.0.0-Release.Candidate.app/Contents/Developer/Platforms/WatchOS.platform/Developer/usr/lib/swift/host/plugins/libObservationMacros.dylib\#/Applications/Xcode-27.0.0-Release.Candidate.app/Contents/Developer/Platforms/WatchOS.platform/Developer/usr/bin/swift-plugin-server\#ObservationMacros -load-resolved-plugin /Applications/Xcode-27.0.0-Release.Candidate.app/Contents/Developer/Platforms/WatchOS.platform/Developer/usr/lib/swift/host/plugins/libSwiftMacros.dylib\#/Applications/Xcode-27.0.0-Release.Candidate.app/Contents/Developer/Platforms/WatchOS.platform/Developer/usr/bin/swift-plugin-server\#SwiftMacros -load-resolved-plugin /Applications/Xcode-27.0.0-Release.Candidate.app/Contents/Developer/Platforms/WatchOS.platform/Developer/usr/lib/swift/host/plugins/libSwiftUIMacros.dylib\#/Applications/Xcode-27.0.0-Release.Candidate.app/Contents/Developer/Platforms/WatchOS.platform/Developer/usr/bin/swift-plugin-server\#SwiftUIMacros -disable-implicit-swift-modules -Xcc -fno-implicit-modules -Xcc -fno-implicit-module-maps -explicit-swift-module-map-file /Users/admin/builder/spi-builder-workspace/.derivedData/Build/Intermediates.noindex/QRCode.build/Debug-watchos/QRCode-t.build/Objects-normal/arm64/QRCode-dependencies-1.json -Xllvm -aarch64-use-tbi -enable-objc-interop -stack-check -sdk /Applications/Xcode-27.0.0-Release.Candidate.app/Contents/Developer/Platforms/WatchOS.platform/Developer/SDKs/WatchOS27.0.sdk -I /Users/admin/builder/spi-builder-workspace/.derivedData/Build/Products/Debug-watchos -Isystem /Applications/Xcode-27.0.0-Release.Candidate.app/Contents/Developer/Platforms/WatchOS.platform/Developer/usr/lib -F /Users/admin/builder/spi-builder-workspace/.derivedData/Build/Products/Debug-watchos -F /Applications/Xcode-27.0.0-Release.Candidate.app/Contents/Developer/Platforms/WatchOS.platform/Developer/Library/Frameworks -F /Applications/Xcode-27.0.0-Release.Candidate.app/Contents/Developer/Platforms/WatchOS.platform/Developer/SDKs/WatchOS27.0.sdk/Developer/Library/Frameworks -module-cache-path /Users/admin/builder/spi-builder-workspace/.derivedData/Build/Intermediates.noindex/SwiftExplicitPrecompiledModules -no-color-diagnostics -Xcc -fno-color-diagnostics -enable-testing -g -debug-info-format\=dwarf -dwarf-version\=4 -swift-version 5 -Onone -D SWIFT_PACKAGE -D DEBUG -D SWIFT_MODULE_RESOURCE_BUNDLE_UNAVAILABLE -D Xcode -serialize-debugging-options -enable-experimental-feature DebugDescriptionMacro -empty-abi-descriptor -validate-clang-modules-once -clang-build-session-file /Users/admin/builder/spi-builder-workspace/.derivedData/ModuleCache.noindex/Session.modulevalidation -Xcc -working-directory -Xcc /Users/admin/builder/spi-builder-workspace/.swiftpm/xcode -enable-anonymous-context-mangled-names -file-compilation-dir /Users/admin/builder/spi-builder-workspace/.swiftpm/xcode -Xcc -D_LIBCPP_HARDENING_MODE\=_LIBCPP_HARDENING_MODE_DEBUG -Xcc -ivfsstatcache -Xcc /Users/admin/builder/spi-builder-workspace/.derivedData/SDKStatCaches.noindex/watchos27.0-24R360-e829b21a6f8c9b70876ba0858053c04477534ef55a1706bf4c1112bbb242f0a2.sdkstatcache -Xcc -fmodules-prune-interval\=86400 -Xcc -fmodules-prune-after\=345600 -Xcc -I/Users/admin/builder/spi-builder-workspace/.derivedData/Build/Products/Debug-watchos/include -Xcc -I/Users/admin/builder/spi-builder-workspace/.derivedData/Build/Intermediates.noindex/QRCode.build/Debug-watchos/QRCode-t.build/DerivedSources-normal/arm64 -Xcc -I/Users/admin/builder/spi-builder-workspace/.derivedData/Build/Intermediates.noindex/QRCode.build/Debug-watchos/QRCode-t.build/DerivedSources/arm64 -Xcc -I/Users/admin/builder/spi-builder-workspace/.derivedData/Build/Intermediates.noindex/QRCode.build/Debug-watchos/QRCode-t.build/DerivedSources -Xcc -DSWIFT_PACKAGE -Xcc -DDEBUG\=1 -no-auto-bridging-header-chaining -module-name QRCode -const-gather-protocols-file /Users/admin/builder/spi-builder-workspace/.derivedData/Build/Intermediates.noindex/QRCode.build/Debug-watchos/QRCode-t.build/Objects-normal/arm64/QRCode_const_extract_protocols.json -disable-clang-spi -clang-target arm64-apple-watchos27.0 -target-sdk-version 27.0 -target-sdk-name watchos27.0 -in-process-plugin-server-path /Applications/Xcode-27.0.0-Release.Candidate.app/Contents/Developer/Toolchains/XcodeDefault.xctoolchain/usr/lib/swift/host/libSwiftInProcPluginServer.dylib -emit-module-doc-path /Users/admin/builder/spi-builder-workspace/.derivedData/Build/Intermediates.noindex/QRCode.build/Debug-watchos/QRCode-t.build/Objects-normal/arm64/QRCode.swiftdoc -emit-module-source-info-path /Users/admin/builder/spi-builder-workspace/.derivedData/Build/Intermediates.noindex/QRCode.build/Debug-watchos/QRCode-t.build/Objects-normal/arm64/QRCode.swiftsourceinfo -emit-objc-header-path /Users/admin/builder/spi-builder-workspace/.derivedData/Build/Intermediates.noindex/QRCode.build/Debug-watchos/QRCode-t.build/Objects-normal/arm64/QRCode-Swift.h -serialize-diagnostics-path /Users/admin/builder/spi-builder-workspace/.derivedData/Build/Intermediates.noindex/QRCode.build/Debug-watchos/QRCode-t.build/Objects-normal/arm64/QRCode-primary-emit-module.dia -emit-dependencies-path /Users/admin/builder/spi-builder-workspace/.derivedData/Build/Intermediates.noindex/QRCode.build/Debug-watchos/QRCode-t.build/Objects-normal/arm64/QRCode-primary-emit-module.d -parse-as-library -o /Users/admin/builder/spi-builder-workspace/.derivedData/Build/Intermediates.noindex/QRCode.build/Debug-watchos/QRCode-t.build/Objects-normal/arm64/QRCode.swiftmodule -emit-abi-descriptor-path /Users/admin/builder/spi-builder-workspace/.derivedData/Build/Intermediates.noindex/QRCode.build/Debug-watchos/QRCode-t.build/Objects-normal/arm64/QRCode.abi.json
SwiftCompile normal arm64 (in target 'QRCode' from project 'QRCode')
cd /Users/admin/builder/spi-builder-workspace/.swiftpm/xcode
PruneExplicitPrecompiledModules /Users/admin/builder/spi-builder-workspace/.derivedData/Build/Intermediates.noindex/SwiftExplicitPrecompiledModules
PruneExplicitPrecompiledModules /Users/admin/builder/spi-builder-workspace/.derivedData/SDKExplicitPrecompiledModules
PruneExplicitPrecompiledModules /Users/admin/builder/spi-builder-workspace/.derivedData/Build/Intermediates.noindex/ExplicitPrecompiledModules
2026-09-17 11:48:55.526 xcodebuild[825:4876] [MT] IDERunDestination: Supported platforms for the buildables in the current scheme is empty.
** BUILD FAILED **
The following build commands failed:
SwiftEmitModule normal arm64_32 Emitting\ module\ for\ QRCode (in target 'QRCode' from project 'QRCode')
SwiftCompile normal arm64_32 (in target 'QRCode' from project 'QRCode')
SwiftEmitModule normal arm64 Emitting\ module\ for\ QRCode (in target 'QRCode' from project 'QRCode')
SwiftCompile normal arm64 (in target 'QRCode' from project 'QRCode')
Building workspace QRCode with scheme QRCode
(5 failures)
BUILD FAILURE 6.4 watchOS