The Swift Package Index logo.Swift Package Index

Build Information

Failed to build sfera, reference 0.2.1 (236473), with Swift 6.2 for macOS (Xcode) using Xcode 26.3 on 17 Oct 2026 12:47:40 UTC.

Build Command

No build command. This typically means the build failed at an early stage where we determine the build command.

Build Log

========================================
RunAll
========================================
Builder version: 5.1.3
Interrupt handler set up.
========================================
Checkout
========================================
Clone URL: https://github.com/csanfilippo/sfera.git
Reference: 0.2.1
Initialized empty Git repository in /Users/admin/builder/spi-builder-workspace/.git/
From https://github.com/csanfilippo/sfera
 * tag               0.2.1      -> FETCH_HEAD
HEAD is now at 2364731 release 0.2.1
Cloned https://github.com/csanfilippo/sfera.git
Revision (git rev-parse @):
23647315e6125628770be332bf4801317e923425
SPI manifest file found: $PWD/.spi.yml
SUCCESS checkout https://github.com/csanfilippo/sfera.git at 0.2.1
========================================
Build
========================================
Selected platform:         macosXcodebuild
Swift version:             6.2
Building package at path:  $PWD
https://github.com/csanfilippo/sfera.git
Command line invocation:
    /Applications/Xcode-26.3.0.app/Contents/Developer/usr/bin/xcodebuild -IDEClonedSourcePackagesDirPathOverride=/Users/admin/builder/spi-builder-workspace/.dependencies -resolvePackageDependencies
Resolve Package Graph
package 'spi-builder-workspace' is using Swift tools version 6.4.0 but the installed version is 6.2.4
Resolved source packages:
  spi-builder-workspace: (null)
2026-10-17 08:47:39.298 xcodebuild[533:3035] Writing error result bundle to /var/folders/xq/y_g06wb113726d38xsyx71_h0000gn/T/ResultBundle_2026-17-10_08-47-0039.xcresult
xcodebuild: error: Could not resolve package dependencies:
  package 'spi-builder-workspace' is using Swift tools version 6.4.0 but the installed version is 6.2.4
Command line invocation:
    /Applications/Xcode-26.3.0.app/Contents/Developer/usr/bin/xcodebuild -IDEClonedSourcePackagesDirPathOverride=/Users/admin/builder/spi-builder-workspace/.dependencies -resolvePackageDependencies
Resolve Package Graph
package 'spi-builder-workspace' is using Swift tools version 6.4.0 but the installed version is 6.2.4
Resolved source packages:
  spi-builder-workspace: (null)
2026-10-17 08:47:40.183 xcodebuild[597:3581] Writing error result bundle to /var/folders/xq/y_g06wb113726d38xsyx71_h0000gn/T/ResultBundle_2026-17-10_08-47-0040.xcresult
xcodebuild: error: Could not resolve package dependencies:
  package 'spi-builder-workspace' is using Swift tools version 6.4.0 but the installed version is 6.2.4
BUILD FAILURE 6.2 macosXcodebuild