Build Information
Failed to build DockerProcess, reference master (b70b1c), with Swift 6.4 for watchOS using Xcode 27.0 on 17 Sep 2026 03:06:13 UTC.
Build Command
env DEVELOPER_DIR=/Applications/Xcode-27.0.0-Release.Candidate.app xcrun xcodebuild -IDEClonedSourcePackagesDirPathOverride=$PWD/.dependencies -skipMacroValidation -skipPackagePluginValidation -derivedDataPath $PWD/.derivedData build -scheme DockerProcess -destination generic/platform=watchOSBuild Log
========================================
RunAll
========================================
Builder version: 5.1.0
Interrupt handler set up.
========================================
Checkout
========================================
Clone URL: https://github.com/saltzmanjoelh/DockerProcess.git
Reference: master
Initialized empty Git repository in /Users/admin/builder/spi-builder-workspace/.git/
From https://github.com/saltzmanjoelh/DockerProcess
* branch master -> FETCH_HEAD
* [new branch] master -> origin/master
HEAD is now at b70b1ce Added static lib type
Cloned https://github.com/saltzmanjoelh/DockerProcess.git
Revision (git rev-parse @):
b70b1ce0197ce06fc8c7027e513d73b5f1ab6f0b
SUCCESS checkout https://github.com/saltzmanjoelh/DockerProcess.git at master
========================================
Build
========================================
Selected platform: watchOS
Swift version: 6.4
Building package at path: $PWD
https://github.com/saltzmanjoelh/DockerProcess.git
Command line invocation:
/Applications/Xcode-27.0.0-Release.Candidate.app/Contents/Developer/usr/bin/xcodebuild -IDEClonedSourcePackagesDirPathOverride=/Users/admin/builder/spi-builder-workspace/.dependencies -resolvePackageDependencies
Resolve Package Graph
Fetching from https://github.com/saltzmanjoelh/ProcessRunner.git
Creating working copy of package ‘ProcessRunner’
Checking out 1.0.11 of package ‘ProcessRunner’
Resolve Package Graph
Resolved source packages:
DockerProcess: /Users/admin/builder/spi-builder-workspace
ProcessRunner: https://github.com/saltzmanjoelh/ProcessRunner.git @ 1.0.11
resolved source packages: DockerProcess, ProcessRunner
2026-09-16 23:05:23.904 xcodebuild[529:3040] [MT] IDERunDestination: Supported platforms for the buildables in the current scheme is empty.
{
"dependencies" : [
{
"identity" : "processrunner",
"requirement" : {
"range" : [
{
"lower_bound" : "1.0.0",
"upper_bound" : "2.0.0"
}
]
},
"type" : "sourceControl",
"url" : "https://github.com/saltzmanjoelh/ProcessRunner.git"
}
],
"manifest_display_name" : "DockerProcess",
"name" : "DockerProcess",
"path" : "/Users/admin/builder/spi-builder-workspace",
"platforms" : [
],
"products" : [
{
"name" : "DockerProcess",
"targets" : [
"DockerProcess"
],
"type" : {
"library" : [
"static"
]
}
}
],
"targets" : [
{
"c99name" : "DockerProcessTests",
"module_type" : "SwiftTarget",
"name" : "DockerProcessTests",
"path" : "Tests/DockerProcessTests",
"product_dependencies" : [
"ProcessRunner"
],
"sources" : [
"DockerProcessTests.swift"
],
"target_dependencies" : [
"DockerProcess"
],
"type" : "test"
},
{
"c99name" : "DockerProcess",
"module_type" : "SwiftTarget",
"name" : "DockerProcess",
"path" : "Sources/DockerProcess",
"product_dependencies" : [
"ProcessRunner"
],
"product_memberships" : [
"DockerProcess"
],
"sources" : [
"DockerProcess.swift",
"DockerRunnable.swift"
],
"type" : "library"
}
],
"tools_version" : "4.1"
}
{
"workspace" : {
"name" : "DockerProcess",
"schemes" : [
"DockerProcess"
]
}
}
2026-09-16 23:06:05.245 xcodebuild[684:4315] [MT] IDERunDestination: Supported platforms for the buildables in the current scheme is empty.
Running build ...
env DEVELOPER_DIR=/Applications/Xcode-27.0.0-Release.Candidate.app xcrun xcodebuild -IDEClonedSourcePackagesDirPathOverride=$PWD/.dependencies -skipMacroValidation -skipPackagePluginValidation -derivedDataPath $PWD/.derivedData build -scheme DockerProcess -destination generic/platform=watchOS
Command line invocation:
/Applications/Xcode-27.0.0-Release.Candidate.app/Contents/Developer/usr/bin/xcodebuild -IDEClonedSourcePackagesDirPathOverride=/Users/admin/builder/spi-builder-workspace/.dependencies -skipMacroValidation -skipPackagePluginValidation -derivedDataPath /Users/admin/builder/spi-builder-workspace/.derivedData build -scheme DockerProcess -destination generic/platform=watchOS
Resolve Package Graph
Resolve Package Graph
Resolved source packages:
DockerProcess: /Users/admin/builder/spi-builder-workspace
ProcessRunner: https://github.com/saltzmanjoelh/ProcessRunner.git @ 1.0.11
ComputePackagePrebuildTargetDependencyGraph
Prepare packages
CreateBuildRequest
SendProjectDescription
CreateBuildOperation
ComputeTargetDependencyGraph
note: Building targets in dependency order
note: Target dependency graph (4 targets)
Target 'DockerProcess-product' in project 'DockerProcess'
➜ Explicit dependency on target 'DockerProcess' in project 'DockerProcess'
➜ Explicit dependency on target 'ProcessRunner-product' in project 'ProcessRunner'
Target 'DockerProcess' in project 'DockerProcess'
➜ Explicit dependency on target 'ProcessRunner-product' in project 'ProcessRunner'
Target 'ProcessRunner-product' in project 'ProcessRunner'
➜ Explicit dependency on target 'ProcessRunner' in project 'ProcessRunner'
Target 'ProcessRunner' in project 'ProcessRunner' (no dependencies)
GatherProvisioningInputs
CreateBuildDescription
ExecuteExternalTool /Applications/Xcode-27.0.0-Release.Candidate.app/Contents/Developer/Toolchains/XcodeDefault.xctoolchain/usr/bin/clang -v -E -dM -isysroot /Applications/Xcode-27.0.0-Release.Candidate.app/Contents/Developer/Platforms/WatchOS.platform/Developer/SDKs/WatchOS27.0.sdk -x c -c /dev/null
ExecuteExternalTool /Applications/Xcode-27.0.0-Release.Candidate.app/Contents/Developer/Toolchains/XcodeDefault.xctoolchain/usr/bin/swiftc --version
ExecuteExternalTool /Applications/Xcode-27.0.0-Release.Candidate.app/Contents/Developer/Toolchains/XcodeDefault.xctoolchain/usr/bin/ld -version_details
Build description signature: 1a11cbeb5e4a8eaba9ab4471764d31a1
Build description path: /Users/admin/builder/spi-builder-workspace/.derivedData/Build/Intermediates.noindex/XCBuildData/1a11cbeb5e4a8eaba9ab4471764d31a1.xcbuilddata
CreateBuildDirectory /Users/admin/builder/spi-builder-workspace/.derivedData/SDKExplicitPrecompiledModules
cd /Users/admin/builder/spi-builder-workspace/.swiftpm/xcode
builtin-create-build-directory /Users/admin/builder/spi-builder-workspace/.derivedData/SDKExplicitPrecompiledModules
CreateBuildDirectory /Users/admin/builder/spi-builder-workspace/.derivedData/ModuleCache.noindex
cd /Users/admin/builder/spi-builder-workspace/.swiftpm/xcode
builtin-create-build-directory /Users/admin/builder/spi-builder-workspace/.derivedData/ModuleCache.noindex
CreateBuildDirectory /Users/admin/builder/spi-builder-workspace/.derivedData/CompilationCache.noindex
cd /Users/admin/builder/spi-builder-workspace/.swiftpm/xcode
builtin-create-build-directory /Users/admin/builder/spi-builder-workspace/.derivedData/CompilationCache.noindex
CreateBuildDirectory /Users/admin/builder/spi-builder-workspace/.derivedData/Build/Products
cd /Users/admin/builder/spi-builder-workspace/.swiftpm/xcode
builtin-create-build-directory /Users/admin/builder/spi-builder-workspace/.derivedData/Build/Products
CreateBuildDirectory /Users/admin/builder/spi-builder-workspace/.derivedData/Build/Intermediates.noindex
cd /Users/admin/builder/spi-builder-workspace/.swiftpm/xcode
builtin-create-build-directory /Users/admin/builder/spi-builder-workspace/.derivedData/Build/Intermediates.noindex
ClangStatCache /Applications/Xcode-27.0.0-Release.Candidate.app/Contents/Developer/Toolchains/XcodeDefault.xctoolchain/usr/bin/clang-stat-cache /Applications/Xcode-27.0.0-Release.Candidate.app/Contents/Developer/Platforms/WatchOS.platform/Developer/SDKs/WatchOS27.0.sdk /Users/admin/builder/spi-builder-workspace/.derivedData/SDKStatCaches.noindex/watchos27.0-24R360-e829b21a6f8c9b70876ba0858053c04477534ef55a1706bf4c1112bbb242f0a2.sdkstatcache
cd /Users/admin/builder/spi-builder-workspace/.swiftpm/xcode
/Applications/Xcode-27.0.0-Release.Candidate.app/Contents/Developer/Toolchains/XcodeDefault.xctoolchain/usr/bin/clang-stat-cache /Applications/Xcode-27.0.0-Release.Candidate.app/Contents/Developer/Platforms/WatchOS.platform/Developer/SDKs/WatchOS27.0.sdk -o /Users/admin/builder/spi-builder-workspace/.derivedData/SDKStatCaches.noindex/watchos27.0-24R360-e829b21a6f8c9b70876ba0858053c04477534ef55a1706bf4c1112bbb242f0a2.sdkstatcache
CreateBuildDirectory /Users/admin/builder/spi-builder-workspace/.derivedData/Build/Intermediates.noindex/SwiftExplicitPrecompiledModules
cd /Users/admin/builder/spi-builder-workspace/.swiftpm/xcode
builtin-create-build-directory /Users/admin/builder/spi-builder-workspace/.derivedData/Build/Intermediates.noindex/SwiftExplicitPrecompiledModules
CreateBuildDirectory /Users/admin/builder/spi-builder-workspace/.derivedData/Build/Intermediates.noindex/ExplicitPrecompiledModules
cd /Users/admin/builder/spi-builder-workspace/.swiftpm/xcode
builtin-create-build-directory /Users/admin/builder/spi-builder-workspace/.derivedData/Build/Intermediates.noindex/ExplicitPrecompiledModules
CreateBuildDirectory /Users/admin/builder/spi-builder-workspace/.derivedData/Build/Products/Debug-watchos
cd /Users/admin/builder/spi-builder-workspace/.swiftpm/xcode
builtin-create-build-directory /Users/admin/builder/spi-builder-workspace/.derivedData/Build/Products/Debug-watchos
CreateBuildDirectory /Users/admin/builder/spi-builder-workspace/.derivedData/Build/Intermediates.noindex/PrecompiledHeaders
cd /Users/admin/builder/spi-builder-workspace/.swiftpm/xcode
builtin-create-build-directory /Users/admin/builder/spi-builder-workspace/.derivedData/Build/Intermediates.noindex/PrecompiledHeaders
CreateBuildDirectory /Users/admin/builder/spi-builder-workspace/.derivedData/Build/Intermediates.noindex/EagerLinkingTBDs/Debug-watchos
cd /Users/admin/builder/spi-builder-workspace/.swiftpm/xcode
builtin-create-build-directory /Users/admin/builder/spi-builder-workspace/.derivedData/Build/Intermediates.noindex/EagerLinkingTBDs/Debug-watchos
CreateBuildDirectory /Users/admin/builder/spi-builder-workspace/.derivedData/Build/Products/Debug-watchos/PackageFrameworks
cd /Users/admin/builder/spi-builder-workspace/.swiftpm/xcode
builtin-create-build-directory /Users/admin/builder/spi-builder-workspace/.derivedData/Build/Products/Debug-watchos/PackageFrameworks
WriteAuxiliaryFile /Users/admin/builder/spi-builder-workspace/.derivedData/Build/Intermediates.noindex/ProcessRunner.build/Debug-watchos/ProcessRunner-t.build/ProcessRunner.modulemap (in target 'ProcessRunner' from project 'ProcessRunner')
cd /Users/admin/builder/spi-builder-workspace/.dependencies/checkouts/ProcessRunner
write-file /Users/admin/builder/spi-builder-workspace/.derivedData/Build/Intermediates.noindex/ProcessRunner.build/Debug-watchos/ProcessRunner-t.build/ProcessRunner.modulemap
WriteAuxiliaryFile /Users/admin/builder/spi-builder-workspace/.derivedData/Build/Intermediates.noindex/ProcessRunner.build/Debug-watchos/ProcessRunner-t.build/ProcessRunner.DependencyStaticMetadataFileList (in target 'ProcessRunner' from project 'ProcessRunner')
cd /Users/admin/builder/spi-builder-workspace/.dependencies/checkouts/ProcessRunner
write-file /Users/admin/builder/spi-builder-workspace/.derivedData/Build/Intermediates.noindex/ProcessRunner.build/Debug-watchos/ProcessRunner-t.build/ProcessRunner.DependencyStaticMetadataFileList
WriteAuxiliaryFile /Users/admin/builder/spi-builder-workspace/.derivedData/Build/Intermediates.noindex/ProcessRunner.build/Debug-watchos/ProcessRunner-t.build/Objects-normal/arm64_32/ProcessRunner.LinkFileList (in target 'ProcessRunner' from project 'ProcessRunner')
cd /Users/admin/builder/spi-builder-workspace/.dependencies/checkouts/ProcessRunner
write-file /Users/admin/builder/spi-builder-workspace/.derivedData/Build/Intermediates.noindex/ProcessRunner.build/Debug-watchos/ProcessRunner-t.build/Objects-normal/arm64_32/ProcessRunner.LinkFileList
WriteAuxiliaryFile /Users/admin/builder/spi-builder-workspace/.derivedData/Build/Intermediates.noindex/ProcessRunner.build/Debug-watchos/ProcessRunner-t.build/Objects-normal/arm64_32/ProcessRunner.SwiftFileList (in target 'ProcessRunner' from project 'ProcessRunner')
cd /Users/admin/builder/spi-builder-workspace/.dependencies/checkouts/ProcessRunner
write-file /Users/admin/builder/spi-builder-workspace/.derivedData/Build/Intermediates.noindex/ProcessRunner.build/Debug-watchos/ProcessRunner-t.build/Objects-normal/arm64_32/ProcessRunner.SwiftFileList
WriteAuxiliaryFile /Users/admin/builder/spi-builder-workspace/.derivedData/Build/Intermediates.noindex/ProcessRunner.build/Debug-watchos/ProcessRunner-t.build/Objects-normal/arm64_32/ProcessRunner_const_extract_protocols.json (in target 'ProcessRunner' from project 'ProcessRunner')
cd /Users/admin/builder/spi-builder-workspace/.dependencies/checkouts/ProcessRunner
write-file /Users/admin/builder/spi-builder-workspace/.derivedData/Build/Intermediates.noindex/ProcessRunner.build/Debug-watchos/ProcessRunner-t.build/Objects-normal/arm64_32/ProcessRunner_const_extract_protocols.json
WriteAuxiliaryFile /Users/admin/builder/spi-builder-workspace/.derivedData/Build/Intermediates.noindex/ProcessRunner.build/Debug-watchos/ProcessRunner-t.build/Objects-normal/arm64_32/ProcessRunner.SwiftConstValuesFileList (in target 'ProcessRunner' from project 'ProcessRunner')
cd /Users/admin/builder/spi-builder-workspace/.dependencies/checkouts/ProcessRunner
write-file /Users/admin/builder/spi-builder-workspace/.derivedData/Build/Intermediates.noindex/ProcessRunner.build/Debug-watchos/ProcessRunner-t.build/Objects-normal/arm64_32/ProcessRunner.SwiftConstValuesFileList
WriteAuxiliaryFile /Users/admin/builder/spi-builder-workspace/.derivedData/Build/Intermediates.noindex/ProcessRunner.build/Debug-watchos/ProcessRunner-t.build/Objects-normal/arm64/ProcessRunner_const_extract_protocols.json (in target 'ProcessRunner' from project 'ProcessRunner')
cd /Users/admin/builder/spi-builder-workspace/.dependencies/checkouts/ProcessRunner
write-file /Users/admin/builder/spi-builder-workspace/.derivedData/Build/Intermediates.noindex/ProcessRunner.build/Debug-watchos/ProcessRunner-t.build/Objects-normal/arm64/ProcessRunner_const_extract_protocols.json
WriteAuxiliaryFile /Users/admin/builder/spi-builder-workspace/.derivedData/Build/Intermediates.noindex/ProcessRunner.build/Debug-watchos/ProcessRunner-t.build/Objects-normal/arm64_32/ProcessRunner-OutputFileMap.json (in target 'ProcessRunner' from project 'ProcessRunner')
cd /Users/admin/builder/spi-builder-workspace/.dependencies/checkouts/ProcessRunner
write-file /Users/admin/builder/spi-builder-workspace/.derivedData/Build/Intermediates.noindex/ProcessRunner.build/Debug-watchos/ProcessRunner-t.build/Objects-normal/arm64_32/ProcessRunner-OutputFileMap.json
WriteAuxiliaryFile /Users/admin/builder/spi-builder-workspace/.derivedData/Build/Intermediates.noindex/ProcessRunner.build/Debug-watchos/ProcessRunner-t.build/ProcessRunner.DependencyMetadataFileList (in target 'ProcessRunner' from project 'ProcessRunner')
cd /Users/admin/builder/spi-builder-workspace/.dependencies/checkouts/ProcessRunner
write-file /Users/admin/builder/spi-builder-workspace/.derivedData/Build/Intermediates.noindex/ProcessRunner.build/Debug-watchos/ProcessRunner-t.build/ProcessRunner.DependencyMetadataFileList
WriteAuxiliaryFile /Users/admin/builder/spi-builder-workspace/.derivedData/Build/Intermediates.noindex/ProcessRunner.build/Debug-watchos/ProcessRunner-t.build/Objects-normal/arm64/ProcessRunner.SwiftFileList (in target 'ProcessRunner' from project 'ProcessRunner')
cd /Users/admin/builder/spi-builder-workspace/.dependencies/checkouts/ProcessRunner
write-file /Users/admin/builder/spi-builder-workspace/.derivedData/Build/Intermediates.noindex/ProcessRunner.build/Debug-watchos/ProcessRunner-t.build/Objects-normal/arm64/ProcessRunner.SwiftFileList
WriteAuxiliaryFile /Users/admin/builder/spi-builder-workspace/.derivedData/Build/Intermediates.noindex/ProcessRunner.build/Debug-watchos/ProcessRunner-t.build/Objects-normal/arm64/ProcessRunner.SwiftConstValuesFileList (in target 'ProcessRunner' from project 'ProcessRunner')
cd /Users/admin/builder/spi-builder-workspace/.dependencies/checkouts/ProcessRunner
write-file /Users/admin/builder/spi-builder-workspace/.derivedData/Build/Intermediates.noindex/ProcessRunner.build/Debug-watchos/ProcessRunner-t.build/Objects-normal/arm64/ProcessRunner.SwiftConstValuesFileList
WriteAuxiliaryFile /Users/admin/builder/spi-builder-workspace/.derivedData/Build/Intermediates.noindex/ProcessRunner.build/Debug-watchos/ProcessRunner-t.build/Objects-normal/arm64/ProcessRunner.LinkFileList (in target 'ProcessRunner' from project 'ProcessRunner')
cd /Users/admin/builder/spi-builder-workspace/.dependencies/checkouts/ProcessRunner
write-file /Users/admin/builder/spi-builder-workspace/.derivedData/Build/Intermediates.noindex/ProcessRunner.build/Debug-watchos/ProcessRunner-t.build/Objects-normal/arm64/ProcessRunner.LinkFileList
WriteAuxiliaryFile /Users/admin/builder/spi-builder-workspace/.derivedData/Build/Intermediates.noindex/ProcessRunner.build/Debug-watchos/ProcessRunner-t.build/Objects-normal/arm64/ProcessRunner-OutputFileMap.json (in target 'ProcessRunner' from project 'ProcessRunner')
cd /Users/admin/builder/spi-builder-workspace/.dependencies/checkouts/ProcessRunner
write-file /Users/admin/builder/spi-builder-workspace/.derivedData/Build/Intermediates.noindex/ProcessRunner.build/Debug-watchos/ProcessRunner-t.build/Objects-normal/arm64/ProcessRunner-OutputFileMap.json
Copy /Users/admin/builder/spi-builder-workspace/.derivedData/Build/Intermediates.noindex/GeneratedModuleMaps-watchos/ProcessRunner.modulemap /Users/admin/builder/spi-builder-workspace/.derivedData/Build/Intermediates.noindex/ProcessRunner.build/Debug-watchos/ProcessRunner-t.build/ProcessRunner.modulemap (in target 'ProcessRunner' from project 'ProcessRunner')
cd /Users/admin/builder/spi-builder-workspace/.dependencies/checkouts/ProcessRunner
builtin-copy -exclude .DS_Store -exclude CVS -exclude .svn -exclude .git -exclude .hg -resolve-src-symlinks /Users/admin/builder/spi-builder-workspace/.derivedData/Build/Intermediates.noindex/ProcessRunner.build/Debug-watchos/ProcessRunner-t.build/ProcessRunner.modulemap /Users/admin/builder/spi-builder-workspace/.derivedData/Build/Intermediates.noindex/GeneratedModuleMaps-watchos
WriteAuxiliaryFile /Users/admin/builder/spi-builder-workspace/.derivedData/Build/Intermediates.noindex/DockerProcess.build/Debug-watchos/DockerProcess-t.build/Objects-normal/arm64_32/DockerProcess.SwiftFileList (in target 'DockerProcess' from project 'DockerProcess')
cd /Users/admin/builder/spi-builder-workspace
write-file /Users/admin/builder/spi-builder-workspace/.derivedData/Build/Intermediates.noindex/DockerProcess.build/Debug-watchos/DockerProcess-t.build/Objects-normal/arm64_32/DockerProcess.SwiftFileList
WriteAuxiliaryFile /Users/admin/builder/spi-builder-workspace/.derivedData/Build/Intermediates.noindex/DockerProcess.build/Debug-watchos/DockerProcess-t.build/Objects-normal/arm64_32/DockerProcess_const_extract_protocols.json (in target 'DockerProcess' from project 'DockerProcess')
cd /Users/admin/builder/spi-builder-workspace
write-file /Users/admin/builder/spi-builder-workspace/.derivedData/Build/Intermediates.noindex/DockerProcess.build/Debug-watchos/DockerProcess-t.build/Objects-normal/arm64_32/DockerProcess_const_extract_protocols.json
WriteAuxiliaryFile /Users/admin/builder/spi-builder-workspace/.derivedData/Build/Intermediates.noindex/DockerProcess.build/Debug-watchos/DockerProcess-t.build/Objects-normal/arm64_32/DockerProcess-OutputFileMap.json (in target 'DockerProcess' from project 'DockerProcess')
cd /Users/admin/builder/spi-builder-workspace
write-file /Users/admin/builder/spi-builder-workspace/.derivedData/Build/Intermediates.noindex/DockerProcess.build/Debug-watchos/DockerProcess-t.build/Objects-normal/arm64_32/DockerProcess-OutputFileMap.json
WriteAuxiliaryFile /Users/admin/builder/spi-builder-workspace/.derivedData/Build/Intermediates.noindex/DockerProcess.build/Debug-watchos/DockerProcess-t.build/Objects-normal/arm64_32/DockerProcess.SwiftConstValuesFileList (in target 'DockerProcess' from project 'DockerProcess')
cd /Users/admin/builder/spi-builder-workspace
write-file /Users/admin/builder/spi-builder-workspace/.derivedData/Build/Intermediates.noindex/DockerProcess.build/Debug-watchos/DockerProcess-t.build/Objects-normal/arm64_32/DockerProcess.SwiftConstValuesFileList
WriteAuxiliaryFile /Users/admin/builder/spi-builder-workspace/.derivedData/Build/Intermediates.noindex/DockerProcess.build/Debug-watchos/DockerProcess-t.build/Objects-normal/arm64_32/DockerProcess.LinkFileList (in target 'DockerProcess' from project 'DockerProcess')
cd /Users/admin/builder/spi-builder-workspace
write-file /Users/admin/builder/spi-builder-workspace/.derivedData/Build/Intermediates.noindex/DockerProcess.build/Debug-watchos/DockerProcess-t.build/Objects-normal/arm64_32/DockerProcess.LinkFileList
WriteAuxiliaryFile /Users/admin/builder/spi-builder-workspace/.derivedData/Build/Intermediates.noindex/DockerProcess.build/Debug-watchos/DockerProcess-t.build/Objects-normal/arm64/DockerProcess.SwiftFileList (in target 'DockerProcess' from project 'DockerProcess')
cd /Users/admin/builder/spi-builder-workspace
write-file /Users/admin/builder/spi-builder-workspace/.derivedData/Build/Intermediates.noindex/DockerProcess.build/Debug-watchos/DockerProcess-t.build/Objects-normal/arm64/DockerProcess.SwiftFileList
WriteAuxiliaryFile /Users/admin/builder/spi-builder-workspace/.derivedData/Build/Intermediates.noindex/DockerProcess.build/Debug-watchos/DockerProcess-t.build/Objects-normal/arm64/DockerProcess_const_extract_protocols.json (in target 'DockerProcess' from project 'DockerProcess')
cd /Users/admin/builder/spi-builder-workspace
write-file /Users/admin/builder/spi-builder-workspace/.derivedData/Build/Intermediates.noindex/DockerProcess.build/Debug-watchos/DockerProcess-t.build/Objects-normal/arm64/DockerProcess_const_extract_protocols.json
WriteAuxiliaryFile /Users/admin/builder/spi-builder-workspace/.derivedData/Build/Intermediates.noindex/DockerProcess.build/Debug-watchos/DockerProcess-t.build/Objects-normal/arm64/DockerProcess.SwiftConstValuesFileList (in target 'DockerProcess' from project 'DockerProcess')
cd /Users/admin/builder/spi-builder-workspace
write-file /Users/admin/builder/spi-builder-workspace/.derivedData/Build/Intermediates.noindex/DockerProcess.build/Debug-watchos/DockerProcess-t.build/Objects-normal/arm64/DockerProcess.SwiftConstValuesFileList
WriteAuxiliaryFile /Users/admin/builder/spi-builder-workspace/.derivedData/Build/Intermediates.noindex/DockerProcess.build/Debug-watchos/DockerProcess-t.build/Objects-normal/arm64/DockerProcess.LinkFileList (in target 'DockerProcess' from project 'DockerProcess')
cd /Users/admin/builder/spi-builder-workspace
write-file /Users/admin/builder/spi-builder-workspace/.derivedData/Build/Intermediates.noindex/DockerProcess.build/Debug-watchos/DockerProcess-t.build/Objects-normal/arm64/DockerProcess.LinkFileList
WriteAuxiliaryFile /Users/admin/builder/spi-builder-workspace/.derivedData/Build/Intermediates.noindex/DockerProcess.build/Debug-watchos/DockerProcess-t.build/DockerProcess.modulemap (in target 'DockerProcess' from project 'DockerProcess')
cd /Users/admin/builder/spi-builder-workspace
write-file /Users/admin/builder/spi-builder-workspace/.derivedData/Build/Intermediates.noindex/DockerProcess.build/Debug-watchos/DockerProcess-t.build/DockerProcess.modulemap
WriteAuxiliaryFile /Users/admin/builder/spi-builder-workspace/.derivedData/Build/Intermediates.noindex/DockerProcess.build/Debug-watchos/DockerProcess-t.build/Objects-normal/arm64/DockerProcess-OutputFileMap.json (in target 'DockerProcess' from project 'DockerProcess')
cd /Users/admin/builder/spi-builder-workspace
write-file /Users/admin/builder/spi-builder-workspace/.derivedData/Build/Intermediates.noindex/DockerProcess.build/Debug-watchos/DockerProcess-t.build/Objects-normal/arm64/DockerProcess-OutputFileMap.json
WriteAuxiliaryFile /Users/admin/builder/spi-builder-workspace/.derivedData/Build/Intermediates.noindex/DockerProcess.build/Debug-watchos/DockerProcess-t.build/DockerProcess.DependencyStaticMetadataFileList (in target 'DockerProcess' from project 'DockerProcess')
cd /Users/admin/builder/spi-builder-workspace
write-file /Users/admin/builder/spi-builder-workspace/.derivedData/Build/Intermediates.noindex/DockerProcess.build/Debug-watchos/DockerProcess-t.build/DockerProcess.DependencyStaticMetadataFileList
WriteAuxiliaryFile /Users/admin/builder/spi-builder-workspace/.derivedData/Build/Intermediates.noindex/DockerProcess.build/Debug-watchos/DockerProcess-t.build/DockerProcess.DependencyMetadataFileList (in target 'DockerProcess' from project 'DockerProcess')
cd /Users/admin/builder/spi-builder-workspace
write-file /Users/admin/builder/spi-builder-workspace/.derivedData/Build/Intermediates.noindex/DockerProcess.build/Debug-watchos/DockerProcess-t.build/DockerProcess.DependencyMetadataFileList
Copy /Users/admin/builder/spi-builder-workspace/.derivedData/Build/Intermediates.noindex/GeneratedModuleMaps-watchos/DockerProcess.modulemap /Users/admin/builder/spi-builder-workspace/.derivedData/Build/Intermediates.noindex/DockerProcess.build/Debug-watchos/DockerProcess-t.build/DockerProcess.modulemap (in target 'DockerProcess' from project 'DockerProcess')
cd /Users/admin/builder/spi-builder-workspace
builtin-copy -exclude .DS_Store -exclude CVS -exclude .svn -exclude .git -exclude .hg -resolve-src-symlinks /Users/admin/builder/spi-builder-workspace/.derivedData/Build/Intermediates.noindex/DockerProcess.build/Debug-watchos/DockerProcess-t.build/DockerProcess.modulemap /Users/admin/builder/spi-builder-workspace/.derivedData/Build/Intermediates.noindex/GeneratedModuleMaps-watchos
SwiftDriver ProcessRunner normal arm64_32 com.apple.xcode.tools.swift.compiler (in target 'ProcessRunner' from project 'ProcessRunner')
cd /Users/admin/builder/spi-builder-workspace/.swiftpm/xcode
builtin-SwiftDriver -- /Applications/Xcode-27.0.0-Release.Candidate.app/Contents/Developer/Toolchains/XcodeDefault.xctoolchain/usr/bin/swiftc -parse-as-library -module-name ProcessRunner -Onone @/Users/admin/builder/spi-builder-workspace/.derivedData/Build/Intermediates.noindex/ProcessRunner.build/Debug-watchos/ProcessRunner-t.build/Objects-normal/arm64_32/ProcessRunner.SwiftFileList -DSWIFT_PACKAGE -DDEBUG -DSWIFT_MODULE_RESOURCE_BUNDLE_UNAVAILABLE -DXcode -plugin-path /Applications/Xcode-27.0.0-Release.Candidate.app/Contents/Developer/Toolchains/XcodeDefault.xctoolchain/usr/lib/swift/host/plugins/testing -enable-experimental-feature DebugDescriptionMacro -sdk /Applications/Xcode-27.0.0-Release.Candidate.app/Contents/Developer/Platforms/WatchOS.platform/Developer/SDKs/WatchOS27.0.sdk -target arm64_32-apple-watchos9.0 -g -module-cache-path /Users/admin/builder/spi-builder-workspace/.derivedData/ModuleCache.noindex -Xfrontend -serialize-debugging-options -profile-coverage-mapping -profile-generate -enable-testing -suppress-warnings -index-store-path /Users/admin/builder/spi-builder-workspace/.derivedData/Index.noindex/DataStore -Xcc -D_LIBCPP_HARDENING_MODE\=_LIBCPP_HARDENING_MODE_DEBUG -swift-version 4 -I /Users/admin/builder/spi-builder-workspace/.derivedData/Build/Products/Debug-watchos -Isystem /Applications/Xcode-27.0.0-Release.Candidate.app/Contents/Developer/Platforms/WatchOS.platform/Developer/usr/lib -F /Users/admin/builder/spi-builder-workspace/.derivedData/Build/Products/Debug-watchos -F /Applications/Xcode-27.0.0-Release.Candidate.app/Contents/Developer/Platforms/WatchOS.platform/Developer/Library/Frameworks -F /Applications/Xcode-27.0.0-Release.Candidate.app/Contents/Developer/Platforms/WatchOS.platform/Developer/SDKs/WatchOS27.0.sdk/Developer/Library/Frameworks -c -j10 -enable-batch-mode -incremental -Xcc -ivfsstatcache -Xcc /Users/admin/builder/spi-builder-workspace/.derivedData/SDKStatCaches.noindex/watchos27.0-24R360-e829b21a6f8c9b70876ba0858053c04477534ef55a1706bf4c1112bbb242f0a2.sdkstatcache -output-file-map /Users/admin/builder/spi-builder-workspace/.derivedData/Build/Intermediates.noindex/ProcessRunner.build/Debug-watchos/ProcessRunner-t.build/Objects-normal/arm64_32/ProcessRunner-OutputFileMap.json -save-temps -no-color-diagnostics -emit-dependencies -emit-module -emit-module-path /Users/admin/builder/spi-builder-workspace/.derivedData/Build/Intermediates.noindex/ProcessRunner.build/Debug-watchos/ProcessRunner-t.build/Objects-normal/arm64_32/ProcessRunner.swiftmodule -serialize-diagnostics -validate-clang-modules-once -clang-build-session-file /Users/admin/builder/spi-builder-workspace/.derivedData/ModuleCache.noindex/Session.modulevalidation -Xcc -fmodules-prune-interval\=86400 -Xcc -fmodules-prune-after\=345600 -emit-const-values -const-gather-protocols-list /Users/admin/builder/spi-builder-workspace/.derivedData/Build/Intermediates.noindex/ProcessRunner.build/Debug-watchos/ProcessRunner-t.build/Objects-normal/arm64_32/ProcessRunner_const_extract_protocols.json -Xcc -I/Users/admin/builder/spi-builder-workspace/.derivedData/Build/Products/Debug-watchos/include -Xcc -I/Users/admin/builder/spi-builder-workspace/.derivedData/Build/Intermediates.noindex/ProcessRunner.build/Debug-watchos/ProcessRunner-t.build/DerivedSources-normal/arm64_32 -Xcc -I/Users/admin/builder/spi-builder-workspace/.derivedData/Build/Intermediates.noindex/ProcessRunner.build/Debug-watchos/ProcessRunner-t.build/DerivedSources/arm64_32 -Xcc -I/Users/admin/builder/spi-builder-workspace/.derivedData/Build/Intermediates.noindex/ProcessRunner.build/Debug-watchos/ProcessRunner-t.build/DerivedSources -Xcc -DSWIFT_PACKAGE -Xcc -DDEBUG\=1 -emit-objc-header -emit-objc-header-path /Users/admin/builder/spi-builder-workspace/.derivedData/Build/Intermediates.noindex/ProcessRunner.build/Debug-watchos/ProcessRunner-t.build/Objects-normal/arm64_32/ProcessRunner-Swift.h -working-directory /Users/admin/builder/spi-builder-workspace/.swiftpm/xcode -experimental-emit-module-separately -disable-cmo
SwiftDriver ProcessRunner normal arm64 com.apple.xcode.tools.swift.compiler (in target 'ProcessRunner' from project 'ProcessRunner')
cd /Users/admin/builder/spi-builder-workspace/.swiftpm/xcode
builtin-SwiftDriver -- /Applications/Xcode-27.0.0-Release.Candidate.app/Contents/Developer/Toolchains/XcodeDefault.xctoolchain/usr/bin/swiftc -parse-as-library -module-name ProcessRunner -Onone @/Users/admin/builder/spi-builder-workspace/.derivedData/Build/Intermediates.noindex/ProcessRunner.build/Debug-watchos/ProcessRunner-t.build/Objects-normal/arm64/ProcessRunner.SwiftFileList -DSWIFT_PACKAGE -DDEBUG -DSWIFT_MODULE_RESOURCE_BUNDLE_UNAVAILABLE -DXcode -plugin-path /Applications/Xcode-27.0.0-Release.Candidate.app/Contents/Developer/Toolchains/XcodeDefault.xctoolchain/usr/lib/swift/host/plugins/testing -enable-experimental-feature DebugDescriptionMacro -sdk /Applications/Xcode-27.0.0-Release.Candidate.app/Contents/Developer/Platforms/WatchOS.platform/Developer/SDKs/WatchOS27.0.sdk -target arm64-apple-watchos9.0 -g -module-cache-path /Users/admin/builder/spi-builder-workspace/.derivedData/ModuleCache.noindex -Xfrontend -serialize-debugging-options -profile-coverage-mapping -profile-generate -enable-testing -suppress-warnings -index-store-path /Users/admin/builder/spi-builder-workspace/.derivedData/Index.noindex/DataStore -Xcc -D_LIBCPP_HARDENING_MODE\=_LIBCPP_HARDENING_MODE_DEBUG -swift-version 4 -I /Users/admin/builder/spi-builder-workspace/.derivedData/Build/Products/Debug-watchos -Isystem /Applications/Xcode-27.0.0-Release.Candidate.app/Contents/Developer/Platforms/WatchOS.platform/Developer/usr/lib -F /Users/admin/builder/spi-builder-workspace/.derivedData/Build/Products/Debug-watchos -F /Applications/Xcode-27.0.0-Release.Candidate.app/Contents/Developer/Platforms/WatchOS.platform/Developer/Library/Frameworks -F /Applications/Xcode-27.0.0-Release.Candidate.app/Contents/Developer/Platforms/WatchOS.platform/Developer/SDKs/WatchOS27.0.sdk/Developer/Library/Frameworks -c -j10 -enable-batch-mode -incremental -Xcc -ivfsstatcache -Xcc /Users/admin/builder/spi-builder-workspace/.derivedData/SDKStatCaches.noindex/watchos27.0-24R360-e829b21a6f8c9b70876ba0858053c04477534ef55a1706bf4c1112bbb242f0a2.sdkstatcache -output-file-map /Users/admin/builder/spi-builder-workspace/.derivedData/Build/Intermediates.noindex/ProcessRunner.build/Debug-watchos/ProcessRunner-t.build/Objects-normal/arm64/ProcessRunner-OutputFileMap.json -save-temps -no-color-diagnostics -emit-dependencies -emit-module -emit-module-path /Users/admin/builder/spi-builder-workspace/.derivedData/Build/Intermediates.noindex/ProcessRunner.build/Debug-watchos/ProcessRunner-t.build/Objects-normal/arm64/ProcessRunner.swiftmodule -serialize-diagnostics -validate-clang-modules-once -clang-build-session-file /Users/admin/builder/spi-builder-workspace/.derivedData/ModuleCache.noindex/Session.modulevalidation -Xcc -fmodules-prune-interval\=86400 -Xcc -fmodules-prune-after\=345600 -emit-const-values -const-gather-protocols-list /Users/admin/builder/spi-builder-workspace/.derivedData/Build/Intermediates.noindex/ProcessRunner.build/Debug-watchos/ProcessRunner-t.build/Objects-normal/arm64/ProcessRunner_const_extract_protocols.json -Xcc -I/Users/admin/builder/spi-builder-workspace/.derivedData/Build/Products/Debug-watchos/include -Xcc -I/Users/admin/builder/spi-builder-workspace/.derivedData/Build/Intermediates.noindex/ProcessRunner.build/Debug-watchos/ProcessRunner-t.build/DerivedSources-normal/arm64 -Xcc -I/Users/admin/builder/spi-builder-workspace/.derivedData/Build/Intermediates.noindex/ProcessRunner.build/Debug-watchos/ProcessRunner-t.build/DerivedSources/arm64 -Xcc -I/Users/admin/builder/spi-builder-workspace/.derivedData/Build/Intermediates.noindex/ProcessRunner.build/Debug-watchos/ProcessRunner-t.build/DerivedSources -Xcc -DSWIFT_PACKAGE -Xcc -DDEBUG\=1 -emit-objc-header -emit-objc-header-path /Users/admin/builder/spi-builder-workspace/.derivedData/Build/Intermediates.noindex/ProcessRunner.build/Debug-watchos/ProcessRunner-t.build/Objects-normal/arm64/ProcessRunner-Swift.h -working-directory /Users/admin/builder/spi-builder-workspace/.swiftpm/xcode -experimental-emit-module-separately -disable-cmo
SwiftEmitModule normal arm64_32 Emitting\ module\ for\ ProcessRunner (in target 'ProcessRunner' from project 'ProcessRunner')
SwiftCompile normal arm64_32 (in target 'ProcessRunner' from project 'ProcessRunner')
cd /Users/admin/builder/spi-builder-workspace/.swiftpm/xcode
SwiftEmitModule normal arm64 Emitting\ module\ for\ ProcessRunner (in target 'ProcessRunner' from project 'ProcessRunner')
/Users/admin/builder/spi-builder-workspace/.dependencies/checkouts/ProcessRunner/Sources/ProcessRunner/ProcessRunner.swift:47:34: error: cannot find type 'Process' in scope
45 |
46 |
47 | public let executingProcess: Process
| `- error: cannot find type 'Process' in scope
48 | public let stdOutPipe: Pipe
49 | public let stdErrPipe: Pipe
Failed frontend command:
/Applications/Xcode-27.0.0-Release.Candidate.app/Contents/Developer/Toolchains/XcodeDefault.xctoolchain/usr/bin/swift-frontend -frontend -emit-module -experimental-skip-non-inlinable-function-bodies-without-types /Users/admin/builder/spi-builder-workspace/.dependencies/checkouts/ProcessRunner/Sources/ProcessRunner/ProcessRunner.swift -target arm64-apple-watchos9.0 -Xllvm -aarch64-use-tbi -enable-objc-interop -stack-check -sdk /Applications/Xcode-27.0.0-Release.Candidate.app/Contents/Developer/Platforms/WatchOS.platform/Developer/SDKs/WatchOS27.0.sdk -I /Users/admin/builder/spi-builder-workspace/.derivedData/Build/Products/Debug-watchos -Isystem /Applications/Xcode-27.0.0-Release.Candidate.app/Contents/Developer/Platforms/WatchOS.platform/Developer/usr/lib -F /Users/admin/builder/spi-builder-workspace/.derivedData/Build/Products/Debug-watchos -F /Applications/Xcode-27.0.0-Release.Candidate.app/Contents/Developer/Platforms/WatchOS.platform/Developer/Library/Frameworks -F /Applications/Xcode-27.0.0-Release.Candidate.app/Contents/Developer/Platforms/WatchOS.platform/Developer/SDKs/WatchOS27.0.sdk/Developer/Library/Frameworks -module-cache-path /Users/admin/builder/spi-builder-workspace/.derivedData/ModuleCache.noindex -no-color-diagnostics -Xcc -fno-color-diagnostics -enable-testing -g -debug-info-format\=dwarf -dwarf-version\=4 -suppress-warnings -profile-generate -profile-coverage-mapping -swift-version 4 -Onone -D SWIFT_PACKAGE -D DEBUG -D SWIFT_MODULE_RESOURCE_BUNDLE_UNAVAILABLE -D Xcode -serialize-debugging-options -enable-experimental-feature DebugDescriptionMacro -empty-abi-descriptor -plugin-path /Applications/Xcode-27.0.0-Release.Candidate.app/Contents/Developer/Toolchains/XcodeDefault.xctoolchain/usr/lib/swift/host/plugins/testing -validate-clang-modules-once -clang-build-session-file /Users/admin/builder/spi-builder-workspace/.derivedData/ModuleCache.noindex/Session.modulevalidation -Xcc -working-directory -Xcc /Users/admin/builder/spi-builder-workspace/.swiftpm/xcode -enable-anonymous-context-mangled-names -file-compilation-dir /Users/admin/builder/spi-builder-workspace/.swiftpm/xcode -Xcc -D_LIBCPP_HARDENING_MODE\=_LIBCPP_HARDENING_MODE_DEBUG -Xcc -ivfsstatcache -Xcc /Users/admin/builder/spi-builder-workspace/.derivedData/SDKStatCaches.noindex/watchos27.0-24R360-e829b21a6f8c9b70876ba0858053c04477534ef55a1706bf4c1112bbb242f0a2.sdkstatcache -Xcc -fmodules-prune-interval\=86400 -Xcc -fmodules-prune-after\=345600 -Xcc -I/Users/admin/builder/spi-builder-workspace/.derivedData/Build/Products/Debug-watchos/include -Xcc -I/Users/admin/builder/spi-builder-workspace/.derivedData/Build/Intermediates.noindex/ProcessRunner.build/Debug-watchos/ProcessRunner-t.build/DerivedSources-normal/arm64 -Xcc -I/Users/admin/builder/spi-builder-workspace/.derivedData/Build/Intermediates.noindex/ProcessRunner.build/Debug-watchos/ProcessRunner-t.build/DerivedSources/arm64 -Xcc -I/Users/admin/builder/spi-builder-workspace/.derivedData/Build/Intermediates.noindex/ProcessRunner.build/Debug-watchos/ProcessRunner-t.build/DerivedSources -Xcc -DSWIFT_PACKAGE -Xcc -DDEBUG\=1 -no-auto-bridging-header-chaining -module-name ProcessRunner -const-gather-protocols-file /Users/admin/builder/spi-builder-workspace/.derivedData/Build/Intermediates.noindex/ProcessRunner.build/Debug-watchos/ProcessRunner-t.build/Objects-normal/arm64/ProcessRunner_const_extract_protocols.json -disable-clang-spi -target-sdk-version 27.0 -target-sdk-name watchos27.0 -external-plugin-path /Applications/Xcode-27.0.0-Release.Candidate.app/Contents/Developer/Platforms/WatchOS.platform/Developer/usr/lib/swift/host/plugins\#/Applications/Xcode-27.0.0-Release.Candidate.app/Contents/Developer/Platforms/WatchOS.platform/Developer/usr/bin/swift-plugin-server -external-plugin-path /Applications/Xcode-27.0.0-Release.Candidate.app/Contents/Developer/Platforms/WatchOS.platform/Developer/usr/local/lib/swift/host/plugins\#/Applications/Xcode-27.0.0-Release.Candidate.app/Contents/Developer/Platforms/WatchOS.platform/Developer/usr/bin/swift-plugin-server -in-process-plugin-server-path /Applications/Xcode-27.0.0-Release.Candidate.app/Contents/Developer/Toolchains/XcodeDefault.xctoolchain/usr/lib/swift/host/libSwiftInProcPluginServer.dylib -plugin-path /Applications/Xcode-27.0.0-Release.Candidate.app/Contents/Developer/Toolchains/XcodeDefault.xctoolchain/usr/lib/swift/host/plugins -plugin-path /Applications/Xcode-27.0.0-Release.Candidate.app/Contents/Developer/Toolchains/XcodeDefault.xctoolchain/usr/local/lib/swift/host/plugins -emit-module-doc-path /Users/admin/builder/spi-builder-workspace/.derivedData/Build/Intermediates.noindex/ProcessRunner.build/Debug-watchos/ProcessRunner-t.build/Objects-normal/arm64/ProcessRunner.swiftdoc -emit-module-source-info-path /Users/admin/builder/spi-builder-workspace/.derivedData/Build/Intermediates.noindex/ProcessRunner.build/Debug-watchos/ProcessRunner-t.build/Objects-normal/arm64/ProcessRunner.swiftsourceinfo -emit-objc-header-path /Users/admin/builder/spi-builder-workspace/.derivedData/Build/Intermediates.noindex/ProcessRunner.build/Debug-watchos/ProcessRunner-t.build/Objects-normal/arm64/ProcessRunner-Swift.h -serialize-diagnostics-path /Users/admin/builder/spi-builder-workspace/.derivedData/Build/Intermediates.noindex/ProcessRunner.build/Debug-watchos/ProcessRunner-t.build/Objects-normal/arm64/ProcessRunner-primary-emit-module.dia -emit-dependencies-path /Users/admin/builder/spi-builder-workspace/.derivedData/Build/Intermediates.noindex/ProcessRunner.build/Debug-watchos/ProcessRunner-t.build/Objects-normal/arm64/ProcessRunner-primary-emit-module.d -parse-as-library -o /Users/admin/builder/spi-builder-workspace/.derivedData/Build/Intermediates.noindex/ProcessRunner.build/Debug-watchos/ProcessRunner-t.build/Objects-normal/arm64/ProcessRunner.swiftmodule -emit-abi-descriptor-path /Users/admin/builder/spi-builder-workspace/.derivedData/Build/Intermediates.noindex/ProcessRunner.build/Debug-watchos/ProcessRunner-t.build/Objects-normal/arm64/ProcessRunner.abi.json
SwiftCompile normal arm64 (in target 'ProcessRunner' from project 'ProcessRunner')
cd /Users/admin/builder/spi-builder-workspace/.swiftpm/xcode
SwiftCompile normal arm64 Compiling\ ProcessRunner.swift /Users/admin/builder/spi-builder-workspace/.dependencies/checkouts/ProcessRunner/Sources/ProcessRunner/ProcessRunner.swift (in target 'ProcessRunner' from project 'ProcessRunner')
/Users/admin/builder/spi-builder-workspace/.dependencies/checkouts/ProcessRunner/Sources/ProcessRunner/ProcessRunner.swift:47:34: error: cannot find type 'Process' in scope
45 |
46 |
47 | public let executingProcess: Process
| `- error: cannot find type 'Process' in scope
48 | public let stdOutPipe: Pipe
49 | public let stdErrPipe: Pipe
SwiftCompile normal arm64 /Users/admin/builder/spi-builder-workspace/.dependencies/checkouts/ProcessRunner/Sources/ProcessRunner/ProcessRunner.swift (in target 'ProcessRunner' from project 'ProcessRunner')
cd /Users/admin/builder/spi-builder-workspace/.swiftpm/xcode
builtin-SwiftPerFileCompile ProcessRunner.swift
SwiftCompile normal arm64_32 Compiling\ ProcessRunner.swift /Users/admin/builder/spi-builder-workspace/.dependencies/checkouts/ProcessRunner/Sources/ProcessRunner/ProcessRunner.swift (in target 'ProcessRunner' from project 'ProcessRunner')
/Users/admin/builder/spi-builder-workspace/.dependencies/checkouts/ProcessRunner/Sources/ProcessRunner/ProcessRunner.swift:47:34: error: cannot find type 'Process' in scope
45 |
46 |
47 | public let executingProcess: Process
| `- error: cannot find type 'Process' in scope
48 | public let stdOutPipe: Pipe
49 | public let stdErrPipe: Pipe
SwiftCompile normal arm64_32 /Users/admin/builder/spi-builder-workspace/.dependencies/checkouts/ProcessRunner/Sources/ProcessRunner/ProcessRunner.swift (in target 'ProcessRunner' from project 'ProcessRunner')
cd /Users/admin/builder/spi-builder-workspace/.swiftpm/xcode
builtin-SwiftPerFileCompile ProcessRunner.swift
PruneExplicitPrecompiledModules /Users/admin/builder/spi-builder-workspace/.derivedData/Build/Intermediates.noindex/SwiftExplicitPrecompiledModules
PruneExplicitPrecompiledModules /Users/admin/builder/spi-builder-workspace/.derivedData/Build/Intermediates.noindex/ExplicitPrecompiledModules
PruneExplicitPrecompiledModules /Users/admin/builder/spi-builder-workspace/.derivedData/SDKExplicitPrecompiledModules
2026-09-16 23:06:07.410 xcodebuild[685:4362] [MT] IDERunDestination: Supported platforms for the buildables in the current scheme is empty.
** BUILD FAILED **
The following build commands failed:
SwiftEmitModule normal arm64 Emitting\ module\ for\ ProcessRunner (in target 'ProcessRunner' from project 'ProcessRunner')
SwiftCompile normal arm64 (in target 'ProcessRunner' from project 'ProcessRunner')
Building workspace DockerProcess with scheme DockerProcess
(3 failures)
Command line invocation:
/Applications/Xcode-27.0.0-Release.Candidate.app/Contents/Developer/usr/bin/xcodebuild -IDEClonedSourcePackagesDirPathOverride=/Users/admin/builder/spi-builder-workspace/.dependencies -resolvePackageDependencies
Resolve Package Graph
Resolved source packages:
DockerProcess: /Users/admin/builder/spi-builder-workspace
ProcessRunner: https://github.com/saltzmanjoelh/ProcessRunner.git @ 1.0.11
resolved source packages: DockerProcess, ProcessRunner
2026-09-16 23:06:11.022 xcodebuild[712:4581] [MT] IDERunDestination: Supported platforms for the buildables in the current scheme is empty.
{
"dependencies" : [
{
"identity" : "processrunner",
"requirement" : {
"range" : [
{
"lower_bound" : "1.0.0",
"upper_bound" : "2.0.0"
}
]
},
"type" : "sourceControl",
"url" : "https://github.com/saltzmanjoelh/ProcessRunner.git"
}
],
"manifest_display_name" : "DockerProcess",
"name" : "DockerProcess",
"path" : "/Users/admin/builder/spi-builder-workspace",
"platforms" : [
],
"products" : [
{
"name" : "DockerProcess",
"targets" : [
"DockerProcess"
],
"type" : {
"library" : [
"static"
]
}
}
],
"targets" : [
{
"c99name" : "DockerProcessTests",
"module_type" : "SwiftTarget",
"name" : "DockerProcessTests",
"path" : "Tests/DockerProcessTests",
"product_dependencies" : [
"ProcessRunner"
],
"sources" : [
"DockerProcessTests.swift"
],
"target_dependencies" : [
"DockerProcess"
],
"type" : "test"
},
{
"c99name" : "DockerProcess",
"module_type" : "SwiftTarget",
"name" : "DockerProcess",
"path" : "Sources/DockerProcess",
"product_dependencies" : [
"ProcessRunner"
],
"product_memberships" : [
"DockerProcess"
],
"sources" : [
"DockerProcess.swift",
"DockerRunnable.swift"
],
"type" : "library"
}
],
"tools_version" : "4.1"
}
{
"workspace" : {
"name" : "DockerProcess",
"schemes" : [
"DockerProcess"
]
}
}
2026-09-16 23:06:12.259 xcodebuild[720:4641] [MT] IDERunDestination: Supported platforms for the buildables in the current scheme is empty.
Running build ...
env DEVELOPER_DIR=/Applications/Xcode-27.0.0-Release.Candidate.app xcrun xcodebuild -IDEClonedSourcePackagesDirPathOverride=$PWD/.dependencies -skipMacroValidation -skipPackagePluginValidation -derivedDataPath $PWD/.derivedData build -scheme DockerProcess -destination generic/platform=watchOS
Command line invocation:
/Applications/Xcode-27.0.0-Release.Candidate.app/Contents/Developer/usr/bin/xcodebuild -IDEClonedSourcePackagesDirPathOverride=/Users/admin/builder/spi-builder-workspace/.dependencies -skipMacroValidation -skipPackagePluginValidation -derivedDataPath /Users/admin/builder/spi-builder-workspace/.derivedData build -scheme DockerProcess -destination generic/platform=watchOS
Resolve Package Graph
Resolved source packages:
DockerProcess: /Users/admin/builder/spi-builder-workspace
ProcessRunner: https://github.com/saltzmanjoelh/ProcessRunner.git @ 1.0.11
ComputePackagePrebuildTargetDependencyGraph
Prepare packages
CreateBuildRequest
SendProjectDescription
CreateBuildOperation
ComputeTargetDependencyGraph
note: Building targets in dependency order
note: Target dependency graph (4 targets)
Target 'DockerProcess-product' in project 'DockerProcess'
➜ Explicit dependency on target 'DockerProcess' in project 'DockerProcess'
➜ Explicit dependency on target 'ProcessRunner-product' in project 'ProcessRunner'
Target 'DockerProcess' in project 'DockerProcess'
➜ Explicit dependency on target 'ProcessRunner-product' in project 'ProcessRunner'
Target 'ProcessRunner-product' in project 'ProcessRunner'
➜ Explicit dependency on target 'ProcessRunner' in project 'ProcessRunner'
Target 'ProcessRunner' in project 'ProcessRunner' (no dependencies)
GatherProvisioningInputs
CreateBuildDescription
ClangStatCache /Applications/Xcode-27.0.0-Release.Candidate.app/Contents/Developer/Toolchains/XcodeDefault.xctoolchain/usr/bin/clang-stat-cache /Applications/Xcode-27.0.0-Release.Candidate.app/Contents/Developer/Platforms/WatchOS.platform/Developer/SDKs/WatchOS27.0.sdk /Users/admin/builder/spi-builder-workspace/.derivedData/SDKStatCaches.noindex/watchos27.0-24R360-e829b21a6f8c9b70876ba0858053c04477534ef55a1706bf4c1112bbb242f0a2.sdkstatcache
cd /Users/admin/builder/spi-builder-workspace/.swiftpm/xcode
/Applications/Xcode-27.0.0-Release.Candidate.app/Contents/Developer/Toolchains/XcodeDefault.xctoolchain/usr/bin/clang-stat-cache /Applications/Xcode-27.0.0-Release.Candidate.app/Contents/Developer/Platforms/WatchOS.platform/Developer/SDKs/WatchOS27.0.sdk -o /Users/admin/builder/spi-builder-workspace/.derivedData/SDKStatCaches.noindex/watchos27.0-24R360-e829b21a6f8c9b70876ba0858053c04477534ef55a1706bf4c1112bbb242f0a2.sdkstatcache
SwiftDriver ProcessRunner normal arm64 com.apple.xcode.tools.swift.compiler (in target 'ProcessRunner' from project 'ProcessRunner')
cd /Users/admin/builder/spi-builder-workspace/.swiftpm/xcode
builtin-SwiftDriver -- /Applications/Xcode-27.0.0-Release.Candidate.app/Contents/Developer/Toolchains/XcodeDefault.xctoolchain/usr/bin/swiftc -parse-as-library -module-name ProcessRunner -Onone @/Users/admin/builder/spi-builder-workspace/.derivedData/Build/Intermediates.noindex/ProcessRunner.build/Debug-watchos/ProcessRunner-t.build/Objects-normal/arm64/ProcessRunner.SwiftFileList -DSWIFT_PACKAGE -DDEBUG -DSWIFT_MODULE_RESOURCE_BUNDLE_UNAVAILABLE -DXcode -plugin-path /Applications/Xcode-27.0.0-Release.Candidate.app/Contents/Developer/Toolchains/XcodeDefault.xctoolchain/usr/lib/swift/host/plugins/testing -enable-experimental-feature DebugDescriptionMacro -sdk /Applications/Xcode-27.0.0-Release.Candidate.app/Contents/Developer/Platforms/WatchOS.platform/Developer/SDKs/WatchOS27.0.sdk -target arm64-apple-watchos9.0 -g -module-cache-path /Users/admin/builder/spi-builder-workspace/.derivedData/ModuleCache.noindex -Xfrontend -serialize-debugging-options -profile-coverage-mapping -profile-generate -enable-testing -suppress-warnings -index-store-path /Users/admin/builder/spi-builder-workspace/.derivedData/Index.noindex/DataStore -Xcc -D_LIBCPP_HARDENING_MODE\=_LIBCPP_HARDENING_MODE_DEBUG -swift-version 4 -I /Users/admin/builder/spi-builder-workspace/.derivedData/Build/Products/Debug-watchos -Isystem /Applications/Xcode-27.0.0-Release.Candidate.app/Contents/Developer/Platforms/WatchOS.platform/Developer/usr/lib -F /Users/admin/builder/spi-builder-workspace/.derivedData/Build/Products/Debug-watchos -F /Applications/Xcode-27.0.0-Release.Candidate.app/Contents/Developer/Platforms/WatchOS.platform/Developer/Library/Frameworks -F /Applications/Xcode-27.0.0-Release.Candidate.app/Contents/Developer/Platforms/WatchOS.platform/Developer/SDKs/WatchOS27.0.sdk/Developer/Library/Frameworks -c -j10 -enable-batch-mode -incremental -Xcc -ivfsstatcache -Xcc /Users/admin/builder/spi-builder-workspace/.derivedData/SDKStatCaches.noindex/watchos27.0-24R360-e829b21a6f8c9b70876ba0858053c04477534ef55a1706bf4c1112bbb242f0a2.sdkstatcache -output-file-map /Users/admin/builder/spi-builder-workspace/.derivedData/Build/Intermediates.noindex/ProcessRunner.build/Debug-watchos/ProcessRunner-t.build/Objects-normal/arm64/ProcessRunner-OutputFileMap.json -save-temps -no-color-diagnostics -emit-dependencies -emit-module -emit-module-path /Users/admin/builder/spi-builder-workspace/.derivedData/Build/Intermediates.noindex/ProcessRunner.build/Debug-watchos/ProcessRunner-t.build/Objects-normal/arm64/ProcessRunner.swiftmodule -serialize-diagnostics -validate-clang-modules-once -clang-build-session-file /Users/admin/builder/spi-builder-workspace/.derivedData/ModuleCache.noindex/Session.modulevalidation -Xcc -fmodules-prune-interval\=86400 -Xcc -fmodules-prune-after\=345600 -emit-const-values -const-gather-protocols-list /Users/admin/builder/spi-builder-workspace/.derivedData/Build/Intermediates.noindex/ProcessRunner.build/Debug-watchos/ProcessRunner-t.build/Objects-normal/arm64/ProcessRunner_const_extract_protocols.json -Xcc -I/Users/admin/builder/spi-builder-workspace/.derivedData/Build/Products/Debug-watchos/include -Xcc -I/Users/admin/builder/spi-builder-workspace/.derivedData/Build/Intermediates.noindex/ProcessRunner.build/Debug-watchos/ProcessRunner-t.build/DerivedSources-normal/arm64 -Xcc -I/Users/admin/builder/spi-builder-workspace/.derivedData/Build/Intermediates.noindex/ProcessRunner.build/Debug-watchos/ProcessRunner-t.build/DerivedSources/arm64 -Xcc -I/Users/admin/builder/spi-builder-workspace/.derivedData/Build/Intermediates.noindex/ProcessRunner.build/Debug-watchos/ProcessRunner-t.build/DerivedSources -Xcc -DSWIFT_PACKAGE -Xcc -DDEBUG\=1 -emit-objc-header -emit-objc-header-path /Users/admin/builder/spi-builder-workspace/.derivedData/Build/Intermediates.noindex/ProcessRunner.build/Debug-watchos/ProcessRunner-t.build/Objects-normal/arm64/ProcessRunner-Swift.h -working-directory /Users/admin/builder/spi-builder-workspace/.swiftpm/xcode -experimental-emit-module-separately -disable-cmo
SwiftDriver ProcessRunner normal arm64_32 com.apple.xcode.tools.swift.compiler (in target 'ProcessRunner' from project 'ProcessRunner')
cd /Users/admin/builder/spi-builder-workspace/.swiftpm/xcode
builtin-SwiftDriver -- /Applications/Xcode-27.0.0-Release.Candidate.app/Contents/Developer/Toolchains/XcodeDefault.xctoolchain/usr/bin/swiftc -parse-as-library -module-name ProcessRunner -Onone @/Users/admin/builder/spi-builder-workspace/.derivedData/Build/Intermediates.noindex/ProcessRunner.build/Debug-watchos/ProcessRunner-t.build/Objects-normal/arm64_32/ProcessRunner.SwiftFileList -DSWIFT_PACKAGE -DDEBUG -DSWIFT_MODULE_RESOURCE_BUNDLE_UNAVAILABLE -DXcode -plugin-path /Applications/Xcode-27.0.0-Release.Candidate.app/Contents/Developer/Toolchains/XcodeDefault.xctoolchain/usr/lib/swift/host/plugins/testing -enable-experimental-feature DebugDescriptionMacro -sdk /Applications/Xcode-27.0.0-Release.Candidate.app/Contents/Developer/Platforms/WatchOS.platform/Developer/SDKs/WatchOS27.0.sdk -target arm64_32-apple-watchos9.0 -g -module-cache-path /Users/admin/builder/spi-builder-workspace/.derivedData/ModuleCache.noindex -Xfrontend -serialize-debugging-options -profile-coverage-mapping -profile-generate -enable-testing -suppress-warnings -index-store-path /Users/admin/builder/spi-builder-workspace/.derivedData/Index.noindex/DataStore -Xcc -D_LIBCPP_HARDENING_MODE\=_LIBCPP_HARDENING_MODE_DEBUG -swift-version 4 -I /Users/admin/builder/spi-builder-workspace/.derivedData/Build/Products/Debug-watchos -Isystem /Applications/Xcode-27.0.0-Release.Candidate.app/Contents/Developer/Platforms/WatchOS.platform/Developer/usr/lib -F /Users/admin/builder/spi-builder-workspace/.derivedData/Build/Products/Debug-watchos -F /Applications/Xcode-27.0.0-Release.Candidate.app/Contents/Developer/Platforms/WatchOS.platform/Developer/Library/Frameworks -F /Applications/Xcode-27.0.0-Release.Candidate.app/Contents/Developer/Platforms/WatchOS.platform/Developer/SDKs/WatchOS27.0.sdk/Developer/Library/Frameworks -c -j10 -enable-batch-mode -incremental -Xcc -ivfsstatcache -Xcc /Users/admin/builder/spi-builder-workspace/.derivedData/SDKStatCaches.noindex/watchos27.0-24R360-e829b21a6f8c9b70876ba0858053c04477534ef55a1706bf4c1112bbb242f0a2.sdkstatcache -output-file-map /Users/admin/builder/spi-builder-workspace/.derivedData/Build/Intermediates.noindex/ProcessRunner.build/Debug-watchos/ProcessRunner-t.build/Objects-normal/arm64_32/ProcessRunner-OutputFileMap.json -save-temps -no-color-diagnostics -emit-dependencies -emit-module -emit-module-path /Users/admin/builder/spi-builder-workspace/.derivedData/Build/Intermediates.noindex/ProcessRunner.build/Debug-watchos/ProcessRunner-t.build/Objects-normal/arm64_32/ProcessRunner.swiftmodule -serialize-diagnostics -validate-clang-modules-once -clang-build-session-file /Users/admin/builder/spi-builder-workspace/.derivedData/ModuleCache.noindex/Session.modulevalidation -Xcc -fmodules-prune-interval\=86400 -Xcc -fmodules-prune-after\=345600 -emit-const-values -const-gather-protocols-list /Users/admin/builder/spi-builder-workspace/.derivedData/Build/Intermediates.noindex/ProcessRunner.build/Debug-watchos/ProcessRunner-t.build/Objects-normal/arm64_32/ProcessRunner_const_extract_protocols.json -Xcc -I/Users/admin/builder/spi-builder-workspace/.derivedData/Build/Products/Debug-watchos/include -Xcc -I/Users/admin/builder/spi-builder-workspace/.derivedData/Build/Intermediates.noindex/ProcessRunner.build/Debug-watchos/ProcessRunner-t.build/DerivedSources-normal/arm64_32 -Xcc -I/Users/admin/builder/spi-builder-workspace/.derivedData/Build/Intermediates.noindex/ProcessRunner.build/Debug-watchos/ProcessRunner-t.build/DerivedSources/arm64_32 -Xcc -I/Users/admin/builder/spi-builder-workspace/.derivedData/Build/Intermediates.noindex/ProcessRunner.build/Debug-watchos/ProcessRunner-t.build/DerivedSources -Xcc -DSWIFT_PACKAGE -Xcc -DDEBUG\=1 -emit-objc-header -emit-objc-header-path /Users/admin/builder/spi-builder-workspace/.derivedData/Build/Intermediates.noindex/ProcessRunner.build/Debug-watchos/ProcessRunner-t.build/Objects-normal/arm64_32/ProcessRunner-Swift.h -working-directory /Users/admin/builder/spi-builder-workspace/.swiftpm/xcode -experimental-emit-module-separately -disable-cmo
SwiftEmitModule normal arm64_32 Emitting\ module\ for\ ProcessRunner (in target 'ProcessRunner' from project 'ProcessRunner')
SwiftCompile normal arm64_32 (in target 'ProcessRunner' from project 'ProcessRunner')
cd /Users/admin/builder/spi-builder-workspace/.swiftpm/xcode
/Users/admin/builder/spi-builder-workspace/.dependencies/checkouts/ProcessRunner/Sources/ProcessRunner/ProcessRunner.swift:47:34: error: cannot find type 'Process' in scope
45 |
46 |
47 | public let executingProcess: Process
| `- error: cannot find type 'Process' in scope
48 | public let stdOutPipe: Pipe
49 | public let stdErrPipe: Pipe
Failed frontend command:
/Applications/Xcode-27.0.0-Release.Candidate.app/Contents/Developer/Toolchains/XcodeDefault.xctoolchain/usr/bin/swift-frontend -frontend -emit-module -experimental-skip-non-inlinable-function-bodies-without-types /Users/admin/builder/spi-builder-workspace/.dependencies/checkouts/ProcessRunner/Sources/ProcessRunner/ProcessRunner.swift -target arm64_32-apple-watchos9.0 -enable-objc-interop -sdk /Applications/Xcode-27.0.0-Release.Candidate.app/Contents/Developer/Platforms/WatchOS.platform/Developer/SDKs/WatchOS27.0.sdk -I /Users/admin/builder/spi-builder-workspace/.derivedData/Build/Products/Debug-watchos -Isystem /Applications/Xcode-27.0.0-Release.Candidate.app/Contents/Developer/Platforms/WatchOS.platform/Developer/usr/lib -F /Users/admin/builder/spi-builder-workspace/.derivedData/Build/Products/Debug-watchos -F /Applications/Xcode-27.0.0-Release.Candidate.app/Contents/Developer/Platforms/WatchOS.platform/Developer/Library/Frameworks -F /Applications/Xcode-27.0.0-Release.Candidate.app/Contents/Developer/Platforms/WatchOS.platform/Developer/SDKs/WatchOS27.0.sdk/Developer/Library/Frameworks -module-cache-path /Users/admin/builder/spi-builder-workspace/.derivedData/ModuleCache.noindex -no-color-diagnostics -Xcc -fno-color-diagnostics -enable-testing -g -debug-info-format\=dwarf -dwarf-version\=4 -suppress-warnings -profile-generate -profile-coverage-mapping -swift-version 4 -Onone -D SWIFT_PACKAGE -D DEBUG -D SWIFT_MODULE_RESOURCE_BUNDLE_UNAVAILABLE -D Xcode -serialize-debugging-options -enable-experimental-feature DebugDescriptionMacro -empty-abi-descriptor -plugin-path /Applications/Xcode-27.0.0-Release.Candidate.app/Contents/Developer/Toolchains/XcodeDefault.xctoolchain/usr/lib/swift/host/plugins/testing -validate-clang-modules-once -clang-build-session-file /Users/admin/builder/spi-builder-workspace/.derivedData/ModuleCache.noindex/Session.modulevalidation -Xcc -working-directory -Xcc /Users/admin/builder/spi-builder-workspace/.swiftpm/xcode -enable-anonymous-context-mangled-names -file-compilation-dir /Users/admin/builder/spi-builder-workspace/.swiftpm/xcode -Xcc -D_LIBCPP_HARDENING_MODE\=_LIBCPP_HARDENING_MODE_DEBUG -Xcc -ivfsstatcache -Xcc /Users/admin/builder/spi-builder-workspace/.derivedData/SDKStatCaches.noindex/watchos27.0-24R360-e829b21a6f8c9b70876ba0858053c04477534ef55a1706bf4c1112bbb242f0a2.sdkstatcache -Xcc -fmodules-prune-interval\=86400 -Xcc -fmodules-prune-after\=345600 -Xcc -I/Users/admin/builder/spi-builder-workspace/.derivedData/Build/Products/Debug-watchos/include -Xcc -I/Users/admin/builder/spi-builder-workspace/.derivedData/Build/Intermediates.noindex/ProcessRunner.build/Debug-watchos/ProcessRunner-t.build/DerivedSources-normal/arm64_32 -Xcc -I/Users/admin/builder/spi-builder-workspace/.derivedData/Build/Intermediates.noindex/ProcessRunner.build/Debug-watchos/ProcessRunner-t.build/DerivedSources/arm64_32 -Xcc -I/Users/admin/builder/spi-builder-workspace/.derivedData/Build/Intermediates.noindex/ProcessRunner.build/Debug-watchos/ProcessRunner-t.build/DerivedSources -Xcc -DSWIFT_PACKAGE -Xcc -DDEBUG\=1 -no-auto-bridging-header-chaining -module-name ProcessRunner -const-gather-protocols-file /Users/admin/builder/spi-builder-workspace/.derivedData/Build/Intermediates.noindex/ProcessRunner.build/Debug-watchos/ProcessRunner-t.build/Objects-normal/arm64_32/ProcessRunner_const_extract_protocols.json -disable-clang-spi -target-sdk-version 27.0 -target-sdk-name watchos27.0 -external-plugin-path /Applications/Xcode-27.0.0-Release.Candidate.app/Contents/Developer/Platforms/WatchOS.platform/Developer/usr/lib/swift/host/plugins\#/Applications/Xcode-27.0.0-Release.Candidate.app/Contents/Developer/Platforms/WatchOS.platform/Developer/usr/bin/swift-plugin-server -external-plugin-path /Applications/Xcode-27.0.0-Release.Candidate.app/Contents/Developer/Platforms/WatchOS.platform/Developer/usr/local/lib/swift/host/plugins\#/Applications/Xcode-27.0.0-Release.Candidate.app/Contents/Developer/Platforms/WatchOS.platform/Developer/usr/bin/swift-plugin-server -in-process-plugin-server-path /Applications/Xcode-27.0.0-Release.Candidate.app/Contents/Developer/Toolchains/XcodeDefault.xctoolchain/usr/lib/swift/host/libSwiftInProcPluginServer.dylib -plugin-path /Applications/Xcode-27.0.0-Release.Candidate.app/Contents/Developer/Toolchains/XcodeDefault.xctoolchain/usr/lib/swift/host/plugins -plugin-path /Applications/Xcode-27.0.0-Release.Candidate.app/Contents/Developer/Toolchains/XcodeDefault.xctoolchain/usr/local/lib/swift/host/plugins -emit-module-doc-path /Users/admin/builder/spi-builder-workspace/.derivedData/Build/Intermediates.noindex/ProcessRunner.build/Debug-watchos/ProcessRunner-t.build/Objects-normal/arm64_32/ProcessRunner.swiftdoc -emit-module-source-info-path /Users/admin/builder/spi-builder-workspace/.derivedData/Build/Intermediates.noindex/ProcessRunner.build/Debug-watchos/ProcessRunner-t.build/Objects-normal/arm64_32/ProcessRunner.swiftsourceinfo -emit-objc-header-path /Users/admin/builder/spi-builder-workspace/.derivedData/Build/Intermediates.noindex/ProcessRunner.build/Debug-watchos/ProcessRunner-t.build/Objects-normal/arm64_32/ProcessRunner-Swift.h -serialize-diagnostics-path /Users/admin/builder/spi-builder-workspace/.derivedData/Build/Intermediates.noindex/ProcessRunner.build/Debug-watchos/ProcessRunner-t.build/Objects-normal/arm64_32/ProcessRunner-primary-emit-module.dia -emit-dependencies-path /Users/admin/builder/spi-builder-workspace/.derivedData/Build/Intermediates.noindex/ProcessRunner.build/Debug-watchos/ProcessRunner-t.build/Objects-normal/arm64_32/ProcessRunner-primary-emit-module.d -parse-as-library -o /Users/admin/builder/spi-builder-workspace/.derivedData/Build/Intermediates.noindex/ProcessRunner.build/Debug-watchos/ProcessRunner-t.build/Objects-normal/arm64_32/ProcessRunner.swiftmodule -emit-abi-descriptor-path /Users/admin/builder/spi-builder-workspace/.derivedData/Build/Intermediates.noindex/ProcessRunner.build/Debug-watchos/ProcessRunner-t.build/Objects-normal/arm64_32/ProcessRunner.abi.json
SwiftCompile normal arm64_32 Compiling\ ProcessRunner.swift /Users/admin/builder/spi-builder-workspace/.dependencies/checkouts/ProcessRunner/Sources/ProcessRunner/ProcessRunner.swift (in target 'ProcessRunner' from project 'ProcessRunner')
SwiftCompile normal arm64_32 /Users/admin/builder/spi-builder-workspace/.dependencies/checkouts/ProcessRunner/Sources/ProcessRunner/ProcessRunner.swift (in target 'ProcessRunner' from project 'ProcessRunner')
cd /Users/admin/builder/spi-builder-workspace/.swiftpm/xcode
builtin-SwiftPerFileCompile ProcessRunner.swift
SwiftEmitModule normal arm64 Emitting\ module\ for\ ProcessRunner (in target 'ProcessRunner' from project 'ProcessRunner')
/Users/admin/builder/spi-builder-workspace/.dependencies/checkouts/ProcessRunner/Sources/ProcessRunner/ProcessRunner.swift:47:34: error: cannot find type 'Process' in scope
45 |
46 |
47 | public let executingProcess: Process
| `- error: cannot find type 'Process' in scope
48 | public let stdOutPipe: Pipe
49 | public let stdErrPipe: Pipe
Failed frontend command:
/Applications/Xcode-27.0.0-Release.Candidate.app/Contents/Developer/Toolchains/XcodeDefault.xctoolchain/usr/bin/swift-frontend -frontend -emit-module -experimental-skip-non-inlinable-function-bodies-without-types /Users/admin/builder/spi-builder-workspace/.dependencies/checkouts/ProcessRunner/Sources/ProcessRunner/ProcessRunner.swift -target arm64-apple-watchos9.0 -Xllvm -aarch64-use-tbi -enable-objc-interop -stack-check -sdk /Applications/Xcode-27.0.0-Release.Candidate.app/Contents/Developer/Platforms/WatchOS.platform/Developer/SDKs/WatchOS27.0.sdk -I /Users/admin/builder/spi-builder-workspace/.derivedData/Build/Products/Debug-watchos -Isystem /Applications/Xcode-27.0.0-Release.Candidate.app/Contents/Developer/Platforms/WatchOS.platform/Developer/usr/lib -F /Users/admin/builder/spi-builder-workspace/.derivedData/Build/Products/Debug-watchos -F /Applications/Xcode-27.0.0-Release.Candidate.app/Contents/Developer/Platforms/WatchOS.platform/Developer/Library/Frameworks -F /Applications/Xcode-27.0.0-Release.Candidate.app/Contents/Developer/Platforms/WatchOS.platform/Developer/SDKs/WatchOS27.0.sdk/Developer/Library/Frameworks -module-cache-path /Users/admin/builder/spi-builder-workspace/.derivedData/ModuleCache.noindex -no-color-diagnostics -Xcc -fno-color-diagnostics -enable-testing -g -debug-info-format\=dwarf -dwarf-version\=4 -suppress-warnings -profile-generate -profile-coverage-mapping -swift-version 4 -Onone -D SWIFT_PACKAGE -D DEBUG -D SWIFT_MODULE_RESOURCE_BUNDLE_UNAVAILABLE -D Xcode -serialize-debugging-options -enable-experimental-feature DebugDescriptionMacro -empty-abi-descriptor -plugin-path /Applications/Xcode-27.0.0-Release.Candidate.app/Contents/Developer/Toolchains/XcodeDefault.xctoolchain/usr/lib/swift/host/plugins/testing -validate-clang-modules-once -clang-build-session-file /Users/admin/builder/spi-builder-workspace/.derivedData/ModuleCache.noindex/Session.modulevalidation -Xcc -working-directory -Xcc /Users/admin/builder/spi-builder-workspace/.swiftpm/xcode -enable-anonymous-context-mangled-names -file-compilation-dir /Users/admin/builder/spi-builder-workspace/.swiftpm/xcode -Xcc -D_LIBCPP_HARDENING_MODE\=_LIBCPP_HARDENING_MODE_DEBUG -Xcc -ivfsstatcache -Xcc /Users/admin/builder/spi-builder-workspace/.derivedData/SDKStatCaches.noindex/watchos27.0-24R360-e829b21a6f8c9b70876ba0858053c04477534ef55a1706bf4c1112bbb242f0a2.sdkstatcache -Xcc -fmodules-prune-interval\=86400 -Xcc -fmodules-prune-after\=345600 -Xcc -I/Users/admin/builder/spi-builder-workspace/.derivedData/Build/Products/Debug-watchos/include -Xcc -I/Users/admin/builder/spi-builder-workspace/.derivedData/Build/Intermediates.noindex/ProcessRunner.build/Debug-watchos/ProcessRunner-t.build/DerivedSources-normal/arm64 -Xcc -I/Users/admin/builder/spi-builder-workspace/.derivedData/Build/Intermediates.noindex/ProcessRunner.build/Debug-watchos/ProcessRunner-t.build/DerivedSources/arm64 -Xcc -I/Users/admin/builder/spi-builder-workspace/.derivedData/Build/Intermediates.noindex/ProcessRunner.build/Debug-watchos/ProcessRunner-t.build/DerivedSources -Xcc -DSWIFT_PACKAGE -Xcc -DDEBUG\=1 -no-auto-bridging-header-chaining -module-name ProcessRunner -const-gather-protocols-file /Users/admin/builder/spi-builder-workspace/.derivedData/Build/Intermediates.noindex/ProcessRunner.build/Debug-watchos/ProcessRunner-t.build/Objects-normal/arm64/ProcessRunner_const_extract_protocols.json -disable-clang-spi -target-sdk-version 27.0 -target-sdk-name watchos27.0 -external-plugin-path /Applications/Xcode-27.0.0-Release.Candidate.app/Contents/Developer/Platforms/WatchOS.platform/Developer/usr/lib/swift/host/plugins\#/Applications/Xcode-27.0.0-Release.Candidate.app/Contents/Developer/Platforms/WatchOS.platform/Developer/usr/bin/swift-plugin-server -external-plugin-path /Applications/Xcode-27.0.0-Release.Candidate.app/Contents/Developer/Platforms/WatchOS.platform/Developer/usr/local/lib/swift/host/plugins\#/Applications/Xcode-27.0.0-Release.Candidate.app/Contents/Developer/Platforms/WatchOS.platform/Developer/usr/bin/swift-plugin-server -in-process-plugin-server-path /Applications/Xcode-27.0.0-Release.Candidate.app/Contents/Developer/Toolchains/XcodeDefault.xctoolchain/usr/lib/swift/host/libSwiftInProcPluginServer.dylib -plugin-path /Applications/Xcode-27.0.0-Release.Candidate.app/Contents/Developer/Toolchains/XcodeDefault.xctoolchain/usr/lib/swift/host/plugins -plugin-path /Applications/Xcode-27.0.0-Release.Candidate.app/Contents/Developer/Toolchains/XcodeDefault.xctoolchain/usr/local/lib/swift/host/plugins -emit-module-doc-path /Users/admin/builder/spi-builder-workspace/.derivedData/Build/Intermediates.noindex/ProcessRunner.build/Debug-watchos/ProcessRunner-t.build/Objects-normal/arm64/ProcessRunner.swiftdoc -emit-module-source-info-path /Users/admin/builder/spi-builder-workspace/.derivedData/Build/Intermediates.noindex/ProcessRunner.build/Debug-watchos/ProcessRunner-t.build/Objects-normal/arm64/ProcessRunner.swiftsourceinfo -emit-objc-header-path /Users/admin/builder/spi-builder-workspace/.derivedData/Build/Intermediates.noindex/ProcessRunner.build/Debug-watchos/ProcessRunner-t.build/Objects-normal/arm64/ProcessRunner-Swift.h -serialize-diagnostics-path /Users/admin/builder/spi-builder-workspace/.derivedData/Build/Intermediates.noindex/ProcessRunner.build/Debug-watchos/ProcessRunner-t.build/Objects-normal/arm64/ProcessRunner-primary-emit-module.dia -emit-dependencies-path /Users/admin/builder/spi-builder-workspace/.derivedData/Build/Intermediates.noindex/ProcessRunner.build/Debug-watchos/ProcessRunner-t.build/Objects-normal/arm64/ProcessRunner-primary-emit-module.d -parse-as-library -o /Users/admin/builder/spi-builder-workspace/.derivedData/Build/Intermediates.noindex/ProcessRunner.build/Debug-watchos/ProcessRunner-t.build/Objects-normal/arm64/ProcessRunner.swiftmodule -emit-abi-descriptor-path /Users/admin/builder/spi-builder-workspace/.derivedData/Build/Intermediates.noindex/ProcessRunner.build/Debug-watchos/ProcessRunner-t.build/Objects-normal/arm64/ProcessRunner.abi.json
SwiftCompile normal arm64 (in target 'ProcessRunner' from project 'ProcessRunner')
cd /Users/admin/builder/spi-builder-workspace/.swiftpm/xcode
SwiftCompile normal arm64 Compiling\ ProcessRunner.swift /Users/admin/builder/spi-builder-workspace/.dependencies/checkouts/ProcessRunner/Sources/ProcessRunner/ProcessRunner.swift (in target 'ProcessRunner' from project 'ProcessRunner')
SwiftCompile normal arm64 /Users/admin/builder/spi-builder-workspace/.dependencies/checkouts/ProcessRunner/Sources/ProcessRunner/ProcessRunner.swift (in target 'ProcessRunner' from project 'ProcessRunner')
cd /Users/admin/builder/spi-builder-workspace/.swiftpm/xcode
builtin-SwiftPerFileCompile ProcessRunner.swift
PruneExplicitPrecompiledModules /Users/admin/builder/spi-builder-workspace/.derivedData/SDKExplicitPrecompiledModules
PruneExplicitPrecompiledModules /Users/admin/builder/spi-builder-workspace/.derivedData/Build/Intermediates.noindex/SwiftExplicitPrecompiledModules
PruneExplicitPrecompiledModules /Users/admin/builder/spi-builder-workspace/.derivedData/Build/Intermediates.noindex/ExplicitPrecompiledModules
2026-09-16 23:06:13.234 xcodebuild[721:4667] [MT] IDERunDestination: Supported platforms for the buildables in the current scheme is empty.
** BUILD FAILED **
The following build commands failed:
SwiftCompile normal arm64_32 (in target 'ProcessRunner' from project 'ProcessRunner')
SwiftEmitModule normal arm64_32 Emitting\ module\ for\ ProcessRunner (in target 'ProcessRunner' from project 'ProcessRunner')
SwiftEmitModule normal arm64 Emitting\ module\ for\ ProcessRunner (in target 'ProcessRunner' from project 'ProcessRunner')
SwiftCompile normal arm64 (in target 'ProcessRunner' from project 'ProcessRunner')
Building workspace DockerProcess with scheme DockerProcess
(5 failures)
BUILD FAILURE 6.4 watchOS