Build Information
Failed to build StickyTabBarViewController, reference 1.0.6 (d4695d), with Swift 6.4 for watchOS using Xcode 27.0 on 18 Sep 2026 02:47:02 UTC.
Build Command
env DEVELOPER_DIR=/Applications/Xcode-27.0.0-Release.Candidate.app xcrun xcodebuild -IDEClonedSourcePackagesDirPathOverride=$PWD/.dependencies -skipMacroValidation -skipPackagePluginValidation -derivedDataPath $PWD/.derivedData build -scheme StickyTabBarViewController -destination generic/platform=watchOSBuild Log
CreateBuildDirectory /Users/admin/builder/spi-builder-workspace/.derivedData/Build/Intermediates.noindex/ExplicitPrecompiledModules
cd /Users/admin/builder/spi-builder-workspace/.swiftpm/xcode
builtin-create-build-directory /Users/admin/builder/spi-builder-workspace/.derivedData/Build/Intermediates.noindex/ExplicitPrecompiledModules
CreateBuildDirectory /Users/admin/builder/spi-builder-workspace/.derivedData/Build/Intermediates.noindex/EagerLinkingTBDs/Debug-watchos
cd /Users/admin/builder/spi-builder-workspace/.swiftpm/xcode
builtin-create-build-directory /Users/admin/builder/spi-builder-workspace/.derivedData/Build/Intermediates.noindex/EagerLinkingTBDs/Debug-watchos
CreateBuildDirectory /Users/admin/builder/spi-builder-workspace/.derivedData/Build/Products/Debug-watchos
cd /Users/admin/builder/spi-builder-workspace/.swiftpm/xcode
builtin-create-build-directory /Users/admin/builder/spi-builder-workspace/.derivedData/Build/Products/Debug-watchos
CreateBuildDirectory /Users/admin/builder/spi-builder-workspace/.derivedData/Build/Products/Debug-watchos/PackageFrameworks
cd /Users/admin/builder/spi-builder-workspace/.swiftpm/xcode
builtin-create-build-directory /Users/admin/builder/spi-builder-workspace/.derivedData/Build/Products/Debug-watchos/PackageFrameworks
WriteAuxiliaryFile /Users/admin/builder/spi-builder-workspace/.derivedData/Build/Intermediates.noindex/StickyTabBarViewController.build/Debug-watchos/StickyTabBarViewController-t.build/StickyTabBarViewController.DependencyStaticMetadataFileList (in target 'StickyTabBarViewController' from project 'StickyTabBarViewController')
cd /Users/admin/builder/spi-builder-workspace
write-file /Users/admin/builder/spi-builder-workspace/.derivedData/Build/Intermediates.noindex/StickyTabBarViewController.build/Debug-watchos/StickyTabBarViewController-t.build/StickyTabBarViewController.DependencyStaticMetadataFileList
WriteAuxiliaryFile /Users/admin/builder/spi-builder-workspace/.derivedData/Build/Intermediates.noindex/StickyTabBarViewController.build/Debug-watchos/StickyTabBarViewController-t.build/StickyTabBarViewController.modulemap (in target 'StickyTabBarViewController' from project 'StickyTabBarViewController')
cd /Users/admin/builder/spi-builder-workspace
write-file /Users/admin/builder/spi-builder-workspace/.derivedData/Build/Intermediates.noindex/StickyTabBarViewController.build/Debug-watchos/StickyTabBarViewController-t.build/StickyTabBarViewController.modulemap
WriteAuxiliaryFile /Users/admin/builder/spi-builder-workspace/.derivedData/Build/Intermediates.noindex/StickyTabBarViewController.build/Debug-watchos/StickyTabBarViewController-t.build/StickyTabBarViewController.DependencyMetadataFileList (in target 'StickyTabBarViewController' from project 'StickyTabBarViewController')
cd /Users/admin/builder/spi-builder-workspace
write-file /Users/admin/builder/spi-builder-workspace/.derivedData/Build/Intermediates.noindex/StickyTabBarViewController.build/Debug-watchos/StickyTabBarViewController-t.build/StickyTabBarViewController.DependencyMetadataFileList
WriteAuxiliaryFile /Users/admin/builder/spi-builder-workspace/.derivedData/Build/Intermediates.noindex/StickyTabBarViewController.build/Debug-watchos/StickyTabBarViewController-t.build/Objects-normal/arm64_32/StickyTabBarViewController-OutputFileMap.json (in target 'StickyTabBarViewController' from project 'StickyTabBarViewController')
cd /Users/admin/builder/spi-builder-workspace
write-file /Users/admin/builder/spi-builder-workspace/.derivedData/Build/Intermediates.noindex/StickyTabBarViewController.build/Debug-watchos/StickyTabBarViewController-t.build/Objects-normal/arm64_32/StickyTabBarViewController-OutputFileMap.json
WriteAuxiliaryFile /Users/admin/builder/spi-builder-workspace/.derivedData/Build/Intermediates.noindex/StickyTabBarViewController.build/Debug-watchos/StickyTabBarViewController-t.build/Objects-normal/arm64_32/StickyTabBarViewController.SwiftFileList (in target 'StickyTabBarViewController' from project 'StickyTabBarViewController')
cd /Users/admin/builder/spi-builder-workspace
write-file /Users/admin/builder/spi-builder-workspace/.derivedData/Build/Intermediates.noindex/StickyTabBarViewController.build/Debug-watchos/StickyTabBarViewController-t.build/Objects-normal/arm64_32/StickyTabBarViewController.SwiftFileList
WriteAuxiliaryFile /Users/admin/builder/spi-builder-workspace/.derivedData/Build/Intermediates.noindex/StickyTabBarViewController.build/Debug-watchos/StickyTabBarViewController-t.build/Objects-normal/arm64_32/StickyTabBarViewController_const_extract_protocols.json (in target 'StickyTabBarViewController' from project 'StickyTabBarViewController')
cd /Users/admin/builder/spi-builder-workspace
write-file /Users/admin/builder/spi-builder-workspace/.derivedData/Build/Intermediates.noindex/StickyTabBarViewController.build/Debug-watchos/StickyTabBarViewController-t.build/Objects-normal/arm64_32/StickyTabBarViewController_const_extract_protocols.json
WriteAuxiliaryFile /Users/admin/builder/spi-builder-workspace/.derivedData/Build/Intermediates.noindex/StickyTabBarViewController.build/Debug-watchos/StickyTabBarViewController-t.build/Objects-normal/arm64_32/StickyTabBarViewController.LinkFileList (in target 'StickyTabBarViewController' from project 'StickyTabBarViewController')
cd /Users/admin/builder/spi-builder-workspace
write-file /Users/admin/builder/spi-builder-workspace/.derivedData/Build/Intermediates.noindex/StickyTabBarViewController.build/Debug-watchos/StickyTabBarViewController-t.build/Objects-normal/arm64_32/StickyTabBarViewController.LinkFileList
WriteAuxiliaryFile /Users/admin/builder/spi-builder-workspace/.derivedData/Build/Intermediates.noindex/StickyTabBarViewController.build/Debug-watchos/StickyTabBarViewController-t.build/Objects-normal/arm64_32/StickyTabBarViewController.SwiftConstValuesFileList (in target 'StickyTabBarViewController' from project 'StickyTabBarViewController')
cd /Users/admin/builder/spi-builder-workspace
write-file /Users/admin/builder/spi-builder-workspace/.derivedData/Build/Intermediates.noindex/StickyTabBarViewController.build/Debug-watchos/StickyTabBarViewController-t.build/Objects-normal/arm64_32/StickyTabBarViewController.SwiftConstValuesFileList
WriteAuxiliaryFile /Users/admin/builder/spi-builder-workspace/.derivedData/Build/Intermediates.noindex/StickyTabBarViewController.build/Debug-watchos/StickyTabBarViewController-t.build/Objects-normal/arm64/StickyTabBarViewController_const_extract_protocols.json (in target 'StickyTabBarViewController' from project 'StickyTabBarViewController')
cd /Users/admin/builder/spi-builder-workspace
write-file /Users/admin/builder/spi-builder-workspace/.derivedData/Build/Intermediates.noindex/StickyTabBarViewController.build/Debug-watchos/StickyTabBarViewController-t.build/Objects-normal/arm64/StickyTabBarViewController_const_extract_protocols.json
WriteAuxiliaryFile /Users/admin/builder/spi-builder-workspace/.derivedData/Build/Intermediates.noindex/StickyTabBarViewController.build/Debug-watchos/StickyTabBarViewController-t.build/Objects-normal/arm64/StickyTabBarViewController.SwiftFileList (in target 'StickyTabBarViewController' from project 'StickyTabBarViewController')
cd /Users/admin/builder/spi-builder-workspace
write-file /Users/admin/builder/spi-builder-workspace/.derivedData/Build/Intermediates.noindex/StickyTabBarViewController.build/Debug-watchos/StickyTabBarViewController-t.build/Objects-normal/arm64/StickyTabBarViewController.SwiftFileList
WriteAuxiliaryFile /Users/admin/builder/spi-builder-workspace/.derivedData/Build/Intermediates.noindex/StickyTabBarViewController.build/Debug-watchos/StickyTabBarViewController-t.build/Objects-normal/arm64/StickyTabBarViewController.LinkFileList (in target 'StickyTabBarViewController' from project 'StickyTabBarViewController')
cd /Users/admin/builder/spi-builder-workspace
write-file /Users/admin/builder/spi-builder-workspace/.derivedData/Build/Intermediates.noindex/StickyTabBarViewController.build/Debug-watchos/StickyTabBarViewController-t.build/Objects-normal/arm64/StickyTabBarViewController.LinkFileList
WriteAuxiliaryFile /Users/admin/builder/spi-builder-workspace/.derivedData/Build/Intermediates.noindex/StickyTabBarViewController.build/Debug-watchos/StickyTabBarViewController-t.build/Objects-normal/arm64/StickyTabBarViewController-OutputFileMap.json (in target 'StickyTabBarViewController' from project 'StickyTabBarViewController')
cd /Users/admin/builder/spi-builder-workspace
write-file /Users/admin/builder/spi-builder-workspace/.derivedData/Build/Intermediates.noindex/StickyTabBarViewController.build/Debug-watchos/StickyTabBarViewController-t.build/Objects-normal/arm64/StickyTabBarViewController-OutputFileMap.json
WriteAuxiliaryFile /Users/admin/builder/spi-builder-workspace/.derivedData/Build/Intermediates.noindex/StickyTabBarViewController.build/Debug-watchos/StickyTabBarViewController-t.build/Objects-normal/arm64/StickyTabBarViewController.SwiftConstValuesFileList (in target 'StickyTabBarViewController' from project 'StickyTabBarViewController')
cd /Users/admin/builder/spi-builder-workspace
write-file /Users/admin/builder/spi-builder-workspace/.derivedData/Build/Intermediates.noindex/StickyTabBarViewController.build/Debug-watchos/StickyTabBarViewController-t.build/Objects-normal/arm64/StickyTabBarViewController.SwiftConstValuesFileList
Copy /Users/admin/builder/spi-builder-workspace/.derivedData/Build/Intermediates.noindex/GeneratedModuleMaps-watchos/StickyTabBarViewController.modulemap /Users/admin/builder/spi-builder-workspace/.derivedData/Build/Intermediates.noindex/StickyTabBarViewController.build/Debug-watchos/StickyTabBarViewController-t.build/StickyTabBarViewController.modulemap (in target 'StickyTabBarViewController' from project 'StickyTabBarViewController')
cd /Users/admin/builder/spi-builder-workspace
builtin-copy -exclude .DS_Store -exclude CVS -exclude .svn -exclude .git -exclude .hg -resolve-src-symlinks /Users/admin/builder/spi-builder-workspace/.derivedData/Build/Intermediates.noindex/StickyTabBarViewController.build/Debug-watchos/StickyTabBarViewController-t.build/StickyTabBarViewController.modulemap /Users/admin/builder/spi-builder-workspace/.derivedData/Build/Intermediates.noindex/GeneratedModuleMaps-watchos
SwiftDriver StickyTabBarViewController normal arm64 com.apple.xcode.tools.swift.compiler (in target 'StickyTabBarViewController' from project 'StickyTabBarViewController')
cd /Users/admin/builder/spi-builder-workspace/.swiftpm/xcode
builtin-SwiftDriver -- /Applications/Xcode-27.0.0-Release.Candidate.app/Contents/Developer/Toolchains/XcodeDefault.xctoolchain/usr/bin/swiftc -parse-as-library -module-name StickyTabBarViewController -Onone @/Users/admin/builder/spi-builder-workspace/.derivedData/Build/Intermediates.noindex/StickyTabBarViewController.build/Debug-watchos/StickyTabBarViewController-t.build/Objects-normal/arm64/StickyTabBarViewController.SwiftFileList -DSWIFT_PACKAGE -DDEBUG -DSWIFT_MODULE_RESOURCE_BUNDLE_UNAVAILABLE -DXcode -plugin-path /Applications/Xcode-27.0.0-Release.Candidate.app/Contents/Developer/Toolchains/XcodeDefault.xctoolchain/usr/lib/swift/host/plugins/testing -enable-experimental-feature DebugDescriptionMacro -sdk /Applications/Xcode-27.0.0-Release.Candidate.app/Contents/Developer/Platforms/WatchOS.platform/Developer/SDKs/WatchOS27.0.sdk -target arm64-apple-watchos9.0 -g -module-cache-path /Users/admin/builder/spi-builder-workspace/.derivedData/ModuleCache.noindex -Xfrontend -serialize-debugging-options -enable-testing -index-store-path /Users/admin/builder/spi-builder-workspace/.derivedData/Index.noindex/DataStore -Xcc -D_LIBCPP_HARDENING_MODE\=_LIBCPP_HARDENING_MODE_DEBUG -swift-version 5 -I /Users/admin/builder/spi-builder-workspace/.derivedData/Build/Products/Debug-watchos -Isystem /Applications/Xcode-27.0.0-Release.Candidate.app/Contents/Developer/Platforms/WatchOS.platform/Developer/usr/lib -F /Users/admin/builder/spi-builder-workspace/.derivedData/Build/Products/Debug-watchos -F /Applications/Xcode-27.0.0-Release.Candidate.app/Contents/Developer/Platforms/WatchOS.platform/Developer/Library/Frameworks -F /Applications/Xcode-27.0.0-Release.Candidate.app/Contents/Developer/Platforms/WatchOS.platform/Developer/SDKs/WatchOS27.0.sdk/Developer/Library/Frameworks -c -j10 -enable-batch-mode -incremental -Xcc -ivfsstatcache -Xcc /Users/admin/builder/spi-builder-workspace/.derivedData/SDKStatCaches.noindex/watchos27.0-24R360-e829b21a6f8c9b70876ba0858053c04477534ef55a1706bf4c1112bbb242f0a2.sdkstatcache -output-file-map /Users/admin/builder/spi-builder-workspace/.derivedData/Build/Intermediates.noindex/StickyTabBarViewController.build/Debug-watchos/StickyTabBarViewController-t.build/Objects-normal/arm64/StickyTabBarViewController-OutputFileMap.json -save-temps -no-color-diagnostics -explicit-module-build -module-cache-path /Users/admin/builder/spi-builder-workspace/.derivedData/Build/Intermediates.noindex/SwiftExplicitPrecompiledModules -clang-scanner-module-cache-path /Users/admin/builder/spi-builder-workspace/.derivedData/ModuleCache.noindex -sdk-module-cache-path /Users/admin/builder/spi-builder-workspace/.derivedData/SDKExplicitPrecompiledModules -emit-dependencies -emit-module -emit-module-path /Users/admin/builder/spi-builder-workspace/.derivedData/Build/Intermediates.noindex/StickyTabBarViewController.build/Debug-watchos/StickyTabBarViewController-t.build/Objects-normal/arm64/StickyTabBarViewController.swiftmodule -serialize-diagnostics -dependency-scan-serialize-diagnostics-path /Users/admin/builder/spi-builder-workspace/.derivedData/Build/Intermediates.noindex/StickyTabBarViewController.build/Debug-watchos/StickyTabBarViewController-t.build/Objects-normal/arm64/StickyTabBarViewController-dependency-scan.dia -validate-clang-modules-once -clang-build-session-file /Users/admin/builder/spi-builder-workspace/.derivedData/ModuleCache.noindex/Session.modulevalidation -Xcc -fmodules-prune-interval\=86400 -Xcc -fmodules-prune-after\=345600 -emit-const-values -const-gather-protocols-list /Users/admin/builder/spi-builder-workspace/.derivedData/Build/Intermediates.noindex/StickyTabBarViewController.build/Debug-watchos/StickyTabBarViewController-t.build/Objects-normal/arm64/StickyTabBarViewController_const_extract_protocols.json -Xcc -I/Users/admin/builder/spi-builder-workspace/.derivedData/Build/Products/Debug-watchos/include -Xcc -I/Users/admin/builder/spi-builder-workspace/.derivedData/Build/Intermediates.noindex/StickyTabBarViewController.build/Debug-watchos/StickyTabBarViewController-t.build/DerivedSources-normal/arm64 -Xcc -I/Users/admin/builder/spi-builder-workspace/.derivedData/Build/Intermediates.noindex/StickyTabBarViewController.build/Debug-watchos/StickyTabBarViewController-t.build/DerivedSources/arm64 -Xcc -I/Users/admin/builder/spi-builder-workspace/.derivedData/Build/Intermediates.noindex/StickyTabBarViewController.build/Debug-watchos/StickyTabBarViewController-t.build/DerivedSources -Xcc -DSWIFT_PACKAGE -Xcc -DDEBUG\=1 -emit-objc-header -emit-objc-header-path /Users/admin/builder/spi-builder-workspace/.derivedData/Build/Intermediates.noindex/StickyTabBarViewController.build/Debug-watchos/StickyTabBarViewController-t.build/Objects-normal/arm64/StickyTabBarViewController-Swift.h -working-directory /Users/admin/builder/spi-builder-workspace/.swiftpm/xcode -experimental-emit-module-separately -disable-cmo
SwiftDriver StickyTabBarViewController normal arm64_32 com.apple.xcode.tools.swift.compiler (in target 'StickyTabBarViewController' from project 'StickyTabBarViewController')
cd /Users/admin/builder/spi-builder-workspace/.swiftpm/xcode
builtin-SwiftDriver -- /Applications/Xcode-27.0.0-Release.Candidate.app/Contents/Developer/Toolchains/XcodeDefault.xctoolchain/usr/bin/swiftc -parse-as-library -module-name StickyTabBarViewController -Onone @/Users/admin/builder/spi-builder-workspace/.derivedData/Build/Intermediates.noindex/StickyTabBarViewController.build/Debug-watchos/StickyTabBarViewController-t.build/Objects-normal/arm64_32/StickyTabBarViewController.SwiftFileList -DSWIFT_PACKAGE -DDEBUG -DSWIFT_MODULE_RESOURCE_BUNDLE_UNAVAILABLE -DXcode -plugin-path /Applications/Xcode-27.0.0-Release.Candidate.app/Contents/Developer/Toolchains/XcodeDefault.xctoolchain/usr/lib/swift/host/plugins/testing -enable-experimental-feature DebugDescriptionMacro -sdk /Applications/Xcode-27.0.0-Release.Candidate.app/Contents/Developer/Platforms/WatchOS.platform/Developer/SDKs/WatchOS27.0.sdk -target arm64_32-apple-watchos9.0 -g -module-cache-path /Users/admin/builder/spi-builder-workspace/.derivedData/ModuleCache.noindex -Xfrontend -serialize-debugging-options -enable-testing -index-store-path /Users/admin/builder/spi-builder-workspace/.derivedData/Index.noindex/DataStore -Xcc -D_LIBCPP_HARDENING_MODE\=_LIBCPP_HARDENING_MODE_DEBUG -swift-version 5 -I /Users/admin/builder/spi-builder-workspace/.derivedData/Build/Products/Debug-watchos -Isystem /Applications/Xcode-27.0.0-Release.Candidate.app/Contents/Developer/Platforms/WatchOS.platform/Developer/usr/lib -F /Users/admin/builder/spi-builder-workspace/.derivedData/Build/Products/Debug-watchos -F /Applications/Xcode-27.0.0-Release.Candidate.app/Contents/Developer/Platforms/WatchOS.platform/Developer/Library/Frameworks -F /Applications/Xcode-27.0.0-Release.Candidate.app/Contents/Developer/Platforms/WatchOS.platform/Developer/SDKs/WatchOS27.0.sdk/Developer/Library/Frameworks -c -j10 -enable-batch-mode -incremental -Xcc -ivfsstatcache -Xcc /Users/admin/builder/spi-builder-workspace/.derivedData/SDKStatCaches.noindex/watchos27.0-24R360-e829b21a6f8c9b70876ba0858053c04477534ef55a1706bf4c1112bbb242f0a2.sdkstatcache -output-file-map /Users/admin/builder/spi-builder-workspace/.derivedData/Build/Intermediates.noindex/StickyTabBarViewController.build/Debug-watchos/StickyTabBarViewController-t.build/Objects-normal/arm64_32/StickyTabBarViewController-OutputFileMap.json -save-temps -no-color-diagnostics -explicit-module-build -module-cache-path /Users/admin/builder/spi-builder-workspace/.derivedData/Build/Intermediates.noindex/SwiftExplicitPrecompiledModules -clang-scanner-module-cache-path /Users/admin/builder/spi-builder-workspace/.derivedData/ModuleCache.noindex -sdk-module-cache-path /Users/admin/builder/spi-builder-workspace/.derivedData/SDKExplicitPrecompiledModules -emit-dependencies -emit-module -emit-module-path /Users/admin/builder/spi-builder-workspace/.derivedData/Build/Intermediates.noindex/StickyTabBarViewController.build/Debug-watchos/StickyTabBarViewController-t.build/Objects-normal/arm64_32/StickyTabBarViewController.swiftmodule -serialize-diagnostics -dependency-scan-serialize-diagnostics-path /Users/admin/builder/spi-builder-workspace/.derivedData/Build/Intermediates.noindex/StickyTabBarViewController.build/Debug-watchos/StickyTabBarViewController-t.build/Objects-normal/arm64_32/StickyTabBarViewController-dependency-scan.dia -validate-clang-modules-once -clang-build-session-file /Users/admin/builder/spi-builder-workspace/.derivedData/ModuleCache.noindex/Session.modulevalidation -Xcc -fmodules-prune-interval\=86400 -Xcc -fmodules-prune-after\=345600 -emit-const-values -const-gather-protocols-list /Users/admin/builder/spi-builder-workspace/.derivedData/Build/Intermediates.noindex/StickyTabBarViewController.build/Debug-watchos/StickyTabBarViewController-t.build/Objects-normal/arm64_32/StickyTabBarViewController_const_extract_protocols.json -Xcc -I/Users/admin/builder/spi-builder-workspace/.derivedData/Build/Products/Debug-watchos/include -Xcc -I/Users/admin/builder/spi-builder-workspace/.derivedData/Build/Intermediates.noindex/StickyTabBarViewController.build/Debug-watchos/StickyTabBarViewController-t.build/DerivedSources-normal/arm64_32 -Xcc -I/Users/admin/builder/spi-builder-workspace/.derivedData/Build/Intermediates.noindex/StickyTabBarViewController.build/Debug-watchos/StickyTabBarViewController-t.build/DerivedSources/arm64_32 -Xcc -I/Users/admin/builder/spi-builder-workspace/.derivedData/Build/Intermediates.noindex/StickyTabBarViewController.build/Debug-watchos/StickyTabBarViewController-t.build/DerivedSources -Xcc -DSWIFT_PACKAGE -Xcc -DDEBUG\=1 -emit-objc-header -emit-objc-header-path /Users/admin/builder/spi-builder-workspace/.derivedData/Build/Intermediates.noindex/StickyTabBarViewController.build/Debug-watchos/StickyTabBarViewController-t.build/Objects-normal/arm64_32/StickyTabBarViewController-Swift.h -working-directory /Users/admin/builder/spi-builder-workspace/.swiftpm/xcode -experimental-emit-module-separately -disable-cmo
SwiftExplicitDependencyGeneratePcm arm64_32 /Users/admin/builder/spi-builder-workspace/.derivedData/SDKExplicitPrecompiledModules/SwiftShims-9CQQGWTSNTN9EB5NSHDWUJICH.pcm
SwiftExplicitDependencyGeneratePcm arm64_32 /Users/admin/builder/spi-builder-workspace/.derivedData/SDKExplicitPrecompiledModules/_Builtin_float-6KO8O3PEWRCA4WC6PPLOYO6WJ.pcm
SwiftExplicitDependencyGeneratePcm arm64_32 /Users/admin/builder/spi-builder-workspace/.derivedData/SDKExplicitPrecompiledModules/ptrcheck-7ELIH9BTIGVKX3UBITM9N72WD.pcm
SwiftExplicitDependencyGeneratePcm arm64_32 /Users/admin/builder/spi-builder-workspace/.derivedData/SDKExplicitPrecompiledModules/_Builtin_stdarg-D305JG44A2WPI6CJY37X3QJE8.pcm
SwiftExplicitDependencyGeneratePcm arm64_32 /Users/admin/builder/spi-builder-workspace/.derivedData/SDKExplicitPrecompiledModules/_SwiftConcurrencyShims-6RTBPQ03V7BM9SPRK8SUE055H.pcm
SwiftExplicitDependencyGeneratePcm arm64_32 /Users/admin/builder/spi-builder-workspace/.derivedData/SDKExplicitPrecompiledModules/_Builtin_stdbool-A967K8W8YUYEC9SN52KJ7OO88.pcm
SwiftExplicitDependencyGeneratePcm arm64_32 /Users/admin/builder/spi-builder-workspace/.derivedData/SDKExplicitPrecompiledModules/_AvailabilityInternal-244WAN3Z1QBT7PIA64EZEFY1R.pcm
SwiftExplicitDependencyGeneratePcm arm64 /Users/admin/builder/spi-builder-workspace/.derivedData/SDKExplicitPrecompiledModules/_Builtin_stdbool-83J96QSOFE9VX04AAS6310UAE.pcm
SwiftExplicitDependencyGeneratePcm arm64 /Users/admin/builder/spi-builder-workspace/.derivedData/SDKExplicitPrecompiledModules/DeveloperToolsSupport-E7CNISCB36UE8XQ9IOHK9XDX1.pcm
SwiftExplicitDependencyGeneratePcm arm64 /Users/admin/builder/spi-builder-workspace/.derivedData/SDKExplicitPrecompiledModules/ptrauth-3TZ9WJCGLYD25HQPWH4968ONX.pcm
SwiftExplicitDependencyGeneratePcm arm64 /Users/admin/builder/spi-builder-workspace/.derivedData/SDKExplicitPrecompiledModules/_AvailabilityInternal-BUNV3UXM65NT37THI4W1AM0SF.pcm
SwiftExplicitDependencyGeneratePcm arm64 /Users/admin/builder/spi-builder-workspace/.derivedData/SDKExplicitPrecompiledModules/_Builtin_float-C0CW5Q4HGBQYKE77TC42IAFB5.pcm
SwiftExplicitDependencyGeneratePcm arm64 /Users/admin/builder/spi-builder-workspace/.derivedData/SDKExplicitPrecompiledModules/_SwiftConcurrencyShims-659N52XSKR5F0QSB880BH2FJR.pcm
SwiftExplicitDependencyGeneratePcm arm64 /Users/admin/builder/spi-builder-workspace/.derivedData/SDKExplicitPrecompiledModules/_Builtin_stddef-1FU30Y8SWFB7OUUHMJQH5J6FM.pcm
SwiftExplicitDependencyGeneratePcm arm64 /Users/admin/builder/spi-builder-workspace/.derivedData/SDKExplicitPrecompiledModules/_Builtin_stdarg-A7UU8LE6MP85SM26YO7PBZNUQ.pcm
SwiftExplicitDependencyGeneratePcm arm64_32 /Users/admin/builder/spi-builder-workspace/.derivedData/SDKExplicitPrecompiledModules/ptrauth-BFXF358ME5AK535N5A9Z766WU.pcm
SwiftExplicitDependencyGeneratePcm arm64_32 /Users/admin/builder/spi-builder-workspace/.derivedData/SDKExplicitPrecompiledModules/_Builtin_stddef-H44EFHQX6XSS5MZ7QP6YJZ76.pcm
SwiftExplicitDependencyGeneratePcm arm64 /Users/admin/builder/spi-builder-workspace/.derivedData/SDKExplicitPrecompiledModules/ptrcheck-AIF0NDOYZ8ORBNHQAQR5NNB8M.pcm
SwiftExplicitDependencyGeneratePcm arm64_32 /Users/admin/builder/spi-builder-workspace/.derivedData/SDKExplicitPrecompiledModules/DeveloperToolsSupport-DZU5G1OCMNWU0AQRULIFHUJ1Z.pcm
SwiftExplicitDependencyGeneratePcm arm64_32 /Users/admin/builder/spi-builder-workspace/.derivedData/SDKExplicitPrecompiledModules/_DarwinFoundation1-2GWF9RFMPLQW4PDHS3NARVI3G.pcm
SwiftExplicitDependencyGeneratePcm arm64 /Users/admin/builder/spi-builder-workspace/.derivedData/SDKExplicitPrecompiledModules/SwiftShims-4MXFZPV6FEB0XBYXCGPWAMQGL.pcm
SwiftExplicitDependencyGeneratePcm arm64 /Users/admin/builder/spi-builder-workspace/.derivedData/SDKExplicitPrecompiledModules/_DarwinFoundation1-7SPX3MD0HMP55E4OLNCPNDQ53.pcm
SwiftExplicitDependencyGeneratePcm arm64_32 /Users/admin/builder/spi-builder-workspace/.derivedData/SDKExplicitPrecompiledModules/_DarwinFoundation2-9MY8GOSYRO0M9MKNXF6D3MBNK.pcm
SwiftExplicitDependencyGeneratePcm arm64_32 /Users/admin/builder/spi-builder-workspace/.derivedData/SDKExplicitPrecompiledModules/_Builtin_limits-3VKBU2AFTD65PAJZ5CJ3LHFM2.pcm
SwiftExplicitDependencyGeneratePcm arm64 /Users/admin/builder/spi-builder-workspace/.derivedData/SDKExplicitPrecompiledModules/_Builtin_limits-9GWPA2B0H20DYUNYHYCWKABJG.pcm
SwiftExplicitDependencyGeneratePcm arm64 /Users/admin/builder/spi-builder-workspace/.derivedData/SDKExplicitPrecompiledModules/_DarwinFoundation2-D0XAPJU49S5E9XMKYOFGSTB1Q.pcm
SwiftExplicitDependencyGeneratePcm arm64_32 /Users/admin/builder/spi-builder-workspace/.derivedData/SDKExplicitPrecompiledModules/sys_types-8TLLMW08ZJWDGIIPKOYFGHHZW.pcm
SwiftExplicitDependencyGeneratePcm arm64_32 /Users/admin/builder/spi-builder-workspace/.derivedData/SDKExplicitPrecompiledModules/string_h-BFVLUQUSBZWYMLCU9QI7VZALW.pcm
SwiftExplicitDependencyGeneratePcm arm64_32 /Users/admin/builder/spi-builder-workspace/.derivedData/SDKExplicitPrecompiledModules/_Builtin_stdint-1HMXWI3V0V4TXHRWZOMZGZ80Y.pcm
SwiftExplicitDependencyGeneratePcm arm64_32 /Users/admin/builder/spi-builder-workspace/.derivedData/SDKExplicitPrecompiledModules/_Builtin_tgmath-23PGCKURCQILXMK0MYZRYDCOU.pcm
SwiftExplicitDependencyGeneratePcm arm64 /Users/admin/builder/spi-builder-workspace/.derivedData/SDKExplicitPrecompiledModules/string_h-E6PRXK75PHIPCZFWOFCQ3QBMK.pcm
SwiftExplicitDependencyGeneratePcm arm64 /Users/admin/builder/spi-builder-workspace/.derivedData/SDKExplicitPrecompiledModules/_Builtin_stdint-8XMILLJZEGRN2XG7XZUXZ5RLX.pcm
SwiftExplicitDependencyGeneratePcm arm64 /Users/admin/builder/spi-builder-workspace/.derivedData/SDKExplicitPrecompiledModules/_Builtin_tgmath-8NQ96OZ0YHXEC24JI95P01UF8.pcm
SwiftExplicitDependencyGeneratePcm arm64 /Users/admin/builder/spi-builder-workspace/.derivedData/SDKExplicitPrecompiledModules/sys_types-2KXQLI78OUCDP779AE68GZJ2.pcm
SwiftExplicitDependencyGeneratePcm arm64_32 /Users/admin/builder/spi-builder-workspace/.derivedData/SDKExplicitPrecompiledModules/_Builtin_intrinsics-196IIAKDQVU42DLOZP9OQCV76.pcm
SwiftExplicitDependencyGeneratePcm arm64_32 /Users/admin/builder/spi-builder-workspace/.derivedData/SDKExplicitPrecompiledModules/_DarwinFoundation3-3DUTYQDQSD9HUAAVY947NMWOI.pcm
SwiftExplicitDependencyGeneratePcm arm64_32 /Users/admin/builder/spi-builder-workspace/.derivedData/SDKExplicitPrecompiledModules/_Builtin_stdatomic-1TY035TURL76BF2U98PZPPZRX.pcm
SwiftExplicitDependencyGeneratePcm arm64 /Users/admin/builder/spi-builder-workspace/.derivedData/SDKExplicitPrecompiledModules/_Builtin_intrinsics-75960HIPCIYA06IUW8FIIPQT.pcm
SwiftExplicitDependencyGeneratePcm arm64 /Users/admin/builder/spi-builder-workspace/.derivedData/SDKExplicitPrecompiledModules/_Builtin_stdatomic-7JEFA3KBJJJN6TKJWY3OG1VG5.pcm
SwiftExplicitDependencyGeneratePcm arm64 /Users/admin/builder/spi-builder-workspace/.derivedData/SDKExplicitPrecompiledModules/_DarwinFoundation3-B97LRG0E9GON2NUE65TVG81HU.pcm
SwiftExplicitDependencyGeneratePcm arm64_32 /Users/admin/builder/spi-builder-workspace/.derivedData/SDKExplicitPrecompiledModules/_Builtin_inttypes-D2KPCR4PEX9AQA33NGLUT5SBR.pcm
SwiftExplicitDependencyGeneratePcm arm64 /Users/admin/builder/spi-builder-workspace/.derivedData/SDKExplicitPrecompiledModules/_Builtin_inttypes-3UQSCM7WNM9EK4HZML8TY5J3D.pcm
SwiftExplicitDependencyGeneratePcm arm64_32 /Users/admin/builder/spi-builder-workspace/.derivedData/SDKExplicitPrecompiledModules/Darwin-3FVT1SKLN2ZQ5RVOABMTQBB34.pcm
SwiftExplicitDependencyGeneratePcm arm64 /Users/admin/builder/spi-builder-workspace/.derivedData/SDKExplicitPrecompiledModules/Darwin-3984OXKFNSPE77NT743WK8SEX.pcm
SwiftExplicitDependencyGeneratePcm arm64_32 /Users/admin/builder/spi-builder-workspace/.derivedData/SDKExplicitPrecompiledModules/simd-21UNWYOBUZI1LVSQ99S1XBLMO.pcm
SwiftExplicitDependencyGeneratePcm arm64 /Users/admin/builder/spi-builder-workspace/.derivedData/SDKExplicitPrecompiledModules/simd-EH08NODU6574T74ZKU61VP9BW.pcm
SwiftExplicitDependencyGeneratePcm arm64_32 /Users/admin/builder/spi-builder-workspace/.derivedData/SDKExplicitPrecompiledModules/MachO-56838ZJ0NC1EBAJ0O6O8QMPDX.pcm
SwiftExplicitDependencyGeneratePcm arm64_32 /Users/admin/builder/spi-builder-workspace/.derivedData/SDKExplicitPrecompiledModules/ObjectiveC-6IJNELR2E80E7LUKESVCP2KET.pcm
SwiftExplicitDependencyGeneratePcm arm64 /Users/admin/builder/spi-builder-workspace/.derivedData/SDKExplicitPrecompiledModules/MachO-2U90NNSAQILBNBPS1SA4F8TYP.pcm
SwiftExplicitDependencyGeneratePcm arm64 /Users/admin/builder/spi-builder-workspace/.derivedData/SDKExplicitPrecompiledModules/ObjectiveC-72IVD3VS2RS8Q28D9PIMY0KQP.pcm
SwiftExplicitDependencyGeneratePcm arm64_32 /Users/admin/builder/spi-builder-workspace/.derivedData/SDKExplicitPrecompiledModules/os_object-5YWTC6L4756IWSTPGXS5NM0D0.pcm
SwiftExplicitDependencyGeneratePcm arm64 /Users/admin/builder/spi-builder-workspace/.derivedData/SDKExplicitPrecompiledModules/os_object-3SDKD7F87FTZ26OON37DRYT6O.pcm
SwiftExplicitDependencyGeneratePcm arm64_32 /Users/admin/builder/spi-builder-workspace/.derivedData/SDKExplicitPrecompiledModules/os_workgroup-5JHTPDMNBUNHLJI8LPHKQK1JK.pcm
SwiftExplicitDependencyGeneratePcm arm64 /Users/admin/builder/spi-builder-workspace/.derivedData/SDKExplicitPrecompiledModules/os_workgroup-89GG5G7YC2D0ZTK6AZXXQ20DH.pcm
SwiftExplicitDependencyGeneratePcm arm64_32 /Users/admin/builder/spi-builder-workspace/.derivedData/SDKExplicitPrecompiledModules/Dispatch-2P62F1T4XV63S4P99TUDTOK2Q.pcm
SwiftExplicitDependencyGeneratePcm arm64_32 /Users/admin/builder/spi-builder-workspace/.derivedData/SDKExplicitPrecompiledModules/Spatial-CWVWNML3T0NXVHZDKVLD3X1YZ.pcm
SwiftExplicitDependencyGeneratePcm arm64 /Users/admin/builder/spi-builder-workspace/.derivedData/SDKExplicitPrecompiledModules/Dispatch-1NLJOVAK60XP0DUB05XA59EIM.pcm
SwiftExplicitDependencyGeneratePcm arm64 /Users/admin/builder/spi-builder-workspace/.derivedData/SDKExplicitPrecompiledModules/Spatial-44FJGYXFAT2AQAW9Z6T7YS02U.pcm
SwiftExplicitDependencyGeneratePcm arm64_32 /Users/admin/builder/spi-builder-workspace/.derivedData/SDKExplicitPrecompiledModules/CoreFoundation-8E6Y4BA3EXYKUGJ24GT9LGV3N.pcm
SwiftExplicitDependencyGeneratePcm arm64_32 /Users/admin/builder/spi-builder-workspace/.derivedData/SDKExplicitPrecompiledModules/XPC-81Y45QFY96XYYFCW2GT6FY8S4.pcm
SwiftExplicitDependencyGeneratePcm arm64 /Users/admin/builder/spi-builder-workspace/.derivedData/SDKExplicitPrecompiledModules/XPC-40DR0X1DHKGCV4J1IOLFS8MOU.pcm
SwiftExplicitDependencyGeneratePcm arm64 /Users/admin/builder/spi-builder-workspace/.derivedData/SDKExplicitPrecompiledModules/CoreFoundation-8T2L24YC5NU7WO6WQJWRY7W08.pcm
SwiftExplicitDependencyGeneratePcm arm64_32 /Users/admin/builder/spi-builder-workspace/.derivedData/SDKExplicitPrecompiledModules/os-E5IGB442IA6SBB25TTCOLK2OC.pcm
SwiftExplicitDependencyGeneratePcm arm64_32 /Users/admin/builder/spi-builder-workspace/.derivedData/SDKExplicitPrecompiledModules/CoreGraphics-9FDXYX6BKBUT6TJ2VF819E7T5.pcm
SwiftExplicitDependencyGeneratePcm arm64_32 /Users/admin/builder/spi-builder-workspace/.derivedData/SDKExplicitPrecompiledModules/Security-D7TOWF88VWF67TB9HAFP5UWB1.pcm
SwiftExplicitDependencyGeneratePcm arm64 /Users/admin/builder/spi-builder-workspace/.derivedData/SDKExplicitPrecompiledModules/os-5DIL6Z9LFIGLMZAHM7X2T5435.pcm
SwiftExplicitDependencyGeneratePcm arm64 /Users/admin/builder/spi-builder-workspace/.derivedData/SDKExplicitPrecompiledModules/Security-6RZ6YBRU8WCUHRFFRVUK5WKMM.pcm
SwiftExplicitDependencyGeneratePcm arm64 /Users/admin/builder/spi-builder-workspace/.derivedData/SDKExplicitPrecompiledModules/CoreGraphics-DWNZ73GEH98SBJXZ7DEXB420K.pcm
SwiftExplicitDependencyGeneratePcm arm64_32 /Users/admin/builder/spi-builder-workspace/.derivedData/SDKExplicitPrecompiledModules/Foundation-BJ2VQGI3OGR34500MEQ1VKHPH.pcm
SwiftExplicitDependencyGeneratePcm arm64_32 /Users/admin/builder/spi-builder-workspace/.derivedData/SDKExplicitPrecompiledModules/CoreVideo-2P8HI0403J99LBDPKNFJ5D4DL.pcm
SwiftExplicitDependencyGeneratePcm arm64_32 /Users/admin/builder/spi-builder-workspace/.derivedData/SDKExplicitPrecompiledModules/CoreText-C9X2REPZN2V5BSU4G80FCETDR.pcm
SwiftExplicitDependencyGeneratePcm arm64 /Users/admin/builder/spi-builder-workspace/.derivedData/SDKExplicitPrecompiledModules/Foundation-DLBKUSGXN8QHAT8W0OARR9S8A.pcm
SwiftExplicitDependencyGeneratePcm arm64 /Users/admin/builder/spi-builder-workspace/.derivedData/SDKExplicitPrecompiledModules/CoreVideo-8MRR5MNWUOAW2DBPGUQ8FKK4.pcm
SwiftExplicitDependencyGeneratePcm arm64 /Users/admin/builder/spi-builder-workspace/.derivedData/SDKExplicitPrecompiledModules/CoreText-970YJN6NIYGK1316L35Z0O8QT.pcm
SwiftExplicitDependencyGeneratePcm arm64_32 /Users/admin/builder/spi-builder-workspace/.derivedData/SDKExplicitPrecompiledModules/_LocationEssentials-AQ1OL9QKC3LQLY5CNSRM1HB53.pcm
SwiftExplicitDependencyGeneratePcm arm64_32 /Users/admin/builder/spi-builder-workspace/.derivedData/SDKExplicitPrecompiledModules/DataDetection-U9BF7WHFVA6BZGFXXXP272PS.pcm
SwiftExplicitDependencyGeneratePcm arm64_32 /Users/admin/builder/spi-builder-workspace/.derivedData/SDKExplicitPrecompiledModules/CoreTransferable-5D4IR6X37682FPHJ5CBPTKQV6.pcm
SwiftExplicitDependencyGeneratePcm arm64_32 /Users/admin/builder/spi-builder-workspace/.derivedData/SDKExplicitPrecompiledModules/OSLog-D9AVFY0KWO7RVBIQ73CBIJVCN.pcm
SwiftExplicitDependencyGeneratePcm arm64_32 /Users/admin/builder/spi-builder-workspace/.derivedData/SDKExplicitPrecompiledModules/UserNotifications-6TBN8TEAKO014N1T2QD926XED.pcm
SwiftExplicitDependencyGeneratePcm arm64_32 /Users/admin/builder/spi-builder-workspace/.derivedData/SDKExplicitPrecompiledModules/Symbols-1H97WMG76HU94F5VGJR19PXFY.pcm
SwiftExplicitDependencyGeneratePcm arm64_32 /Users/admin/builder/spi-builder-workspace/.derivedData/SDKExplicitPrecompiledModules/UIUtilities-9YFVNIMRC5HRVOIARNWHP1E3H.pcm
SwiftExplicitDependencyGeneratePcm arm64_32 /Users/admin/builder/spi-builder-workspace/.derivedData/SDKExplicitPrecompiledModules/UniformTypeIdentifiers-CJZ3NTHPSBH4XWX5EVOG56UZS.pcm
SwiftExplicitDependencyGeneratePcm arm64_32 /Users/admin/builder/spi-builder-workspace/.derivedData/SDKExplicitPrecompiledModules/QuartzCore-6375NPYACK5NYVHPMC1QQ8MC2.pcm
SwiftExplicitDependencyGeneratePcm arm64_32 /Users/admin/builder/spi-builder-workspace/.derivedData/SDKExplicitPrecompiledModules/Accessibility-F385OMZ5GYBUY5O4QAJB4NRII.pcm
SwiftExplicitDependencyGeneratePcm arm64 /Users/admin/builder/spi-builder-workspace/.derivedData/SDKExplicitPrecompiledModules/OSLog-B7VGO357Y3GJG35TST7DKDSI3.pcm
SwiftExplicitDependencyGeneratePcm arm64 /Users/admin/builder/spi-builder-workspace/.derivedData/SDKExplicitPrecompiledModules/Accessibility-27QMG6ZQ1NKYTNBYFPM1XKNFC.pcm
SwiftExplicitDependencyGeneratePcm arm64 /Users/admin/builder/spi-builder-workspace/.derivedData/SDKExplicitPrecompiledModules/Symbols-3EFABTJ9L5PQDJ7RQCYQWEJMM.pcm
SwiftExplicitDependencyGeneratePcm arm64 /Users/admin/builder/spi-builder-workspace/.derivedData/SDKExplicitPrecompiledModules/QuartzCore-94KFMWNOU7ZLUZNB4T5DLZC9D.pcm
SwiftExplicitDependencyGeneratePcm arm64 /Users/admin/builder/spi-builder-workspace/.derivedData/SDKExplicitPrecompiledModules/CoreTransferable-9PPG3SLJ55T4LITIFYX2M0NOZ.pcm
SwiftExplicitDependencyGeneratePcm arm64 /Users/admin/builder/spi-builder-workspace/.derivedData/SDKExplicitPrecompiledModules/UniformTypeIdentifiers-8L08Q8DQJV8C4AW84YVGFGTRN.pcm
SwiftExplicitDependencyGeneratePcm arm64 /Users/admin/builder/spi-builder-workspace/.derivedData/SDKExplicitPrecompiledModules/DataDetection-7BNVI1SZW5ISQL5SX4WL2X7I5.pcm
SwiftExplicitDependencyGeneratePcm arm64 /Users/admin/builder/spi-builder-workspace/.derivedData/SDKExplicitPrecompiledModules/_LocationEssentials-5ZZDGDXB6HLQUC72SJW7YJ7MK.pcm
SwiftExplicitDependencyGeneratePcm arm64 /Users/admin/builder/spi-builder-workspace/.derivedData/SDKExplicitPrecompiledModules/UIUtilities-IR7RNW23VAUKYI9MLCS9NL9A.pcm
SwiftExplicitDependencyGeneratePcm arm64_32 /Users/admin/builder/spi-builder-workspace/.derivedData/SDKExplicitPrecompiledModules/SwiftUICore-3Q7WLRD8MR9R3NGIPUBQCP6F6.pcm
SwiftExplicitDependencyGeneratePcm arm64_32 /Users/admin/builder/spi-builder-workspace/.derivedData/SDKExplicitPrecompiledModules/CoreLocation-8XU5YMYM4P11RQMYCQAG65ITK.pcm
SwiftExplicitDependencyGeneratePcm arm64 /Users/admin/builder/spi-builder-workspace/.derivedData/SDKExplicitPrecompiledModules/UserNotifications-ARAH8MEQ0C2L0FBO39HITJMAO.pcm
SwiftExplicitDependencyGeneratePcm arm64 /Users/admin/builder/spi-builder-workspace/.derivedData/SDKExplicitPrecompiledModules/CoreLocation-ACKJ9K7ABI14F97Y46Y6SRR17.pcm
SwiftExplicitDependencyGeneratePcm arm64 /Users/admin/builder/spi-builder-workspace/.derivedData/SDKExplicitPrecompiledModules/SwiftUICore-C1DST1IX2Z0PTH5SJJZ1IULRB.pcm
SwiftExplicitDependencyGeneratePcm arm64_32 /Users/admin/builder/spi-builder-workspace/.derivedData/SDKExplicitPrecompiledModules/CoreMotion-1XGTVTE5PP32UHME8AC63TL6.pcm
SwiftExplicitDependencyGeneratePcm arm64 /Users/admin/builder/spi-builder-workspace/.derivedData/SDKExplicitPrecompiledModules/CoreMotion-6RD5K48QT1F4L9CATNFD2O7YB.pcm
SwiftExplicitDependencyGeneratePcm arm64_32 /Users/admin/builder/spi-builder-workspace/.derivedData/SDKExplicitPrecompiledModules/UIKit-6PPV7YPZ89CZPHYAP072QH8B6.pcm
SwiftExplicitDependencyGeneratePcm arm64 /Users/admin/builder/spi-builder-workspace/.derivedData/SDKExplicitPrecompiledModules/UIKit-27R3P1YMV4C6JLDT661G3MRIA.pcm
SwiftEmitModule normal arm64_32 Emitting\ module\ for\ StickyTabBarViewController (in target 'StickyTabBarViewController' from project 'StickyTabBarViewController')
/Users/admin/builder/spi-builder-workspace/StickyTabBarViewController/Classes/ExpandableViewController.swift:12:24: error: 'UIView' is unavailable in watchOS
10 |
11 | public protocol Expandable: UIViewController {
12 | var minimisedView: UIView { get }
| `- error: 'UIView' is unavailable in watchOS
13 | var container: StickyViewControllerSupporting? { get set }
14 | }
/Applications/Xcode-27.0.0-Release.Candidate.app/Contents/Developer/Platforms/WatchOS.platform/Developer/SDKs/WatchOS27.0.sdk/System/Library/Frameworks/UIKit.framework/Headers/UIView.h:152:12: note: 'UIView' has been explicitly marked unavailable here
150 |
151 | UIKIT_EXTERN API_AVAILABLE(ios(2.0)) API_UNAVAILABLE(watchos) NS_SWIFT_UI_ACTOR
152 | @interface UIView : UIResponder <NSCoding, UIAppearance, UIAppearanceContainer, UIDynamicItem, UITraitEnvironment, UICoordinateSpace, UIFocusItem, UIFocusItemContainer, CALayerDelegate>
| `- note: 'UIView' has been explicitly marked unavailable here
153 |
154 | @property(class, nonatomic, readonly) Class layerClass; // default is [CALayer class]. Used when creating the underlying layer for the view.
/Users/admin/builder/spi-builder-workspace/StickyTabBarViewController/Classes/ExpandableViewController.swift:11:29: error: 'UIViewController' is unavailable in watchOS
9 | import UIKit
10 |
11 | public protocol Expandable: UIViewController {
| `- error: 'UIViewController' is unavailable in watchOS
12 | var minimisedView: UIView { get }
13 | var container: StickyViewControllerSupporting? { get set }
/Applications/Xcode-27.0.0-Release.Candidate.app/Contents/Developer/Platforms/WatchOS.platform/Developer/SDKs/WatchOS27.0.sdk/System/Library/Frameworks/UIKit.framework/Headers/UIViewController.h:104:12: note: 'UIViewController' has been explicitly marked unavailable here
102 |
103 | UIKIT_EXTERN API_AVAILABLE(ios(2.0)) API_UNAVAILABLE(watchos) NS_SWIFT_UI_ACTOR
104 | @interface UIViewController : UIResponder <NSCoding, UIAppearanceContainer, UITraitEnvironment, UIContentContainer, UIFocusEnvironment>
| `- note: 'UIViewController' has been explicitly marked unavailable here
105 |
106 | /*
/Users/admin/builder/spi-builder-workspace/StickyTabBarViewController/Classes/ExpandableViewController.swift:28:27: error: 'NSLayoutConstraint' is unavailable in watchOS
26 | // MARK: - Internal properties
27 |
28 | var heightConstraint: NSLayoutConstraint!
| `- error: 'NSLayoutConstraint' is unavailable in watchOS
29 | var isEnlarged = false
30 |
/Applications/Xcode-27.0.0-Release.Candidate.app/Contents/Developer/Platforms/WatchOS.platform/Developer/SDKs/WatchOS27.0.sdk/System/Library/Frameworks/UIKit.framework/Headers/NSLayoutConstraint.h:126:12: note: 'NSLayoutConstraint' has been explicitly marked unavailable here
124 |
125 | NSLAYOUTCONSTRAINT_EXTERN API_AVAILABLE(macos(10.7), ios(6.0), tvos(9.0)) API_UNAVAILABLE(watchos) NS_SWIFT_UI_ACTOR
126 | @interface NSLayoutConstraint : NSObject
| `- note: 'NSLayoutConstraint' has been explicitly marked unavailable here
127 |
128 | /* Create an array of constraints using an ASCII-art-like visual format string. The values of the `metrics` dictionary should be NSNumber (or some other type that responds to -doubleValue and returns a double).
/Users/admin/builder/spi-builder-workspace/StickyTabBarViewController/Classes/ExpandableViewController.swift:33:33: error: 'UIScreen' is unavailable in watchOS
31 | weak var tabController: StickyViewControllerSupporting?
32 |
33 | let deviceHeight: CGFloat = UIScreen.main.bounds.height
| `- error: 'UIScreen' is unavailable in watchOS
34 | var collapsedHeight: CGFloat
35 | var animationDuration: TimeInterval
/Applications/Xcode-27.0.0-Release.Candidate.app/Contents/Developer/Platforms/WatchOS.platform/Developer/SDKs/WatchOS27.0.sdk/System/Library/Frameworks/UIKit.framework/Headers/UIScreen.h:54:12: note: 'UIScreen' has been explicitly marked unavailable here
52 |
53 | UIKIT_EXTERN API_AVAILABLE(ios(2.0)) API_UNAVAILABLE(visionos, watchos) NS_SWIFT_UI_ACTOR
54 | @interface UIScreen : NSObject <UITraitEnvironment>
| `- note: 'UIScreen' has been explicitly marked unavailable here
55 |
56 | @property(class, nonatomic, readonly) NSArray<UIScreen *> *screens API_DEPRECATED("Use UIApplication.shared.openSessions to find open sessions with scenes from other screens", ios(3.2, 16.0), visionos(1.0, 1.0)) API_UNAVAILABLE(watchos); // all screens currently attached to the device
/Users/admin/builder/spi-builder-workspace/StickyTabBarViewController/Classes/ExpandableViewController.swift:33:42: error: 'main' is unavailable in watchOS
31 | weak var tabController: StickyViewControllerSupporting?
32 |
33 | let deviceHeight: CGFloat = UIScreen.main.bounds.height
| `- error: 'main' is unavailable in watchOS
34 | var collapsedHeight: CGFloat
35 | var animationDuration: TimeInterval
/Applications/Xcode-27.0.0-Release.Candidate.app/Contents/Developer/Platforms/WatchOS.platform/Developer/SDKs/WatchOS27.0.sdk/System/Library/Frameworks/UIKit.framework/Headers/UIScreen.h:57:49: note: 'main' has been explicitly marked unavailable here
55 |
56 | @property(class, nonatomic, readonly) NSArray<UIScreen *> *screens API_DEPRECATED("Use UIApplication.shared.openSessions to find open sessions with scenes from other screens", ios(3.2, 16.0), visionos(1.0, 1.0)) API_UNAVAILABLE(watchos); // all screens currently attached to the device
57 | @property(class, nonatomic, readonly) UIScreen *mainScreen API_DEPRECATED("Use a UIScreen instance found through context instead (i.e, view.window.windowScene.screen), or for properties like UIScreen.scale with trait equivalents, use a traitCollection found through context.", ios(2.0, 26.0), tvos(9.0, 26.0), visionos(1.0, 26.0)) API_UNAVAILABLE(watchos);
| `- note: 'main' has been explicitly marked unavailable here
58 |
59 | @property(nonatomic,readonly) CGRect bounds; // Bounds of entire screen in points
/Users/admin/builder/spi-builder-workspace/StickyTabBarViewController/Classes/ExpandableViewController.swift:39:32: error: 'UIView' is unavailable in watchOS
37 | // MARK: - Private properties
38 |
39 | private var minimisedView: UIView
| `- error: 'UIView' is unavailable in watchOS
40 | private let childVC: Expandable
41 |
/Applications/Xcode-27.0.0-Release.Candidate.app/Contents/Developer/Platforms/WatchOS.platform/Developer/SDKs/WatchOS27.0.sdk/System/Library/Frameworks/UIKit.framework/Headers/UIView.h:152:12: note: 'UIView' has been explicitly marked unavailable here
150 |
151 | UIKIT_EXTERN API_AVAILABLE(ios(2.0)) API_UNAVAILABLE(watchos) NS_SWIFT_UI_ACTOR
152 | @interface UIView : UIResponder <NSCoding, UIAppearance, UIAppearanceContainer, UIDynamicItem, UITraitEnvironment, UICoordinateSpace, UIFocusItem, UIFocusItemContainer, CALayerDelegate>
| `- note: 'UIView' has been explicitly marked unavailable here
153 |
154 | @property(class, nonatomic, readonly) Class layerClass; // default is [CALayer class]. Used when creating the underlying layer for the view.
/Users/admin/builder/spi-builder-workspace/StickyTabBarViewController/Classes/ExpandableViewController.swift:45:27: error: 'UIViewPropertyAnimator' is unavailable in watchOS
43 |
44 | lazy var isBeginningUpwards = !isEnlarged
45 | var runningAnimation: UIViewPropertyAnimator?
| `- error: 'UIViewPropertyAnimator' is unavailable in watchOS
46 | var animationProgressWhenInterrupted: CGFloat = 0
47 |
/Applications/Xcode-27.0.0-Release.Candidate.app/Contents/Developer/Platforms/WatchOS.platform/Developer/SDKs/WatchOS27.0.sdk/System/Library/Frameworks/UIKit.framework/Headers/UIViewPropertyAnimator.h:17:12: note: 'UIViewPropertyAnimator' has been explicitly marked unavailable here
15 |
16 | UIKIT_EXTERN API_AVAILABLE(ios(10.0)) API_UNAVAILABLE(watchos) NS_SWIFT_UI_ACTOR
17 | @interface UIViewPropertyAnimator : NSObject <UIViewImplicitlyAnimating, NSCopying>
| `- note: 'UIViewPropertyAnimator' has been explicitly marked unavailable here
18 |
19 | @property(nullable, nonatomic, copy, readonly) id <UITimingCurveProvider> timingParameters;
/Users/admin/builder/spi-builder-workspace/StickyTabBarViewController/Classes/ExpandableViewController.swift:95:51: error: 'UITapGestureRecognizer' is unavailable in watchOS
93 | }
94 |
95 | @objc private func enlargeWithTap(recognizer: UITapGestureRecognizer) {
| `- error: 'UITapGestureRecognizer' is unavailable in watchOS
96 | switch recognizer.state {
97 | case .ended:
/Applications/Xcode-27.0.0-Release.Candidate.app/Contents/Developer/Platforms/WatchOS.platform/Developer/SDKs/WatchOS27.0.sdk/System/Library/Frameworks/UIKit.framework/Headers/UITapGestureRecognizer.h:23:12: note: 'UITapGestureRecognizer' has been explicitly marked unavailable here
21 |
22 | UIKIT_EXTERN API_AVAILABLE(ios(3.2)) API_UNAVAILABLE(watchos) NS_SWIFT_UI_ACTOR
23 | @interface UITapGestureRecognizer : UIGestureRecognizer
| `- note: 'UITapGestureRecognizer' has been explicitly marked unavailable here
24 |
25 | @property (nonatomic) NSUInteger numberOfTapsRequired; // Default is 1. The number of taps required to match
/Users/admin/builder/spi-builder-workspace/StickyTabBarViewController/Classes/ExpandableViewController.swift:104:46: error: 'UIPanGestureRecognizer' is unavailable in watchOS
102 | }
103 |
104 | @objc private func handlePan(recognizer: UIPanGestureRecognizer) {
| `- error: 'UIPanGestureRecognizer' is unavailable in watchOS
105 | switch recognizer.state {
106 | case .began:
/Applications/Xcode-27.0.0-Release.Candidate.app/Contents/Developer/Platforms/WatchOS.platform/Developer/SDKs/WatchOS27.0.sdk/System/Library/Frameworks/UIKit.framework/Headers/UIPanGestureRecognizer.h:31:12: note: 'UIPanGestureRecognizer' has been explicitly marked unavailable here
29 |
30 | UIKIT_EXTERN API_AVAILABLE(ios(3.2)) API_UNAVAILABLE(watchos) NS_SWIFT_UI_ACTOR
31 | @interface UIPanGestureRecognizer : UIGestureRecognizer
| `- note: 'UIPanGestureRecognizer' has been explicitly marked unavailable here
32 |
33 | @property (nonatomic) NSUInteger minimumNumberOfTouches API_UNAVAILABLE(tvos); // default is 1. the minimum number of touches required to match
/Users/admin/builder/spi-builder-workspace/StickyTabBarViewController/Classes/ExpandableViewController.swift:24:33: error: 'UIViewController' is unavailable in watchOS
22 | }
23 |
24 | class ExpandableViewController: UIViewController {
| `- error: 'UIViewController' is unavailable in watchOS
25 |
26 | // MARK: - Internal properties
/Applications/Xcode-27.0.0-Release.Candidate.app/Contents/Developer/Platforms/WatchOS.platform/Developer/SDKs/WatchOS27.0.sdk/System/Library/Frameworks/UIKit.framework/Headers/UIViewController.h:104:12: note: 'UIViewController' has been explicitly marked unavailable here
102 |
103 | UIKIT_EXTERN API_AVAILABLE(ios(2.0)) API_UNAVAILABLE(watchos) NS_SWIFT_UI_ACTOR
104 | @interface UIViewController : UIResponder <NSCoding, UIAppearanceContainer, UITraitEnvironment, UIContentContainer, UIFocusEnvironment>
| `- note: 'UIViewController' has been explicitly marked unavailable here
105 |
106 | /*
/Users/admin/builder/spi-builder-workspace/StickyTabBarViewController/Classes/StickyViewControllerSupportingTabBarController.swift:10:49: error: 'UITabBarController' is unavailable in watchOS
8 | import UIKit
9 |
10 | public protocol StickyViewControllerSupporting: UITabBarController {
| `- error: 'UITabBarController' is unavailable in watchOS
11 | var collapsedHeight: CGFloat { get set }
12 | var animationDuration: TimeInterval { get set }
/Applications/Xcode-27.0.0-Release.Candidate.app/Contents/Developer/Platforms/WatchOS.platform/Developer/SDKs/WatchOS27.0.sdk/System/Library/Frameworks/UIKit.framework/Headers/UITabBarController.h:64:12: note: 'UITabBarController' has been explicitly marked unavailable here
62 |
63 | UIKIT_EXTERN API_AVAILABLE(ios(2.0)) API_UNAVAILABLE(watchos) NS_SWIFT_UI_ACTOR
64 | @interface UITabBarController : UIViewController <UITabBarDelegate, NSCoding>
| `- note: 'UITabBarController' has been explicitly marked unavailable here
65 |
66 | /// The object managing the delegate of the tab bar controller.
/Users/admin/builder/spi-builder-workspace/StickyTabBarViewController/Classes/StickyViewControllerSupportingTabBarController.swift:20:60: error: 'UITabBarController' is unavailable in watchOS
18 | }
19 |
20 | open class StickyViewControllerSupportingTabBarController: UITabBarController, StickyViewControllerSupporting {
| `- error: 'UITabBarController' is unavailable in watchOS
21 |
22 | // MARK: - Public properties
/Applications/Xcode-27.0.0-Release.Candidate.app/Contents/Developer/Platforms/WatchOS.platform/Developer/SDKs/WatchOS27.0.sdk/System/Library/Frameworks/UIKit.framework/Headers/UITabBarController.h:64:12: note: 'UITabBarController' has been explicitly marked unavailable here
62 |
63 | UIKIT_EXTERN API_AVAILABLE(ios(2.0)) API_UNAVAILABLE(watchos) NS_SWIFT_UI_ACTOR
64 | @interface UITabBarController : UIViewController <UITabBarDelegate, NSCoding>
| `- note: 'UITabBarController' has been explicitly marked unavailable here
65 |
66 | /// The object managing the delegate of the tab bar controller.
Failed frontend command:
SwiftCompile normal arm64_32 (in target 'StickyTabBarViewController' from project 'StickyTabBarViewController')
cd /Users/admin/builder/spi-builder-workspace/.swiftpm/xcode
/Applications/Xcode-27.0.0-Release.Candidate.app/Contents/Developer/Toolchains/XcodeDefault.xctoolchain/usr/bin/swift-frontend -frontend -emit-module -experimental-skip-non-inlinable-function-bodies-without-types /Users/admin/builder/spi-builder-workspace/StickyTabBarViewController/Classes/ExpandableViewController.swift /Users/admin/builder/spi-builder-workspace/StickyTabBarViewController/Classes/StickyViewControllerSupportingTabBarController.swift -target arm64_32-apple-watchos9.0 -disable-cross-import-overlay-search -load-resolved-plugin /Applications/Xcode-27.0.0-Release.Candidate.app/Contents/Developer/Platforms/WatchOS.platform/Developer/usr/lib/swift/host/plugins/libFoundationMacros.dylib\#/Applications/Xcode-27.0.0-Release.Candidate.app/Contents/Developer/Platforms/WatchOS.platform/Developer/usr/bin/swift-plugin-server\#FoundationMacros -load-resolved-plugin /Applications/Xcode-27.0.0-Release.Candidate.app/Contents/Developer/Platforms/WatchOS.platform/Developer/usr/lib/swift/host/plugins/libObservationMacros.dylib\#/Applications/Xcode-27.0.0-Release.Candidate.app/Contents/Developer/Platforms/WatchOS.platform/Developer/usr/bin/swift-plugin-server\#ObservationMacros -load-resolved-plugin /Applications/Xcode-27.0.0-Release.Candidate.app/Contents/Developer/Platforms/WatchOS.platform/Developer/usr/lib/swift/host/plugins/libSwiftMacros.dylib\#/Applications/Xcode-27.0.0-Release.Candidate.app/Contents/Developer/Platforms/WatchOS.platform/Developer/usr/bin/swift-plugin-server\#SwiftMacros -load-resolved-plugin /Applications/Xcode-27.0.0-Release.Candidate.app/Contents/Developer/Platforms/WatchOS.platform/Developer/usr/lib/swift/host/plugins/libSwiftUIMacros.dylib\#/Applications/Xcode-27.0.0-Release.Candidate.app/Contents/Developer/Platforms/WatchOS.platform/Developer/usr/bin/swift-plugin-server\#SwiftUIMacros -disable-implicit-swift-modules -Xcc -fno-implicit-modules -Xcc -fno-implicit-module-maps -explicit-swift-module-map-file /Users/admin/builder/spi-builder-workspace/.derivedData/Build/Intermediates.noindex/StickyTabBarViewController.build/Debug-watchos/StickyTabBarViewController-t.build/Objects-normal/arm64_32/StickyTabBarViewController-dependencies-1.json -enable-objc-interop -sdk /Applications/Xcode-27.0.0-Release.Candidate.app/Contents/Developer/Platforms/WatchOS.platform/Developer/SDKs/WatchOS27.0.sdk -I /Users/admin/builder/spi-builder-workspace/.derivedData/Build/Products/Debug-watchos -Isystem /Applications/Xcode-27.0.0-Release.Candidate.app/Contents/Developer/Platforms/WatchOS.platform/Developer/usr/lib -F /Users/admin/builder/spi-builder-workspace/.derivedData/Build/Products/Debug-watchos -F /Applications/Xcode-27.0.0-Release.Candidate.app/Contents/Developer/Platforms/WatchOS.platform/Developer/Library/Frameworks -F /Applications/Xcode-27.0.0-Release.Candidate.app/Contents/Developer/Platforms/WatchOS.platform/Developer/SDKs/WatchOS27.0.sdk/Developer/Library/Frameworks -module-cache-path /Users/admin/builder/spi-builder-workspace/.derivedData/Build/Intermediates.noindex/SwiftExplicitPrecompiledModules -no-color-diagnostics -Xcc -fno-color-diagnostics -enable-testing -g -debug-info-format\=dwarf -dwarf-version\=4 -swift-version 5 -Onone -D SWIFT_PACKAGE -D DEBUG -D SWIFT_MODULE_RESOURCE_BUNDLE_UNAVAILABLE -D Xcode -serialize-debugging-options -enable-experimental-feature DebugDescriptionMacro -empty-abi-descriptor -validate-clang-modules-once -clang-build-session-file /Users/admin/builder/spi-builder-workspace/.derivedData/ModuleCache.noindex/Session.modulevalidation -Xcc -working-directory -Xcc /Users/admin/builder/spi-builder-workspace/.swiftpm/xcode -enable-anonymous-context-mangled-names -file-compilation-dir /Users/admin/builder/spi-builder-workspace/.swiftpm/xcode -Xcc -D_LIBCPP_HARDENING_MODE\=_LIBCPP_HARDENING_MODE_DEBUG -Xcc -ivfsstatcache -Xcc /Users/admin/builder/spi-builder-workspace/.derivedData/SDKStatCaches.noindex/watchos27.0-24R360-e829b21a6f8c9b70876ba0858053c04477534ef55a1706bf4c1112bbb242f0a2.sdkstatcache -Xcc -fmodules-prune-interval\=86400 -Xcc -fmodules-prune-after\=345600 -Xcc -I/Users/admin/builder/spi-builder-workspace/.derivedData/Build/Products/Debug-watchos/include -Xcc -I/Users/admin/builder/spi-builder-workspace/.derivedData/Build/Intermediates.noindex/StickyTabBarViewController.build/Debug-watchos/StickyTabBarViewController-t.build/DerivedSources-normal/arm64_32 -Xcc -I/Users/admin/builder/spi-builder-workspace/.derivedData/Build/Intermediates.noindex/StickyTabBarViewController.build/Debug-watchos/StickyTabBarViewController-t.build/DerivedSources/arm64_32 -Xcc -I/Users/admin/builder/spi-builder-workspace/.derivedData/Build/Intermediates.noindex/StickyTabBarViewController.build/Debug-watchos/StickyTabBarViewController-t.build/DerivedSources -Xcc -DSWIFT_PACKAGE -Xcc -DDEBUG\=1 -no-auto-bridging-header-chaining -module-name StickyTabBarViewController -const-gather-protocols-file /Users/admin/builder/spi-builder-workspace/.derivedData/Build/Intermediates.noindex/StickyTabBarViewController.build/Debug-watchos/StickyTabBarViewController-t.build/Objects-normal/arm64_32/StickyTabBarViewController_const_extract_protocols.json -disable-clang-spi -clang-target arm64_32-apple-watchos27.0 -target-sdk-version 27.0 -target-sdk-name watchos27.0 -in-process-plugin-server-path /Applications/Xcode-27.0.0-Release.Candidate.app/Contents/Developer/Toolchains/XcodeDefault.xctoolchain/usr/lib/swift/host/libSwiftInProcPluginServer.dylib -emit-module-doc-path /Users/admin/builder/spi-builder-workspace/.derivedData/Build/Intermediates.noindex/StickyTabBarViewController.build/Debug-watchos/StickyTabBarViewController-t.build/Objects-normal/arm64_32/StickyTabBarViewController.swiftdoc -emit-module-source-info-path /Users/admin/builder/spi-builder-workspace/.derivedData/Build/Intermediates.noindex/StickyTabBarViewController.build/Debug-watchos/StickyTabBarViewController-t.build/Objects-normal/arm64_32/StickyTabBarViewController.swiftsourceinfo -emit-objc-header-path /Users/admin/builder/spi-builder-workspace/.derivedData/Build/Intermediates.noindex/StickyTabBarViewController.build/Debug-watchos/StickyTabBarViewController-t.build/Objects-normal/arm64_32/StickyTabBarViewController-Swift.h -serialize-diagnostics-path /Users/admin/builder/spi-builder-workspace/.derivedData/Build/Intermediates.noindex/StickyTabBarViewController.build/Debug-watchos/StickyTabBarViewController-t.build/Objects-normal/arm64_32/StickyTabBarViewController-primary-emit-module.dia -emit-dependencies-path /Users/admin/builder/spi-builder-workspace/.derivedData/Build/Intermediates.noindex/StickyTabBarViewController.build/Debug-watchos/StickyTabBarViewController-t.build/Objects-normal/arm64_32/StickyTabBarViewController-primary-emit-module.d -parse-as-library -o /Users/admin/builder/spi-builder-workspace/.derivedData/Build/Intermediates.noindex/StickyTabBarViewController.build/Debug-watchos/StickyTabBarViewController-t.build/Objects-normal/arm64_32/StickyTabBarViewController.swiftmodule -emit-abi-descriptor-path /Users/admin/builder/spi-builder-workspace/.derivedData/Build/Intermediates.noindex/StickyTabBarViewController.build/Debug-watchos/StickyTabBarViewController-t.build/Objects-normal/arm64_32/StickyTabBarViewController.abi.json
SwiftCompile normal arm64_32 Compiling\ ExpandableViewController.swift /Users/admin/builder/spi-builder-workspace/StickyTabBarViewController/Classes/ExpandableViewController.swift (in target 'StickyTabBarViewController' from project 'StickyTabBarViewController')
/Users/admin/builder/spi-builder-workspace/StickyTabBarViewController/Classes/ExpandableViewController.swift:12:24: error: 'UIView' is unavailable in watchOS
10 |
11 | public protocol Expandable: UIViewController {
12 | var minimisedView: UIView { get }
| `- error: 'UIView' is unavailable in watchOS
13 | var container: StickyViewControllerSupporting? { get set }
14 | }
/Applications/Xcode-27.0.0-Release.Candidate.app/Contents/Developer/Platforms/WatchOS.platform/Developer/SDKs/WatchOS27.0.sdk/System/Library/Frameworks/UIKit.framework/Headers/UIView.h:152:12: note: 'UIView' has been explicitly marked unavailable here
150 |
151 | UIKIT_EXTERN API_AVAILABLE(ios(2.0)) API_UNAVAILABLE(watchos) NS_SWIFT_UI_ACTOR
152 | @interface UIView : UIResponder <NSCoding, UIAppearance, UIAppearanceContainer, UIDynamicItem, UITraitEnvironment, UICoordinateSpace, UIFocusItem, UIFocusItemContainer, CALayerDelegate>
| `- note: 'UIView' has been explicitly marked unavailable here
153 |
154 | @property(class, nonatomic, readonly) Class layerClass; // default is [CALayer class]. Used when creating the underlying layer for the view.
/Users/admin/builder/spi-builder-workspace/StickyTabBarViewController/Classes/ExpandableViewController.swift:11:29: error: 'UIViewController' is unavailable in watchOS
9 | import UIKit
10 |
11 | public protocol Expandable: UIViewController {
| `- error: 'UIViewController' is unavailable in watchOS
12 | var minimisedView: UIView { get }
13 | var container: StickyViewControllerSupporting? { get set }
/Applications/Xcode-27.0.0-Release.Candidate.app/Contents/Developer/Platforms/WatchOS.platform/Developer/SDKs/WatchOS27.0.sdk/System/Library/Frameworks/UIKit.framework/Headers/UIViewController.h:104:12: note: 'UIViewController' has been explicitly marked unavailable here
102 |
103 | UIKIT_EXTERN API_AVAILABLE(ios(2.0)) API_UNAVAILABLE(watchos) NS_SWIFT_UI_ACTOR
104 | @interface UIViewController : UIResponder <NSCoding, UIAppearanceContainer, UITraitEnvironment, UIContentContainer, UIFocusEnvironment>
| `- note: 'UIViewController' has been explicitly marked unavailable here
105 |
106 | /*
/Users/admin/builder/spi-builder-workspace/StickyTabBarViewController/Classes/ExpandableViewController.swift:28:27: error: 'NSLayoutConstraint' is unavailable in watchOS
26 | // MARK: - Internal properties
27 |
28 | var heightConstraint: NSLayoutConstraint!
| `- error: 'NSLayoutConstraint' is unavailable in watchOS
29 | var isEnlarged = false
30 |
/Applications/Xcode-27.0.0-Release.Candidate.app/Contents/Developer/Platforms/WatchOS.platform/Developer/SDKs/WatchOS27.0.sdk/System/Library/Frameworks/UIKit.framework/Headers/NSLayoutConstraint.h:126:12: note: 'NSLayoutConstraint' has been explicitly marked unavailable here
124 |
125 | NSLAYOUTCONSTRAINT_EXTERN API_AVAILABLE(macos(10.7), ios(6.0), tvos(9.0)) API_UNAVAILABLE(watchos) NS_SWIFT_UI_ACTOR
126 | @interface NSLayoutConstraint : NSObject
| `- note: 'NSLayoutConstraint' has been explicitly marked unavailable here
127 |
128 | /* Create an array of constraints using an ASCII-art-like visual format string. The values of the `metrics` dictionary should be NSNumber (or some other type that responds to -doubleValue and returns a double).
/Users/admin/builder/spi-builder-workspace/StickyTabBarViewController/Classes/ExpandableViewController.swift:33:33: error: 'UIScreen' is unavailable in watchOS
31 | weak var tabController: StickyViewControllerSupporting?
32 |
33 | let deviceHeight: CGFloat = UIScreen.main.bounds.height
| `- error: 'UIScreen' is unavailable in watchOS
34 | var collapsedHeight: CGFloat
35 | var animationDuration: TimeInterval
/Applications/Xcode-27.0.0-Release.Candidate.app/Contents/Developer/Platforms/WatchOS.platform/Developer/SDKs/WatchOS27.0.sdk/System/Library/Frameworks/UIKit.framework/Headers/UIScreen.h:54:12: note: 'UIScreen' has been explicitly marked unavailable here
52 |
53 | UIKIT_EXTERN API_AVAILABLE(ios(2.0)) API_UNAVAILABLE(visionos, watchos) NS_SWIFT_UI_ACTOR
54 | @interface UIScreen : NSObject <UITraitEnvironment>
| `- note: 'UIScreen' has been explicitly marked unavailable here
55 |
56 | @property(class, nonatomic, readonly) NSArray<UIScreen *> *screens API_DEPRECATED("Use UIApplication.shared.openSessions to find open sessions with scenes from other screens", ios(3.2, 16.0), visionos(1.0, 1.0)) API_UNAVAILABLE(watchos); // all screens currently attached to the device
/Users/admin/builder/spi-builder-workspace/StickyTabBarViewController/Classes/ExpandableViewController.swift:33:42: error: 'main' is unavailable in watchOS
31 | weak var tabController: StickyViewControllerSupporting?
32 |
33 | let deviceHeight: CGFloat = UIScreen.main.bounds.height
| `- error: 'main' is unavailable in watchOS
34 | var collapsedHeight: CGFloat
35 | var animationDuration: TimeInterval
/Applications/Xcode-27.0.0-Release.Candidate.app/Contents/Developer/Platforms/WatchOS.platform/Developer/SDKs/WatchOS27.0.sdk/System/Library/Frameworks/UIKit.framework/Headers/UIScreen.h:57:49: note: 'main' has been explicitly marked unavailable here
55 |
56 | @property(class, nonatomic, readonly) NSArray<UIScreen *> *screens API_DEPRECATED("Use UIApplication.shared.openSessions to find open sessions with scenes from other screens", ios(3.2, 16.0), visionos(1.0, 1.0)) API_UNAVAILABLE(watchos); // all screens currently attached to the device
57 | @property(class, nonatomic, readonly) UIScreen *mainScreen API_DEPRECATED("Use a UIScreen instance found through context instead (i.e, view.window.windowScene.screen), or for properties like UIScreen.scale with trait equivalents, use a traitCollection found through context.", ios(2.0, 26.0), tvos(9.0, 26.0), visionos(1.0, 26.0)) API_UNAVAILABLE(watchos);
| `- note: 'main' has been explicitly marked unavailable here
58 |
59 | @property(nonatomic,readonly) CGRect bounds; // Bounds of entire screen in points
/Users/admin/builder/spi-builder-workspace/StickyTabBarViewController/Classes/ExpandableViewController.swift:39:32: error: 'UIView' is unavailable in watchOS
37 | // MARK: - Private properties
38 |
39 | private var minimisedView: UIView
| `- error: 'UIView' is unavailable in watchOS
40 | private let childVC: Expandable
41 |
/Applications/Xcode-27.0.0-Release.Candidate.app/Contents/Developer/Platforms/WatchOS.platform/Developer/SDKs/WatchOS27.0.sdk/System/Library/Frameworks/UIKit.framework/Headers/UIView.h:152:12: note: 'UIView' has been explicitly marked unavailable here
150 |
151 | UIKIT_EXTERN API_AVAILABLE(ios(2.0)) API_UNAVAILABLE(watchos) NS_SWIFT_UI_ACTOR
152 | @interface UIView : UIResponder <NSCoding, UIAppearance, UIAppearanceContainer, UIDynamicItem, UITraitEnvironment, UICoordinateSpace, UIFocusItem, UIFocusItemContainer, CALayerDelegate>
| `- note: 'UIView' has been explicitly marked unavailable here
153 |
154 | @property(class, nonatomic, readonly) Class layerClass; // default is [CALayer class]. Used when creating the underlying layer for the view.
/Users/admin/builder/spi-builder-workspace/StickyTabBarViewController/Classes/ExpandableViewController.swift:45:27: error: 'UIViewPropertyAnimator' is unavailable in watchOS
43 |
44 | lazy var isBeginningUpwards = !isEnlarged
45 | var runningAnimation: UIViewPropertyAnimator?
| `- error: 'UIViewPropertyAnimator' is unavailable in watchOS
46 | var animationProgressWhenInterrupted: CGFloat = 0
47 |
/Applications/Xcode-27.0.0-Release.Candidate.app/Contents/Developer/Platforms/WatchOS.platform/Developer/SDKs/WatchOS27.0.sdk/System/Library/Frameworks/UIKit.framework/Headers/UIViewPropertyAnimator.h:17:12: note: 'UIViewPropertyAnimator' has been explicitly marked unavailable here
15 |
16 | UIKIT_EXTERN API_AVAILABLE(ios(10.0)) API_UNAVAILABLE(watchos) NS_SWIFT_UI_ACTOR
17 | @interface UIViewPropertyAnimator : NSObject <UIViewImplicitlyAnimating, NSCopying>
| `- note: 'UIViewPropertyAnimator' has been explicitly marked unavailable here
18 |
19 | @property(nullable, nonatomic, copy, readonly) id <UITimingCurveProvider> timingParameters;
/Users/admin/builder/spi-builder-workspace/StickyTabBarViewController/Classes/ExpandableViewController.swift:95:51: error: 'UITapGestureRecognizer' is unavailable in watchOS
93 | }
94 |
95 | @objc private func enlargeWithTap(recognizer: UITapGestureRecognizer) {
| `- error: 'UITapGestureRecognizer' is unavailable in watchOS
96 | switch recognizer.state {
97 | case .ended:
/Applications/Xcode-27.0.0-Release.Candidate.app/Contents/Developer/Platforms/WatchOS.platform/Developer/SDKs/WatchOS27.0.sdk/System/Library/Frameworks/UIKit.framework/Headers/UITapGestureRecognizer.h:23:12: note: 'UITapGestureRecognizer' has been explicitly marked unavailable here
21 |
22 | UIKIT_EXTERN API_AVAILABLE(ios(3.2)) API_UNAVAILABLE(watchos) NS_SWIFT_UI_ACTOR
23 | @interface UITapGestureRecognizer : UIGestureRecognizer
| `- note: 'UITapGestureRecognizer' has been explicitly marked unavailable here
24 |
25 | @property (nonatomic) NSUInteger numberOfTapsRequired; // Default is 1. The number of taps required to match
SwiftCompile normal arm64_32 /Users/admin/builder/spi-builder-workspace/StickyTabBarViewController/Classes/ExpandableViewController.swift (in target 'StickyTabBarViewController' from project 'StickyTabBarViewController')
cd /Users/admin/builder/spi-builder-workspace/.swiftpm/xcode
builtin-SwiftPerFileCompile ExpandableViewController.swift
/Users/admin/builder/spi-builder-workspace/StickyTabBarViewController/Classes/ExpandableViewController.swift:104:46: error: 'UIPanGestureRecognizer' is unavailable in watchOS
102 | }
103 |
104 | @objc private func handlePan(recognizer: UIPanGestureRecognizer) {
| `- error: 'UIPanGestureRecognizer' is unavailable in watchOS
105 | switch recognizer.state {
106 | case .began:
/Applications/Xcode-27.0.0-Release.Candidate.app/Contents/Developer/Platforms/WatchOS.platform/Developer/SDKs/WatchOS27.0.sdk/System/Library/Frameworks/UIKit.framework/Headers/UIPanGestureRecognizer.h:31:12: note: 'UIPanGestureRecognizer' has been explicitly marked unavailable here
29 |
30 | UIKIT_EXTERN API_AVAILABLE(ios(3.2)) API_UNAVAILABLE(watchos) NS_SWIFT_UI_ACTOR
31 | @interface UIPanGestureRecognizer : UIGestureRecognizer
| `- note: 'UIPanGestureRecognizer' has been explicitly marked unavailable here
32 |
33 | @property (nonatomic) NSUInteger minimumNumberOfTouches API_UNAVAILABLE(tvos); // default is 1. the minimum number of touches required to match
/Users/admin/builder/spi-builder-workspace/StickyTabBarViewController/Classes/ExpandableViewController.swift:24:33: error: 'UIViewController' is unavailable in watchOS
22 | }
23 |
24 | class ExpandableViewController: UIViewController {
| `- error: 'UIViewController' is unavailable in watchOS
25 |
26 | // MARK: - Internal properties
/Applications/Xcode-27.0.0-Release.Candidate.app/Contents/Developer/Platforms/WatchOS.platform/Developer/SDKs/WatchOS27.0.sdk/System/Library/Frameworks/UIKit.framework/Headers/UIViewController.h:104:12: note: 'UIViewController' has been explicitly marked unavailable here
102 |
103 | UIKIT_EXTERN API_AVAILABLE(ios(2.0)) API_UNAVAILABLE(watchos) NS_SWIFT_UI_ACTOR
104 | @interface UIViewController : UIResponder <NSCoding, UIAppearanceContainer, UITraitEnvironment, UIContentContainer, UIFocusEnvironment>
| `- note: 'UIViewController' has been explicitly marked unavailable here
105 |
106 | /*
/Users/admin/builder/spi-builder-workspace/StickyTabBarViewController/Classes/ExpandableViewController.swift:68:33: error: 'UITapGestureRecognizer' is unavailable in watchOS
66 | override public func viewDidLoad() {
67 | super.viewDidLoad()
68 | let gestureRecognizer = UITapGestureRecognizer(target: self, action: #selector(enlargeWithTap))
| `- error: 'UITapGestureRecognizer' is unavailable in watchOS
69 | minimisedView.addGestureRecognizer(gestureRecognizer)
70 | let panGestureRecognizer = UIPanGestureRecognizer(target: self, action: #selector(handlePan))
/Applications/Xcode-27.0.0-Release.Candidate.app/Contents/Developer/Platforms/WatchOS.platform/Developer/SDKs/WatchOS27.0.sdk/System/Library/Frameworks/UIKit.framework/Headers/UITapGestureRecognizer.h:23:12: note: 'UITapGestureRecognizer' has been explicitly marked unavailable here
21 |
22 | UIKIT_EXTERN API_AVAILABLE(ios(3.2)) API_UNAVAILABLE(watchos) NS_SWIFT_UI_ACTOR
23 | @interface UITapGestureRecognizer : UIGestureRecognizer
| `- note: 'UITapGestureRecognizer' has been explicitly marked unavailable here
24 |
25 | @property (nonatomic) NSUInteger numberOfTapsRequired; // Default is 1. The number of taps required to match
SwiftCompile normal arm64_32 Compiling\ StickyViewControllerSupportingTabBarController.swift /Users/admin/builder/spi-builder-workspace/StickyTabBarViewController/Classes/StickyViewControllerSupportingTabBarController.swift (in target 'StickyTabBarViewController' from project 'StickyTabBarViewController')
/Users/admin/builder/spi-builder-workspace/StickyTabBarViewController/Classes/StickyViewControllerSupportingTabBarController.swift:10:49: error: 'UITabBarController' is unavailable in watchOS
8 | import UIKit
9 |
10 | public protocol StickyViewControllerSupporting: UITabBarController {
| `- error: 'UITabBarController' is unavailable in watchOS
11 | var collapsedHeight: CGFloat { get set }
12 | var animationDuration: TimeInterval { get set }
/Applications/Xcode-27.0.0-Release.Candidate.app/Contents/Developer/Platforms/WatchOS.platform/Developer/SDKs/WatchOS27.0.sdk/System/Library/Frameworks/UIKit.framework/Headers/UITabBarController.h:64:12: note: 'UITabBarController' has been explicitly marked unavailable here
62 |
63 | UIKIT_EXTERN API_AVAILABLE(ios(2.0)) API_UNAVAILABLE(watchos) NS_SWIFT_UI_ACTOR
64 | @interface UITabBarController : UIViewController <UITabBarDelegate, NSCoding>
| `- note: 'UITabBarController' has been explicitly marked unavailable here
65 |
66 | /// The object managing the delegate of the tab bar controller.
/Users/admin/builder/spi-builder-workspace/StickyTabBarViewController/Classes/StickyViewControllerSupportingTabBarController.swift:20:60: error: 'UITabBarController' is unavailable in watchOS
18 | }
19 |
20 | open class StickyViewControllerSupportingTabBarController: UITabBarController, StickyViewControllerSupporting {
| `- error: 'UITabBarController' is unavailable in watchOS
21 |
22 | // MARK: - Public properties
/Applications/Xcode-27.0.0-Release.Candidate.app/Contents/Developer/Platforms/WatchOS.platform/Developer/SDKs/WatchOS27.0.sdk/System/Library/Frameworks/UIKit.framework/Headers/UITabBarController.h:64:12: note: 'UITabBarController' has been explicitly marked unavailable here
62 |
63 | UIKIT_EXTERN API_AVAILABLE(ios(2.0)) API_UNAVAILABLE(watchos) NS_SWIFT_UI_ACTOR
64 | @interface UITabBarController : UIViewController <UITabBarDelegate, NSCoding>
| `- note: 'UITabBarController' has been explicitly marked unavailable here
65 |
66 | /// The object managing the delegate of the tab bar controller.
SwiftCompile normal arm64_32 /Users/admin/builder/spi-builder-workspace/StickyTabBarViewController/Classes/StickyViewControllerSupportingTabBarController.swift (in target 'StickyTabBarViewController' from project 'StickyTabBarViewController')
cd /Users/admin/builder/spi-builder-workspace/.swiftpm/xcode
builtin-SwiftPerFileCompile StickyViewControllerSupportingTabBarController.swift
SwiftEmitModule normal arm64 Emitting\ module\ for\ StickyTabBarViewController (in target 'StickyTabBarViewController' from project 'StickyTabBarViewController')
/Users/admin/builder/spi-builder-workspace/StickyTabBarViewController/Classes/ExpandableViewController.swift:12:24: error: 'UIView' is unavailable in watchOS
10 |
11 | public protocol Expandable: UIViewController {
12 | var minimisedView: UIView { get }
| `- error: 'UIView' is unavailable in watchOS
13 | var container: StickyViewControllerSupporting? { get set }
14 | }
/Applications/Xcode-27.0.0-Release.Candidate.app/Contents/Developer/Platforms/WatchOS.platform/Developer/SDKs/WatchOS27.0.sdk/System/Library/Frameworks/UIKit.framework/Headers/UIView.h:152:12: note: 'UIView' has been explicitly marked unavailable here
150 |
151 | UIKIT_EXTERN API_AVAILABLE(ios(2.0)) API_UNAVAILABLE(watchos) NS_SWIFT_UI_ACTOR
152 | @interface UIView : UIResponder <NSCoding, UIAppearance, UIAppearanceContainer, UIDynamicItem, UITraitEnvironment, UICoordinateSpace, UIFocusItem, UIFocusItemContainer, CALayerDelegate>
| `- note: 'UIView' has been explicitly marked unavailable here
153 |
154 | @property(class, nonatomic, readonly) Class layerClass; // default is [CALayer class]. Used when creating the underlying layer for the view.
/Users/admin/builder/spi-builder-workspace/StickyTabBarViewController/Classes/ExpandableViewController.swift:11:29: error: 'UIViewController' is unavailable in watchOS
9 | import UIKit
10 |
11 | public protocol Expandable: UIViewController {
| `- error: 'UIViewController' is unavailable in watchOS
12 | var minimisedView: UIView { get }
13 | var container: StickyViewControllerSupporting? { get set }
/Applications/Xcode-27.0.0-Release.Candidate.app/Contents/Developer/Platforms/WatchOS.platform/Developer/SDKs/WatchOS27.0.sdk/System/Library/Frameworks/UIKit.framework/Headers/UIViewController.h:104:12: note: 'UIViewController' has been explicitly marked unavailable here
102 |
103 | UIKIT_EXTERN API_AVAILABLE(ios(2.0)) API_UNAVAILABLE(watchos) NS_SWIFT_UI_ACTOR
104 | @interface UIViewController : UIResponder <NSCoding, UIAppearanceContainer, UITraitEnvironment, UIContentContainer, UIFocusEnvironment>
| `- note: 'UIViewController' has been explicitly marked unavailable here
105 |
106 | /*
/Users/admin/builder/spi-builder-workspace/StickyTabBarViewController/Classes/ExpandableViewController.swift:28:27: error: 'NSLayoutConstraint' is unavailable in watchOS
26 | // MARK: - Internal properties
27 |
28 | var heightConstraint: NSLayoutConstraint!
| `- error: 'NSLayoutConstraint' is unavailable in watchOS
29 | var isEnlarged = false
30 |
/Applications/Xcode-27.0.0-Release.Candidate.app/Contents/Developer/Platforms/WatchOS.platform/Developer/SDKs/WatchOS27.0.sdk/System/Library/Frameworks/UIKit.framework/Headers/NSLayoutConstraint.h:126:12: note: 'NSLayoutConstraint' has been explicitly marked unavailable here
124 |
125 | NSLAYOUTCONSTRAINT_EXTERN API_AVAILABLE(macos(10.7), ios(6.0), tvos(9.0)) API_UNAVAILABLE(watchos) NS_SWIFT_UI_ACTOR
126 | @interface NSLayoutConstraint : NSObject
| `- note: 'NSLayoutConstraint' has been explicitly marked unavailable here
127 |
128 | /* Create an array of constraints using an ASCII-art-like visual format string. The values of the `metrics` dictionary should be NSNumber (or some other type that responds to -doubleValue and returns a double).
/Users/admin/builder/spi-builder-workspace/StickyTabBarViewController/Classes/ExpandableViewController.swift:33:33: error: 'UIScreen' is unavailable in watchOS
31 | weak var tabController: StickyViewControllerSupporting?
32 |
33 | let deviceHeight: CGFloat = UIScreen.main.bounds.height
| `- error: 'UIScreen' is unavailable in watchOS
34 | var collapsedHeight: CGFloat
35 | var animationDuration: TimeInterval
/Applications/Xcode-27.0.0-Release.Candidate.app/Contents/Developer/Platforms/WatchOS.platform/Developer/SDKs/WatchOS27.0.sdk/System/Library/Frameworks/UIKit.framework/Headers/UIScreen.h:54:12: note: 'UIScreen' has been explicitly marked unavailable here
52 |
53 | UIKIT_EXTERN API_AVAILABLE(ios(2.0)) API_UNAVAILABLE(visionos, watchos) NS_SWIFT_UI_ACTOR
54 | @interface UIScreen : NSObject <UITraitEnvironment>
| `- note: 'UIScreen' has been explicitly marked unavailable here
55 |
56 | @property(class, nonatomic, readonly) NSArray<UIScreen *> *screens API_DEPRECATED("Use UIApplication.shared.openSessions to find open sessions with scenes from other screens", ios(3.2, 16.0), visionos(1.0, 1.0)) API_UNAVAILABLE(watchos); // all screens currently attached to the device
/Users/admin/builder/spi-builder-workspace/StickyTabBarViewController/Classes/ExpandableViewController.swift:33:42: error: 'main' is unavailable in watchOS
31 | weak var tabController: StickyViewControllerSupporting?
32 |
33 | let deviceHeight: CGFloat = UIScreen.main.bounds.height
| `- error: 'main' is unavailable in watchOS
34 | var collapsedHeight: CGFloat
35 | var animationDuration: TimeInterval
/Applications/Xcode-27.0.0-Release.Candidate.app/Contents/Developer/Platforms/WatchOS.platform/Developer/SDKs/WatchOS27.0.sdk/System/Library/Frameworks/UIKit.framework/Headers/UIScreen.h:57:49: note: 'main' has been explicitly marked unavailable here
55 |
56 | @property(class, nonatomic, readonly) NSArray<UIScreen *> *screens API_DEPRECATED("Use UIApplication.shared.openSessions to find open sessions with scenes from other screens", ios(3.2, 16.0), visionos(1.0, 1.0)) API_UNAVAILABLE(watchos); // all screens currently attached to the device
57 | @property(class, nonatomic, readonly) UIScreen *mainScreen API_DEPRECATED("Use a UIScreen instance found through context instead (i.e, view.window.windowScene.screen), or for properties like UIScreen.scale with trait equivalents, use a traitCollection found through context.", ios(2.0, 26.0), tvos(9.0, 26.0), visionos(1.0, 26.0)) API_UNAVAILABLE(watchos);
| `- note: 'main' has been explicitly marked unavailable here
58 |
59 | @property(nonatomic,readonly) CGRect bounds; // Bounds of entire screen in points
/Users/admin/builder/spi-builder-workspace/StickyTabBarViewController/Classes/ExpandableViewController.swift:39:32: error: 'UIView' is unavailable in watchOS
37 | // MARK: - Private properties
38 |
39 | private var minimisedView: UIView
| `- error: 'UIView' is unavailable in watchOS
40 | private let childVC: Expandable
41 |
/Applications/Xcode-27.0.0-Release.Candidate.app/Contents/Developer/Platforms/WatchOS.platform/Developer/SDKs/WatchOS27.0.sdk/System/Library/Frameworks/UIKit.framework/Headers/UIView.h:152:12: note: 'UIView' has been explicitly marked unavailable here
150 |
151 | UIKIT_EXTERN API_AVAILABLE(ios(2.0)) API_UNAVAILABLE(watchos) NS_SWIFT_UI_ACTOR
152 | @interface UIView : UIResponder <NSCoding, UIAppearance, UIAppearanceContainer, UIDynamicItem, UITraitEnvironment, UICoordinateSpace, UIFocusItem, UIFocusItemContainer, CALayerDelegate>
| `- note: 'UIView' has been explicitly marked unavailable here
153 |
154 | @property(class, nonatomic, readonly) Class layerClass; // default is [CALayer class]. Used when creating the underlying layer for the view.
/Users/admin/builder/spi-builder-workspace/StickyTabBarViewController/Classes/ExpandableViewController.swift:45:27: error: 'UIViewPropertyAnimator' is unavailable in watchOS
43 |
44 | lazy var isBeginningUpwards = !isEnlarged
45 | var runningAnimation: UIViewPropertyAnimator?
| `- error: 'UIViewPropertyAnimator' is unavailable in watchOS
46 | var animationProgressWhenInterrupted: CGFloat = 0
47 |
/Applications/Xcode-27.0.0-Release.Candidate.app/Contents/Developer/Platforms/WatchOS.platform/Developer/SDKs/WatchOS27.0.sdk/System/Library/Frameworks/UIKit.framework/Headers/UIViewPropertyAnimator.h:17:12: note: 'UIViewPropertyAnimator' has been explicitly marked unavailable here
15 |
16 | UIKIT_EXTERN API_AVAILABLE(ios(10.0)) API_UNAVAILABLE(watchos) NS_SWIFT_UI_ACTOR
17 | @interface UIViewPropertyAnimator : NSObject <UIViewImplicitlyAnimating, NSCopying>
| `- note: 'UIViewPropertyAnimator' has been explicitly marked unavailable here
18 |
19 | @property(nullable, nonatomic, copy, readonly) id <UITimingCurveProvider> timingParameters;
/Users/admin/builder/spi-builder-workspace/StickyTabBarViewController/Classes/ExpandableViewController.swift:95:51: error: 'UITapGestureRecognizer' is unavailable in watchOS
93 | }
94 |
95 | @objc private func enlargeWithTap(recognizer: UITapGestureRecognizer) {
| `- error: 'UITapGestureRecognizer' is unavailable in watchOS
96 | switch recognizer.state {
97 | case .ended:
/Applications/Xcode-27.0.0-Release.Candidate.app/Contents/Developer/Platforms/WatchOS.platform/Developer/SDKs/WatchOS27.0.sdk/System/Library/Frameworks/UIKit.framework/Headers/UITapGestureRecognizer.h:23:12: note: 'UITapGestureRecognizer' has been explicitly marked unavailable here
21 |
22 | UIKIT_EXTERN API_AVAILABLE(ios(3.2)) API_UNAVAILABLE(watchos) NS_SWIFT_UI_ACTOR
23 | @interface UITapGestureRecognizer : UIGestureRecognizer
| `- note: 'UITapGestureRecognizer' has been explicitly marked unavailable here
24 |
25 | @property (nonatomic) NSUInteger numberOfTapsRequired; // Default is 1. The number of taps required to match
/Users/admin/builder/spi-builder-workspace/StickyTabBarViewController/Classes/ExpandableViewController.swift:104:46: error: 'UIPanGestureRecognizer' is unavailable in watchOS
102 | }
103 |
104 | @objc private func handlePan(recognizer: UIPanGestureRecognizer) {
| `- error: 'UIPanGestureRecognizer' is unavailable in watchOS
105 | switch recognizer.state {
106 | case .began:
/Applications/Xcode-27.0.0-Release.Candidate.app/Contents/Developer/Platforms/WatchOS.platform/Developer/SDKs/WatchOS27.0.sdk/System/Library/Frameworks/UIKit.framework/Headers/UIPanGestureRecognizer.h:31:12: note: 'UIPanGestureRecognizer' has been explicitly marked unavailable here
29 |
30 | UIKIT_EXTERN API_AVAILABLE(ios(3.2)) API_UNAVAILABLE(watchos) NS_SWIFT_UI_ACTOR
31 | @interface UIPanGestureRecognizer : UIGestureRecognizer
| `- note: 'UIPanGestureRecognizer' has been explicitly marked unavailable here
32 |
33 | @property (nonatomic) NSUInteger minimumNumberOfTouches API_UNAVAILABLE(tvos); // default is 1. the minimum number of touches required to match
/Users/admin/builder/spi-builder-workspace/StickyTabBarViewController/Classes/ExpandableViewController.swift:24:33: error: 'UIViewController' is unavailable in watchOS
22 | }
23 |
24 | class ExpandableViewController: UIViewController {
| `- error: 'UIViewController' is unavailable in watchOS
25 |
26 | // MARK: - Internal properties
/Applications/Xcode-27.0.0-Release.Candidate.app/Contents/Developer/Platforms/WatchOS.platform/Developer/SDKs/WatchOS27.0.sdk/System/Library/Frameworks/UIKit.framework/Headers/UIViewController.h:104:12: note: 'UIViewController' has been explicitly marked unavailable here
102 |
103 | UIKIT_EXTERN API_AVAILABLE(ios(2.0)) API_UNAVAILABLE(watchos) NS_SWIFT_UI_ACTOR
104 | @interface UIViewController : UIResponder <NSCoding, UIAppearanceContainer, UITraitEnvironment, UIContentContainer, UIFocusEnvironment>
| `- note: 'UIViewController' has been explicitly marked unavailable here
105 |
106 | /*
/Users/admin/builder/spi-builder-workspace/StickyTabBarViewController/Classes/StickyViewControllerSupportingTabBarController.swift:10:49: error: 'UITabBarController' is unavailable in watchOS
8 | import UIKit
9 |
10 | public protocol StickyViewControllerSupporting: UITabBarController {
| `- error: 'UITabBarController' is unavailable in watchOS
11 | var collapsedHeight: CGFloat { get set }
12 | var animationDuration: TimeInterval { get set }
/Applications/Xcode-27.0.0-Release.Candidate.app/Contents/Developer/Platforms/WatchOS.platform/Developer/SDKs/WatchOS27.0.sdk/System/Library/Frameworks/UIKit.framework/Headers/UITabBarController.h:64:12: note: 'UITabBarController' has been explicitly marked unavailable here
62 |
63 | UIKIT_EXTERN API_AVAILABLE(ios(2.0)) API_UNAVAILABLE(watchos) NS_SWIFT_UI_ACTOR
64 | @interface UITabBarController : UIViewController <UITabBarDelegate, NSCoding>
| `- note: 'UITabBarController' has been explicitly marked unavailable here
65 |
66 | /// The object managing the delegate of the tab bar controller.
/Users/admin/builder/spi-builder-workspace/StickyTabBarViewController/Classes/StickyViewControllerSupportingTabBarController.swift:20:60: error: 'UITabBarController' is unavailable in watchOS
18 | }
19 |
20 | open class StickyViewControllerSupportingTabBarController: UITabBarController, StickyViewControllerSupporting {
| `- error: 'UITabBarController' is unavailable in watchOS
21 |
22 | // MARK: - Public properties
/Applications/Xcode-27.0.0-Release.Candidate.app/Contents/Developer/Platforms/WatchOS.platform/Developer/SDKs/WatchOS27.0.sdk/System/Library/Frameworks/UIKit.framework/Headers/UITabBarController.h:64:12: note: 'UITabBarController' has been explicitly marked unavailable here
62 |
63 | UIKIT_EXTERN API_AVAILABLE(ios(2.0)) API_UNAVAILABLE(watchos) NS_SWIFT_UI_ACTOR
64 | @interface UITabBarController : UIViewController <UITabBarDelegate, NSCoding>
| `- note: 'UITabBarController' has been explicitly marked unavailable here
65 |
66 | /// The object managing the delegate of the tab bar controller.
SwiftCompile normal arm64 (in target 'StickyTabBarViewController' from project 'StickyTabBarViewController')
cd /Users/admin/builder/spi-builder-workspace/.swiftpm/xcode
SwiftCompile normal arm64 Compiling\ ExpandableViewController.swift /Users/admin/builder/spi-builder-workspace/StickyTabBarViewController/Classes/ExpandableViewController.swift (in target 'StickyTabBarViewController' from project 'StickyTabBarViewController')
/Users/admin/builder/spi-builder-workspace/StickyTabBarViewController/Classes/ExpandableViewController.swift:12:24: error: 'UIView' is unavailable in watchOS
10 |
11 | public protocol Expandable: UIViewController {
12 | var minimisedView: UIView { get }
| `- error: 'UIView' is unavailable in watchOS
13 | var container: StickyViewControllerSupporting? { get set }
14 | }
/Applications/Xcode-27.0.0-Release.Candidate.app/Contents/Developer/Platforms/WatchOS.platform/Developer/SDKs/WatchOS27.0.sdk/System/Library/Frameworks/UIKit.framework/Headers/UIView.h:152:12: note: 'UIView' has been explicitly marked unavailable here
150 |
151 | UIKIT_EXTERN API_AVAILABLE(ios(2.0)) API_UNAVAILABLE(watchos) NS_SWIFT_UI_ACTOR
152 | @interface UIView : UIResponder <NSCoding, UIAppearance, UIAppearanceContainer, UIDynamicItem, UITraitEnvironment, UICoordinateSpace, UIFocusItem, UIFocusItemContainer, CALayerDelegate>
| `- note: 'UIView' has been explicitly marked unavailable here
153 |
154 | @property(class, nonatomic, readonly) Class layerClass; // default is [CALayer class]. Used when creating the underlying layer for the view.
/Users/admin/builder/spi-builder-workspace/StickyTabBarViewController/Classes/ExpandableViewController.swift:11:29: error: 'UIViewController' is unavailable in watchOS
9 | import UIKit
10 |
11 | public protocol Expandable: UIViewController {
| `- error: 'UIViewController' is unavailable in watchOS
12 | var minimisedView: UIView { get }
13 | var container: StickyViewControllerSupporting? { get set }
/Applications/Xcode-27.0.0-Release.Candidate.app/Contents/Developer/Platforms/WatchOS.platform/Developer/SDKs/WatchOS27.0.sdk/System/Library/Frameworks/UIKit.framework/Headers/UIViewController.h:104:12: note: 'UIViewController' has been explicitly marked unavailable here
102 |
103 | UIKIT_EXTERN API_AVAILABLE(ios(2.0)) API_UNAVAILABLE(watchos) NS_SWIFT_UI_ACTOR
104 | @interface UIViewController : UIResponder <NSCoding, UIAppearanceContainer, UITraitEnvironment, UIContentContainer, UIFocusEnvironment>
| `- note: 'UIViewController' has been explicitly marked unavailable here
105 |
106 | /*
/Users/admin/builder/spi-builder-workspace/StickyTabBarViewController/Classes/ExpandableViewController.swift:28:27: error: 'NSLayoutConstraint' is unavailable in watchOS
26 | // MARK: - Internal properties
27 |
28 | var heightConstraint: NSLayoutConstraint!
| `- error: 'NSLayoutConstraint' is unavailable in watchOS
29 | var isEnlarged = false
30 |
/Applications/Xcode-27.0.0-Release.Candidate.app/Contents/Developer/Platforms/WatchOS.platform/Developer/SDKs/WatchOS27.0.sdk/System/Library/Frameworks/UIKit.framework/Headers/NSLayoutConstraint.h:126:12: note: 'NSLayoutConstraint' has been explicitly marked unavailable here
124 |
125 | NSLAYOUTCONSTRAINT_EXTERN API_AVAILABLE(macos(10.7), ios(6.0), tvos(9.0)) API_UNAVAILABLE(watchos) NS_SWIFT_UI_ACTOR
126 | @interface NSLayoutConstraint : NSObject
| `- note: 'NSLayoutConstraint' has been explicitly marked unavailable here
127 |
128 | /* Create an array of constraints using an ASCII-art-like visual format string. The values of the `metrics` dictionary should be NSNumber (or some other type that responds to -doubleValue and returns a double).
/Users/admin/builder/spi-builder-workspace/StickyTabBarViewController/Classes/ExpandableViewController.swift:33:33: error: 'UIScreen' is unavailable in watchOS
31 | weak var tabController: StickyViewControllerSupporting?
32 |
33 | let deviceHeight: CGFloat = UIScreen.main.bounds.height
| `- error: 'UIScreen' is unavailable in watchOS
34 | var collapsedHeight: CGFloat
35 | var animationDuration: TimeInterval
/Applications/Xcode-27.0.0-Release.Candidate.app/Contents/Developer/Platforms/WatchOS.platform/Developer/SDKs/WatchOS27.0.sdk/System/Library/Frameworks/UIKit.framework/Headers/UIScreen.h:54:12: note: 'UIScreen' has been explicitly marked unavailable here
52 |
53 | UIKIT_EXTERN API_AVAILABLE(ios(2.0)) API_UNAVAILABLE(visionos, watchos) NS_SWIFT_UI_ACTOR
54 | @interface UIScreen : NSObject <UITraitEnvironment>
| `- note: 'UIScreen' has been explicitly marked unavailable here
55 |
56 | @property(class, nonatomic, readonly) NSArray<UIScreen *> *screens API_DEPRECATED("Use UIApplication.shared.openSessions to find open sessions with scenes from other screens", ios(3.2, 16.0), visionos(1.0, 1.0)) API_UNAVAILABLE(watchos); // all screens currently attached to the device
/Users/admin/builder/spi-builder-workspace/StickyTabBarViewController/Classes/ExpandableViewController.swift:33:42: error: 'main' is unavailable in watchOS
31 | weak var tabController: StickyViewControllerSupporting?
32 |
33 | let deviceHeight: CGFloat = UIScreen.main.bounds.height
| `- error: 'main' is unavailable in watchOS
34 | var collapsedHeight: CGFloat
35 | var animationDuration: TimeInterval
/Applications/Xcode-27.0.0-Release.Candidate.app/Contents/Developer/Platforms/WatchOS.platform/Developer/SDKs/WatchOS27.0.sdk/System/Library/Frameworks/UIKit.framework/Headers/UIScreen.h:57:49: note: 'main' has been explicitly marked unavailable here
55 |
56 | @property(class, nonatomic, readonly) NSArray<UIScreen *> *screens API_DEPRECATED("Use UIApplication.shared.openSessions to find open sessions with scenes from other screens", ios(3.2, 16.0), visionos(1.0, 1.0)) API_UNAVAILABLE(watchos); // all screens currently attached to the device
57 | @property(class, nonatomic, readonly) UIScreen *mainScreen API_DEPRECATED("Use a UIScreen instance found through context instead (i.e, view.window.windowScene.screen), or for properties like UIScreen.scale with trait equivalents, use a traitCollection found through context.", ios(2.0, 26.0), tvos(9.0, 26.0), visionos(1.0, 26.0)) API_UNAVAILABLE(watchos);
| `- note: 'main' has been explicitly marked unavailable here
58 |
59 | @property(nonatomic,readonly) CGRect bounds; // Bounds of entire screen in points
/Users/admin/builder/spi-builder-workspace/StickyTabBarViewController/Classes/ExpandableViewController.swift:39:32: error: 'UIView' is unavailable in watchOS
37 | // MARK: - Private properties
38 |
39 | private var minimisedView: UIView
| `- error: 'UIView' is unavailable in watchOS
40 | private let childVC: Expandable
41 |
/Applications/Xcode-27.0.0-Release.Candidate.app/Contents/Developer/Platforms/WatchOS.platform/Developer/SDKs/WatchOS27.0.sdk/System/Library/Frameworks/UIKit.framework/Headers/UIView.h:152:12: note: 'UIView' has been explicitly marked unavailable here
150 |
151 | UIKIT_EXTERN API_AVAILABLE(ios(2.0)) API_UNAVAILABLE(watchos) NS_SWIFT_UI_ACTOR
152 | @interface UIView : UIResponder <NSCoding, UIAppearance, UIAppearanceContainer, UIDynamicItem, UITraitEnvironment, UICoordinateSpace, UIFocusItem, UIFocusItemContainer, CALayerDelegate>
| `- note: 'UIView' has been explicitly marked unavailable here
153 |
154 | @property(class, nonatomic, readonly) Class layerClass; // default is [CALayer class]. Used when creating the underlying layer for the view.
/Users/admin/builder/spi-builder-workspace/StickyTabBarViewController/Classes/ExpandableViewController.swift:45:27: error: 'UIViewPropertyAnimator' is unavailable in watchOS
43 |
44 | lazy var isBeginningUpwards = !isEnlarged
45 | var runningAnimation: UIViewPropertyAnimator?
| `- error: 'UIViewPropertyAnimator' is unavailable in watchOS
46 | var animationProgressWhenInterrupted: CGFloat = 0
47 |
/Applications/Xcode-27.0.0-Release.Candidate.app/Contents/Developer/Platforms/WatchOS.platform/Developer/SDKs/WatchOS27.0.sdk/System/Library/Frameworks/UIKit.framework/Headers/UIViewPropertyAnimator.h:17:12: note: 'UIViewPropertyAnimator' has been explicitly marked unavailable here
15 |
16 | UIKIT_EXTERN API_AVAILABLE(ios(10.0)) API_UNAVAILABLE(watchos) NS_SWIFT_UI_ACTOR
17 | @interface UIViewPropertyAnimator : NSObject <UIViewImplicitlyAnimating, NSCopying>
| `- note: 'UIViewPropertyAnimator' has been explicitly marked unavailable here
18 |
19 | @property(nullable, nonatomic, copy, readonly) id <UITimingCurveProvider> timingParameters;
/Users/admin/builder/spi-builder-workspace/StickyTabBarViewController/Classes/ExpandableViewController.swift:95:51: error: 'UITapGestureRecognizer' is unavailable in watchOS
93 | }
94 |
95 | @objc private func enlargeWithTap(recognizer: UITapGestureRecognizer) {
| `- error: 'UITapGestureRecognizer' is unavailable in watchOS
96 | switch recognizer.state {
97 | case .ended:
/Applications/Xcode-27.0.0-Release.Candidate.app/Contents/Developer/Platforms/WatchOS.platform/Developer/SDKs/WatchOS27.0.sdk/System/Library/Frameworks/UIKit.framework/Headers/UITapGestureRecognizer.h:23:12: note: 'UITapGestureRecognizer' has been explicitly marked unavailable here
21 |
22 | UIKIT_EXTERN API_AVAILABLE(ios(3.2)) API_UNAVAILABLE(watchos) NS_SWIFT_UI_ACTOR
23 | @interface UITapGestureRecognizer : UIGestureRecognizer
| `- note: 'UITapGestureRecognizer' has been explicitly marked unavailable here
24 |
25 | @property (nonatomic) NSUInteger numberOfTapsRequired; // Default is 1. The number of taps required to match
/Users/admin/builder/spi-builder-workspace/StickyTabBarViewController/Classes/ExpandableViewController.swift:104:46: error: 'UIPanGestureRecognizer' is unavailable in watchOS
102 | }
103 |
104 | @objc private func handlePan(recognizer: UIPanGestureRecognizer) {
| `- error: 'UIPanGestureRecognizer' is unavailable in watchOS
105 | switch recognizer.state {
106 | case .began:
/Applications/Xcode-27.0.0-Release.Candidate.app/Contents/Developer/Platforms/WatchOS.platform/Developer/SDKs/WatchOS27.0.sdk/System/Library/Frameworks/UIKit.framework/Headers/UIPanGestureRecognizer.h:31:12: note: 'UIPanGestureRecognizer' has been explicitly marked unavailable here
29 |
30 | UIKIT_EXTERN API_AVAILABLE(ios(3.2)) API_UNAVAILABLE(watchos) NS_SWIFT_UI_ACTOR
31 | @interface UIPanGestureRecognizer : UIGestureRecognizer
| `- note: 'UIPanGestureRecognizer' has been explicitly marked unavailable here
32 |
33 | @property (nonatomic) NSUInteger minimumNumberOfTouches API_UNAVAILABLE(tvos); // default is 1. the minimum number of touches required to match
/Users/admin/builder/spi-builder-workspace/StickyTabBarViewController/Classes/ExpandableViewController.swift:24:33: error: 'UIViewController' is unavailable in watchOS
22 | }
23 |
24 | class ExpandableViewController: UIViewController {
| `- error: 'UIViewController' is unavailable in watchOS
25 |
26 | // MARK: - Internal properties
/Applications/Xcode-27.0.0-Release.Candidate.app/Contents/Developer/Platforms/WatchOS.platform/Developer/SDKs/WatchOS27.0.sdk/System/Library/Frameworks/UIKit.framework/Headers/UIViewController.h:104:12: note: 'UIViewController' has been explicitly marked unavailable here
102 |
103 | UIKIT_EXTERN API_AVAILABLE(ios(2.0)) API_UNAVAILABLE(watchos) NS_SWIFT_UI_ACTOR
104 | @interface UIViewController : UIResponder <NSCoding, UIAppearanceContainer, UITraitEnvironment, UIContentContainer, UIFocusEnvironment>
| `- note: 'UIViewController' has been explicitly marked unavailable here
105 |
106 | /*
/Users/admin/builder/spi-builder-workspace/StickyTabBarViewController/Classes/ExpandableViewController.swift:68:33: error: 'UITapGestureRecognizer' is unavailable in watchOS
66 | override public func viewDidLoad() {
67 | super.viewDidLoad()
68 | let gestureRecognizer = UITapGestureRecognizer(target: self, action: #selector(enlargeWithTap))
| `- error: 'UITapGestureRecognizer' is unavailable in watchOS
69 | minimisedView.addGestureRecognizer(gestureRecognizer)
70 | let panGestureRecognizer = UIPanGestureRecognizer(target: self, action: #selector(handlePan))
/Applications/Xcode-27.0.0-Release.Candidate.app/Contents/Developer/Platforms/WatchOS.platform/Developer/SDKs/WatchOS27.0.sdk/System/Library/Frameworks/UIKit.framework/Headers/UITapGestureRecognizer.h:23:12: note: 'UITapGestureRecognizer' has been explicitly marked unavailable here
21 |
22 | UIKIT_EXTERN API_AVAILABLE(ios(3.2)) API_UNAVAILABLE(watchos) NS_SWIFT_UI_ACTOR
23 | @interface UITapGestureRecognizer : UIGestureRecognizer
| `- note: 'UITapGestureRecognizer' has been explicitly marked unavailable here
24 |
25 | @property (nonatomic) NSUInteger numberOfTapsRequired; // Default is 1. The number of taps required to match
SwiftCompile normal arm64 /Users/admin/builder/spi-builder-workspace/StickyTabBarViewController/Classes/ExpandableViewController.swift (in target 'StickyTabBarViewController' from project 'StickyTabBarViewController')
cd /Users/admin/builder/spi-builder-workspace/.swiftpm/xcode
builtin-SwiftPerFileCompile ExpandableViewController.swift
SwiftCompile normal arm64 Compiling\ StickyViewControllerSupportingTabBarController.swift /Users/admin/builder/spi-builder-workspace/StickyTabBarViewController/Classes/StickyViewControllerSupportingTabBarController.swift (in target 'StickyTabBarViewController' from project 'StickyTabBarViewController')
/Users/admin/builder/spi-builder-workspace/StickyTabBarViewController/Classes/StickyViewControllerSupportingTabBarController.swift:10:49: error: 'UITabBarController' is unavailable in watchOS
8 | import UIKit
9 |
10 | public protocol StickyViewControllerSupporting: UITabBarController {
| `- error: 'UITabBarController' is unavailable in watchOS
11 | var collapsedHeight: CGFloat { get set }
12 | var animationDuration: TimeInterval { get set }
/Applications/Xcode-27.0.0-Release.Candidate.app/Contents/Developer/Platforms/WatchOS.platform/Developer/SDKs/WatchOS27.0.sdk/System/Library/Frameworks/UIKit.framework/Headers/UITabBarController.h:64:12: note: 'UITabBarController' has been explicitly marked unavailable here
62 |
63 | UIKIT_EXTERN API_AVAILABLE(ios(2.0)) API_UNAVAILABLE(watchos) NS_SWIFT_UI_ACTOR
64 | @interface UITabBarController : UIViewController <UITabBarDelegate, NSCoding>
| `- note: 'UITabBarController' has been explicitly marked unavailable here
65 |
66 | /// The object managing the delegate of the tab bar controller.
SwiftCompile normal arm64 /Users/admin/builder/spi-builder-workspace/StickyTabBarViewController/Classes/StickyViewControllerSupportingTabBarController.swift (in target 'StickyTabBarViewController' from project 'StickyTabBarViewController')
cd /Users/admin/builder/spi-builder-workspace/.swiftpm/xcode
builtin-SwiftPerFileCompile StickyViewControllerSupportingTabBarController.swift
PruneExplicitPrecompiledModules /Users/admin/builder/spi-builder-workspace/.derivedData/Build/Intermediates.noindex/SwiftExplicitPrecompiledModules
PruneExplicitPrecompiledModules /Users/admin/builder/spi-builder-workspace/.derivedData/Build/Intermediates.noindex/ExplicitPrecompiledModules
PruneExplicitPrecompiledModules /Users/admin/builder/spi-builder-workspace/.derivedData/SDKExplicitPrecompiledModules
2026-09-17 22:46:53.675 xcodebuild[661:4272] [MT] IDERunDestination: Supported platforms for the buildables in the current scheme is empty.
** BUILD FAILED **
The following build commands failed:
SwiftCompile normal arm64_32 (in target 'StickyTabBarViewController' from project 'StickyTabBarViewController')
SwiftEmitModule normal arm64_32 Emitting\ module\ for\ StickyTabBarViewController (in target 'StickyTabBarViewController' from project 'StickyTabBarViewController')
Building workspace StickyTabBarViewController with scheme StickyTabBarViewController
(3 failures)
Command line invocation:
/Applications/Xcode-27.0.0-Release.Candidate.app/Contents/Developer/usr/bin/xcodebuild -IDEClonedSourcePackagesDirPathOverride=/Users/admin/builder/spi-builder-workspace/.dependencies -resolvePackageDependencies
Resolve Package Graph
Resolved source packages:
StickyTabBarViewController: /Users/admin/builder/spi-builder-workspace
resolved source packages: StickyTabBarViewController
2026-09-17 22:46:59.528 xcodebuild[784:4745] [MT] IDERunDestination: Supported platforms for the buildables in the current scheme is empty.
{
"dependencies" : [
],
"manifest_display_name" : "StickyTabBarViewController",
"name" : "StickyTabBarViewController",
"path" : "/Users/admin/builder/spi-builder-workspace",
"platforms" : [
{
"name" : "ios",
"version" : "10.0"
}
],
"products" : [
{
"name" : "StickyTabBarViewController",
"targets" : [
"StickyTabBarViewController"
],
"type" : {
"library" : [
"automatic"
]
}
}
],
"swift_languages_versions" : [
"5"
],
"targets" : [
{
"c99name" : "StickyTabBarViewController",
"module_type" : "SwiftTarget",
"name" : "StickyTabBarViewController",
"path" : "StickyTabBarViewController/Classes",
"product_memberships" : [
"StickyTabBarViewController"
],
"sources" : [
"ExpandableViewController.swift",
"StickyViewControllerSupportingTabBarController.swift"
],
"type" : "library"
}
],
"tools_version" : "5.1"
}
{
"workspace" : {
"name" : "StickyTabBarViewController",
"schemes" : [
"StickyTabBarViewController"
]
}
}
2026-09-17 22:47:00.836 xcodebuild[792:4813] [MT] IDERunDestination: Supported platforms for the buildables in the current scheme is empty.
Running build ...
env DEVELOPER_DIR=/Applications/Xcode-27.0.0-Release.Candidate.app xcrun xcodebuild -IDEClonedSourcePackagesDirPathOverride=$PWD/.dependencies -skipMacroValidation -skipPackagePluginValidation -derivedDataPath $PWD/.derivedData build -scheme StickyTabBarViewController -destination generic/platform=watchOS
Command line invocation:
/Applications/Xcode-27.0.0-Release.Candidate.app/Contents/Developer/usr/bin/xcodebuild -IDEClonedSourcePackagesDirPathOverride=/Users/admin/builder/spi-builder-workspace/.dependencies -skipMacroValidation -skipPackagePluginValidation -derivedDataPath /Users/admin/builder/spi-builder-workspace/.derivedData build -scheme StickyTabBarViewController -destination generic/platform=watchOS
Resolve Package Graph
Resolved source packages:
StickyTabBarViewController: /Users/admin/builder/spi-builder-workspace
ComputePackagePrebuildTargetDependencyGraph
Prepare packages
CreateBuildRequest
SendProjectDescription
CreateBuildOperation
ComputeTargetDependencyGraph
note: Building targets in dependency order
note: Target dependency graph (2 targets)
Target 'StickyTabBarViewController-product' in project 'StickyTabBarViewController'
➜ Explicit dependency on target 'StickyTabBarViewController' in project 'StickyTabBarViewController'
Target 'StickyTabBarViewController' in project 'StickyTabBarViewController' (no dependencies)
GatherProvisioningInputs
CreateBuildDescription
ClangStatCache /Applications/Xcode-27.0.0-Release.Candidate.app/Contents/Developer/Toolchains/XcodeDefault.xctoolchain/usr/bin/clang-stat-cache /Applications/Xcode-27.0.0-Release.Candidate.app/Contents/Developer/Platforms/WatchOS.platform/Developer/SDKs/WatchOS27.0.sdk /Users/admin/builder/spi-builder-workspace/.derivedData/SDKStatCaches.noindex/watchos27.0-24R360-e829b21a6f8c9b70876ba0858053c04477534ef55a1706bf4c1112bbb242f0a2.sdkstatcache
cd /Users/admin/builder/spi-builder-workspace/.swiftpm/xcode
/Applications/Xcode-27.0.0-Release.Candidate.app/Contents/Developer/Toolchains/XcodeDefault.xctoolchain/usr/bin/clang-stat-cache /Applications/Xcode-27.0.0-Release.Candidate.app/Contents/Developer/Platforms/WatchOS.platform/Developer/SDKs/WatchOS27.0.sdk -o /Users/admin/builder/spi-builder-workspace/.derivedData/SDKStatCaches.noindex/watchos27.0-24R360-e829b21a6f8c9b70876ba0858053c04477534ef55a1706bf4c1112bbb242f0a2.sdkstatcache
SwiftDriver StickyTabBarViewController normal arm64_32 com.apple.xcode.tools.swift.compiler (in target 'StickyTabBarViewController' from project 'StickyTabBarViewController')
cd /Users/admin/builder/spi-builder-workspace/.swiftpm/xcode
builtin-SwiftDriver -- /Applications/Xcode-27.0.0-Release.Candidate.app/Contents/Developer/Toolchains/XcodeDefault.xctoolchain/usr/bin/swiftc -parse-as-library -module-name StickyTabBarViewController -Onone @/Users/admin/builder/spi-builder-workspace/.derivedData/Build/Intermediates.noindex/StickyTabBarViewController.build/Debug-watchos/StickyTabBarViewController-t.build/Objects-normal/arm64_32/StickyTabBarViewController.SwiftFileList -DSWIFT_PACKAGE -DDEBUG -DSWIFT_MODULE_RESOURCE_BUNDLE_UNAVAILABLE -DXcode -plugin-path /Applications/Xcode-27.0.0-Release.Candidate.app/Contents/Developer/Toolchains/XcodeDefault.xctoolchain/usr/lib/swift/host/plugins/testing -enable-experimental-feature DebugDescriptionMacro -sdk /Applications/Xcode-27.0.0-Release.Candidate.app/Contents/Developer/Platforms/WatchOS.platform/Developer/SDKs/WatchOS27.0.sdk -target arm64_32-apple-watchos9.0 -g -module-cache-path /Users/admin/builder/spi-builder-workspace/.derivedData/ModuleCache.noindex -Xfrontend -serialize-debugging-options -enable-testing -index-store-path /Users/admin/builder/spi-builder-workspace/.derivedData/Index.noindex/DataStore -Xcc -D_LIBCPP_HARDENING_MODE\=_LIBCPP_HARDENING_MODE_DEBUG -swift-version 5 -I /Users/admin/builder/spi-builder-workspace/.derivedData/Build/Products/Debug-watchos -Isystem /Applications/Xcode-27.0.0-Release.Candidate.app/Contents/Developer/Platforms/WatchOS.platform/Developer/usr/lib -F /Users/admin/builder/spi-builder-workspace/.derivedData/Build/Products/Debug-watchos -F /Applications/Xcode-27.0.0-Release.Candidate.app/Contents/Developer/Platforms/WatchOS.platform/Developer/Library/Frameworks -F /Applications/Xcode-27.0.0-Release.Candidate.app/Contents/Developer/Platforms/WatchOS.platform/Developer/SDKs/WatchOS27.0.sdk/Developer/Library/Frameworks -c -j10 -enable-batch-mode -incremental -Xcc -ivfsstatcache -Xcc /Users/admin/builder/spi-builder-workspace/.derivedData/SDKStatCaches.noindex/watchos27.0-24R360-e829b21a6f8c9b70876ba0858053c04477534ef55a1706bf4c1112bbb242f0a2.sdkstatcache -output-file-map /Users/admin/builder/spi-builder-workspace/.derivedData/Build/Intermediates.noindex/StickyTabBarViewController.build/Debug-watchos/StickyTabBarViewController-t.build/Objects-normal/arm64_32/StickyTabBarViewController-OutputFileMap.json -save-temps -no-color-diagnostics -explicit-module-build -module-cache-path /Users/admin/builder/spi-builder-workspace/.derivedData/Build/Intermediates.noindex/SwiftExplicitPrecompiledModules -clang-scanner-module-cache-path /Users/admin/builder/spi-builder-workspace/.derivedData/ModuleCache.noindex -sdk-module-cache-path /Users/admin/builder/spi-builder-workspace/.derivedData/SDKExplicitPrecompiledModules -emit-dependencies -emit-module -emit-module-path /Users/admin/builder/spi-builder-workspace/.derivedData/Build/Intermediates.noindex/StickyTabBarViewController.build/Debug-watchos/StickyTabBarViewController-t.build/Objects-normal/arm64_32/StickyTabBarViewController.swiftmodule -serialize-diagnostics -dependency-scan-serialize-diagnostics-path /Users/admin/builder/spi-builder-workspace/.derivedData/Build/Intermediates.noindex/StickyTabBarViewController.build/Debug-watchos/StickyTabBarViewController-t.build/Objects-normal/arm64_32/StickyTabBarViewController-dependency-scan.dia -validate-clang-modules-once -clang-build-session-file /Users/admin/builder/spi-builder-workspace/.derivedData/ModuleCache.noindex/Session.modulevalidation -Xcc -fmodules-prune-interval\=86400 -Xcc -fmodules-prune-after\=345600 -emit-const-values -const-gather-protocols-list /Users/admin/builder/spi-builder-workspace/.derivedData/Build/Intermediates.noindex/StickyTabBarViewController.build/Debug-watchos/StickyTabBarViewController-t.build/Objects-normal/arm64_32/StickyTabBarViewController_const_extract_protocols.json -Xcc -I/Users/admin/builder/spi-builder-workspace/.derivedData/Build/Products/Debug-watchos/include -Xcc -I/Users/admin/builder/spi-builder-workspace/.derivedData/Build/Intermediates.noindex/StickyTabBarViewController.build/Debug-watchos/StickyTabBarViewController-t.build/DerivedSources-normal/arm64_32 -Xcc -I/Users/admin/builder/spi-builder-workspace/.derivedData/Build/Intermediates.noindex/StickyTabBarViewController.build/Debug-watchos/StickyTabBarViewController-t.build/DerivedSources/arm64_32 -Xcc -I/Users/admin/builder/spi-builder-workspace/.derivedData/Build/Intermediates.noindex/StickyTabBarViewController.build/Debug-watchos/StickyTabBarViewController-t.build/DerivedSources -Xcc -DSWIFT_PACKAGE -Xcc -DDEBUG\=1 -emit-objc-header -emit-objc-header-path /Users/admin/builder/spi-builder-workspace/.derivedData/Build/Intermediates.noindex/StickyTabBarViewController.build/Debug-watchos/StickyTabBarViewController-t.build/Objects-normal/arm64_32/StickyTabBarViewController-Swift.h -working-directory /Users/admin/builder/spi-builder-workspace/.swiftpm/xcode -experimental-emit-module-separately -disable-cmo
SwiftDriver StickyTabBarViewController normal arm64 com.apple.xcode.tools.swift.compiler (in target 'StickyTabBarViewController' from project 'StickyTabBarViewController')
cd /Users/admin/builder/spi-builder-workspace/.swiftpm/xcode
builtin-SwiftDriver -- /Applications/Xcode-27.0.0-Release.Candidate.app/Contents/Developer/Toolchains/XcodeDefault.xctoolchain/usr/bin/swiftc -parse-as-library -module-name StickyTabBarViewController -Onone @/Users/admin/builder/spi-builder-workspace/.derivedData/Build/Intermediates.noindex/StickyTabBarViewController.build/Debug-watchos/StickyTabBarViewController-t.build/Objects-normal/arm64/StickyTabBarViewController.SwiftFileList -DSWIFT_PACKAGE -DDEBUG -DSWIFT_MODULE_RESOURCE_BUNDLE_UNAVAILABLE -DXcode -plugin-path /Applications/Xcode-27.0.0-Release.Candidate.app/Contents/Developer/Toolchains/XcodeDefault.xctoolchain/usr/lib/swift/host/plugins/testing -enable-experimental-feature DebugDescriptionMacro -sdk /Applications/Xcode-27.0.0-Release.Candidate.app/Contents/Developer/Platforms/WatchOS.platform/Developer/SDKs/WatchOS27.0.sdk -target arm64-apple-watchos9.0 -g -module-cache-path /Users/admin/builder/spi-builder-workspace/.derivedData/ModuleCache.noindex -Xfrontend -serialize-debugging-options -enable-testing -index-store-path /Users/admin/builder/spi-builder-workspace/.derivedData/Index.noindex/DataStore -Xcc -D_LIBCPP_HARDENING_MODE\=_LIBCPP_HARDENING_MODE_DEBUG -swift-version 5 -I /Users/admin/builder/spi-builder-workspace/.derivedData/Build/Products/Debug-watchos -Isystem /Applications/Xcode-27.0.0-Release.Candidate.app/Contents/Developer/Platforms/WatchOS.platform/Developer/usr/lib -F /Users/admin/builder/spi-builder-workspace/.derivedData/Build/Products/Debug-watchos -F /Applications/Xcode-27.0.0-Release.Candidate.app/Contents/Developer/Platforms/WatchOS.platform/Developer/Library/Frameworks -F /Applications/Xcode-27.0.0-Release.Candidate.app/Contents/Developer/Platforms/WatchOS.platform/Developer/SDKs/WatchOS27.0.sdk/Developer/Library/Frameworks -c -j10 -enable-batch-mode -incremental -Xcc -ivfsstatcache -Xcc /Users/admin/builder/spi-builder-workspace/.derivedData/SDKStatCaches.noindex/watchos27.0-24R360-e829b21a6f8c9b70876ba0858053c04477534ef55a1706bf4c1112bbb242f0a2.sdkstatcache -output-file-map /Users/admin/builder/spi-builder-workspace/.derivedData/Build/Intermediates.noindex/StickyTabBarViewController.build/Debug-watchos/StickyTabBarViewController-t.build/Objects-normal/arm64/StickyTabBarViewController-OutputFileMap.json -save-temps -no-color-diagnostics -explicit-module-build -module-cache-path /Users/admin/builder/spi-builder-workspace/.derivedData/Build/Intermediates.noindex/SwiftExplicitPrecompiledModules -clang-scanner-module-cache-path /Users/admin/builder/spi-builder-workspace/.derivedData/ModuleCache.noindex -sdk-module-cache-path /Users/admin/builder/spi-builder-workspace/.derivedData/SDKExplicitPrecompiledModules -emit-dependencies -emit-module -emit-module-path /Users/admin/builder/spi-builder-workspace/.derivedData/Build/Intermediates.noindex/StickyTabBarViewController.build/Debug-watchos/StickyTabBarViewController-t.build/Objects-normal/arm64/StickyTabBarViewController.swiftmodule -serialize-diagnostics -dependency-scan-serialize-diagnostics-path /Users/admin/builder/spi-builder-workspace/.derivedData/Build/Intermediates.noindex/StickyTabBarViewController.build/Debug-watchos/StickyTabBarViewController-t.build/Objects-normal/arm64/StickyTabBarViewController-dependency-scan.dia -validate-clang-modules-once -clang-build-session-file /Users/admin/builder/spi-builder-workspace/.derivedData/ModuleCache.noindex/Session.modulevalidation -Xcc -fmodules-prune-interval\=86400 -Xcc -fmodules-prune-after\=345600 -emit-const-values -const-gather-protocols-list /Users/admin/builder/spi-builder-workspace/.derivedData/Build/Intermediates.noindex/StickyTabBarViewController.build/Debug-watchos/StickyTabBarViewController-t.build/Objects-normal/arm64/StickyTabBarViewController_const_extract_protocols.json -Xcc -I/Users/admin/builder/spi-builder-workspace/.derivedData/Build/Products/Debug-watchos/include -Xcc -I/Users/admin/builder/spi-builder-workspace/.derivedData/Build/Intermediates.noindex/StickyTabBarViewController.build/Debug-watchos/StickyTabBarViewController-t.build/DerivedSources-normal/arm64 -Xcc -I/Users/admin/builder/spi-builder-workspace/.derivedData/Build/Intermediates.noindex/StickyTabBarViewController.build/Debug-watchos/StickyTabBarViewController-t.build/DerivedSources/arm64 -Xcc -I/Users/admin/builder/spi-builder-workspace/.derivedData/Build/Intermediates.noindex/StickyTabBarViewController.build/Debug-watchos/StickyTabBarViewController-t.build/DerivedSources -Xcc -DSWIFT_PACKAGE -Xcc -DDEBUG\=1 -emit-objc-header -emit-objc-header-path /Users/admin/builder/spi-builder-workspace/.derivedData/Build/Intermediates.noindex/StickyTabBarViewController.build/Debug-watchos/StickyTabBarViewController-t.build/Objects-normal/arm64/StickyTabBarViewController-Swift.h -working-directory /Users/admin/builder/spi-builder-workspace/.swiftpm/xcode -experimental-emit-module-separately -disable-cmo
SwiftEmitModule normal arm64_32 Emitting\ module\ for\ StickyTabBarViewController (in target 'StickyTabBarViewController' from project 'StickyTabBarViewController')
/Users/admin/builder/spi-builder-workspace/StickyTabBarViewController/Classes/ExpandableViewController.swift:12:24: error: 'UIView' is unavailable in watchOS
10 |
11 | public protocol Expandable: UIViewController {
12 | var minimisedView: UIView { get }
| `- error: 'UIView' is unavailable in watchOS
13 | var container: StickyViewControllerSupporting? { get set }
14 | }
/Applications/Xcode-27.0.0-Release.Candidate.app/Contents/Developer/Platforms/WatchOS.platform/Developer/SDKs/WatchOS27.0.sdk/System/Library/Frameworks/UIKit.framework/Headers/UIView.h:152:12: note: 'UIView' has been explicitly marked unavailable here
150 |
151 | UIKIT_EXTERN API_AVAILABLE(ios(2.0)) API_UNAVAILABLE(watchos) NS_SWIFT_UI_ACTOR
152 | @interface UIView : UIResponder <NSCoding, UIAppearance, UIAppearanceContainer, UIDynamicItem, UITraitEnvironment, UICoordinateSpace, UIFocusItem, UIFocusItemContainer, CALayerDelegate>
| `- note: 'UIView' has been explicitly marked unavailable here
153 |
154 | @property(class, nonatomic, readonly) Class layerClass; // default is [CALayer class]. Used when creating the underlying layer for the view.
/Users/admin/builder/spi-builder-workspace/StickyTabBarViewController/Classes/ExpandableViewController.swift:11:29: error: 'UIViewController' is unavailable in watchOS
9 | import UIKit
10 |
11 | public protocol Expandable: UIViewController {
| `- error: 'UIViewController' is unavailable in watchOS
12 | var minimisedView: UIView { get }
13 | var container: StickyViewControllerSupporting? { get set }
/Applications/Xcode-27.0.0-Release.Candidate.app/Contents/Developer/Platforms/WatchOS.platform/Developer/SDKs/WatchOS27.0.sdk/System/Library/Frameworks/UIKit.framework/Headers/UIViewController.h:104:12: note: 'UIViewController' has been explicitly marked unavailable here
102 |
103 | UIKIT_EXTERN API_AVAILABLE(ios(2.0)) API_UNAVAILABLE(watchos) NS_SWIFT_UI_ACTOR
104 | @interface UIViewController : UIResponder <NSCoding, UIAppearanceContainer, UITraitEnvironment, UIContentContainer, UIFocusEnvironment>
| `- note: 'UIViewController' has been explicitly marked unavailable here
105 |
106 | /*
/Users/admin/builder/spi-builder-workspace/StickyTabBarViewController/Classes/ExpandableViewController.swift:28:27: error: 'NSLayoutConstraint' is unavailable in watchOS
26 | // MARK: - Internal properties
27 |
28 | var heightConstraint: NSLayoutConstraint!
| `- error: 'NSLayoutConstraint' is unavailable in watchOS
29 | var isEnlarged = false
30 |
/Applications/Xcode-27.0.0-Release.Candidate.app/Contents/Developer/Platforms/WatchOS.platform/Developer/SDKs/WatchOS27.0.sdk/System/Library/Frameworks/UIKit.framework/Headers/NSLayoutConstraint.h:126:12: note: 'NSLayoutConstraint' has been explicitly marked unavailable here
124 |
125 | NSLAYOUTCONSTRAINT_EXTERN API_AVAILABLE(macos(10.7), ios(6.0), tvos(9.0)) API_UNAVAILABLE(watchos) NS_SWIFT_UI_ACTOR
126 | @interface NSLayoutConstraint : NSObject
| `- note: 'NSLayoutConstraint' has been explicitly marked unavailable here
127 |
128 | /* Create an array of constraints using an ASCII-art-like visual format string. The values of the `metrics` dictionary should be NSNumber (or some other type that responds to -doubleValue and returns a double).
/Users/admin/builder/spi-builder-workspace/StickyTabBarViewController/Classes/ExpandableViewController.swift:33:33: error: 'UIScreen' is unavailable in watchOS
31 | weak var tabController: StickyViewControllerSupporting?
32 |
33 | let deviceHeight: CGFloat = UIScreen.main.bounds.height
| `- error: 'UIScreen' is unavailable in watchOS
34 | var collapsedHeight: CGFloat
35 | var animationDuration: TimeInterval
/Applications/Xcode-27.0.0-Release.Candidate.app/Contents/Developer/Platforms/WatchOS.platform/Developer/SDKs/WatchOS27.0.sdk/System/Library/Frameworks/UIKit.framework/Headers/UIScreen.h:54:12: note: 'UIScreen' has been explicitly marked unavailable here
52 |
53 | UIKIT_EXTERN API_AVAILABLE(ios(2.0)) API_UNAVAILABLE(visionos, watchos) NS_SWIFT_UI_ACTOR
54 | @interface UIScreen : NSObject <UITraitEnvironment>
| `- note: 'UIScreen' has been explicitly marked unavailable here
55 |
56 | @property(class, nonatomic, readonly) NSArray<UIScreen *> *screens API_DEPRECATED("Use UIApplication.shared.openSessions to find open sessions with scenes from other screens", ios(3.2, 16.0), visionos(1.0, 1.0)) API_UNAVAILABLE(watchos); // all screens currently attached to the device
/Users/admin/builder/spi-builder-workspace/StickyTabBarViewController/Classes/ExpandableViewController.swift:33:42: error: 'main' is unavailable in watchOS
31 | weak var tabController: StickyViewControllerSupporting?
32 |
33 | let deviceHeight: CGFloat = UIScreen.main.bounds.height
| `- error: 'main' is unavailable in watchOS
34 | var collapsedHeight: CGFloat
35 | var animationDuration: TimeInterval
/Applications/Xcode-27.0.0-Release.Candidate.app/Contents/Developer/Platforms/WatchOS.platform/Developer/SDKs/WatchOS27.0.sdk/System/Library/Frameworks/UIKit.framework/Headers/UIScreen.h:57:49: note: 'main' has been explicitly marked unavailable here
55 |
56 | @property(class, nonatomic, readonly) NSArray<UIScreen *> *screens API_DEPRECATED("Use UIApplication.shared.openSessions to find open sessions with scenes from other screens", ios(3.2, 16.0), visionos(1.0, 1.0)) API_UNAVAILABLE(watchos); // all screens currently attached to the device
57 | @property(class, nonatomic, readonly) UIScreen *mainScreen API_DEPRECATED("Use a UIScreen instance found through context instead (i.e, view.window.windowScene.screen), or for properties like UIScreen.scale with trait equivalents, use a traitCollection found through context.", ios(2.0, 26.0), tvos(9.0, 26.0), visionos(1.0, 26.0)) API_UNAVAILABLE(watchos);
| `- note: 'main' has been explicitly marked unavailable here
58 |
59 | @property(nonatomic,readonly) CGRect bounds; // Bounds of entire screen in points
/Users/admin/builder/spi-builder-workspace/StickyTabBarViewController/Classes/ExpandableViewController.swift:39:32: error: 'UIView' is unavailable in watchOS
37 | // MARK: - Private properties
38 |
39 | private var minimisedView: UIView
| `- error: 'UIView' is unavailable in watchOS
40 | private let childVC: Expandable
41 |
/Applications/Xcode-27.0.0-Release.Candidate.app/Contents/Developer/Platforms/WatchOS.platform/Developer/SDKs/WatchOS27.0.sdk/System/Library/Frameworks/UIKit.framework/Headers/UIView.h:152:12: note: 'UIView' has been explicitly marked unavailable here
150 |
151 | UIKIT_EXTERN API_AVAILABLE(ios(2.0)) API_UNAVAILABLE(watchos) NS_SWIFT_UI_ACTOR
152 | @interface UIView : UIResponder <NSCoding, UIAppearance, UIAppearanceContainer, UIDynamicItem, UITraitEnvironment, UICoordinateSpace, UIFocusItem, UIFocusItemContainer, CALayerDelegate>
| `- note: 'UIView' has been explicitly marked unavailable here
153 |
154 | @property(class, nonatomic, readonly) Class layerClass; // default is [CALayer class]. Used when creating the underlying layer for the view.
/Users/admin/builder/spi-builder-workspace/StickyTabBarViewController/Classes/ExpandableViewController.swift:45:27: error: 'UIViewPropertyAnimator' is unavailable in watchOS
43 |
44 | lazy var isBeginningUpwards = !isEnlarged
45 | var runningAnimation: UIViewPropertyAnimator?
| `- error: 'UIViewPropertyAnimator' is unavailable in watchOS
46 | var animationProgressWhenInterrupted: CGFloat = 0
47 |
/Applications/Xcode-27.0.0-Release.Candidate.app/Contents/Developer/Platforms/WatchOS.platform/Developer/SDKs/WatchOS27.0.sdk/System/Library/Frameworks/UIKit.framework/Headers/UIViewPropertyAnimator.h:17:12: note: 'UIViewPropertyAnimator' has been explicitly marked unavailable here
15 |
16 | UIKIT_EXTERN API_AVAILABLE(ios(10.0)) API_UNAVAILABLE(watchos) NS_SWIFT_UI_ACTOR
17 | @interface UIViewPropertyAnimator : NSObject <UIViewImplicitlyAnimating, NSCopying>
| `- note: 'UIViewPropertyAnimator' has been explicitly marked unavailable here
18 |
19 | @property(nullable, nonatomic, copy, readonly) id <UITimingCurveProvider> timingParameters;
/Users/admin/builder/spi-builder-workspace/StickyTabBarViewController/Classes/ExpandableViewController.swift:95:51: error: 'UITapGestureRecognizer' is unavailable in watchOS
93 | }
94 |
95 | @objc private func enlargeWithTap(recognizer: UITapGestureRecognizer) {
| `- error: 'UITapGestureRecognizer' is unavailable in watchOS
96 | switch recognizer.state {
97 | case .ended:
/Applications/Xcode-27.0.0-Release.Candidate.app/Contents/Developer/Platforms/WatchOS.platform/Developer/SDKs/WatchOS27.0.sdk/System/Library/Frameworks/UIKit.framework/Headers/UITapGestureRecognizer.h:23:12: note: 'UITapGestureRecognizer' has been explicitly marked unavailable here
21 |
22 | UIKIT_EXTERN API_AVAILABLE(ios(3.2)) API_UNAVAILABLE(watchos) NS_SWIFT_UI_ACTOR
23 | @interface UITapGestureRecognizer : UIGestureRecognizer
| `- note: 'UITapGestureRecognizer' has been explicitly marked unavailable here
24 |
25 | @property (nonatomic) NSUInteger numberOfTapsRequired; // Default is 1. The number of taps required to match
/Users/admin/builder/spi-builder-workspace/StickyTabBarViewController/Classes/ExpandableViewController.swift:104:46: error: 'UIPanGestureRecognizer' is unavailable in watchOS
102 | }
103 |
104 | @objc private func handlePan(recognizer: UIPanGestureRecognizer) {
| `- error: 'UIPanGestureRecognizer' is unavailable in watchOS
105 | switch recognizer.state {
106 | case .began:
/Applications/Xcode-27.0.0-Release.Candidate.app/Contents/Developer/Platforms/WatchOS.platform/Developer/SDKs/WatchOS27.0.sdk/System/Library/Frameworks/UIKit.framework/Headers/UIPanGestureRecognizer.h:31:12: note: 'UIPanGestureRecognizer' has been explicitly marked unavailable here
29 |
30 | UIKIT_EXTERN API_AVAILABLE(ios(3.2)) API_UNAVAILABLE(watchos) NS_SWIFT_UI_ACTOR
31 | @interface UIPanGestureRecognizer : UIGestureRecognizer
| `- note: 'UIPanGestureRecognizer' has been explicitly marked unavailable here
32 |
33 | @property (nonatomic) NSUInteger minimumNumberOfTouches API_UNAVAILABLE(tvos); // default is 1. the minimum number of touches required to match
/Users/admin/builder/spi-builder-workspace/StickyTabBarViewController/Classes/ExpandableViewController.swift:24:33: error: 'UIViewController' is unavailable in watchOS
22 | }
23 |
24 | class ExpandableViewController: UIViewController {
| `- error: 'UIViewController' is unavailable in watchOS
25 |
26 | // MARK: - Internal properties
/Applications/Xcode-27.0.0-Release.Candidate.app/Contents/Developer/Platforms/WatchOS.platform/Developer/SDKs/WatchOS27.0.sdk/System/Library/Frameworks/UIKit.framework/Headers/UIViewController.h:104:12: note: 'UIViewController' has been explicitly marked unavailable here
102 |
103 | UIKIT_EXTERN API_AVAILABLE(ios(2.0)) API_UNAVAILABLE(watchos) NS_SWIFT_UI_ACTOR
104 | @interface UIViewController : UIResponder <NSCoding, UIAppearanceContainer, UITraitEnvironment, UIContentContainer, UIFocusEnvironment>
| `- note: 'UIViewController' has been explicitly marked unavailable here
105 |
106 | /*
/Users/admin/builder/spi-builder-workspace/StickyTabBarViewController/Classes/StickyViewControllerSupportingTabBarController.swift:10:49: error: 'UITabBarController' is unavailable in watchOS
8 | import UIKit
9 |
10 | public protocol StickyViewControllerSupporting: UITabBarController {
| `- error: 'UITabBarController' is unavailable in watchOS
11 | var collapsedHeight: CGFloat { get set }
12 | var animationDuration: TimeInterval { get set }
/Applications/Xcode-27.0.0-Release.Candidate.app/Contents/Developer/Platforms/WatchOS.platform/Developer/SDKs/WatchOS27.0.sdk/System/Library/Frameworks/UIKit.framework/Headers/UITabBarController.h:64:12: note: 'UITabBarController' has been explicitly marked unavailable here
62 |
63 | UIKIT_EXTERN API_AVAILABLE(ios(2.0)) API_UNAVAILABLE(watchos) NS_SWIFT_UI_ACTOR
64 | @interface UITabBarController : UIViewController <UITabBarDelegate, NSCoding>
| `- note: 'UITabBarController' has been explicitly marked unavailable here
65 |
66 | /// The object managing the delegate of the tab bar controller.
/Users/admin/builder/spi-builder-workspace/StickyTabBarViewController/Classes/StickyViewControllerSupportingTabBarController.swift:20:60: error: 'UITabBarController' is unavailable in watchOS
18 | }
19 |
20 | open class StickyViewControllerSupportingTabBarController: UITabBarController, StickyViewControllerSupporting {
| `- error: 'UITabBarController' is unavailable in watchOS
21 |
22 | // MARK: - Public properties
/Applications/Xcode-27.0.0-Release.Candidate.app/Contents/Developer/Platforms/WatchOS.platform/Developer/SDKs/WatchOS27.0.sdk/System/Library/Frameworks/UIKit.framework/Headers/UITabBarController.h:64:12: note: 'UITabBarController' has been explicitly marked unavailable here
62 |
63 | UIKIT_EXTERN API_AVAILABLE(ios(2.0)) API_UNAVAILABLE(watchos) NS_SWIFT_UI_ACTOR
64 | @interface UITabBarController : UIViewController <UITabBarDelegate, NSCoding>
| `- note: 'UITabBarController' has been explicitly marked unavailable here
65 |
66 | /// The object managing the delegate of the tab bar controller.
Failed frontend command:
SwiftCompile normal arm64_32 (in target 'StickyTabBarViewController' from project 'StickyTabBarViewController')
cd /Users/admin/builder/spi-builder-workspace/.swiftpm/xcode
/Applications/Xcode-27.0.0-Release.Candidate.app/Contents/Developer/Toolchains/XcodeDefault.xctoolchain/usr/bin/swift-frontend -frontend -emit-module -experimental-skip-non-inlinable-function-bodies-without-types /Users/admin/builder/spi-builder-workspace/StickyTabBarViewController/Classes/ExpandableViewController.swift /Users/admin/builder/spi-builder-workspace/StickyTabBarViewController/Classes/StickyViewControllerSupportingTabBarController.swift -target arm64_32-apple-watchos9.0 -disable-cross-import-overlay-search -load-resolved-plugin /Applications/Xcode-27.0.0-Release.Candidate.app/Contents/Developer/Platforms/WatchOS.platform/Developer/usr/lib/swift/host/plugins/libFoundationMacros.dylib\#/Applications/Xcode-27.0.0-Release.Candidate.app/Contents/Developer/Platforms/WatchOS.platform/Developer/usr/bin/swift-plugin-server\#FoundationMacros -load-resolved-plugin /Applications/Xcode-27.0.0-Release.Candidate.app/Contents/Developer/Platforms/WatchOS.platform/Developer/usr/lib/swift/host/plugins/libObservationMacros.dylib\#/Applications/Xcode-27.0.0-Release.Candidate.app/Contents/Developer/Platforms/WatchOS.platform/Developer/usr/bin/swift-plugin-server\#ObservationMacros -load-resolved-plugin /Applications/Xcode-27.0.0-Release.Candidate.app/Contents/Developer/Platforms/WatchOS.platform/Developer/usr/lib/swift/host/plugins/libSwiftMacros.dylib\#/Applications/Xcode-27.0.0-Release.Candidate.app/Contents/Developer/Platforms/WatchOS.platform/Developer/usr/bin/swift-plugin-server\#SwiftMacros -load-resolved-plugin /Applications/Xcode-27.0.0-Release.Candidate.app/Contents/Developer/Platforms/WatchOS.platform/Developer/usr/lib/swift/host/plugins/libSwiftUIMacros.dylib\#/Applications/Xcode-27.0.0-Release.Candidate.app/Contents/Developer/Platforms/WatchOS.platform/Developer/usr/bin/swift-plugin-server\#SwiftUIMacros -disable-implicit-swift-modules -Xcc -fno-implicit-modules -Xcc -fno-implicit-module-maps -explicit-swift-module-map-file /Users/admin/builder/spi-builder-workspace/.derivedData/Build/Intermediates.noindex/StickyTabBarViewController.build/Debug-watchos/StickyTabBarViewController-t.build/Objects-normal/arm64_32/StickyTabBarViewController-dependencies-1.json -enable-objc-interop -sdk /Applications/Xcode-27.0.0-Release.Candidate.app/Contents/Developer/Platforms/WatchOS.platform/Developer/SDKs/WatchOS27.0.sdk -I /Users/admin/builder/spi-builder-workspace/.derivedData/Build/Products/Debug-watchos -Isystem /Applications/Xcode-27.0.0-Release.Candidate.app/Contents/Developer/Platforms/WatchOS.platform/Developer/usr/lib -F /Users/admin/builder/spi-builder-workspace/.derivedData/Build/Products/Debug-watchos -F /Applications/Xcode-27.0.0-Release.Candidate.app/Contents/Developer/Platforms/WatchOS.platform/Developer/Library/Frameworks -F /Applications/Xcode-27.0.0-Release.Candidate.app/Contents/Developer/Platforms/WatchOS.platform/Developer/SDKs/WatchOS27.0.sdk/Developer/Library/Frameworks -module-cache-path /Users/admin/builder/spi-builder-workspace/.derivedData/Build/Intermediates.noindex/SwiftExplicitPrecompiledModules -no-color-diagnostics -Xcc -fno-color-diagnostics -enable-testing -g -debug-info-format\=dwarf -dwarf-version\=4 -swift-version 5 -Onone -D SWIFT_PACKAGE -D DEBUG -D SWIFT_MODULE_RESOURCE_BUNDLE_UNAVAILABLE -D Xcode -serialize-debugging-options -enable-experimental-feature DebugDescriptionMacro -empty-abi-descriptor -validate-clang-modules-once -clang-build-session-file /Users/admin/builder/spi-builder-workspace/.derivedData/ModuleCache.noindex/Session.modulevalidation -Xcc -working-directory -Xcc /Users/admin/builder/spi-builder-workspace/.swiftpm/xcode -enable-anonymous-context-mangled-names -file-compilation-dir /Users/admin/builder/spi-builder-workspace/.swiftpm/xcode -Xcc -D_LIBCPP_HARDENING_MODE\=_LIBCPP_HARDENING_MODE_DEBUG -Xcc -ivfsstatcache -Xcc /Users/admin/builder/spi-builder-workspace/.derivedData/SDKStatCaches.noindex/watchos27.0-24R360-e829b21a6f8c9b70876ba0858053c04477534ef55a1706bf4c1112bbb242f0a2.sdkstatcache -Xcc -fmodules-prune-interval\=86400 -Xcc -fmodules-prune-after\=345600 -Xcc -I/Users/admin/builder/spi-builder-workspace/.derivedData/Build/Products/Debug-watchos/include -Xcc -I/Users/admin/builder/spi-builder-workspace/.derivedData/Build/Intermediates.noindex/StickyTabBarViewController.build/Debug-watchos/StickyTabBarViewController-t.build/DerivedSources-normal/arm64_32 -Xcc -I/Users/admin/builder/spi-builder-workspace/.derivedData/Build/Intermediates.noindex/StickyTabBarViewController.build/Debug-watchos/StickyTabBarViewController-t.build/DerivedSources/arm64_32 -Xcc -I/Users/admin/builder/spi-builder-workspace/.derivedData/Build/Intermediates.noindex/StickyTabBarViewController.build/Debug-watchos/StickyTabBarViewController-t.build/DerivedSources -Xcc -DSWIFT_PACKAGE -Xcc -DDEBUG\=1 -no-auto-bridging-header-chaining -module-name StickyTabBarViewController -const-gather-protocols-file /Users/admin/builder/spi-builder-workspace/.derivedData/Build/Intermediates.noindex/StickyTabBarViewController.build/Debug-watchos/StickyTabBarViewController-t.build/Objects-normal/arm64_32/StickyTabBarViewController_const_extract_protocols.json -disable-clang-spi -clang-target arm64_32-apple-watchos27.0 -target-sdk-version 27.0 -target-sdk-name watchos27.0 -in-process-plugin-server-path /Applications/Xcode-27.0.0-Release.Candidate.app/Contents/Developer/Toolchains/XcodeDefault.xctoolchain/usr/lib/swift/host/libSwiftInProcPluginServer.dylib -emit-module-doc-path /Users/admin/builder/spi-builder-workspace/.derivedData/Build/Intermediates.noindex/StickyTabBarViewController.build/Debug-watchos/StickyTabBarViewController-t.build/Objects-normal/arm64_32/StickyTabBarViewController.swiftdoc -emit-module-source-info-path /Users/admin/builder/spi-builder-workspace/.derivedData/Build/Intermediates.noindex/StickyTabBarViewController.build/Debug-watchos/StickyTabBarViewController-t.build/Objects-normal/arm64_32/StickyTabBarViewController.swiftsourceinfo -emit-objc-header-path /Users/admin/builder/spi-builder-workspace/.derivedData/Build/Intermediates.noindex/StickyTabBarViewController.build/Debug-watchos/StickyTabBarViewController-t.build/Objects-normal/arm64_32/StickyTabBarViewController-Swift.h -serialize-diagnostics-path /Users/admin/builder/spi-builder-workspace/.derivedData/Build/Intermediates.noindex/StickyTabBarViewController.build/Debug-watchos/StickyTabBarViewController-t.build/Objects-normal/arm64_32/StickyTabBarViewController-primary-emit-module.dia -emit-dependencies-path /Users/admin/builder/spi-builder-workspace/.derivedData/Build/Intermediates.noindex/StickyTabBarViewController.build/Debug-watchos/StickyTabBarViewController-t.build/Objects-normal/arm64_32/StickyTabBarViewController-primary-emit-module.d -parse-as-library -o /Users/admin/builder/spi-builder-workspace/.derivedData/Build/Intermediates.noindex/StickyTabBarViewController.build/Debug-watchos/StickyTabBarViewController-t.build/Objects-normal/arm64_32/StickyTabBarViewController.swiftmodule -emit-abi-descriptor-path /Users/admin/builder/spi-builder-workspace/.derivedData/Build/Intermediates.noindex/StickyTabBarViewController.build/Debug-watchos/StickyTabBarViewController-t.build/Objects-normal/arm64_32/StickyTabBarViewController.abi.json
SwiftEmitModule normal arm64 Emitting\ module\ for\ StickyTabBarViewController (in target 'StickyTabBarViewController' from project 'StickyTabBarViewController')
/Users/admin/builder/spi-builder-workspace/StickyTabBarViewController/Classes/ExpandableViewController.swift:12:24: error: 'UIView' is unavailable in watchOS
10 |
11 | public protocol Expandable: UIViewController {
12 | var minimisedView: UIView { get }
| `- error: 'UIView' is unavailable in watchOS
13 | var container: StickyViewControllerSupporting? { get set }
14 | }
/Applications/Xcode-27.0.0-Release.Candidate.app/Contents/Developer/Platforms/WatchOS.platform/Developer/SDKs/WatchOS27.0.sdk/System/Library/Frameworks/UIKit.framework/Headers/UIView.h:152:12: note: 'UIView' has been explicitly marked unavailable here
150 |
151 | UIKIT_EXTERN API_AVAILABLE(ios(2.0)) API_UNAVAILABLE(watchos) NS_SWIFT_UI_ACTOR
152 | @interface UIView : UIResponder <NSCoding, UIAppearance, UIAppearanceContainer, UIDynamicItem, UITraitEnvironment, UICoordinateSpace, UIFocusItem, UIFocusItemContainer, CALayerDelegate>
| `- note: 'UIView' has been explicitly marked unavailable here
153 |
154 | @property(class, nonatomic, readonly) Class layerClass; // default is [CALayer class]. Used when creating the underlying layer for the view.
/Users/admin/builder/spi-builder-workspace/StickyTabBarViewController/Classes/ExpandableViewController.swift:11:29: error: 'UIViewController' is unavailable in watchOS
9 | import UIKit
10 |
11 | public protocol Expandable: UIViewController {
| `- error: 'UIViewController' is unavailable in watchOS
12 | var minimisedView: UIView { get }
13 | var container: StickyViewControllerSupporting? { get set }
/Applications/Xcode-27.0.0-Release.Candidate.app/Contents/Developer/Platforms/WatchOS.platform/Developer/SDKs/WatchOS27.0.sdk/System/Library/Frameworks/UIKit.framework/Headers/UIViewController.h:104:12: note: 'UIViewController' has been explicitly marked unavailable here
102 |
103 | UIKIT_EXTERN API_AVAILABLE(ios(2.0)) API_UNAVAILABLE(watchos) NS_SWIFT_UI_ACTOR
104 | @interface UIViewController : UIResponder <NSCoding, UIAppearanceContainer, UITraitEnvironment, UIContentContainer, UIFocusEnvironment>
| `- note: 'UIViewController' has been explicitly marked unavailable here
105 |
106 | /*
/Users/admin/builder/spi-builder-workspace/StickyTabBarViewController/Classes/ExpandableViewController.swift:28:27: error: 'NSLayoutConstraint' is unavailable in watchOS
26 | // MARK: - Internal properties
27 |
28 | var heightConstraint: NSLayoutConstraint!
| `- error: 'NSLayoutConstraint' is unavailable in watchOS
29 | var isEnlarged = false
30 |
/Applications/Xcode-27.0.0-Release.Candidate.app/Contents/Developer/Platforms/WatchOS.platform/Developer/SDKs/WatchOS27.0.sdk/System/Library/Frameworks/UIKit.framework/Headers/NSLayoutConstraint.h:126:12: note: 'NSLayoutConstraint' has been explicitly marked unavailable here
124 |
125 | NSLAYOUTCONSTRAINT_EXTERN API_AVAILABLE(macos(10.7), ios(6.0), tvos(9.0)) API_UNAVAILABLE(watchos) NS_SWIFT_UI_ACTOR
126 | @interface NSLayoutConstraint : NSObject
| `- note: 'NSLayoutConstraint' has been explicitly marked unavailable here
127 |
128 | /* Create an array of constraints using an ASCII-art-like visual format string. The values of the `metrics` dictionary should be NSNumber (or some other type that responds to -doubleValue and returns a double).
/Users/admin/builder/spi-builder-workspace/StickyTabBarViewController/Classes/ExpandableViewController.swift:33:33: error: 'UIScreen' is unavailable in watchOS
31 | weak var tabController: StickyViewControllerSupporting?
32 |
33 | let deviceHeight: CGFloat = UIScreen.main.bounds.height
| `- error: 'UIScreen' is unavailable in watchOS
34 | var collapsedHeight: CGFloat
35 | var animationDuration: TimeInterval
/Applications/Xcode-27.0.0-Release.Candidate.app/Contents/Developer/Platforms/WatchOS.platform/Developer/SDKs/WatchOS27.0.sdk/System/Library/Frameworks/UIKit.framework/Headers/UIScreen.h:54:12: note: 'UIScreen' has been explicitly marked unavailable here
52 |
53 | UIKIT_EXTERN API_AVAILABLE(ios(2.0)) API_UNAVAILABLE(visionos, watchos) NS_SWIFT_UI_ACTOR
54 | @interface UIScreen : NSObject <UITraitEnvironment>
| `- note: 'UIScreen' has been explicitly marked unavailable here
55 |
56 | @property(class, nonatomic, readonly) NSArray<UIScreen *> *screens API_DEPRECATED("Use UIApplication.shared.openSessions to find open sessions with scenes from other screens", ios(3.2, 16.0), visionos(1.0, 1.0)) API_UNAVAILABLE(watchos); // all screens currently attached to the device
/Users/admin/builder/spi-builder-workspace/StickyTabBarViewController/Classes/ExpandableViewController.swift:33:42: error: 'main' is unavailable in watchOS
31 | weak var tabController: StickyViewControllerSupporting?
32 |
33 | let deviceHeight: CGFloat = UIScreen.main.bounds.height
| `- error: 'main' is unavailable in watchOS
34 | var collapsedHeight: CGFloat
35 | var animationDuration: TimeInterval
/Applications/Xcode-27.0.0-Release.Candidate.app/Contents/Developer/Platforms/WatchOS.platform/Developer/SDKs/WatchOS27.0.sdk/System/Library/Frameworks/UIKit.framework/Headers/UIScreen.h:57:49: note: 'main' has been explicitly marked unavailable here
55 |
56 | @property(class, nonatomic, readonly) NSArray<UIScreen *> *screens API_DEPRECATED("Use UIApplication.shared.openSessions to find open sessions with scenes from other screens", ios(3.2, 16.0), visionos(1.0, 1.0)) API_UNAVAILABLE(watchos); // all screens currently attached to the device
57 | @property(class, nonatomic, readonly) UIScreen *mainScreen API_DEPRECATED("Use a UIScreen instance found through context instead (i.e, view.window.windowScene.screen), or for properties like UIScreen.scale with trait equivalents, use a traitCollection found through context.", ios(2.0, 26.0), tvos(9.0, 26.0), visionos(1.0, 26.0)) API_UNAVAILABLE(watchos);
| `- note: 'main' has been explicitly marked unavailable here
58 |
59 | @property(nonatomic,readonly) CGRect bounds; // Bounds of entire screen in points
/Users/admin/builder/spi-builder-workspace/StickyTabBarViewController/Classes/ExpandableViewController.swift:39:32: error: 'UIView' is unavailable in watchOS
37 | // MARK: - Private properties
38 |
39 | private var minimisedView: UIView
| `- error: 'UIView' is unavailable in watchOS
40 | private let childVC: Expandable
41 |
/Applications/Xcode-27.0.0-Release.Candidate.app/Contents/Developer/Platforms/WatchOS.platform/Developer/SDKs/WatchOS27.0.sdk/System/Library/Frameworks/UIKit.framework/Headers/UIView.h:152:12: note: 'UIView' has been explicitly marked unavailable here
150 |
151 | UIKIT_EXTERN API_AVAILABLE(ios(2.0)) API_UNAVAILABLE(watchos) NS_SWIFT_UI_ACTOR
152 | @interface UIView : UIResponder <NSCoding, UIAppearance, UIAppearanceContainer, UIDynamicItem, UITraitEnvironment, UICoordinateSpace, UIFocusItem, UIFocusItemContainer, CALayerDelegate>
| `- note: 'UIView' has been explicitly marked unavailable here
153 |
154 | @property(class, nonatomic, readonly) Class layerClass; // default is [CALayer class]. Used when creating the underlying layer for the view.
/Users/admin/builder/spi-builder-workspace/StickyTabBarViewController/Classes/ExpandableViewController.swift:45:27: error: 'UIViewPropertyAnimator' is unavailable in watchOS
43 |
44 | lazy var isBeginningUpwards = !isEnlarged
45 | var runningAnimation: UIViewPropertyAnimator?
| `- error: 'UIViewPropertyAnimator' is unavailable in watchOS
46 | var animationProgressWhenInterrupted: CGFloat = 0
47 |
/Applications/Xcode-27.0.0-Release.Candidate.app/Contents/Developer/Platforms/WatchOS.platform/Developer/SDKs/WatchOS27.0.sdk/System/Library/Frameworks/UIKit.framework/Headers/UIViewPropertyAnimator.h:17:12: note: 'UIViewPropertyAnimator' has been explicitly marked unavailable here
15 |
16 | UIKIT_EXTERN API_AVAILABLE(ios(10.0)) API_UNAVAILABLE(watchos) NS_SWIFT_UI_ACTOR
17 | @interface UIViewPropertyAnimator : NSObject <UIViewImplicitlyAnimating, NSCopying>
| `- note: 'UIViewPropertyAnimator' has been explicitly marked unavailable here
18 |
19 | @property(nullable, nonatomic, copy, readonly) id <UITimingCurveProvider> timingParameters;
/Users/admin/builder/spi-builder-workspace/StickyTabBarViewController/Classes/ExpandableViewController.swift:95:51: error: 'UITapGestureRecognizer' is unavailable in watchOS
93 | }
94 |
95 | @objc private func enlargeWithTap(recognizer: UITapGestureRecognizer) {
| `- error: 'UITapGestureRecognizer' is unavailable in watchOS
96 | switch recognizer.state {
97 | case .ended:
/Applications/Xcode-27.0.0-Release.Candidate.app/Contents/Developer/Platforms/WatchOS.platform/Developer/SDKs/WatchOS27.0.sdk/System/Library/Frameworks/UIKit.framework/Headers/UITapGestureRecognizer.h:23:12: note: 'UITapGestureRecognizer' has been explicitly marked unavailable here
21 |
22 | UIKIT_EXTERN API_AVAILABLE(ios(3.2)) API_UNAVAILABLE(watchos) NS_SWIFT_UI_ACTOR
23 | @interface UITapGestureRecognizer : UIGestureRecognizer
| `- note: 'UITapGestureRecognizer' has been explicitly marked unavailable here
24 |
25 | @property (nonatomic) NSUInteger numberOfTapsRequired; // Default is 1. The number of taps required to match
/Users/admin/builder/spi-builder-workspace/StickyTabBarViewController/Classes/ExpandableViewController.swift:104:46: error: 'UIPanGestureRecognizer' is unavailable in watchOS
102 | }
103 |
104 | @objc private func handlePan(recognizer: UIPanGestureRecognizer) {
| `- error: 'UIPanGestureRecognizer' is unavailable in watchOS
105 | switch recognizer.state {
106 | case .began:
/Applications/Xcode-27.0.0-Release.Candidate.app/Contents/Developer/Platforms/WatchOS.platform/Developer/SDKs/WatchOS27.0.sdk/System/Library/Frameworks/UIKit.framework/Headers/UIPanGestureRecognizer.h:31:12: note: 'UIPanGestureRecognizer' has been explicitly marked unavailable here
29 |
30 | UIKIT_EXTERN API_AVAILABLE(ios(3.2)) API_UNAVAILABLE(watchos) NS_SWIFT_UI_ACTOR
31 | @interface UIPanGestureRecognizer : UIGestureRecognizer
| `- note: 'UIPanGestureRecognizer' has been explicitly marked unavailable here
32 |
33 | @property (nonatomic) NSUInteger minimumNumberOfTouches API_UNAVAILABLE(tvos); // default is 1. the minimum number of touches required to match
/Users/admin/builder/spi-builder-workspace/StickyTabBarViewController/Classes/ExpandableViewController.swift:24:33: error: 'UIViewController' is unavailable in watchOS
22 | }
23 |
24 | class ExpandableViewController: UIViewController {
| `- error: 'UIViewController' is unavailable in watchOS
25 |
26 | // MARK: - Internal properties
/Applications/Xcode-27.0.0-Release.Candidate.app/Contents/Developer/Platforms/WatchOS.platform/Developer/SDKs/WatchOS27.0.sdk/System/Library/Frameworks/UIKit.framework/Headers/UIViewController.h:104:12: note: 'UIViewController' has been explicitly marked unavailable here
102 |
103 | UIKIT_EXTERN API_AVAILABLE(ios(2.0)) API_UNAVAILABLE(watchos) NS_SWIFT_UI_ACTOR
104 | @interface UIViewController : UIResponder <NSCoding, UIAppearanceContainer, UITraitEnvironment, UIContentContainer, UIFocusEnvironment>
| `- note: 'UIViewController' has been explicitly marked unavailable here
105 |
106 | /*
/Users/admin/builder/spi-builder-workspace/StickyTabBarViewController/Classes/StickyViewControllerSupportingTabBarController.swift:10:49: error: 'UITabBarController' is unavailable in watchOS
8 | import UIKit
9 |
10 | public protocol StickyViewControllerSupporting: UITabBarController {
| `- error: 'UITabBarController' is unavailable in watchOS
11 | var collapsedHeight: CGFloat { get set }
12 | var animationDuration: TimeInterval { get set }
/Applications/Xcode-27.0.0-Release.Candidate.app/Contents/Developer/Platforms/WatchOS.platform/Developer/SDKs/WatchOS27.0.sdk/System/Library/Frameworks/UIKit.framework/Headers/UITabBarController.h:64:12: note: 'UITabBarController' has been explicitly marked unavailable here
62 |
63 | UIKIT_EXTERN API_AVAILABLE(ios(2.0)) API_UNAVAILABLE(watchos) NS_SWIFT_UI_ACTOR
64 | @interface UITabBarController : UIViewController <UITabBarDelegate, NSCoding>
| `- note: 'UITabBarController' has been explicitly marked unavailable here
65 |
66 | /// The object managing the delegate of the tab bar controller.
/Users/admin/builder/spi-builder-workspace/StickyTabBarViewController/Classes/StickyViewControllerSupportingTabBarController.swift:20:60: error: 'UITabBarController' is unavailable in watchOS
18 | }
19 |
20 | open class StickyViewControllerSupportingTabBarController: UITabBarController, StickyViewControllerSupporting {
| `- error: 'UITabBarController' is unavailable in watchOS
21 |
22 | // MARK: - Public properties
/Applications/Xcode-27.0.0-Release.Candidate.app/Contents/Developer/Platforms/WatchOS.platform/Developer/SDKs/WatchOS27.0.sdk/System/Library/Frameworks/UIKit.framework/Headers/UITabBarController.h:64:12: note: 'UITabBarController' has been explicitly marked unavailable here
62 |
63 | UIKIT_EXTERN API_AVAILABLE(ios(2.0)) API_UNAVAILABLE(watchos) NS_SWIFT_UI_ACTOR
64 | @interface UITabBarController : UIViewController <UITabBarDelegate, NSCoding>
| `- note: 'UITabBarController' has been explicitly marked unavailable here
65 |
66 | /// The object managing the delegate of the tab bar controller.
Failed frontend command:
SwiftCompile normal arm64 (in target 'StickyTabBarViewController' from project 'StickyTabBarViewController')
cd /Users/admin/builder/spi-builder-workspace/.swiftpm/xcode
/Applications/Xcode-27.0.0-Release.Candidate.app/Contents/Developer/Toolchains/XcodeDefault.xctoolchain/usr/bin/swift-frontend -frontend -emit-module -experimental-skip-non-inlinable-function-bodies-without-types /Users/admin/builder/spi-builder-workspace/StickyTabBarViewController/Classes/ExpandableViewController.swift /Users/admin/builder/spi-builder-workspace/StickyTabBarViewController/Classes/StickyViewControllerSupportingTabBarController.swift -target arm64-apple-watchos9.0 -disable-cross-import-overlay-search -load-resolved-plugin /Applications/Xcode-27.0.0-Release.Candidate.app/Contents/Developer/Platforms/WatchOS.platform/Developer/usr/lib/swift/host/plugins/libFoundationMacros.dylib\#/Applications/Xcode-27.0.0-Release.Candidate.app/Contents/Developer/Platforms/WatchOS.platform/Developer/usr/bin/swift-plugin-server\#FoundationMacros -load-resolved-plugin /Applications/Xcode-27.0.0-Release.Candidate.app/Contents/Developer/Platforms/WatchOS.platform/Developer/usr/lib/swift/host/plugins/libObservationMacros.dylib\#/Applications/Xcode-27.0.0-Release.Candidate.app/Contents/Developer/Platforms/WatchOS.platform/Developer/usr/bin/swift-plugin-server\#ObservationMacros -load-resolved-plugin /Applications/Xcode-27.0.0-Release.Candidate.app/Contents/Developer/Platforms/WatchOS.platform/Developer/usr/lib/swift/host/plugins/libSwiftMacros.dylib\#/Applications/Xcode-27.0.0-Release.Candidate.app/Contents/Developer/Platforms/WatchOS.platform/Developer/usr/bin/swift-plugin-server\#SwiftMacros -load-resolved-plugin /Applications/Xcode-27.0.0-Release.Candidate.app/Contents/Developer/Platforms/WatchOS.platform/Developer/usr/lib/swift/host/plugins/libSwiftUIMacros.dylib\#/Applications/Xcode-27.0.0-Release.Candidate.app/Contents/Developer/Platforms/WatchOS.platform/Developer/usr/bin/swift-plugin-server\#SwiftUIMacros -disable-implicit-swift-modules -Xcc -fno-implicit-modules -Xcc -fno-implicit-module-maps -explicit-swift-module-map-file /Users/admin/builder/spi-builder-workspace/.derivedData/Build/Intermediates.noindex/StickyTabBarViewController.build/Debug-watchos/StickyTabBarViewController-t.build/Objects-normal/arm64/StickyTabBarViewController-dependencies-2.json -Xllvm -aarch64-use-tbi -enable-objc-interop -stack-check -sdk /Applications/Xcode-27.0.0-Release.Candidate.app/Contents/Developer/Platforms/WatchOS.platform/Developer/SDKs/WatchOS27.0.sdk -I /Users/admin/builder/spi-builder-workspace/.derivedData/Build/Products/Debug-watchos -Isystem /Applications/Xcode-27.0.0-Release.Candidate.app/Contents/Developer/Platforms/WatchOS.platform/Developer/usr/lib -F /Users/admin/builder/spi-builder-workspace/.derivedData/Build/Products/Debug-watchos -F /Applications/Xcode-27.0.0-Release.Candidate.app/Contents/Developer/Platforms/WatchOS.platform/Developer/Library/Frameworks -F /Applications/Xcode-27.0.0-Release.Candidate.app/Contents/Developer/Platforms/WatchOS.platform/Developer/SDKs/WatchOS27.0.sdk/Developer/Library/Frameworks -module-cache-path /Users/admin/builder/spi-builder-workspace/.derivedData/Build/Intermediates.noindex/SwiftExplicitPrecompiledModules -no-color-diagnostics -Xcc -fno-color-diagnostics -enable-testing -g -debug-info-format\=dwarf -dwarf-version\=4 -swift-version 5 -Onone -D SWIFT_PACKAGE -D DEBUG -D SWIFT_MODULE_RESOURCE_BUNDLE_UNAVAILABLE -D Xcode -serialize-debugging-options -enable-experimental-feature DebugDescriptionMacro -empty-abi-descriptor -validate-clang-modules-once -clang-build-session-file /Users/admin/builder/spi-builder-workspace/.derivedData/ModuleCache.noindex/Session.modulevalidation -Xcc -working-directory -Xcc /Users/admin/builder/spi-builder-workspace/.swiftpm/xcode -enable-anonymous-context-mangled-names -file-compilation-dir /Users/admin/builder/spi-builder-workspace/.swiftpm/xcode -Xcc -D_LIBCPP_HARDENING_MODE\=_LIBCPP_HARDENING_MODE_DEBUG -Xcc -ivfsstatcache -Xcc /Users/admin/builder/spi-builder-workspace/.derivedData/SDKStatCaches.noindex/watchos27.0-24R360-e829b21a6f8c9b70876ba0858053c04477534ef55a1706bf4c1112bbb242f0a2.sdkstatcache -Xcc -fmodules-prune-interval\=86400 -Xcc -fmodules-prune-after\=345600 -Xcc -I/Users/admin/builder/spi-builder-workspace/.derivedData/Build/Products/Debug-watchos/include -Xcc -I/Users/admin/builder/spi-builder-workspace/.derivedData/Build/Intermediates.noindex/StickyTabBarViewController.build/Debug-watchos/StickyTabBarViewController-t.build/DerivedSources-normal/arm64 -Xcc -I/Users/admin/builder/spi-builder-workspace/.derivedData/Build/Intermediates.noindex/StickyTabBarViewController.build/Debug-watchos/StickyTabBarViewController-t.build/DerivedSources/arm64 -Xcc -I/Users/admin/builder/spi-builder-workspace/.derivedData/Build/Intermediates.noindex/StickyTabBarViewController.build/Debug-watchos/StickyTabBarViewController-t.build/DerivedSources -Xcc -DSWIFT_PACKAGE -Xcc -DDEBUG\=1 -no-auto-bridging-header-chaining -module-name StickyTabBarViewController -const-gather-protocols-file /Users/admin/builder/spi-builder-workspace/.derivedData/Build/Intermediates.noindex/StickyTabBarViewController.build/Debug-watchos/StickyTabBarViewController-t.build/Objects-normal/arm64/StickyTabBarViewController_const_extract_protocols.json -disable-clang-spi -clang-target arm64-apple-watchos27.0 -target-sdk-version 27.0 -target-sdk-name watchos27.0 -in-process-plugin-server-path /Applications/Xcode-27.0.0-Release.Candidate.app/Contents/Developer/Toolchains/XcodeDefault.xctoolchain/usr/lib/swift/host/libSwiftInProcPluginServer.dylib -emit-module-doc-path /Users/admin/builder/spi-builder-workspace/.derivedData/Build/Intermediates.noindex/StickyTabBarViewController.build/Debug-watchos/StickyTabBarViewController-t.build/Objects-normal/arm64/StickyTabBarViewController.swiftdoc -emit-module-source-info-path /Users/admin/builder/spi-builder-workspace/.derivedData/Build/Intermediates.noindex/StickyTabBarViewController.build/Debug-watchos/StickyTabBarViewController-t.build/Objects-normal/arm64/StickyTabBarViewController.swiftsourceinfo -emit-objc-header-path /Users/admin/builder/spi-builder-workspace/.derivedData/Build/Intermediates.noindex/StickyTabBarViewController.build/Debug-watchos/StickyTabBarViewController-t.build/Objects-normal/arm64/StickyTabBarViewController-Swift.h -serialize-diagnostics-path /Users/admin/builder/spi-builder-workspace/.derivedData/Build/Intermediates.noindex/StickyTabBarViewController.build/Debug-watchos/StickyTabBarViewController-t.build/Objects-normal/arm64/StickyTabBarViewController-primary-emit-module.dia -emit-dependencies-path /Users/admin/builder/spi-builder-workspace/.derivedData/Build/Intermediates.noindex/StickyTabBarViewController.build/Debug-watchos/StickyTabBarViewController-t.build/Objects-normal/arm64/StickyTabBarViewController-primary-emit-module.d -parse-as-library -o /Users/admin/builder/spi-builder-workspace/.derivedData/Build/Intermediates.noindex/StickyTabBarViewController.build/Debug-watchos/StickyTabBarViewController-t.build/Objects-normal/arm64/StickyTabBarViewController.swiftmodule -emit-abi-descriptor-path /Users/admin/builder/spi-builder-workspace/.derivedData/Build/Intermediates.noindex/StickyTabBarViewController.build/Debug-watchos/StickyTabBarViewController-t.build/Objects-normal/arm64/StickyTabBarViewController.abi.json
SwiftCompile normal arm64 Compiling\ ExpandableViewController.swift /Users/admin/builder/spi-builder-workspace/StickyTabBarViewController/Classes/ExpandableViewController.swift (in target 'StickyTabBarViewController' from project 'StickyTabBarViewController')
/Users/admin/builder/spi-builder-workspace/StickyTabBarViewController/Classes/ExpandableViewController.swift:12:24: error: 'UIView' is unavailable in watchOS
10 |
11 | public protocol Expandable: UIViewController {
12 | var minimisedView: UIView { get }
| `- error: 'UIView' is unavailable in watchOS
13 | var container: StickyViewControllerSupporting? { get set }
14 | }
/Applications/Xcode-27.0.0-Release.Candidate.app/Contents/Developer/Platforms/WatchOS.platform/Developer/SDKs/WatchOS27.0.sdk/System/Library/Frameworks/UIKit.framework/Headers/UIView.h:152:12: note: 'UIView' has been explicitly marked unavailable here
150 |
151 | UIKIT_EXTERN API_AVAILABLE(ios(2.0)) API_UNAVAILABLE(watchos) NS_SWIFT_UI_ACTOR
152 | @interface UIView : UIResponder <NSCoding, UIAppearance, UIAppearanceContainer, UIDynamicItem, UITraitEnvironment, UICoordinateSpace, UIFocusItem, UIFocusItemContainer, CALayerDelegate>
| `- note: 'UIView' has been explicitly marked unavailable here
153 |
154 | @property(class, nonatomic, readonly) Class layerClass; // default is [CALayer class]. Used when creating the underlying layer for the view.
/Users/admin/builder/spi-builder-workspace/StickyTabBarViewController/Classes/ExpandableViewController.swift:11:29: error: 'UIViewController' is unavailable in watchOS
9 | import UIKit
10 |
11 | public protocol Expandable: UIViewController {
| `- error: 'UIViewController' is unavailable in watchOS
12 | var minimisedView: UIView { get }
13 | var container: StickyViewControllerSupporting? { get set }
/Applications/Xcode-27.0.0-Release.Candidate.app/Contents/Developer/Platforms/WatchOS.platform/Developer/SDKs/WatchOS27.0.sdk/System/Library/Frameworks/UIKit.framework/Headers/UIViewController.h:104:12: note: 'UIViewController' has been explicitly marked unavailable here
102 |
103 | UIKIT_EXTERN API_AVAILABLE(ios(2.0)) API_UNAVAILABLE(watchos) NS_SWIFT_UI_ACTOR
104 | @interface UIViewController : UIResponder <NSCoding, UIAppearanceContainer, UITraitEnvironment, UIContentContainer, UIFocusEnvironment>
| `- note: 'UIViewController' has been explicitly marked unavailable here
105 |
106 | /*
/Users/admin/builder/spi-builder-workspace/StickyTabBarViewController/Classes/ExpandableViewController.swift:28:27: error: 'NSLayoutConstraint' is unavailable in watchOS
26 | // MARK: - Internal properties
27 |
28 | var heightConstraint: NSLayoutConstraint!
| `- error: 'NSLayoutConstraint' is unavailable in watchOS
29 | var isEnlarged = false
30 |
/Applications/Xcode-27.0.0-Release.Candidate.app/Contents/Developer/Platforms/WatchOS.platform/Developer/SDKs/WatchOS27.0.sdk/System/Library/Frameworks/UIKit.framework/Headers/NSLayoutConstraint.h:126:12: note: 'NSLayoutConstraint' has been explicitly marked unavailable here
124 |
125 | NSLAYOUTCONSTRAINT_EXTERN API_AVAILABLE(macos(10.7), ios(6.0), tvos(9.0)) API_UNAVAILABLE(watchos) NS_SWIFT_UI_ACTOR
126 | @interface NSLayoutConstraint : NSObject
| `- note: 'NSLayoutConstraint' has been explicitly marked unavailable here
127 |
128 | /* Create an array of constraints using an ASCII-art-like visual format string. The values of the `metrics` dictionary should be NSNumber (or some other type that responds to -doubleValue and returns a double).
/Users/admin/builder/spi-builder-workspace/StickyTabBarViewController/Classes/ExpandableViewController.swift:33:33: error: 'UIScreen' is unavailable in watchOS
31 | weak var tabController: StickyViewControllerSupporting?
32 |
33 | let deviceHeight: CGFloat = UIScreen.main.bounds.height
| `- error: 'UIScreen' is unavailable in watchOS
34 | var collapsedHeight: CGFloat
35 | var animationDuration: TimeInterval
/Applications/Xcode-27.0.0-Release.Candidate.app/Contents/Developer/Platforms/WatchOS.platform/Developer/SDKs/WatchOS27.0.sdk/System/Library/Frameworks/UIKit.framework/Headers/UIScreen.h:54:12: note: 'UIScreen' has been explicitly marked unavailable here
52 |
53 | UIKIT_EXTERN API_AVAILABLE(ios(2.0)) API_UNAVAILABLE(visionos, watchos) NS_SWIFT_UI_ACTOR
54 | @interface UIScreen : NSObject <UITraitEnvironment>
| `- note: 'UIScreen' has been explicitly marked unavailable here
55 |
56 | @property(class, nonatomic, readonly) NSArray<UIScreen *> *screens API_DEPRECATED("Use UIApplication.shared.openSessions to find open sessions with scenes from other screens", ios(3.2, 16.0), visionos(1.0, 1.0)) API_UNAVAILABLE(watchos); // all screens currently attached to the device
/Users/admin/builder/spi-builder-workspace/StickyTabBarViewController/Classes/ExpandableViewController.swift:33:42: error: 'main' is unavailable in watchOS
31 | weak var tabController: StickyViewControllerSupporting?
32 |
33 | let deviceHeight: CGFloat = UIScreen.main.bounds.height
| `- error: 'main' is unavailable in watchOS
34 | var collapsedHeight: CGFloat
35 | var animationDuration: TimeInterval
/Applications/Xcode-27.0.0-Release.Candidate.app/Contents/Developer/Platforms/WatchOS.platform/Developer/SDKs/WatchOS27.0.sdk/System/Library/Frameworks/UIKit.framework/Headers/UIScreen.h:57:49: note: 'main' has been explicitly marked unavailable here
55 |
56 | @property(class, nonatomic, readonly) NSArray<UIScreen *> *screens API_DEPRECATED("Use UIApplication.shared.openSessions to find open sessions with scenes from other screens", ios(3.2, 16.0), visionos(1.0, 1.0)) API_UNAVAILABLE(watchos); // all screens currently attached to the device
57 | @property(class, nonatomic, readonly) UIScreen *mainScreen API_DEPRECATED("Use a UIScreen instance found through context instead (i.e, view.window.windowScene.screen), or for properties like UIScreen.scale with trait equivalents, use a traitCollection found through context.", ios(2.0, 26.0), tvos(9.0, 26.0), visionos(1.0, 26.0)) API_UNAVAILABLE(watchos);
| `- note: 'main' has been explicitly marked unavailable here
58 |
59 | @property(nonatomic,readonly) CGRect bounds; // Bounds of entire screen in points
/Users/admin/builder/spi-builder-workspace/StickyTabBarViewController/Classes/ExpandableViewController.swift:39:32: error: 'UIView' is unavailable in watchOS
37 | // MARK: - Private properties
38 |
39 | private var minimisedView: UIView
| `- error: 'UIView' is unavailable in watchOS
40 | private let childVC: Expandable
41 |
/Applications/Xcode-27.0.0-Release.Candidate.app/Contents/Developer/Platforms/WatchOS.platform/Developer/SDKs/WatchOS27.0.sdk/System/Library/Frameworks/UIKit.framework/Headers/UIView.h:152:12: note: 'UIView' has been explicitly marked unavailable here
150 |
151 | UIKIT_EXTERN API_AVAILABLE(ios(2.0)) API_UNAVAILABLE(watchos) NS_SWIFT_UI_ACTOR
152 | @interface UIView : UIResponder <NSCoding, UIAppearance, UIAppearanceContainer, UIDynamicItem, UITraitEnvironment, UICoordinateSpace, UIFocusItem, UIFocusItemContainer, CALayerDelegate>
| `- note: 'UIView' has been explicitly marked unavailable here
153 |
154 | @property(class, nonatomic, readonly) Class layerClass; // default is [CALayer class]. Used when creating the underlying layer for the view.
/Users/admin/builder/spi-builder-workspace/StickyTabBarViewController/Classes/ExpandableViewController.swift:45:27: error: 'UIViewPropertyAnimator' is unavailable in watchOS
43 |
44 | lazy var isBeginningUpwards = !isEnlarged
45 | var runningAnimation: UIViewPropertyAnimator?
| `- error: 'UIViewPropertyAnimator' is unavailable in watchOS
46 | var animationProgressWhenInterrupted: CGFloat = 0
47 |
/Applications/Xcode-27.0.0-Release.Candidate.app/Contents/Developer/Platforms/WatchOS.platform/Developer/SDKs/WatchOS27.0.sdk/System/Library/Frameworks/UIKit.framework/Headers/UIViewPropertyAnimator.h:17:12: note: 'UIViewPropertyAnimator' has been explicitly marked unavailable here
15 |
16 | UIKIT_EXTERN API_AVAILABLE(ios(10.0)) API_UNAVAILABLE(watchos) NS_SWIFT_UI_ACTOR
17 | @interface UIViewPropertyAnimator : NSObject <UIViewImplicitlyAnimating, NSCopying>
| `- note: 'UIViewPropertyAnimator' has been explicitly marked unavailable here
18 |
19 | @property(nullable, nonatomic, copy, readonly) id <UITimingCurveProvider> timingParameters;
/Users/admin/builder/spi-builder-workspace/StickyTabBarViewController/Classes/ExpandableViewController.swift:95:51: error: 'UITapGestureRecognizer' is unavailable in watchOS
93 | }
94 |
95 | @objc private func enlargeWithTap(recognizer: UITapGestureRecognizer) {
| `- error: 'UITapGestureRecognizer' is unavailable in watchOS
96 | switch recognizer.state {
97 | case .ended:
/Applications/Xcode-27.0.0-Release.Candidate.app/Contents/Developer/Platforms/WatchOS.platform/Developer/SDKs/WatchOS27.0.sdk/System/Library/Frameworks/UIKit.framework/Headers/UITapGestureRecognizer.h:23:12: note: 'UITapGestureRecognizer' has been explicitly marked unavailable here
21 |
22 | UIKIT_EXTERN API_AVAILABLE(ios(3.2)) API_UNAVAILABLE(watchos) NS_SWIFT_UI_ACTOR
23 | @interface UITapGestureRecognizer : UIGestureRecognizer
| `- note: 'UITapGestureRecognizer' has been explicitly marked unavailable here
24 |
25 | @property (nonatomic) NSUInteger numberOfTapsRequired; // Default is 1. The number of taps required to match
SwiftCompile normal arm64 /Users/admin/builder/spi-builder-workspace/StickyTabBarViewController/Classes/ExpandableViewController.swift (in target 'StickyTabBarViewController' from project 'StickyTabBarViewController')
cd /Users/admin/builder/spi-builder-workspace/.swiftpm/xcode
builtin-SwiftPerFileCompile ExpandableViewController.swift
/Users/admin/builder/spi-builder-workspace/StickyTabBarViewController/Classes/ExpandableViewController.swift:104:46: error: 'UIPanGestureRecognizer' is unavailable in watchOS
102 | }
103 |
104 | @objc private func handlePan(recognizer: UIPanGestureRecognizer) {
| `- error: 'UIPanGestureRecognizer' is unavailable in watchOS
105 | switch recognizer.state {
106 | case .began:
/Applications/Xcode-27.0.0-Release.Candidate.app/Contents/Developer/Platforms/WatchOS.platform/Developer/SDKs/WatchOS27.0.sdk/System/Library/Frameworks/UIKit.framework/Headers/UIPanGestureRecognizer.h:31:12: note: 'UIPanGestureRecognizer' has been explicitly marked unavailable here
29 |
30 | UIKIT_EXTERN API_AVAILABLE(ios(3.2)) API_UNAVAILABLE(watchos) NS_SWIFT_UI_ACTOR
31 | @interface UIPanGestureRecognizer : UIGestureRecognizer
| `- note: 'UIPanGestureRecognizer' has been explicitly marked unavailable here
32 |
33 | @property (nonatomic) NSUInteger minimumNumberOfTouches API_UNAVAILABLE(tvos); // default is 1. the minimum number of touches required to match
/Users/admin/builder/spi-builder-workspace/StickyTabBarViewController/Classes/ExpandableViewController.swift:24:33: error: 'UIViewController' is unavailable in watchOS
22 | }
23 |
24 | class ExpandableViewController: UIViewController {
| `- error: 'UIViewController' is unavailable in watchOS
25 |
26 | // MARK: - Internal properties
/Applications/Xcode-27.0.0-Release.Candidate.app/Contents/Developer/Platforms/WatchOS.platform/Developer/SDKs/WatchOS27.0.sdk/System/Library/Frameworks/UIKit.framework/Headers/UIViewController.h:104:12: note: 'UIViewController' has been explicitly marked unavailable here
102 |
103 | UIKIT_EXTERN API_AVAILABLE(ios(2.0)) API_UNAVAILABLE(watchos) NS_SWIFT_UI_ACTOR
104 | @interface UIViewController : UIResponder <NSCoding, UIAppearanceContainer, UITraitEnvironment, UIContentContainer, UIFocusEnvironment>
| `- note: 'UIViewController' has been explicitly marked unavailable here
105 |
106 | /*
/Users/admin/builder/spi-builder-workspace/StickyTabBarViewController/Classes/ExpandableViewController.swift:68:33: error: 'UITapGestureRecognizer' is unavailable in watchOS
66 | override public func viewDidLoad() {
67 | super.viewDidLoad()
68 | let gestureRecognizer = UITapGestureRecognizer(target: self, action: #selector(enlargeWithTap))
| `- error: 'UITapGestureRecognizer' is unavailable in watchOS
69 | minimisedView.addGestureRecognizer(gestureRecognizer)
70 | let panGestureRecognizer = UIPanGestureRecognizer(target: self, action: #selector(handlePan))
/Applications/Xcode-27.0.0-Release.Candidate.app/Contents/Developer/Platforms/WatchOS.platform/Developer/SDKs/WatchOS27.0.sdk/System/Library/Frameworks/UIKit.framework/Headers/UITapGestureRecognizer.h:23:12: note: 'UITapGestureRecognizer' has been explicitly marked unavailable here
21 |
22 | UIKIT_EXTERN API_AVAILABLE(ios(3.2)) API_UNAVAILABLE(watchos) NS_SWIFT_UI_ACTOR
23 | @interface UITapGestureRecognizer : UIGestureRecognizer
| `- note: 'UITapGestureRecognizer' has been explicitly marked unavailable here
24 |
25 | @property (nonatomic) NSUInteger numberOfTapsRequired; // Default is 1. The number of taps required to match
SwiftCompile normal arm64 Compiling\ StickyViewControllerSupportingTabBarController.swift /Users/admin/builder/spi-builder-workspace/StickyTabBarViewController/Classes/StickyViewControllerSupportingTabBarController.swift (in target 'StickyTabBarViewController' from project 'StickyTabBarViewController')
/Users/admin/builder/spi-builder-workspace/StickyTabBarViewController/Classes/StickyViewControllerSupportingTabBarController.swift:10:49: error: 'UITabBarController' is unavailable in watchOS
8 | import UIKit
9 |
10 | public protocol StickyViewControllerSupporting: UITabBarController {
| `- error: 'UITabBarController' is unavailable in watchOS
11 | var collapsedHeight: CGFloat { get set }
12 | var animationDuration: TimeInterval { get set }
/Applications/Xcode-27.0.0-Release.Candidate.app/Contents/Developer/Platforms/WatchOS.platform/Developer/SDKs/WatchOS27.0.sdk/System/Library/Frameworks/UIKit.framework/Headers/UITabBarController.h:64:12: note: 'UITabBarController' has been explicitly marked unavailable here
62 |
63 | UIKIT_EXTERN API_AVAILABLE(ios(2.0)) API_UNAVAILABLE(watchos) NS_SWIFT_UI_ACTOR
64 | @interface UITabBarController : UIViewController <UITabBarDelegate, NSCoding>
| `- note: 'UITabBarController' has been explicitly marked unavailable here
65 |
66 | /// The object managing the delegate of the tab bar controller.
/Users/admin/builder/spi-builder-workspace/StickyTabBarViewController/Classes/StickyViewControllerSupportingTabBarController.swift:20:60: error: 'UITabBarController' is unavailable in watchOS
18 | }
19 |
20 | open class StickyViewControllerSupportingTabBarController: UITabBarController, StickyViewControllerSupporting {
| `- error: 'UITabBarController' is unavailable in watchOS
21 |
22 | // MARK: - Public properties
/Applications/Xcode-27.0.0-Release.Candidate.app/Contents/Developer/Platforms/WatchOS.platform/Developer/SDKs/WatchOS27.0.sdk/System/Library/Frameworks/UIKit.framework/Headers/UITabBarController.h:64:12: note: 'UITabBarController' has been explicitly marked unavailable here
62 |
63 | UIKIT_EXTERN API_AVAILABLE(ios(2.0)) API_UNAVAILABLE(watchos) NS_SWIFT_UI_ACTOR
64 | @interface UITabBarController : UIViewController <UITabBarDelegate, NSCoding>
| `- note: 'UITabBarController' has been explicitly marked unavailable here
65 |
66 | /// The object managing the delegate of the tab bar controller.
SwiftCompile normal arm64 /Users/admin/builder/spi-builder-workspace/StickyTabBarViewController/Classes/StickyViewControllerSupportingTabBarController.swift (in target 'StickyTabBarViewController' from project 'StickyTabBarViewController')
cd /Users/admin/builder/spi-builder-workspace/.swiftpm/xcode
builtin-SwiftPerFileCompile StickyViewControllerSupportingTabBarController.swift
SwiftCompile normal arm64_32 Compiling\ ExpandableViewController.swift /Users/admin/builder/spi-builder-workspace/StickyTabBarViewController/Classes/ExpandableViewController.swift (in target 'StickyTabBarViewController' from project 'StickyTabBarViewController')
/Users/admin/builder/spi-builder-workspace/StickyTabBarViewController/Classes/ExpandableViewController.swift:12:24: error: 'UIView' is unavailable in watchOS
10 |
11 | public protocol Expandable: UIViewController {
12 | var minimisedView: UIView { get }
| `- error: 'UIView' is unavailable in watchOS
13 | var container: StickyViewControllerSupporting? { get set }
14 | }
/Applications/Xcode-27.0.0-Release.Candidate.app/Contents/Developer/Platforms/WatchOS.platform/Developer/SDKs/WatchOS27.0.sdk/System/Library/Frameworks/UIKit.framework/Headers/UIView.h:152:12: note: 'UIView' has been explicitly marked unavailable here
150 |
151 | UIKIT_EXTERN API_AVAILABLE(ios(2.0)) API_UNAVAILABLE(watchos) NS_SWIFT_UI_ACTOR
152 | @interface UIView : UIResponder <NSCoding, UIAppearance, UIAppearanceContainer, UIDynamicItem, UITraitEnvironment, UICoordinateSpace, UIFocusItem, UIFocusItemContainer, CALayerDelegate>
| `- note: 'UIView' has been explicitly marked unavailable here
153 |
154 | @property(class, nonatomic, readonly) Class layerClass; // default is [CALayer class]. Used when creating the underlying layer for the view.
/Users/admin/builder/spi-builder-workspace/StickyTabBarViewController/Classes/ExpandableViewController.swift:11:29: error: 'UIViewController' is unavailable in watchOS
9 | import UIKit
10 |
11 | public protocol Expandable: UIViewController {
| `- error: 'UIViewController' is unavailable in watchOS
12 | var minimisedView: UIView { get }
13 | var container: StickyViewControllerSupporting? { get set }
/Applications/Xcode-27.0.0-Release.Candidate.app/Contents/Developer/Platforms/WatchOS.platform/Developer/SDKs/WatchOS27.0.sdk/System/Library/Frameworks/UIKit.framework/Headers/UIViewController.h:104:12: note: 'UIViewController' has been explicitly marked unavailable here
102 |
103 | UIKIT_EXTERN API_AVAILABLE(ios(2.0)) API_UNAVAILABLE(watchos) NS_SWIFT_UI_ACTOR
104 | @interface UIViewController : UIResponder <NSCoding, UIAppearanceContainer, UITraitEnvironment, UIContentContainer, UIFocusEnvironment>
| `- note: 'UIViewController' has been explicitly marked unavailable here
105 |
106 | /*
/Users/admin/builder/spi-builder-workspace/StickyTabBarViewController/Classes/ExpandableViewController.swift:28:27: error: 'NSLayoutConstraint' is unavailable in watchOS
26 | // MARK: - Internal properties
27 |
28 | var heightConstraint: NSLayoutConstraint!
| `- error: 'NSLayoutConstraint' is unavailable in watchOS
29 | var isEnlarged = false
30 |
/Applications/Xcode-27.0.0-Release.Candidate.app/Contents/Developer/Platforms/WatchOS.platform/Developer/SDKs/WatchOS27.0.sdk/System/Library/Frameworks/UIKit.framework/Headers/NSLayoutConstraint.h:126:12: note: 'NSLayoutConstraint' has been explicitly marked unavailable here
124 |
125 | NSLAYOUTCONSTRAINT_EXTERN API_AVAILABLE(macos(10.7), ios(6.0), tvos(9.0)) API_UNAVAILABLE(watchos) NS_SWIFT_UI_ACTOR
126 | @interface NSLayoutConstraint : NSObject
| `- note: 'NSLayoutConstraint' has been explicitly marked unavailable here
127 |
128 | /* Create an array of constraints using an ASCII-art-like visual format string. The values of the `metrics` dictionary should be NSNumber (or some other type that responds to -doubleValue and returns a double).
/Users/admin/builder/spi-builder-workspace/StickyTabBarViewController/Classes/ExpandableViewController.swift:33:33: error: 'UIScreen' is unavailable in watchOS
31 | weak var tabController: StickyViewControllerSupporting?
32 |
33 | let deviceHeight: CGFloat = UIScreen.main.bounds.height
| `- error: 'UIScreen' is unavailable in watchOS
34 | var collapsedHeight: CGFloat
35 | var animationDuration: TimeInterval
/Applications/Xcode-27.0.0-Release.Candidate.app/Contents/Developer/Platforms/WatchOS.platform/Developer/SDKs/WatchOS27.0.sdk/System/Library/Frameworks/UIKit.framework/Headers/UIScreen.h:54:12: note: 'UIScreen' has been explicitly marked unavailable here
52 |
53 | UIKIT_EXTERN API_AVAILABLE(ios(2.0)) API_UNAVAILABLE(visionos, watchos) NS_SWIFT_UI_ACTOR
54 | @interface UIScreen : NSObject <UITraitEnvironment>
| `- note: 'UIScreen' has been explicitly marked unavailable here
55 |
56 | @property(class, nonatomic, readonly) NSArray<UIScreen *> *screens API_DEPRECATED("Use UIApplication.shared.openSessions to find open sessions with scenes from other screens", ios(3.2, 16.0), visionos(1.0, 1.0)) API_UNAVAILABLE(watchos); // all screens currently attached to the device
/Users/admin/builder/spi-builder-workspace/StickyTabBarViewController/Classes/ExpandableViewController.swift:33:42: error: 'main' is unavailable in watchOS
31 | weak var tabController: StickyViewControllerSupporting?
32 |
33 | let deviceHeight: CGFloat = UIScreen.main.bounds.height
| `- error: 'main' is unavailable in watchOS
34 | var collapsedHeight: CGFloat
35 | var animationDuration: TimeInterval
/Applications/Xcode-27.0.0-Release.Candidate.app/Contents/Developer/Platforms/WatchOS.platform/Developer/SDKs/WatchOS27.0.sdk/System/Library/Frameworks/UIKit.framework/Headers/UIScreen.h:57:49: note: 'main' has been explicitly marked unavailable here
55 |
56 | @property(class, nonatomic, readonly) NSArray<UIScreen *> *screens API_DEPRECATED("Use UIApplication.shared.openSessions to find open sessions with scenes from other screens", ios(3.2, 16.0), visionos(1.0, 1.0)) API_UNAVAILABLE(watchos); // all screens currently attached to the device
57 | @property(class, nonatomic, readonly) UIScreen *mainScreen API_DEPRECATED("Use a UIScreen instance found through context instead (i.e, view.window.windowScene.screen), or for properties like UIScreen.scale with trait equivalents, use a traitCollection found through context.", ios(2.0, 26.0), tvos(9.0, 26.0), visionos(1.0, 26.0)) API_UNAVAILABLE(watchos);
| `- note: 'main' has been explicitly marked unavailable here
58 |
59 | @property(nonatomic,readonly) CGRect bounds; // Bounds of entire screen in points
/Users/admin/builder/spi-builder-workspace/StickyTabBarViewController/Classes/ExpandableViewController.swift:39:32: error: 'UIView' is unavailable in watchOS
37 | // MARK: - Private properties
38 |
39 | private var minimisedView: UIView
| `- error: 'UIView' is unavailable in watchOS
40 | private let childVC: Expandable
41 |
/Applications/Xcode-27.0.0-Release.Candidate.app/Contents/Developer/Platforms/WatchOS.platform/Developer/SDKs/WatchOS27.0.sdk/System/Library/Frameworks/UIKit.framework/Headers/UIView.h:152:12: note: 'UIView' has been explicitly marked unavailable here
150 |
151 | UIKIT_EXTERN API_AVAILABLE(ios(2.0)) API_UNAVAILABLE(watchos) NS_SWIFT_UI_ACTOR
152 | @interface UIView : UIResponder <NSCoding, UIAppearance, UIAppearanceContainer, UIDynamicItem, UITraitEnvironment, UICoordinateSpace, UIFocusItem, UIFocusItemContainer, CALayerDelegate>
| `- note: 'UIView' has been explicitly marked unavailable here
153 |
154 | @property(class, nonatomic, readonly) Class layerClass; // default is [CALayer class]. Used when creating the underlying layer for the view.
/Users/admin/builder/spi-builder-workspace/StickyTabBarViewController/Classes/ExpandableViewController.swift:45:27: error: 'UIViewPropertyAnimator' is unavailable in watchOS
43 |
44 | lazy var isBeginningUpwards = !isEnlarged
45 | var runningAnimation: UIViewPropertyAnimator?
| `- error: 'UIViewPropertyAnimator' is unavailable in watchOS
46 | var animationProgressWhenInterrupted: CGFloat = 0
47 |
/Applications/Xcode-27.0.0-Release.Candidate.app/Contents/Developer/Platforms/WatchOS.platform/Developer/SDKs/WatchOS27.0.sdk/System/Library/Frameworks/UIKit.framework/Headers/UIViewPropertyAnimator.h:17:12: note: 'UIViewPropertyAnimator' has been explicitly marked unavailable here
15 |
16 | UIKIT_EXTERN API_AVAILABLE(ios(10.0)) API_UNAVAILABLE(watchos) NS_SWIFT_UI_ACTOR
17 | @interface UIViewPropertyAnimator : NSObject <UIViewImplicitlyAnimating, NSCopying>
| `- note: 'UIViewPropertyAnimator' has been explicitly marked unavailable here
18 |
19 | @property(nullable, nonatomic, copy, readonly) id <UITimingCurveProvider> timingParameters;
/Users/admin/builder/spi-builder-workspace/StickyTabBarViewController/Classes/ExpandableViewController.swift:95:51: error: 'UITapGestureRecognizer' is unavailable in watchOS
93 | }
94 |
95 | @objc private func enlargeWithTap(recognizer: UITapGestureRecognizer) {
| `- error: 'UITapGestureRecognizer' is unavailable in watchOS
96 | switch recognizer.state {
97 | case .ended:
/Applications/Xcode-27.0.0-Release.Candidate.app/Contents/Developer/Platforms/WatchOS.platform/Developer/SDKs/WatchOS27.0.sdk/System/Library/Frameworks/UIKit.framework/Headers/UITapGestureRecognizer.h:23:12: note: 'UITapGestureRecognizer' has been explicitly marked unavailable here
21 |
22 | UIKIT_EXTERN API_AVAILABLE(ios(3.2)) API_UNAVAILABLE(watchos) NS_SWIFT_UI_ACTOR
23 | @interface UITapGestureRecognizer : UIGestureRecognizer
| `- note: 'UITapGestureRecognizer' has been explicitly marked unavailable here
24 |
25 | @property (nonatomic) NSUInteger numberOfTapsRequired; // Default is 1. The number of taps required to match
/Users/admin/builder/spi-builder-workspace/StickyTabBarViewController/Classes/ExpandableViewController.swift:104:46: error: 'UIPanGestureRecognizer' is unavailable in watchOS
102 | }
103 |
104 | @objc private func handlePan(recognizer: UIPanGestureRecognizer) {
| `- error: 'UIPanGestureRecognizer' is unavailable in watchOS
105 | switch recognizer.state {
106 | case .began:
/Applications/Xcode-27.0.0-Release.Candidate.app/Contents/Developer/Platforms/WatchOS.platform/Developer/SDKs/WatchOS27.0.sdk/System/Library/Frameworks/UIKit.framework/Headers/UIPanGestureRecognizer.h:31:12: note: 'UIPanGestureRecognizer' has been explicitly marked unavailable here
29 |
30 | UIKIT_EXTERN API_AVAILABLE(ios(3.2)) API_UNAVAILABLE(watchos) NS_SWIFT_UI_ACTOR
31 | @interface UIPanGestureRecognizer : UIGestureRecognizer
| `- note: 'UIPanGestureRecognizer' has been explicitly marked unavailable here
32 |
33 | @property (nonatomic) NSUInteger minimumNumberOfTouches API_UNAVAILABLE(tvos); // default is 1. the minimum number of touches required to match
/Users/admin/builder/spi-builder-workspace/StickyTabBarViewController/Classes/ExpandableViewController.swift:24:33: error: 'UIViewController' is unavailable in watchOS
22 | }
23 |
24 | class ExpandableViewController: UIViewController {
| `- error: 'UIViewController' is unavailable in watchOS
25 |
26 | // MARK: - Internal properties
/Applications/Xcode-27.0.0-Release.Candidate.app/Contents/Developer/Platforms/WatchOS.platform/Developer/SDKs/WatchOS27.0.sdk/System/Library/Frameworks/UIKit.framework/Headers/UIViewController.h:104:12: note: 'UIViewController' has been explicitly marked unavailable here
102 |
103 | UIKIT_EXTERN API_AVAILABLE(ios(2.0)) API_UNAVAILABLE(watchos) NS_SWIFT_UI_ACTOR
104 | @interface UIViewController : UIResponder <NSCoding, UIAppearanceContainer, UITraitEnvironment, UIContentContainer, UIFocusEnvironment>
| `- note: 'UIViewController' has been explicitly marked unavailable here
105 |
106 | /*
/Users/admin/builder/spi-builder-workspace/StickyTabBarViewController/Classes/ExpandableViewController.swift:68:33: error: 'UITapGestureRecognizer' is unavailable in watchOS
66 | override public func viewDidLoad() {
67 | super.viewDidLoad()
68 | let gestureRecognizer = UITapGestureRecognizer(target: self, action: #selector(enlargeWithTap))
| `- error: 'UITapGestureRecognizer' is unavailable in watchOS
69 | minimisedView.addGestureRecognizer(gestureRecognizer)
70 | let panGestureRecognizer = UIPanGestureRecognizer(target: self, action: #selector(handlePan))
/Applications/Xcode-27.0.0-Release.Candidate.app/Contents/Developer/Platforms/WatchOS.platform/Developer/SDKs/WatchOS27.0.sdk/System/Library/Frameworks/UIKit.framework/Headers/UITapGestureRecognizer.h:23:12: note: 'UITapGestureRecognizer' has been explicitly marked unavailable here
21 |
22 | UIKIT_EXTERN API_AVAILABLE(ios(3.2)) API_UNAVAILABLE(watchos) NS_SWIFT_UI_ACTOR
23 | @interface UITapGestureRecognizer : UIGestureRecognizer
| `- note: 'UITapGestureRecognizer' has been explicitly marked unavailable here
24 |
25 | @property (nonatomic) NSUInteger numberOfTapsRequired; // Default is 1. The number of taps required to match
SwiftCompile normal arm64_32 /Users/admin/builder/spi-builder-workspace/StickyTabBarViewController/Classes/ExpandableViewController.swift (in target 'StickyTabBarViewController' from project 'StickyTabBarViewController')
cd /Users/admin/builder/spi-builder-workspace/.swiftpm/xcode
builtin-SwiftPerFileCompile ExpandableViewController.swift
SwiftCompile normal arm64_32 Compiling\ StickyViewControllerSupportingTabBarController.swift /Users/admin/builder/spi-builder-workspace/StickyTabBarViewController/Classes/StickyViewControllerSupportingTabBarController.swift (in target 'StickyTabBarViewController' from project 'StickyTabBarViewController')
/Users/admin/builder/spi-builder-workspace/StickyTabBarViewController/Classes/StickyViewControllerSupportingTabBarController.swift:10:49: error: 'UITabBarController' is unavailable in watchOS
8 | import UIKit
9 |
10 | public protocol StickyViewControllerSupporting: UITabBarController {
| `- error: 'UITabBarController' is unavailable in watchOS
11 | var collapsedHeight: CGFloat { get set }
12 | var animationDuration: TimeInterval { get set }
/Applications/Xcode-27.0.0-Release.Candidate.app/Contents/Developer/Platforms/WatchOS.platform/Developer/SDKs/WatchOS27.0.sdk/System/Library/Frameworks/UIKit.framework/Headers/UITabBarController.h:64:12: note: 'UITabBarController' has been explicitly marked unavailable here
62 |
63 | UIKIT_EXTERN API_AVAILABLE(ios(2.0)) API_UNAVAILABLE(watchos) NS_SWIFT_UI_ACTOR
64 | @interface UITabBarController : UIViewController <UITabBarDelegate, NSCoding>
| `- note: 'UITabBarController' has been explicitly marked unavailable here
65 |
66 | /// The object managing the delegate of the tab bar controller.
/Users/admin/builder/spi-builder-workspace/StickyTabBarViewController/Classes/StickyViewControllerSupportingTabBarController.swift:20:60: error: 'UITabBarController' is unavailable in watchOS
18 | }
19 |
20 | open class StickyViewControllerSupportingTabBarController: UITabBarController, StickyViewControllerSupporting {
| `- error: 'UITabBarController' is unavailable in watchOS
21 |
22 | // MARK: - Public properties
/Applications/Xcode-27.0.0-Release.Candidate.app/Contents/Developer/Platforms/WatchOS.platform/Developer/SDKs/WatchOS27.0.sdk/System/Library/Frameworks/UIKit.framework/Headers/UITabBarController.h:64:12: note: 'UITabBarController' has been explicitly marked unavailable here
62 |
63 | UIKIT_EXTERN API_AVAILABLE(ios(2.0)) API_UNAVAILABLE(watchos) NS_SWIFT_UI_ACTOR
64 | @interface UITabBarController : UIViewController <UITabBarDelegate, NSCoding>
| `- note: 'UITabBarController' has been explicitly marked unavailable here
65 |
66 | /// The object managing the delegate of the tab bar controller.
SwiftCompile normal arm64_32 /Users/admin/builder/spi-builder-workspace/StickyTabBarViewController/Classes/StickyViewControllerSupportingTabBarController.swift (in target 'StickyTabBarViewController' from project 'StickyTabBarViewController')
cd /Users/admin/builder/spi-builder-workspace/.swiftpm/xcode
builtin-SwiftPerFileCompile StickyViewControllerSupportingTabBarController.swift
PruneExplicitPrecompiledModules /Users/admin/builder/spi-builder-workspace/.derivedData/Build/Intermediates.noindex/SwiftExplicitPrecompiledModules
PruneExplicitPrecompiledModules /Users/admin/builder/spi-builder-workspace/.derivedData/SDKExplicitPrecompiledModules
PruneExplicitPrecompiledModules /Users/admin/builder/spi-builder-workspace/.derivedData/Build/Intermediates.noindex/ExplicitPrecompiledModules
2026-09-17 22:47:01.860 xcodebuild[793:4838] [MT] IDERunDestination: Supported platforms for the buildables in the current scheme is empty.
** BUILD FAILED **
The following build commands failed:
SwiftCompile normal arm64_32 (in target 'StickyTabBarViewController' from project 'StickyTabBarViewController')
SwiftEmitModule normal arm64_32 Emitting\ module\ for\ StickyTabBarViewController (in target 'StickyTabBarViewController' from project 'StickyTabBarViewController')
SwiftCompile normal arm64 (in target 'StickyTabBarViewController' from project 'StickyTabBarViewController')
SwiftEmitModule normal arm64 Emitting\ module\ for\ StickyTabBarViewController (in target 'StickyTabBarViewController' from project 'StickyTabBarViewController')
Building workspace StickyTabBarViewController with scheme StickyTabBarViewController
(5 failures)
BUILD FAILURE 6.4 watchOS