The Swift Package Index logo.Swift Package Index

Build Information

Failed to build SLAY, reference main (fd0021), with Swift 6.4 for watchOS using Xcode 27.0 on 23 Sep 2026 06:01:22 UTC.

Build Command

env DEVELOPER_DIR=/Applications/Xcode-27.0.0-Release.Candidate.app xcrun xcodebuild -IDEClonedSourcePackagesDirPathOverride=$PWD/.dependencies -skipMacroValidation -skipPackagePluginValidation -derivedDataPath $PWD/.derivedData build -scheme SLAY-Package -destination generic/platform=watchOS

Build Log

========================================
RunAll
========================================
Builder version: 5.1.0
Interrupt handler set up.
========================================
Checkout
========================================
Clone URL: https://github.com/RadiusDay/SLAY.git
Reference: main
Initialized empty Git repository in /Users/admin/builder/spi-builder-workspace/.git/
From https://github.com/RadiusDay/SLAY
 * branch            main       -> FETCH_HEAD
 * [new branch]      main       -> origin/main
HEAD is now at fd00219 chore: remove stray debug print from ScrollGroup
Cloned https://github.com/RadiusDay/SLAY.git
Revision (git rev-parse @):
fd002195b0e367be41357d138ef9101d3ab83fba
SPI manifest file found: $PWD/.spi.yml
SUCCESS checkout https://github.com/RadiusDay/SLAY.git at main
========================================
Build
========================================
Selected platform:         watchOS
Swift version:             6.4
Building package at path:  $PWD
https://github.com/RadiusDay/SLAY.git
Command line invocation:
    /Applications/Xcode-27.0.0-Release.Candidate.app/Contents/Developer/usr/bin/xcodebuild -IDEClonedSourcePackagesDirPathOverride=/Users/admin/builder/spi-builder-workspace/.dependencies -resolvePackageDependencies
Resolve Package Graph
Resolve Package Graph
Resolved source packages:
  SLAY: /Users/admin/builder/spi-builder-workspace
resolved source packages: SLAY
2026-09-23 02:00:45.081 xcodebuild[529:3037] [MT] IDERunDestination: Supported platforms for the buildables in the current scheme is empty.
{
  "dependencies" : [
  ],
  "manifest_display_name" : "SLAY",
  "name" : "SLAY",
  "path" : "/Users/admin/builder/spi-builder-workspace",
  "platforms" : [
    {
      "name" : "macos",
      "version" : "12.0"
    }
  ],
  "products" : [
    {
      "name" : "SLAY",
      "targets" : [
        "SLAY"
      ],
      "type" : {
        "library" : [
          "automatic"
        ]
      }
    },
    {
      "name" : "SLAYUI",
      "targets" : [
        "SLAYUI"
      ],
      "type" : {
        "library" : [
          "automatic"
        ]
      }
    },
    {
      "name" : "SLAYUIAppKit",
      "targets" : [
        "SLAYUIAppKit"
      ],
      "type" : {
        "library" : [
          "automatic"
        ]
      }
    }
  ],
  "targets" : [
    {
      "c99name" : "SLAYUIAppKit",
      "module_type" : "SwiftTarget",
      "name" : "SLAYUIAppKit",
      "path" : "Sources/SLAYUIAppKit",
      "product_memberships" : [
        "SLAYUIAppKit"
      ],
      "sources" : [
        "AppKitRenderable.swift",
        "Color.swift",
        "Font.swift",
        "Group.swift",
        "SLAYAppKitView.swift",
        "ScrollGroup.swift",
        "Text.swift"
      ],
      "target_dependencies" : [
        "SLAYUI"
      ],
      "type" : "library"
    },
    {
      "c99name" : "SLAYUI",
      "module_type" : "SwiftTarget",
      "name" : "SLAYUI",
      "path" : "Sources/SLAYUI",
      "product_memberships" : [
        "SLAYUI",
        "SLAYUIAppKit"
      ],
      "sources" : [
        "Color.swift",
        "Font.swift",
        "Group.swift",
        "GroupProtocol.swift",
        "ScrollGroup.swift",
        "ScrollGroupProtocol.swift",
        "Text.swift",
        "TextProtocol.swift"
      ],
      "target_dependencies" : [
        "SLAY"
      ],
      "type" : "library"
    },
    {
      "c99name" : "SLAYTests",
      "module_type" : "SwiftTarget",
      "name" : "SLAYTests",
      "path" : "Tests/SLAYTests",
      "sources" : [
        "AbsoluteLayoutSystemTests.swift",
        "AspectRatioTests.swift",
        "ListLayoutSystemTests.swift"
      ],
      "target_dependencies" : [
        "SLAY"
      ],
      "type" : "test"
    },
    {
      "c99name" : "SLAY",
      "module_type" : "SwiftTarget",
      "name" : "SLAY",
      "path" : "Sources/SLAY",
      "product_memberships" : [
        "SLAY",
        "SLAYUI",
        "SLAYUIAppKit"
      ],
      "sources" : [
        "AbsoluteLayoutSystem.swift",
        "AspectRatio.swift",
        "Axis.swift",
        "LayoutDimention.swift",
        "LayoutDirection.swift",
        "LayoutEngine.swift",
        "LayoutInsets.swift",
        "LayoutSystem.swift",
        "ListLayoutSystem.swift",
        "PropertySignal.swift",
        "SignalEmitter.swift",
        "SyntheticUIObject.swift",
        "SyntheticUIObjectWithChildren.swift",
        "UIObject.swift",
        "UniqueID.swift",
        "Vector2.swift"
      ],
      "type" : "library"
    }
  ],
  "tools_version" : "6.1"
}
{
  "workspace" : {
    "name" : "SLAY",
    "schemes" : [
      "SLAY",
      "SLAY-Package",
      "SLAYUI",
      "SLAYUIAppKit"
    ]
  }
}
2026-09-23 02:01:11.809 xcodebuild[626:3833] [MT] IDERunDestination: Supported platforms for the buildables in the current scheme is empty.
Running build ...
env DEVELOPER_DIR=/Applications/Xcode-27.0.0-Release.Candidate.app xcrun xcodebuild -IDEClonedSourcePackagesDirPathOverride=$PWD/.dependencies -skipMacroValidation -skipPackagePluginValidation -derivedDataPath $PWD/.derivedData build -scheme SLAY-Package -destination generic/platform=watchOS
Command line invocation:
    /Applications/Xcode-27.0.0-Release.Candidate.app/Contents/Developer/usr/bin/xcodebuild -IDEClonedSourcePackagesDirPathOverride=/Users/admin/builder/spi-builder-workspace/.dependencies -skipMacroValidation -skipPackagePluginValidation -derivedDataPath /Users/admin/builder/spi-builder-workspace/.derivedData build -scheme SLAY-Package -destination generic/platform=watchOS
Resolve Package Graph
Resolved source packages:
  SLAY: /Users/admin/builder/spi-builder-workspace
ComputePackagePrebuildTargetDependencyGraph
Prepare packages
CreateBuildRequest
SendProjectDescription
CreateBuildOperation
ComputeTargetDependencyGraph
note: Building targets in dependency order
note: Target dependency graph (6 targets)
    Target 'SLAYUIAppKit-product' in project 'SLAY'
        ➜ Explicit dependency on target 'SLAYUIAppKit' in project 'SLAY'
        ➜ Explicit dependency on target 'SLAY' in project 'SLAY'
        ➜ Explicit dependency on target 'SLAYUI' in project 'SLAY'
    Target 'SLAYUIAppKit' in project 'SLAY'
        ➜ Explicit dependency on target 'SLAY' in project 'SLAY'
        ➜ Explicit dependency on target 'SLAYUI' in project 'SLAY'
    Target 'SLAYUI-product' in project 'SLAY'
        ➜ Explicit dependency on target 'SLAYUI' in project 'SLAY'
        ➜ Explicit dependency on target 'SLAY' in project 'SLAY'
    Target 'SLAYUI' in project 'SLAY'
        ➜ Explicit dependency on target 'SLAY' in project 'SLAY'
    Target 'SLAY-product' in project 'SLAY'
        ➜ Explicit dependency on target 'SLAY' in project 'SLAY'
    Target 'SLAY' in project 'SLAY' (no dependencies)
GatherProvisioningInputs
CreateBuildDescription
ExecuteExternalTool /Applications/Xcode-27.0.0-Release.Candidate.app/Contents/Developer/Toolchains/XcodeDefault.xctoolchain/usr/bin/clang -v -E -dM -isysroot /Applications/Xcode-27.0.0-Release.Candidate.app/Contents/Developer/Platforms/WatchOS.platform/Developer/SDKs/WatchOS27.0.sdk -x c -c /dev/null
ExecuteExternalTool /Applications/Xcode-27.0.0-Release.Candidate.app/Contents/Developer/Toolchains/XcodeDefault.xctoolchain/usr/bin/swiftc --version
ExecuteExternalTool /Applications/Xcode-27.0.0-Release.Candidate.app/Contents/Developer/Toolchains/XcodeDefault.xctoolchain/usr/bin/ld -version_details
Build description signature: 1559cda1f0e2933c011015dcf2e3d7e6
Build description path: /Users/admin/builder/spi-builder-workspace/.derivedData/Build/Intermediates.noindex/XCBuildData/1559cda1f0e2933c011015dcf2e3d7e6.xcbuilddata
CreateBuildDirectory /Users/admin/builder/spi-builder-workspace/.derivedData/SDKExplicitPrecompiledModules
    cd /Users/admin/builder/spi-builder-workspace/.swiftpm/xcode
    builtin-create-build-directory /Users/admin/builder/spi-builder-workspace/.derivedData/SDKExplicitPrecompiledModules
CreateBuildDirectory /Users/admin/builder/spi-builder-workspace/.derivedData/ModuleCache.noindex
    cd /Users/admin/builder/spi-builder-workspace/.swiftpm/xcode
    builtin-create-build-directory /Users/admin/builder/spi-builder-workspace/.derivedData/ModuleCache.noindex
CreateBuildDirectory /Users/admin/builder/spi-builder-workspace/.derivedData/CompilationCache.noindex
    cd /Users/admin/builder/spi-builder-workspace/.swiftpm/xcode
    builtin-create-build-directory /Users/admin/builder/spi-builder-workspace/.derivedData/CompilationCache.noindex
ClangStatCache /Applications/Xcode-27.0.0-Release.Candidate.app/Contents/Developer/Toolchains/XcodeDefault.xctoolchain/usr/bin/clang-stat-cache /Applications/Xcode-27.0.0-Release.Candidate.app/Contents/Developer/Platforms/WatchOS.platform/Developer/SDKs/WatchOS27.0.sdk /Users/admin/builder/spi-builder-workspace/.derivedData/SDKStatCaches.noindex/watchos27.0-24R360-e829b21a6f8c9b70876ba0858053c04477534ef55a1706bf4c1112bbb242f0a2.sdkstatcache
    cd /Users/admin/builder/spi-builder-workspace/.swiftpm/xcode
    /Applications/Xcode-27.0.0-Release.Candidate.app/Contents/Developer/Toolchains/XcodeDefault.xctoolchain/usr/bin/clang-stat-cache /Applications/Xcode-27.0.0-Release.Candidate.app/Contents/Developer/Platforms/WatchOS.platform/Developer/SDKs/WatchOS27.0.sdk -o /Users/admin/builder/spi-builder-workspace/.derivedData/SDKStatCaches.noindex/watchos27.0-24R360-e829b21a6f8c9b70876ba0858053c04477534ef55a1706bf4c1112bbb242f0a2.sdkstatcache
CreateBuildDirectory /Users/admin/builder/spi-builder-workspace/.derivedData/Build/Intermediates.noindex
    cd /Users/admin/builder/spi-builder-workspace/.swiftpm/xcode
    builtin-create-build-directory /Users/admin/builder/spi-builder-workspace/.derivedData/Build/Intermediates.noindex
CreateBuildDirectory /Users/admin/builder/spi-builder-workspace/.derivedData/Build/Products
    cd /Users/admin/builder/spi-builder-workspace/.swiftpm/xcode
    builtin-create-build-directory /Users/admin/builder/spi-builder-workspace/.derivedData/Build/Products
CreateBuildDirectory /Users/admin/builder/spi-builder-workspace/.derivedData/Build/Intermediates.noindex/PrecompiledHeaders
    cd /Users/admin/builder/spi-builder-workspace/.swiftpm/xcode
    builtin-create-build-directory /Users/admin/builder/spi-builder-workspace/.derivedData/Build/Intermediates.noindex/PrecompiledHeaders
CreateBuildDirectory /Users/admin/builder/spi-builder-workspace/.derivedData/Build/Intermediates.noindex/SwiftExplicitPrecompiledModules
    cd /Users/admin/builder/spi-builder-workspace/.swiftpm/xcode
    builtin-create-build-directory /Users/admin/builder/spi-builder-workspace/.derivedData/Build/Intermediates.noindex/SwiftExplicitPrecompiledModules
CreateBuildDirectory /Users/admin/builder/spi-builder-workspace/.derivedData/Build/Intermediates.noindex/ExplicitPrecompiledModules
    cd /Users/admin/builder/spi-builder-workspace/.swiftpm/xcode
    builtin-create-build-directory /Users/admin/builder/spi-builder-workspace/.derivedData/Build/Intermediates.noindex/ExplicitPrecompiledModules
CreateBuildDirectory /Users/admin/builder/spi-builder-workspace/.derivedData/Build/Intermediates.noindex/EagerLinkingTBDs/Debug-watchos
    cd /Users/admin/builder/spi-builder-workspace/.swiftpm/xcode
    builtin-create-build-directory /Users/admin/builder/spi-builder-workspace/.derivedData/Build/Intermediates.noindex/EagerLinkingTBDs/Debug-watchos
CreateBuildDirectory /Users/admin/builder/spi-builder-workspace/.derivedData/Build/Products/Debug-watchos
    cd /Users/admin/builder/spi-builder-workspace/.swiftpm/xcode
    builtin-create-build-directory /Users/admin/builder/spi-builder-workspace/.derivedData/Build/Products/Debug-watchos
CreateBuildDirectory /Users/admin/builder/spi-builder-workspace/.derivedData/Build/Products/Debug-watchos/PackageFrameworks
    cd /Users/admin/builder/spi-builder-workspace/.swiftpm/xcode
    builtin-create-build-directory /Users/admin/builder/spi-builder-workspace/.derivedData/Build/Products/Debug-watchos/PackageFrameworks
WriteAuxiliaryFile /Users/admin/builder/spi-builder-workspace/.derivedData/Build/Intermediates.noindex/SLAY.build/Debug-watchos/SLAYUIAppKit-t.build/SLAYUIAppKit.DependencyStaticMetadataFileList (in target 'SLAYUIAppKit' from project 'SLAY')
    cd /Users/admin/builder/spi-builder-workspace
    write-file /Users/admin/builder/spi-builder-workspace/.derivedData/Build/Intermediates.noindex/SLAY.build/Debug-watchos/SLAYUIAppKit-t.build/SLAYUIAppKit.DependencyStaticMetadataFileList
WriteAuxiliaryFile /Users/admin/builder/spi-builder-workspace/.derivedData/Build/Intermediates.noindex/SLAY.build/Debug-watchos/SLAYUIAppKit-t.build/SLAYUIAppKit.DependencyMetadataFileList (in target 'SLAYUIAppKit' from project 'SLAY')
    cd /Users/admin/builder/spi-builder-workspace
    write-file /Users/admin/builder/spi-builder-workspace/.derivedData/Build/Intermediates.noindex/SLAY.build/Debug-watchos/SLAYUIAppKit-t.build/SLAYUIAppKit.DependencyMetadataFileList
WriteAuxiliaryFile /Users/admin/builder/spi-builder-workspace/.derivedData/Build/Intermediates.noindex/SLAY.build/Debug-watchos/SLAYUIAppKit-t.build/SLAYUIAppKit.modulemap (in target 'SLAYUIAppKit' from project 'SLAY')
    cd /Users/admin/builder/spi-builder-workspace
    write-file /Users/admin/builder/spi-builder-workspace/.derivedData/Build/Intermediates.noindex/SLAY.build/Debug-watchos/SLAYUIAppKit-t.build/SLAYUIAppKit.modulemap
WriteAuxiliaryFile /Users/admin/builder/spi-builder-workspace/.derivedData/Build/Intermediates.noindex/SLAY.build/Debug-watchos/SLAYUIAppKit-t.build/Objects-normal/arm64_32/SLAYUIAppKit-OutputFileMap.json (in target 'SLAYUIAppKit' from project 'SLAY')
    cd /Users/admin/builder/spi-builder-workspace
    write-file /Users/admin/builder/spi-builder-workspace/.derivedData/Build/Intermediates.noindex/SLAY.build/Debug-watchos/SLAYUIAppKit-t.build/Objects-normal/arm64_32/SLAYUIAppKit-OutputFileMap.json
WriteAuxiliaryFile /Users/admin/builder/spi-builder-workspace/.derivedData/Build/Intermediates.noindex/SLAY.build/Debug-watchos/SLAYUIAppKit-t.build/Objects-normal/arm64/SLAYUIAppKit_const_extract_protocols.json (in target 'SLAYUIAppKit' from project 'SLAY')
    cd /Users/admin/builder/spi-builder-workspace
    write-file /Users/admin/builder/spi-builder-workspace/.derivedData/Build/Intermediates.noindex/SLAY.build/Debug-watchos/SLAYUIAppKit-t.build/Objects-normal/arm64/SLAYUIAppKit_const_extract_protocols.json
WriteAuxiliaryFile /Users/admin/builder/spi-builder-workspace/.derivedData/Build/Intermediates.noindex/SLAY.build/Debug-watchos/SLAYUIAppKit-t.build/Objects-normal/arm64_32/SLAYUIAppKit.LinkFileList (in target 'SLAYUIAppKit' from project 'SLAY')
    cd /Users/admin/builder/spi-builder-workspace
    write-file /Users/admin/builder/spi-builder-workspace/.derivedData/Build/Intermediates.noindex/SLAY.build/Debug-watchos/SLAYUIAppKit-t.build/Objects-normal/arm64_32/SLAYUIAppKit.LinkFileList
WriteAuxiliaryFile /Users/admin/builder/spi-builder-workspace/.derivedData/Build/Intermediates.noindex/SLAY.build/Debug-watchos/SLAYUIAppKit-t.build/Objects-normal/arm64_32/SLAYUIAppKit_const_extract_protocols.json (in target 'SLAYUIAppKit' from project 'SLAY')
    cd /Users/admin/builder/spi-builder-workspace
    write-file /Users/admin/builder/spi-builder-workspace/.derivedData/Build/Intermediates.noindex/SLAY.build/Debug-watchos/SLAYUIAppKit-t.build/Objects-normal/arm64_32/SLAYUIAppKit_const_extract_protocols.json
WriteAuxiliaryFile /Users/admin/builder/spi-builder-workspace/.derivedData/Build/Intermediates.noindex/SLAY.build/Debug-watchos/SLAYUIAppKit-t.build/Objects-normal/arm64/SLAYUIAppKit-OutputFileMap.json (in target 'SLAYUIAppKit' from project 'SLAY')
    cd /Users/admin/builder/spi-builder-workspace
    write-file /Users/admin/builder/spi-builder-workspace/.derivedData/Build/Intermediates.noindex/SLAY.build/Debug-watchos/SLAYUIAppKit-t.build/Objects-normal/arm64/SLAYUIAppKit-OutputFileMap.json
WriteAuxiliaryFile /Users/admin/builder/spi-builder-workspace/.derivedData/Build/Intermediates.noindex/SLAY.build/Debug-watchos/SLAYUIAppKit-t.build/Objects-normal/arm64_32/SLAYUIAppKit.SwiftFileList (in target 'SLAYUIAppKit' from project 'SLAY')
    cd /Users/admin/builder/spi-builder-workspace
    write-file /Users/admin/builder/spi-builder-workspace/.derivedData/Build/Intermediates.noindex/SLAY.build/Debug-watchos/SLAYUIAppKit-t.build/Objects-normal/arm64_32/SLAYUIAppKit.SwiftFileList
WriteAuxiliaryFile /Users/admin/builder/spi-builder-workspace/.derivedData/Build/Intermediates.noindex/SLAY.build/Debug-watchos/SLAYUIAppKit-t.build/Objects-normal/arm64_32/SLAYUIAppKit.SwiftConstValuesFileList (in target 'SLAYUIAppKit' from project 'SLAY')
    cd /Users/admin/builder/spi-builder-workspace
    write-file /Users/admin/builder/spi-builder-workspace/.derivedData/Build/Intermediates.noindex/SLAY.build/Debug-watchos/SLAYUIAppKit-t.build/Objects-normal/arm64_32/SLAYUIAppKit.SwiftConstValuesFileList
WriteAuxiliaryFile /Users/admin/builder/spi-builder-workspace/.derivedData/Build/Intermediates.noindex/SLAY.build/Debug-watchos/SLAYUIAppKit-t.build/Objects-normal/arm64/SLAYUIAppKit.SwiftFileList (in target 'SLAYUIAppKit' from project 'SLAY')
    cd /Users/admin/builder/spi-builder-workspace
    write-file /Users/admin/builder/spi-builder-workspace/.derivedData/Build/Intermediates.noindex/SLAY.build/Debug-watchos/SLAYUIAppKit-t.build/Objects-normal/arm64/SLAYUIAppKit.SwiftFileList
WriteAuxiliaryFile /Users/admin/builder/spi-builder-workspace/.derivedData/Build/Intermediates.noindex/SLAY.build/Debug-watchos/SLAYUIAppKit-t.build/Objects-normal/arm64/SLAYUIAppKit.SwiftConstValuesFileList (in target 'SLAYUIAppKit' from project 'SLAY')
    cd /Users/admin/builder/spi-builder-workspace
    write-file /Users/admin/builder/spi-builder-workspace/.derivedData/Build/Intermediates.noindex/SLAY.build/Debug-watchos/SLAYUIAppKit-t.build/Objects-normal/arm64/SLAYUIAppKit.SwiftConstValuesFileList
WriteAuxiliaryFile /Users/admin/builder/spi-builder-workspace/.derivedData/Build/Intermediates.noindex/SLAY.build/Debug-watchos/SLAYUIAppKit-t.build/Objects-normal/arm64/SLAYUIAppKit.LinkFileList (in target 'SLAYUIAppKit' from project 'SLAY')
    cd /Users/admin/builder/spi-builder-workspace
    write-file /Users/admin/builder/spi-builder-workspace/.derivedData/Build/Intermediates.noindex/SLAY.build/Debug-watchos/SLAYUIAppKit-t.build/Objects-normal/arm64/SLAYUIAppKit.LinkFileList
WriteAuxiliaryFile /Users/admin/builder/spi-builder-workspace/.derivedData/Build/Intermediates.noindex/SLAY.build/Debug-watchos/SLAYUI-t.build/SLAYUI.DependencyStaticMetadataFileList (in target 'SLAYUI' from project 'SLAY')
    cd /Users/admin/builder/spi-builder-workspace
    write-file /Users/admin/builder/spi-builder-workspace/.derivedData/Build/Intermediates.noindex/SLAY.build/Debug-watchos/SLAYUI-t.build/SLAYUI.DependencyStaticMetadataFileList
Copy /Users/admin/builder/spi-builder-workspace/.derivedData/Build/Intermediates.noindex/GeneratedModuleMaps-watchos/SLAYUIAppKit.modulemap /Users/admin/builder/spi-builder-workspace/.derivedData/Build/Intermediates.noindex/SLAY.build/Debug-watchos/SLAYUIAppKit-t.build/SLAYUIAppKit.modulemap (in target 'SLAYUIAppKit' from project 'SLAY')
    cd /Users/admin/builder/spi-builder-workspace
    builtin-copy -exclude .DS_Store -exclude CVS -exclude .svn -exclude .git -exclude .hg -resolve-src-symlinks /Users/admin/builder/spi-builder-workspace/.derivedData/Build/Intermediates.noindex/SLAY.build/Debug-watchos/SLAYUIAppKit-t.build/SLAYUIAppKit.modulemap /Users/admin/builder/spi-builder-workspace/.derivedData/Build/Intermediates.noindex/GeneratedModuleMaps-watchos
WriteAuxiliaryFile /Users/admin/builder/spi-builder-workspace/.derivedData/Build/Intermediates.noindex/SLAY.build/Debug-watchos/SLAYUI-t.build/SLAYUI.modulemap (in target 'SLAYUI' from project 'SLAY')
    cd /Users/admin/builder/spi-builder-workspace
    write-file /Users/admin/builder/spi-builder-workspace/.derivedData/Build/Intermediates.noindex/SLAY.build/Debug-watchos/SLAYUI-t.build/SLAYUI.modulemap
WriteAuxiliaryFile /Users/admin/builder/spi-builder-workspace/.derivedData/Build/Intermediates.noindex/SLAY.build/Debug-watchos/SLAYUI-t.build/SLAYUI.DependencyMetadataFileList (in target 'SLAYUI' from project 'SLAY')
    cd /Users/admin/builder/spi-builder-workspace
    write-file /Users/admin/builder/spi-builder-workspace/.derivedData/Build/Intermediates.noindex/SLAY.build/Debug-watchos/SLAYUI-t.build/SLAYUI.DependencyMetadataFileList
WriteAuxiliaryFile /Users/admin/builder/spi-builder-workspace/.derivedData/Build/Intermediates.noindex/SLAY.build/Debug-watchos/SLAYUI-t.build/Objects-normal/arm64_32/SLAYUI_const_extract_protocols.json (in target 'SLAYUI' from project 'SLAY')
    cd /Users/admin/builder/spi-builder-workspace
    write-file /Users/admin/builder/spi-builder-workspace/.derivedData/Build/Intermediates.noindex/SLAY.build/Debug-watchos/SLAYUI-t.build/Objects-normal/arm64_32/SLAYUI_const_extract_protocols.json
WriteAuxiliaryFile /Users/admin/builder/spi-builder-workspace/.derivedData/Build/Intermediates.noindex/SLAY.build/Debug-watchos/SLAYUI-t.build/Objects-normal/arm64_32/SLAYUI.SwiftFileList (in target 'SLAYUI' from project 'SLAY')
    cd /Users/admin/builder/spi-builder-workspace
    write-file /Users/admin/builder/spi-builder-workspace/.derivedData/Build/Intermediates.noindex/SLAY.build/Debug-watchos/SLAYUI-t.build/Objects-normal/arm64_32/SLAYUI.SwiftFileList
WriteAuxiliaryFile /Users/admin/builder/spi-builder-workspace/.derivedData/Build/Intermediates.noindex/SLAY.build/Debug-watchos/SLAYUI-t.build/Objects-normal/arm64_32/SLAYUI.SwiftConstValuesFileList (in target 'SLAYUI' from project 'SLAY')
    cd /Users/admin/builder/spi-builder-workspace
    write-file /Users/admin/builder/spi-builder-workspace/.derivedData/Build/Intermediates.noindex/SLAY.build/Debug-watchos/SLAYUI-t.build/Objects-normal/arm64_32/SLAYUI.SwiftConstValuesFileList
WriteAuxiliaryFile /Users/admin/builder/spi-builder-workspace/.derivedData/Build/Intermediates.noindex/SLAY.build/Debug-watchos/SLAYUI-t.build/Objects-normal/arm64_32/SLAYUI.LinkFileList (in target 'SLAYUI' from project 'SLAY')
    cd /Users/admin/builder/spi-builder-workspace
    write-file /Users/admin/builder/spi-builder-workspace/.derivedData/Build/Intermediates.noindex/SLAY.build/Debug-watchos/SLAYUI-t.build/Objects-normal/arm64_32/SLAYUI.LinkFileList
WriteAuxiliaryFile /Users/admin/builder/spi-builder-workspace/.derivedData/Build/Intermediates.noindex/SLAY.build/Debug-watchos/SLAYUI-t.build/Objects-normal/arm64_32/SLAYUI-OutputFileMap.json (in target 'SLAYUI' from project 'SLAY')
    cd /Users/admin/builder/spi-builder-workspace
    write-file /Users/admin/builder/spi-builder-workspace/.derivedData/Build/Intermediates.noindex/SLAY.build/Debug-watchos/SLAYUI-t.build/Objects-normal/arm64_32/SLAYUI-OutputFileMap.json
WriteAuxiliaryFile /Users/admin/builder/spi-builder-workspace/.derivedData/Build/Intermediates.noindex/SLAY.build/Debug-watchos/SLAYUI-t.build/Objects-normal/arm64/SLAYUI_const_extract_protocols.json (in target 'SLAYUI' from project 'SLAY')
    cd /Users/admin/builder/spi-builder-workspace
    write-file /Users/admin/builder/spi-builder-workspace/.derivedData/Build/Intermediates.noindex/SLAY.build/Debug-watchos/SLAYUI-t.build/Objects-normal/arm64/SLAYUI_const_extract_protocols.json
WriteAuxiliaryFile /Users/admin/builder/spi-builder-workspace/.derivedData/Build/Intermediates.noindex/SLAY.build/Debug-watchos/SLAYUI-t.build/Objects-normal/arm64/SLAYUI.SwiftFileList (in target 'SLAYUI' from project 'SLAY')
    cd /Users/admin/builder/spi-builder-workspace
    write-file /Users/admin/builder/spi-builder-workspace/.derivedData/Build/Intermediates.noindex/SLAY.build/Debug-watchos/SLAYUI-t.build/Objects-normal/arm64/SLAYUI.SwiftFileList
WriteAuxiliaryFile /Users/admin/builder/spi-builder-workspace/.derivedData/Build/Intermediates.noindex/SLAY.build/Debug-watchos/SLAYUI-t.build/Objects-normal/arm64/SLAYUI.SwiftConstValuesFileList (in target 'SLAYUI' from project 'SLAY')
    cd /Users/admin/builder/spi-builder-workspace
    write-file /Users/admin/builder/spi-builder-workspace/.derivedData/Build/Intermediates.noindex/SLAY.build/Debug-watchos/SLAYUI-t.build/Objects-normal/arm64/SLAYUI.SwiftConstValuesFileList
WriteAuxiliaryFile /Users/admin/builder/spi-builder-workspace/.derivedData/Build/Intermediates.noindex/SLAY.build/Debug-watchos/SLAYUI-t.build/Objects-normal/arm64/SLAYUI.LinkFileList (in target 'SLAYUI' from project 'SLAY')
    cd /Users/admin/builder/spi-builder-workspace
    write-file /Users/admin/builder/spi-builder-workspace/.derivedData/Build/Intermediates.noindex/SLAY.build/Debug-watchos/SLAYUI-t.build/Objects-normal/arm64/SLAYUI.LinkFileList
WriteAuxiliaryFile /Users/admin/builder/spi-builder-workspace/.derivedData/Build/Intermediates.noindex/SLAY.build/Debug-watchos/SLAYUI-t.build/Objects-normal/arm64/SLAYUI-OutputFileMap.json (in target 'SLAYUI' from project 'SLAY')
    cd /Users/admin/builder/spi-builder-workspace
    write-file /Users/admin/builder/spi-builder-workspace/.derivedData/Build/Intermediates.noindex/SLAY.build/Debug-watchos/SLAYUI-t.build/Objects-normal/arm64/SLAYUI-OutputFileMap.json
Copy /Users/admin/builder/spi-builder-workspace/.derivedData/Build/Intermediates.noindex/GeneratedModuleMaps-watchos/SLAYUI.modulemap /Users/admin/builder/spi-builder-workspace/.derivedData/Build/Intermediates.noindex/SLAY.build/Debug-watchos/SLAYUI-t.build/SLAYUI.modulemap (in target 'SLAYUI' from project 'SLAY')
    cd /Users/admin/builder/spi-builder-workspace
    builtin-copy -exclude .DS_Store -exclude CVS -exclude .svn -exclude .git -exclude .hg -resolve-src-symlinks /Users/admin/builder/spi-builder-workspace/.derivedData/Build/Intermediates.noindex/SLAY.build/Debug-watchos/SLAYUI-t.build/SLAYUI.modulemap /Users/admin/builder/spi-builder-workspace/.derivedData/Build/Intermediates.noindex/GeneratedModuleMaps-watchos
WriteAuxiliaryFile /Users/admin/builder/spi-builder-workspace/.derivedData/Build/Intermediates.noindex/SLAY.build/Debug-watchos/SLAY-t.build/SLAY.modulemap (in target 'SLAY' from project 'SLAY')
    cd /Users/admin/builder/spi-builder-workspace
    write-file /Users/admin/builder/spi-builder-workspace/.derivedData/Build/Intermediates.noindex/SLAY.build/Debug-watchos/SLAY-t.build/SLAY.modulemap
WriteAuxiliaryFile /Users/admin/builder/spi-builder-workspace/.derivedData/Build/Intermediates.noindex/SLAY.build/Debug-watchos/SLAY-t.build/SLAY.DependencyStaticMetadataFileList (in target 'SLAY' from project 'SLAY')
    cd /Users/admin/builder/spi-builder-workspace
    write-file /Users/admin/builder/spi-builder-workspace/.derivedData/Build/Intermediates.noindex/SLAY.build/Debug-watchos/SLAY-t.build/SLAY.DependencyStaticMetadataFileList
WriteAuxiliaryFile /Users/admin/builder/spi-builder-workspace/.derivedData/Build/Intermediates.noindex/SLAY.build/Debug-watchos/SLAY-t.build/SLAY.DependencyMetadataFileList (in target 'SLAY' from project 'SLAY')
    cd /Users/admin/builder/spi-builder-workspace
    write-file /Users/admin/builder/spi-builder-workspace/.derivedData/Build/Intermediates.noindex/SLAY.build/Debug-watchos/SLAY-t.build/SLAY.DependencyMetadataFileList
WriteAuxiliaryFile /Users/admin/builder/spi-builder-workspace/.derivedData/Build/Intermediates.noindex/SLAY.build/Debug-watchos/SLAY-t.build/Objects-normal/arm64_32/SLAY_const_extract_protocols.json (in target 'SLAY' from project 'SLAY')
    cd /Users/admin/builder/spi-builder-workspace
    write-file /Users/admin/builder/spi-builder-workspace/.derivedData/Build/Intermediates.noindex/SLAY.build/Debug-watchos/SLAY-t.build/Objects-normal/arm64_32/SLAY_const_extract_protocols.json
WriteAuxiliaryFile /Users/admin/builder/spi-builder-workspace/.derivedData/Build/Intermediates.noindex/SLAY.build/Debug-watchos/SLAY-t.build/Objects-normal/arm64_32/SLAY.SwiftFileList (in target 'SLAY' from project 'SLAY')
    cd /Users/admin/builder/spi-builder-workspace
    write-file /Users/admin/builder/spi-builder-workspace/.derivedData/Build/Intermediates.noindex/SLAY.build/Debug-watchos/SLAY-t.build/Objects-normal/arm64_32/SLAY.SwiftFileList
WriteAuxiliaryFile /Users/admin/builder/spi-builder-workspace/.derivedData/Build/Intermediates.noindex/SLAY.build/Debug-watchos/SLAY-t.build/Objects-normal/arm64_32/SLAY.SwiftConstValuesFileList (in target 'SLAY' from project 'SLAY')
    cd /Users/admin/builder/spi-builder-workspace
    write-file /Users/admin/builder/spi-builder-workspace/.derivedData/Build/Intermediates.noindex/SLAY.build/Debug-watchos/SLAY-t.build/Objects-normal/arm64_32/SLAY.SwiftConstValuesFileList
WriteAuxiliaryFile /Users/admin/builder/spi-builder-workspace/.derivedData/Build/Intermediates.noindex/SLAY.build/Debug-watchos/SLAY-t.build/Objects-normal/arm64_32/SLAY.LinkFileList (in target 'SLAY' from project 'SLAY')
    cd /Users/admin/builder/spi-builder-workspace
    write-file /Users/admin/builder/spi-builder-workspace/.derivedData/Build/Intermediates.noindex/SLAY.build/Debug-watchos/SLAY-t.build/Objects-normal/arm64_32/SLAY.LinkFileList
WriteAuxiliaryFile /Users/admin/builder/spi-builder-workspace/.derivedData/Build/Intermediates.noindex/SLAY.build/Debug-watchos/SLAY-t.build/Objects-normal/arm64_32/SLAY-OutputFileMap.json (in target 'SLAY' from project 'SLAY')
    cd /Users/admin/builder/spi-builder-workspace
    write-file /Users/admin/builder/spi-builder-workspace/.derivedData/Build/Intermediates.noindex/SLAY.build/Debug-watchos/SLAY-t.build/Objects-normal/arm64_32/SLAY-OutputFileMap.json
WriteAuxiliaryFile /Users/admin/builder/spi-builder-workspace/.derivedData/Build/Intermediates.noindex/SLAY.build/Debug-watchos/SLAY-t.build/Objects-normal/arm64/SLAY.SwiftFileList (in target 'SLAY' from project 'SLAY')
    cd /Users/admin/builder/spi-builder-workspace
    write-file /Users/admin/builder/spi-builder-workspace/.derivedData/Build/Intermediates.noindex/SLAY.build/Debug-watchos/SLAY-t.build/Objects-normal/arm64/SLAY.SwiftFileList
WriteAuxiliaryFile /Users/admin/builder/spi-builder-workspace/.derivedData/Build/Intermediates.noindex/SLAY.build/Debug-watchos/SLAY-t.build/Objects-normal/arm64/SLAY.SwiftConstValuesFileList (in target 'SLAY' from project 'SLAY')
    cd /Users/admin/builder/spi-builder-workspace
    write-file /Users/admin/builder/spi-builder-workspace/.derivedData/Build/Intermediates.noindex/SLAY.build/Debug-watchos/SLAY-t.build/Objects-normal/arm64/SLAY.SwiftConstValuesFileList
WriteAuxiliaryFile /Users/admin/builder/spi-builder-workspace/.derivedData/Build/Intermediates.noindex/SLAY.build/Debug-watchos/SLAY-t.build/Objects-normal/arm64/SLAY_const_extract_protocols.json (in target 'SLAY' from project 'SLAY')
    cd /Users/admin/builder/spi-builder-workspace
    write-file /Users/admin/builder/spi-builder-workspace/.derivedData/Build/Intermediates.noindex/SLAY.build/Debug-watchos/SLAY-t.build/Objects-normal/arm64/SLAY_const_extract_protocols.json
WriteAuxiliaryFile /Users/admin/builder/spi-builder-workspace/.derivedData/Build/Intermediates.noindex/SLAY.build/Debug-watchos/SLAY-t.build/Objects-normal/arm64/SLAY.LinkFileList (in target 'SLAY' from project 'SLAY')
    cd /Users/admin/builder/spi-builder-workspace
    write-file /Users/admin/builder/spi-builder-workspace/.derivedData/Build/Intermediates.noindex/SLAY.build/Debug-watchos/SLAY-t.build/Objects-normal/arm64/SLAY.LinkFileList
WriteAuxiliaryFile /Users/admin/builder/spi-builder-workspace/.derivedData/Build/Intermediates.noindex/SLAY.build/Debug-watchos/SLAY-t.build/Objects-normal/arm64/SLAY-OutputFileMap.json (in target 'SLAY' from project 'SLAY')
    cd /Users/admin/builder/spi-builder-workspace
    write-file /Users/admin/builder/spi-builder-workspace/.derivedData/Build/Intermediates.noindex/SLAY.build/Debug-watchos/SLAY-t.build/Objects-normal/arm64/SLAY-OutputFileMap.json
Copy /Users/admin/builder/spi-builder-workspace/.derivedData/Build/Intermediates.noindex/GeneratedModuleMaps-watchos/SLAY.modulemap /Users/admin/builder/spi-builder-workspace/.derivedData/Build/Intermediates.noindex/SLAY.build/Debug-watchos/SLAY-t.build/SLAY.modulemap (in target 'SLAY' from project 'SLAY')
    cd /Users/admin/builder/spi-builder-workspace
    builtin-copy -exclude .DS_Store -exclude CVS -exclude .svn -exclude .git -exclude .hg -resolve-src-symlinks /Users/admin/builder/spi-builder-workspace/.derivedData/Build/Intermediates.noindex/SLAY.build/Debug-watchos/SLAY-t.build/SLAY.modulemap /Users/admin/builder/spi-builder-workspace/.derivedData/Build/Intermediates.noindex/GeneratedModuleMaps-watchos
SwiftDriver SLAY normal arm64 com.apple.xcode.tools.swift.compiler (in target 'SLAY' from project 'SLAY')
    cd /Users/admin/builder/spi-builder-workspace/.swiftpm/xcode
    builtin-SwiftDriver -- /Applications/Xcode-27.0.0-Release.Candidate.app/Contents/Developer/Toolchains/XcodeDefault.xctoolchain/usr/bin/swiftc -parse-as-library -module-name SLAY -Onone @/Users/admin/builder/spi-builder-workspace/.derivedData/Build/Intermediates.noindex/SLAY.build/Debug-watchos/SLAY-t.build/Objects-normal/arm64/SLAY.SwiftFileList -DSWIFT_PACKAGE -DDEBUG -DSWIFT_MODULE_RESOURCE_BUNDLE_UNAVAILABLE -DXcode -plugin-path /Applications/Xcode-27.0.0-Release.Candidate.app/Contents/Developer/Toolchains/XcodeDefault.xctoolchain/usr/lib/swift/host/plugins/testing -enable-experimental-feature DebugDescriptionMacro -sdk /Applications/Xcode-27.0.0-Release.Candidate.app/Contents/Developer/Platforms/WatchOS.platform/Developer/SDKs/WatchOS27.0.sdk -target arm64-apple-watchos9.0 -g -module-cache-path /Users/admin/builder/spi-builder-workspace/.derivedData/ModuleCache.noindex -Xfrontend -serialize-debugging-options -profile-coverage-mapping -profile-generate -enable-testing -index-store-path /Users/admin/builder/spi-builder-workspace/.derivedData/Index.noindex/DataStore -Xcc -D_LIBCPP_HARDENING_MODE\=_LIBCPP_HARDENING_MODE_DEBUG -swift-version 6 -I /Users/admin/builder/spi-builder-workspace/.derivedData/Build/Products/Debug-watchos -Isystem /Applications/Xcode-27.0.0-Release.Candidate.app/Contents/Developer/Platforms/WatchOS.platform/Developer/usr/lib -F /Users/admin/builder/spi-builder-workspace/.derivedData/Build/Products/Debug-watchos -F /Applications/Xcode-27.0.0-Release.Candidate.app/Contents/Developer/Platforms/WatchOS.platform/Developer/Library/Frameworks -F /Applications/Xcode-27.0.0-Release.Candidate.app/Contents/Developer/Platforms/WatchOS.platform/Developer/SDKs/WatchOS27.0.sdk/Developer/Library/Frameworks -c -j10 -enable-batch-mode -incremental -Xcc -ivfsstatcache -Xcc /Users/admin/builder/spi-builder-workspace/.derivedData/SDKStatCaches.noindex/watchos27.0-24R360-e829b21a6f8c9b70876ba0858053c04477534ef55a1706bf4c1112bbb242f0a2.sdkstatcache -output-file-map /Users/admin/builder/spi-builder-workspace/.derivedData/Build/Intermediates.noindex/SLAY.build/Debug-watchos/SLAY-t.build/Objects-normal/arm64/SLAY-OutputFileMap.json -save-temps -no-color-diagnostics -explicit-module-build -module-cache-path /Users/admin/builder/spi-builder-workspace/.derivedData/Build/Intermediates.noindex/SwiftExplicitPrecompiledModules -clang-scanner-module-cache-path /Users/admin/builder/spi-builder-workspace/.derivedData/ModuleCache.noindex -sdk-module-cache-path /Users/admin/builder/spi-builder-workspace/.derivedData/SDKExplicitPrecompiledModules -emit-dependencies -emit-module -emit-module-path /Users/admin/builder/spi-builder-workspace/.derivedData/Build/Intermediates.noindex/SLAY.build/Debug-watchos/SLAY-t.build/Objects-normal/arm64/SLAY.swiftmodule -serialize-diagnostics -dependency-scan-serialize-diagnostics-path /Users/admin/builder/spi-builder-workspace/.derivedData/Build/Intermediates.noindex/SLAY.build/Debug-watchos/SLAY-t.build/Objects-normal/arm64/SLAY-dependency-scan.dia -validate-clang-modules-once -clang-build-session-file /Users/admin/builder/spi-builder-workspace/.derivedData/ModuleCache.noindex/Session.modulevalidation -Xcc -fmodules-prune-interval\=86400 -Xcc -fmodules-prune-after\=345600 -package-name spi_builder_workspace -emit-const-values -const-gather-protocols-list /Users/admin/builder/spi-builder-workspace/.derivedData/Build/Intermediates.noindex/SLAY.build/Debug-watchos/SLAY-t.build/Objects-normal/arm64/SLAY_const_extract_protocols.json -Xcc -I/Users/admin/builder/spi-builder-workspace/.derivedData/Build/Products/Debug-watchos/include -Xcc -I/Users/admin/builder/spi-builder-workspace/.derivedData/Build/Intermediates.noindex/SLAY.build/Debug-watchos/SLAY-t.build/DerivedSources-normal/arm64 -Xcc -I/Users/admin/builder/spi-builder-workspace/.derivedData/Build/Intermediates.noindex/SLAY.build/Debug-watchos/SLAY-t.build/DerivedSources/arm64 -Xcc -I/Users/admin/builder/spi-builder-workspace/.derivedData/Build/Intermediates.noindex/SLAY.build/Debug-watchos/SLAY-t.build/DerivedSources -Xcc -DSWIFT_PACKAGE -Xcc -DDEBUG\=1 -emit-objc-header -emit-objc-header-path /Users/admin/builder/spi-builder-workspace/.derivedData/Build/Intermediates.noindex/SLAY.build/Debug-watchos/SLAY-t.build/Objects-normal/arm64/SLAY-Swift.h -working-directory /Users/admin/builder/spi-builder-workspace/.swiftpm/xcode -experimental-emit-module-separately -disable-cmo
SwiftDriver SLAY normal arm64_32 com.apple.xcode.tools.swift.compiler (in target 'SLAY' from project 'SLAY')
    cd /Users/admin/builder/spi-builder-workspace/.swiftpm/xcode
    builtin-SwiftDriver -- /Applications/Xcode-27.0.0-Release.Candidate.app/Contents/Developer/Toolchains/XcodeDefault.xctoolchain/usr/bin/swiftc -parse-as-library -module-name SLAY -Onone @/Users/admin/builder/spi-builder-workspace/.derivedData/Build/Intermediates.noindex/SLAY.build/Debug-watchos/SLAY-t.build/Objects-normal/arm64_32/SLAY.SwiftFileList -DSWIFT_PACKAGE -DDEBUG -DSWIFT_MODULE_RESOURCE_BUNDLE_UNAVAILABLE -DXcode -plugin-path /Applications/Xcode-27.0.0-Release.Candidate.app/Contents/Developer/Toolchains/XcodeDefault.xctoolchain/usr/lib/swift/host/plugins/testing -enable-experimental-feature DebugDescriptionMacro -sdk /Applications/Xcode-27.0.0-Release.Candidate.app/Contents/Developer/Platforms/WatchOS.platform/Developer/SDKs/WatchOS27.0.sdk -target arm64_32-apple-watchos9.0 -g -module-cache-path /Users/admin/builder/spi-builder-workspace/.derivedData/ModuleCache.noindex -Xfrontend -serialize-debugging-options -profile-coverage-mapping -profile-generate -enable-testing -index-store-path /Users/admin/builder/spi-builder-workspace/.derivedData/Index.noindex/DataStore -Xcc -D_LIBCPP_HARDENING_MODE\=_LIBCPP_HARDENING_MODE_DEBUG -swift-version 6 -I /Users/admin/builder/spi-builder-workspace/.derivedData/Build/Products/Debug-watchos -Isystem /Applications/Xcode-27.0.0-Release.Candidate.app/Contents/Developer/Platforms/WatchOS.platform/Developer/usr/lib -F /Users/admin/builder/spi-builder-workspace/.derivedData/Build/Products/Debug-watchos -F /Applications/Xcode-27.0.0-Release.Candidate.app/Contents/Developer/Platforms/WatchOS.platform/Developer/Library/Frameworks -F /Applications/Xcode-27.0.0-Release.Candidate.app/Contents/Developer/Platforms/WatchOS.platform/Developer/SDKs/WatchOS27.0.sdk/Developer/Library/Frameworks -c -j10 -enable-batch-mode -incremental -Xcc -ivfsstatcache -Xcc /Users/admin/builder/spi-builder-workspace/.derivedData/SDKStatCaches.noindex/watchos27.0-24R360-e829b21a6f8c9b70876ba0858053c04477534ef55a1706bf4c1112bbb242f0a2.sdkstatcache -output-file-map /Users/admin/builder/spi-builder-workspace/.derivedData/Build/Intermediates.noindex/SLAY.build/Debug-watchos/SLAY-t.build/Objects-normal/arm64_32/SLAY-OutputFileMap.json -save-temps -no-color-diagnostics -explicit-module-build -module-cache-path /Users/admin/builder/spi-builder-workspace/.derivedData/Build/Intermediates.noindex/SwiftExplicitPrecompiledModules -clang-scanner-module-cache-path /Users/admin/builder/spi-builder-workspace/.derivedData/ModuleCache.noindex -sdk-module-cache-path /Users/admin/builder/spi-builder-workspace/.derivedData/SDKExplicitPrecompiledModules -emit-dependencies -emit-module -emit-module-path /Users/admin/builder/spi-builder-workspace/.derivedData/Build/Intermediates.noindex/SLAY.build/Debug-watchos/SLAY-t.build/Objects-normal/arm64_32/SLAY.swiftmodule -serialize-diagnostics -dependency-scan-serialize-diagnostics-path /Users/admin/builder/spi-builder-workspace/.derivedData/Build/Intermediates.noindex/SLAY.build/Debug-watchos/SLAY-t.build/Objects-normal/arm64_32/SLAY-dependency-scan.dia -validate-clang-modules-once -clang-build-session-file /Users/admin/builder/spi-builder-workspace/.derivedData/ModuleCache.noindex/Session.modulevalidation -Xcc -fmodules-prune-interval\=86400 -Xcc -fmodules-prune-after\=345600 -package-name spi_builder_workspace -emit-const-values -const-gather-protocols-list /Users/admin/builder/spi-builder-workspace/.derivedData/Build/Intermediates.noindex/SLAY.build/Debug-watchos/SLAY-t.build/Objects-normal/arm64_32/SLAY_const_extract_protocols.json -Xcc -I/Users/admin/builder/spi-builder-workspace/.derivedData/Build/Products/Debug-watchos/include -Xcc -I/Users/admin/builder/spi-builder-workspace/.derivedData/Build/Intermediates.noindex/SLAY.build/Debug-watchos/SLAY-t.build/DerivedSources-normal/arm64_32 -Xcc -I/Users/admin/builder/spi-builder-workspace/.derivedData/Build/Intermediates.noindex/SLAY.build/Debug-watchos/SLAY-t.build/DerivedSources/arm64_32 -Xcc -I/Users/admin/builder/spi-builder-workspace/.derivedData/Build/Intermediates.noindex/SLAY.build/Debug-watchos/SLAY-t.build/DerivedSources -Xcc -DSWIFT_PACKAGE -Xcc -DDEBUG\=1 -emit-objc-header -emit-objc-header-path /Users/admin/builder/spi-builder-workspace/.derivedData/Build/Intermediates.noindex/SLAY.build/Debug-watchos/SLAY-t.build/Objects-normal/arm64_32/SLAY-Swift.h -working-directory /Users/admin/builder/spi-builder-workspace/.swiftpm/xcode -experimental-emit-module-separately -disable-cmo
SwiftExplicitDependencyGeneratePcm arm64 /Users/admin/builder/spi-builder-workspace/.derivedData/SDKExplicitPrecompiledModules/SwiftShims-AJ4AZYHQNC33R5RLN7AGEIOMP.pcm
SwiftExplicitDependencyGeneratePcm arm64 /Users/admin/builder/spi-builder-workspace/.derivedData/SDKExplicitPrecompiledModules/_Builtin_float-E4M4A8689VXF1T7P7BV56IKBT.pcm
SwiftExplicitDependencyGeneratePcm arm64 /Users/admin/builder/spi-builder-workspace/.derivedData/SDKExplicitPrecompiledModules/_AvailabilityInternal-42EVAC8Q6P1ZT6G3A168N97G4.pcm
SwiftExplicitDependencyGeneratePcm arm64 /Users/admin/builder/spi-builder-workspace/.derivedData/SDKExplicitPrecompiledModules/_SwiftConcurrencyShims-CTPSFSTDCBVSSQFHL6I305U72.pcm
SwiftExplicitDependencyGeneratePcm arm64 /Users/admin/builder/spi-builder-workspace/.derivedData/SDKExplicitPrecompiledModules/_Builtin_stdbool-B692L2PMR118794VVYBG37897.pcm
SwiftExplicitDependencyGeneratePcm arm64 /Users/admin/builder/spi-builder-workspace/.derivedData/SDKExplicitPrecompiledModules/_Builtin_stddef-5OH846KKUPSJJT7GCX9XU1TKG.pcm
SwiftExplicitDependencyGeneratePcm arm64 /Users/admin/builder/spi-builder-workspace/.derivedData/SDKExplicitPrecompiledModules/_Builtin_stdarg-3X4KLXUYEI0UGBILP4X7D0CYW.pcm
SwiftExplicitDependencyGeneratePcm arm64 /Users/admin/builder/spi-builder-workspace/.derivedData/SDKExplicitPrecompiledModules/ptrauth-C7VQASAJ967Q4Q6SRD4I3CFWZ.pcm
SwiftExplicitDependencyGeneratePcm arm64 /Users/admin/builder/spi-builder-workspace/.derivedData/SDKExplicitPrecompiledModules/ptrcheck-8K07997SIHO7YGY7UQ3LOQ3TJ.pcm
SwiftExplicitDependencyGeneratePcm arm64_32 /Users/admin/builder/spi-builder-workspace/.derivedData/SDKExplicitPrecompiledModules/_Builtin_stdarg-EYJP6DFYQL9GJLH1TJ84A8MHV.pcm
SwiftExplicitDependencyGeneratePcm arm64_32 /Users/admin/builder/spi-builder-workspace/.derivedData/SDKExplicitPrecompiledModules/ptrauth-EW7YZZ7LEZE1QZF2T8148IPSA.pcm
SwiftExplicitDependencyGeneratePcm arm64_32 /Users/admin/builder/spi-builder-workspace/.derivedData/SDKExplicitPrecompiledModules/_AvailabilityInternal-22ZP1ILSQW16KHXZS5GBZHOCS.pcm
SwiftExplicitDependencyGeneratePcm arm64_32 /Users/admin/builder/spi-builder-workspace/.derivedData/SDKExplicitPrecompiledModules/_Builtin_stdbool-84ZA1VDW90AGWZ2LF5KOCM8DZ.pcm
SwiftExplicitDependencyGeneratePcm arm64_32 /Users/admin/builder/spi-builder-workspace/.derivedData/SDKExplicitPrecompiledModules/ptrcheck-EAZ3I917ZFA9H6ZCL6PGLG4TR.pcm
SwiftExplicitDependencyGeneratePcm arm64_32 /Users/admin/builder/spi-builder-workspace/.derivedData/SDKExplicitPrecompiledModules/_SwiftConcurrencyShims-58G4ISYSYDV3AT1DDGEE0QCUF.pcm
SwiftExplicitDependencyGeneratePcm arm64_32 /Users/admin/builder/spi-builder-workspace/.derivedData/SDKExplicitPrecompiledModules/_Builtin_stddef-2F9BFIPBQ5EWNSK5G7G7V4EKL.pcm
SwiftExplicitDependencyGeneratePcm arm64_32 /Users/admin/builder/spi-builder-workspace/.derivedData/SDKExplicitPrecompiledModules/_Builtin_float-372PLGDQ1U3B6Z5EA5DJMDORJ.pcm
SwiftExplicitDependencyGeneratePcm arm64_32 /Users/admin/builder/spi-builder-workspace/.derivedData/SDKExplicitPrecompiledModules/SwiftShims-D9VBB138U50XYYGW2C2V21N3L.pcm
SwiftExplicitDependencyGeneratePcm arm64 /Users/admin/builder/spi-builder-workspace/.derivedData/SDKExplicitPrecompiledModules/_DarwinFoundation1-7YQ9TVI7XTOGQU9OADRXP33D1.pcm
SwiftExplicitDependencyGeneratePcm arm64_32 /Users/admin/builder/spi-builder-workspace/.derivedData/SDKExplicitPrecompiledModules/_DarwinFoundation1-5SNIO0SFHX9KJZTLQGIPAPXUZ.pcm
SwiftExplicitDependencyGeneratePcm arm64 /Users/admin/builder/spi-builder-workspace/.derivedData/SDKExplicitPrecompiledModules/_Builtin_limits-75TRA1C7IHYOFCG3KJXQVTHJ4.pcm
SwiftExplicitDependencyGeneratePcm arm64 /Users/admin/builder/spi-builder-workspace/.derivedData/SDKExplicitPrecompiledModules/_DarwinFoundation2-CUPL4FH2SA95GMALQP4M6O8UA.pcm
SwiftExplicitDependencyGeneratePcm arm64_32 /Users/admin/builder/spi-builder-workspace/.derivedData/SDKExplicitPrecompiledModules/_DarwinFoundation2-FP2Q8F1Q2HR151SBYKTU6Q8B.pcm
SwiftExplicitDependencyGeneratePcm arm64_32 /Users/admin/builder/spi-builder-workspace/.derivedData/SDKExplicitPrecompiledModules/_Builtin_limits-AQMEC9CLG0FZQN6TLGDQ6WF78.pcm
SwiftExplicitDependencyGeneratePcm arm64 /Users/admin/builder/spi-builder-workspace/.derivedData/SDKExplicitPrecompiledModules/_Builtin_stdint-6TUACK4YPMARFT56PLIO388SJ.pcm
SwiftExplicitDependencyGeneratePcm arm64 /Users/admin/builder/spi-builder-workspace/.derivedData/SDKExplicitPrecompiledModules/sys_types-9KPVYINL86WUSHF45TU8PWZZ1.pcm
SwiftExplicitDependencyGeneratePcm arm64_32 /Users/admin/builder/spi-builder-workspace/.derivedData/SDKExplicitPrecompiledModules/sys_types-65NN51P1G7GN2GUAUPC53JJ7N.pcm
SwiftExplicitDependencyGeneratePcm arm64_32 /Users/admin/builder/spi-builder-workspace/.derivedData/SDKExplicitPrecompiledModules/_Builtin_stdint-6IWJLTRH2WB6RCG4THPA65RDS.pcm
SwiftExplicitDependencyGeneratePcm arm64 /Users/admin/builder/spi-builder-workspace/.derivedData/SDKExplicitPrecompiledModules/_DarwinFoundation3-EJXZKD8LN9EYM9OWP9VLJ49PK.pcm
SwiftExplicitDependencyGeneratePcm arm64_32 /Users/admin/builder/spi-builder-workspace/.derivedData/SDKExplicitPrecompiledModules/_DarwinFoundation3-3YOBOPIW2MF1LRNQH7JBUBY4G.pcm
SwiftExplicitDependencyGeneratePcm arm64 /Users/admin/builder/spi-builder-workspace/.derivedData/SDKExplicitPrecompiledModules/_Builtin_inttypes-86YTNV5YADPJXFMJ82N3R4GWQ.pcm
SwiftExplicitDependencyGeneratePcm arm64_32 /Users/admin/builder/spi-builder-workspace/.derivedData/SDKExplicitPrecompiledModules/_Builtin_inttypes-BPZJ68HW1IMYWSHROAZ0IMUJP.pcm
SwiftExplicitDependencyGeneratePcm arm64 /Users/admin/builder/spi-builder-workspace/.derivedData/SDKExplicitPrecompiledModules/Darwin-CSB8C43KELVSFIQVR0803IZPN.pcm
SwiftExplicitDependencyGeneratePcm arm64_32 /Users/admin/builder/spi-builder-workspace/.derivedData/SDKExplicitPrecompiledModules/Darwin-10D35ZJWCWG7LJAF579U7I5V7.pcm
SwiftExplicitDependencyGeneratePcm arm64 /Users/admin/builder/spi-builder-workspace/.derivedData/SDKExplicitPrecompiledModules/ObjectiveC-22CZPC4WYQC9G8T393WT2KKLW.pcm
SwiftExplicitDependencyGeneratePcm arm64_32 /Users/admin/builder/spi-builder-workspace/.derivedData/SDKExplicitPrecompiledModules/ObjectiveC-71AGZNHLBMR2QK817EJNUN54E.pcm
SwiftExplicitDependencyGeneratePcm arm64 /Users/admin/builder/spi-builder-workspace/.derivedData/SDKExplicitPrecompiledModules/os_object-6KYGGZ4DPVZ3BBAZ6QICZN8LI.pcm
SwiftExplicitDependencyGeneratePcm arm64_32 /Users/admin/builder/spi-builder-workspace/.derivedData/SDKExplicitPrecompiledModules/os_object-CTXVQBCWDOH6JHUXIFDUOWFRL.pcm
SwiftExplicitDependencyGeneratePcm arm64 /Users/admin/builder/spi-builder-workspace/.derivedData/SDKExplicitPrecompiledModules/os_workgroup-AHE7ULDQBKER38CYPIKDTZF4M.pcm
SwiftExplicitDependencyGeneratePcm arm64_32 /Users/admin/builder/spi-builder-workspace/.derivedData/SDKExplicitPrecompiledModules/os_workgroup-9L9R05BT5LTFRZ2NM68BZTVV2.pcm
SwiftExplicitDependencyGeneratePcm arm64 /Users/admin/builder/spi-builder-workspace/.derivedData/SDKExplicitPrecompiledModules/Dispatch-39VR0G01IUJ09PQKMFGOHXZ4L.pcm
SwiftExplicitDependencyGeneratePcm arm64_32 /Users/admin/builder/spi-builder-workspace/.derivedData/SDKExplicitPrecompiledModules/Dispatch-CGIMI9KQKHNRQHR2IECIPRG14.pcm
SwiftExplicitDependencyGeneratePcm arm64 /Users/admin/builder/spi-builder-workspace/.derivedData/SDKExplicitPrecompiledModules/CoreFoundation-59XKO8YNRGGYNC5U5LK8B4EM.pcm
SwiftExplicitDependencyGeneratePcm arm64_32 /Users/admin/builder/spi-builder-workspace/.derivedData/SDKExplicitPrecompiledModules/CoreFoundation-76B9WJP9MDYT33HZQVSNNZQZD.pcm
SwiftCompile normal arm64 Compiling\ UIObject.swift /Users/admin/builder/spi-builder-workspace/Sources/SLAY/UIObject.swift (in target 'SLAY' from project 'SLAY')
SwiftCompile normal arm64 /Users/admin/builder/spi-builder-workspace/Sources/SLAY/UIObject.swift (in target 'SLAY' from project 'SLAY')
    cd /Users/admin/builder/spi-builder-workspace/.swiftpm/xcode
    builtin-SwiftPerFileCompile UIObject.swift
SwiftEmitModule normal arm64 Emitting\ module\ for\ SLAY (in target 'SLAY' from project 'SLAY')
SwiftCompile normal arm64 (in target 'SLAY' from project 'SLAY')
    cd /Users/admin/builder/spi-builder-workspace/.swiftpm/xcode

SwiftCompile normal arm64 Compiling\ SyntheticUIObjectWithChildren.swift /Users/admin/builder/spi-builder-workspace/Sources/SLAY/SyntheticUIObjectWithChildren.swift (in target 'SLAY' from project 'SLAY')
SwiftCompile normal arm64 /Users/admin/builder/spi-builder-workspace/Sources/SLAY/SyntheticUIObjectWithChildren.swift (in target 'SLAY' from project 'SLAY')
    cd /Users/admin/builder/spi-builder-workspace/.swiftpm/xcode
    builtin-SwiftPerFileCompile SyntheticUIObjectWithChildren.swift
SwiftCompile normal arm64 Compiling\ UniqueID.swift /Users/admin/builder/spi-builder-workspace/Sources/SLAY/UniqueID.swift (in target 'SLAY' from project 'SLAY')
SwiftCompile normal arm64 /Users/admin/builder/spi-builder-workspace/Sources/SLAY/UniqueID.swift (in target 'SLAY' from project 'SLAY')
    cd /Users/admin/builder/spi-builder-workspace/.swiftpm/xcode
    builtin-SwiftPerFileCompile UniqueID.swift
SwiftCompile normal arm64 Compiling\ Vector2.swift /Users/admin/builder/spi-builder-workspace/Sources/SLAY/Vector2.swift (in target 'SLAY' from project 'SLAY')
SwiftCompile normal arm64 /Users/admin/builder/spi-builder-workspace/Sources/SLAY/Vector2.swift (in target 'SLAY' from project 'SLAY')
    cd /Users/admin/builder/spi-builder-workspace/.swiftpm/xcode
    builtin-SwiftPerFileCompile Vector2.swift
SwiftCompile normal arm64 Compiling\ ListLayoutSystem.swift,\ PropertySignal.swift /Users/admin/builder/spi-builder-workspace/Sources/SLAY/ListLayoutSystem.swift /Users/admin/builder/spi-builder-workspace/Sources/SLAY/PropertySignal.swift (in target 'SLAY' from project 'SLAY')
SwiftCompile normal arm64 /Users/admin/builder/spi-builder-workspace/Sources/SLAY/ListLayoutSystem.swift (in target 'SLAY' from project 'SLAY')
    cd /Users/admin/builder/spi-builder-workspace/.swiftpm/xcode
    builtin-SwiftPerFileCompile ListLayoutSystem.swift
SwiftCompile normal arm64 /Users/admin/builder/spi-builder-workspace/Sources/SLAY/PropertySignal.swift (in target 'SLAY' from project 'SLAY')
    cd /Users/admin/builder/spi-builder-workspace/.swiftpm/xcode
    builtin-SwiftPerFileCompile PropertySignal.swift
SwiftCompile normal arm64 Compiling\ LayoutDirection.swift,\ LayoutEngine.swift /Users/admin/builder/spi-builder-workspace/Sources/SLAY/LayoutDirection.swift /Users/admin/builder/spi-builder-workspace/Sources/SLAY/LayoutEngine.swift (in target 'SLAY' from project 'SLAY')
SwiftCompile normal arm64 /Users/admin/builder/spi-builder-workspace/Sources/SLAY/LayoutDirection.swift (in target 'SLAY' from project 'SLAY')
    cd /Users/admin/builder/spi-builder-workspace/.swiftpm/xcode
    builtin-SwiftPerFileCompile LayoutDirection.swift
SwiftCompile normal arm64 /Users/admin/builder/spi-builder-workspace/Sources/SLAY/LayoutEngine.swift (in target 'SLAY' from project 'SLAY')
    cd /Users/admin/builder/spi-builder-workspace/.swiftpm/xcode
    builtin-SwiftPerFileCompile LayoutEngine.swift
SwiftCompile normal arm64 Compiling\ Axis.swift,\ LayoutDimention.swift /Users/admin/builder/spi-builder-workspace/Sources/SLAY/Axis.swift /Users/admin/builder/spi-builder-workspace/Sources/SLAY/LayoutDimention.swift (in target 'SLAY' from project 'SLAY')
SwiftCompile normal arm64 /Users/admin/builder/spi-builder-workspace/Sources/SLAY/Axis.swift (in target 'SLAY' from project 'SLAY')
    cd /Users/admin/builder/spi-builder-workspace/.swiftpm/xcode
    builtin-SwiftPerFileCompile Axis.swift
SwiftCompile normal arm64 /Users/admin/builder/spi-builder-workspace/Sources/SLAY/LayoutDimention.swift (in target 'SLAY' from project 'SLAY')
    cd /Users/admin/builder/spi-builder-workspace/.swiftpm/xcode
    builtin-SwiftPerFileCompile LayoutDimention.swift
SwiftCompile normal arm64 Compiling\ AbsoluteLayoutSystem.swift,\ AspectRatio.swift /Users/admin/builder/spi-builder-workspace/Sources/SLAY/AbsoluteLayoutSystem.swift /Users/admin/builder/spi-builder-workspace/Sources/SLAY/AspectRatio.swift (in target 'SLAY' from project 'SLAY')
SwiftCompile normal arm64 /Users/admin/builder/spi-builder-workspace/Sources/SLAY/AbsoluteLayoutSystem.swift (in target 'SLAY' from project 'SLAY')
    cd /Users/admin/builder/spi-builder-workspace/.swiftpm/xcode
    builtin-SwiftPerFileCompile AbsoluteLayoutSystem.swift
SwiftCompile normal arm64 /Users/admin/builder/spi-builder-workspace/Sources/SLAY/AspectRatio.swift (in target 'SLAY' from project 'SLAY')
    cd /Users/admin/builder/spi-builder-workspace/.swiftpm/xcode
    builtin-SwiftPerFileCompile AspectRatio.swift
SwiftCompile normal arm64 Compiling\ SignalEmitter.swift,\ SyntheticUIObject.swift /Users/admin/builder/spi-builder-workspace/Sources/SLAY/SignalEmitter.swift /Users/admin/builder/spi-builder-workspace/Sources/SLAY/SyntheticUIObject.swift (in target 'SLAY' from project 'SLAY')
SwiftCompile normal arm64 /Users/admin/builder/spi-builder-workspace/Sources/SLAY/SignalEmitter.swift (in target 'SLAY' from project 'SLAY')
    cd /Users/admin/builder/spi-builder-workspace/.swiftpm/xcode
    builtin-SwiftPerFileCompile SignalEmitter.swift
SwiftCompile normal arm64 /Users/admin/builder/spi-builder-workspace/Sources/SLAY/SyntheticUIObject.swift (in target 'SLAY' from project 'SLAY')
    cd /Users/admin/builder/spi-builder-workspace/.swiftpm/xcode
    builtin-SwiftPerFileCompile SyntheticUIObject.swift
SwiftEmitModule normal arm64_32 Emitting\ module\ for\ SLAY (in target 'SLAY' from project 'SLAY')
SwiftCompile normal arm64_32 (in target 'SLAY' from project 'SLAY')
    cd /Users/admin/builder/spi-builder-workspace/.swiftpm/xcode

SwiftDriverJobDiscovery normal arm64 Emitting module for SLAY (in target 'SLAY' from project 'SLAY')
SwiftDriver\ Compilation\ Requirements SLAY normal arm64 com.apple.xcode.tools.swift.compiler (in target 'SLAY' from project 'SLAY')
    cd /Users/admin/builder/spi-builder-workspace/.swiftpm/xcode
    builtin-Swift-Compilation-Requirements -- /Applications/Xcode-27.0.0-Release.Candidate.app/Contents/Developer/Toolchains/XcodeDefault.xctoolchain/usr/bin/swiftc -parse-as-library -module-name SLAY -Onone @/Users/admin/builder/spi-builder-workspace/.derivedData/Build/Intermediates.noindex/SLAY.build/Debug-watchos/SLAY-t.build/Objects-normal/arm64/SLAY.SwiftFileList -DSWIFT_PACKAGE -DDEBUG -DSWIFT_MODULE_RESOURCE_BUNDLE_UNAVAILABLE -DXcode -plugin-path /Applications/Xcode-27.0.0-Release.Candidate.app/Contents/Developer/Toolchains/XcodeDefault.xctoolchain/usr/lib/swift/host/plugins/testing -enable-experimental-feature DebugDescriptionMacro -sdk /Applications/Xcode-27.0.0-Release.Candidate.app/Contents/Developer/Platforms/WatchOS.platform/Developer/SDKs/WatchOS27.0.sdk -target arm64-apple-watchos9.0 -g -module-cache-path /Users/admin/builder/spi-builder-workspace/.derivedData/ModuleCache.noindex -Xfrontend -serialize-debugging-options -profile-coverage-mapping -profile-generate -enable-testing -index-store-path /Users/admin/builder/spi-builder-workspace/.derivedData/Index.noindex/DataStore -Xcc -D_LIBCPP_HARDENING_MODE\=_LIBCPP_HARDENING_MODE_DEBUG -swift-version 6 -I /Users/admin/builder/spi-builder-workspace/.derivedData/Build/Products/Debug-watchos -Isystem /Applications/Xcode-27.0.0-Release.Candidate.app/Contents/Developer/Platforms/WatchOS.platform/Developer/usr/lib -F /Users/admin/builder/spi-builder-workspace/.derivedData/Build/Products/Debug-watchos -F /Applications/Xcode-27.0.0-Release.Candidate.app/Contents/Developer/Platforms/WatchOS.platform/Developer/Library/Frameworks -F /Applications/Xcode-27.0.0-Release.Candidate.app/Contents/Developer/Platforms/WatchOS.platform/Developer/SDKs/WatchOS27.0.sdk/Developer/Library/Frameworks -c -j10 -enable-batch-mode -incremental -Xcc -ivfsstatcache -Xcc /Users/admin/builder/spi-builder-workspace/.derivedData/SDKStatCaches.noindex/watchos27.0-24R360-e829b21a6f8c9b70876ba0858053c04477534ef55a1706bf4c1112bbb242f0a2.sdkstatcache -output-file-map /Users/admin/builder/spi-builder-workspace/.derivedData/Build/Intermediates.noindex/SLAY.build/Debug-watchos/SLAY-t.build/Objects-normal/arm64/SLAY-OutputFileMap.json -save-temps -no-color-diagnostics -explicit-module-build -module-cache-path /Users/admin/builder/spi-builder-workspace/.derivedData/Build/Intermediates.noindex/SwiftExplicitPrecompiledModules -clang-scanner-module-cache-path /Users/admin/builder/spi-builder-workspace/.derivedData/ModuleCache.noindex -sdk-module-cache-path /Users/admin/builder/spi-builder-workspace/.derivedData/SDKExplicitPrecompiledModules -emit-dependencies -emit-module -emit-module-path /Users/admin/builder/spi-builder-workspace/.derivedData/Build/Intermediates.noindex/SLAY.build/Debug-watchos/SLAY-t.build/Objects-normal/arm64/SLAY.swiftmodule -serialize-diagnostics -dependency-scan-serialize-diagnostics-path /Users/admin/builder/spi-builder-workspace/.derivedData/Build/Intermediates.noindex/SLAY.build/Debug-watchos/SLAY-t.build/Objects-normal/arm64/SLAY-dependency-scan.dia -validate-clang-modules-once -clang-build-session-file /Users/admin/builder/spi-builder-workspace/.derivedData/ModuleCache.noindex/Session.modulevalidation -Xcc -fmodules-prune-interval\=86400 -Xcc -fmodules-prune-after\=345600 -package-name spi_builder_workspace -emit-const-values -const-gather-protocols-list /Users/admin/builder/spi-builder-workspace/.derivedData/Build/Intermediates.noindex/SLAY.build/Debug-watchos/SLAY-t.build/Objects-normal/arm64/SLAY_const_extract_protocols.json -Xcc -I/Users/admin/builder/spi-builder-workspace/.derivedData/Build/Products/Debug-watchos/include -Xcc -I/Users/admin/builder/spi-builder-workspace/.derivedData/Build/Intermediates.noindex/SLAY.build/Debug-watchos/SLAY-t.build/DerivedSources-normal/arm64 -Xcc -I/Users/admin/builder/spi-builder-workspace/.derivedData/Build/Intermediates.noindex/SLAY.build/Debug-watchos/SLAY-t.build/DerivedSources/arm64 -Xcc -I/Users/admin/builder/spi-builder-workspace/.derivedData/Build/Intermediates.noindex/SLAY.build/Debug-watchos/SLAY-t.build/DerivedSources -Xcc -DSWIFT_PACKAGE -Xcc -DDEBUG\=1 -emit-objc-header -emit-objc-header-path /Users/admin/builder/spi-builder-workspace/.derivedData/Build/Intermediates.noindex/SLAY.build/Debug-watchos/SLAY-t.build/Objects-normal/arm64/SLAY-Swift.h -working-directory /Users/admin/builder/spi-builder-workspace/.swiftpm/xcode -experimental-emit-module-separately -disable-cmo
SwiftDriverJobDiscovery normal arm64_32 Emitting module for SLAY (in target 'SLAY' from project 'SLAY')
SwiftDriver\ Compilation\ Requirements SLAY normal arm64_32 com.apple.xcode.tools.swift.compiler (in target 'SLAY' from project 'SLAY')
    cd /Users/admin/builder/spi-builder-workspace/.swiftpm/xcode
    builtin-Swift-Compilation-Requirements -- /Applications/Xcode-27.0.0-Release.Candidate.app/Contents/Developer/Toolchains/XcodeDefault.xctoolchain/usr/bin/swiftc -parse-as-library -module-name SLAY -Onone @/Users/admin/builder/spi-builder-workspace/.derivedData/Build/Intermediates.noindex/SLAY.build/Debug-watchos/SLAY-t.build/Objects-normal/arm64_32/SLAY.SwiftFileList -DSWIFT_PACKAGE -DDEBUG -DSWIFT_MODULE_RESOURCE_BUNDLE_UNAVAILABLE -DXcode -plugin-path /Applications/Xcode-27.0.0-Release.Candidate.app/Contents/Developer/Toolchains/XcodeDefault.xctoolchain/usr/lib/swift/host/plugins/testing -enable-experimental-feature DebugDescriptionMacro -sdk /Applications/Xcode-27.0.0-Release.Candidate.app/Contents/Developer/Platforms/WatchOS.platform/Developer/SDKs/WatchOS27.0.sdk -target arm64_32-apple-watchos9.0 -g -module-cache-path /Users/admin/builder/spi-builder-workspace/.derivedData/ModuleCache.noindex -Xfrontend -serialize-debugging-options -profile-coverage-mapping -profile-generate -enable-testing -index-store-path /Users/admin/builder/spi-builder-workspace/.derivedData/Index.noindex/DataStore -Xcc -D_LIBCPP_HARDENING_MODE\=_LIBCPP_HARDENING_MODE_DEBUG -swift-version 6 -I /Users/admin/builder/spi-builder-workspace/.derivedData/Build/Products/Debug-watchos -Isystem /Applications/Xcode-27.0.0-Release.Candidate.app/Contents/Developer/Platforms/WatchOS.platform/Developer/usr/lib -F /Users/admin/builder/spi-builder-workspace/.derivedData/Build/Products/Debug-watchos -F /Applications/Xcode-27.0.0-Release.Candidate.app/Contents/Developer/Platforms/WatchOS.platform/Developer/Library/Frameworks -F /Applications/Xcode-27.0.0-Release.Candidate.app/Contents/Developer/Platforms/WatchOS.platform/Developer/SDKs/WatchOS27.0.sdk/Developer/Library/Frameworks -c -j10 -enable-batch-mode -incremental -Xcc -ivfsstatcache -Xcc /Users/admin/builder/spi-builder-workspace/.derivedData/SDKStatCaches.noindex/watchos27.0-24R360-e829b21a6f8c9b70876ba0858053c04477534ef55a1706bf4c1112bbb242f0a2.sdkstatcache -output-file-map /Users/admin/builder/spi-builder-workspace/.derivedData/Build/Intermediates.noindex/SLAY.build/Debug-watchos/SLAY-t.build/Objects-normal/arm64_32/SLAY-OutputFileMap.json -save-temps -no-color-diagnostics -explicit-module-build -module-cache-path /Users/admin/builder/spi-builder-workspace/.derivedData/Build/Intermediates.noindex/SwiftExplicitPrecompiledModules -clang-scanner-module-cache-path /Users/admin/builder/spi-builder-workspace/.derivedData/ModuleCache.noindex -sdk-module-cache-path /Users/admin/builder/spi-builder-workspace/.derivedData/SDKExplicitPrecompiledModules -emit-dependencies -emit-module -emit-module-path /Users/admin/builder/spi-builder-workspace/.derivedData/Build/Intermediates.noindex/SLAY.build/Debug-watchos/SLAY-t.build/Objects-normal/arm64_32/SLAY.swiftmodule -serialize-diagnostics -dependency-scan-serialize-diagnostics-path /Users/admin/builder/spi-builder-workspace/.derivedData/Build/Intermediates.noindex/SLAY.build/Debug-watchos/SLAY-t.build/Objects-normal/arm64_32/SLAY-dependency-scan.dia -validate-clang-modules-once -clang-build-session-file /Users/admin/builder/spi-builder-workspace/.derivedData/ModuleCache.noindex/Session.modulevalidation -Xcc -fmodules-prune-interval\=86400 -Xcc -fmodules-prune-after\=345600 -package-name spi_builder_workspace -emit-const-values -const-gather-protocols-list /Users/admin/builder/spi-builder-workspace/.derivedData/Build/Intermediates.noindex/SLAY.build/Debug-watchos/SLAY-t.build/Objects-normal/arm64_32/SLAY_const_extract_protocols.json -Xcc -I/Users/admin/builder/spi-builder-workspace/.derivedData/Build/Products/Debug-watchos/include -Xcc -I/Users/admin/builder/spi-builder-workspace/.derivedData/Build/Intermediates.noindex/SLAY.build/Debug-watchos/SLAY-t.build/DerivedSources-normal/arm64_32 -Xcc -I/Users/admin/builder/spi-builder-workspace/.derivedData/Build/Intermediates.noindex/SLAY.build/Debug-watchos/SLAY-t.build/DerivedSources/arm64_32 -Xcc -I/Users/admin/builder/spi-builder-workspace/.derivedData/Build/Intermediates.noindex/SLAY.build/Debug-watchos/SLAY-t.build/DerivedSources -Xcc -DSWIFT_PACKAGE -Xcc -DDEBUG\=1 -emit-objc-header -emit-objc-header-path /Users/admin/builder/spi-builder-workspace/.derivedData/Build/Intermediates.noindex/SLAY.build/Debug-watchos/SLAY-t.build/Objects-normal/arm64_32/SLAY-Swift.h -working-directory /Users/admin/builder/spi-builder-workspace/.swiftpm/xcode -experimental-emit-module-separately -disable-cmo
Copy /Users/admin/builder/spi-builder-workspace/.derivedData/Build/Products/Debug-watchos/SLAY.swiftmodule/arm64-apple-watchos.swiftmodule /Users/admin/builder/spi-builder-workspace/.derivedData/Build/Intermediates.noindex/SLAY.build/Debug-watchos/SLAY-t.build/Objects-normal/arm64/SLAY.swiftmodule (in target 'SLAY' from project 'SLAY')
    cd /Users/admin/builder/spi-builder-workspace
    builtin-copy -exclude .DS_Store -exclude CVS -exclude .svn -exclude .git -exclude .hg -resolve-src-symlinks -rename /Users/admin/builder/spi-builder-workspace/.derivedData/Build/Intermediates.noindex/SLAY.build/Debug-watchos/SLAY-t.build/Objects-normal/arm64/SLAY.swiftmodule /Users/admin/builder/spi-builder-workspace/.derivedData/Build/Products/Debug-watchos/SLAY.swiftmodule/arm64-apple-watchos.swiftmodule
SwiftMergeGeneratedHeaders /Users/admin/builder/spi-builder-workspace/.derivedData/Build/Intermediates.noindex/GeneratedModuleMaps-watchos/SLAY-Swift.h /Users/admin/builder/spi-builder-workspace/.derivedData/Build/Intermediates.noindex/SLAY.build/Debug-watchos/SLAY-t.build/Objects-normal/arm64/SLAY-Swift.h /Users/admin/builder/spi-builder-workspace/.derivedData/Build/Intermediates.noindex/SLAY.build/Debug-watchos/SLAY-t.build/Objects-normal/arm64_32/SLAY-Swift.h (in target 'SLAY' from project 'SLAY')
    cd /Users/admin/builder/spi-builder-workspace
    builtin-swiftHeaderTool -arch arm64 /Users/admin/builder/spi-builder-workspace/.derivedData/Build/Intermediates.noindex/SLAY.build/Debug-watchos/SLAY-t.build/Objects-normal/arm64/SLAY-Swift.h -arch arm64_32 /Users/admin/builder/spi-builder-workspace/.derivedData/Build/Intermediates.noindex/SLAY.build/Debug-watchos/SLAY-t.build/Objects-normal/arm64_32/SLAY-Swift.h -o /Users/admin/builder/spi-builder-workspace/.derivedData/Build/Intermediates.noindex/GeneratedModuleMaps-watchos/SLAY-Swift.h
Copy /Users/admin/builder/spi-builder-workspace/.derivedData/Build/Products/Debug-watchos/SLAY.swiftmodule/arm64_32-apple-watchos.swiftmodule /Users/admin/builder/spi-builder-workspace/.derivedData/Build/Intermediates.noindex/SLAY.build/Debug-watchos/SLAY-t.build/Objects-normal/arm64_32/SLAY.swiftmodule (in target 'SLAY' from project 'SLAY')
    cd /Users/admin/builder/spi-builder-workspace
    builtin-copy -exclude .DS_Store -exclude CVS -exclude .svn -exclude .git -exclude .hg -resolve-src-symlinks -rename /Users/admin/builder/spi-builder-workspace/.derivedData/Build/Intermediates.noindex/SLAY.build/Debug-watchos/SLAY-t.build/Objects-normal/arm64_32/SLAY.swiftmodule /Users/admin/builder/spi-builder-workspace/.derivedData/Build/Products/Debug-watchos/SLAY.swiftmodule/arm64_32-apple-watchos.swiftmodule
Copy /Users/admin/builder/spi-builder-workspace/.derivedData/Build/Products/Debug-watchos/SLAY.swiftmodule/arm64_32-apple-watchos.swiftdoc /Users/admin/builder/spi-builder-workspace/.derivedData/Build/Intermediates.noindex/SLAY.build/Debug-watchos/SLAY-t.build/Objects-normal/arm64_32/SLAY.swiftdoc (in target 'SLAY' from project 'SLAY')
    cd /Users/admin/builder/spi-builder-workspace
    builtin-copy -exclude .DS_Store -exclude CVS -exclude .svn -exclude .git -exclude .hg -resolve-src-symlinks -rename /Users/admin/builder/spi-builder-workspace/.derivedData/Build/Intermediates.noindex/SLAY.build/Debug-watchos/SLAY-t.build/Objects-normal/arm64_32/SLAY.swiftdoc /Users/admin/builder/spi-builder-workspace/.derivedData/Build/Products/Debug-watchos/SLAY.swiftmodule/arm64_32-apple-watchos.swiftdoc
Copy /Users/admin/builder/spi-builder-workspace/.derivedData/Build/Products/Debug-watchos/SLAY.swiftmodule/arm64_32-apple-watchos.abi.json /Users/admin/builder/spi-builder-workspace/.derivedData/Build/Intermediates.noindex/SLAY.build/Debug-watchos/SLAY-t.build/Objects-normal/arm64_32/SLAY.abi.json (in target 'SLAY' from project 'SLAY')
    cd /Users/admin/builder/spi-builder-workspace
    builtin-copy -exclude .DS_Store -exclude CVS -exclude .svn -exclude .git -exclude .hg -resolve-src-symlinks -rename /Users/admin/builder/spi-builder-workspace/.derivedData/Build/Intermediates.noindex/SLAY.build/Debug-watchos/SLAY-t.build/Objects-normal/arm64_32/SLAY.abi.json /Users/admin/builder/spi-builder-workspace/.derivedData/Build/Products/Debug-watchos/SLAY.swiftmodule/arm64_32-apple-watchos.abi.json
Copy /Users/admin/builder/spi-builder-workspace/.derivedData/Build/Products/Debug-watchos/SLAY.swiftmodule/arm64-apple-watchos.swiftdoc /Users/admin/builder/spi-builder-workspace/.derivedData/Build/Intermediates.noindex/SLAY.build/Debug-watchos/SLAY-t.build/Objects-normal/arm64/SLAY.swiftdoc (in target 'SLAY' from project 'SLAY')
    cd /Users/admin/builder/spi-builder-workspace
    builtin-copy -exclude .DS_Store -exclude CVS -exclude .svn -exclude .git -exclude .hg -resolve-src-symlinks -rename /Users/admin/builder/spi-builder-workspace/.derivedData/Build/Intermediates.noindex/SLAY.build/Debug-watchos/SLAY-t.build/Objects-normal/arm64/SLAY.swiftdoc /Users/admin/builder/spi-builder-workspace/.derivedData/Build/Products/Debug-watchos/SLAY.swiftmodule/arm64-apple-watchos.swiftdoc
Copy /Users/admin/builder/spi-builder-workspace/.derivedData/Build/Products/Debug-watchos/SLAY.swiftmodule/arm64-apple-watchos.abi.json /Users/admin/builder/spi-builder-workspace/.derivedData/Build/Intermediates.noindex/SLAY.build/Debug-watchos/SLAY-t.build/Objects-normal/arm64/SLAY.abi.json (in target 'SLAY' from project 'SLAY')
    cd /Users/admin/builder/spi-builder-workspace
    builtin-copy -exclude .DS_Store -exclude CVS -exclude .svn -exclude .git -exclude .hg -resolve-src-symlinks -rename /Users/admin/builder/spi-builder-workspace/.derivedData/Build/Intermediates.noindex/SLAY.build/Debug-watchos/SLAY-t.build/Objects-normal/arm64/SLAY.abi.json /Users/admin/builder/spi-builder-workspace/.derivedData/Build/Products/Debug-watchos/SLAY.swiftmodule/arm64-apple-watchos.abi.json
Copy /Users/admin/builder/spi-builder-workspace/.derivedData/Build/Products/Debug-watchos/SLAY.swiftmodule/Project/arm64_32-apple-watchos.swiftsourceinfo /Users/admin/builder/spi-builder-workspace/.derivedData/Build/Intermediates.noindex/SLAY.build/Debug-watchos/SLAY-t.build/Objects-normal/arm64_32/SLAY.swiftsourceinfo (in target 'SLAY' from project 'SLAY')
    cd /Users/admin/builder/spi-builder-workspace
    builtin-copy -exclude .DS_Store -exclude CVS -exclude .svn -exclude .git -exclude .hg -resolve-src-symlinks -rename /Users/admin/builder/spi-builder-workspace/.derivedData/Build/Intermediates.noindex/SLAY.build/Debug-watchos/SLAY-t.build/Objects-normal/arm64_32/SLAY.swiftsourceinfo /Users/admin/builder/spi-builder-workspace/.derivedData/Build/Products/Debug-watchos/SLAY.swiftmodule/Project/arm64_32-apple-watchos.swiftsourceinfo
Copy /Users/admin/builder/spi-builder-workspace/.derivedData/Build/Products/Debug-watchos/SLAY.swiftmodule/Project/arm64-apple-watchos.swiftsourceinfo /Users/admin/builder/spi-builder-workspace/.derivedData/Build/Intermediates.noindex/SLAY.build/Debug-watchos/SLAY-t.build/Objects-normal/arm64/SLAY.swiftsourceinfo (in target 'SLAY' from project 'SLAY')
    cd /Users/admin/builder/spi-builder-workspace
    builtin-copy -exclude .DS_Store -exclude CVS -exclude .svn -exclude .git -exclude .hg -resolve-src-symlinks -rename /Users/admin/builder/spi-builder-workspace/.derivedData/Build/Intermediates.noindex/SLAY.build/Debug-watchos/SLAY-t.build/Objects-normal/arm64/SLAY.swiftsourceinfo /Users/admin/builder/spi-builder-workspace/.derivedData/Build/Products/Debug-watchos/SLAY.swiftmodule/Project/arm64-apple-watchos.swiftsourceinfo
SwiftCompile normal arm64_32 Compiling\ Vector2.swift /Users/admin/builder/spi-builder-workspace/Sources/SLAY/Vector2.swift (in target 'SLAY' from project 'SLAY')
SwiftCompile normal arm64_32 /Users/admin/builder/spi-builder-workspace/Sources/SLAY/Vector2.swift (in target 'SLAY' from project 'SLAY')
    cd /Users/admin/builder/spi-builder-workspace/.swiftpm/xcode
    builtin-SwiftPerFileCompile Vector2.swift
SwiftCompile normal arm64_32 Compiling\ SyntheticUIObjectWithChildren.swift /Users/admin/builder/spi-builder-workspace/Sources/SLAY/SyntheticUIObjectWithChildren.swift (in target 'SLAY' from project 'SLAY')
SwiftCompile normal arm64_32 /Users/admin/builder/spi-builder-workspace/Sources/SLAY/SyntheticUIObjectWithChildren.swift (in target 'SLAY' from project 'SLAY')
    cd /Users/admin/builder/spi-builder-workspace/.swiftpm/xcode
    builtin-SwiftPerFileCompile SyntheticUIObjectWithChildren.swift
SwiftDriverJobDiscovery normal arm64 Compiling UIObject.swift (in target 'SLAY' from project 'SLAY')
SwiftDriverJobDiscovery normal arm64 Compiling Vector2.swift (in target 'SLAY' from project 'SLAY')
SwiftCompile normal arm64_32 Compiling\ UniqueID.swift /Users/admin/builder/spi-builder-workspace/Sources/SLAY/UniqueID.swift (in target 'SLAY' from project 'SLAY')
SwiftCompile normal arm64_32 /Users/admin/builder/spi-builder-workspace/Sources/SLAY/UniqueID.swift (in target 'SLAY' from project 'SLAY')
    cd /Users/admin/builder/spi-builder-workspace/.swiftpm/xcode
    builtin-SwiftPerFileCompile UniqueID.swift
SwiftDriverJobDiscovery normal arm64 Compiling Axis.swift, LayoutDimention.swift (in target 'SLAY' from project 'SLAY')
SwiftCompile normal arm64_32 Compiling\ Axis.swift,\ LayoutDimention.swift /Users/admin/builder/spi-builder-workspace/Sources/SLAY/Axis.swift /Users/admin/builder/spi-builder-workspace/Sources/SLAY/LayoutDimention.swift (in target 'SLAY' from project 'SLAY')
SwiftCompile normal arm64_32 /Users/admin/builder/spi-builder-workspace/Sources/SLAY/Axis.swift (in target 'SLAY' from project 'SLAY')
    cd /Users/admin/builder/spi-builder-workspace/.swiftpm/xcode
    builtin-SwiftPerFileCompile Axis.swift
SwiftCompile normal arm64_32 /Users/admin/builder/spi-builder-workspace/Sources/SLAY/LayoutDimention.swift (in target 'SLAY' from project 'SLAY')
    cd /Users/admin/builder/spi-builder-workspace/.swiftpm/xcode
    builtin-SwiftPerFileCompile LayoutDimention.swift
SwiftCompile normal arm64_32 Compiling\ AbsoluteLayoutSystem.swift,\ AspectRatio.swift /Users/admin/builder/spi-builder-workspace/Sources/SLAY/AbsoluteLayoutSystem.swift /Users/admin/builder/spi-builder-workspace/Sources/SLAY/AspectRatio.swift (in target 'SLAY' from project 'SLAY')
SwiftCompile normal arm64_32 /Users/admin/builder/spi-builder-workspace/Sources/SLAY/AbsoluteLayoutSystem.swift (in target 'SLAY' from project 'SLAY')
    cd /Users/admin/builder/spi-builder-workspace/.swiftpm/xcode
    builtin-SwiftPerFileCompile AbsoluteLayoutSystem.swift
SwiftCompile normal arm64_32 /Users/admin/builder/spi-builder-workspace/Sources/SLAY/AspectRatio.swift (in target 'SLAY' from project 'SLAY')
    cd /Users/admin/builder/spi-builder-workspace/.swiftpm/xcode
    builtin-SwiftPerFileCompile AspectRatio.swift
SwiftCompile normal arm64 Compiling\ LayoutInsets.swift,\ LayoutSystem.swift /Users/admin/builder/spi-builder-workspace/Sources/SLAY/LayoutInsets.swift /Users/admin/builder/spi-builder-workspace/Sources/SLAY/LayoutSystem.swift (in target 'SLAY' from project 'SLAY')
SwiftCompile normal arm64 /Users/admin/builder/spi-builder-workspace/Sources/SLAY/LayoutInsets.swift (in target 'SLAY' from project 'SLAY')
    cd /Users/admin/builder/spi-builder-workspace/.swiftpm/xcode
    builtin-SwiftPerFileCompile LayoutInsets.swift
SwiftCompile normal arm64 /Users/admin/builder/spi-builder-workspace/Sources/SLAY/LayoutSystem.swift (in target 'SLAY' from project 'SLAY')
    cd /Users/admin/builder/spi-builder-workspace/.swiftpm/xcode
    builtin-SwiftPerFileCompile LayoutSystem.swift
SwiftDriverJobDiscovery normal arm64 Compiling ListLayoutSystem.swift, PropertySignal.swift (in target 'SLAY' from project 'SLAY')
SwiftDriverJobDiscovery normal arm64 Compiling SyntheticUIObjectWithChildren.swift (in target 'SLAY' from project 'SLAY')
SwiftDriverJobDiscovery normal arm64 Compiling AbsoluteLayoutSystem.swift, AspectRatio.swift (in target 'SLAY' from project 'SLAY')
SwiftCompile normal arm64_32 Compiling\ LayoutDirection.swift,\ LayoutEngine.swift /Users/admin/builder/spi-builder-workspace/Sources/SLAY/LayoutDirection.swift /Users/admin/builder/spi-builder-workspace/Sources/SLAY/LayoutEngine.swift (in target 'SLAY' from project 'SLAY')
SwiftCompile normal arm64_32 /Users/admin/builder/spi-builder-workspace/Sources/SLAY/LayoutDirection.swift (in target 'SLAY' from project 'SLAY')
    cd /Users/admin/builder/spi-builder-workspace/.swiftpm/xcode
    builtin-SwiftPerFileCompile LayoutDirection.swift
SwiftCompile normal arm64_32 /Users/admin/builder/spi-builder-workspace/Sources/SLAY/LayoutEngine.swift (in target 'SLAY' from project 'SLAY')
    cd /Users/admin/builder/spi-builder-workspace/.swiftpm/xcode
    builtin-SwiftPerFileCompile LayoutEngine.swift
SwiftDriverJobDiscovery normal arm64 Compiling SignalEmitter.swift, SyntheticUIObject.swift (in target 'SLAY' from project 'SLAY')
SwiftCompile normal arm64_32 Compiling\ SignalEmitter.swift,\ SyntheticUIObject.swift /Users/admin/builder/spi-builder-workspace/Sources/SLAY/SignalEmitter.swift /Users/admin/builder/spi-builder-workspace/Sources/SLAY/SyntheticUIObject.swift (in target 'SLAY' from project 'SLAY')
SwiftCompile normal arm64_32 /Users/admin/builder/spi-builder-workspace/Sources/SLAY/SignalEmitter.swift (in target 'SLAY' from project 'SLAY')
    cd /Users/admin/builder/spi-builder-workspace/.swiftpm/xcode
    builtin-SwiftPerFileCompile SignalEmitter.swift
SwiftCompile normal arm64_32 /Users/admin/builder/spi-builder-workspace/Sources/SLAY/SyntheticUIObject.swift (in target 'SLAY' from project 'SLAY')
    cd /Users/admin/builder/spi-builder-workspace/.swiftpm/xcode
    builtin-SwiftPerFileCompile SyntheticUIObject.swift
SwiftCompile normal arm64_32 Compiling\ ListLayoutSystem.swift,\ PropertySignal.swift /Users/admin/builder/spi-builder-workspace/Sources/SLAY/ListLayoutSystem.swift /Users/admin/builder/spi-builder-workspace/Sources/SLAY/PropertySignal.swift (in target 'SLAY' from project 'SLAY')
SwiftCompile normal arm64_32 /Users/admin/builder/spi-builder-workspace/Sources/SLAY/ListLayoutSystem.swift (in target 'SLAY' from project 'SLAY')
    cd /Users/admin/builder/spi-builder-workspace/.swiftpm/xcode
    builtin-SwiftPerFileCompile ListLayoutSystem.swift
SwiftCompile normal arm64_32 /Users/admin/builder/spi-builder-workspace/Sources/SLAY/PropertySignal.swift (in target 'SLAY' from project 'SLAY')
    cd /Users/admin/builder/spi-builder-workspace/.swiftpm/xcode
    builtin-SwiftPerFileCompile PropertySignal.swift
SwiftDriverJobDiscovery normal arm64 Compiling LayoutDirection.swift, LayoutEngine.swift (in target 'SLAY' from project 'SLAY')
SwiftCompile normal arm64_32 Compiling\ LayoutInsets.swift,\ LayoutSystem.swift /Users/admin/builder/spi-builder-workspace/Sources/SLAY/LayoutInsets.swift /Users/admin/builder/spi-builder-workspace/Sources/SLAY/LayoutSystem.swift (in target 'SLAY' from project 'SLAY')
SwiftCompile normal arm64_32 /Users/admin/builder/spi-builder-workspace/Sources/SLAY/LayoutInsets.swift (in target 'SLAY' from project 'SLAY')
    cd /Users/admin/builder/spi-builder-workspace/.swiftpm/xcode
    builtin-SwiftPerFileCompile LayoutInsets.swift
SwiftCompile normal arm64_32 /Users/admin/builder/spi-builder-workspace/Sources/SLAY/LayoutSystem.swift (in target 'SLAY' from project 'SLAY')
    cd /Users/admin/builder/spi-builder-workspace/.swiftpm/xcode
    builtin-SwiftPerFileCompile LayoutSystem.swift
SwiftDriverJobDiscovery normal arm64 Compiling LayoutInsets.swift, LayoutSystem.swift (in target 'SLAY' from project 'SLAY')
SwiftCompile normal arm64_32 Compiling\ UIObject.swift /Users/admin/builder/spi-builder-workspace/Sources/SLAY/UIObject.swift (in target 'SLAY' from project 'SLAY')
SwiftCompile normal arm64_32 /Users/admin/builder/spi-builder-workspace/Sources/SLAY/UIObject.swift (in target 'SLAY' from project 'SLAY')
    cd /Users/admin/builder/spi-builder-workspace/.swiftpm/xcode
    builtin-SwiftPerFileCompile UIObject.swift
SwiftDriverJobDiscovery normal arm64 Compiling UniqueID.swift (in target 'SLAY' from project 'SLAY')
SwiftDriver\ Compilation SLAY normal arm64 com.apple.xcode.tools.swift.compiler (in target 'SLAY' from project 'SLAY')
    cd /Users/admin/builder/spi-builder-workspace/.swiftpm/xcode
    builtin-Swift-Compilation -- /Applications/Xcode-27.0.0-Release.Candidate.app/Contents/Developer/Toolchains/XcodeDefault.xctoolchain/usr/bin/swiftc -parse-as-library -module-name SLAY -Onone @/Users/admin/builder/spi-builder-workspace/.derivedData/Build/Intermediates.noindex/SLAY.build/Debug-watchos/SLAY-t.build/Objects-normal/arm64/SLAY.SwiftFileList -DSWIFT_PACKAGE -DDEBUG -DSWIFT_MODULE_RESOURCE_BUNDLE_UNAVAILABLE -DXcode -plugin-path /Applications/Xcode-27.0.0-Release.Candidate.app/Contents/Developer/Toolchains/XcodeDefault.xctoolchain/usr/lib/swift/host/plugins/testing -enable-experimental-feature DebugDescriptionMacro -sdk /Applications/Xcode-27.0.0-Release.Candidate.app/Contents/Developer/Platforms/WatchOS.platform/Developer/SDKs/WatchOS27.0.sdk -target arm64-apple-watchos9.0 -g -module-cache-path /Users/admin/builder/spi-builder-workspace/.derivedData/ModuleCache.noindex -Xfrontend -serialize-debugging-options -profile-coverage-mapping -profile-generate -enable-testing -index-store-path /Users/admin/builder/spi-builder-workspace/.derivedData/Index.noindex/DataStore -Xcc -D_LIBCPP_HARDENING_MODE\=_LIBCPP_HARDENING_MODE_DEBUG -swift-version 6 -I /Users/admin/builder/spi-builder-workspace/.derivedData/Build/Products/Debug-watchos -Isystem /Applications/Xcode-27.0.0-Release.Candidate.app/Contents/Developer/Platforms/WatchOS.platform/Developer/usr/lib -F /Users/admin/builder/spi-builder-workspace/.derivedData/Build/Products/Debug-watchos -F /Applications/Xcode-27.0.0-Release.Candidate.app/Contents/Developer/Platforms/WatchOS.platform/Developer/Library/Frameworks -F /Applications/Xcode-27.0.0-Release.Candidate.app/Contents/Developer/Platforms/WatchOS.platform/Developer/SDKs/WatchOS27.0.sdk/Developer/Library/Frameworks -c -j10 -enable-batch-mode -incremental -Xcc -ivfsstatcache -Xcc /Users/admin/builder/spi-builder-workspace/.derivedData/SDKStatCaches.noindex/watchos27.0-24R360-e829b21a6f8c9b70876ba0858053c04477534ef55a1706bf4c1112bbb242f0a2.sdkstatcache -output-file-map /Users/admin/builder/spi-builder-workspace/.derivedData/Build/Intermediates.noindex/SLAY.build/Debug-watchos/SLAY-t.build/Objects-normal/arm64/SLAY-OutputFileMap.json -save-temps -no-color-diagnostics -explicit-module-build -module-cache-path /Users/admin/builder/spi-builder-workspace/.derivedData/Build/Intermediates.noindex/SwiftExplicitPrecompiledModules -clang-scanner-module-cache-path /Users/admin/builder/spi-builder-workspace/.derivedData/ModuleCache.noindex -sdk-module-cache-path /Users/admin/builder/spi-builder-workspace/.derivedData/SDKExplicitPrecompiledModules -emit-dependencies -emit-module -emit-module-path /Users/admin/builder/spi-builder-workspace/.derivedData/Build/Intermediates.noindex/SLAY.build/Debug-watchos/SLAY-t.build/Objects-normal/arm64/SLAY.swiftmodule -serialize-diagnostics -dependency-scan-serialize-diagnostics-path /Users/admin/builder/spi-builder-workspace/.derivedData/Build/Intermediates.noindex/SLAY.build/Debug-watchos/SLAY-t.build/Objects-normal/arm64/SLAY-dependency-scan.dia -validate-clang-modules-once -clang-build-session-file /Users/admin/builder/spi-builder-workspace/.derivedData/ModuleCache.noindex/Session.modulevalidation -Xcc -fmodules-prune-interval\=86400 -Xcc -fmodules-prune-after\=345600 -package-name spi_builder_workspace -emit-const-values -const-gather-protocols-list /Users/admin/builder/spi-builder-workspace/.derivedData/Build/Intermediates.noindex/SLAY.build/Debug-watchos/SLAY-t.build/Objects-normal/arm64/SLAY_const_extract_protocols.json -Xcc -I/Users/admin/builder/spi-builder-workspace/.derivedData/Build/Products/Debug-watchos/include -Xcc -I/Users/admin/builder/spi-builder-workspace/.derivedData/Build/Intermediates.noindex/SLAY.build/Debug-watchos/SLAY-t.build/DerivedSources-normal/arm64 -Xcc -I/Users/admin/builder/spi-builder-workspace/.derivedData/Build/Intermediates.noindex/SLAY.build/Debug-watchos/SLAY-t.build/DerivedSources/arm64 -Xcc -I/Users/admin/builder/spi-builder-workspace/.derivedData/Build/Intermediates.noindex/SLAY.build/Debug-watchos/SLAY-t.build/DerivedSources -Xcc -DSWIFT_PACKAGE -Xcc -DDEBUG\=1 -emit-objc-header -emit-objc-header-path /Users/admin/builder/spi-builder-workspace/.derivedData/Build/Intermediates.noindex/SLAY.build/Debug-watchos/SLAY-t.build/Objects-normal/arm64/SLAY-Swift.h -working-directory /Users/admin/builder/spi-builder-workspace/.swiftpm/xcode -experimental-emit-module-separately -disable-cmo
SwiftDriverJobDiscovery normal arm64_32 Compiling Vector2.swift (in target 'SLAY' from project 'SLAY')
Ld /Users/admin/builder/spi-builder-workspace/.derivedData/Build/Intermediates.noindex/SLAY.build/Debug-watchos/SLAY-t.build/Objects-normal/arm64/Binary/SLAY.o normal arm64 (in target 'SLAY' from project 'SLAY')
    cd /Users/admin/builder/spi-builder-workspace
    /Applications/Xcode-27.0.0-Release.Candidate.app/Contents/Developer/Toolchains/XcodeDefault.xctoolchain/usr/bin/clang -Xlinker -reproducible -target arm64-apple-watchos9.0 -r -isysroot /Applications/Xcode-27.0.0-Release.Candidate.app/Contents/Developer/Platforms/WatchOS.platform/Developer/SDKs/WatchOS27.0.sdk -O0 -Xlinker -no_warn_duplicate_libraries -F/Users/admin/builder/spi-builder-workspace/.derivedData/Build/Intermediates.noindex/EagerLinkingTBDs/Debug-watchos -F/Users/admin/builder/spi-builder-workspace/.derivedData/Build/Products/Debug-watchos -iframework /Applications/Xcode-27.0.0-Release.Candidate.app/Contents/Developer/Platforms/WatchOS.platform/Developer/Library/Frameworks -iframework /Applications/Xcode-27.0.0-Release.Candidate.app/Contents/Developer/Platforms/WatchOS.platform/Developer/SDKs/WatchOS27.0.sdk/Developer/Library/Frameworks -filelist /Users/admin/builder/spi-builder-workspace/.derivedData/Build/Intermediates.noindex/SLAY.build/Debug-watchos/SLAY-t.build/Objects-normal/arm64/SLAY.LinkFileList -nostdlib -Xlinker -object_path_lto -Xlinker /Users/admin/builder/spi-builder-workspace/.derivedData/Build/Intermediates.noindex/SLAY.build/Debug-watchos/SLAY-t.build/Objects-normal/arm64/SLAY_lto.o -Xlinker -no_deduplicate -Xlinker -debug_variant -Xlinker -dependency_info -Xlinker /Users/admin/builder/spi-builder-workspace/.derivedData/Build/Intermediates.noindex/SLAY.build/Debug-watchos/SLAY-t.build/Objects-normal/arm64/SLAY_dependency_info.dat -fobjc-link-runtime -L/Applications/Xcode-27.0.0-Release.Candidate.app/Contents/Developer/Toolchains/XcodeDefault.xctoolchain/usr/lib/swift/watchos -L/usr/lib/swift -Xlinker -add_ast_path -Xlinker /Users/admin/builder/spi-builder-workspace/.derivedData/Build/Intermediates.noindex/SLAY.build/Debug-watchos/SLAY-t.build/Objects-normal/arm64/SLAY.swiftmodule -o /Users/admin/builder/spi-builder-workspace/.derivedData/Build/Intermediates.noindex/SLAY.build/Debug-watchos/SLAY-t.build/Objects-normal/arm64/Binary/SLAY.o
SwiftDriverJobDiscovery normal arm64_32 Compiling Axis.swift, LayoutDimention.swift (in target 'SLAY' from project 'SLAY')
SwiftDriverJobDiscovery normal arm64_32 Compiling UIObject.swift (in target 'SLAY' from project 'SLAY')
SwiftDriver SLAYUI normal arm64_32 com.apple.xcode.tools.swift.compiler (in target 'SLAYUI' from project 'SLAY')
    cd /Users/admin/builder/spi-builder-workspace/.swiftpm/xcode
    builtin-SwiftDriver -- /Applications/Xcode-27.0.0-Release.Candidate.app/Contents/Developer/Toolchains/XcodeDefault.xctoolchain/usr/bin/swiftc -parse-as-library -module-name SLAYUI -Onone @/Users/admin/builder/spi-builder-workspace/.derivedData/Build/Intermediates.noindex/SLAY.build/Debug-watchos/SLAYUI-t.build/Objects-normal/arm64_32/SLAYUI.SwiftFileList -DSWIFT_PACKAGE -DDEBUG -DSWIFT_MODULE_RESOURCE_BUNDLE_UNAVAILABLE -DXcode -plugin-path /Applications/Xcode-27.0.0-Release.Candidate.app/Contents/Developer/Toolchains/XcodeDefault.xctoolchain/usr/lib/swift/host/plugins/testing -enable-experimental-feature DebugDescriptionMacro -sdk /Applications/Xcode-27.0.0-Release.Candidate.app/Contents/Developer/Platforms/WatchOS.platform/Developer/SDKs/WatchOS27.0.sdk -target arm64_32-apple-watchos9.0 -g -module-cache-path /Users/admin/builder/spi-builder-workspace/.derivedData/ModuleCache.noindex -Xfrontend -serialize-debugging-options -profile-coverage-mapping -profile-generate -enable-testing -index-store-path /Users/admin/builder/spi-builder-workspace/.derivedData/Index.noindex/DataStore -Xcc -D_LIBCPP_HARDENING_MODE\=_LIBCPP_HARDENING_MODE_DEBUG -swift-version 6 -I /Users/admin/builder/spi-builder-workspace/.derivedData/Build/Products/Debug-watchos -Isystem /Applications/Xcode-27.0.0-Release.Candidate.app/Contents/Developer/Platforms/WatchOS.platform/Developer/usr/lib -F /Users/admin/builder/spi-builder-workspace/.derivedData/Build/Products/Debug-watchos/PackageFrameworks -F /Users/admin/builder/spi-builder-workspace/.derivedData/Build/Products/Debug-watchos -F /Applications/Xcode-27.0.0-Release.Candidate.app/Contents/Developer/Platforms/WatchOS.platform/Developer/Library/Frameworks -F /Applications/Xcode-27.0.0-Release.Candidate.app/Contents/Developer/Platforms/WatchOS.platform/Developer/SDKs/WatchOS27.0.sdk/Developer/Library/Frameworks -c -j10 -enable-batch-mode -incremental -Xcc -ivfsstatcache -Xcc /Users/admin/builder/spi-builder-workspace/.derivedData/SDKStatCaches.noindex/watchos27.0-24R360-e829b21a6f8c9b70876ba0858053c04477534ef55a1706bf4c1112bbb242f0a2.sdkstatcache -output-file-map /Users/admin/builder/spi-builder-workspace/.derivedData/Build/Intermediates.noindex/SLAY.build/Debug-watchos/SLAYUI-t.build/Objects-normal/arm64_32/SLAYUI-OutputFileMap.json -save-temps -no-color-diagnostics -explicit-module-build -module-cache-path /Users/admin/builder/spi-builder-workspace/.derivedData/Build/Intermediates.noindex/SwiftExplicitPrecompiledModules -clang-scanner-module-cache-path /Users/admin/builder/spi-builder-workspace/.derivedData/ModuleCache.noindex -sdk-module-cache-path /Users/admin/builder/spi-builder-workspace/.derivedData/SDKExplicitPrecompiledModules -emit-dependencies -emit-module -emit-module-path /Users/admin/builder/spi-builder-workspace/.derivedData/Build/Intermediates.noindex/SLAY.build/Debug-watchos/SLAYUI-t.build/Objects-normal/arm64_32/SLAYUI.swiftmodule -serialize-diagnostics -dependency-scan-serialize-diagnostics-path /Users/admin/builder/spi-builder-workspace/.derivedData/Build/Intermediates.noindex/SLAY.build/Debug-watchos/SLAYUI-t.build/Objects-normal/arm64_32/SLAYUI-dependency-scan.dia -validate-clang-modules-once -clang-build-session-file /Users/admin/builder/spi-builder-workspace/.derivedData/ModuleCache.noindex/Session.modulevalidation -Xcc -fmodules-prune-interval\=86400 -Xcc -fmodules-prune-after\=345600 -package-name spi_builder_workspace -emit-const-values -const-gather-protocols-list /Users/admin/builder/spi-builder-workspace/.derivedData/Build/Intermediates.noindex/SLAY.build/Debug-watchos/SLAYUI-t.build/Objects-normal/arm64_32/SLAYUI_const_extract_protocols.json -Xcc -I/Users/admin/builder/spi-builder-workspace/.derivedData/Build/Products/Debug-watchos/include -Xcc -I/Users/admin/builder/spi-builder-workspace/.derivedData/Build/Intermediates.noindex/SLAY.build/Debug-watchos/SLAYUI-t.build/DerivedSources-normal/arm64_32 -Xcc -I/Users/admin/builder/spi-builder-workspace/.derivedData/Build/Intermediates.noindex/SLAY.build/Debug-watchos/SLAYUI-t.build/DerivedSources/arm64_32 -Xcc -I/Users/admin/builder/spi-builder-workspace/.derivedData/Build/Intermediates.noindex/SLAY.build/Debug-watchos/SLAYUI-t.build/DerivedSources -Xcc -DSWIFT_PACKAGE -Xcc -DDEBUG\=1 -emit-objc-header -emit-objc-header-path /Users/admin/builder/spi-builder-workspace/.derivedData/Build/Intermediates.noindex/SLAY.build/Debug-watchos/SLAYUI-t.build/Objects-normal/arm64_32/SLAYUI-Swift.h -working-directory /Users/admin/builder/spi-builder-workspace/.swiftpm/xcode -experimental-emit-module-separately -disable-cmo
SwiftDriver SLAYUI normal arm64 com.apple.xcode.tools.swift.compiler (in target 'SLAYUI' from project 'SLAY')
    cd /Users/admin/builder/spi-builder-workspace/.swiftpm/xcode
    builtin-SwiftDriver -- /Applications/Xcode-27.0.0-Release.Candidate.app/Contents/Developer/Toolchains/XcodeDefault.xctoolchain/usr/bin/swiftc -parse-as-library -module-name SLAYUI -Onone @/Users/admin/builder/spi-builder-workspace/.derivedData/Build/Intermediates.noindex/SLAY.build/Debug-watchos/SLAYUI-t.build/Objects-normal/arm64/SLAYUI.SwiftFileList -DSWIFT_PACKAGE -DDEBUG -DSWIFT_MODULE_RESOURCE_BUNDLE_UNAVAILABLE -DXcode -plugin-path /Applications/Xcode-27.0.0-Release.Candidate.app/Contents/Developer/Toolchains/XcodeDefault.xctoolchain/usr/lib/swift/host/plugins/testing -enable-experimental-feature DebugDescriptionMacro -sdk /Applications/Xcode-27.0.0-Release.Candidate.app/Contents/Developer/Platforms/WatchOS.platform/Developer/SDKs/WatchOS27.0.sdk -target arm64-apple-watchos9.0 -g -module-cache-path /Users/admin/builder/spi-builder-workspace/.derivedData/ModuleCache.noindex -Xfrontend -serialize-debugging-options -profile-coverage-mapping -profile-generate -enable-testing -index-store-path /Users/admin/builder/spi-builder-workspace/.derivedData/Index.noindex/DataStore -Xcc -D_LIBCPP_HARDENING_MODE\=_LIBCPP_HARDENING_MODE_DEBUG -swift-version 6 -I /Users/admin/builder/spi-builder-workspace/.derivedData/Build/Products/Debug-watchos -Isystem /Applications/Xcode-27.0.0-Release.Candidate.app/Contents/Developer/Platforms/WatchOS.platform/Developer/usr/lib -F /Users/admin/builder/spi-builder-workspace/.derivedData/Build/Products/Debug-watchos/PackageFrameworks -F /Users/admin/builder/spi-builder-workspace/.derivedData/Build/Products/Debug-watchos -F /Applications/Xcode-27.0.0-Release.Candidate.app/Contents/Developer/Platforms/WatchOS.platform/Developer/Library/Frameworks -F /Applications/Xcode-27.0.0-Release.Candidate.app/Contents/Developer/Platforms/WatchOS.platform/Developer/SDKs/WatchOS27.0.sdk/Developer/Library/Frameworks -c -j10 -enable-batch-mode -incremental -Xcc -ivfsstatcache -Xcc /Users/admin/builder/spi-builder-workspace/.derivedData/SDKStatCaches.noindex/watchos27.0-24R360-e829b21a6f8c9b70876ba0858053c04477534ef55a1706bf4c1112bbb242f0a2.sdkstatcache -output-file-map /Users/admin/builder/spi-builder-workspace/.derivedData/Build/Intermediates.noindex/SLAY.build/Debug-watchos/SLAYUI-t.build/Objects-normal/arm64/SLAYUI-OutputFileMap.json -save-temps -no-color-diagnostics -explicit-module-build -module-cache-path /Users/admin/builder/spi-builder-workspace/.derivedData/Build/Intermediates.noindex/SwiftExplicitPrecompiledModules -clang-scanner-module-cache-path /Users/admin/builder/spi-builder-workspace/.derivedData/ModuleCache.noindex -sdk-module-cache-path /Users/admin/builder/spi-builder-workspace/.derivedData/SDKExplicitPrecompiledModules -emit-dependencies -emit-module -emit-module-path /Users/admin/builder/spi-builder-workspace/.derivedData/Build/Intermediates.noindex/SLAY.build/Debug-watchos/SLAYUI-t.build/Objects-normal/arm64/SLAYUI.swiftmodule -serialize-diagnostics -dependency-scan-serialize-diagnostics-path /Users/admin/builder/spi-builder-workspace/.derivedData/Build/Intermediates.noindex/SLAY.build/Debug-watchos/SLAYUI-t.build/Objects-normal/arm64/SLAYUI-dependency-scan.dia -validate-clang-modules-once -clang-build-session-file /Users/admin/builder/spi-builder-workspace/.derivedData/ModuleCache.noindex/Session.modulevalidation -Xcc -fmodules-prune-interval\=86400 -Xcc -fmodules-prune-after\=345600 -package-name spi_builder_workspace -emit-const-values -const-gather-protocols-list /Users/admin/builder/spi-builder-workspace/.derivedData/Build/Intermediates.noindex/SLAY.build/Debug-watchos/SLAYUI-t.build/Objects-normal/arm64/SLAYUI_const_extract_protocols.json -Xcc -I/Users/admin/builder/spi-builder-workspace/.derivedData/Build/Products/Debug-watchos/include -Xcc -I/Users/admin/builder/spi-builder-workspace/.derivedData/Build/Intermediates.noindex/SLAY.build/Debug-watchos/SLAYUI-t.build/DerivedSources-normal/arm64 -Xcc -I/Users/admin/builder/spi-builder-workspace/.derivedData/Build/Intermediates.noindex/SLAY.build/Debug-watchos/SLAYUI-t.build/DerivedSources/arm64 -Xcc -I/Users/admin/builder/spi-builder-workspace/.derivedData/Build/Intermediates.noindex/SLAY.build/Debug-watchos/SLAYUI-t.build/DerivedSources -Xcc -DSWIFT_PACKAGE -Xcc -DDEBUG\=1 -emit-objc-header -emit-objc-header-path /Users/admin/builder/spi-builder-workspace/.derivedData/Build/Intermediates.noindex/SLAY.build/Debug-watchos/SLAYUI-t.build/Objects-normal/arm64/SLAYUI-Swift.h -working-directory /Users/admin/builder/spi-builder-workspace/.swiftpm/xcode -experimental-emit-module-separately -disable-cmo
SwiftDriverJobDiscovery normal arm64_32 Compiling SyntheticUIObjectWithChildren.swift (in target 'SLAY' from project 'SLAY')
SwiftDriverJobDiscovery normal arm64_32 Compiling ListLayoutSystem.swift, PropertySignal.swift (in target 'SLAY' from project 'SLAY')
SwiftDriverJobDiscovery normal arm64_32 Compiling SignalEmitter.swift, SyntheticUIObject.swift (in target 'SLAY' from project 'SLAY')
SwiftDriverJobDiscovery normal arm64_32 Compiling LayoutDirection.swift, LayoutEngine.swift (in target 'SLAY' from project 'SLAY')
SwiftDriverJobDiscovery normal arm64_32 Compiling AbsoluteLayoutSystem.swift, AspectRatio.swift (in target 'SLAY' from project 'SLAY')
SwiftDriverJobDiscovery normal arm64_32 Compiling LayoutInsets.swift, LayoutSystem.swift (in target 'SLAY' from project 'SLAY')
SwiftDriverJobDiscovery normal arm64_32 Compiling UniqueID.swift (in target 'SLAY' from project 'SLAY')
SwiftDriver\ Compilation SLAY normal arm64_32 com.apple.xcode.tools.swift.compiler (in target 'SLAY' from project 'SLAY')
    cd /Users/admin/builder/spi-builder-workspace/.swiftpm/xcode
    builtin-Swift-Compilation -- /Applications/Xcode-27.0.0-Release.Candidate.app/Contents/Developer/Toolchains/XcodeDefault.xctoolchain/usr/bin/swiftc -parse-as-library -module-name SLAY -Onone @/Users/admin/builder/spi-builder-workspace/.derivedData/Build/Intermediates.noindex/SLAY.build/Debug-watchos/SLAY-t.build/Objects-normal/arm64_32/SLAY.SwiftFileList -DSWIFT_PACKAGE -DDEBUG -DSWIFT_MODULE_RESOURCE_BUNDLE_UNAVAILABLE -DXcode -plugin-path /Applications/Xcode-27.0.0-Release.Candidate.app/Contents/Developer/Toolchains/XcodeDefault.xctoolchain/usr/lib/swift/host/plugins/testing -enable-experimental-feature DebugDescriptionMacro -sdk /Applications/Xcode-27.0.0-Release.Candidate.app/Contents/Developer/Platforms/WatchOS.platform/Developer/SDKs/WatchOS27.0.sdk -target arm64_32-apple-watchos9.0 -g -module-cache-path /Users/admin/builder/spi-builder-workspace/.derivedData/ModuleCache.noindex -Xfrontend -serialize-debugging-options -profile-coverage-mapping -profile-generate -enable-testing -index-store-path /Users/admin/builder/spi-builder-workspace/.derivedData/Index.noindex/DataStore -Xcc -D_LIBCPP_HARDENING_MODE\=_LIBCPP_HARDENING_MODE_DEBUG -swift-version 6 -I /Users/admin/builder/spi-builder-workspace/.derivedData/Build/Products/Debug-watchos -Isystem /Applications/Xcode-27.0.0-Release.Candidate.app/Contents/Developer/Platforms/WatchOS.platform/Developer/usr/lib -F /Users/admin/builder/spi-builder-workspace/.derivedData/Build/Products/Debug-watchos -F /Applications/Xcode-27.0.0-Release.Candidate.app/Contents/Developer/Platforms/WatchOS.platform/Developer/Library/Frameworks -F /Applications/Xcode-27.0.0-Release.Candidate.app/Contents/Developer/Platforms/WatchOS.platform/Developer/SDKs/WatchOS27.0.sdk/Developer/Library/Frameworks -c -j10 -enable-batch-mode -incremental -Xcc -ivfsstatcache -Xcc /Users/admin/builder/spi-builder-workspace/.derivedData/SDKStatCaches.noindex/watchos27.0-24R360-e829b21a6f8c9b70876ba0858053c04477534ef55a1706bf4c1112bbb242f0a2.sdkstatcache -output-file-map /Users/admin/builder/spi-builder-workspace/.derivedData/Build/Intermediates.noindex/SLAY.build/Debug-watchos/SLAY-t.build/Objects-normal/arm64_32/SLAY-OutputFileMap.json -save-temps -no-color-diagnostics -explicit-module-build -module-cache-path /Users/admin/builder/spi-builder-workspace/.derivedData/Build/Intermediates.noindex/SwiftExplicitPrecompiledModules -clang-scanner-module-cache-path /Users/admin/builder/spi-builder-workspace/.derivedData/ModuleCache.noindex -sdk-module-cache-path /Users/admin/builder/spi-builder-workspace/.derivedData/SDKExplicitPrecompiledModules -emit-dependencies -emit-module -emit-module-path /Users/admin/builder/spi-builder-workspace/.derivedData/Build/Intermediates.noindex/SLAY.build/Debug-watchos/SLAY-t.build/Objects-normal/arm64_32/SLAY.swiftmodule -serialize-diagnostics -dependency-scan-serialize-diagnostics-path /Users/admin/builder/spi-builder-workspace/.derivedData/Build/Intermediates.noindex/SLAY.build/Debug-watchos/SLAY-t.build/Objects-normal/arm64_32/SLAY-dependency-scan.dia -validate-clang-modules-once -clang-build-session-file /Users/admin/builder/spi-builder-workspace/.derivedData/ModuleCache.noindex/Session.modulevalidation -Xcc -fmodules-prune-interval\=86400 -Xcc -fmodules-prune-after\=345600 -package-name spi_builder_workspace -emit-const-values -const-gather-protocols-list /Users/admin/builder/spi-builder-workspace/.derivedData/Build/Intermediates.noindex/SLAY.build/Debug-watchos/SLAY-t.build/Objects-normal/arm64_32/SLAY_const_extract_protocols.json -Xcc -I/Users/admin/builder/spi-builder-workspace/.derivedData/Build/Products/Debug-watchos/include -Xcc -I/Users/admin/builder/spi-builder-workspace/.derivedData/Build/Intermediates.noindex/SLAY.build/Debug-watchos/SLAY-t.build/DerivedSources-normal/arm64_32 -Xcc -I/Users/admin/builder/spi-builder-workspace/.derivedData/Build/Intermediates.noindex/SLAY.build/Debug-watchos/SLAY-t.build/DerivedSources/arm64_32 -Xcc -I/Users/admin/builder/spi-builder-workspace/.derivedData/Build/Intermediates.noindex/SLAY.build/Debug-watchos/SLAY-t.build/DerivedSources -Xcc -DSWIFT_PACKAGE -Xcc -DDEBUG\=1 -emit-objc-header -emit-objc-header-path /Users/admin/builder/spi-builder-workspace/.derivedData/Build/Intermediates.noindex/SLAY.build/Debug-watchos/SLAY-t.build/Objects-normal/arm64_32/SLAY-Swift.h -working-directory /Users/admin/builder/spi-builder-workspace/.swiftpm/xcode -experimental-emit-module-separately -disable-cmo
Ld /Users/admin/builder/spi-builder-workspace/.derivedData/Build/Intermediates.noindex/SLAY.build/Debug-watchos/SLAY-t.build/Objects-normal/arm64_32/Binary/SLAY.o normal arm64_32 (in target 'SLAY' from project 'SLAY')
    cd /Users/admin/builder/spi-builder-workspace
    /Applications/Xcode-27.0.0-Release.Candidate.app/Contents/Developer/Toolchains/XcodeDefault.xctoolchain/usr/bin/clang -Xlinker -reproducible -target arm64_32-apple-watchos9.0 -r -isysroot /Applications/Xcode-27.0.0-Release.Candidate.app/Contents/Developer/Platforms/WatchOS.platform/Developer/SDKs/WatchOS27.0.sdk -O0 -Xlinker -no_warn_duplicate_libraries -F/Users/admin/builder/spi-builder-workspace/.derivedData/Build/Intermediates.noindex/EagerLinkingTBDs/Debug-watchos -F/Users/admin/builder/spi-builder-workspace/.derivedData/Build/Products/Debug-watchos -iframework /Applications/Xcode-27.0.0-Release.Candidate.app/Contents/Developer/Platforms/WatchOS.platform/Developer/Library/Frameworks -iframework /Applications/Xcode-27.0.0-Release.Candidate.app/Contents/Developer/Platforms/WatchOS.platform/Developer/SDKs/WatchOS27.0.sdk/Developer/Library/Frameworks -filelist /Users/admin/builder/spi-builder-workspace/.derivedData/Build/Intermediates.noindex/SLAY.build/Debug-watchos/SLAY-t.build/Objects-normal/arm64_32/SLAY.LinkFileList -nostdlib -Xlinker -object_path_lto -Xlinker /Users/admin/builder/spi-builder-workspace/.derivedData/Build/Intermediates.noindex/SLAY.build/Debug-watchos/SLAY-t.build/Objects-normal/arm64_32/SLAY_lto.o -Xlinker -no_deduplicate -Xlinker -debug_variant -Xlinker -dependency_info -Xlinker /Users/admin/builder/spi-builder-workspace/.derivedData/Build/Intermediates.noindex/SLAY.build/Debug-watchos/SLAY-t.build/Objects-normal/arm64_32/SLAY_dependency_info.dat -fobjc-link-runtime -L/Applications/Xcode-27.0.0-Release.Candidate.app/Contents/Developer/Toolchains/XcodeDefault.xctoolchain/usr/lib/swift/watchos -L/usr/lib/swift -Xlinker -add_ast_path -Xlinker /Users/admin/builder/spi-builder-workspace/.derivedData/Build/Intermediates.noindex/SLAY.build/Debug-watchos/SLAY-t.build/Objects-normal/arm64_32/SLAY.swiftmodule -o /Users/admin/builder/spi-builder-workspace/.derivedData/Build/Intermediates.noindex/SLAY.build/Debug-watchos/SLAY-t.build/Objects-normal/arm64_32/Binary/SLAY.o
CreateUniversalBinary /Users/admin/builder/spi-builder-workspace/.derivedData/Build/Products/Debug-watchos/SLAY.o normal arm64\ arm64_32 (in target 'SLAY' from project 'SLAY')
    cd /Users/admin/builder/spi-builder-workspace
    /Applications/Xcode-27.0.0-Release.Candidate.app/Contents/Developer/Toolchains/XcodeDefault.xctoolchain/usr/bin/lipo -create /Users/admin/builder/spi-builder-workspace/.derivedData/Build/Intermediates.noindex/SLAY.build/Debug-watchos/SLAY-t.build/Objects-normal/arm64/Binary/SLAY.o /Users/admin/builder/spi-builder-workspace/.derivedData/Build/Intermediates.noindex/SLAY.build/Debug-watchos/SLAY-t.build/Objects-normal/arm64_32/Binary/SLAY.o -output /Users/admin/builder/spi-builder-workspace/.derivedData/Build/Products/Debug-watchos/SLAY.o
ExtractAppIntentsMetadata (in target 'SLAY' from project 'SLAY')
    cd /Users/admin/builder/spi-builder-workspace
    /Applications/Xcode-27.0.0-Release.Candidate.app/Contents/Developer/Toolchains/XcodeDefault.xctoolchain/usr/bin/appintentsmetadataprocessor --toolchain-dir /var/run/com.apple.security.cryptexd/mnt/com.apple.MobileAsset.MetalToolchain-v27.1.266.1.p3uPaM/Metal.xctoolchain --module-name SLAY --sdk-root /Applications/Xcode-27.0.0-Release.Candidate.app/Contents/Developer/Platforms/WatchOS.platform/Developer/SDKs/WatchOS27.0.sdk --xcode-version 27A266a --platform-family watchOS --deployment-target 9.0 --bundle-identifier spi-builder-workspace.SLAY --output /Users/admin/builder/spi-builder-workspace/.derivedData/Build/Products/Debug-watchos/SLAY.appintents --target-triple arm64-apple-watchos9.0 --target-triple arm64_32-apple-watchos9.0 --binary-file /Users/admin/builder/spi-builder-workspace/.derivedData/Build/Products/Debug-watchos/SLAY.o --dependency-file /Users/admin/builder/spi-builder-workspace/.derivedData/Build/Intermediates.noindex/SLAY.build/Debug-watchos/SLAY-t.build/Objects-normal/arm64/SLAY_dependency_info.dat --dependency-file /Users/admin/builder/spi-builder-workspace/.derivedData/Build/Intermediates.noindex/SLAY.build/Debug-watchos/SLAY-t.build/Objects-normal/arm64_32/SLAY_dependency_info.dat --stringsdata-file /Users/admin/builder/spi-builder-workspace/.derivedData/Build/Intermediates.noindex/SLAY.build/Debug-watchos/SLAY-t.build/Objects-normal/arm64/ExtractedAppShortcutsMetadata.stringsdata --stringsdata-file /Users/admin/builder/spi-builder-workspace/.derivedData/Build/Intermediates.noindex/SLAY.build/Debug-watchos/SLAY-t.build/Objects-normal/arm64_32/ExtractedAppShortcutsMetadata.stringsdata --source-file-list /Users/admin/builder/spi-builder-workspace/.derivedData/Build/Intermediates.noindex/SLAY.build/Debug-watchos/SLAY-t.build/Objects-normal/arm64/SLAY.SwiftFileList --source-file-list /Users/admin/builder/spi-builder-workspace/.derivedData/Build/Intermediates.noindex/SLAY.build/Debug-watchos/SLAY-t.build/Objects-normal/arm64_32/SLAY.SwiftFileList --metadata-file-list /Users/admin/builder/spi-builder-workspace/.derivedData/Build/Intermediates.noindex/SLAY.build/Debug-watchos/SLAY-t.build/SLAY.DependencyMetadataFileList --static-metadata-file-list /Users/admin/builder/spi-builder-workspace/.derivedData/Build/Intermediates.noindex/SLAY.build/Debug-watchos/SLAY-t.build/SLAY.DependencyStaticMetadataFileList --swift-const-vals-list /Users/admin/builder/spi-builder-workspace/.derivedData/Build/Intermediates.noindex/SLAY.build/Debug-watchos/SLAY-t.build/Objects-normal/arm64/SLAY.SwiftConstValuesFileList --swift-const-vals-list /Users/admin/builder/spi-builder-workspace/.derivedData/Build/Intermediates.noindex/SLAY.build/Debug-watchos/SLAY-t.build/Objects-normal/arm64_32/SLAY.SwiftConstValuesFileList --force --compile-time-extraction --deployment-aware-processing --no-app-shortcuts-localization
2026-09-23 02:01:17.739 appintentsmetadataprocessor[713:4303] Starting appintentsmetadataprocessor export
2026-09-23 02:01:17.921 appintentsmetadataprocessor[713:4303] Extracted no relevant App Intents symbols, skipping writing output
SwiftCompile normal arm64 Compiling\ Font.swift /Users/admin/builder/spi-builder-workspace/Sources/SLAYUI/Font.swift (in target 'SLAYUI' from project 'SLAY')
SwiftCompile normal arm64 /Users/admin/builder/spi-builder-workspace/Sources/SLAYUI/Font.swift (in target 'SLAYUI' from project 'SLAY')
    cd /Users/admin/builder/spi-builder-workspace/.swiftpm/xcode
    builtin-SwiftPerFileCompile Font.swift
SwiftCompile normal arm64 Compiling\ ScrollGroup.swift /Users/admin/builder/spi-builder-workspace/Sources/SLAYUI/ScrollGroup.swift (in target 'SLAYUI' from project 'SLAY')
SwiftCompile normal arm64 /Users/admin/builder/spi-builder-workspace/Sources/SLAYUI/ScrollGroup.swift (in target 'SLAYUI' from project 'SLAY')
    cd /Users/admin/builder/spi-builder-workspace/.swiftpm/xcode
    builtin-SwiftPerFileCompile ScrollGroup.swift
SwiftCompile normal arm64 Compiling\ ScrollGroupProtocol.swift /Users/admin/builder/spi-builder-workspace/Sources/SLAYUI/ScrollGroupProtocol.swift (in target 'SLAYUI' from project 'SLAY')
SwiftCompile normal arm64 /Users/admin/builder/spi-builder-workspace/Sources/SLAYUI/ScrollGroupProtocol.swift (in target 'SLAYUI' from project 'SLAY')
    cd /Users/admin/builder/spi-builder-workspace/.swiftpm/xcode
    builtin-SwiftPerFileCompile ScrollGroupProtocol.swift
SwiftCompile normal arm64 Compiling\ Text.swift /Users/admin/builder/spi-builder-workspace/Sources/SLAYUI/Text.swift (in target 'SLAYUI' from project 'SLAY')
SwiftCompile normal arm64 /Users/admin/builder/spi-builder-workspace/Sources/SLAYUI/Text.swift (in target 'SLAYUI' from project 'SLAY')
    cd /Users/admin/builder/spi-builder-workspace/.swiftpm/xcode
    builtin-SwiftPerFileCompile Text.swift
SwiftCompile normal arm64 Compiling\ TextProtocol.swift /Users/admin/builder/spi-builder-workspace/Sources/SLAYUI/TextProtocol.swift (in target 'SLAYUI' from project 'SLAY')
SwiftCompile normal arm64 /Users/admin/builder/spi-builder-workspace/Sources/SLAYUI/TextProtocol.swift (in target 'SLAYUI' from project 'SLAY')
    cd /Users/admin/builder/spi-builder-workspace/.swiftpm/xcode
    builtin-SwiftPerFileCompile TextProtocol.swift
SwiftCompile normal arm64 Compiling\ Color.swift /Users/admin/builder/spi-builder-workspace/Sources/SLAYUI/Color.swift (in target 'SLAYUI' from project 'SLAY')
SwiftCompile normal arm64 /Users/admin/builder/spi-builder-workspace/Sources/SLAYUI/Color.swift (in target 'SLAYUI' from project 'SLAY')
    cd /Users/admin/builder/spi-builder-workspace/.swiftpm/xcode
    builtin-SwiftPerFileCompile Color.swift
SwiftCompile normal arm64 Compiling\ Group.swift /Users/admin/builder/spi-builder-workspace/Sources/SLAYUI/Group.swift (in target 'SLAYUI' from project 'SLAY')
SwiftCompile normal arm64 /Users/admin/builder/spi-builder-workspace/Sources/SLAYUI/Group.swift (in target 'SLAYUI' from project 'SLAY')
    cd /Users/admin/builder/spi-builder-workspace/.swiftpm/xcode
    builtin-SwiftPerFileCompile Group.swift
SwiftEmitModule normal arm64 Emitting\ module\ for\ SLAYUI (in target 'SLAYUI' from project 'SLAY')
SwiftCompile normal arm64 (in target 'SLAYUI' from project 'SLAY')
    cd /Users/admin/builder/spi-builder-workspace/.swiftpm/xcode

SwiftCompile normal arm64 Compiling\ GroupProtocol.swift /Users/admin/builder/spi-builder-workspace/Sources/SLAYUI/GroupProtocol.swift (in target 'SLAYUI' from project 'SLAY')
SwiftCompile normal arm64 /Users/admin/builder/spi-builder-workspace/Sources/SLAYUI/GroupProtocol.swift (in target 'SLAYUI' from project 'SLAY')
    cd /Users/admin/builder/spi-builder-workspace/.swiftpm/xcode
    builtin-SwiftPerFileCompile GroupProtocol.swift
SwiftEmitModule normal arm64_32 Emitting\ module\ for\ SLAYUI (in target 'SLAYUI' from project 'SLAY')
SwiftCompile normal arm64_32 (in target 'SLAYUI' from project 'SLAY')
    cd /Users/admin/builder/spi-builder-workspace/.swiftpm/xcode

SwiftDriverJobDiscovery normal arm64 Compiling ScrollGroupProtocol.swift (in target 'SLAYUI' from project 'SLAY')
SwiftCompile normal arm64_32 Compiling\ ScrollGroupProtocol.swift /Users/admin/builder/spi-builder-workspace/Sources/SLAYUI/ScrollGroupProtocol.swift (in target 'SLAYUI' from project 'SLAY')
SwiftCompile normal arm64_32 /Users/admin/builder/spi-builder-workspace/Sources/SLAYUI/ScrollGroupProtocol.swift (in target 'SLAYUI' from project 'SLAY')
    cd /Users/admin/builder/spi-builder-workspace/.swiftpm/xcode
    builtin-SwiftPerFileCompile ScrollGroupProtocol.swift
SwiftDriverJobDiscovery normal arm64 Compiling GroupProtocol.swift (in target 'SLAYUI' from project 'SLAY')
SwiftCompile normal arm64_32 Compiling\ Color.swift /Users/admin/builder/spi-builder-workspace/Sources/SLAYUI/Color.swift (in target 'SLAYUI' from project 'SLAY')
SwiftCompile normal arm64_32 /Users/admin/builder/spi-builder-workspace/Sources/SLAYUI/Color.swift (in target 'SLAYUI' from project 'SLAY')
    cd /Users/admin/builder/spi-builder-workspace/.swiftpm/xcode
    builtin-SwiftPerFileCompile Color.swift
SwiftDriverJobDiscovery normal arm64 Compiling TextProtocol.swift (in target 'SLAYUI' from project 'SLAY')
SwiftCompile normal arm64_32 Compiling\ TextProtocol.swift /Users/admin/builder/spi-builder-workspace/Sources/SLAYUI/TextProtocol.swift (in target 'SLAYUI' from project 'SLAY')
SwiftCompile normal arm64_32 /Users/admin/builder/spi-builder-workspace/Sources/SLAYUI/TextProtocol.swift (in target 'SLAYUI' from project 'SLAY')
    cd /Users/admin/builder/spi-builder-workspace/.swiftpm/xcode
    builtin-SwiftPerFileCompile TextProtocol.swift
SwiftDriverJobDiscovery normal arm64 Compiling Font.swift (in target 'SLAYUI' from project 'SLAY')
SwiftCompile normal arm64_32 Compiling\ Font.swift /Users/admin/builder/spi-builder-workspace/Sources/SLAYUI/Font.swift (in target 'SLAYUI' from project 'SLAY')
SwiftCompile normal arm64_32 /Users/admin/builder/spi-builder-workspace/Sources/SLAYUI/Font.swift (in target 'SLAYUI' from project 'SLAY')
    cd /Users/admin/builder/spi-builder-workspace/.swiftpm/xcode
    builtin-SwiftPerFileCompile Font.swift
SwiftDriverJobDiscovery normal arm64 Compiling Group.swift (in target 'SLAYUI' from project 'SLAY')
SwiftCompile normal arm64_32 Compiling\ Group.swift /Users/admin/builder/spi-builder-workspace/Sources/SLAYUI/Group.swift (in target 'SLAYUI' from project 'SLAY')
SwiftCompile normal arm64_32 /Users/admin/builder/spi-builder-workspace/Sources/SLAYUI/Group.swift (in target 'SLAYUI' from project 'SLAY')
    cd /Users/admin/builder/spi-builder-workspace/.swiftpm/xcode
    builtin-SwiftPerFileCompile Group.swift
SwiftCompile normal arm64_32 Compiling\ GroupProtocol.swift /Users/admin/builder/spi-builder-workspace/Sources/SLAYUI/GroupProtocol.swift (in target 'SLAYUI' from project 'SLAY')
SwiftCompile normal arm64_32 /Users/admin/builder/spi-builder-workspace/Sources/SLAYUI/GroupProtocol.swift (in target 'SLAYUI' from project 'SLAY')
    cd /Users/admin/builder/spi-builder-workspace/.swiftpm/xcode
    builtin-SwiftPerFileCompile GroupProtocol.swift
SwiftDriverJobDiscovery normal arm64_32 Compiling ScrollGroupProtocol.swift (in target 'SLAYUI' from project 'SLAY')
SwiftCompile normal arm64_32 Compiling\ ScrollGroup.swift /Users/admin/builder/spi-builder-workspace/Sources/SLAYUI/ScrollGroup.swift (in target 'SLAYUI' from project 'SLAY')
SwiftCompile normal arm64_32 /Users/admin/builder/spi-builder-workspace/Sources/SLAYUI/ScrollGroup.swift (in target 'SLAYUI' from project 'SLAY')
    cd /Users/admin/builder/spi-builder-workspace/.swiftpm/xcode
    builtin-SwiftPerFileCompile ScrollGroup.swift
SwiftDriverJobDiscovery normal arm64 Emitting module for SLAYUI (in target 'SLAYUI' from project 'SLAY')
SwiftDriver\ Compilation\ Requirements SLAYUI normal arm64 com.apple.xcode.tools.swift.compiler (in target 'SLAYUI' from project 'SLAY')
    cd /Users/admin/builder/spi-builder-workspace/.swiftpm/xcode
    builtin-Swift-Compilation-Requirements -- /Applications/Xcode-27.0.0-Release.Candidate.app/Contents/Developer/Toolchains/XcodeDefault.xctoolchain/usr/bin/swiftc -parse-as-library -module-name SLAYUI -Onone @/Users/admin/builder/spi-builder-workspace/.derivedData/Build/Intermediates.noindex/SLAY.build/Debug-watchos/SLAYUI-t.build/Objects-normal/arm64/SLAYUI.SwiftFileList -DSWIFT_PACKAGE -DDEBUG -DSWIFT_MODULE_RESOURCE_BUNDLE_UNAVAILABLE -DXcode -plugin-path /Applications/Xcode-27.0.0-Release.Candidate.app/Contents/Developer/Toolchains/XcodeDefault.xctoolchain/usr/lib/swift/host/plugins/testing -enable-experimental-feature DebugDescriptionMacro -sdk /Applications/Xcode-27.0.0-Release.Candidate.app/Contents/Developer/Platforms/WatchOS.platform/Developer/SDKs/WatchOS27.0.sdk -target arm64-apple-watchos9.0 -g -module-cache-path /Users/admin/builder/spi-builder-workspace/.derivedData/ModuleCache.noindex -Xfrontend -serialize-debugging-options -profile-coverage-mapping -profile-generate -enable-testing -index-store-path /Users/admin/builder/spi-builder-workspace/.derivedData/Index.noindex/DataStore -Xcc -D_LIBCPP_HARDENING_MODE\=_LIBCPP_HARDENING_MODE_DEBUG -swift-version 6 -I /Users/admin/builder/spi-builder-workspace/.derivedData/Build/Products/Debug-watchos -Isystem /Applications/Xcode-27.0.0-Release.Candidate.app/Contents/Developer/Platforms/WatchOS.platform/Developer/usr/lib -F /Users/admin/builder/spi-builder-workspace/.derivedData/Build/Products/Debug-watchos/PackageFrameworks -F /Users/admin/builder/spi-builder-workspace/.derivedData/Build/Products/Debug-watchos -F /Applications/Xcode-27.0.0-Release.Candidate.app/Contents/Developer/Platforms/WatchOS.platform/Developer/Library/Frameworks -F /Applications/Xcode-27.0.0-Release.Candidate.app/Contents/Developer/Platforms/WatchOS.platform/Developer/SDKs/WatchOS27.0.sdk/Developer/Library/Frameworks -c -j10 -enable-batch-mode -incremental -Xcc -ivfsstatcache -Xcc /Users/admin/builder/spi-builder-workspace/.derivedData/SDKStatCaches.noindex/watchos27.0-24R360-e829b21a6f8c9b70876ba0858053c04477534ef55a1706bf4c1112bbb242f0a2.sdkstatcache -output-file-map /Users/admin/builder/spi-builder-workspace/.derivedData/Build/Intermediates.noindex/SLAY.build/Debug-watchos/SLAYUI-t.build/Objects-normal/arm64/SLAYUI-OutputFileMap.json -save-temps -no-color-diagnostics -explicit-module-build -module-cache-path /Users/admin/builder/spi-builder-workspace/.derivedData/Build/Intermediates.noindex/SwiftExplicitPrecompiledModules -clang-scanner-module-cache-path /Users/admin/builder/spi-builder-workspace/.derivedData/ModuleCache.noindex -sdk-module-cache-path /Users/admin/builder/spi-builder-workspace/.derivedData/SDKExplicitPrecompiledModules -emit-dependencies -emit-module -emit-module-path /Users/admin/builder/spi-builder-workspace/.derivedData/Build/Intermediates.noindex/SLAY.build/Debug-watchos/SLAYUI-t.build/Objects-normal/arm64/SLAYUI.swiftmodule -serialize-diagnostics -dependency-scan-serialize-diagnostics-path /Users/admin/builder/spi-builder-workspace/.derivedData/Build/Intermediates.noindex/SLAY.build/Debug-watchos/SLAYUI-t.build/Objects-normal/arm64/SLAYUI-dependency-scan.dia -validate-clang-modules-once -clang-build-session-file /Users/admin/builder/spi-builder-workspace/.derivedData/ModuleCache.noindex/Session.modulevalidation -Xcc -fmodules-prune-interval\=86400 -Xcc -fmodules-prune-after\=345600 -package-name spi_builder_workspace -emit-const-values -const-gather-protocols-list /Users/admin/builder/spi-builder-workspace/.derivedData/Build/Intermediates.noindex/SLAY.build/Debug-watchos/SLAYUI-t.build/Objects-normal/arm64/SLAYUI_const_extract_protocols.json -Xcc -I/Users/admin/builder/spi-builder-workspace/.derivedData/Build/Products/Debug-watchos/include -Xcc -I/Users/admin/builder/spi-builder-workspace/.derivedData/Build/Intermediates.noindex/SLAY.build/Debug-watchos/SLAYUI-t.build/DerivedSources-normal/arm64 -Xcc -I/Users/admin/builder/spi-builder-workspace/.derivedData/Build/Intermediates.noindex/SLAY.build/Debug-watchos/SLAYUI-t.build/DerivedSources/arm64 -Xcc -I/Users/admin/builder/spi-builder-workspace/.derivedData/Build/Intermediates.noindex/SLAY.build/Debug-watchos/SLAYUI-t.build/DerivedSources -Xcc -DSWIFT_PACKAGE -Xcc -DDEBUG\=1 -emit-objc-header -emit-objc-header-path /Users/admin/builder/spi-builder-workspace/.derivedData/Build/Intermediates.noindex/SLAY.build/Debug-watchos/SLAYUI-t.build/Objects-normal/arm64/SLAYUI-Swift.h -working-directory /Users/admin/builder/spi-builder-workspace/.swiftpm/xcode -experimental-emit-module-separately -disable-cmo
SwiftDriverJobDiscovery normal arm64_32 Compiling TextProtocol.swift (in target 'SLAYUI' from project 'SLAY')
SwiftCompile normal arm64_32 Compiling\ Text.swift /Users/admin/builder/spi-builder-workspace/Sources/SLAYUI/Text.swift (in target 'SLAYUI' from project 'SLAY')
SwiftCompile normal arm64_32 /Users/admin/builder/spi-builder-workspace/Sources/SLAYUI/Text.swift (in target 'SLAYUI' from project 'SLAY')
    cd /Users/admin/builder/spi-builder-workspace/.swiftpm/xcode
    builtin-SwiftPerFileCompile Text.swift
Copy /Users/admin/builder/spi-builder-workspace/.derivedData/Build/Products/Debug-watchos/SLAYUI.swiftmodule/arm64-apple-watchos.swiftmodule /Users/admin/builder/spi-builder-workspace/.derivedData/Build/Intermediates.noindex/SLAY.build/Debug-watchos/SLAYUI-t.build/Objects-normal/arm64/SLAYUI.swiftmodule (in target 'SLAYUI' from project 'SLAY')
    cd /Users/admin/builder/spi-builder-workspace
    builtin-copy -exclude .DS_Store -exclude CVS -exclude .svn -exclude .git -exclude .hg -resolve-src-symlinks -rename /Users/admin/builder/spi-builder-workspace/.derivedData/Build/Intermediates.noindex/SLAY.build/Debug-watchos/SLAYUI-t.build/Objects-normal/arm64/SLAYUI.swiftmodule /Users/admin/builder/spi-builder-workspace/.derivedData/Build/Products/Debug-watchos/SLAYUI.swiftmodule/arm64-apple-watchos.swiftmodule
SwiftDriverJobDiscovery normal arm64 Compiling Text.swift (in target 'SLAYUI' from project 'SLAY')
Copy /Users/admin/builder/spi-builder-workspace/.derivedData/Build/Products/Debug-watchos/SLAYUI.swiftmodule/arm64-apple-watchos.swiftdoc /Users/admin/builder/spi-builder-workspace/.derivedData/Build/Intermediates.noindex/SLAY.build/Debug-watchos/SLAYUI-t.build/Objects-normal/arm64/SLAYUI.swiftdoc (in target 'SLAYUI' from project 'SLAY')
    cd /Users/admin/builder/spi-builder-workspace
    builtin-copy -exclude .DS_Store -exclude CVS -exclude .svn -exclude .git -exclude .hg -resolve-src-symlinks -rename /Users/admin/builder/spi-builder-workspace/.derivedData/Build/Intermediates.noindex/SLAY.build/Debug-watchos/SLAYUI-t.build/Objects-normal/arm64/SLAYUI.swiftdoc /Users/admin/builder/spi-builder-workspace/.derivedData/Build/Products/Debug-watchos/SLAYUI.swiftmodule/arm64-apple-watchos.swiftdoc
Copy /Users/admin/builder/spi-builder-workspace/.derivedData/Build/Products/Debug-watchos/SLAYUI.swiftmodule/arm64-apple-watchos.abi.json /Users/admin/builder/spi-builder-workspace/.derivedData/Build/Intermediates.noindex/SLAY.build/Debug-watchos/SLAYUI-t.build/Objects-normal/arm64/SLAYUI.abi.json (in target 'SLAYUI' from project 'SLAY')
    cd /Users/admin/builder/spi-builder-workspace
    builtin-copy -exclude .DS_Store -exclude CVS -exclude .svn -exclude .git -exclude .hg -resolve-src-symlinks -rename /Users/admin/builder/spi-builder-workspace/.derivedData/Build/Intermediates.noindex/SLAY.build/Debug-watchos/SLAYUI-t.build/Objects-normal/arm64/SLAYUI.abi.json /Users/admin/builder/spi-builder-workspace/.derivedData/Build/Products/Debug-watchos/SLAYUI.swiftmodule/arm64-apple-watchos.abi.json
Copy /Users/admin/builder/spi-builder-workspace/.derivedData/Build/Products/Debug-watchos/SLAYUI.swiftmodule/Project/arm64-apple-watchos.swiftsourceinfo /Users/admin/builder/spi-builder-workspace/.derivedData/Build/Intermediates.noindex/SLAY.build/Debug-watchos/SLAYUI-t.build/Objects-normal/arm64/SLAYUI.swiftsourceinfo (in target 'SLAYUI' from project 'SLAY')
    cd /Users/admin/builder/spi-builder-workspace
    builtin-copy -exclude .DS_Store -exclude CVS -exclude .svn -exclude .git -exclude .hg -resolve-src-symlinks -rename /Users/admin/builder/spi-builder-workspace/.derivedData/Build/Intermediates.noindex/SLAY.build/Debug-watchos/SLAYUI-t.build/Objects-normal/arm64/SLAYUI.swiftsourceinfo /Users/admin/builder/spi-builder-workspace/.derivedData/Build/Products/Debug-watchos/SLAYUI.swiftmodule/Project/arm64-apple-watchos.swiftsourceinfo
SwiftDriverJobDiscovery normal arm64 Compiling Color.swift (in target 'SLAYUI' from project 'SLAY')
SwiftDriverJobDiscovery normal arm64_32 Compiling GroupProtocol.swift (in target 'SLAYUI' from project 'SLAY')
SwiftDriverJobDiscovery normal arm64_32 Emitting module for SLAYUI (in target 'SLAYUI' from project 'SLAY')
SwiftDriver\ Compilation\ Requirements SLAYUI normal arm64_32 com.apple.xcode.tools.swift.compiler (in target 'SLAYUI' from project 'SLAY')
    cd /Users/admin/builder/spi-builder-workspace/.swiftpm/xcode
    builtin-Swift-Compilation-Requirements -- /Applications/Xcode-27.0.0-Release.Candidate.app/Contents/Developer/Toolchains/XcodeDefault.xctoolchain/usr/bin/swiftc -parse-as-library -module-name SLAYUI -Onone @/Users/admin/builder/spi-builder-workspace/.derivedData/Build/Intermediates.noindex/SLAY.build/Debug-watchos/SLAYUI-t.build/Objects-normal/arm64_32/SLAYUI.SwiftFileList -DSWIFT_PACKAGE -DDEBUG -DSWIFT_MODULE_RESOURCE_BUNDLE_UNAVAILABLE -DXcode -plugin-path /Applications/Xcode-27.0.0-Release.Candidate.app/Contents/Developer/Toolchains/XcodeDefault.xctoolchain/usr/lib/swift/host/plugins/testing -enable-experimental-feature DebugDescriptionMacro -sdk /Applications/Xcode-27.0.0-Release.Candidate.app/Contents/Developer/Platforms/WatchOS.platform/Developer/SDKs/WatchOS27.0.sdk -target arm64_32-apple-watchos9.0 -g -module-cache-path /Users/admin/builder/spi-builder-workspace/.derivedData/ModuleCache.noindex -Xfrontend -serialize-debugging-options -profile-coverage-mapping -profile-generate -enable-testing -index-store-path /Users/admin/builder/spi-builder-workspace/.derivedData/Index.noindex/DataStore -Xcc -D_LIBCPP_HARDENING_MODE\=_LIBCPP_HARDENING_MODE_DEBUG -swift-version 6 -I /Users/admin/builder/spi-builder-workspace/.derivedData/Build/Products/Debug-watchos -Isystem /Applications/Xcode-27.0.0-Release.Candidate.app/Contents/Developer/Platforms/WatchOS.platform/Developer/usr/lib -F /Users/admin/builder/spi-builder-workspace/.derivedData/Build/Products/Debug-watchos/PackageFrameworks -F /Users/admin/builder/spi-builder-workspace/.derivedData/Build/Products/Debug-watchos -F /Applications/Xcode-27.0.0-Release.Candidate.app/Contents/Developer/Platforms/WatchOS.platform/Developer/Library/Frameworks -F /Applications/Xcode-27.0.0-Release.Candidate.app/Contents/Developer/Platforms/WatchOS.platform/Developer/SDKs/WatchOS27.0.sdk/Developer/Library/Frameworks -c -j10 -enable-batch-mode -incremental -Xcc -ivfsstatcache -Xcc /Users/admin/builder/spi-builder-workspace/.derivedData/SDKStatCaches.noindex/watchos27.0-24R360-e829b21a6f8c9b70876ba0858053c04477534ef55a1706bf4c1112bbb242f0a2.sdkstatcache -output-file-map /Users/admin/builder/spi-builder-workspace/.derivedData/Build/Intermediates.noindex/SLAY.build/Debug-watchos/SLAYUI-t.build/Objects-normal/arm64_32/SLAYUI-OutputFileMap.json -save-temps -no-color-diagnostics -explicit-module-build -module-cache-path /Users/admin/builder/spi-builder-workspace/.derivedData/Build/Intermediates.noindex/SwiftExplicitPrecompiledModules -clang-scanner-module-cache-path /Users/admin/builder/spi-builder-workspace/.derivedData/ModuleCache.noindex -sdk-module-cache-path /Users/admin/builder/spi-builder-workspace/.derivedData/SDKExplicitPrecompiledModules -emit-dependencies -emit-module -emit-module-path /Users/admin/builder/spi-builder-workspace/.derivedData/Build/Intermediates.noindex/SLAY.build/Debug-watchos/SLAYUI-t.build/Objects-normal/arm64_32/SLAYUI.swiftmodule -serialize-diagnostics -dependency-scan-serialize-diagnostics-path /Users/admin/builder/spi-builder-workspace/.derivedData/Build/Intermediates.noindex/SLAY.build/Debug-watchos/SLAYUI-t.build/Objects-normal/arm64_32/SLAYUI-dependency-scan.dia -validate-clang-modules-once -clang-build-session-file /Users/admin/builder/spi-builder-workspace/.derivedData/ModuleCache.noindex/Session.modulevalidation -Xcc -fmodules-prune-interval\=86400 -Xcc -fmodules-prune-after\=345600 -package-name spi_builder_workspace -emit-const-values -const-gather-protocols-list /Users/admin/builder/spi-builder-workspace/.derivedData/Build/Intermediates.noindex/SLAY.build/Debug-watchos/SLAYUI-t.build/Objects-normal/arm64_32/SLAYUI_const_extract_protocols.json -Xcc -I/Users/admin/builder/spi-builder-workspace/.derivedData/Build/Products/Debug-watchos/include -Xcc -I/Users/admin/builder/spi-builder-workspace/.derivedData/Build/Intermediates.noindex/SLAY.build/Debug-watchos/SLAYUI-t.build/DerivedSources-normal/arm64_32 -Xcc -I/Users/admin/builder/spi-builder-workspace/.derivedData/Build/Intermediates.noindex/SLAY.build/Debug-watchos/SLAYUI-t.build/DerivedSources/arm64_32 -Xcc -I/Users/admin/builder/spi-builder-workspace/.derivedData/Build/Intermediates.noindex/SLAY.build/Debug-watchos/SLAYUI-t.build/DerivedSources -Xcc -DSWIFT_PACKAGE -Xcc -DDEBUG\=1 -emit-objc-header -emit-objc-header-path /Users/admin/builder/spi-builder-workspace/.derivedData/Build/Intermediates.noindex/SLAY.build/Debug-watchos/SLAYUI-t.build/Objects-normal/arm64_32/SLAYUI-Swift.h -working-directory /Users/admin/builder/spi-builder-workspace/.swiftpm/xcode -experimental-emit-module-separately -disable-cmo
SwiftMergeGeneratedHeaders /Users/admin/builder/spi-builder-workspace/.derivedData/Build/Intermediates.noindex/GeneratedModuleMaps-watchos/SLAYUI-Swift.h /Users/admin/builder/spi-builder-workspace/.derivedData/Build/Intermediates.noindex/SLAY.build/Debug-watchos/SLAYUI-t.build/Objects-normal/arm64/SLAYUI-Swift.h /Users/admin/builder/spi-builder-workspace/.derivedData/Build/Intermediates.noindex/SLAY.build/Debug-watchos/SLAYUI-t.build/Objects-normal/arm64_32/SLAYUI-Swift.h (in target 'SLAYUI' from project 'SLAY')
    cd /Users/admin/builder/spi-builder-workspace
    builtin-swiftHeaderTool -arch arm64 /Users/admin/builder/spi-builder-workspace/.derivedData/Build/Intermediates.noindex/SLAY.build/Debug-watchos/SLAYUI-t.build/Objects-normal/arm64/SLAYUI-Swift.h -arch arm64_32 /Users/admin/builder/spi-builder-workspace/.derivedData/Build/Intermediates.noindex/SLAY.build/Debug-watchos/SLAYUI-t.build/Objects-normal/arm64_32/SLAYUI-Swift.h -o /Users/admin/builder/spi-builder-workspace/.derivedData/Build/Intermediates.noindex/GeneratedModuleMaps-watchos/SLAYUI-Swift.h
Copy /Users/admin/builder/spi-builder-workspace/.derivedData/Build/Products/Debug-watchos/SLAYUI.swiftmodule/arm64_32-apple-watchos.swiftmodule /Users/admin/builder/spi-builder-workspace/.derivedData/Build/Intermediates.noindex/SLAY.build/Debug-watchos/SLAYUI-t.build/Objects-normal/arm64_32/SLAYUI.swiftmodule (in target 'SLAYUI' from project 'SLAY')
    cd /Users/admin/builder/spi-builder-workspace
    builtin-copy -exclude .DS_Store -exclude CVS -exclude .svn -exclude .git -exclude .hg -resolve-src-symlinks -rename /Users/admin/builder/spi-builder-workspace/.derivedData/Build/Intermediates.noindex/SLAY.build/Debug-watchos/SLAYUI-t.build/Objects-normal/arm64_32/SLAYUI.swiftmodule /Users/admin/builder/spi-builder-workspace/.derivedData/Build/Products/Debug-watchos/SLAYUI.swiftmodule/arm64_32-apple-watchos.swiftmodule
Copy /Users/admin/builder/spi-builder-workspace/.derivedData/Build/Products/Debug-watchos/SLAYUI.swiftmodule/arm64_32-apple-watchos.swiftdoc /Users/admin/builder/spi-builder-workspace/.derivedData/Build/Intermediates.noindex/SLAY.build/Debug-watchos/SLAYUI-t.build/Objects-normal/arm64_32/SLAYUI.swiftdoc (in target 'SLAYUI' from project 'SLAY')
    cd /Users/admin/builder/spi-builder-workspace
    builtin-copy -exclude .DS_Store -exclude CVS -exclude .svn -exclude .git -exclude .hg -resolve-src-symlinks -rename /Users/admin/builder/spi-builder-workspace/.derivedData/Build/Intermediates.noindex/SLAY.build/Debug-watchos/SLAYUI-t.build/Objects-normal/arm64_32/SLAYUI.swiftdoc /Users/admin/builder/spi-builder-workspace/.derivedData/Build/Products/Debug-watchos/SLAYUI.swiftmodule/arm64_32-apple-watchos.swiftdoc
Copy /Users/admin/builder/spi-builder-workspace/.derivedData/Build/Products/Debug-watchos/SLAYUI.swiftmodule/arm64_32-apple-watchos.abi.json /Users/admin/builder/spi-builder-workspace/.derivedData/Build/Intermediates.noindex/SLAY.build/Debug-watchos/SLAYUI-t.build/Objects-normal/arm64_32/SLAYUI.abi.json (in target 'SLAYUI' from project 'SLAY')
    cd /Users/admin/builder/spi-builder-workspace
    builtin-copy -exclude .DS_Store -exclude CVS -exclude .svn -exclude .git -exclude .hg -resolve-src-symlinks -rename /Users/admin/builder/spi-builder-workspace/.derivedData/Build/Intermediates.noindex/SLAY.build/Debug-watchos/SLAYUI-t.build/Objects-normal/arm64_32/SLAYUI.abi.json /Users/admin/builder/spi-builder-workspace/.derivedData/Build/Products/Debug-watchos/SLAYUI.swiftmodule/arm64_32-apple-watchos.abi.json
Copy /Users/admin/builder/spi-builder-workspace/.derivedData/Build/Products/Debug-watchos/SLAYUI.swiftmodule/Project/arm64_32-apple-watchos.swiftsourceinfo /Users/admin/builder/spi-builder-workspace/.derivedData/Build/Intermediates.noindex/SLAY.build/Debug-watchos/SLAYUI-t.build/Objects-normal/arm64_32/SLAYUI.swiftsourceinfo (in target 'SLAYUI' from project 'SLAY')
    cd /Users/admin/builder/spi-builder-workspace
    builtin-copy -exclude .DS_Store -exclude CVS -exclude .svn -exclude .git -exclude .hg -resolve-src-symlinks -rename /Users/admin/builder/spi-builder-workspace/.derivedData/Build/Intermediates.noindex/SLAY.build/Debug-watchos/SLAYUI-t.build/Objects-normal/arm64_32/SLAYUI.swiftsourceinfo /Users/admin/builder/spi-builder-workspace/.derivedData/Build/Products/Debug-watchos/SLAYUI.swiftmodule/Project/arm64_32-apple-watchos.swiftsourceinfo
SwiftDriver SLAYUIAppKit normal arm64_32 com.apple.xcode.tools.swift.compiler (in target 'SLAYUIAppKit' from project 'SLAY')
    cd /Users/admin/builder/spi-builder-workspace/.swiftpm/xcode
    builtin-SwiftDriver -- /Applications/Xcode-27.0.0-Release.Candidate.app/Contents/Developer/Toolchains/XcodeDefault.xctoolchain/usr/bin/swiftc -parse-as-library -module-name SLAYUIAppKit -Onone @/Users/admin/builder/spi-builder-workspace/.derivedData/Build/Intermediates.noindex/SLAY.build/Debug-watchos/SLAYUIAppKit-t.build/Objects-normal/arm64_32/SLAYUIAppKit.SwiftFileList -DSWIFT_PACKAGE -DDEBUG -DSWIFT_MODULE_RESOURCE_BUNDLE_UNAVAILABLE -DXcode -plugin-path /Applications/Xcode-27.0.0-Release.Candidate.app/Contents/Developer/Toolchains/XcodeDefault.xctoolchain/usr/lib/swift/host/plugins/testing -enable-experimental-feature DebugDescriptionMacro -sdk /Applications/Xcode-27.0.0-Release.Candidate.app/Contents/Developer/Platforms/WatchOS.platform/Developer/SDKs/WatchOS27.0.sdk -target arm64_32-apple-watchos9.0 -g -module-cache-path /Users/admin/builder/spi-builder-workspace/.derivedData/ModuleCache.noindex -Xfrontend -serialize-debugging-options -profile-coverage-mapping -profile-generate -enable-testing -index-store-path /Users/admin/builder/spi-builder-workspace/.derivedData/Index.noindex/DataStore -Xcc -D_LIBCPP_HARDENING_MODE\=_LIBCPP_HARDENING_MODE_DEBUG -swift-version 6 -I /Users/admin/builder/spi-builder-workspace/.derivedData/Build/Products/Debug-watchos -Isystem /Applications/Xcode-27.0.0-Release.Candidate.app/Contents/Developer/Platforms/WatchOS.platform/Developer/usr/lib -F /Users/admin/builder/spi-builder-workspace/.derivedData/Build/Products/Debug-watchos/PackageFrameworks -F /Users/admin/builder/spi-builder-workspace/.derivedData/Build/Products/Debug-watchos -F /Applications/Xcode-27.0.0-Release.Candidate.app/Contents/Developer/Platforms/WatchOS.platform/Developer/Library/Frameworks -F /Applications/Xcode-27.0.0-Release.Candidate.app/Contents/Developer/Platforms/WatchOS.platform/Developer/SDKs/WatchOS27.0.sdk/Developer/Library/Frameworks -c -j10 -enable-batch-mode -incremental -Xcc -ivfsstatcache -Xcc /Users/admin/builder/spi-builder-workspace/.derivedData/SDKStatCaches.noindex/watchos27.0-24R360-e829b21a6f8c9b70876ba0858053c04477534ef55a1706bf4c1112bbb242f0a2.sdkstatcache -output-file-map /Users/admin/builder/spi-builder-workspace/.derivedData/Build/Intermediates.noindex/SLAY.build/Debug-watchos/SLAYUIAppKit-t.build/Objects-normal/arm64_32/SLAYUIAppKit-OutputFileMap.json -save-temps -no-color-diagnostics -explicit-module-build -module-cache-path /Users/admin/builder/spi-builder-workspace/.derivedData/Build/Intermediates.noindex/SwiftExplicitPrecompiledModules -clang-scanner-module-cache-path /Users/admin/builder/spi-builder-workspace/.derivedData/ModuleCache.noindex -sdk-module-cache-path /Users/admin/builder/spi-builder-workspace/.derivedData/SDKExplicitPrecompiledModules -emit-dependencies -emit-module -emit-module-path /Users/admin/builder/spi-builder-workspace/.derivedData/Build/Intermediates.noindex/SLAY.build/Debug-watchos/SLAYUIAppKit-t.build/Objects-normal/arm64_32/SLAYUIAppKit.swiftmodule -serialize-diagnostics -dependency-scan-serialize-diagnostics-path /Users/admin/builder/spi-builder-workspace/.derivedData/Build/Intermediates.noindex/SLAY.build/Debug-watchos/SLAYUIAppKit-t.build/Objects-normal/arm64_32/SLAYUIAppKit-dependency-scan.dia -validate-clang-modules-once -clang-build-session-file /Users/admin/builder/spi-builder-workspace/.derivedData/ModuleCache.noindex/Session.modulevalidation -Xcc -fmodules-prune-interval\=86400 -Xcc -fmodules-prune-after\=345600 -package-name spi_builder_workspace -emit-const-values -const-gather-protocols-list /Users/admin/builder/spi-builder-workspace/.derivedData/Build/Intermediates.noindex/SLAY.build/Debug-watchos/SLAYUIAppKit-t.build/Objects-normal/arm64_32/SLAYUIAppKit_const_extract_protocols.json -Xcc -I/Users/admin/builder/spi-builder-workspace/.derivedData/Build/Products/Debug-watchos/include -Xcc -I/Users/admin/builder/spi-builder-workspace/.derivedData/Build/Intermediates.noindex/SLAY.build/Debug-watchos/SLAYUIAppKit-t.build/DerivedSources-normal/arm64_32 -Xcc -I/Users/admin/builder/spi-builder-workspace/.derivedData/Build/Intermediates.noindex/SLAY.build/Debug-watchos/SLAYUIAppKit-t.build/DerivedSources/arm64_32 -Xcc -I/Users/admin/builder/spi-builder-workspace/.derivedData/Build/Intermediates.noindex/SLAY.build/Debug-watchos/SLAYUIAppKit-t.build/DerivedSources -Xcc -DSWIFT_PACKAGE -Xcc -DDEBUG\=1 -emit-objc-header -emit-objc-header-path /Users/admin/builder/spi-builder-workspace/.derivedData/Build/Intermediates.noindex/SLAY.build/Debug-watchos/SLAYUIAppKit-t.build/Objects-normal/arm64_32/SLAYUIAppKit-Swift.h -working-directory /Users/admin/builder/spi-builder-workspace/.swiftpm/xcode -experimental-emit-module-separately -disable-cmo
/Users/admin/builder/spi-builder-workspace/Sources/SLAYUIAppKit/AppKitRenderable.swift:1:8: error: Unable to resolve module dependency: 'AppKit' (in target 'SLAYUIAppKit' from project 'SLAY')
    note: A dependency of main module 'SLAYUIAppKit'
    /Users/admin/builder/spi-builder-workspace/Sources/SLAYUIAppKit/Color.swift:1:8: note: Also imported here
    /Users/admin/builder/spi-builder-workspace/Sources/SLAYUIAppKit/Font.swift:1:8: note: Also imported here
    /Users/admin/builder/spi-builder-workspace/Sources/SLAYUIAppKit/Group.swift:1:8: note: Also imported here
    /Users/admin/builder/spi-builder-workspace/Sources/SLAYUIAppKit/SLAYAppKitView.swift:1:8: note: Also imported here
    /Users/admin/builder/spi-builder-workspace/Sources/SLAYUIAppKit/ScrollGroup.swift:1:8: note: Also imported here
    /Users/admin/builder/spi-builder-workspace/Sources/SLAYUIAppKit/Text.swift:1:8: note: Also imported here
/Users/admin/builder/spi-builder-workspace/Sources/SLAYUIAppKit/AppKitRenderable.swift:1:8: note: A dependency of main module 'SLAYUIAppKit'
import AppKit
       ^ (in target 'SLAYUIAppKit' from project 'SLAY')
/Users/admin/builder/spi-builder-workspace/Sources/SLAYUIAppKit/Color.swift:1:8: note: Also imported here
import AppKit
       ^ (in target 'SLAYUIAppKit' from project 'SLAY')
/Users/admin/builder/spi-builder-workspace/Sources/SLAYUIAppKit/Font.swift:1:8: note: Also imported here
import AppKit
       ^ (in target 'SLAYUIAppKit' from project 'SLAY')
/Users/admin/builder/spi-builder-workspace/Sources/SLAYUIAppKit/Group.swift:1:8: note: Also imported here
import AppKit
       ^ (in target 'SLAYUIAppKit' from project 'SLAY')
/Users/admin/builder/spi-builder-workspace/Sources/SLAYUIAppKit/SLAYAppKitView.swift:1:8: note: Also imported here
import AppKit
       ^ (in target 'SLAYUIAppKit' from project 'SLAY')
/Users/admin/builder/spi-builder-workspace/Sources/SLAYUIAppKit/ScrollGroup.swift:1:8: note: Also imported here
import AppKit
       ^ (in target 'SLAYUIAppKit' from project 'SLAY')
/Users/admin/builder/spi-builder-workspace/Sources/SLAYUIAppKit/Text.swift:1:8: note: Also imported here
import AppKit
       ^ (in target 'SLAYUIAppKit' from project 'SLAY')
SwiftDriver SLAYUIAppKit normal arm64 com.apple.xcode.tools.swift.compiler (in target 'SLAYUIAppKit' from project 'SLAY')
    cd /Users/admin/builder/spi-builder-workspace/.swiftpm/xcode
    builtin-SwiftDriver -- /Applications/Xcode-27.0.0-Release.Candidate.app/Contents/Developer/Toolchains/XcodeDefault.xctoolchain/usr/bin/swiftc -parse-as-library -module-name SLAYUIAppKit -Onone @/Users/admin/builder/spi-builder-workspace/.derivedData/Build/Intermediates.noindex/SLAY.build/Debug-watchos/SLAYUIAppKit-t.build/Objects-normal/arm64/SLAYUIAppKit.SwiftFileList -DSWIFT_PACKAGE -DDEBUG -DSWIFT_MODULE_RESOURCE_BUNDLE_UNAVAILABLE -DXcode -plugin-path /Applications/Xcode-27.0.0-Release.Candidate.app/Contents/Developer/Toolchains/XcodeDefault.xctoolchain/usr/lib/swift/host/plugins/testing -enable-experimental-feature DebugDescriptionMacro -sdk /Applications/Xcode-27.0.0-Release.Candidate.app/Contents/Developer/Platforms/WatchOS.platform/Developer/SDKs/WatchOS27.0.sdk -target arm64-apple-watchos9.0 -g -module-cache-path /Users/admin/builder/spi-builder-workspace/.derivedData/ModuleCache.noindex -Xfrontend -serialize-debugging-options -profile-coverage-mapping -profile-generate -enable-testing -index-store-path /Users/admin/builder/spi-builder-workspace/.derivedData/Index.noindex/DataStore -Xcc -D_LIBCPP_HARDENING_MODE\=_LIBCPP_HARDENING_MODE_DEBUG -swift-version 6 -I /Users/admin/builder/spi-builder-workspace/.derivedData/Build/Products/Debug-watchos -Isystem /Applications/Xcode-27.0.0-Release.Candidate.app/Contents/Developer/Platforms/WatchOS.platform/Developer/usr/lib -F /Users/admin/builder/spi-builder-workspace/.derivedData/Build/Products/Debug-watchos/PackageFrameworks -F /Users/admin/builder/spi-builder-workspace/.derivedData/Build/Products/Debug-watchos -F /Applications/Xcode-27.0.0-Release.Candidate.app/Contents/Developer/Platforms/WatchOS.platform/Developer/Library/Frameworks -F /Applications/Xcode-27.0.0-Release.Candidate.app/Contents/Developer/Platforms/WatchOS.platform/Developer/SDKs/WatchOS27.0.sdk/Developer/Library/Frameworks -c -j10 -enable-batch-mode -incremental -Xcc -ivfsstatcache -Xcc /Users/admin/builder/spi-builder-workspace/.derivedData/SDKStatCaches.noindex/watchos27.0-24R360-e829b21a6f8c9b70876ba0858053c04477534ef55a1706bf4c1112bbb242f0a2.sdkstatcache -output-file-map /Users/admin/builder/spi-builder-workspace/.derivedData/Build/Intermediates.noindex/SLAY.build/Debug-watchos/SLAYUIAppKit-t.build/Objects-normal/arm64/SLAYUIAppKit-OutputFileMap.json -save-temps -no-color-diagnostics -explicit-module-build -module-cache-path /Users/admin/builder/spi-builder-workspace/.derivedData/Build/Intermediates.noindex/SwiftExplicitPrecompiledModules -clang-scanner-module-cache-path /Users/admin/builder/spi-builder-workspace/.derivedData/ModuleCache.noindex -sdk-module-cache-path /Users/admin/builder/spi-builder-workspace/.derivedData/SDKExplicitPrecompiledModules -emit-dependencies -emit-module -emit-module-path /Users/admin/builder/spi-builder-workspace/.derivedData/Build/Intermediates.noindex/SLAY.build/Debug-watchos/SLAYUIAppKit-t.build/Objects-normal/arm64/SLAYUIAppKit.swiftmodule -serialize-diagnostics -dependency-scan-serialize-diagnostics-path /Users/admin/builder/spi-builder-workspace/.derivedData/Build/Intermediates.noindex/SLAY.build/Debug-watchos/SLAYUIAppKit-t.build/Objects-normal/arm64/SLAYUIAppKit-dependency-scan.dia -validate-clang-modules-once -clang-build-session-file /Users/admin/builder/spi-builder-workspace/.derivedData/ModuleCache.noindex/Session.modulevalidation -Xcc -fmodules-prune-interval\=86400 -Xcc -fmodules-prune-after\=345600 -package-name spi_builder_workspace -emit-const-values -const-gather-protocols-list /Users/admin/builder/spi-builder-workspace/.derivedData/Build/Intermediates.noindex/SLAY.build/Debug-watchos/SLAYUIAppKit-t.build/Objects-normal/arm64/SLAYUIAppKit_const_extract_protocols.json -Xcc -I/Users/admin/builder/spi-builder-workspace/.derivedData/Build/Products/Debug-watchos/include -Xcc -I/Users/admin/builder/spi-builder-workspace/.derivedData/Build/Intermediates.noindex/SLAY.build/Debug-watchos/SLAYUIAppKit-t.build/DerivedSources-normal/arm64 -Xcc -I/Users/admin/builder/spi-builder-workspace/.derivedData/Build/Intermediates.noindex/SLAY.build/Debug-watchos/SLAYUIAppKit-t.build/DerivedSources/arm64 -Xcc -I/Users/admin/builder/spi-builder-workspace/.derivedData/Build/Intermediates.noindex/SLAY.build/Debug-watchos/SLAYUIAppKit-t.build/DerivedSources -Xcc -DSWIFT_PACKAGE -Xcc -DDEBUG\=1 -emit-objc-header -emit-objc-header-path /Users/admin/builder/spi-builder-workspace/.derivedData/Build/Intermediates.noindex/SLAY.build/Debug-watchos/SLAYUIAppKit-t.build/Objects-normal/arm64/SLAYUIAppKit-Swift.h -working-directory /Users/admin/builder/spi-builder-workspace/.swiftpm/xcode -experimental-emit-module-separately -disable-cmo
/Users/admin/builder/spi-builder-workspace/Sources/SLAYUIAppKit/AppKitRenderable.swift:1:8: error: Unable to resolve module dependency: 'AppKit' (in target 'SLAYUIAppKit' from project 'SLAY')
    note: A dependency of main module 'SLAYUIAppKit'
    /Users/admin/builder/spi-builder-workspace/Sources/SLAYUIAppKit/Color.swift:1:8: note: Also imported here
    /Users/admin/builder/spi-builder-workspace/Sources/SLAYUIAppKit/Font.swift:1:8: note: Also imported here
    /Users/admin/builder/spi-builder-workspace/Sources/SLAYUIAppKit/Group.swift:1:8: note: Also imported here
    /Users/admin/builder/spi-builder-workspace/Sources/SLAYUIAppKit/SLAYAppKitView.swift:1:8: note: Also imported here
    /Users/admin/builder/spi-builder-workspace/Sources/SLAYUIAppKit/ScrollGroup.swift:1:8: note: Also imported here
    /Users/admin/builder/spi-builder-workspace/Sources/SLAYUIAppKit/Text.swift:1:8: note: Also imported here
/Users/admin/builder/spi-builder-workspace/Sources/SLAYUIAppKit/AppKitRenderable.swift:1:8: note: A dependency of main module 'SLAYUIAppKit'
import AppKit
       ^ (in target 'SLAYUIAppKit' from project 'SLAY')
/Users/admin/builder/spi-builder-workspace/Sources/SLAYUIAppKit/Color.swift:1:8: note: Also imported here
import AppKit
       ^ (in target 'SLAYUIAppKit' from project 'SLAY')
/Users/admin/builder/spi-builder-workspace/Sources/SLAYUIAppKit/Font.swift:1:8: note: Also imported here
import AppKit
       ^ (in target 'SLAYUIAppKit' from project 'SLAY')
/Users/admin/builder/spi-builder-workspace/Sources/SLAYUIAppKit/Group.swift:1:8: note: Also imported here
import AppKit
       ^ (in target 'SLAYUIAppKit' from project 'SLAY')
/Users/admin/builder/spi-builder-workspace/Sources/SLAYUIAppKit/SLAYAppKitView.swift:1:8: note: Also imported here
import AppKit
       ^ (in target 'SLAYUIAppKit' from project 'SLAY')
/Users/admin/builder/spi-builder-workspace/Sources/SLAYUIAppKit/ScrollGroup.swift:1:8: note: Also imported here
import AppKit
       ^ (in target 'SLAYUIAppKit' from project 'SLAY')
/Users/admin/builder/spi-builder-workspace/Sources/SLAYUIAppKit/Text.swift:1:8: note: Also imported here
import AppKit
       ^ (in target 'SLAYUIAppKit' from project 'SLAY')
SwiftDriverJobDiscovery normal arm64_32 Compiling Font.swift (in target 'SLAYUI' from project 'SLAY')
SwiftDriverJobDiscovery normal arm64 Compiling ScrollGroup.swift (in target 'SLAYUI' from project 'SLAY')
SwiftDriver\ Compilation SLAYUI normal arm64 com.apple.xcode.tools.swift.compiler (in target 'SLAYUI' from project 'SLAY')
    cd /Users/admin/builder/spi-builder-workspace/.swiftpm/xcode
    builtin-Swift-Compilation -- /Applications/Xcode-27.0.0-Release.Candidate.app/Contents/Developer/Toolchains/XcodeDefault.xctoolchain/usr/bin/swiftc -parse-as-library -module-name SLAYUI -Onone @/Users/admin/builder/spi-builder-workspace/.derivedData/Build/Intermediates.noindex/SLAY.build/Debug-watchos/SLAYUI-t.build/Objects-normal/arm64/SLAYUI.SwiftFileList -DSWIFT_PACKAGE -DDEBUG -DSWIFT_MODULE_RESOURCE_BUNDLE_UNAVAILABLE -DXcode -plugin-path /Applications/Xcode-27.0.0-Release.Candidate.app/Contents/Developer/Toolchains/XcodeDefault.xctoolchain/usr/lib/swift/host/plugins/testing -enable-experimental-feature DebugDescriptionMacro -sdk /Applications/Xcode-27.0.0-Release.Candidate.app/Contents/Developer/Platforms/WatchOS.platform/Developer/SDKs/WatchOS27.0.sdk -target arm64-apple-watchos9.0 -g -module-cache-path /Users/admin/builder/spi-builder-workspace/.derivedData/ModuleCache.noindex -Xfrontend -serialize-debugging-options -profile-coverage-mapping -profile-generate -enable-testing -index-store-path /Users/admin/builder/spi-builder-workspace/.derivedData/Index.noindex/DataStore -Xcc -D_LIBCPP_HARDENING_MODE\=_LIBCPP_HARDENING_MODE_DEBUG -swift-version 6 -I /Users/admin/builder/spi-builder-workspace/.derivedData/Build/Products/Debug-watchos -Isystem /Applications/Xcode-27.0.0-Release.Candidate.app/Contents/Developer/Platforms/WatchOS.platform/Developer/usr/lib -F /Users/admin/builder/spi-builder-workspace/.derivedData/Build/Products/Debug-watchos/PackageFrameworks -F /Users/admin/builder/spi-builder-workspace/.derivedData/Build/Products/Debug-watchos -F /Applications/Xcode-27.0.0-Release.Candidate.app/Contents/Developer/Platforms/WatchOS.platform/Developer/Library/Frameworks -F /Applications/Xcode-27.0.0-Release.Candidate.app/Contents/Developer/Platforms/WatchOS.platform/Developer/SDKs/WatchOS27.0.sdk/Developer/Library/Frameworks -c -j10 -enable-batch-mode -incremental -Xcc -ivfsstatcache -Xcc /Users/admin/builder/spi-builder-workspace/.derivedData/SDKStatCaches.noindex/watchos27.0-24R360-e829b21a6f8c9b70876ba0858053c04477534ef55a1706bf4c1112bbb242f0a2.sdkstatcache -output-file-map /Users/admin/builder/spi-builder-workspace/.derivedData/Build/Intermediates.noindex/SLAY.build/Debug-watchos/SLAYUI-t.build/Objects-normal/arm64/SLAYUI-OutputFileMap.json -save-temps -no-color-diagnostics -explicit-module-build -module-cache-path /Users/admin/builder/spi-builder-workspace/.derivedData/Build/Intermediates.noindex/SwiftExplicitPrecompiledModules -clang-scanner-module-cache-path /Users/admin/builder/spi-builder-workspace/.derivedData/ModuleCache.noindex -sdk-module-cache-path /Users/admin/builder/spi-builder-workspace/.derivedData/SDKExplicitPrecompiledModules -emit-dependencies -emit-module -emit-module-path /Users/admin/builder/spi-builder-workspace/.derivedData/Build/Intermediates.noindex/SLAY.build/Debug-watchos/SLAYUI-t.build/Objects-normal/arm64/SLAYUI.swiftmodule -serialize-diagnostics -dependency-scan-serialize-diagnostics-path /Users/admin/builder/spi-builder-workspace/.derivedData/Build/Intermediates.noindex/SLAY.build/Debug-watchos/SLAYUI-t.build/Objects-normal/arm64/SLAYUI-dependency-scan.dia -validate-clang-modules-once -clang-build-session-file /Users/admin/builder/spi-builder-workspace/.derivedData/ModuleCache.noindex/Session.modulevalidation -Xcc -fmodules-prune-interval\=86400 -Xcc -fmodules-prune-after\=345600 -package-name spi_builder_workspace -emit-const-values -const-gather-protocols-list /Users/admin/builder/spi-builder-workspace/.derivedData/Build/Intermediates.noindex/SLAY.build/Debug-watchos/SLAYUI-t.build/Objects-normal/arm64/SLAYUI_const_extract_protocols.json -Xcc -I/Users/admin/builder/spi-builder-workspace/.derivedData/Build/Products/Debug-watchos/include -Xcc -I/Users/admin/builder/spi-builder-workspace/.derivedData/Build/Intermediates.noindex/SLAY.build/Debug-watchos/SLAYUI-t.build/DerivedSources-normal/arm64 -Xcc -I/Users/admin/builder/spi-builder-workspace/.derivedData/Build/Intermediates.noindex/SLAY.build/Debug-watchos/SLAYUI-t.build/DerivedSources/arm64 -Xcc -I/Users/admin/builder/spi-builder-workspace/.derivedData/Build/Intermediates.noindex/SLAY.build/Debug-watchos/SLAYUI-t.build/DerivedSources -Xcc -DSWIFT_PACKAGE -Xcc -DDEBUG\=1 -emit-objc-header -emit-objc-header-path /Users/admin/builder/spi-builder-workspace/.derivedData/Build/Intermediates.noindex/SLAY.build/Debug-watchos/SLAYUI-t.build/Objects-normal/arm64/SLAYUI-Swift.h -working-directory /Users/admin/builder/spi-builder-workspace/.swiftpm/xcode -experimental-emit-module-separately -disable-cmo
SwiftDriverJobDiscovery normal arm64_32 Compiling Group.swift (in target 'SLAYUI' from project 'SLAY')
Ld /Users/admin/builder/spi-builder-workspace/.derivedData/Build/Intermediates.noindex/SLAY.build/Debug-watchos/SLAYUI-t.build/Objects-normal/arm64/Binary/SLAYUI.o normal arm64 (in target 'SLAYUI' from project 'SLAY')
    cd /Users/admin/builder/spi-builder-workspace
    /Applications/Xcode-27.0.0-Release.Candidate.app/Contents/Developer/Toolchains/XcodeDefault.xctoolchain/usr/bin/clang -Xlinker -reproducible -target arm64-apple-watchos9.0 -r -isysroot /Applications/Xcode-27.0.0-Release.Candidate.app/Contents/Developer/Platforms/WatchOS.platform/Developer/SDKs/WatchOS27.0.sdk -O0 -Xlinker -no_warn_duplicate_libraries -F/Users/admin/builder/spi-builder-workspace/.derivedData/Build/Intermediates.noindex/EagerLinkingTBDs/Debug-watchos -F/Users/admin/builder/spi-builder-workspace/.derivedData/Build/Products/Debug-watchos/PackageFrameworks -F/Users/admin/builder/spi-builder-workspace/.derivedData/Build/Products/Debug-watchos -iframework /Applications/Xcode-27.0.0-Release.Candidate.app/Contents/Developer/Platforms/WatchOS.platform/Developer/Library/Frameworks -iframework /Applications/Xcode-27.0.0-Release.Candidate.app/Contents/Developer/Platforms/WatchOS.platform/Developer/SDKs/WatchOS27.0.sdk/Developer/Library/Frameworks -filelist /Users/admin/builder/spi-builder-workspace/.derivedData/Build/Intermediates.noindex/SLAY.build/Debug-watchos/SLAYUI-t.build/Objects-normal/arm64/SLAYUI.LinkFileList -nostdlib -Xlinker -object_path_lto -Xlinker /Users/admin/builder/spi-builder-workspace/.derivedData/Build/Intermediates.noindex/SLAY.build/Debug-watchos/SLAYUI-t.build/Objects-normal/arm64/SLAYUI_lto.o -Xlinker -no_deduplicate -Xlinker -debug_variant -Xlinker -dependency_info -Xlinker /Users/admin/builder/spi-builder-workspace/.derivedData/Build/Intermediates.noindex/SLAY.build/Debug-watchos/SLAYUI-t.build/Objects-normal/arm64/SLAYUI_dependency_info.dat -fobjc-link-runtime -L/Applications/Xcode-27.0.0-Release.Candidate.app/Contents/Developer/Toolchains/XcodeDefault.xctoolchain/usr/lib/swift/watchos -L/usr/lib/swift -Xlinker -add_ast_path -Xlinker /Users/admin/builder/spi-builder-workspace/.derivedData/Build/Intermediates.noindex/SLAY.build/Debug-watchos/SLAYUI-t.build/Objects-normal/arm64/SLAYUI.swiftmodule -o /Users/admin/builder/spi-builder-workspace/.derivedData/Build/Intermediates.noindex/SLAY.build/Debug-watchos/SLAYUI-t.build/Objects-normal/arm64/Binary/SLAYUI.o
SwiftDriverJobDiscovery normal arm64_32 Compiling Color.swift (in target 'SLAYUI' from project 'SLAY')
SwiftDriverJobDiscovery normal arm64_32 Compiling Text.swift (in target 'SLAYUI' from project 'SLAY')
SwiftDriverJobDiscovery normal arm64_32 Compiling ScrollGroup.swift (in target 'SLAYUI' from project 'SLAY')
SwiftDriver\ Compilation SLAYUI normal arm64_32 com.apple.xcode.tools.swift.compiler (in target 'SLAYUI' from project 'SLAY')
    cd /Users/admin/builder/spi-builder-workspace/.swiftpm/xcode
    builtin-Swift-Compilation -- /Applications/Xcode-27.0.0-Release.Candidate.app/Contents/Developer/Toolchains/XcodeDefault.xctoolchain/usr/bin/swiftc -parse-as-library -module-name SLAYUI -Onone @/Users/admin/builder/spi-builder-workspace/.derivedData/Build/Intermediates.noindex/SLAY.build/Debug-watchos/SLAYUI-t.build/Objects-normal/arm64_32/SLAYUI.SwiftFileList -DSWIFT_PACKAGE -DDEBUG -DSWIFT_MODULE_RESOURCE_BUNDLE_UNAVAILABLE -DXcode -plugin-path /Applications/Xcode-27.0.0-Release.Candidate.app/Contents/Developer/Toolchains/XcodeDefault.xctoolchain/usr/lib/swift/host/plugins/testing -enable-experimental-feature DebugDescriptionMacro -sdk /Applications/Xcode-27.0.0-Release.Candidate.app/Contents/Developer/Platforms/WatchOS.platform/Developer/SDKs/WatchOS27.0.sdk -target arm64_32-apple-watchos9.0 -g -module-cache-path /Users/admin/builder/spi-builder-workspace/.derivedData/ModuleCache.noindex -Xfrontend -serialize-debugging-options -profile-coverage-mapping -profile-generate -enable-testing -index-store-path /Users/admin/builder/spi-builder-workspace/.derivedData/Index.noindex/DataStore -Xcc -D_LIBCPP_HARDENING_MODE\=_LIBCPP_HARDENING_MODE_DEBUG -swift-version 6 -I /Users/admin/builder/spi-builder-workspace/.derivedData/Build/Products/Debug-watchos -Isystem /Applications/Xcode-27.0.0-Release.Candidate.app/Contents/Developer/Platforms/WatchOS.platform/Developer/usr/lib -F /Users/admin/builder/spi-builder-workspace/.derivedData/Build/Products/Debug-watchos/PackageFrameworks -F /Users/admin/builder/spi-builder-workspace/.derivedData/Build/Products/Debug-watchos -F /Applications/Xcode-27.0.0-Release.Candidate.app/Contents/Developer/Platforms/WatchOS.platform/Developer/Library/Frameworks -F /Applications/Xcode-27.0.0-Release.Candidate.app/Contents/Developer/Platforms/WatchOS.platform/Developer/SDKs/WatchOS27.0.sdk/Developer/Library/Frameworks -c -j10 -enable-batch-mode -incremental -Xcc -ivfsstatcache -Xcc /Users/admin/builder/spi-builder-workspace/.derivedData/SDKStatCaches.noindex/watchos27.0-24R360-e829b21a6f8c9b70876ba0858053c04477534ef55a1706bf4c1112bbb242f0a2.sdkstatcache -output-file-map /Users/admin/builder/spi-builder-workspace/.derivedData/Build/Intermediates.noindex/SLAY.build/Debug-watchos/SLAYUI-t.build/Objects-normal/arm64_32/SLAYUI-OutputFileMap.json -save-temps -no-color-diagnostics -explicit-module-build -module-cache-path /Users/admin/builder/spi-builder-workspace/.derivedData/Build/Intermediates.noindex/SwiftExplicitPrecompiledModules -clang-scanner-module-cache-path /Users/admin/builder/spi-builder-workspace/.derivedData/ModuleCache.noindex -sdk-module-cache-path /Users/admin/builder/spi-builder-workspace/.derivedData/SDKExplicitPrecompiledModules -emit-dependencies -emit-module -emit-module-path /Users/admin/builder/spi-builder-workspace/.derivedData/Build/Intermediates.noindex/SLAY.build/Debug-watchos/SLAYUI-t.build/Objects-normal/arm64_32/SLAYUI.swiftmodule -serialize-diagnostics -dependency-scan-serialize-diagnostics-path /Users/admin/builder/spi-builder-workspace/.derivedData/Build/Intermediates.noindex/SLAY.build/Debug-watchos/SLAYUI-t.build/Objects-normal/arm64_32/SLAYUI-dependency-scan.dia -validate-clang-modules-once -clang-build-session-file /Users/admin/builder/spi-builder-workspace/.derivedData/ModuleCache.noindex/Session.modulevalidation -Xcc -fmodules-prune-interval\=86400 -Xcc -fmodules-prune-after\=345600 -package-name spi_builder_workspace -emit-const-values -const-gather-protocols-list /Users/admin/builder/spi-builder-workspace/.derivedData/Build/Intermediates.noindex/SLAY.build/Debug-watchos/SLAYUI-t.build/Objects-normal/arm64_32/SLAYUI_const_extract_protocols.json -Xcc -I/Users/admin/builder/spi-builder-workspace/.derivedData/Build/Products/Debug-watchos/include -Xcc -I/Users/admin/builder/spi-builder-workspace/.derivedData/Build/Intermediates.noindex/SLAY.build/Debug-watchos/SLAYUI-t.build/DerivedSources-normal/arm64_32 -Xcc -I/Users/admin/builder/spi-builder-workspace/.derivedData/Build/Intermediates.noindex/SLAY.build/Debug-watchos/SLAYUI-t.build/DerivedSources/arm64_32 -Xcc -I/Users/admin/builder/spi-builder-workspace/.derivedData/Build/Intermediates.noindex/SLAY.build/Debug-watchos/SLAYUI-t.build/DerivedSources -Xcc -DSWIFT_PACKAGE -Xcc -DDEBUG\=1 -emit-objc-header -emit-objc-header-path /Users/admin/builder/spi-builder-workspace/.derivedData/Build/Intermediates.noindex/SLAY.build/Debug-watchos/SLAYUI-t.build/Objects-normal/arm64_32/SLAYUI-Swift.h -working-directory /Users/admin/builder/spi-builder-workspace/.swiftpm/xcode -experimental-emit-module-separately -disable-cmo
Ld /Users/admin/builder/spi-builder-workspace/.derivedData/Build/Intermediates.noindex/SLAY.build/Debug-watchos/SLAYUI-t.build/Objects-normal/arm64_32/Binary/SLAYUI.o normal arm64_32 (in target 'SLAYUI' from project 'SLAY')
    cd /Users/admin/builder/spi-builder-workspace
    /Applications/Xcode-27.0.0-Release.Candidate.app/Contents/Developer/Toolchains/XcodeDefault.xctoolchain/usr/bin/clang -Xlinker -reproducible -target arm64_32-apple-watchos9.0 -r -isysroot /Applications/Xcode-27.0.0-Release.Candidate.app/Contents/Developer/Platforms/WatchOS.platform/Developer/SDKs/WatchOS27.0.sdk -O0 -Xlinker -no_warn_duplicate_libraries -F/Users/admin/builder/spi-builder-workspace/.derivedData/Build/Intermediates.noindex/EagerLinkingTBDs/Debug-watchos -F/Users/admin/builder/spi-builder-workspace/.derivedData/Build/Products/Debug-watchos/PackageFrameworks -F/Users/admin/builder/spi-builder-workspace/.derivedData/Build/Products/Debug-watchos -iframework /Applications/Xcode-27.0.0-Release.Candidate.app/Contents/Developer/Platforms/WatchOS.platform/Developer/Library/Frameworks -iframework /Applications/Xcode-27.0.0-Release.Candidate.app/Contents/Developer/Platforms/WatchOS.platform/Developer/SDKs/WatchOS27.0.sdk/Developer/Library/Frameworks -filelist /Users/admin/builder/spi-builder-workspace/.derivedData/Build/Intermediates.noindex/SLAY.build/Debug-watchos/SLAYUI-t.build/Objects-normal/arm64_32/SLAYUI.LinkFileList -nostdlib -Xlinker -object_path_lto -Xlinker /Users/admin/builder/spi-builder-workspace/.derivedData/Build/Intermediates.noindex/SLAY.build/Debug-watchos/SLAYUI-t.build/Objects-normal/arm64_32/SLAYUI_lto.o -Xlinker -no_deduplicate -Xlinker -debug_variant -Xlinker -dependency_info -Xlinker /Users/admin/builder/spi-builder-workspace/.derivedData/Build/Intermediates.noindex/SLAY.build/Debug-watchos/SLAYUI-t.build/Objects-normal/arm64_32/SLAYUI_dependency_info.dat -fobjc-link-runtime -L/Applications/Xcode-27.0.0-Release.Candidate.app/Contents/Developer/Toolchains/XcodeDefault.xctoolchain/usr/lib/swift/watchos -L/usr/lib/swift -Xlinker -add_ast_path -Xlinker /Users/admin/builder/spi-builder-workspace/.derivedData/Build/Intermediates.noindex/SLAY.build/Debug-watchos/SLAYUI-t.build/Objects-normal/arm64_32/SLAYUI.swiftmodule -o /Users/admin/builder/spi-builder-workspace/.derivedData/Build/Intermediates.noindex/SLAY.build/Debug-watchos/SLAYUI-t.build/Objects-normal/arm64_32/Binary/SLAYUI.o
CreateUniversalBinary /Users/admin/builder/spi-builder-workspace/.derivedData/Build/Products/Debug-watchos/SLAYUI.o normal arm64\ arm64_32 (in target 'SLAYUI' from project 'SLAY')
    cd /Users/admin/builder/spi-builder-workspace
    /Applications/Xcode-27.0.0-Release.Candidate.app/Contents/Developer/Toolchains/XcodeDefault.xctoolchain/usr/bin/lipo -create /Users/admin/builder/spi-builder-workspace/.derivedData/Build/Intermediates.noindex/SLAY.build/Debug-watchos/SLAYUI-t.build/Objects-normal/arm64/Binary/SLAYUI.o /Users/admin/builder/spi-builder-workspace/.derivedData/Build/Intermediates.noindex/SLAY.build/Debug-watchos/SLAYUI-t.build/Objects-normal/arm64_32/Binary/SLAYUI.o -output /Users/admin/builder/spi-builder-workspace/.derivedData/Build/Products/Debug-watchos/SLAYUI.o
ExtractAppIntentsMetadata (in target 'SLAYUI' from project 'SLAY')
    cd /Users/admin/builder/spi-builder-workspace
    /Applications/Xcode-27.0.0-Release.Candidate.app/Contents/Developer/Toolchains/XcodeDefault.xctoolchain/usr/bin/appintentsmetadataprocessor --toolchain-dir /var/run/com.apple.security.cryptexd/mnt/com.apple.MobileAsset.MetalToolchain-v27.1.266.1.p3uPaM/Metal.xctoolchain --module-name SLAYUI --sdk-root /Applications/Xcode-27.0.0-Release.Candidate.app/Contents/Developer/Platforms/WatchOS.platform/Developer/SDKs/WatchOS27.0.sdk --xcode-version 27A266a --platform-family watchOS --deployment-target 9.0 --bundle-identifier spi-builder-workspace.SLAYUI --output /Users/admin/builder/spi-builder-workspace/.derivedData/Build/Products/Debug-watchos/SLAYUI.appintents --target-triple arm64-apple-watchos9.0 --target-triple arm64_32-apple-watchos9.0 --binary-file /Users/admin/builder/spi-builder-workspace/.derivedData/Build/Products/Debug-watchos/SLAYUI.o --dependency-file /Users/admin/builder/spi-builder-workspace/.derivedData/Build/Intermediates.noindex/SLAY.build/Debug-watchos/SLAYUI-t.build/Objects-normal/arm64/SLAYUI_dependency_info.dat --dependency-file /Users/admin/builder/spi-builder-workspace/.derivedData/Build/Intermediates.noindex/SLAY.build/Debug-watchos/SLAYUI-t.build/Objects-normal/arm64_32/SLAYUI_dependency_info.dat --stringsdata-file /Users/admin/builder/spi-builder-workspace/.derivedData/Build/Intermediates.noindex/SLAY.build/Debug-watchos/SLAYUI-t.build/Objects-normal/arm64/ExtractedAppShortcutsMetadata.stringsdata --stringsdata-file /Users/admin/builder/spi-builder-workspace/.derivedData/Build/Intermediates.noindex/SLAY.build/Debug-watchos/SLAYUI-t.build/Objects-normal/arm64_32/ExtractedAppShortcutsMetadata.stringsdata --source-file-list /Users/admin/builder/spi-builder-workspace/.derivedData/Build/Intermediates.noindex/SLAY.build/Debug-watchos/SLAYUI-t.build/Objects-normal/arm64/SLAYUI.SwiftFileList --source-file-list /Users/admin/builder/spi-builder-workspace/.derivedData/Build/Intermediates.noindex/SLAY.build/Debug-watchos/SLAYUI-t.build/Objects-normal/arm64_32/SLAYUI.SwiftFileList --metadata-file-list /Users/admin/builder/spi-builder-workspace/.derivedData/Build/Intermediates.noindex/SLAY.build/Debug-watchos/SLAYUI-t.build/SLAYUI.DependencyMetadataFileList --static-metadata-file-list /Users/admin/builder/spi-builder-workspace/.derivedData/Build/Intermediates.noindex/SLAY.build/Debug-watchos/SLAYUI-t.build/SLAYUI.DependencyStaticMetadataFileList --swift-const-vals-list /Users/admin/builder/spi-builder-workspace/.derivedData/Build/Intermediates.noindex/SLAY.build/Debug-watchos/SLAYUI-t.build/Objects-normal/arm64/SLAYUI.SwiftConstValuesFileList --swift-const-vals-list /Users/admin/builder/spi-builder-workspace/.derivedData/Build/Intermediates.noindex/SLAY.build/Debug-watchos/SLAYUI-t.build/Objects-normal/arm64_32/SLAYUI.SwiftConstValuesFileList --force --compile-time-extraction --deployment-aware-processing --no-app-shortcuts-localization
PruneExplicitPrecompiledModules /Users/admin/builder/spi-builder-workspace/.derivedData/Build/Intermediates.noindex/SwiftExplicitPrecompiledModules
PruneExplicitPrecompiledModules /Users/admin/builder/spi-builder-workspace/.derivedData/Build/Intermediates.noindex/ExplicitPrecompiledModules
PruneExplicitPrecompiledModules /Users/admin/builder/spi-builder-workspace/.derivedData/SDKExplicitPrecompiledModules
2026-09-23 02:01:13.279 xcodebuild[627:3879] [MT] IDERunDestination: Supported platforms for the buildables in the current scheme is empty.
** BUILD FAILED **
The following build commands failed:
	SwiftDriver SLAYUIAppKit normal arm64_32 com.apple.xcode.tools.swift.compiler (in target 'SLAYUIAppKit' from project 'SLAY')
	SwiftDriver SLAYUIAppKit normal arm64 com.apple.xcode.tools.swift.compiler (in target 'SLAYUIAppKit' from project 'SLAY')
	Building workspace SLAY with scheme SLAY-Package
(3 failures)
Command line invocation:
    /Applications/Xcode-27.0.0-Release.Candidate.app/Contents/Developer/usr/bin/xcodebuild -IDEClonedSourcePackagesDirPathOverride=/Users/admin/builder/spi-builder-workspace/.dependencies -resolvePackageDependencies
Resolve Package Graph
Resolved source packages:
  SLAY: /Users/admin/builder/spi-builder-workspace
resolved source packages: SLAY
2026-09-23 02:01:19.360 xcodebuild[738:4467] [MT] IDERunDestination: Supported platforms for the buildables in the current scheme is empty.
{
  "dependencies" : [
  ],
  "manifest_display_name" : "SLAY",
  "name" : "SLAY",
  "path" : "/Users/admin/builder/spi-builder-workspace",
  "platforms" : [
    {
      "name" : "macos",
      "version" : "12.0"
    }
  ],
  "products" : [
    {
      "name" : "SLAY",
      "targets" : [
        "SLAY"
      ],
      "type" : {
        "library" : [
          "automatic"
        ]
      }
    },
    {
      "name" : "SLAYUI",
      "targets" : [
        "SLAYUI"
      ],
      "type" : {
        "library" : [
          "automatic"
        ]
      }
    },
    {
      "name" : "SLAYUIAppKit",
      "targets" : [
        "SLAYUIAppKit"
      ],
      "type" : {
        "library" : [
          "automatic"
        ]
      }
    }
  ],
  "targets" : [
    {
      "c99name" : "SLAYUIAppKit",
      "module_type" : "SwiftTarget",
      "name" : "SLAYUIAppKit",
      "path" : "Sources/SLAYUIAppKit",
      "product_memberships" : [
        "SLAYUIAppKit"
      ],
      "sources" : [
        "AppKitRenderable.swift",
        "Color.swift",
        "Font.swift",
        "Group.swift",
        "SLAYAppKitView.swift",
        "ScrollGroup.swift",
        "Text.swift"
      ],
      "target_dependencies" : [
        "SLAYUI"
      ],
      "type" : "library"
    },
    {
      "c99name" : "SLAYUI",
      "module_type" : "SwiftTarget",
      "name" : "SLAYUI",
      "path" : "Sources/SLAYUI",
      "product_memberships" : [
        "SLAYUI",
        "SLAYUIAppKit"
      ],
      "sources" : [
        "Color.swift",
        "Font.swift",
        "Group.swift",
        "GroupProtocol.swift",
        "ScrollGroup.swift",
        "ScrollGroupProtocol.swift",
        "Text.swift",
        "TextProtocol.swift"
      ],
      "target_dependencies" : [
        "SLAY"
      ],
      "type" : "library"
    },
    {
      "c99name" : "SLAYTests",
      "module_type" : "SwiftTarget",
      "name" : "SLAYTests",
      "path" : "Tests/SLAYTests",
      "sources" : [
        "AbsoluteLayoutSystemTests.swift",
        "AspectRatioTests.swift",
        "ListLayoutSystemTests.swift"
      ],
      "target_dependencies" : [
        "SLAY"
      ],
      "type" : "test"
    },
    {
      "c99name" : "SLAY",
      "module_type" : "SwiftTarget",
      "name" : "SLAY",
      "path" : "Sources/SLAY",
      "product_memberships" : [
        "SLAY",
        "SLAYUI",
        "SLAYUIAppKit"
      ],
      "sources" : [
        "AbsoluteLayoutSystem.swift",
        "AspectRatio.swift",
        "Axis.swift",
        "LayoutDimention.swift",
        "LayoutDirection.swift",
        "LayoutEngine.swift",
        "LayoutInsets.swift",
        "LayoutSystem.swift",
        "ListLayoutSystem.swift",
        "PropertySignal.swift",
        "SignalEmitter.swift",
        "SyntheticUIObject.swift",
        "SyntheticUIObjectWithChildren.swift",
        "UIObject.swift",
        "UniqueID.swift",
        "Vector2.swift"
      ],
      "type" : "library"
    }
  ],
  "tools_version" : "6.1"
}
{
  "workspace" : {
    "name" : "SLAY",
    "schemes" : [
      "SLAY",
      "SLAY-Package",
      "SLAYUI",
      "SLAYUIAppKit"
    ]
  }
}
2026-09-23 02:01:20.569 xcodebuild[746:4534] [MT] IDERunDestination: Supported platforms for the buildables in the current scheme is empty.
Running build ...
env DEVELOPER_DIR=/Applications/Xcode-27.0.0-Release.Candidate.app xcrun xcodebuild -IDEClonedSourcePackagesDirPathOverride=$PWD/.dependencies -skipMacroValidation -skipPackagePluginValidation -derivedDataPath $PWD/.derivedData build -scheme SLAY-Package -destination generic/platform=watchOS
Command line invocation:
    /Applications/Xcode-27.0.0-Release.Candidate.app/Contents/Developer/usr/bin/xcodebuild -IDEClonedSourcePackagesDirPathOverride=/Users/admin/builder/spi-builder-workspace/.dependencies -skipMacroValidation -skipPackagePluginValidation -derivedDataPath /Users/admin/builder/spi-builder-workspace/.derivedData build -scheme SLAY-Package -destination generic/platform=watchOS
Resolve Package Graph
Resolved source packages:
  SLAY: /Users/admin/builder/spi-builder-workspace
ComputePackagePrebuildTargetDependencyGraph
Prepare packages
CreateBuildRequest
SendProjectDescription
CreateBuildOperation
ComputeTargetDependencyGraph
note: Building targets in dependency order
note: Target dependency graph (6 targets)
    Target 'SLAYUIAppKit-product' in project 'SLAY'
        ➜ Explicit dependency on target 'SLAYUIAppKit' in project 'SLAY'
        ➜ Explicit dependency on target 'SLAY' in project 'SLAY'
        ➜ Explicit dependency on target 'SLAYUI' in project 'SLAY'
    Target 'SLAYUIAppKit' in project 'SLAY'
        ➜ Explicit dependency on target 'SLAY' in project 'SLAY'
        ➜ Explicit dependency on target 'SLAYUI' in project 'SLAY'
    Target 'SLAYUI-product' in project 'SLAY'
        ➜ Explicit dependency on target 'SLAYUI' in project 'SLAY'
        ➜ Explicit dependency on target 'SLAY' in project 'SLAY'
    Target 'SLAYUI' in project 'SLAY'
        ➜ Explicit dependency on target 'SLAY' in project 'SLAY'
    Target 'SLAY-product' in project 'SLAY'
        ➜ Explicit dependency on target 'SLAY' in project 'SLAY'
    Target 'SLAY' in project 'SLAY' (no dependencies)
GatherProvisioningInputs
CreateBuildDescription
ClangStatCache /Applications/Xcode-27.0.0-Release.Candidate.app/Contents/Developer/Toolchains/XcodeDefault.xctoolchain/usr/bin/clang-stat-cache /Applications/Xcode-27.0.0-Release.Candidate.app/Contents/Developer/Platforms/WatchOS.platform/Developer/SDKs/WatchOS27.0.sdk /Users/admin/builder/spi-builder-workspace/.derivedData/SDKStatCaches.noindex/watchos27.0-24R360-e829b21a6f8c9b70876ba0858053c04477534ef55a1706bf4c1112bbb242f0a2.sdkstatcache
    cd /Users/admin/builder/spi-builder-workspace/.swiftpm/xcode
    /Applications/Xcode-27.0.0-Release.Candidate.app/Contents/Developer/Toolchains/XcodeDefault.xctoolchain/usr/bin/clang-stat-cache /Applications/Xcode-27.0.0-Release.Candidate.app/Contents/Developer/Platforms/WatchOS.platform/Developer/SDKs/WatchOS27.0.sdk -o /Users/admin/builder/spi-builder-workspace/.derivedData/SDKStatCaches.noindex/watchos27.0-24R360-e829b21a6f8c9b70876ba0858053c04477534ef55a1706bf4c1112bbb242f0a2.sdkstatcache
SwiftDriver SLAYUIAppKit normal arm64_32 com.apple.xcode.tools.swift.compiler (in target 'SLAYUIAppKit' from project 'SLAY')
    cd /Users/admin/builder/spi-builder-workspace/.swiftpm/xcode
    builtin-SwiftDriver -- /Applications/Xcode-27.0.0-Release.Candidate.app/Contents/Developer/Toolchains/XcodeDefault.xctoolchain/usr/bin/swiftc -parse-as-library -module-name SLAYUIAppKit -Onone @/Users/admin/builder/spi-builder-workspace/.derivedData/Build/Intermediates.noindex/SLAY.build/Debug-watchos/SLAYUIAppKit-t.build/Objects-normal/arm64_32/SLAYUIAppKit.SwiftFileList -DSWIFT_PACKAGE -DDEBUG -DSWIFT_MODULE_RESOURCE_BUNDLE_UNAVAILABLE -DXcode -plugin-path /Applications/Xcode-27.0.0-Release.Candidate.app/Contents/Developer/Toolchains/XcodeDefault.xctoolchain/usr/lib/swift/host/plugins/testing -enable-experimental-feature DebugDescriptionMacro -sdk /Applications/Xcode-27.0.0-Release.Candidate.app/Contents/Developer/Platforms/WatchOS.platform/Developer/SDKs/WatchOS27.0.sdk -target arm64_32-apple-watchos9.0 -g -module-cache-path /Users/admin/builder/spi-builder-workspace/.derivedData/ModuleCache.noindex -Xfrontend -serialize-debugging-options -profile-coverage-mapping -profile-generate -enable-testing -index-store-path /Users/admin/builder/spi-builder-workspace/.derivedData/Index.noindex/DataStore -Xcc -D_LIBCPP_HARDENING_MODE\=_LIBCPP_HARDENING_MODE_DEBUG -swift-version 6 -I /Users/admin/builder/spi-builder-workspace/.derivedData/Build/Products/Debug-watchos -Isystem /Applications/Xcode-27.0.0-Release.Candidate.app/Contents/Developer/Platforms/WatchOS.platform/Developer/usr/lib -F /Users/admin/builder/spi-builder-workspace/.derivedData/Build/Products/Debug-watchos/PackageFrameworks -F /Users/admin/builder/spi-builder-workspace/.derivedData/Build/Products/Debug-watchos -F /Applications/Xcode-27.0.0-Release.Candidate.app/Contents/Developer/Platforms/WatchOS.platform/Developer/Library/Frameworks -F /Applications/Xcode-27.0.0-Release.Candidate.app/Contents/Developer/Platforms/WatchOS.platform/Developer/SDKs/WatchOS27.0.sdk/Developer/Library/Frameworks -c -j10 -enable-batch-mode -incremental -Xcc -ivfsstatcache -Xcc /Users/admin/builder/spi-builder-workspace/.derivedData/SDKStatCaches.noindex/watchos27.0-24R360-e829b21a6f8c9b70876ba0858053c04477534ef55a1706bf4c1112bbb242f0a2.sdkstatcache -output-file-map /Users/admin/builder/spi-builder-workspace/.derivedData/Build/Intermediates.noindex/SLAY.build/Debug-watchos/SLAYUIAppKit-t.build/Objects-normal/arm64_32/SLAYUIAppKit-OutputFileMap.json -save-temps -no-color-diagnostics -explicit-module-build -module-cache-path /Users/admin/builder/spi-builder-workspace/.derivedData/Build/Intermediates.noindex/SwiftExplicitPrecompiledModules -clang-scanner-module-cache-path /Users/admin/builder/spi-builder-workspace/.derivedData/ModuleCache.noindex -sdk-module-cache-path /Users/admin/builder/spi-builder-workspace/.derivedData/SDKExplicitPrecompiledModules -emit-dependencies -emit-module -emit-module-path /Users/admin/builder/spi-builder-workspace/.derivedData/Build/Intermediates.noindex/SLAY.build/Debug-watchos/SLAYUIAppKit-t.build/Objects-normal/arm64_32/SLAYUIAppKit.swiftmodule -serialize-diagnostics -dependency-scan-serialize-diagnostics-path /Users/admin/builder/spi-builder-workspace/.derivedData/Build/Intermediates.noindex/SLAY.build/Debug-watchos/SLAYUIAppKit-t.build/Objects-normal/arm64_32/SLAYUIAppKit-dependency-scan.dia -validate-clang-modules-once -clang-build-session-file /Users/admin/builder/spi-builder-workspace/.derivedData/ModuleCache.noindex/Session.modulevalidation -Xcc -fmodules-prune-interval\=86400 -Xcc -fmodules-prune-after\=345600 -package-name spi_builder_workspace -emit-const-values -const-gather-protocols-list /Users/admin/builder/spi-builder-workspace/.derivedData/Build/Intermediates.noindex/SLAY.build/Debug-watchos/SLAYUIAppKit-t.build/Objects-normal/arm64_32/SLAYUIAppKit_const_extract_protocols.json -Xcc -I/Users/admin/builder/spi-builder-workspace/.derivedData/Build/Products/Debug-watchos/include -Xcc -I/Users/admin/builder/spi-builder-workspace/.derivedData/Build/Intermediates.noindex/SLAY.build/Debug-watchos/SLAYUIAppKit-t.build/DerivedSources-normal/arm64_32 -Xcc -I/Users/admin/builder/spi-builder-workspace/.derivedData/Build/Intermediates.noindex/SLAY.build/Debug-watchos/SLAYUIAppKit-t.build/DerivedSources/arm64_32 -Xcc -I/Users/admin/builder/spi-builder-workspace/.derivedData/Build/Intermediates.noindex/SLAY.build/Debug-watchos/SLAYUIAppKit-t.build/DerivedSources -Xcc -DSWIFT_PACKAGE -Xcc -DDEBUG\=1 -emit-objc-header -emit-objc-header-path /Users/admin/builder/spi-builder-workspace/.derivedData/Build/Intermediates.noindex/SLAY.build/Debug-watchos/SLAYUIAppKit-t.build/Objects-normal/arm64_32/SLAYUIAppKit-Swift.h -working-directory /Users/admin/builder/spi-builder-workspace/.swiftpm/xcode -experimental-emit-module-separately -disable-cmo
/Users/admin/builder/spi-builder-workspace/Sources/SLAYUIAppKit/AppKitRenderable.swift:1:8: error: Unable to resolve module dependency: 'AppKit' (in target 'SLAYUIAppKit' from project 'SLAY')
    note: A dependency of main module 'SLAYUIAppKit'
    /Users/admin/builder/spi-builder-workspace/Sources/SLAYUIAppKit/Color.swift:1:8: note: Also imported here
    /Users/admin/builder/spi-builder-workspace/Sources/SLAYUIAppKit/Font.swift:1:8: note: Also imported here
    /Users/admin/builder/spi-builder-workspace/Sources/SLAYUIAppKit/Group.swift:1:8: note: Also imported here
    /Users/admin/builder/spi-builder-workspace/Sources/SLAYUIAppKit/SLAYAppKitView.swift:1:8: note: Also imported here
    /Users/admin/builder/spi-builder-workspace/Sources/SLAYUIAppKit/ScrollGroup.swift:1:8: note: Also imported here
    /Users/admin/builder/spi-builder-workspace/Sources/SLAYUIAppKit/Text.swift:1:8: note: Also imported here
/Users/admin/builder/spi-builder-workspace/Sources/SLAYUIAppKit/AppKitRenderable.swift:1:8: note: A dependency of main module 'SLAYUIAppKit'
import AppKit
       ^ (in target 'SLAYUIAppKit' from project 'SLAY')
/Users/admin/builder/spi-builder-workspace/Sources/SLAYUIAppKit/Color.swift:1:8: note: Also imported here
import AppKit
       ^ (in target 'SLAYUIAppKit' from project 'SLAY')
/Users/admin/builder/spi-builder-workspace/Sources/SLAYUIAppKit/Font.swift:1:8: note: Also imported here
import AppKit
       ^ (in target 'SLAYUIAppKit' from project 'SLAY')
/Users/admin/builder/spi-builder-workspace/Sources/SLAYUIAppKit/Group.swift:1:8: note: Also imported here
import AppKit
       ^ (in target 'SLAYUIAppKit' from project 'SLAY')
/Users/admin/builder/spi-builder-workspace/Sources/SLAYUIAppKit/SLAYAppKitView.swift:1:8: note: Also imported here
import AppKit
       ^ (in target 'SLAYUIAppKit' from project 'SLAY')
/Users/admin/builder/spi-builder-workspace/Sources/SLAYUIAppKit/ScrollGroup.swift:1:8: note: Also imported here
import AppKit
       ^ (in target 'SLAYUIAppKit' from project 'SLAY')
/Users/admin/builder/spi-builder-workspace/Sources/SLAYUIAppKit/Text.swift:1:8: note: Also imported here
import AppKit
       ^ (in target 'SLAYUIAppKit' from project 'SLAY')
SwiftDriver SLAYUIAppKit normal arm64 com.apple.xcode.tools.swift.compiler (in target 'SLAYUIAppKit' from project 'SLAY')
    cd /Users/admin/builder/spi-builder-workspace/.swiftpm/xcode
    builtin-SwiftDriver -- /Applications/Xcode-27.0.0-Release.Candidate.app/Contents/Developer/Toolchains/XcodeDefault.xctoolchain/usr/bin/swiftc -parse-as-library -module-name SLAYUIAppKit -Onone @/Users/admin/builder/spi-builder-workspace/.derivedData/Build/Intermediates.noindex/SLAY.build/Debug-watchos/SLAYUIAppKit-t.build/Objects-normal/arm64/SLAYUIAppKit.SwiftFileList -DSWIFT_PACKAGE -DDEBUG -DSWIFT_MODULE_RESOURCE_BUNDLE_UNAVAILABLE -DXcode -plugin-path /Applications/Xcode-27.0.0-Release.Candidate.app/Contents/Developer/Toolchains/XcodeDefault.xctoolchain/usr/lib/swift/host/plugins/testing -enable-experimental-feature DebugDescriptionMacro -sdk /Applications/Xcode-27.0.0-Release.Candidate.app/Contents/Developer/Platforms/WatchOS.platform/Developer/SDKs/WatchOS27.0.sdk -target arm64-apple-watchos9.0 -g -module-cache-path /Users/admin/builder/spi-builder-workspace/.derivedData/ModuleCache.noindex -Xfrontend -serialize-debugging-options -profile-coverage-mapping -profile-generate -enable-testing -index-store-path /Users/admin/builder/spi-builder-workspace/.derivedData/Index.noindex/DataStore -Xcc -D_LIBCPP_HARDENING_MODE\=_LIBCPP_HARDENING_MODE_DEBUG -swift-version 6 -I /Users/admin/builder/spi-builder-workspace/.derivedData/Build/Products/Debug-watchos -Isystem /Applications/Xcode-27.0.0-Release.Candidate.app/Contents/Developer/Platforms/WatchOS.platform/Developer/usr/lib -F /Users/admin/builder/spi-builder-workspace/.derivedData/Build/Products/Debug-watchos/PackageFrameworks -F /Users/admin/builder/spi-builder-workspace/.derivedData/Build/Products/Debug-watchos -F /Applications/Xcode-27.0.0-Release.Candidate.app/Contents/Developer/Platforms/WatchOS.platform/Developer/Library/Frameworks -F /Applications/Xcode-27.0.0-Release.Candidate.app/Contents/Developer/Platforms/WatchOS.platform/Developer/SDKs/WatchOS27.0.sdk/Developer/Library/Frameworks -c -j10 -enable-batch-mode -incremental -Xcc -ivfsstatcache -Xcc /Users/admin/builder/spi-builder-workspace/.derivedData/SDKStatCaches.noindex/watchos27.0-24R360-e829b21a6f8c9b70876ba0858053c04477534ef55a1706bf4c1112bbb242f0a2.sdkstatcache -output-file-map /Users/admin/builder/spi-builder-workspace/.derivedData/Build/Intermediates.noindex/SLAY.build/Debug-watchos/SLAYUIAppKit-t.build/Objects-normal/arm64/SLAYUIAppKit-OutputFileMap.json -save-temps -no-color-diagnostics -explicit-module-build -module-cache-path /Users/admin/builder/spi-builder-workspace/.derivedData/Build/Intermediates.noindex/SwiftExplicitPrecompiledModules -clang-scanner-module-cache-path /Users/admin/builder/spi-builder-workspace/.derivedData/ModuleCache.noindex -sdk-module-cache-path /Users/admin/builder/spi-builder-workspace/.derivedData/SDKExplicitPrecompiledModules -emit-dependencies -emit-module -emit-module-path /Users/admin/builder/spi-builder-workspace/.derivedData/Build/Intermediates.noindex/SLAY.build/Debug-watchos/SLAYUIAppKit-t.build/Objects-normal/arm64/SLAYUIAppKit.swiftmodule -serialize-diagnostics -dependency-scan-serialize-diagnostics-path /Users/admin/builder/spi-builder-workspace/.derivedData/Build/Intermediates.noindex/SLAY.build/Debug-watchos/SLAYUIAppKit-t.build/Objects-normal/arm64/SLAYUIAppKit-dependency-scan.dia -validate-clang-modules-once -clang-build-session-file /Users/admin/builder/spi-builder-workspace/.derivedData/ModuleCache.noindex/Session.modulevalidation -Xcc -fmodules-prune-interval\=86400 -Xcc -fmodules-prune-after\=345600 -package-name spi_builder_workspace -emit-const-values -const-gather-protocols-list /Users/admin/builder/spi-builder-workspace/.derivedData/Build/Intermediates.noindex/SLAY.build/Debug-watchos/SLAYUIAppKit-t.build/Objects-normal/arm64/SLAYUIAppKit_const_extract_protocols.json -Xcc -I/Users/admin/builder/spi-builder-workspace/.derivedData/Build/Products/Debug-watchos/include -Xcc -I/Users/admin/builder/spi-builder-workspace/.derivedData/Build/Intermediates.noindex/SLAY.build/Debug-watchos/SLAYUIAppKit-t.build/DerivedSources-normal/arm64 -Xcc -I/Users/admin/builder/spi-builder-workspace/.derivedData/Build/Intermediates.noindex/SLAY.build/Debug-watchos/SLAYUIAppKit-t.build/DerivedSources/arm64 -Xcc -I/Users/admin/builder/spi-builder-workspace/.derivedData/Build/Intermediates.noindex/SLAY.build/Debug-watchos/SLAYUIAppKit-t.build/DerivedSources -Xcc -DSWIFT_PACKAGE -Xcc -DDEBUG\=1 -emit-objc-header -emit-objc-header-path /Users/admin/builder/spi-builder-workspace/.derivedData/Build/Intermediates.noindex/SLAY.build/Debug-watchos/SLAYUIAppKit-t.build/Objects-normal/arm64/SLAYUIAppKit-Swift.h -working-directory /Users/admin/builder/spi-builder-workspace/.swiftpm/xcode -experimental-emit-module-separately -disable-cmo
/Users/admin/builder/spi-builder-workspace/Sources/SLAYUIAppKit/AppKitRenderable.swift:1:8: error: Unable to resolve module dependency: 'AppKit' (in target 'SLAYUIAppKit' from project 'SLAY')
    note: A dependency of main module 'SLAYUIAppKit'
    /Users/admin/builder/spi-builder-workspace/Sources/SLAYUIAppKit/Color.swift:1:8: note: Also imported here
    /Users/admin/builder/spi-builder-workspace/Sources/SLAYUIAppKit/Font.swift:1:8: note: Also imported here
    /Users/admin/builder/spi-builder-workspace/Sources/SLAYUIAppKit/Group.swift:1:8: note: Also imported here
    /Users/admin/builder/spi-builder-workspace/Sources/SLAYUIAppKit/SLAYAppKitView.swift:1:8: note: Also imported here
    /Users/admin/builder/spi-builder-workspace/Sources/SLAYUIAppKit/ScrollGroup.swift:1:8: note: Also imported here
    /Users/admin/builder/spi-builder-workspace/Sources/SLAYUIAppKit/Text.swift:1:8: note: Also imported here
/Users/admin/builder/spi-builder-workspace/Sources/SLAYUIAppKit/AppKitRenderable.swift:1:8: note: A dependency of main module 'SLAYUIAppKit'
import AppKit
       ^ (in target 'SLAYUIAppKit' from project 'SLAY')
/Users/admin/builder/spi-builder-workspace/Sources/SLAYUIAppKit/Color.swift:1:8: note: Also imported here
import AppKit
       ^ (in target 'SLAYUIAppKit' from project 'SLAY')
/Users/admin/builder/spi-builder-workspace/Sources/SLAYUIAppKit/Font.swift:1:8: note: Also imported here
import AppKit
       ^ (in target 'SLAYUIAppKit' from project 'SLAY')
/Users/admin/builder/spi-builder-workspace/Sources/SLAYUIAppKit/Group.swift:1:8: note: Also imported here
import AppKit
       ^ (in target 'SLAYUIAppKit' from project 'SLAY')
/Users/admin/builder/spi-builder-workspace/Sources/SLAYUIAppKit/SLAYAppKitView.swift:1:8: note: Also imported here
import AppKit
       ^ (in target 'SLAYUIAppKit' from project 'SLAY')
/Users/admin/builder/spi-builder-workspace/Sources/SLAYUIAppKit/ScrollGroup.swift:1:8: note: Also imported here
import AppKit
       ^ (in target 'SLAYUIAppKit' from project 'SLAY')
/Users/admin/builder/spi-builder-workspace/Sources/SLAYUIAppKit/Text.swift:1:8: note: Also imported here
import AppKit
       ^ (in target 'SLAYUIAppKit' from project 'SLAY')
ExtractAppIntentsMetadata (in target 'SLAYUI' from project 'SLAY')
    cd /Users/admin/builder/spi-builder-workspace
    /Applications/Xcode-27.0.0-Release.Candidate.app/Contents/Developer/Toolchains/XcodeDefault.xctoolchain/usr/bin/appintentsmetadataprocessor --toolchain-dir /var/run/com.apple.security.cryptexd/mnt/com.apple.MobileAsset.MetalToolchain-v27.1.266.1.p3uPaM/Metal.xctoolchain --module-name SLAYUI --sdk-root /Applications/Xcode-27.0.0-Release.Candidate.app/Contents/Developer/Platforms/WatchOS.platform/Developer/SDKs/WatchOS27.0.sdk --xcode-version 27A266a --platform-family watchOS --deployment-target 9.0 --bundle-identifier spi-builder-workspace.SLAYUI --output /Users/admin/builder/spi-builder-workspace/.derivedData/Build/Products/Debug-watchos/SLAYUI.appintents --target-triple arm64-apple-watchos9.0 --target-triple arm64_32-apple-watchos9.0 --binary-file /Users/admin/builder/spi-builder-workspace/.derivedData/Build/Products/Debug-watchos/SLAYUI.o --dependency-file /Users/admin/builder/spi-builder-workspace/.derivedData/Build/Intermediates.noindex/SLAY.build/Debug-watchos/SLAYUI-t.build/Objects-normal/arm64/SLAYUI_dependency_info.dat --dependency-file /Users/admin/builder/spi-builder-workspace/.derivedData/Build/Intermediates.noindex/SLAY.build/Debug-watchos/SLAYUI-t.build/Objects-normal/arm64_32/SLAYUI_dependency_info.dat --stringsdata-file /Users/admin/builder/spi-builder-workspace/.derivedData/Build/Intermediates.noindex/SLAY.build/Debug-watchos/SLAYUI-t.build/Objects-normal/arm64/ExtractedAppShortcutsMetadata.stringsdata --stringsdata-file /Users/admin/builder/spi-builder-workspace/.derivedData/Build/Intermediates.noindex/SLAY.build/Debug-watchos/SLAYUI-t.build/Objects-normal/arm64_32/ExtractedAppShortcutsMetadata.stringsdata --source-file-list /Users/admin/builder/spi-builder-workspace/.derivedData/Build/Intermediates.noindex/SLAY.build/Debug-watchos/SLAYUI-t.build/Objects-normal/arm64/SLAYUI.SwiftFileList --source-file-list /Users/admin/builder/spi-builder-workspace/.derivedData/Build/Intermediates.noindex/SLAY.build/Debug-watchos/SLAYUI-t.build/Objects-normal/arm64_32/SLAYUI.SwiftFileList --metadata-file-list /Users/admin/builder/spi-builder-workspace/.derivedData/Build/Intermediates.noindex/SLAY.build/Debug-watchos/SLAYUI-t.build/SLAYUI.DependencyMetadataFileList --static-metadata-file-list /Users/admin/builder/spi-builder-workspace/.derivedData/Build/Intermediates.noindex/SLAY.build/Debug-watchos/SLAYUI-t.build/SLAYUI.DependencyStaticMetadataFileList --swift-const-vals-list /Users/admin/builder/spi-builder-workspace/.derivedData/Build/Intermediates.noindex/SLAY.build/Debug-watchos/SLAYUI-t.build/Objects-normal/arm64/SLAYUI.SwiftConstValuesFileList --swift-const-vals-list /Users/admin/builder/spi-builder-workspace/.derivedData/Build/Intermediates.noindex/SLAY.build/Debug-watchos/SLAYUI-t.build/Objects-normal/arm64_32/SLAYUI.SwiftConstValuesFileList --force --compile-time-extraction --deployment-aware-processing --no-app-shortcuts-localization
2026-09-23 02:01:22.255 appintentsmetadataprocessor[751:4621] Starting appintentsmetadataprocessor export
2026-09-23 02:01:22.319 appintentsmetadataprocessor[751:4621] Extracted no relevant App Intents symbols, skipping writing output
PruneExplicitPrecompiledModules /Users/admin/builder/spi-builder-workspace/.derivedData/Build/Intermediates.noindex/SwiftExplicitPrecompiledModules
PruneExplicitPrecompiledModules /Users/admin/builder/spi-builder-workspace/.derivedData/Build/Intermediates.noindex/ExplicitPrecompiledModules
PruneExplicitPrecompiledModules /Users/admin/builder/spi-builder-workspace/.derivedData/SDKExplicitPrecompiledModules
2026-09-23 02:01:21.578 xcodebuild[747:4557] [MT] IDERunDestination: Supported platforms for the buildables in the current scheme is empty.
** BUILD FAILED **
The following build commands failed:
	SwiftDriver SLAYUIAppKit normal arm64_32 com.apple.xcode.tools.swift.compiler (in target 'SLAYUIAppKit' from project 'SLAY')
	SwiftDriver SLAYUIAppKit normal arm64 com.apple.xcode.tools.swift.compiler (in target 'SLAYUIAppKit' from project 'SLAY')
	Building workspace SLAY with scheme SLAY-Package
(3 failures)
BUILD FAILURE 6.4 watchOS