Build Information
Failed to build swift-ast-lint, reference main (2924c6), with Swift 6.1 for macOS (SPM) on 5 Sep 2026 14:48:23 UTC.
Build Command
env DEVELOPER_DIR=/Applications/Xcode-16.3.0.app xcrun swift build --arch arm64Build Log
========================================
RunAll
========================================
Builder version: 5.0.2
Interrupt handler set up.
========================================
Checkout
========================================
Clone URL: https://github.com/Ryu0118/swift-ast-lint.git
Reference: main
Initialized empty Git repository in /Users/admin/builder/spi-builder-workspace/.git/
From https://github.com/Ryu0118/swift-ast-lint
* branch main -> FETCH_HEAD
* [new branch] main -> origin/main
HEAD is now at 2924c62 chore: bump version to 0.4.0
Cloned https://github.com/Ryu0118/swift-ast-lint.git
Revision (git rev-parse @):
2924c62679836457a9daf2f863c96125fc1b7044
SUCCESS checkout https://github.com/Ryu0118/swift-ast-lint.git at main
========================================
Build
========================================
Selected platform: macosSpm
Swift version: 6.1
Building package at path: $PWD
https://github.com/Ryu0118/swift-ast-lint.git
https://github.com/Ryu0118/swift-ast-lint.git
{
"dependencies" : [
{
"identity" : "swift-syntax",
"requirement" : {
"range" : [
{
"lower_bound" : "600.0.0",
"upper_bound" : "700.0.0"
}
]
},
"type" : "sourceControl",
"url" : "https://github.com/swiftlang/swift-syntax.git"
},
{
"identity" : "swift-argument-parser",
"requirement" : {
"range" : [
{
"lower_bound" : "1.7.1",
"upper_bound" : "2.0.0"
}
]
},
"type" : "sourceControl",
"url" : "https://github.com/apple/swift-argument-parser.git"
},
{
"identity" : "yams",
"requirement" : {
"range" : [
{
"lower_bound" : "6.2.1",
"upper_bound" : "7.0.0"
}
]
},
"type" : "sourceControl",
"url" : "https://github.com/jpsim/Yams.git"
},
{
"identity" : "filemanagerprotocol",
"requirement" : {
"range" : [
{
"lower_bound" : "0.1.0",
"upper_bound" : "1.0.0"
}
]
},
"type" : "sourceControl",
"url" : "https://github.com/Ryu0118/FileManagerProtocol.git"
},
{
"identity" : "swift-subprocess",
"requirement" : {
"range" : [
{
"lower_bound" : "0.4.0",
"upper_bound" : "1.0.0"
}
]
},
"type" : "sourceControl",
"url" : "https://github.com/swiftlang/swift-subprocess.git"
},
{
"identity" : "swift-system",
"requirement" : {
"range" : [
{
"lower_bound" : "1.5.0",
"upper_bound" : "2.0.0"
}
]
},
"type" : "sourceControl",
"url" : "https://github.com/apple/swift-system.git"
},
{
"identity" : "swift-async-operations",
"requirement" : {
"range" : [
{
"lower_bound" : "0.5.0",
"upper_bound" : "1.0.0"
}
]
},
"type" : "sourceControl",
"url" : "https://github.com/mtj0928/swift-async-operations.git"
},
{
"identity" : "swift-log",
"requirement" : {
"range" : [
{
"lower_bound" : "1.6.2",
"upper_bound" : "2.0.0"
}
]
},
"type" : "sourceControl",
"url" : "https://github.com/apple/swift-log.git"
},
{
"identity" : "swift-crypto",
"requirement" : {
"range" : [
{
"lower_bound" : "4.5.0",
"upper_bound" : "5.0.0"
}
]
},
"type" : "sourceControl",
"url" : "https://github.com/apple/swift-crypto.git"
}
],
"manifest_display_name" : "swift-ast-lint",
"name" : "swift-ast-lint",
"path" : "/Users/admin/builder/spi-builder-workspace",
"platforms" : [
{
"name" : "macos",
"version" : "15.0"
}
],
"products" : [
{
"name" : "SwiftASTLint",
"targets" : [
"SwiftASTLint"
],
"type" : {
"library" : [
"automatic"
]
}
},
{
"name" : "SwiftASTLintTestSupport",
"targets" : [
"SwiftASTLintTestSupport"
],
"type" : {
"library" : [
"automatic"
]
}
},
{
"name" : "SwiftASTLintScaffold",
"targets" : [
"SwiftASTLintScaffold"
],
"type" : {
"library" : [
"automatic"
]
}
},
{
"name" : "swiftastlinttool",
"targets" : [
"swift-ast-lint-tool"
],
"type" : {
"executable" : null
}
}
],
"targets" : [
{
"c99name" : "swift_ast_lint_tool",
"module_type" : "SwiftTarget",
"name" : "swift-ast-lint-tool",
"path" : "Sources/swift-ast-lint-tool",
"product_dependencies" : [
"ArgumentParser",
"Logging"
],
"product_memberships" : [
"swiftastlinttool"
],
"sources" : [
"InitCommand.swift",
"SwiftASTLintTool.swift",
"Version.swift"
],
"target_dependencies" : [
"SwiftASTLintScaffold"
],
"type" : "executable"
},
{
"c99name" : "SwiftASTLintTests",
"module_type" : "SwiftTarget",
"name" : "SwiftASTLintTests",
"path" : "Tests/SwiftASTLintTests",
"product_dependencies" : [
"SwiftSyntax",
"SwiftParser",
"SwiftDiagnostics",
"FileManagerProtocol"
],
"sources" : [
"ConfigurationLoaderTests.swift",
"DiagnosticTests.swift",
"FileCollectorTests.swift",
"FixApplierTests.swift",
"GlobPatternTests.swift",
"LintAndFixTests.swift",
"LintCacheTests.swift",
"LintCommandTests.swift",
"LintContextFixTests.swift",
"LintContextTests.swift",
"LintEngineFixTests.swift",
"LintEngineProgressTests.swift",
"ParameterizedRuleTests.swift",
"RuleExampleTests.swift",
"RuleSetTests.swift",
"RuleTests.swift",
"RulesReportTests.swift",
"SeverityTests.swift",
"TestHelpers.swift"
],
"target_dependencies" : [
"SwiftASTLint",
"SwiftASTLintTestSupport"
],
"type" : "test"
},
{
"c99name" : "SwiftASTLintTestSupport",
"module_type" : "SwiftTarget",
"name" : "SwiftASTLintTestSupport",
"path" : "Sources/SwiftASTLintTestSupport",
"product_dependencies" : [
"SwiftSyntax",
"SwiftParser",
"SwiftDiagnostics"
],
"product_memberships" : [
"SwiftASTLintTestSupport"
],
"sources" : [
"RuleTestSupport.swift"
],
"target_dependencies" : [
"SwiftASTLint"
],
"type" : "library"
},
{
"c99name" : "SwiftASTLintScaffoldTests",
"module_type" : "SwiftTarget",
"name" : "SwiftASTLintScaffoldTests",
"path" : "Tests/SwiftASTLintScaffoldTests",
"product_dependencies" : [
"FileManagerProtocol"
],
"sources" : [
"ScaffoldTests.swift"
],
"target_dependencies" : [
"SwiftASTLintScaffold"
],
"type" : "test"
},
{
"c99name" : "SwiftASTLintScaffold",
"module_type" : "SwiftTarget",
"name" : "SwiftASTLintScaffold",
"path" : "Sources/SwiftASTLintScaffold",
"product_dependencies" : [
"Subprocess",
"SystemPackage",
"FileManagerProtocol"
],
"product_memberships" : [
"SwiftASTLintScaffold",
"swiftastlinttool"
],
"sources" : [
"Constants.swift",
"Scaffold.swift"
],
"type" : "library"
},
{
"c99name" : "SwiftASTLint",
"module_type" : "SwiftTarget",
"name" : "SwiftASTLint",
"path" : "Sources/SwiftASTLint",
"product_dependencies" : [
"SwiftSyntax",
"SwiftParser",
"SwiftDiagnostics",
"Yams",
"ArgumentParser",
"AsyncOperations",
"Logging",
"FileManagerProtocol",
"Crypto"
],
"product_memberships" : [
"SwiftASTLint",
"SwiftASTLintTestSupport"
],
"sources" : [
"Configuration.swift",
"ConfigurationLoader.swift",
"Constants.swift",
"Diagnostic.swift",
"FileCollector.swift",
"FixApplier.swift",
"GlobPattern.swift",
"LintCache.swift",
"LintCommand.swift",
"LintContext.swift",
"LintEngine.swift",
"Linter.swift",
"Logger.swift",
"ParameterizedRule.swift",
"Rule.swift",
"RuleProtocol.swift",
"RuleSet.swift",
"RulesCommand.swift",
"RulesReport.swift",
"Severity.swift",
"SimpleFixItMessage.swift"
],
"type" : "library"
}
],
"tools_version" : "6.0"
}
Running build ...
env DEVELOPER_DIR=/Applications/Xcode-16.3.0.app xcrun swift build --arch arm64 -Xswiftc -Xfrontend -Xswiftc -stats-output-dir -Xswiftc -Xfrontend -Xswiftc .stats
[1/1] Compiling plugin GenerateManual
[2/2] Compiling plugin GenerateDoccReference
Building for debugging...
[2/39] Write sources
[9/39] Write swiftastlinttool-entitlement.plist
[12/39] Write sources
[14/39] Copying PrivacyInfo.xcprivacy
[15/39] Write sources
[23/39] Write swift-version-2F0A5646E1D333AE.txt
[23/39] Write sources
[26/41] Compiling CSystem shims.c
[27/43] Compiling writer.c
[28/43] Compiling api.c
[29/43] Compiling emitter.c
[30/43] Compiling reader.c
[31/43] Compiling parser.c
[32/79] Compiling scanner.c
[33/79] Emitting module SwiftSyntax603
[35/81] Compiling SwiftSyntax603 Empty.swift
[36/81] Emitting module SwiftSyntax600
[37/81] Compiling SwiftSyntax600 Empty.swift
[38/81] Compiling SwiftSyntax601 Empty.swift
[39/81] Emitting module SwiftSyntax601
[40/85] Emitting module SwiftSyntax602
[41/85] Compiling SwiftSyntax602 Empty.swift
[42/85] Emitting module SwiftSyntax510
[43/85] Compiling SwiftSyntax510 Empty.swift
[44/85] Compiling SwiftSyntax509 Empty.swift
[45/85] Emitting module SwiftSyntax509
[45/85] Write sources
[46/223] Compiling _SubprocessCShims process_shims.c
[47/223] Compiling _SwiftSyntaxCShims PlatformMutex.c
[49/223] Compiling AsyncOperations Sequence+AsyncReduce.swift
[50/223] Compiling AsyncOperations numberOfConcurrentTasks.swift
[51/223] Compiling AsyncOperations withOrderedTaskGroup.swift
[52/224] Compiling AsyncOperations Sequence+AsyncForEach.swift
[53/224] Compiling AsyncOperations Sequence+AsyncMap.swift
[54/224] Compiling AsyncOperations Sequence+AsyncContains.swift
[55/224] Compiling AsyncOperations Sequence+AsyncFilter.swift
[56/224] Compiling AsyncOperations Optional+asyncMap.swift
[57/224] Compiling AsyncOperations InternalForEach.swift
[58/224] Compiling AsyncOperations Sequence+AsyncAllSatisfy.swift
[59/224] Compiling AsyncOperations Sequence+AsyncCompactMap.swift
[60/224] Compiling AsyncOperations AsyncSequence+AsyncForEach.swift
[61/224] Compiling AsyncOperations Index.swift
[62/224] Emitting module AsyncOperations
[63/224] Compiling AsyncOperations Sequence+AsyncFirst.swift
[64/224] Compiling AsyncOperations Sequence+AsyncFlatMap.swift
[65/274] Compiling AsyncOperations withThrowingOrderedTaskGroup.swift
[66/288] Emitting module ArgumentParserToolInfo
[67/288] Compiling ArgumentParserToolInfo ToolInfo.swift
[68/336] Compiling Logging LoggingSystem.swift
[69/337] Compiling ArgumentParser ArgumentDecoder.swift
[70/337] Compiling ArgumentParser ArgumentDefinition.swift
[71/337] Compiling ArgumentParser ArgumentSet.swift
[72/337] Compiling ArgumentParser CommandParser.swift
[73/340] Compiling Logging Logger+With.swift
unable to find node: pound
unable to find node: pound
[74/340] Compiling Logging Logger+Attributes.swift
[75/340] Compiling Logging LogHandler.swift
[76/340] Compiling Logging Logger.swift
[77/340] Compiling ArgumentParser Foundation.swift
[78/340] Compiling ArgumentParser Mutex.swift
[79/340] Compiling ArgumentParser Platform.swift
[80/340] Compiling Logging MetadataProvider.swift
[81/340] Compiling ArgumentParser InputKey.swift
[82/340] Compiling ArgumentParser SequenceExtensions.swift
[83/340] Compiling ArgumentParser StringExtensions.swift
[84/340] Compiling Logging LogEvent.swift
[85/340] Compiling Logging Locks.swift
[86/340] Compiling ArgumentParser InputOrigin.swift
[87/340] Compiling ArgumentParser Name.swift
[88/340] Compiling ArgumentParser Parsed.swift
[89/340] Emitting module SystemPackage
[90/340] Compiling Logging SwiftLogNoOpLogHandler.swift
[91/340] Emitting module Logging
unable to find node: pound
unable to find node: pound
[92/340] Compiling ArgumentParser BashCompletionsGenerator.swift
[93/340] Compiling ArgumentParser CompletionsGenerator.swift
[94/340] Compiling SystemPackage Util.swift
[95/340] Compiling SystemPackage UtilConsumers.swift
[96/340] Compiling SystemPackage WinSDK+Overlay.swift
[97/340] Compiling ArgumentParser DumpHelpGenerator.swift
[98/340] Compiling ArgumentParser HelpCommand.swift
[99/340] Compiling ArgumentParser HelpGenerator.swift
[100/340] Compiling ArgumentParser MessageInfo.swift
[101/340] Compiling ArgumentParser Argument.swift
[102/340] Compiling ArgumentParser ArgumentDiscussion.swift
[103/340] Compiling ArgumentParser CommandGroup.swift
[104/340] Compiling ArgumentParser EnumerableFlag.swift
[107/340] Compiling ArgumentParser FishCompletionsGenerator.swift
[108/340] Compiling ArgumentParser ZshCompletionsGenerator.swift
[109/340] Compiling ArgumentParser ExpressibleByArgument.swift
[110/340] Compiling ArgumentParser ParsableArguments.swift
[111/340] Compiling ArgumentParser ParsableCommand.swift
[112/340] Compiling ArgumentParser SplitArguments.swift
[113/340] Compiling ArgumentParser ParsedValues.swift
[114/340] Compiling ArgumentParser ParserError.swift
[115/340] Compiling ArgumentParser UsageGenerator.swift
[116/340] Compiling ArgumentParser CollectionExtensions.swift
[117/362] Compiling Subprocess API.swift
[118/362] Compiling Subprocess AsyncBufferSequence.swift
[119/362] Compiling Subprocess Buffer.swift
[120/362] Compiling Subprocess Configuration.swift
[121/362] Compiling Subprocess Error.swift
[122/362] Compiling Subprocess Execution.swift
[123/362] Compiling Subprocess AsyncIO+Dispatch.swift
[124/369] Compiling Subprocess AsyncIO+Linux.swift
[125/369] Compiling Subprocess AsyncIO+Windows.swift
[126/369] Compiling Subprocess Input.swift
[127/369] Compiling Subprocess Output.swift
[128/369] Compiling Subprocess Subprocess+BSD.swift
[129/369] Compiling Subprocess Subprocess+Darwin.swift
[130/369] Compiling Subprocess Subprocess+Linux.swift
[131/369] Compiling Subprocess Output+Foundation.swift
[132/369] Compiling Subprocess Span+SubprocessFoundation.swift
[133/371] Emitting module ArgumentParser
[134/376] Compiling ArgumentParser ArgumentHelp.swift
[135/376] Compiling ArgumentParser ArgumentVisibility.swift
[136/376] Compiling ArgumentParser CompletionKind.swift
[137/376] Compiling ArgumentParser Errors.swift
[138/376] Compiling ArgumentParser Flag.swift
[139/376] Compiling ArgumentParser NameSpecification.swift
[144/376] Emitting module Yams
[145/376] Emitting module Subprocess
[146/378] Compiling ArgumentParser Option.swift
[147/378] Compiling ArgumentParser OptionGroup.swift
[148/378] Compiling ArgumentParser ParentCommand.swift
[149/378] Compiling ArgumentParser AsyncParsableCommand.swift
[150/378] Compiling ArgumentParser CommandConfiguration.swift
[156/378] Compiling ArgumentParser CodingKeyValidator.swift
[157/378] Compiling ArgumentParser NonsenseFlagsValidator.swift
[158/378] Compiling ArgumentParser ParsableArgumentsValidation.swift
[159/378] Compiling ArgumentParser PositionalArgumentsValidator.swift
[160/378] Compiling ArgumentParser UniqueNamesValidator.swift
[167/378] Compiling Crypto NISTCurvesKeys.swift
[168/378] Compiling Crypto X25519Keys.swift
[169/378] Compiling Crypto SymmetricKeys.swift
[170/378] Compiling Crypto HMAC.swift
[171/378] Compiling Crypto MACFunctions.swift
[172/378] Compiling Crypto MessageAuthenticationCode.swift
[173/378] Compiling Crypto AES.swift
[174/378] Compiling Crypto ECDSASignature_boring.swift
[175/378] Compiling Crypto ECDSA_boring.swift
[185/387] Emitting module Crypto
[190/387] Compiling Subprocess Subprocess+Unix.swift
[191/387] Compiling Subprocess Subprocess+Windows.swift
[192/387] Compiling Subprocess Result.swift
[195/387] Compiling Yams YamlError.swift
[196/387] Compiling Yams YamlTagProviding.swift
[197/387] Compiling Subprocess Teardown.swift
[198/387] Compiling Subprocess Thread.swift
[205/387] Compiling SwiftSyntax SyntaxEnum.swift
[206/387] Compiling SwiftSyntax SyntaxKind.swift
[207/387] Compiling SwiftSyntax SyntaxRewriter.swift
[208/387] Compiling SwiftSyntax SyntaxTraits.swift
[209/387] Compiling SwiftSyntax SyntaxVisitor.swift
[210/387] Compiling SwiftSyntax TokenKind.swift
[211/387] Compiling SwiftSyntax SyntaxNodesD.swift
[212/387] Compiling SwiftSyntax SyntaxNodesEF.swift
[213/387] Compiling SwiftSyntax SyntaxNodesGHI.swift
[214/387] Compiling SwiftSyntax SyntaxNodesJKLMN.swift
[215/387] Compiling SwiftSyntax SyntaxNodesOP.swift
[216/387] Compiling SwiftSyntax SyntaxNodesQRS.swift
[217/387] Compiling SwiftSyntax SyntaxNodesTUVWXYZ.swift
[218/387] Compiling Crypto HPKE.swift
[219/387] Compiling Crypto HPKE-Context.swift
[220/387] Compiling Crypto HPKE-KeySchedule.swift
[221/387] Compiling Crypto HPKE-Modes.swift
[222/387] Compiling Crypto Insecure.swift
[223/387] Compiling Crypto Insecure_HashFunctions.swift
[224/387] Compiling Crypto MLKEM_boring.swift
[249/387] Compiling SwiftSyntax RenamedChildrenCompatibility.swift
[250/387] Compiling SwiftSyntax RenamedNodesCompatibility.swift
[251/387] Compiling SwiftSyntax SyntaxAnyVisitor.swift
[252/387] Compiling SwiftSyntax SyntaxBaseNodes.swift
[253/387] Compiling SwiftSyntax SyntaxCollections.swift
error: emit-module command failed with exit code 1 (use -v to see invocation)
[256/387] Emitting module FileManagerProtocol
/Users/admin/builder/spi-builder-workspace/.build/checkouts/FileManagerProtocol/Sources/FileManagerProtocol/FileManagerProtocol.swift:135:5: error: conformance to 'Sendable' must occur in the same source file as class 'FileManager'; use '@unchecked Sendable' for retroactive conformance
133 | }
134 |
135 | extension FileManager: FileManagerProtocolMacOS {}
| `- error: conformance to 'Sendable' must occur in the same source file as class 'FileManager'; use '@unchecked Sendable' for retroactive conformance
136 | #else
137 | extension FileManager: FileManagerProtocol {}
[257/387] Compiling FileManagerProtocol FileManagerProtocol.swift
/Users/admin/builder/spi-builder-workspace/.build/checkouts/FileManagerProtocol/Sources/FileManagerProtocol/FileManagerProtocol.swift:135:5: error: conformance to 'Sendable' must occur in the same source file as class 'FileManager'; use '@unchecked Sendable' for retroactive conformance
133 | }
134 |
135 | extension FileManager: FileManagerProtocolMacOS {}
| `- error: conformance to 'Sendable' must occur in the same source file as class 'FileManager'; use '@unchecked Sendable' for retroactive conformance
136 | #else
137 | extension FileManager: FileManagerProtocol {}
Fetching https://github.com/apple/swift-system.git from cache
Fetching https://github.com/Ryu0118/FileManagerProtocol.git
Fetching https://github.com/swiftlang/swift-subprocess.git
Fetching https://github.com/mtj0928/swift-async-operations.git
Fetching https://github.com/jpsim/Yams.git from cache
Fetching https://github.com/apple/swift-crypto.git from cache
Fetching https://github.com/apple/swift-log.git from cache
[1/31] Fetching filemanagerprotocol
[32/1061] Fetching filemanagerprotocol, swift-async-operations
[177/5787] Fetching filemanagerprotocol, swift-async-operations, swift-subprocess
Fetched https://github.com/apple/swift-system.git from cache (1.32s)
Fetching https://github.com/apple/swift-argument-parser.git from cache
Fetched https://github.com/Ryu0118/FileManagerProtocol.git from cache (1.36s)
Fetched https://github.com/swiftlang/swift-subprocess.git from cache (1.36s)
Fetching https://github.com/swiftlang/swift-syntax.git from cache
Fetched https://github.com/mtj0928/swift-async-operations.git from cache (1.70s)
Fetched https://github.com/jpsim/Yams.git from cache (1.72s)
Fetched https://github.com/apple/swift-crypto.git from cache (1.76s)
Fetched https://github.com/apple/swift-log.git from cache (1.77s)
Fetched https://github.com/apple/swift-argument-parser.git from cache (1.89s)
Fetched https://github.com/swiftlang/swift-syntax.git from cache (2.69s)
Computing version for https://github.com/mtj0928/swift-async-operations.git
Computed https://github.com/mtj0928/swift-async-operations.git at 0.5.0 (7.44s)
Computing version for https://github.com/Ryu0118/FileManagerProtocol.git
Computed https://github.com/Ryu0118/FileManagerProtocol.git at 0.1.0 (0.44s)
Computing version for https://github.com/swiftlang/swift-subprocess.git
Computed https://github.com/swiftlang/swift-subprocess.git at 0.4.0 (0.46s)
Computing version for https://github.com/jpsim/Yams.git
Computed https://github.com/jpsim/Yams.git at 6.2.2 (0.46s)
Computing version for https://github.com/apple/swift-crypto.git
Computed https://github.com/apple/swift-crypto.git at 4.5.2 (1.06s)
Fetching https://github.com/apple/swift-asn1.git from cache
Fetched https://github.com/apple/swift-asn1.git from cache (1.22s)
Computing version for https://github.com/apple/swift-argument-parser.git
Computed https://github.com/apple/swift-argument-parser.git at 1.8.2 (1.72s)
Computing version for https://github.com/swiftlang/swift-syntax.git
Computed https://github.com/swiftlang/swift-syntax.git at 603.0.2 (2.51s)
Computing version for https://github.com/apple/swift-asn1.git
Computed https://github.com/apple/swift-asn1.git at 1.7.2 (0.58s)
Computing version for https://github.com/apple/swift-system.git
Computed https://github.com/apple/swift-system.git at 1.8.1 (0.51s)
Computing version for https://github.com/apple/swift-log.git
Computed https://github.com/apple/swift-log.git at 1.15.0 (0.47s)
Creating working copy for https://github.com/apple/swift-argument-parser.git
Working copy of https://github.com/apple/swift-argument-parser.git resolved at 1.8.2
Creating working copy for https://github.com/swiftlang/swift-syntax.git
Working copy of https://github.com/swiftlang/swift-syntax.git resolved at 603.0.2
Creating working copy for https://github.com/jpsim/Yams.git
Working copy of https://github.com/jpsim/Yams.git resolved at 6.2.2
Creating working copy for https://github.com/swiftlang/swift-subprocess.git
Working copy of https://github.com/swiftlang/swift-subprocess.git resolved at 0.4.0
Creating working copy for https://github.com/apple/swift-crypto.git
Working copy of https://github.com/apple/swift-crypto.git resolved at 4.5.2
Creating working copy for https://github.com/Ryu0118/FileManagerProtocol.git
Working copy of https://github.com/Ryu0118/FileManagerProtocol.git resolved at 0.1.0
Creating working copy for https://github.com/apple/swift-asn1.git
Working copy of https://github.com/apple/swift-asn1.git resolved at 1.7.2
Creating working copy for https://github.com/mtj0928/swift-async-operations.git
Working copy of https://github.com/mtj0928/swift-async-operations.git resolved at 0.5.0
Creating working copy for https://github.com/apple/swift-log.git
Working copy of https://github.com/apple/swift-log.git resolved at 1.15.0
Creating working copy for https://github.com/apple/swift-system.git
Working copy of https://github.com/apple/swift-system.git resolved at 1.8.1
Running build ...
env DEVELOPER_DIR=/Applications/Xcode-16.3.0.app xcrun swift build --arch arm64
[0/1] Planning build
[1/1] Compiling plugin GenerateManual
[2/2] Compiling plugin GenerateDoccReference
Building for debugging...
[2/6] Write swift-version-2F0A5646E1D333AE.txt
[4/51] Compiling SwiftSyntax509 Empty.swift
[5/51] Emitting module SwiftSyntax600
[6/51] Compiling SwiftSyntax600 Empty.swift
[7/51] Emitting module SwiftSyntax509
[8/51] Compiling SwiftSyntax510 Empty.swift
[9/66] Emitting module SwiftSyntax510
[10/85] Emitting module SwiftSyntax603
[11/85] Compiling SwiftSyntax603 Empty.swift
[12/85] Compiling SwiftSyntax602 Empty.swift
[13/85] Emitting module SwiftSyntax602
[14/85] Compiling SwiftSyntax601 Empty.swift
[15/85] Emitting module SwiftSyntax601
[16/190] Compiling AsyncOperations numberOfConcurrentTasks.swift
[17/190] Compiling AsyncOperations withOrderedTaskGroup.swift
[18/190] Compiling Crypto ANSIx963.swift
[19/190] Compiling Crypto HKDF.swift
[20/190] Compiling AsyncOperations Sequence+AsyncReduce.swift
[21/191] Compiling Crypto Digest.swift
[22/191] Compiling Crypto Digests.swift
[23/191] Compiling Logging LoggingSystem.swift
[24/192] Compiling Crypto HashFunctions.swift
[25/192] Compiling Crypto HashFunctions_SHA2.swift
[26/192] Compiling Crypto CryptoKitErrors.swift
[27/192] Compiling Crypto Digest_boring.swift
[28/209] Compiling SwiftSyntax SyntaxChildren.swift
[29/209] Compiling SwiftSyntax SyntaxCollection.swift
[30/256] Emitting module AsyncOperations
[31/256] Compiling SwiftSyntax SwiftSyntaxCompatibility.swift
[32/256] Compiling SwiftSyntax Syntax.swift
[33/256] Compiling AsyncOperations withThrowingOrderedTaskGroup.swift
error: emit-module command failed with exit code 1 (use -v to see invocation)
[34/256] Compiling FileManagerProtocol FileManagerProtocol.swift
/Users/admin/builder/spi-builder-workspace/.build/checkouts/FileManagerProtocol/Sources/FileManagerProtocol/FileManagerProtocol.swift:135:5: error: conformance to 'Sendable' must occur in the same source file as class 'FileManager'; use '@unchecked Sendable' for retroactive conformance
133 | }
134 |
135 | extension FileManager: FileManagerProtocolMacOS {}
| `- error: conformance to 'Sendable' must occur in the same source file as class 'FileManager'; use '@unchecked Sendable' for retroactive conformance
136 | #else
137 | extension FileManager: FileManagerProtocol {}
[35/256] Emitting module FileManagerProtocol
/Users/admin/builder/spi-builder-workspace/.build/checkouts/FileManagerProtocol/Sources/FileManagerProtocol/FileManagerProtocol.swift:135:5: error: conformance to 'Sendable' must occur in the same source file as class 'FileManager'; use '@unchecked Sendable' for retroactive conformance
133 | }
134 |
135 | extension FileManager: FileManagerProtocolMacOS {}
| `- error: conformance to 'Sendable' must occur in the same source file as class 'FileManager'; use '@unchecked Sendable' for retroactive conformance
136 | #else
137 | extension FileManager: FileManagerProtocol {}
[36/256] Emitting module ArgumentParserToolInfo
BUILD FAILURE 6.1 macosSpm