The Swift Package Index logo.Swift Package Index

Build Information

Failed to build MRCYandexMobileAdsPackage, reference master (d1603a), with Swift 6.4 for iOS using Xcode 27.0 on 25 Sep 2026 15:18:25 UTC.

Build Command

env DEVELOPER_DIR=/Applications/Xcode-27.0.0-Release.Candidate.app xcrun xcodebuild -IDEClonedSourcePackagesDirPathOverride=$PWD/.dependencies -skipMacroValidation -skipPackagePluginValidation -derivedDataPath $PWD/.derivedData build -scheme MRCYandexMobileAdsPackage-Package -destination generic/platform=iOS

Build Log

        ➜ Explicit dependency on target 'VGSLFundamentals' in project 'vgsl'
        ➜ Explicit dependency on target 'VGSLUI' in project 'vgsl'
        ➜ Explicit dependency on target 'VGSLNetworking' in project 'vgsl'
    Target 'VGSL' in project 'vgsl'
        ➜ Explicit dependency on target 'VGSLFundamentals' in project 'vgsl'
        ➜ Explicit dependency on target 'VGSLUI' in project 'vgsl'
        ➜ Explicit dependency on target 'VGSLNetworking' in project 'vgsl'
    Target 'VGSLNetworking' in project 'vgsl'
        ➜ Explicit dependency on target 'VGSLFundamentals' in project 'vgsl'
        ➜ Explicit dependency on target 'VGSLUI' in project 'vgsl'
    Target 'VGSLUI' in project 'vgsl'
        ➜ Explicit dependency on target 'VGSLFundamentals' in project 'vgsl'
    Target 'VGSLFundamentals' in project 'vgsl'
        ➜ Explicit dependency on target 'vgsl_VGSLFundamentals' in project 'vgsl'
    Target 'vgsl_VGSLFundamentals' in project 'vgsl' (no dependencies)
    Target 'AppMetricaIDSync-product' in project 'AppMetrica'
        ➜ Explicit dependency on target 'AppMetricaIDSync' in project 'AppMetrica'
        ➜ Explicit dependency on target 'AppMetrica_AppMetricaIDSync' in project 'AppMetrica'
        ➜ Explicit dependency on target 'AppMetricaLog' in project 'AppMetrica'
        ➜ Explicit dependency on target 'AppMetricaCoreUtils' in project 'AppMetrica'
        ➜ Explicit dependency on target 'AppMetricaPlatform' in project 'AppMetrica'
        ➜ Explicit dependency on target 'AppMetricaNetwork' in project 'AppMetrica'
        ➜ Explicit dependency on target 'AppMetricaHostState' in project 'AppMetrica'
        ➜ Explicit dependency on target 'AppMetricaProtobuf' in project 'AppMetrica'
        ➜ Explicit dependency on target 'AppMetricaProtobufUtils' in project 'AppMetrica'
        ➜ Explicit dependency on target 'AppMetricaStorageUtils' in project 'AppMetrica'
        ➜ Explicit dependency on target 'AppMetricaEncodingUtils' in project 'AppMetrica'
        ➜ Explicit dependency on target 'AppMetricaFMDB' in project 'AppMetrica'
        ➜ Explicit dependency on target 'AppMetricaKeychain' in project 'AppMetrica'
        ➜ Explicit dependency on target 'AppMetricaLogSwift' in project 'AppMetrica'
        ➜ Explicit dependency on target 'AppMetricaSynchronization' in project 'AppMetrica'
        ➜ Explicit dependency on target 'AppMetricaIdentifiers' in project 'AppMetrica'
        ➜ Explicit dependency on target 'AppMetricaCore' in project 'AppMetrica'
        ➜ Explicit dependency on target 'AppMetricaCoreExtension' in project 'AppMetrica'
    Target 'AppMetricaIDSync' in project 'AppMetrica'
        ➜ Explicit dependency on target 'AppMetrica_AppMetricaIDSync' in project 'AppMetrica'
        ➜ Explicit dependency on target 'AppMetricaLog' in project 'AppMetrica'
        ➜ Explicit dependency on target 'AppMetricaCoreUtils' in project 'AppMetrica'
        ➜ Explicit dependency on target 'AppMetricaPlatform' in project 'AppMetrica'
        ➜ Explicit dependency on target 'AppMetricaNetwork' in project 'AppMetrica'
        ➜ Explicit dependency on target 'AppMetricaHostState' in project 'AppMetrica'
        ➜ Explicit dependency on target 'AppMetricaProtobuf' in project 'AppMetrica'
        ➜ Explicit dependency on target 'AppMetricaProtobufUtils' in project 'AppMetrica'
        ➜ Explicit dependency on target 'AppMetricaStorageUtils' in project 'AppMetrica'
        ➜ Explicit dependency on target 'AppMetricaEncodingUtils' in project 'AppMetrica'
        ➜ Explicit dependency on target 'AppMetricaFMDB' in project 'AppMetrica'
        ➜ Explicit dependency on target 'AppMetricaKeychain' in project 'AppMetrica'
        ➜ Explicit dependency on target 'AppMetricaLogSwift' in project 'AppMetrica'
        ➜ Explicit dependency on target 'AppMetricaSynchronization' in project 'AppMetrica'
        ➜ Explicit dependency on target 'AppMetricaIdentifiers' in project 'AppMetrica'
        ➜ Explicit dependency on target 'AppMetricaCore' in project 'AppMetrica'
        ➜ Explicit dependency on target 'AppMetricaCoreExtension' in project 'AppMetrica'
    Target 'AppMetrica_AppMetricaIDSync' in project 'AppMetrica' (no dependencies)
    Target 'AppMetricaAdSupport-product' in project 'AppMetrica'
        ➜ Explicit dependency on target 'AppMetricaAdSupport' in project 'AppMetrica'
        ➜ Explicit dependency on target 'AppMetrica_AppMetricaAdSupport' in project 'AppMetrica'
        ➜ Explicit dependency on target 'AppMetricaLog' in project 'AppMetrica'
        ➜ Explicit dependency on target 'AppMetricaCoreUtils' in project 'AppMetrica'
        ➜ Explicit dependency on target 'AppMetricaPlatform' in project 'AppMetrica'
        ➜ Explicit dependency on target 'AppMetricaNetwork' in project 'AppMetrica'
        ➜ Explicit dependency on target 'AppMetricaHostState' in project 'AppMetrica'
        ➜ Explicit dependency on target 'AppMetricaProtobuf' in project 'AppMetrica'
        ➜ Explicit dependency on target 'AppMetricaProtobufUtils' in project 'AppMetrica'
        ➜ Explicit dependency on target 'AppMetricaStorageUtils' in project 'AppMetrica'
        ➜ Explicit dependency on target 'AppMetricaEncodingUtils' in project 'AppMetrica'
        ➜ Explicit dependency on target 'AppMetricaFMDB' in project 'AppMetrica'
        ➜ Explicit dependency on target 'AppMetricaKeychain' in project 'AppMetrica'
        ➜ Explicit dependency on target 'AppMetricaLogSwift' in project 'AppMetrica'
        ➜ Explicit dependency on target 'AppMetricaSynchronization' in project 'AppMetrica'
        ➜ Explicit dependency on target 'AppMetricaIdentifiers' in project 'AppMetrica'
        ➜ Explicit dependency on target 'AppMetricaCore' in project 'AppMetrica'
        ➜ Explicit dependency on target 'AppMetricaCoreExtension' in project 'AppMetrica'
    Target 'AppMetricaAdSupport' in project 'AppMetrica'
        ➜ Explicit dependency on target 'AppMetrica_AppMetricaAdSupport' in project 'AppMetrica'
        ➜ Explicit dependency on target 'AppMetricaLog' in project 'AppMetrica'
        ➜ Explicit dependency on target 'AppMetricaCoreUtils' in project 'AppMetrica'
        ➜ Explicit dependency on target 'AppMetricaPlatform' in project 'AppMetrica'
        ➜ Explicit dependency on target 'AppMetricaNetwork' in project 'AppMetrica'
        ➜ Explicit dependency on target 'AppMetricaHostState' in project 'AppMetrica'
        ➜ Explicit dependency on target 'AppMetricaProtobuf' in project 'AppMetrica'
        ➜ Explicit dependency on target 'AppMetricaProtobufUtils' in project 'AppMetrica'
        ➜ Explicit dependency on target 'AppMetricaStorageUtils' in project 'AppMetrica'
        ➜ Explicit dependency on target 'AppMetricaEncodingUtils' in project 'AppMetrica'
        ➜ Explicit dependency on target 'AppMetricaFMDB' in project 'AppMetrica'
        ➜ Explicit dependency on target 'AppMetricaKeychain' in project 'AppMetrica'
        ➜ Explicit dependency on target 'AppMetricaLogSwift' in project 'AppMetrica'
        ➜ Explicit dependency on target 'AppMetricaSynchronization' in project 'AppMetrica'
        ➜ Explicit dependency on target 'AppMetricaIdentifiers' in project 'AppMetrica'
        ➜ Explicit dependency on target 'AppMetricaCore' in project 'AppMetrica'
        ➜ Explicit dependency on target 'AppMetricaCoreExtension' in project 'AppMetrica'
    Target 'AppMetrica_AppMetricaAdSupport' in project 'AppMetrica' (no dependencies)
    Target 'AppMetricaLibraryAdapter-product' in project 'AppMetrica'
        ➜ Explicit dependency on target 'AppMetricaLibraryAdapter' in project 'AppMetrica'
        ➜ Explicit dependency on target 'AppMetrica_AppMetricaLibraryAdapter' in project 'AppMetrica'
        ➜ Explicit dependency on target 'AppMetricaLog' in project 'AppMetrica'
        ➜ Explicit dependency on target 'AppMetricaCoreUtils' in project 'AppMetrica'
        ➜ Explicit dependency on target 'AppMetricaPlatform' in project 'AppMetrica'
        ➜ Explicit dependency on target 'AppMetricaNetwork' in project 'AppMetrica'
        ➜ Explicit dependency on target 'AppMetricaHostState' in project 'AppMetrica'
        ➜ Explicit dependency on target 'AppMetricaProtobuf' in project 'AppMetrica'
        ➜ Explicit dependency on target 'AppMetricaProtobufUtils' in project 'AppMetrica'
        ➜ Explicit dependency on target 'AppMetricaStorageUtils' in project 'AppMetrica'
        ➜ Explicit dependency on target 'AppMetricaEncodingUtils' in project 'AppMetrica'
        ➜ Explicit dependency on target 'AppMetricaFMDB' in project 'AppMetrica'
        ➜ Explicit dependency on target 'AppMetricaKeychain' in project 'AppMetrica'
        ➜ Explicit dependency on target 'AppMetricaLogSwift' in project 'AppMetrica'
        ➜ Explicit dependency on target 'AppMetricaSynchronization' in project 'AppMetrica'
        ➜ Explicit dependency on target 'AppMetricaIdentifiers' in project 'AppMetrica'
        ➜ Explicit dependency on target 'AppMetricaCore' in project 'AppMetrica'
        ➜ Explicit dependency on target 'AppMetricaCoreExtension' in project 'AppMetrica'
    Target 'AppMetricaLibraryAdapter' in project 'AppMetrica'
        ➜ Explicit dependency on target 'AppMetrica_AppMetricaLibraryAdapter' in project 'AppMetrica'
        ➜ Explicit dependency on target 'AppMetricaLog' in project 'AppMetrica'
        ➜ Explicit dependency on target 'AppMetricaCoreUtils' in project 'AppMetrica'
        ➜ Explicit dependency on target 'AppMetricaPlatform' in project 'AppMetrica'
        ➜ Explicit dependency on target 'AppMetricaNetwork' in project 'AppMetrica'
        ➜ Explicit dependency on target 'AppMetricaHostState' in project 'AppMetrica'
        ➜ Explicit dependency on target 'AppMetricaProtobuf' in project 'AppMetrica'
        ➜ Explicit dependency on target 'AppMetricaProtobufUtils' in project 'AppMetrica'
        ➜ Explicit dependency on target 'AppMetricaStorageUtils' in project 'AppMetrica'
        ➜ Explicit dependency on target 'AppMetricaEncodingUtils' in project 'AppMetrica'
        ➜ Explicit dependency on target 'AppMetricaFMDB' in project 'AppMetrica'
        ➜ Explicit dependency on target 'AppMetricaKeychain' in project 'AppMetrica'
        ➜ Explicit dependency on target 'AppMetricaLogSwift' in project 'AppMetrica'
        ➜ Explicit dependency on target 'AppMetricaSynchronization' in project 'AppMetrica'
        ➜ Explicit dependency on target 'AppMetricaIdentifiers' in project 'AppMetrica'
        ➜ Explicit dependency on target 'AppMetricaCore' in project 'AppMetrica'
        ➜ Explicit dependency on target 'AppMetricaCoreExtension' in project 'AppMetrica'
    Target 'AppMetrica_AppMetricaLibraryAdapter' in project 'AppMetrica' (no dependencies)
    Target 'AppMetricaCore-product' in project 'AppMetrica'
        ➜ Explicit dependency on target 'AppMetricaCore' in project 'AppMetrica'
        ➜ Explicit dependency on target 'AppMetricaCoreExtension' in project 'AppMetrica'
        ➜ Explicit dependency on target 'AppMetrica_AppMetricaCore' in project 'AppMetrica'
        ➜ Explicit dependency on target 'AppMetrica_AppMetricaCoreExtension' in project 'AppMetrica'
        ➜ Explicit dependency on target 'AppMetricaLog' in project 'AppMetrica'
        ➜ Explicit dependency on target 'AppMetricaCoreUtils' in project 'AppMetrica'
        ➜ Explicit dependency on target 'AppMetricaPlatform' in project 'AppMetrica'
        ➜ Explicit dependency on target 'AppMetricaNetwork' in project 'AppMetrica'
        ➜ Explicit dependency on target 'AppMetricaHostState' in project 'AppMetrica'
        ➜ Explicit dependency on target 'AppMetricaProtobuf' in project 'AppMetrica'
        ➜ Explicit dependency on target 'AppMetricaProtobufUtils' in project 'AppMetrica'
        ➜ Explicit dependency on target 'AppMetricaStorageUtils' in project 'AppMetrica'
        ➜ Explicit dependency on target 'AppMetricaEncodingUtils' in project 'AppMetrica'
        ➜ Explicit dependency on target 'AppMetricaFMDB' in project 'AppMetrica'
        ➜ Explicit dependency on target 'AppMetricaKeychain' in project 'AppMetrica'
        ➜ Explicit dependency on target 'AppMetricaLogSwift' in project 'AppMetrica'
        ➜ Explicit dependency on target 'AppMetricaSynchronization' in project 'AppMetrica'
        ➜ Explicit dependency on target 'AppMetricaIdentifiers' in project 'AppMetrica'
    Target 'AppMetricaCoreExtension' in project 'AppMetrica'
        ➜ Explicit dependency on target 'AppMetrica_AppMetricaCoreExtension' in project 'AppMetrica'
        ➜ Explicit dependency on target 'AppMetricaLog' in project 'AppMetrica'
        ➜ Explicit dependency on target 'AppMetricaCoreUtils' in project 'AppMetrica'
        ➜ Explicit dependency on target 'AppMetricaPlatform' in project 'AppMetrica'
        ➜ Explicit dependency on target 'AppMetricaNetwork' in project 'AppMetrica'
        ➜ Explicit dependency on target 'AppMetricaHostState' in project 'AppMetrica'
        ➜ Explicit dependency on target 'AppMetricaProtobuf' in project 'AppMetrica'
        ➜ Explicit dependency on target 'AppMetricaProtobufUtils' in project 'AppMetrica'
        ➜ Explicit dependency on target 'AppMetricaStorageUtils' in project 'AppMetrica'
        ➜ Explicit dependency on target 'AppMetricaEncodingUtils' in project 'AppMetrica'
        ➜ Explicit dependency on target 'AppMetricaFMDB' in project 'AppMetrica'
        ➜ Explicit dependency on target 'AppMetricaKeychain' in project 'AppMetrica'
        ➜ Explicit dependency on target 'AppMetricaLogSwift' in project 'AppMetrica'
        ➜ Explicit dependency on target 'AppMetricaSynchronization' in project 'AppMetrica'
        ➜ Explicit dependency on target 'AppMetricaIdentifiers' in project 'AppMetrica'
        ➜ Explicit dependency on target 'AppMetricaCore' in project 'AppMetrica'
    Target 'AppMetrica_AppMetricaCoreExtension' in project 'AppMetrica' (no dependencies)
    Target 'AppMetricaCore' in project 'AppMetrica'
        ➜ Explicit dependency on target 'AppMetrica_AppMetricaCore' in project 'AppMetrica'
        ➜ Explicit dependency on target 'AppMetricaLog' in project 'AppMetrica'
        ➜ Explicit dependency on target 'AppMetricaCoreUtils' in project 'AppMetrica'
        ➜ Explicit dependency on target 'AppMetricaPlatform' in project 'AppMetrica'
        ➜ Explicit dependency on target 'AppMetricaNetwork' in project 'AppMetrica'
        ➜ Explicit dependency on target 'AppMetricaHostState' in project 'AppMetrica'
        ➜ Explicit dependency on target 'AppMetricaProtobuf' in project 'AppMetrica'
        ➜ Explicit dependency on target 'AppMetricaProtobufUtils' in project 'AppMetrica'
        ➜ Explicit dependency on target 'AppMetricaStorageUtils' in project 'AppMetrica'
        ➜ Explicit dependency on target 'AppMetricaEncodingUtils' in project 'AppMetrica'
        ➜ Explicit dependency on target 'AppMetricaFMDB' in project 'AppMetrica'
        ➜ Explicit dependency on target 'AppMetricaKeychain' in project 'AppMetrica'
        ➜ Explicit dependency on target 'AppMetricaLogSwift' in project 'AppMetrica'
        ➜ Explicit dependency on target 'AppMetricaSynchronization' in project 'AppMetrica'
        ➜ Explicit dependency on target 'AppMetricaIdentifiers' in project 'AppMetrica'
    Target 'AppMetricaIdentifiers' in project 'AppMetrica'
        ➜ Explicit dependency on target 'AppMetrica_AppMetricaIdentifiers' in project 'AppMetrica'
        ➜ Explicit dependency on target 'AppMetricaLog' in project 'AppMetrica'
        ➜ Explicit dependency on target 'AppMetricaLogSwift' in project 'AppMetrica'
        ➜ Explicit dependency on target 'AppMetricaCoreUtils' in project 'AppMetrica'
        ➜ Explicit dependency on target 'AppMetricaStorageUtils' in project 'AppMetrica'
        ➜ Explicit dependency on target 'AppMetricaKeychain' in project 'AppMetrica'
        ➜ Explicit dependency on target 'AppMetricaSynchronization' in project 'AppMetrica'
        ➜ Explicit dependency on target 'AppMetricaPlatform' in project 'AppMetrica'
    Target 'AppMetrica_AppMetricaIdentifiers' in project 'AppMetrica' (no dependencies)
    Target 'AppMetricaSynchronization' in project 'AppMetrica'
        ➜ Explicit dependency on target 'AppMetrica_AppMetricaSynchronization' in project 'AppMetrica'
        ➜ Explicit dependency on target 'AppMetricaLog' in project 'AppMetrica'
        ➜ Explicit dependency on target 'AppMetricaLogSwift' in project 'AppMetrica'
    Target 'AppMetrica_AppMetricaSynchronization' in project 'AppMetrica' (no dependencies)
    Target 'AppMetricaLogSwift' in project 'AppMetrica'
        ➜ Explicit dependency on target 'AppMetrica_AppMetricaLogSwift' in project 'AppMetrica'
        ➜ Explicit dependency on target 'AppMetricaLog' in project 'AppMetrica'
    Target 'AppMetrica_AppMetricaLogSwift' in project 'AppMetrica' (no dependencies)
    Target 'AppMetricaKeychain' in project 'AppMetrica'
        ➜ Explicit dependency on target 'AppMetrica_AppMetricaKeychain' in project 'AppMetrica'
        ➜ Explicit dependency on target 'AppMetricaLog' in project 'AppMetrica'
        ➜ Explicit dependency on target 'AppMetricaCoreUtils' in project 'AppMetrica'
        ➜ Explicit dependency on target 'AppMetricaStorageUtils' in project 'AppMetrica'
    Target 'AppMetrica_AppMetricaKeychain' in project 'AppMetrica' (no dependencies)
    Target 'AppMetricaFMDB' in project 'AppMetrica'
        ➜ Explicit dependency on target 'AppMetrica_AppMetricaFMDB' in project 'AppMetrica'
    Target 'AppMetrica_AppMetricaFMDB' in project 'AppMetrica' (no dependencies)
    Target 'AppMetricaEncodingUtils' in project 'AppMetrica'
        ➜ Explicit dependency on target 'AppMetrica_AppMetricaEncodingUtils' in project 'AppMetrica'
        ➜ Explicit dependency on target 'AppMetricaLog' in project 'AppMetrica'
        ➜ Explicit dependency on target 'AppMetricaCoreUtils' in project 'AppMetrica'
        ➜ Explicit dependency on target 'AppMetricaPlatform' in project 'AppMetrica'
    Target 'AppMetrica_AppMetricaEncodingUtils' in project 'AppMetrica' (no dependencies)
    Target 'AppMetricaStorageUtils' in project 'AppMetrica'
        ➜ Explicit dependency on target 'AppMetrica_AppMetricaStorageUtils' in project 'AppMetrica'
        ➜ Explicit dependency on target 'AppMetricaLog' in project 'AppMetrica'
        ➜ Explicit dependency on target 'AppMetricaCoreUtils' in project 'AppMetrica'
    Target 'AppMetrica_AppMetricaStorageUtils' in project 'AppMetrica' (no dependencies)
    Target 'AppMetricaProtobufUtils' in project 'AppMetrica'
        ➜ Explicit dependency on target 'AppMetrica_AppMetricaProtobufUtils' in project 'AppMetrica'
        ➜ Explicit dependency on target 'AppMetricaProtobuf' in project 'AppMetrica'
    Target 'AppMetrica_AppMetricaProtobufUtils' in project 'AppMetrica' (no dependencies)
    Target 'AppMetricaProtobuf' in project 'AppMetrica'
        ➜ Explicit dependency on target 'AppMetrica_AppMetricaProtobuf' in project 'AppMetrica'
    Target 'AppMetrica_AppMetricaProtobuf' in project 'AppMetrica' (no dependencies)
    Target 'AppMetricaHostState' in project 'AppMetrica'
        ➜ Explicit dependency on target 'AppMetrica_AppMetricaHostState' in project 'AppMetrica'
        ➜ Explicit dependency on target 'AppMetricaLog' in project 'AppMetrica'
        ➜ Explicit dependency on target 'AppMetricaCoreUtils' in project 'AppMetrica'
    Target 'AppMetrica_AppMetricaHostState' in project 'AppMetrica' (no dependencies)
    Target 'AppMetricaNetwork' in project 'AppMetrica'
        ➜ Explicit dependency on target 'AppMetrica_AppMetricaNetwork' in project 'AppMetrica'
        ➜ Explicit dependency on target 'AppMetricaLog' in project 'AppMetrica'
        ➜ Explicit dependency on target 'AppMetricaCoreUtils' in project 'AppMetrica'
        ➜ Explicit dependency on target 'AppMetricaPlatform' in project 'AppMetrica'
    Target 'AppMetrica_AppMetricaNetwork' in project 'AppMetrica' (no dependencies)
    Target 'AppMetricaPlatform' in project 'AppMetrica'
        ➜ Explicit dependency on target 'AppMetrica_AppMetricaPlatform' in project 'AppMetrica'
        ➜ Explicit dependency on target 'AppMetricaLog' in project 'AppMetrica'
        ➜ Explicit dependency on target 'AppMetricaCoreUtils' in project 'AppMetrica'
    Target 'AppMetrica_AppMetricaPlatform' in project 'AppMetrica' (no dependencies)
    Target 'AppMetricaCoreUtils' in project 'AppMetrica'
        ➜ Explicit dependency on target 'AppMetrica_AppMetricaCoreUtils' in project 'AppMetrica'
        ➜ Explicit dependency on target 'AppMetricaLog' in project 'AppMetrica'
    Target 'AppMetrica_AppMetricaCoreUtils' in project 'AppMetrica' (no dependencies)
    Target 'AppMetricaLog' in project 'AppMetrica'
        ➜ Explicit dependency on target 'AppMetrica_AppMetricaLog' in project 'AppMetrica'
    Target 'AppMetrica_AppMetricaLog' in project 'AppMetrica' (no dependencies)
    Target 'AppMetrica_AppMetricaCore' in project 'AppMetrica' (no dependencies)
    Target 'MRCYandexMobileAdsPackage_YandexMobileAdsWrapper' in project 'MRCYandexMobileAdsPackage' (no dependencies)
GatherProvisioningInputs
CreateBuildDescription
ClangStatCache /Applications/Xcode-27.0.0-Release.Candidate.app/Contents/Developer/Toolchains/XcodeDefault.xctoolchain/usr/bin/clang-stat-cache /Applications/Xcode-27.0.0-Release.Candidate.app/Contents/Developer/Platforms/iPhoneOS.platform/Developer/SDKs/iPhoneOS27.0.sdk /Users/admin/builder/spi-builder-workspace/.derivedData/SDKStatCaches.noindex/iphoneos27.0-24A430-e829b21a6f8c9b70876ba0858053c04440ceaa042ed91876912b2eeea4e3aa14.sdkstatcache
    cd /Users/admin/builder/spi-builder-workspace/.swiftpm/xcode
    /Applications/Xcode-27.0.0-Release.Candidate.app/Contents/Developer/Toolchains/XcodeDefault.xctoolchain/usr/bin/clang-stat-cache /Applications/Xcode-27.0.0-Release.Candidate.app/Contents/Developer/Platforms/iPhoneOS.platform/Developer/SDKs/iPhoneOS27.0.sdk -o /Users/admin/builder/spi-builder-workspace/.derivedData/SDKStatCaches.noindex/iphoneos27.0-24A430-e829b21a6f8c9b70876ba0858053c04440ceaa042ed91876912b2eeea4e3aa14.sdkstatcache
SwiftDriver AppMetricaIdentifiers normal arm64 com.apple.xcode.tools.swift.compiler (in target 'AppMetricaIdentifiers' from project 'AppMetrica')
    cd /Users/admin/builder/spi-builder-workspace/.swiftpm/xcode
    builtin-SwiftDriver -- /Applications/Xcode-27.0.0-Release.Candidate.app/Contents/Developer/Toolchains/XcodeDefault.xctoolchain/usr/bin/swiftc -parse-as-library -module-name AppMetricaIdentifiers -Onone @/Users/admin/builder/spi-builder-workspace/.derivedData/Build/Intermediates.noindex/AppMetrica.build/Debug-iphoneos/AppMetricaIdentifiers-t.build/Objects-normal/arm64/AppMetricaIdentifiers.SwiftFileList -DSWIFT_PACKAGE -DDEBUG -DSWIFT_MODULE_RESOURCE_BUNDLE_AVAILABLE -Xcc -fmodule-map-file\=/Users/admin/builder/spi-builder-workspace/.derivedData/Build/Intermediates.noindex/GeneratedModuleMaps-iphoneos/AppMetricaPlatform.modulemap -Xcc -fmodule-map-file\=/Users/admin/builder/spi-builder-workspace/.derivedData/Build/Intermediates.noindex/GeneratedModuleMaps-iphoneos/AppMetricaKeychain.modulemap -Xcc -fmodule-map-file\=/Users/admin/builder/spi-builder-workspace/.derivedData/Build/Intermediates.noindex/GeneratedModuleMaps-iphoneos/AppMetricaStorageUtils.modulemap -Xcc -fmodule-map-file\=/Users/admin/builder/spi-builder-workspace/.derivedData/Build/Intermediates.noindex/GeneratedModuleMaps-iphoneos/AppMetricaCoreUtils.modulemap -Xcc -fmodule-map-file\=/Users/admin/builder/spi-builder-workspace/.derivedData/Build/Intermediates.noindex/GeneratedModuleMaps-iphoneos/AppMetricaLog.modulemap -DXcode -plugin-path /Applications/Xcode-27.0.0-Release.Candidate.app/Contents/Developer/Toolchains/XcodeDefault.xctoolchain/usr/lib/swift/host/plugins/testing -enable-experimental-feature DebugDescriptionMacro -sdk /Applications/Xcode-27.0.0-Release.Candidate.app/Contents/Developer/Platforms/iPhoneOS.platform/Developer/SDKs/iPhoneOS27.0.sdk -target arm64-apple-ios15.0 -g -module-cache-path /Users/admin/builder/spi-builder-workspace/.derivedData/ModuleCache.noindex -Xfrontend -serialize-debugging-options -enable-testing -suppress-warnings -index-store-path /Users/admin/builder/spi-builder-workspace/.derivedData/Index.noindex/DataStore -Xcc -D_LIBCPP_HARDENING_MODE\=_LIBCPP_HARDENING_MODE_DEBUG -swift-version 5 -I /Users/admin/builder/spi-builder-workspace/.derivedData/Build/Products/Debug-iphoneos -Isystem /Applications/Xcode-27.0.0-Release.Candidate.app/Contents/Developer/Platforms/iPhoneOS.platform/Developer/usr/lib -F /Users/admin/builder/spi-builder-workspace/.derivedData/Build/Products/Debug-iphoneos/PackageFrameworks -F /Users/admin/builder/spi-builder-workspace/.derivedData/Build/Products/Debug-iphoneos -F /Applications/Xcode-27.0.0-Release.Candidate.app/Contents/Developer/Platforms/iPhoneOS.platform/Developer/Library/Frameworks -F /Applications/Xcode-27.0.0-Release.Candidate.app/Contents/Developer/Platforms/iPhoneOS.platform/Developer/SDKs/iPhoneOS27.0.sdk/Developer/Library/Frameworks -c -j10 -enable-batch-mode -incremental -Xcc -ivfsstatcache -Xcc /Users/admin/builder/spi-builder-workspace/.derivedData/SDKStatCaches.noindex/iphoneos27.0-24A430-e829b21a6f8c9b70876ba0858053c04440ceaa042ed91876912b2eeea4e3aa14.sdkstatcache -output-file-map /Users/admin/builder/spi-builder-workspace/.derivedData/Build/Intermediates.noindex/AppMetrica.build/Debug-iphoneos/AppMetricaIdentifiers-t.build/Objects-normal/arm64/AppMetricaIdentifiers-OutputFileMap.json -save-temps -no-color-diagnostics -explicit-module-build -module-cache-path /Users/admin/builder/spi-builder-workspace/.derivedData/Build/Intermediates.noindex/SwiftExplicitPrecompiledModules -clang-scanner-module-cache-path /Users/admin/builder/spi-builder-workspace/.derivedData/ModuleCache.noindex -sdk-module-cache-path /Users/admin/builder/spi-builder-workspace/.derivedData/SDKExplicitPrecompiledModules -emit-dependencies -emit-module -emit-module-path /Users/admin/builder/spi-builder-workspace/.derivedData/Build/Intermediates.noindex/AppMetrica.build/Debug-iphoneos/AppMetricaIdentifiers-t.build/Objects-normal/arm64/AppMetricaIdentifiers.swiftmodule -serialize-diagnostics -dependency-scan-serialize-diagnostics-path /Users/admin/builder/spi-builder-workspace/.derivedData/Build/Intermediates.noindex/AppMetrica.build/Debug-iphoneos/AppMetricaIdentifiers-t.build/Objects-normal/arm64/AppMetricaIdentifiers-dependency-scan.dia -validate-clang-modules-once -clang-build-session-file /Users/admin/builder/spi-builder-workspace/.derivedData/ModuleCache.noindex/Session.modulevalidation -Xcc -fmodules-prune-interval\=86400 -Xcc -fmodules-prune-after\=345600 -emit-const-values -const-gather-protocols-list /Users/admin/builder/spi-builder-workspace/.derivedData/Build/Intermediates.noindex/AppMetrica.build/Debug-iphoneos/AppMetricaIdentifiers-t.build/Objects-normal/arm64/AppMetricaIdentifiers_const_extract_protocols.json -Xcc -I/Users/admin/builder/spi-builder-workspace/.dependencies/checkouts/appmetrica-sdk-ios/AppMetricaPlatform/Sources/include -Xcc -I/Users/admin/builder/spi-builder-workspace/.dependencies/checkouts/appmetrica-sdk-ios/AppMetricaKeychain/Sources/include -Xcc -I/Users/admin/builder/spi-builder-workspace/.dependencies/checkouts/appmetrica-sdk-ios/AppMetricaStorageUtils/Sources/include -Xcc -I/Users/admin/builder/spi-builder-workspace/.dependencies/checkouts/appmetrica-sdk-ios/AppMetricaCoreUtils/Sources/include -Xcc -I/Users/admin/builder/spi-builder-workspace/.dependencies/checkouts/appmetrica-sdk-ios/AppMetricaLog/Sources/include -Xcc -I/Users/admin/builder/spi-builder-workspace/.derivedData/Build/Products/Debug-iphoneos/include -Xcc -I/Users/admin/builder/spi-builder-workspace/.dependencies/checkouts/appmetrica-sdk-ios/AppMetricaIdentifiers/Sources -Xcc -I/Users/admin/builder/spi-builder-workspace/.dependencies/checkouts/appmetrica-sdk-ios/AppMetricaIdentifiers/Sources/include -Xcc -I/Users/admin/builder/spi-builder-workspace/.dependencies/checkouts/appmetrica-sdk-ios/AppMetricaIdentifiers/Sources/include/AppMetricaIdentifiers -Xcc -I/Users/admin/builder/spi-builder-workspace/.derivedData/Build/Intermediates.noindex/AppMetrica.build/Debug-iphoneos/AppMetricaIdentifiers-t.build/DerivedSources-normal/arm64 -Xcc -I/Users/admin/builder/spi-builder-workspace/.derivedData/Build/Intermediates.noindex/AppMetrica.build/Debug-iphoneos/AppMetricaIdentifiers-t.build/DerivedSources/arm64 -Xcc -I/Users/admin/builder/spi-builder-workspace/.derivedData/Build/Intermediates.noindex/AppMetrica.build/Debug-iphoneos/AppMetricaIdentifiers-t.build/DerivedSources -Xcc -DSWIFT_PACKAGE -Xcc -DDEBUG\=1 -emit-objc-header -emit-objc-header-path /Users/admin/builder/spi-builder-workspace/.derivedData/Build/Intermediates.noindex/AppMetrica.build/Debug-iphoneos/AppMetricaIdentifiers-t.build/Objects-normal/arm64/AppMetricaIdentifiers-Swift.h -working-directory /Users/admin/builder/spi-builder-workspace/.swiftpm/xcode -experimental-emit-module-separately -disable-cmo
SwiftDriver VGSLUI normal arm64 com.apple.xcode.tools.swift.compiler (in target 'VGSLUI' from project 'vgsl')
    cd /Users/admin/builder/spi-builder-workspace/.swiftpm/xcode
    builtin-SwiftDriver -- /Applications/Xcode-27.0.0-Release.Candidate.app/Contents/Developer/Toolchains/XcodeDefault.xctoolchain/usr/bin/swiftc -parse-as-library -module-name VGSLUI -Onone @/Users/admin/builder/spi-builder-workspace/.derivedData/Build/Intermediates.noindex/vgsl.build/Debug-iphoneos/VGSLUI-t.build/Objects-normal/arm64/VGSLUI.SwiftFileList -DSWIFT_PACKAGE -DDEBUG -DSWIFT_MODULE_RESOURCE_BUNDLE_UNAVAILABLE -DXcode -enable-experimental-feature AccessLevelOnImport -plugin-path /Applications/Xcode-27.0.0-Release.Candidate.app/Contents/Developer/Toolchains/XcodeDefault.xctoolchain/usr/lib/swift/host/plugins/testing -enable-experimental-feature DebugDescriptionMacro -sdk /Applications/Xcode-27.0.0-Release.Candidate.app/Contents/Developer/Platforms/iPhoneOS.platform/Developer/SDKs/iPhoneOS27.0.sdk -target arm64-apple-ios15.0 -g -module-cache-path /Users/admin/builder/spi-builder-workspace/.derivedData/ModuleCache.noindex -Xfrontend -serialize-debugging-options -enable-testing -suppress-warnings -index-store-path /Users/admin/builder/spi-builder-workspace/.derivedData/Index.noindex/DataStore -Xcc -D_LIBCPP_HARDENING_MODE\=_LIBCPP_HARDENING_MODE_DEBUG -swift-version 6 -I /Users/admin/builder/spi-builder-workspace/.derivedData/Build/Products/Debug-iphoneos -Isystem /Applications/Xcode-27.0.0-Release.Candidate.app/Contents/Developer/Platforms/iPhoneOS.platform/Developer/usr/lib -F /Users/admin/builder/spi-builder-workspace/.derivedData/Build/Products/Debug-iphoneos/PackageFrameworks -F /Users/admin/builder/spi-builder-workspace/.derivedData/Build/Products/Debug-iphoneos -F /Applications/Xcode-27.0.0-Release.Candidate.app/Contents/Developer/Platforms/iPhoneOS.platform/Developer/Library/Frameworks -F /Applications/Xcode-27.0.0-Release.Candidate.app/Contents/Developer/Platforms/iPhoneOS.platform/Developer/SDKs/iPhoneOS27.0.sdk/Developer/Library/Frameworks -c -j10 -enable-batch-mode -incremental -Xcc -ivfsstatcache -Xcc /Users/admin/builder/spi-builder-workspace/.derivedData/SDKStatCaches.noindex/iphoneos27.0-24A430-e829b21a6f8c9b70876ba0858053c04440ceaa042ed91876912b2eeea4e3aa14.sdkstatcache -output-file-map /Users/admin/builder/spi-builder-workspace/.derivedData/Build/Intermediates.noindex/vgsl.build/Debug-iphoneos/VGSLUI-t.build/Objects-normal/arm64/VGSLUI-OutputFileMap.json -save-temps -no-color-diagnostics -explicit-module-build -module-cache-path /Users/admin/builder/spi-builder-workspace/.derivedData/Build/Intermediates.noindex/SwiftExplicitPrecompiledModules -clang-scanner-module-cache-path /Users/admin/builder/spi-builder-workspace/.derivedData/ModuleCache.noindex -sdk-module-cache-path /Users/admin/builder/spi-builder-workspace/.derivedData/SDKExplicitPrecompiledModules -emit-dependencies -emit-module -emit-module-path /Users/admin/builder/spi-builder-workspace/.derivedData/Build/Intermediates.noindex/vgsl.build/Debug-iphoneos/VGSLUI-t.build/Objects-normal/arm64/VGSLUI.swiftmodule -serialize-diagnostics -dependency-scan-serialize-diagnostics-path /Users/admin/builder/spi-builder-workspace/.derivedData/Build/Intermediates.noindex/vgsl.build/Debug-iphoneos/VGSLUI-t.build/Objects-normal/arm64/VGSLUI-dependency-scan.dia -user-module-version 7.25.4 -validate-clang-modules-once -clang-build-session-file /Users/admin/builder/spi-builder-workspace/.derivedData/ModuleCache.noindex/Session.modulevalidation -Xcc -fmodules-prune-interval\=86400 -Xcc -fmodules-prune-after\=345600 -package-name vgsl -emit-const-values -const-gather-protocols-list /Users/admin/builder/spi-builder-workspace/.derivedData/Build/Intermediates.noindex/vgsl.build/Debug-iphoneos/VGSLUI-t.build/Objects-normal/arm64/VGSLUI_const_extract_protocols.json -Xcc -I/Users/admin/builder/spi-builder-workspace/.derivedData/Build/Products/Debug-iphoneos/include -Xcc -I/Users/admin/builder/spi-builder-workspace/.derivedData/Build/Intermediates.noindex/vgsl.build/Debug-iphoneos/VGSLUI-t.build/DerivedSources-normal/arm64 -Xcc -I/Users/admin/builder/spi-builder-workspace/.derivedData/Build/Intermediates.noindex/vgsl.build/Debug-iphoneos/VGSLUI-t.build/DerivedSources/arm64 -Xcc -I/Users/admin/builder/spi-builder-workspace/.derivedData/Build/Intermediates.noindex/vgsl.build/Debug-iphoneos/VGSLUI-t.build/DerivedSources -Xcc -DSWIFT_PACKAGE -Xcc -DDEBUG\=1 -emit-objc-header -emit-objc-header-path /Users/admin/builder/spi-builder-workspace/.derivedData/Build/Intermediates.noindex/vgsl.build/Debug-iphoneos/VGSLUI-t.build/Objects-normal/arm64/VGSLUI-Swift.h -working-directory /Users/admin/builder/spi-builder-workspace/.swiftpm/xcode -experimental-emit-module-separately -disable-cmo
SwiftDriver VGSLNetworking normal arm64 com.apple.xcode.tools.swift.compiler (in target 'VGSLNetworking' from project 'vgsl')
    cd /Users/admin/builder/spi-builder-workspace/.swiftpm/xcode
    builtin-SwiftDriver -- /Applications/Xcode-27.0.0-Release.Candidate.app/Contents/Developer/Toolchains/XcodeDefault.xctoolchain/usr/bin/swiftc -parse-as-library -module-name VGSLNetworking -Onone @/Users/admin/builder/spi-builder-workspace/.derivedData/Build/Intermediates.noindex/vgsl.build/Debug-iphoneos/VGSLNetworking-t.build/Objects-normal/arm64/VGSLNetworking.SwiftFileList -DSWIFT_PACKAGE -DDEBUG -DSWIFT_MODULE_RESOURCE_BUNDLE_UNAVAILABLE -DXcode -enable-experimental-feature AccessLevelOnImport -plugin-path /Applications/Xcode-27.0.0-Release.Candidate.app/Contents/Developer/Toolchains/XcodeDefault.xctoolchain/usr/lib/swift/host/plugins/testing -enable-experimental-feature DebugDescriptionMacro -sdk /Applications/Xcode-27.0.0-Release.Candidate.app/Contents/Developer/Platforms/iPhoneOS.platform/Developer/SDKs/iPhoneOS27.0.sdk -target arm64-apple-ios15.0 -g -module-cache-path /Users/admin/builder/spi-builder-workspace/.derivedData/ModuleCache.noindex -Xfrontend -serialize-debugging-options -enable-testing -suppress-warnings -index-store-path /Users/admin/builder/spi-builder-workspace/.derivedData/Index.noindex/DataStore -Xcc -D_LIBCPP_HARDENING_MODE\=_LIBCPP_HARDENING_MODE_DEBUG -swift-version 6 -I /Users/admin/builder/spi-builder-workspace/.derivedData/Build/Products/Debug-iphoneos -Isystem /Applications/Xcode-27.0.0-Release.Candidate.app/Contents/Developer/Platforms/iPhoneOS.platform/Developer/usr/lib -F /Users/admin/builder/spi-builder-workspace/.derivedData/Build/Products/Debug-iphoneos/PackageFrameworks -F /Users/admin/builder/spi-builder-workspace/.derivedData/Build/Products/Debug-iphoneos -F /Applications/Xcode-27.0.0-Release.Candidate.app/Contents/Developer/Platforms/iPhoneOS.platform/Developer/Library/Frameworks -F /Applications/Xcode-27.0.0-Release.Candidate.app/Contents/Developer/Platforms/iPhoneOS.platform/Developer/SDKs/iPhoneOS27.0.sdk/Developer/Library/Frameworks -c -j10 -enable-batch-mode -incremental -Xcc -ivfsstatcache -Xcc /Users/admin/builder/spi-builder-workspace/.derivedData/SDKStatCaches.noindex/iphoneos27.0-24A430-e829b21a6f8c9b70876ba0858053c04440ceaa042ed91876912b2eeea4e3aa14.sdkstatcache -output-file-map /Users/admin/builder/spi-builder-workspace/.derivedData/Build/Intermediates.noindex/vgsl.build/Debug-iphoneos/VGSLNetworking-t.build/Objects-normal/arm64/VGSLNetworking-OutputFileMap.json -save-temps -no-color-diagnostics -explicit-module-build -module-cache-path /Users/admin/builder/spi-builder-workspace/.derivedData/Build/Intermediates.noindex/SwiftExplicitPrecompiledModules -clang-scanner-module-cache-path /Users/admin/builder/spi-builder-workspace/.derivedData/ModuleCache.noindex -sdk-module-cache-path /Users/admin/builder/spi-builder-workspace/.derivedData/SDKExplicitPrecompiledModules -emit-dependencies -emit-module -emit-module-path /Users/admin/builder/spi-builder-workspace/.derivedData/Build/Intermediates.noindex/vgsl.build/Debug-iphoneos/VGSLNetworking-t.build/Objects-normal/arm64/VGSLNetworking.swiftmodule -serialize-diagnostics -dependency-scan-serialize-diagnostics-path /Users/admin/builder/spi-builder-workspace/.derivedData/Build/Intermediates.noindex/vgsl.build/Debug-iphoneos/VGSLNetworking-t.build/Objects-normal/arm64/VGSLNetworking-dependency-scan.dia -user-module-version 7.25.4 -validate-clang-modules-once -clang-build-session-file /Users/admin/builder/spi-builder-workspace/.derivedData/ModuleCache.noindex/Session.modulevalidation -Xcc -fmodules-prune-interval\=86400 -Xcc -fmodules-prune-after\=345600 -package-name vgsl -emit-const-values -const-gather-protocols-list /Users/admin/builder/spi-builder-workspace/.derivedData/Build/Intermediates.noindex/vgsl.build/Debug-iphoneos/VGSLNetworking-t.build/Objects-normal/arm64/VGSLNetworking_const_extract_protocols.json -Xcc -I/Users/admin/builder/spi-builder-workspace/.derivedData/Build/Products/Debug-iphoneos/include -Xcc -I/Users/admin/builder/spi-builder-workspace/.derivedData/Build/Intermediates.noindex/vgsl.build/Debug-iphoneos/VGSLNetworking-t.build/DerivedSources-normal/arm64 -Xcc -I/Users/admin/builder/spi-builder-workspace/.derivedData/Build/Intermediates.noindex/vgsl.build/Debug-iphoneos/VGSLNetworking-t.build/DerivedSources/arm64 -Xcc -I/Users/admin/builder/spi-builder-workspace/.derivedData/Build/Intermediates.noindex/vgsl.build/Debug-iphoneos/VGSLNetworking-t.build/DerivedSources -Xcc -DSWIFT_PACKAGE -Xcc -DDEBUG\=1 -emit-objc-header -emit-objc-header-path /Users/admin/builder/spi-builder-workspace/.derivedData/Build/Intermediates.noindex/vgsl.build/Debug-iphoneos/VGSLNetworking-t.build/Objects-normal/arm64/VGSLNetworking-Swift.h -working-directory /Users/admin/builder/spi-builder-workspace/.swiftpm/xcode -experimental-emit-module-separately -disable-cmo
ScanDependencies /Users/admin/builder/spi-builder-workspace/.derivedData/Build/Intermediates.noindex/AppMetrica.build/Debug-iphoneos/AppMetricaCore-t.build/Objects-normal/arm64/AMATransactionObserver.o /Users/admin/builder/spi-builder-workspace/.dependencies/checkouts/appmetrica-sdk-ios/AppMetricaCore/Sources/Revenue/AutoIAP/AMATransactionObserver.m normal arm64 objective-c com.apple.compilers.llvm.clang.1_0.compiler (in target 'AppMetricaCore' from project 'AppMetrica')
    cd /Users/admin/builder/spi-builder-workspace/.swiftpm/xcode

    Using response file: /Users/admin/builder/spi-builder-workspace/.derivedData/Build/Intermediates.noindex/AppMetrica.build/Debug-iphoneos/AppMetricaCore-t.build/Objects-normal/arm64/e6072d4f65d7061329687fe24e3d63a7-common-args.resp

    builtin-ScanDependencies -o /Users/admin/builder/spi-builder-workspace/.derivedData/Build/Intermediates.noindex/AppMetrica.build/Debug-iphoneos/AppMetricaCore-t.build/Objects-normal/arm64/AMATransactionObserver.o.scan -- /Applications/Xcode-27.0.0-Release.Candidate.app/Contents/Developer/Toolchains/XcodeDefault.xctoolchain/usr/bin/clang -x objective-c -ivfsstatcache /Users/admin/builder/spi-builder-workspace/.derivedData/SDKStatCaches.noindex/iphoneos27.0-24A430-e829b21a6f8c9b70876ba0858053c04440ceaa042ed91876912b2eeea4e3aa14.sdkstatcache -target arm64-apple-ios15.0 -fmessage-length\=0 -fdiagnostics-show-note-include-stack -fmacro-backtrace-limit\=0 -fno-color-diagnostics -fmodules-prune-interval\=86400 -fmodules-prune-after\=345600 -fbuild-session-file\=/Users/admin/builder/spi-builder-workspace/.derivedData/ModuleCache.noindex/Session.modulevalidation -fmodules-validate-once-per-build-session -Wnon-modular-include-in-framework-module -Werror\=non-modular-include-in-framework-module -Wno-trigraphs -Wno-missing-field-initializers -Wno-missing-prototypes -Wno-return-type -Wno-implicit-atomic-properties -Wno-objc-interface-ivars -Wno-arc-repeated-use-of-weak -Wno-missing-braces -Wparentheses -Wswitch -Wno-unused-function -Wno-unused-label -Wno-unused-parameter -Wno-unused-variable -Wunused-value -Wno-empty-body -Wno-uninitialized -Wno-unknown-pragmas -w -Wno-shadow -Wno-four-char-constants -Wno-conversion -Wno-constant-conversion -Wno-int-conversion -Wno-bool-conversion -Wno-enum-conversion -Wno-float-conversion -Wno-non-literal-null-conversion -Wno-objc-literal-conversion -Wshorten-64-to-32 -Wpointer-sign -Wno-newline-eof -Wno-selector -Wno-strict-selector-match -Wno-undeclared-selector -Wno-deprecated-implementations -Wno-implicit-fallthrough -isysroot /Applications/Xcode-27.0.0-Release.Candidate.app/Contents/Developer/Platforms/iPhoneOS.platform/Developer/SDKs/iPhoneOS27.0.sdk -fstrict-aliasing -Wprotocol -Wdeprecated-declarations -Wno-sign-conversion -Wno-infinite-recursion -Wno-comma -Wno-block-capture-autoreleasing -Wno-strict-prototypes -Wno-semicolon-before-method-body -index-store-path /Users/admin/builder/spi-builder-workspace/.derivedData/Index.noindex/DataStore @/Users/admin/builder/spi-builder-workspace/.derivedData/Build/Intermediates.noindex/AppMetrica.build/Debug-iphoneos/AppMetricaCore-t.build/Objects-normal/arm64/e6072d4f65d7061329687fe24e3d63a7-common-args.resp -include /Users/admin/builder/spi-builder-workspace/.derivedData/Build/Intermediates.noindex/AppMetrica.build/Debug-iphoneos/AppMetricaCore-t.build/DerivedSources/resource_bundle_accessor.h -MMD -MT dependencies -MF /Users/admin/builder/spi-builder-workspace/.derivedData/Build/Intermediates.noindex/AppMetrica.build/Debug-iphoneos/AppMetricaCore-t.build/Objects-normal/arm64/AMATransactionObserver.d --serialize-diagnostics /Users/admin/builder/spi-builder-workspace/.derivedData/Build/Intermediates.noindex/AppMetrica.build/Debug-iphoneos/AppMetricaCore-t.build/Objects-normal/arm64/AMATransactionObserver.dia -c /Users/admin/builder/spi-builder-workspace/.dependencies/checkouts/appmetrica-sdk-ios/AppMetricaCore/Sources/Revenue/AutoIAP/AMATransactionObserver.m -o /Users/admin/builder/spi-builder-workspace/.derivedData/Build/Intermediates.noindex/AppMetrica.build/Debug-iphoneos/AppMetricaCore-t.build/Objects-normal/arm64/AMATransactionObserver.o -index-unit-output-path /AppMetrica.build/Debug-iphoneos/AppMetricaCore-t.build/Objects-normal/arm64/AMATransactionObserver.o
ScanDependencies /Users/admin/builder/spi-builder-workspace/.derivedData/Build/Intermediates.noindex/AppMetrica.build/Debug-iphoneos/AppMetricaCore-t.build/Objects-normal/arm64/AMAUrgentEventCountDispatchStrategy.o /Users/admin/builder/spi-builder-workspace/.dependencies/checkouts/appmetrica-sdk-ios/AppMetricaCore/Sources/Strategies/AMAUrgentEventCountDispatchStrategy.m normal arm64 objective-c com.apple.compilers.llvm.clang.1_0.compiler (in target 'AppMetricaCore' from project 'AppMetrica')
    cd /Users/admin/builder/spi-builder-workspace/.swiftpm/xcode

    Using response file: /Users/admin/builder/spi-builder-workspace/.derivedData/Build/Intermediates.noindex/AppMetrica.build/Debug-iphoneos/AppMetricaCore-t.build/Objects-normal/arm64/e6072d4f65d7061329687fe24e3d63a7-common-args.resp

    builtin-ScanDependencies -o /Users/admin/builder/spi-builder-workspace/.derivedData/Build/Intermediates.noindex/AppMetrica.build/Debug-iphoneos/AppMetricaCore-t.build/Objects-normal/arm64/AMAUrgentEventCountDispatchStrategy.o.scan -- /Applications/Xcode-27.0.0-Release.Candidate.app/Contents/Developer/Toolchains/XcodeDefault.xctoolchain/usr/bin/clang -x objective-c -ivfsstatcache /Users/admin/builder/spi-builder-workspace/.derivedData/SDKStatCaches.noindex/iphoneos27.0-24A430-e829b21a6f8c9b70876ba0858053c04440ceaa042ed91876912b2eeea4e3aa14.sdkstatcache -target arm64-apple-ios15.0 -fmessage-length\=0 -fdiagnostics-show-note-include-stack -fmacro-backtrace-limit\=0 -fno-color-diagnostics -fmodules-prune-interval\=86400 -fmodules-prune-after\=345600 -fbuild-session-file\=/Users/admin/builder/spi-builder-workspace/.derivedData/ModuleCache.noindex/Session.modulevalidation -fmodules-validate-once-per-build-session -Wnon-modular-include-in-framework-module -Werror\=non-modular-include-in-framework-module -Wno-trigraphs -Wno-missing-field-initializers -Wno-missing-prototypes -Wno-return-type -Wno-implicit-atomic-properties -Wno-objc-interface-ivars -Wno-arc-repeated-use-of-weak -Wno-missing-braces -Wparentheses -Wswitch -Wno-unused-function -Wno-unused-label -Wno-unused-parameter -Wno-unused-variable -Wunused-value -Wno-empty-body -Wno-uninitialized -Wno-unknown-pragmas -w -Wno-shadow -Wno-four-char-constants -Wno-conversion -Wno-constant-conversion -Wno-int-conversion -Wno-bool-conversion -Wno-enum-conversion -Wno-float-conversion -Wno-non-literal-null-conversion -Wno-objc-literal-conversion -Wshorten-64-to-32 -Wpointer-sign -Wno-newline-eof -Wno-selector -Wno-strict-selector-match -Wno-undeclared-selector -Wno-deprecated-implementations -Wno-implicit-fallthrough -isysroot /Applications/Xcode-27.0.0-Release.Candidate.app/Contents/Developer/Platforms/iPhoneOS.platform/Developer/SDKs/iPhoneOS27.0.sdk -fstrict-aliasing -Wprotocol -Wdeprecated-declarations -Wno-sign-conversion -Wno-infinite-recursion -Wno-comma -Wno-block-capture-autoreleasing -Wno-strict-prototypes -Wno-semicolon-before-method-body -index-store-path /Users/admin/builder/spi-builder-workspace/.derivedData/Index.noindex/DataStore @/Users/admin/builder/spi-builder-workspace/.derivedData/Build/Intermediates.noindex/AppMetrica.build/Debug-iphoneos/AppMetricaCore-t.build/Objects-normal/arm64/e6072d4f65d7061329687fe24e3d63a7-common-args.resp -include /Users/admin/builder/spi-builder-workspace/.derivedData/Build/Intermediates.noindex/AppMetrica.build/Debug-iphoneos/AppMetricaCore-t.build/DerivedSources/resource_bundle_accessor.h -MMD -MT dependencies -MF /Users/admin/builder/spi-builder-workspace/.derivedData/Build/Intermediates.noindex/AppMetrica.build/Debug-iphoneos/AppMetricaCore-t.build/Objects-normal/arm64/AMAUrgentEventCountDispatchStrategy.d --serialize-diagnostics /Users/admin/builder/spi-builder-workspace/.derivedData/Build/Intermediates.noindex/AppMetrica.build/Debug-iphoneos/AppMetricaCore-t.build/Objects-normal/arm64/AMAUrgentEventCountDispatchStrategy.dia -c /Users/admin/builder/spi-builder-workspace/.dependencies/checkouts/appmetrica-sdk-ios/AppMetricaCore/Sources/Strategies/AMAUrgentEventCountDispatchStrategy.m -o /Users/admin/builder/spi-builder-workspace/.derivedData/Build/Intermediates.noindex/AppMetrica.build/Debug-iphoneos/AppMetricaCore-t.build/Objects-normal/arm64/AMAUrgentEventCountDispatchStrategy.o -index-unit-output-path /AppMetrica.build/Debug-iphoneos/AppMetricaCore-t.build/Objects-normal/arm64/AMAUrgentEventCountDispatchStrategy.o
ScanDependencies /Users/admin/builder/spi-builder-workspace/.derivedData/Build/Intermediates.noindex/AppMetrica.build/Debug-iphoneos/AppMetricaCore-t.build/Objects-normal/arm64/AMATimerDispatchStrategy.o /Users/admin/builder/spi-builder-workspace/.dependencies/checkouts/appmetrica-sdk-ios/AppMetricaCore/Sources/Strategies/AMATimerDispatchStrategy.m normal arm64 objective-c com.apple.compilers.llvm.clang.1_0.compiler (in target 'AppMetricaCore' from project 'AppMetrica')
    cd /Users/admin/builder/spi-builder-workspace/.swiftpm/xcode

    Using response file: /Users/admin/builder/spi-builder-workspace/.derivedData/Build/Intermediates.noindex/AppMetrica.build/Debug-iphoneos/AppMetricaCore-t.build/Objects-normal/arm64/e6072d4f65d7061329687fe24e3d63a7-common-args.resp

    builtin-ScanDependencies -o /Users/admin/builder/spi-builder-workspace/.derivedData/Build/Intermediates.noindex/AppMetrica.build/Debug-iphoneos/AppMetricaCore-t.build/Objects-normal/arm64/AMATimerDispatchStrategy.o.scan -- /Applications/Xcode-27.0.0-Release.Candidate.app/Contents/Developer/Toolchains/XcodeDefault.xctoolchain/usr/bin/clang -x objective-c -ivfsstatcache /Users/admin/builder/spi-builder-workspace/.derivedData/SDKStatCaches.noindex/iphoneos27.0-24A430-e829b21a6f8c9b70876ba0858053c04440ceaa042ed91876912b2eeea4e3aa14.sdkstatcache -target arm64-apple-ios15.0 -fmessage-length\=0 -fdiagnostics-show-note-include-stack -fmacro-backtrace-limit\=0 -fno-color-diagnostics -fmodules-prune-interval\=86400 -fmodules-prune-after\=345600 -fbuild-session-file\=/Users/admin/builder/spi-builder-workspace/.derivedData/ModuleCache.noindex/Session.modulevalidation -fmodules-validate-once-per-build-session -Wnon-modular-include-in-framework-module -Werror\=non-modular-include-in-framework-module -Wno-trigraphs -Wno-missing-field-initializers -Wno-missing-prototypes -Wno-return-type -Wno-implicit-atomic-properties -Wno-objc-interface-ivars -Wno-arc-repeated-use-of-weak -Wno-missing-braces -Wparentheses -Wswitch -Wno-unused-function -Wno-unused-label -Wno-unused-parameter -Wno-unused-variable -Wunused-value -Wno-empty-body -Wno-uninitialized -Wno-unknown-pragmas -w -Wno-shadow -Wno-four-char-constants -Wno-conversion -Wno-constant-conversion -Wno-int-conversion -Wno-bool-conversion -Wno-enum-conversion -Wno-float-conversion -Wno-non-literal-null-conversion -Wno-objc-literal-conversion -Wshorten-64-to-32 -Wpointer-sign -Wno-newline-eof -Wno-selector -Wno-strict-selector-match -Wno-undeclared-selector -Wno-deprecated-implementations -Wno-implicit-fallthrough -isysroot /Applications/Xcode-27.0.0-Release.Candidate.app/Contents/Developer/Platforms/iPhoneOS.platform/Developer/SDKs/iPhoneOS27.0.sdk -fstrict-aliasing -Wprotocol -Wdeprecated-declarations -Wno-sign-conversion -Wno-infinite-recursion -Wno-comma -Wno-block-capture-autoreleasing -Wno-strict-prototypes -Wno-semicolon-before-method-body -index-store-path /Users/admin/builder/spi-builder-workspace/.derivedData/Index.noindex/DataStore @/Users/admin/builder/spi-builder-workspace/.derivedData/Build/Intermediates.noindex/AppMetrica.build/Debug-iphoneos/AppMetricaCore-t.build/Objects-normal/arm64/e6072d4f65d7061329687fe24e3d63a7-common-args.resp -include /Users/admin/builder/spi-builder-workspace/.derivedData/Build/Intermediates.noindex/AppMetrica.build/Debug-iphoneos/AppMetricaCore-t.build/DerivedSources/resource_bundle_accessor.h -MMD -MT dependencies -MF /Users/admin/builder/spi-builder-workspace/.derivedData/Build/Intermediates.noindex/AppMetrica.build/Debug-iphoneos/AppMetricaCore-t.build/Objects-normal/arm64/AMATimerDispatchStrategy.d --serialize-diagnostics /Users/admin/builder/spi-builder-workspace/.derivedData/Build/Intermediates.noindex/AppMetrica.build/Debug-iphoneos/AppMetricaCore-t.build/Objects-normal/arm64/AMATimerDispatchStrategy.dia -c /Users/admin/builder/spi-builder-workspace/.dependencies/checkouts/appmetrica-sdk-ios/AppMetricaCore/Sources/Strategies/AMATimerDispatchStrategy.m -o /Users/admin/builder/spi-builder-workspace/.derivedData/Build/Intermediates.noindex/AppMetrica.build/Debug-iphoneos/AppMetricaCore-t.build/Objects-normal/arm64/AMATimerDispatchStrategy.o -index-unit-output-path /AppMetrica.build/Debug-iphoneos/AppMetricaCore-t.build/Objects-normal/arm64/AMATimerDispatchStrategy.o
ScanDependencies /Users/admin/builder/spi-builder-workspace/.derivedData/Build/Intermediates.noindex/AppMetrica.build/Debug-iphoneos/AppMetricaCore-t.build/Objects-normal/arm64/AMASubscriptionPeriod.o /Users/admin/builder/spi-builder-workspace/.dependencies/checkouts/appmetrica-sdk-ios/AppMetricaCore/Sources/Revenue/AutoIAP/Models/AMASubscriptionPeriod.m normal arm64 objective-c com.apple.compilers.llvm.clang.1_0.compiler (in target 'AppMetricaCore' from project 'AppMetrica')
    cd /Users/admin/builder/spi-builder-workspace/.swiftpm/xcode

    Using response file: /Users/admin/builder/spi-builder-workspace/.derivedData/Build/Intermediates.noindex/AppMetrica.build/Debug-iphoneos/AppMetricaCore-t.build/Objects-normal/arm64/e6072d4f65d7061329687fe24e3d63a7-common-args.resp

    builtin-ScanDependencies -o /Users/admin/builder/spi-builder-workspace/.derivedData/Build/Intermediates.noindex/AppMetrica.build/Debug-iphoneos/AppMetricaCore-t.build/Objects-normal/arm64/AMASubscriptionPeriod.o.scan -- /Applications/Xcode-27.0.0-Release.Candidate.app/Contents/Developer/Toolchains/XcodeDefault.xctoolchain/usr/bin/clang -x objective-c -ivfsstatcache /Users/admin/builder/spi-builder-workspace/.derivedData/SDKStatCaches.noindex/iphoneos27.0-24A430-e829b21a6f8c9b70876ba0858053c04440ceaa042ed91876912b2eeea4e3aa14.sdkstatcache -target arm64-apple-ios15.0 -fmessage-length\=0 -fdiagnostics-show-note-include-stack -fmacro-backtrace-limit\=0 -fno-color-diagnostics -fmodules-prune-interval\=86400 -fmodules-prune-after\=345600 -fbuild-session-file\=/Users/admin/builder/spi-builder-workspace/.derivedData/ModuleCache.noindex/Session.modulevalidation -fmodules-validate-once-per-build-session -Wnon-modular-include-in-framework-module -Werror\=non-modular-include-in-framework-module -Wno-trigraphs -Wno-missing-field-initializers -Wno-missing-prototypes -Wno-return-type -Wno-implicit-atomic-properties -Wno-objc-interface-ivars -Wno-arc-repeated-use-of-weak -Wno-missing-braces -Wparentheses -Wswitch -Wno-unused-function -Wno-unused-label -Wno-unused-parameter -Wno-unused-variable -Wunused-value -Wno-empty-body -Wno-uninitialized -Wno-unknown-pragmas -w -Wno-shadow -Wno-four-char-constants -Wno-conversion -Wno-constant-conversion -Wno-int-conversion -Wno-bool-conversion -Wno-enum-conversion -Wno-float-conversion -Wno-non-literal-null-conversion -Wno-objc-literal-conversion -Wshorten-64-to-32 -Wpointer-sign -Wno-newline-eof -Wno-selector -Wno-strict-selector-match -Wno-undeclared-selector -Wno-deprecated-implementations -Wno-implicit-fallthrough -isysroot /Applications/Xcode-27.0.0-Release.Candidate.app/Contents/Developer/Platforms/iPhoneOS.platform/Developer/SDKs/iPhoneOS27.0.sdk -fstrict-aliasing -Wprotocol -Wdeprecated-declarations -Wno-sign-conversion -Wno-infinite-recursion -Wno-comma -Wno-block-capture-autoreleasing -Wno-strict-prototypes -Wno-semicolon-before-method-body -index-store-path /Users/admin/builder/spi-builder-workspace/.derivedData/Index.noindex/DataStore @/Users/admin/builder/spi-builder-workspace/.derivedData/Build/Intermediates.noindex/AppMetrica.build/Debug-iphoneos/AppMetricaCore-t.build/Objects-normal/arm64/e6072d4f65d7061329687fe24e3d63a7-common-args.resp -include /Users/admin/builder/spi-builder-workspace/.derivedData/Build/Intermediates.noindex/AppMetrica.build/Debug-iphoneos/AppMetricaCore-t.build/DerivedSources/resource_bundle_accessor.h -MMD -MT dependencies -MF /Users/admin/builder/spi-builder-workspace/.derivedData/Build/Intermediates.noindex/AppMetrica.build/Debug-iphoneos/AppMetricaCore-t.build/Objects-normal/arm64/AMASubscriptionPeriod.d --serialize-diagnostics /Users/admin/builder/spi-builder-workspace/.derivedData/Build/Intermediates.noindex/AppMetrica.build/Debug-iphoneos/AppMetricaCore-t.build/Objects-normal/arm64/AMASubscriptionPeriod.dia -c /Users/admin/builder/spi-builder-workspace/.dependencies/checkouts/appmetrica-sdk-ios/AppMetricaCore/Sources/Revenue/AutoIAP/Models/AMASubscriptionPeriod.m -o /Users/admin/builder/spi-builder-workspace/.derivedData/Build/Intermediates.noindex/AppMetrica.build/Debug-iphoneos/AppMetricaCore-t.build/Objects-normal/arm64/AMASubscriptionPeriod.o -index-unit-output-path /AppMetrica.build/Debug-iphoneos/AppMetricaCore-t.build/Objects-normal/arm64/AMASubscriptionPeriod.o
ScanDependencies /Users/admin/builder/spi-builder-workspace/.derivedData/Build/Intermediates.noindex/AppMetrica.build/Debug-iphoneos/AppMetricaCore-t.build/Objects-normal/arm64/AMATransactionInfoModel.o /Users/admin/builder/spi-builder-workspace/.dependencies/checkouts/appmetrica-sdk-ios/AppMetricaCore/Sources/Revenue/AutoIAP/Models/AMATransactionInfoModel.m normal arm64 objective-c com.apple.compilers.llvm.clang.1_0.compiler (in target 'AppMetricaCore' from project 'AppMetrica')
    cd /Users/admin/builder/spi-builder-workspace/.swiftpm/xcode

    Using response file: /Users/admin/builder/spi-builder-workspace/.derivedData/Build/Intermediates.noindex/AppMetrica.build/Debug-iphoneos/AppMetricaCore-t.build/Objects-normal/arm64/e6072d4f65d7061329687fe24e3d63a7-common-args.resp

    builtin-ScanDependencies -o /Users/admin/builder/spi-builder-workspace/.derivedData/Build/Intermediates.noindex/AppMetrica.build/Debug-iphoneos/AppMetricaCore-t.build/Objects-normal/arm64/AMATransactionInfoModel.o.scan -- /Applications/Xcode-27.0.0-Release.Candidate.app/Contents/Developer/Toolchains/XcodeDefault.xctoolchain/usr/bin/clang -x objective-c -ivfsstatcache /Users/admin/builder/spi-builder-workspace/.derivedData/SDKStatCaches.noindex/iphoneos27.0-24A430-e829b21a6f8c9b70876ba0858053c04440ceaa042ed91876912b2eeea4e3aa14.sdkstatcache -target arm64-apple-ios15.0 -fmessage-length\=0 -fdiagnostics-show-note-include-stack -fmacro-backtrace-limit\=0 -fno-color-diagnostics -fmodules-prune-interval\=86400 -fmodules-prune-after\=345600 -fbuild-session-file\=/Users/admin/builder/spi-builder-workspace/.derivedData/ModuleCache.noindex/Session.modulevalidation -fmodules-validate-once-per-build-session -Wnon-modular-include-in-framework-module -Werror\=non-modular-include-in-framework-module -Wno-trigraphs -Wno-missing-field-initializers -Wno-missing-prototypes -Wno-return-type -Wno-implicit-atomic-properties -Wno-objc-interface-ivars -Wno-arc-repeated-use-of-weak -Wno-missing-braces -Wparentheses -Wswitch -Wno-unused-function -Wno-unused-label -Wno-unused-parameter -Wno-unused-variable -Wunused-value -Wno-empty-body -Wno-uninitialized -Wno-unknown-pragmas -w -Wno-shadow -Wno-four-char-constants -Wno-conversion -Wno-constant-conversion -Wno-int-conversion -Wno-bool-conversion -Wno-enum-conversion -Wno-float-conversion -Wno-non-literal-null-conversion -Wno-objc-literal-conversion -Wshorten-64-to-32 -Wpointer-sign -Wno-newline-eof -Wno-selector -Wno-strict-selector-match -Wno-undeclared-selector -Wno-deprecated-implementations -Wno-implicit-fallthrough -isysroot /Applications/Xcode-27.0.0-Release.Candidate.app/Contents/Developer/Platforms/iPhoneOS.platform/Developer/SDKs/iPhoneOS27.0.sdk -fstrict-aliasing -Wprotocol -Wdeprecated-declarations -Wno-sign-conversion -Wno-infinite-recursion -Wno-comma -Wno-block-capture-autoreleasing -Wno-strict-prototypes -Wno-semicolon-before-method-body -index-store-path /Users/admin/builder/spi-builder-workspace/.derivedData/Index.noindex/DataStore @/Users/admin/builder/spi-builder-workspace/.derivedData/Build/Intermediates.noindex/AppMetrica.build/Debug-iphoneos/AppMetricaCore-t.build/Objects-normal/arm64/e6072d4f65d7061329687fe24e3d63a7-common-args.resp -include /Users/admin/builder/spi-builder-workspace/.derivedData/Build/Intermediates.noindex/AppMetrica.build/Debug-iphoneos/AppMetricaCore-t.build/DerivedSources/resource_bundle_accessor.h -MMD -MT dependencies -MF /Users/admin/builder/spi-builder-workspace/.derivedData/Build/Intermediates.noindex/AppMetrica.build/Debug-iphoneos/AppMetricaCore-t.build/Objects-normal/arm64/AMATransactionInfoModel.d --serialize-diagnostics /Users/admin/builder/spi-builder-workspace/.derivedData/Build/Intermediates.noindex/AppMetrica.build/Debug-iphoneos/AppMetricaCore-t.build/Objects-normal/arm64/AMATransactionInfoModel.dia -c /Users/admin/builder/spi-builder-workspace/.dependencies/checkouts/appmetrica-sdk-ios/AppMetricaCore/Sources/Revenue/AutoIAP/Models/AMATransactionInfoModel.m -o /Users/admin/builder/spi-builder-workspace/.derivedData/Build/Intermediates.noindex/AppMetrica.build/Debug-iphoneos/AppMetricaCore-t.build/Objects-normal/arm64/AMATransactionInfoModel.o -index-unit-output-path /AppMetrica.build/Debug-iphoneos/AppMetricaCore-t.build/Objects-normal/arm64/AMATransactionInfoModel.o
ScanDependencies /Users/admin/builder/spi-builder-workspace/.derivedData/Build/Intermediates.noindex/AppMetrica.build/Debug-iphoneos/AppMetricaCore-t.build/Objects-normal/arm64/AMAStartupPermissionSerializer.o /Users/admin/builder/spi-builder-workspace/.dependencies/checkouts/appmetrica-sdk-ios/AppMetricaCore/Sources/StartupPermissions/AMAStartupPermissionSerializer.m normal arm64 objective-c com.apple.compilers.llvm.clang.1_0.compiler (in target 'AppMetricaCore' from project 'AppMetrica')
    cd /Users/admin/builder/spi-builder-workspace/.swiftpm/xcode

    Using response file: /Users/admin/builder/spi-builder-workspace/.derivedData/Build/Intermediates.noindex/AppMetrica.build/Debug-iphoneos/AppMetricaCore-t.build/Objects-normal/arm64/e6072d4f65d7061329687fe24e3d63a7-common-args.resp

    builtin-ScanDependencies -o /Users/admin/builder/spi-builder-workspace/.derivedData/Build/Intermediates.noindex/AppMetrica.build/Debug-iphoneos/AppMetricaCore-t.build/Objects-normal/arm64/AMAStartupPermissionSerializer.o.scan -- /Applications/Xcode-27.0.0-Release.Candidate.app/Contents/Developer/Toolchains/XcodeDefault.xctoolchain/usr/bin/clang -x objective-c -ivfsstatcache /Users/admin/builder/spi-builder-workspace/.derivedData/SDKStatCaches.noindex/iphoneos27.0-24A430-e829b21a6f8c9b70876ba0858053c04440ceaa042ed91876912b2eeea4e3aa14.sdkstatcache -target arm64-apple-ios15.0 -fmessage-length\=0 -fdiagnostics-show-note-include-stack -fmacro-backtrace-limit\=0 -fno-color-diagnostics -fmodules-prune-interval\=86400 -fmodules-prune-after\=345600 -fbuild-session-file\=/Users/admin/builder/spi-builder-workspace/.derivedData/ModuleCache.noindex/Session.modulevalidation -fmodules-validate-once-per-build-session -Wnon-modular-include-in-framework-module -Werror\=non-modular-include-in-framework-module -Wno-trigraphs -Wno-missing-field-initializers -Wno-missing-prototypes -Wno-return-type -Wno-implicit-atomic-properties -Wno-objc-interface-ivars -Wno-arc-repeated-use-of-weak -Wno-missing-braces -Wparentheses -Wswitch -Wno-unused-function -Wno-unused-label -Wno-unused-parameter -Wno-unused-variable -Wunused-value -Wno-empty-body -Wno-uninitialized -Wno-unknown-pragmas -w -Wno-shadow -Wno-four-char-constants -Wno-conversion -Wno-constant-conversion -Wno-int-conversion -Wno-bool-conversion -Wno-enum-conversion -Wno-float-conversion -Wno-non-literal-null-conversion -Wno-objc-literal-conversion -Wshorten-64-to-32 -Wpointer-sign -Wno-newline-eof -Wno-selector -Wno-strict-selector-match -Wno-undeclared-selector -Wno-deprecated-implementations -Wno-implicit-fallthrough -isysroot /Applications/Xcode-27.0.0-Release.Candidate.app/Contents/Developer/Platforms/iPhoneOS.platform/Developer/SDKs/iPhoneOS27.0.sdk -fstrict-aliasing -Wprotocol -Wdeprecated-declarations -Wno-sign-conversion -Wno-infinite-recursion -Wno-comma -Wno-block-capture-autoreleasing -Wno-strict-prototypes -Wno-semicolon-before-method-body -index-store-path /Users/admin/builder/spi-builder-workspace/.derivedData/Index.noindex/DataStore @/Users/admin/builder/spi-builder-workspace/.derivedData/Build/Intermediates.noindex/AppMetrica.build/Debug-iphoneos/AppMetricaCore-t.build/Objects-normal/arm64/e6072d4f65d7061329687fe24e3d63a7-common-args.resp -include /Users/admin/builder/spi-builder-workspace/.derivedData/Build/Intermediates.noindex/AppMetrica.build/Debug-iphoneos/AppMetricaCore-t.build/DerivedSources/resource_bundle_accessor.h -MMD -MT dependencies -MF /Users/admin/builder/spi-builder-workspace/.derivedData/Build/Intermediates.noindex/AppMetrica.build/Debug-iphoneos/AppMetricaCore-t.build/Objects-normal/arm64/AMAStartupPermissionSerializer.d --serialize-diagnostics /Users/admin/builder/spi-builder-workspace/.derivedData/Build/Intermediates.noindex/AppMetrica.build/Debug-iphoneos/AppMetricaCore-t.build/Objects-normal/arm64/AMAStartupPermissionSerializer.dia -c /Users/admin/builder/spi-builder-workspace/.dependencies/checkouts/appmetrica-sdk-ios/AppMetricaCore/Sources/StartupPermissions/AMAStartupPermissionSerializer.m -o /Users/admin/builder/spi-builder-workspace/.derivedData/Build/Intermediates.noindex/AppMetrica.build/Debug-iphoneos/AppMetricaCore-t.build/Objects-normal/arm64/AMAStartupPermissionSerializer.o -index-unit-output-path /AppMetrica.build/Debug-iphoneos/AppMetricaCore-t.build/Objects-normal/arm64/AMAStartupPermissionSerializer.o
ScanDependencies /Users/admin/builder/spi-builder-workspace/.derivedData/Build/Intermediates.noindex/AppMetrica.build/Debug-iphoneos/AppMetricaCore-t.build/Objects-normal/arm64/AMASubscriptionInfoModel.o /Users/admin/builder/spi-builder-workspace/.dependencies/checkouts/appmetrica-sdk-ios/AppMetricaCore/Sources/Revenue/AutoIAP/Models/AMASubscriptionInfoModel.m normal arm64 objective-c com.apple.compilers.llvm.clang.1_0.compiler (in target 'AppMetricaCore' from project 'AppMetrica')
    cd /Users/admin/builder/spi-builder-workspace/.swiftpm/xcode

    Using response file: /Users/admin/builder/spi-builder-workspace/.derivedData/Build/Intermediates.noindex/AppMetrica.build/Debug-iphoneos/AppMetricaCore-t.build/Objects-normal/arm64/e6072d4f65d7061329687fe24e3d63a7-common-args.resp

    builtin-ScanDependencies -o /Users/admin/builder/spi-builder-workspace/.derivedData/Build/Intermediates.noindex/AppMetrica.build/Debug-iphoneos/AppMetricaCore-t.build/Objects-normal/arm64/AMASubscriptionInfoModel.o.scan -- /Applications/Xcode-27.0.0-Release.Candidate.app/Contents/Developer/Toolchains/XcodeDefault.xctoolchain/usr/bin/clang -x objective-c -ivfsstatcache /Users/admin/builder/spi-builder-workspace/.derivedData/SDKStatCaches.noindex/iphoneos27.0-24A430-e829b21a6f8c9b70876ba0858053c04440ceaa042ed91876912b2eeea4e3aa14.sdkstatcache -target arm64-apple-ios15.0 -fmessage-length\=0 -fdiagnostics-show-note-include-stack -fmacro-backtrace-limit\=0 -fno-color-diagnostics -fmodules-prune-interval\=86400 -fmodules-prune-after\=345600 -fbuild-session-file\=/Users/admin/builder/spi-builder-workspace/.derivedData/ModuleCache.noindex/Session.modulevalidation -fmodules-validate-once-per-build-session -Wnon-modular-include-in-framework-module -Werror\=non-modular-include-in-framework-module -Wno-trigraphs -Wno-missing-field-initializers -Wno-missing-prototypes -Wno-return-type -Wno-implicit-atomic-properties -Wno-objc-interface-ivars -Wno-arc-repeated-use-of-weak -Wno-missing-braces -Wparentheses -Wswitch -Wno-unused-function -Wno-unused-label -Wno-unused-parameter -Wno-unused-variable -Wunused-value -Wno-empty-body -Wno-uninitialized -Wno-unknown-pragmas -w -Wno-shadow -Wno-four-char-constants -Wno-conversion -Wno-constant-conversion -Wno-int-conversion -Wno-bool-conversion -Wno-enum-conversion -Wno-float-conversion -Wno-non-literal-null-conversion -Wno-objc-literal-conversion -Wshorten-64-to-32 -Wpointer-sign -Wno-newline-eof -Wno-selector -Wno-strict-selector-match -Wno-undeclared-selector -Wno-deprecated-implementations -Wno-implicit-fallthrough -isysroot /Applications/Xcode-27.0.0-Release.Candidate.app/Contents/Developer/Platforms/iPhoneOS.platform/Developer/SDKs/iPhoneOS27.0.sdk -fstrict-aliasing -Wprotocol -Wdeprecated-declarations -Wno-sign-conversion -Wno-infinite-recursion -Wno-comma -Wno-block-capture-autoreleasing -Wno-strict-prototypes -Wno-semicolon-before-method-body -index-store-path /Users/admin/builder/spi-builder-workspace/.derivedData/Index.noindex/DataStore @/Users/admin/builder/spi-builder-workspace/.derivedData/Build/Intermediates.noindex/AppMetrica.build/Debug-iphoneos/AppMetricaCore-t.build/Objects-normal/arm64/e6072d4f65d7061329687fe24e3d63a7-common-args.resp -include /Users/admin/builder/spi-builder-workspace/.derivedData/Build/Intermediates.noindex/AppMetrica.build/Debug-iphoneos/AppMetricaCore-t.build/DerivedSources/resource_bundle_accessor.h -MMD -MT dependencies -MF /Users/admin/builder/spi-builder-workspace/.derivedData/Build/Intermediates.noindex/AppMetrica.build/Debug-iphoneos/AppMetricaCore-t.build/Objects-normal/arm64/AMASubscriptionInfoModel.d --serialize-diagnostics /Users/admin/builder/spi-builder-workspace/.derivedData/Build/Intermediates.noindex/AppMetrica.build/Debug-iphoneos/AppMetricaCore-t.build/Objects-normal/arm64/AMASubscriptionInfoModel.dia -c /Users/admin/builder/spi-builder-workspace/.dependencies/checkouts/appmetrica-sdk-ios/AppMetricaCore/Sources/Revenue/AutoIAP/Models/AMASubscriptionInfoModel.m -o /Users/admin/builder/spi-builder-workspace/.derivedData/Build/Intermediates.noindex/AppMetrica.build/Debug-iphoneos/AppMetricaCore-t.build/Objects-normal/arm64/AMASubscriptionInfoModel.o -index-unit-output-path /AppMetrica.build/Debug-iphoneos/AppMetricaCore-t.build/Objects-normal/arm64/AMASubscriptionInfoModel.o
ScanDependencies /Users/admin/builder/spi-builder-workspace/.derivedData/Build/Intermediates.noindex/AppMetrica.build/Debug-iphoneos/AppMetricaCoreExtension-t.build/Objects-normal/arm64/resource_bundle_accessor.o /Users/admin/builder/spi-builder-workspace/.derivedData/Build/Intermediates.noindex/AppMetrica.build/Debug-iphoneos/AppMetricaCoreExtension-t.build/DerivedSources/resource_bundle_accessor.m normal arm64 objective-c com.apple.compilers.llvm.clang.1_0.compiler (in target 'AppMetricaCoreExtension' from project 'AppMetrica')
    cd /Users/admin/builder/spi-builder-workspace/.swiftpm/xcode

    Using response file: /Users/admin/builder/spi-builder-workspace/.derivedData/Build/Intermediates.noindex/AppMetrica.build/Debug-iphoneos/AppMetricaCoreExtension-t.build/Objects-normal/arm64/e6072d4f65d7061329687fe24e3d63a7-common-args.resp

    builtin-ScanDependencies -o /Users/admin/builder/spi-builder-workspace/.derivedData/Build/Intermediates.noindex/AppMetrica.build/Debug-iphoneos/AppMetricaCoreExtension-t.build/Objects-normal/arm64/resource_bundle_accessor.o.scan -- /Applications/Xcode-27.0.0-Release.Candidate.app/Contents/Developer/Toolchains/XcodeDefault.xctoolchain/usr/bin/clang -x objective-c -ivfsstatcache /Users/admin/builder/spi-builder-workspace/.derivedData/SDKStatCaches.noindex/iphoneos27.0-24A430-e829b21a6f8c9b70876ba0858053c04440ceaa042ed91876912b2eeea4e3aa14.sdkstatcache -target arm64-apple-ios15.0 -fmessage-length\=0 -fdiagnostics-show-note-include-stack -fmacro-backtrace-limit\=0 -fno-color-diagnostics -fmodules-prune-interval\=86400 -fmodules-prune-after\=345600 -fbuild-session-file\=/Users/admin/builder/spi-builder-workspace/.derivedData/ModuleCache.noindex/Session.modulevalidation -fmodules-validate-once-per-build-session -Wnon-modular-include-in-framework-module -Werror\=non-modular-include-in-framework-module -Wno-trigraphs -Wno-missing-field-initializers -Wno-missing-prototypes -Wno-return-type -Wno-implicit-atomic-properties -Wno-objc-interface-ivars -Wno-arc-repeated-use-of-weak -Wno-missing-braces -Wparentheses -Wswitch -Wno-unused-function -Wno-unused-label -Wno-unused-parameter -Wno-unused-variable -Wunused-value -Wno-empty-body -Wno-uninitialized -Wno-unknown-pragmas -w -Wno-shadow -Wno-four-char-constants -Wno-conversion -Wno-constant-conversion -Wno-int-conversion -Wno-bool-conversion -Wno-enum-conversion -Wno-float-conversion -Wno-non-literal-null-conversion -Wno-objc-literal-conversion -Wshorten-64-to-32 -Wpointer-sign -Wno-newline-eof -Wno-selector -Wno-strict-selector-match -Wno-undeclared-selector -Wno-deprecated-implementations -Wno-implicit-fallthrough -isysroot /Applications/Xcode-27.0.0-Release.Candidate.app/Contents/Developer/Platforms/iPhoneOS.platform/Developer/SDKs/iPhoneOS27.0.sdk -fstrict-aliasing -Wprotocol -Wdeprecated-declarations -Wno-sign-conversion -Wno-infinite-recursion -Wno-comma -Wno-block-capture-autoreleasing -Wno-strict-prototypes -Wno-semicolon-before-method-body -index-store-path /Users/admin/builder/spi-builder-workspace/.derivedData/Index.noindex/DataStore @/Users/admin/builder/spi-builder-workspace/.derivedData/Build/Intermediates.noindex/AppMetrica.build/Debug-iphoneos/AppMetricaCoreExtension-t.build/Objects-normal/arm64/e6072d4f65d7061329687fe24e3d63a7-common-args.resp -include /Users/admin/builder/spi-builder-workspace/.derivedData/Build/Intermediates.noindex/AppMetrica.build/Debug-iphoneos/AppMetricaCoreExtension-t.build/DerivedSources/resource_bundle_accessor.h -MMD -MT dependencies -MF /Users/admin/builder/spi-builder-workspace/.derivedData/Build/Intermediates.noindex/AppMetrica.build/Debug-iphoneos/AppMetricaCoreExtension-t.build/Objects-normal/arm64/resource_bundle_accessor.d --serialize-diagnostics /Users/admin/builder/spi-builder-workspace/.derivedData/Build/Intermediates.noindex/AppMetrica.build/Debug-iphoneos/AppMetricaCoreExtension-t.build/Objects-normal/arm64/resource_bundle_accessor.dia -c /Users/admin/builder/spi-builder-workspace/.derivedData/Build/Intermediates.noindex/AppMetrica.build/Debug-iphoneos/AppMetricaCoreExtension-t.build/DerivedSources/resource_bundle_accessor.m -o /Users/admin/builder/spi-builder-workspace/.derivedData/Build/Intermediates.noindex/AppMetrica.build/Debug-iphoneos/AppMetricaCoreExtension-t.build/Objects-normal/arm64/resource_bundle_accessor.o -index-unit-output-path /AppMetrica.build/Debug-iphoneos/AppMetricaCoreExtension-t.build/Objects-normal/arm64/resource_bundle_accessor.o
SwiftEmitModule normal arm64 Emitting\ module\ for\ AppMetricaIdentifiers (in target 'AppMetricaIdentifiers' from project 'AppMetrica')
SwiftCompile normal arm64 (in target 'AppMetricaIdentifiers' from project 'AppMetrica')
    cd /Users/admin/builder/spi-builder-workspace/.swiftpm/xcode

SwiftEmitModule normal arm64 Emitting\ module\ for\ VGSLUI (in target 'VGSLUI' from project 'vgsl')
SwiftCompile normal arm64 (in target 'VGSLUI' from project 'vgsl')
    cd /Users/admin/builder/spi-builder-workspace/.swiftpm/xcode

SwiftCompile normal arm64 Compiling\ CompoundScrollDelegate.swift,\ ExclusiveTouchCollectionView.swift,\ ImageContaining.swift,\ ImageDecodingMemoryOptimization.swift,\ ImageLayerLayout.swift,\ ImageRedrawingStyle.swift,\ ImageViewBackgroundModel.swift,\ ImageViewProtocol.swift,\ MetalImageView.swift,\ HTMLEntities.swift,\ HTMLEntitiesResolver.swift /Users/admin/builder/spi-builder-workspace/.dependencies/checkouts/vgsl/VGSLUI/CompoundScrollDelegate.swift /Users/admin/builder/spi-builder-workspace/.dependencies/checkouts/vgsl/VGSLUI/ExclusiveTouchCollectionView.swift /Users/admin/builder/spi-builder-workspace/.dependencies/checkouts/vgsl/VGSLUI/ImageContaining.swift /Users/admin/builder/spi-builder-workspace/.dependencies/checkouts/vgsl/VGSLUI/ImageDecodingMemoryOptimization.swift /Users/admin/builder/spi-builder-workspace/.dependencies/checkouts/vgsl/VGSLUI/ImageLayerLayout.swift /Users/admin/builder/spi-builder-workspace/.dependencies/checkouts/vgsl/VGSLUI/ImageRedrawingStyle.swift /Users/admin/builder/spi-builder-workspace/.dependencies/checkouts/vgsl/VGSLUI/ImageViewBackgroundModel.swift /Users/admin/builder/spi-builder-workspace/.dependencies/checkouts/vgsl/VGSLUI/ImageViewProtocol.swift /Users/admin/builder/spi-builder-workspace/.dependencies/checkouts/vgsl/VGSLUI/MetalImageView.swift /Users/admin/builder/spi-builder-workspace/.dependencies/checkouts/vgsl/VGSLUI/NativeHTMLParser/HTMLEntities.swift /Users/admin/builder/spi-builder-workspace/.dependencies/checkouts/vgsl/VGSLUI/NativeHTMLParser/HTMLEntitiesResolver.swift (in target 'VGSLUI' from project 'vgsl')
SwiftCompile normal arm64 /Users/admin/builder/spi-builder-workspace/.dependencies/checkouts/vgsl/VGSLUI/CompoundScrollDelegate.swift (in target 'VGSLUI' from project 'vgsl')
    cd /Users/admin/builder/spi-builder-workspace/.swiftpm/xcode
    builtin-SwiftPerFileCompile CompoundScrollDelegate.swift
SwiftCompile normal arm64 /Users/admin/builder/spi-builder-workspace/.dependencies/checkouts/vgsl/VGSLUI/ExclusiveTouchCollectionView.swift (in target 'VGSLUI' from project 'vgsl')
    cd /Users/admin/builder/spi-builder-workspace/.swiftpm/xcode
    builtin-SwiftPerFileCompile ExclusiveTouchCollectionView.swift
SwiftCompile normal arm64 /Users/admin/builder/spi-builder-workspace/.dependencies/checkouts/vgsl/VGSLUI/ImageContaining.swift (in target 'VGSLUI' from project 'vgsl')
    cd /Users/admin/builder/spi-builder-workspace/.swiftpm/xcode
    builtin-SwiftPerFileCompile ImageContaining.swift
SwiftCompile normal arm64 /Users/admin/builder/spi-builder-workspace/.dependencies/checkouts/vgsl/VGSLUI/ImageDecodingMemoryOptimization.swift (in target 'VGSLUI' from project 'vgsl')
    cd /Users/admin/builder/spi-builder-workspace/.swiftpm/xcode
    builtin-SwiftPerFileCompile ImageDecodingMemoryOptimization.swift
SwiftCompile normal arm64 /Users/admin/builder/spi-builder-workspace/.dependencies/checkouts/vgsl/VGSLUI/ImageLayerLayout.swift (in target 'VGSLUI' from project 'vgsl')
    cd /Users/admin/builder/spi-builder-workspace/.swiftpm/xcode
    builtin-SwiftPerFileCompile ImageLayerLayout.swift
SwiftCompile normal arm64 /Users/admin/builder/spi-builder-workspace/.dependencies/checkouts/vgsl/VGSLUI/ImageRedrawingStyle.swift (in target 'VGSLUI' from project 'vgsl')
    cd /Users/admin/builder/spi-builder-workspace/.swiftpm/xcode
    builtin-SwiftPerFileCompile ImageRedrawingStyle.swift
SwiftCompile normal arm64 /Users/admin/builder/spi-builder-workspace/.dependencies/checkouts/vgsl/VGSLUI/ImageViewBackgroundModel.swift (in target 'VGSLUI' from project 'vgsl')
    cd /Users/admin/builder/spi-builder-workspace/.swiftpm/xcode
    builtin-SwiftPerFileCompile ImageViewBackgroundModel.swift
SwiftCompile normal arm64 /Users/admin/builder/spi-builder-workspace/.dependencies/checkouts/vgsl/VGSLUI/ImageViewProtocol.swift (in target 'VGSLUI' from project 'vgsl')
    cd /Users/admin/builder/spi-builder-workspace/.swiftpm/xcode
    builtin-SwiftPerFileCompile ImageViewProtocol.swift
SwiftCompile normal arm64 /Users/admin/builder/spi-builder-workspace/.dependencies/checkouts/vgsl/VGSLUI/MetalImageView.swift (in target 'VGSLUI' from project 'vgsl')
    cd /Users/admin/builder/spi-builder-workspace/.swiftpm/xcode
    builtin-SwiftPerFileCompile MetalImageView.swift
SwiftCompile normal arm64 /Users/admin/builder/spi-builder-workspace/.dependencies/checkouts/vgsl/VGSLUI/NativeHTMLParser/HTMLEntities.swift (in target 'VGSLUI' from project 'vgsl')
    cd /Users/admin/builder/spi-builder-workspace/.swiftpm/xcode
    builtin-SwiftPerFileCompile HTMLEntities.swift
SwiftCompile normal arm64 /Users/admin/builder/spi-builder-workspace/.dependencies/checkouts/vgsl/VGSLUI/NativeHTMLParser/HTMLEntitiesResolver.swift (in target 'VGSLUI' from project 'vgsl')
    cd /Users/admin/builder/spi-builder-workspace/.swiftpm/xcode
    builtin-SwiftPerFileCompile HTMLEntitiesResolver.swift
SwiftCompile normal arm64 Compiling\ KeyboardAppearance.swift,\ StatusBarStyle.swift,\ AttributedStringLayout.swift,\ BackgroundAttribute.swift,\ BorderAttribute.swift,\ CloudBackgroundAttribute.swift,\ FontExtensions.swift,\ FontSettings.swift,\ FontSpecifying.swift,\ RangeVerticalAlignmentAttribute.swift /Users/admin/builder/spi-builder-workspace/.dependencies/checkouts/vgsl/VGSLUI/types/style/KeyboardAppearance.swift /Users/admin/builder/spi-builder-workspace/.dependencies/checkouts/vgsl/VGSLUI/types/style/StatusBarStyle.swift /Users/admin/builder/spi-builder-workspace/.dependencies/checkouts/vgsl/VGSLUI/typo/AttributedStringLayout.swift /Users/admin/builder/spi-builder-workspace/.dependencies/checkouts/vgsl/VGSLUI/typo/BackgroundAttribute.swift /Users/admin/builder/spi-builder-workspace/.dependencies/checkouts/vgsl/VGSLUI/typo/BorderAttribute.swift /Users/admin/builder/spi-builder-workspace/.dependencies/checkouts/vgsl/VGSLUI/typo/CloudBackgroundAttribute.swift /Users/admin/builder/spi-builder-workspace/.dependencies/checkouts/vgsl/VGSLUI/typo/FontExtensions.swift /Users/admin/builder/spi-builder-workspace/.dependencies/checkouts/vgsl/VGSLUI/typo/FontSettings.swift /Users/admin/builder/spi-builder-workspace/.dependencies/checkouts/vgsl/VGSLUI/typo/FontSpecifying.swift /Users/admin/builder/spi-builder-workspace/.dependencies/checkouts/vgsl/VGSLUI/typo/RangeVerticalAlignmentAttribute.swift (in target 'VGSLUI' from project 'vgsl')
SwiftCompile normal arm64 /Users/admin/builder/spi-builder-workspace/.dependencies/checkouts/vgsl/VGSLUI/types/style/KeyboardAppearance.swift (in target 'VGSLUI' from project 'vgsl')
    cd /Users/admin/builder/spi-builder-workspace/.swiftpm/xcode
    builtin-SwiftPerFileCompile KeyboardAppearance.swift
SwiftCompile normal arm64 /Users/admin/builder/spi-builder-workspace/.dependencies/checkouts/vgsl/VGSLUI/types/style/StatusBarStyle.swift (in target 'VGSLUI' from project 'vgsl')
    cd /Users/admin/builder/spi-builder-workspace/.swiftpm/xcode
    builtin-SwiftPerFileCompile StatusBarStyle.swift
SwiftCompile normal arm64 /Users/admin/builder/spi-builder-workspace/.dependencies/checkouts/vgsl/VGSLUI/typo/AttributedStringLayout.swift (in target 'VGSLUI' from project 'vgsl')
    cd /Users/admin/builder/spi-builder-workspace/.swiftpm/xcode
    builtin-SwiftPerFileCompile AttributedStringLayout.swift
SwiftCompile normal arm64 /Users/admin/builder/spi-builder-workspace/.dependencies/checkouts/vgsl/VGSLUI/typo/BackgroundAttribute.swift (in target 'VGSLUI' from project 'vgsl')
    cd /Users/admin/builder/spi-builder-workspace/.swiftpm/xcode
    builtin-SwiftPerFileCompile BackgroundAttribute.swift
SwiftCompile normal arm64 /Users/admin/builder/spi-builder-workspace/.dependencies/checkouts/vgsl/VGSLUI/typo/BorderAttribute.swift (in target 'VGSLUI' from project 'vgsl')
    cd /Users/admin/builder/spi-builder-workspace/.swiftpm/xcode
    builtin-SwiftPerFileCompile BorderAttribute.swift
SwiftCompile normal arm64 /Users/admin/builder/spi-builder-workspace/.dependencies/checkouts/vgsl/VGSLUI/typo/CloudBackgroundAttribute.swift (in target 'VGSLUI' from project 'vgsl')
    cd /Users/admin/builder/spi-builder-workspace/.swiftpm/xcode
    builtin-SwiftPerFileCompile CloudBackgroundAttribute.swift
SwiftCompile normal arm64 /Users/admin/builder/spi-builder-workspace/.dependencies/checkouts/vgsl/VGSLUI/typo/FontExtensions.swift (in target 'VGSLUI' from project 'vgsl')
    cd /Users/admin/builder/spi-builder-workspace/.swiftpm/xcode
    builtin-SwiftPerFileCompile FontExtensions.swift
SwiftCompile normal arm64 /Users/admin/builder/spi-builder-workspace/.dependencies/checkouts/vgsl/VGSLUI/typo/FontSettings.swift (in target 'VGSLUI' from project 'vgsl')
    cd /Users/admin/builder/spi-builder-workspace/.swiftpm/xcode
    builtin-SwiftPerFileCompile FontSettings.swift
SwiftCompile normal arm64 /Users/admin/builder/spi-builder-workspace/.dependencies/checkouts/vgsl/VGSLUI/typo/FontSpecifying.swift (in target 'VGSLUI' from project 'vgsl')
    cd /Users/admin/builder/spi-builder-workspace/.swiftpm/xcode
    builtin-SwiftPerFileCompile FontSpecifying.swift
SwiftCompile normal arm64 /Users/admin/builder/spi-builder-workspace/.dependencies/checkouts/vgsl/VGSLUI/typo/RangeVerticalAlignmentAttribute.swift (in target 'VGSLUI' from project 'vgsl')
    cd /Users/admin/builder/spi-builder-workspace/.swiftpm/xcode
    builtin-SwiftPerFileCompile RangeVerticalAlignmentAttribute.swift
SwiftCompile normal arm64 Compiling\ ImageExtensions.swift,\ NSAttributedStringExtensions.swift,\ ParagraphAttributes.swift,\ StringExtensions.swift,\ SwiftUIExtensions.swift,\ TextLayout.swift,\ TextLayoutCache.swift,\ TextLayoutParams.swift,\ TextLayoutSize.swift,\ TintModeExtensions.swift,\ TypographicBounds.swift /Users/admin/builder/spi-builder-workspace/.dependencies/checkouts/vgsl/VGSLUI/extensions/ImageExtensions.swift /Users/admin/builder/spi-builder-workspace/.dependencies/checkouts/vgsl/VGSLUI/extensions/NSAttributedStringExtensions.swift /Users/admin/builder/spi-builder-workspace/.dependencies/checkouts/vgsl/VGSLUI/extensions/ParagraphAttributes.swift /Users/admin/builder/spi-builder-workspace/.dependencies/checkouts/vgsl/VGSLUI/extensions/StringExtensions.swift /Users/admin/builder/spi-builder-workspace/.dependencies/checkouts/vgsl/VGSLUI/extensions/SwiftUIExtensions.swift /Users/admin/builder/spi-builder-workspace/.dependencies/checkouts/vgsl/VGSLUI/extensions/TextLayout.swift /Users/admin/builder/spi-builder-workspace/.dependencies/checkouts/vgsl/VGSLUI/extensions/TextLayoutCache.swift /Users/admin/builder/spi-builder-workspace/.dependencies/checkouts/vgsl/VGSLUI/extensions/TextLayoutParams.swift /Users/admin/builder/spi-builder-workspace/.dependencies/checkouts/vgsl/VGSLUI/extensions/TextLayoutSize.swift /Users/admin/builder/spi-builder-workspace/.dependencies/checkouts/vgsl/VGSLUI/extensions/TintModeExtensions.swift /Users/admin/builder/spi-builder-workspace/.dependencies/checkouts/vgsl/VGSLUI/extensions/TypographicBounds.swift (in target 'VGSLUI' from project 'vgsl')
/Users/admin/builder/spi-builder-workspace/.dependencies/checkouts/vgsl/VGSLUI/extensions/ImageExtensions.swift:77:5: error: main actor-isolated let 'makeImage' can not be referenced from a nonisolated context
 74 |
 75 | extension Image {
 76 |   public class func imageWithSolidColor(_ color: Color, size: CGSize) -> Image? {
    |                     `- note: add '@MainActor' to make class method 'imageWithSolidColor(_:size:)' part of global actor 'MainActor'
 77 |     makeImage(color, size)
    |     `- error: main actor-isolated let 'makeImage' can not be referenced from a nonisolated context
 78 |   }
 79 |
    :
300 |
301 | @MainActor
302 | private let makeImage = memoizeNonSendable { (color: Color, size: CGSize) -> Image? in
    |             `- note: let declared here
303 |   Image.imageOfSize(size, opaque: true) { ctx in
304 |     ctx.setFillColor(color.cgColor)
/Users/admin/builder/spi-builder-workspace/.dependencies/checkouts/vgsl/VGSLUI/extensions/ImageExtensions.swift:81:5: error: main actor-isolated let 'makeTransparentImage' can not be referenced from a nonisolated context
 78 |   }
 79 |
 80 |   public class func transparentImageWithSolidColor(_ color: Color, size: CGSize) -> Image? {
    |                     `- note: add '@MainActor' to make class method 'transparentImageWithSolidColor(_:size:)' part of global actor 'MainActor'
 81 |     makeTransparentImage(color, size)
    |     `- error: main actor-isolated let 'makeTransparentImage' can not be referenced from a nonisolated context
 82 |   }
 83 |
    :
308 |
309 | @MainActor
310 | private let makeTransparentImage = memoizeNonSendable { (color: Color, size: CGSize) -> Image? in
    |             `- note: let declared here
311 |   Image.imageOfSize(size) { ctx in
312 |     ctx.setFillColor(color.cgColor)
Failed frontend command:
SwiftCompile normal arm64 /Users/admin/builder/spi-builder-workspace/.dependencies/checkouts/vgsl/VGSLUI/extensions/ImageExtensions.swift (in target 'VGSLUI' from project 'vgsl')
    cd /Users/admin/builder/spi-builder-workspace/.swiftpm/xcode
    builtin-SwiftPerFileCompile ImageExtensions.swift
SwiftCompile normal arm64 /Users/admin/builder/spi-builder-workspace/.dependencies/checkouts/vgsl/VGSLUI/extensions/NSAttributedStringExtensions.swift (in target 'VGSLUI' from project 'vgsl')
    cd /Users/admin/builder/spi-builder-workspace/.swiftpm/xcode
    builtin-SwiftPerFileCompile NSAttributedStringExtensions.swift
SwiftCompile normal arm64 /Users/admin/builder/spi-builder-workspace/.dependencies/checkouts/vgsl/VGSLUI/extensions/ParagraphAttributes.swift (in target 'VGSLUI' from project 'vgsl')
    cd /Users/admin/builder/spi-builder-workspace/.swiftpm/xcode
    builtin-SwiftPerFileCompile ParagraphAttributes.swift
SwiftCompile normal arm64 /Users/admin/builder/spi-builder-workspace/.dependencies/checkouts/vgsl/VGSLUI/extensions/StringExtensions.swift (in target 'VGSLUI' from project 'vgsl')
    cd /Users/admin/builder/spi-builder-workspace/.swiftpm/xcode
    builtin-SwiftPerFileCompile StringExtensions.swift
SwiftCompile normal arm64 /Users/admin/builder/spi-builder-workspace/.dependencies/checkouts/vgsl/VGSLUI/extensions/SwiftUIExtensions.swift (in target 'VGSLUI' from project 'vgsl')
    cd /Users/admin/builder/spi-builder-workspace/.swiftpm/xcode
    builtin-SwiftPerFileCompile SwiftUIExtensions.swift
SwiftCompile normal arm64 /Users/admin/builder/spi-builder-workspace/.dependencies/checkouts/vgsl/VGSLUI/extensions/TextLayout.swift (in target 'VGSLUI' from project 'vgsl')
    cd /Users/admin/builder/spi-builder-workspace/.swiftpm/xcode
    builtin-SwiftPerFileCompile TextLayout.swift
SwiftCompile normal arm64 /Users/admin/builder/spi-builder-workspace/.dependencies/checkouts/vgsl/VGSLUI/extensions/TextLayoutCache.swift (in target 'VGSLUI' from project 'vgsl')
    cd /Users/admin/builder/spi-builder-workspace/.swiftpm/xcode
    builtin-SwiftPerFileCompile TextLayoutCache.swift
SwiftCompile normal arm64 /Users/admin/builder/spi-builder-workspace/.dependencies/checkouts/vgsl/VGSLUI/extensions/TextLayoutParams.swift (in target 'VGSLUI' from project 'vgsl')
    cd /Users/admin/builder/spi-builder-workspace/.swiftpm/xcode
    builtin-SwiftPerFileCompile TextLayoutParams.swift
SwiftCompile normal arm64 /Users/admin/builder/spi-builder-workspace/.dependencies/checkouts/vgsl/VGSLUI/extensions/TextLayoutSize.swift (in target 'VGSLUI' from project 'vgsl')
    cd /Users/admin/builder/spi-builder-workspace/.swiftpm/xcode
    builtin-SwiftPerFileCompile TextLayoutSize.swift
SwiftCompile normal arm64 /Users/admin/builder/spi-builder-workspace/.dependencies/checkouts/vgsl/VGSLUI/extensions/TintModeExtensions.swift (in target 'VGSLUI' from project 'vgsl')
    cd /Users/admin/builder/spi-builder-workspace/.swiftpm/xcode
    builtin-SwiftPerFileCompile TintModeExtensions.swift
SwiftCompile normal arm64 /Users/admin/builder/spi-builder-workspace/.dependencies/checkouts/vgsl/VGSLUI/extensions/TypographicBounds.swift (in target 'VGSLUI' from project 'vgsl')
    cd /Users/admin/builder/spi-builder-workspace/.swiftpm/xcode
    builtin-SwiftPerFileCompile TypographicBounds.swift
/Applications/Xcode-27.0.0-Release.Candidate.app/Contents/Developer/Toolchains/XcodeDefault.xctoolchain/usr/bin/swift-frontend -frontend -c /Users/admin/builder/spi-builder-workspace/.dependencies/checkouts/vgsl/VGSLUI/CompoundScrollDelegate.swift /Users/admin/builder/spi-builder-workspace/.dependencies/checkouts/vgsl/VGSLUI/ExclusiveTouchCollectionView.swift /Users/admin/builder/spi-builder-workspace/.dependencies/checkouts/vgsl/VGSLUI/ImageContaining.swift /Users/admin/builder/spi-builder-workspace/.dependencies/checkouts/vgsl/VGSLUI/ImageDecodingMemoryOptimization.swift /Users/admin/builder/spi-builder-workspace/.dependencies/checkouts/vgsl/VGSLUI/ImageLayerLayout.swift /Users/admin/builder/spi-builder-workspace/.dependencies/checkouts/vgsl/VGSLUI/ImageRedrawingStyle.swift /Users/admin/builder/spi-builder-workspace/.dependencies/checkouts/vgsl/VGSLUI/ImageViewBackgroundModel.swift /Users/admin/builder/spi-builder-workspace/.dependencies/checkouts/vgsl/VGSLUI/ImageViewProtocol.swift /Users/admin/builder/spi-builder-workspace/.dependencies/checkouts/vgsl/VGSLUI/MetalImageView.swift /Users/admin/builder/spi-builder-workspace/.dependencies/checkouts/vgsl/VGSLUI/NativeHTMLParser/HTMLEntities.swift /Users/admin/builder/spi-builder-workspace/.dependencies/checkouts/vgsl/VGSLUI/NativeHTMLParser/HTMLEntitiesResolver.swift /Users/admin/builder/spi-builder-workspace/.dependencies/checkouts/vgsl/VGSLUI/NativeHTMLParser/HTMLParser.swift /Users/admin/builder/spi-builder-workspace/.dependencies/checkouts/vgsl/VGSLUI/NativeHTMLParser/HTMLParserDelegate.swift /Users/admin/builder/spi-builder-workspace/.dependencies/checkouts/vgsl/VGSLUI/NativeHTMLParser/HTMLTag.swift /Users/admin/builder/spi-builder-workspace/.dependencies/checkouts/vgsl/VGSLUI/NativeHTMLParser/HTMLTaggedString.swift /Users/admin/builder/spi-builder-workspace/.dependencies/checkouts/vgsl/VGSLUI/Navigation/ViewProtocol.swift /Users/admin/builder/spi-builder-workspace/.dependencies/checkouts/vgsl/VGSLUI/OSX.swift /Users/admin/builder/spi-builder-workspace/.dependencies/checkouts/vgsl/VGSLUI/PublicInterfaces.swift /Users/admin/builder/spi-builder-workspace/.dependencies/checkouts/vgsl/VGSLUI/RemoteImageView.swift /Users/admin/builder/spi-builder-workspace/.dependencies/checkouts/vgsl/VGSLUI/RemoteImageViewContainer.swift /Users/admin/builder/spi-builder-workspace/.dependencies/checkouts/vgsl/VGSLUI/RemoteImageViewContentProtocol.swift /Users/admin/builder/spi-builder-workspace/.dependencies/checkouts/vgsl/VGSLUI/ScrollableContent.swift /Users/admin/builder/spi-builder-workspace/.dependencies/checkouts/vgsl/VGSLUI/Theme.swift /Users/admin/builder/spi-builder-workspace/.dependencies/checkouts/vgsl/VGSLUI/UIStyles.swift /Users/admin/builder/spi-builder-workspace/.dependencies/checkouts/vgsl/VGSLUI/VisibleBoundsTracking.swift /Users/admin/builder/spi-builder-workspace/.dependencies/checkouts/vgsl/VGSLUI/alert/ActionSheetModel.swift /Users/admin/builder/spi-builder-workspace/.dependencies/checkouts/vgsl/VGSLUI/alert/ActionSheetUI.swift /Users/admin/builder/spi-builder-workspace/.dependencies/checkouts/vgsl/VGSLUI/alert/AlertButton.swift /Users/admin/builder/spi-builder-workspace/.dependencies/checkouts/vgsl/VGSLUI/alert/AlertModel.swift /Users/admin/builder/spi-builder-workspace/.dependencies/checkouts/vgsl/VGSLUI/alert/AlertTextField.swift /Users/admin/builder/spi-builder-workspace/.dependencies/checkouts/vgsl/VGSLUI/alert/AlertUI.swift /Users/admin/builder/spi-builder-workspace/.dependencies/checkouts/vgsl/VGSLUI/components/Label.swift /Users/admin/builder/spi-builder-workspace/.dependencies/checkouts/vgsl/VGSLUI/extensions/AccessibilityElementExtensions.swift /Users/admin/builder/spi-builder-workspace/.dependencies/checkouts/vgsl/VGSLUI/extensions/CAAnimationExtensions.swift /Users/admin/builder/spi-builder-workspace/.dependencies/checkouts/vgsl/VGSLUI/extensions/CGAffineTransformExtensions.swift /Users/admin/builder/spi-builder-workspace/.dependencies/checkouts/vgsl/VGSLUI/extensions/CGColorExtensions.swift /Users/admin/builder/spi-builder-workspace/.dependencies/checkouts/vgsl/VGSLUI/extensions/CGContextExtensions.swift /Users/admin/builder/spi-builder-workspace/.dependencies/checkouts/vgsl/VGSLUI/extensions/CGFloatExtensions.swift /Users/admin/builder/spi-builder-workspace/.dependencies/checkouts/vgsl/VGSLUI/extensions/CGPointExtensions.swift /Users/admin/builder/spi-builder-workspace/.dependencies/checkouts/vgsl/VGSLUI/extensions/CGRectExtensions.swift /Users/admin/builder/spi-builder-workspace/.dependencies/checkouts/vgsl/VGSLUI/extensions/CGSizeExtensions.swift /Users/admin/builder/spi-builder-workspace/.dependencies/checkouts/vgsl/VGSLUI/extensions/CGVectorExtensions.swift /Users/admin/builder/spi-builder-workspace/.dependencies/checkouts/vgsl/VGSLUI/extensions/ColorExtensions.swift /Users/admin/builder/spi-builder-workspace/.dependencies/checkouts/vgsl/VGSLUI/extensions/EdgeInsetsExtensions.swift -primary-file /Users/admin/builder/spi-builder-workspace/.dependencies/checkouts/vgsl/VGSLUI/extensions/ImageExtensions.swift -primary-file /Users/admin/builder/spi-builder-workspace/.dependencies/checkouts/vgsl/VGSLUI/extensions/NSAttributedStringExtensions.swift -primary-file /Users/admin/builder/spi-builder-workspace/.dependencies/checkouts/vgsl/VGSLUI/extensions/ParagraphAttributes.swift -primary-file /Users/admin/builder/spi-builder-workspace/.dependencies/checkouts/vgsl/VGSLUI/extensions/StringExtensions.swift -primary-file /Users/admin/builder/spi-builder-workspace/.dependencies/checkouts/vgsl/VGSLUI/extensions/SwiftUIExtensions.swift -primary-file /Users/admin/builder/spi-builder-workspace/.dependencies/checkouts/vgsl/VGSLUI/extensions/TextLayout.swift -primary-file /Users/admin/builder/spi-builder-workspace/.dependencies/checkouts/vgsl/VGSLUI/extensions/TextLayoutCache.swift -primary-file /Users/admin/builder/spi-builder-workspace/.dependencies/checkouts/vgsl/VGSLUI/extensions/TextLayoutParams.swift -primary-file /Users/admin/builder/spi-builder-workspace/.dependencies/checkouts/vgsl/VGSLUI/extensions/TextLayoutSize.swift -primary-file /Users/admin/builder/spi-builder-workspace/.dependencies/checkouts/vgsl/VGSLUI/extensions/TintModeExtensions.swift -primary-file /Users/admin/builder/spi-builder-workspace/.dependencies/checkouts/vgsl/VGSLUI/extensions/TypographicBounds.swift /Users/admin/builder/spi-builder-workspace/.dependencies/checkouts/vgsl/VGSLUI/extensions/UIDeviceExtensions.swift /Users/admin/builder/spi-builder-workspace/.dependencies/checkouts/vgsl/VGSLUI/extensions/UIImageExtensions.swift /Users/admin/builder/spi-builder-workspace/.dependencies/checkouts/vgsl/VGSLUI/extensions/UIImageViewExtensions.swift /Users/admin/builder/spi-builder-workspace/.dependencies/checkouts/vgsl/VGSLUI/extensions/UIMenuControllerExtensions.swift /Users/admin/builder/spi-builder-workspace/.dependencies/checkouts/vgsl/VGSLUI/filters/EquatableImageFilter.swift /Users/admin/builder/spi-builder-workspace/.dependencies/checkouts/vgsl/VGSLUI/filters/FilterProtocol.swift /Users/admin/builder/spi-builder-workspace/.dependencies/checkouts/vgsl/VGSLUI/filters/ImageBlur.swift /Users/admin/builder/spi-builder-workspace/.dependencies/checkouts/vgsl/VGSLUI/filters/ImageComposer.swift /Users/admin/builder/spi-builder-workspace/.dependencies/checkouts/vgsl/VGSLUI/filters/ImageCrop.swift /Users/admin/builder/spi-builder-workspace/.dependencies/checkouts/vgsl/VGSLUI/filters/ImageEffect.swift /Users/admin/builder/spi-builder-workspace/.dependencies/checkouts/vgsl/VGSLUI/filters/ImageFilters.swift /Users/admin/builder/spi-builder-workspace/.dependencies/checkouts/vgsl/VGSLUI/filters/ImageGenerator.swift /Users/admin/builder/spi-builder-workspace/.dependencies/checkouts/vgsl/VGSLUI/filters/TintMode.swift /Users/admin/builder/spi-builder-workspace/.dependencies/checkouts/vgsl/VGSLUI/graphics/InternalImageDescriptor.swift /Users/admin/builder/spi-builder-workspace/.dependencies/checkouts/vgsl/VGSLUI/iOS.swift /Users/admin/builder/spi-builder-workspace/.dependencies/checkouts/vgsl/VGSLUI/types/AccessibilityElement.swift /Users/admin/builder/spi-builder-workspace/.dependencies/checkouts/vgsl/VGSLUI/types/AccessibilityPriorities.swift /Users/admin/builder/spi-builder-workspace/.dependencies/checkouts/vgsl/VGSLUI/types/Alignment.swift /Users/admin/builder/spi-builder-workspace/.dependencies/checkouts/vgsl/VGSLUI/types/AnchoredPoint.swift /Users/admin/builder/spi-builder-workspace/.dependencies/checkouts/vgsl/VGSLUI/types/BezierCurve.swift /Users/admin/builder/spi-builder-workspace/.dependencies/checkouts/vgsl/VGSLUI/types/ImageContentMode.swift /Users/admin/builder/spi-builder-workspace/.dependencies/checkouts/vgsl/VGSLUI/types/PhysicalFeedbackGenerator.swift /Users/admin/builder/spi-builder-workspace/.dependencies/checkouts/vgsl/VGSLUI/types/RGBAColor.swift /Users/admin/builder/spi-builder-workspace/.dependencies/checkouts/vgsl/VGSLUI/types/SideInsets.swift /Users/admin/builder/spi-builder-workspace/.dependencies/checkouts/vgsl/VGSLUI/types/UserInterfaceStyle.swift /Users/admin/builder/spi-builder-workspace/.dependencies/checkouts/vgsl/VGSLUI/types/color/RGBAColorExtensions.swift /Users/admin/builder/spi-builder-workspace/.dependencies/checkouts/vgsl/VGSLUI/types/gradient/Gradient.swift /Users/admin/builder/spi-builder-workspace/.dependencies/checkouts/vgsl/VGSLUI/types/gradient/LinearGradientView+Layer.swift /Users/admin/builder/spi-builder-workspace/.dependencies/checkouts/vgsl/VGSLUI/types/gradient/RadialGradientView.swift /Users/admin/builder/spi-builder-workspace/.dependencies/checkouts/vgsl/VGSLUI/types/image/ColorHolder.swift /Users/admin/builder/spi-builder-workspace/.dependencies/checkouts/vgsl/VGSLUI/types/image/ImageDataHolder.swift /Users/admin/builder/spi-builder-workspace/.dependencies/checkouts/vgsl/VGSLUI/types/image/ImageHolder.swift /Users/admin/builder/spi-builder-workspace/.dependencies/checkouts/vgsl/VGSLUI/types/image/ImagePlaceholder.swift /Users/admin/builder/spi-builder-workspace/.dependencies/checkouts/vgsl/VGSLUI/types/image/NilImageHolder.swift /Users/admin/builder/spi-builder-workspace/.dependencies/checkouts/vgsl/VGSLUI/types/image/ViewImageHolder.swift /Users/admin/builder/spi-builder-workspace/.dependencies/checkouts/vgsl/VGSLUI/types/image/ViewProvider.swift /Users/admin/builder/spi-builder-workspace/.dependencies/checkouts/vgsl/VGSLUI/types/relative/RelativePoint.swift /Users/admin/builder/spi-builder-workspace/.dependencies/checkouts/vgsl/VGSLUI/types/relative/RelativeRect.swift /Users/admin/builder/spi-builder-workspace/.dependencies/checkouts/vgsl/VGSLUI/types/relative/RelativeSize.swift /Users/admin/builder/spi-builder-workspace/.dependencies/checkouts/vgsl/VGSLUI/types/relative/RelativeValue.swift /Users/admin/builder/spi-builder-workspace/.dependencies/checkouts/vgsl/VGSLUI/types/scroll/ScrollDelegate.swift /Users/admin/builder/spi-builder-workspace/.dependencies/checkouts/vgsl/VGSLUI/types/scroll/ScrollEdge.swift /Users/admin/builder/spi-builder-workspace/.dependencies/checkouts/vgsl/VGSLUI/types/scroll/ScrollViewTrackable.swift /Users/admin/builder/spi-builder-workspace/.dependencies/checkouts/vgsl/VGSLUI/types/scroll/ScrollViewType.swift /Users/admin/builder/spi-builder-workspace/.dependencies/checkouts/vgsl/VGSLUI/types/scroll/ScrollingToTop.swift /Users/admin/builder/spi-builder-workspace/.dependencies/checkouts/vgsl/VGSLUI/types/style/KeyboardAppearance.swift /Users/admin/builder/spi-builder-workspace/.dependencies/checkouts/vgsl/VGSLUI/types/style/StatusBarStyle.swift /Users/admin/builder/spi-builder-workspace/.dependencies/checkouts/vgsl/VGSLUI/typo/AttributedStringLayout.swift /Users/admin/builder/spi-builder-workspace/.dependencies/checkouts/vgsl/VGSLUI/typo/BackgroundAttribute.swift /Users/admin/builder/spi-builder-workspace/.dependencies/checkouts/vgsl/VGSLUI/typo/BorderAttribute.swift /Users/admin/builder/spi-builder-workspace/.dependencies/checkouts/vgsl/VGSLUI/typo/CloudBackgroundAttribute.swift /Users/admin/builder/spi-builder-workspace/.dependencies/checkouts/vgsl/VGSLUI/typo/FontExtensions.swift /Users/admin/builder/spi-builder-workspace/.dependencies/checkouts/vgsl/VGSLUI/typo/FontSettings.swift /Users/admin/builder/spi-builder-workspace/.dependencies/checkouts/vgsl/VGSLUI/typo/FontSpecifying.swift /Users/admin/builder/spi-builder-workspace/.dependencies/checkouts/vgsl/VGSLUI/typo/RangeVerticalAlignmentAttribute.swift /Users/admin/builder/spi-builder-workspace/.dependencies/checkouts/vgsl/VGSLUI/typo/StringAttribute.swift /Users/admin/builder/spi-builder-workspace/.dependencies/checkouts/vgsl/VGSLUI/typo/Typo.swift /Users/admin/builder/spi-builder-workspace/.dependencies/checkouts/vgsl/VGSLUI/uikit/CALayerExtensions.swift /Users/admin/builder/spi-builder-workspace/.dependencies/checkouts/vgsl/VGSLUI/uikit/CAMediaTimingFunction.swift /Users/admin/builder/spi-builder-workspace/.dependencies/checkouts/vgsl/VGSLUI/uikit/CATransaction+Extensions.swift /Users/admin/builder/spi-builder-workspace/.dependencies/checkouts/vgsl/VGSLUI/uikit/DimensionsFlipping.swift /Users/admin/builder/spi-builder-workspace/.dependencies/checkouts/vgsl/VGSLUI/uikit/EdgeInsets+Extensions.swift /Users/admin/builder/spi-builder-workspace/.dependencies/checkouts/vgsl/VGSLUI/uikit/Image+Crop.swift /Users/admin/builder/spi-builder-workspace/.dependencies/checkouts/vgsl/VGSLUI/uikit/UIScrollView+Extensions.swift /Users/admin/builder/spi-builder-workspace/.dependencies/checkouts/vgsl/VGSLUI/uikit/UIViewExtensions.swift -supplementary-output-file-map /Users/admin/builder/spi-builder-workspace/.derivedData/Build/Intermediates.noindex/vgsl.build/Debug-iphoneos/VGSLUI-t.build/Objects-normal/arm64/supplementaryOutputs-8 -target arm64-apple-ios15.0 -module-can-import-version UIKit 9127.0.84.1 9127.0.84 -disable-cross-import-overlay-search -load-resolved-plugin /Applications/Xcode-27.0.0-Release.Candidate.app/Contents/Developer/Platforms/iPhoneOS.platform/Developer/usr/lib/swift/host/plugins/libFoundationMacros.dylib\#/Applications/Xcode-27.0.0-Release.Candidate.app/Contents/Developer/Platforms/iPhoneOS.platform/Developer/usr/bin/swift-plugin-server\#FoundationMacros -load-resolved-plugin /Applications/Xcode-27.0.0-Release.Candidate.app/Contents/Developer/Platforms/iPhoneOS.platform/Developer/usr/lib/swift/host/plugins/libObservationMacros.dylib\#/Applications/Xcode-27.0.0-Release.Candidate.app/Contents/Developer/Platforms/iPhoneOS.platform/Developer/usr/bin/swift-plugin-server\#ObservationMacros -load-resolved-plugin /Applications/Xcode-27.0.0-Release.Candidate.app/Contents/Developer/Platforms/iPhoneOS.platform/Developer/usr/lib/swift/host/plugins/libPreviewsMacros.dylib\#/Applications/Xcode-27.0.0-Release.Candidate.app/Contents/Developer/Platforms/iPhoneOS.platform/Developer/usr/bin/swift-plugin-server\#PreviewsMacros -load-resolved-plugin /Applications/Xcode-27.0.0-Release.Candidate.app/Contents/Developer/Platforms/iPhoneOS.platform/Developer/usr/lib/swift/host/plugins/libSwiftMacros.dylib\#/Applications/Xcode-27.0.0-Release.Candidate.app/Contents/Developer/Platforms/iPhoneOS.platform/Developer/usr/bin/swift-plugin-server\#SwiftMacros -load-resolved-plugin /Applications/Xcode-27.0.0-Release.Candidate.app/Contents/Developer/Platforms/iPhoneOS.platform/Developer/usr/lib/swift/host/plugins/libSwiftUIMacros.dylib\#/Applications/Xcode-27.0.0-Release.Candidate.app/Contents/Developer/Platforms/iPhoneOS.platform/Developer/usr/bin/swift-plugin-server\#SwiftUIMacros -disable-implicit-swift-modules -Xcc -fno-implicit-modules -Xcc -fno-implicit-module-maps -explicit-swift-module-map-file /Users/admin/builder/spi-builder-workspace/.derivedData/Build/Intermediates.noindex/vgsl.build/Debug-iphoneos/VGSLUI-t.build/Objects-normal/arm64/VGSLUI-dependencies-1.json -Xllvm -aarch64-use-tbi -enable-objc-interop -stack-check -sdk /Applications/Xcode-27.0.0-Release.Candidate.app/Contents/Developer/Platforms/iPhoneOS.platform/Developer/SDKs/iPhoneOS27.0.sdk -I /Users/admin/builder/spi-builder-workspace/.derivedData/Build/Products/Debug-iphoneos -Isystem /Applications/Xcode-27.0.0-Release.Candidate.app/Contents/Developer/Platforms/iPhoneOS.platform/Developer/usr/lib -F /Users/admin/builder/spi-builder-workspace/.derivedData/Build/Products/Debug-iphoneos/PackageFrameworks -F /Users/admin/builder/spi-builder-workspace/.derivedData/Build/Products/Debug-iphoneos -F /Applications/Xcode-27.0.0-Release.Candidate.app/Contents/Developer/Platforms/iPhoneOS.platform/Developer/Library/Frameworks -F /Applications/Xcode-27.0.0-Release.Candidate.app/Contents/Developer/Platforms/iPhoneOS.platform/Developer/SDKs/iPhoneOS27.0.sdk/Developer/Library/Frameworks -module-cache-path /Users/admin/builder/spi-builder-workspace/.derivedData/Build/Intermediates.noindex/SwiftExplicitPrecompiledModules -no-color-diagnostics -Xcc -fno-color-diagnostics -enable-testing -g -debug-info-format\=dwarf -dwarf-version\=4 -suppress-warnings -swift-version 6 -Onone -D SWIFT_PACKAGE -D DEBUG -D SWIFT_MODULE_RESOURCE_BUNDLE_UNAVAILABLE -D Xcode -serialize-debugging-options -enable-experimental-feature AccessLevelOnImport -enable-experimental-feature DebugDescriptionMacro -empty-abi-descriptor -user-module-version 7.25.4 -validate-clang-modules-once -clang-build-session-file /Users/admin/builder/spi-builder-workspace/.derivedData/ModuleCache.noindex/Session.modulevalidation -Xcc -working-directory -Xcc /Users/admin/builder/spi-builder-workspace/.swiftpm/xcode -enable-anonymous-context-mangled-names -file-compilation-dir /Users/admin/builder/spi-builder-workspace/.swiftpm/xcode -Xcc -D_LIBCPP_HARDENING_MODE\=_LIBCPP_HARDENING_MODE_DEBUG -Xcc -ivfsstatcache -Xcc /Users/admin/builder/spi-builder-workspace/.derivedData/SDKStatCaches.noindex/iphoneos27.0-24A430-e829b21a6f8c9b70876ba0858053c04440ceaa042ed91876912b2eeea4e3aa14.sdkstatcache -Xcc -fmodules-prune-interval\=86400 -Xcc -fmodules-prune-after\=345600 -Xcc -I/Users/admin/builder/spi-builder-workspace/.derivedData/Build/Products/Debug-iphoneos/include -Xcc -I/Users/admin/builder/spi-builder-workspace/.derivedData/Build/Intermediates.noindex/vgsl.build/Debug-iphoneos/VGSLUI-t.build/DerivedSources-normal/arm64 -Xcc -I/Users/admin/builder/spi-builder-workspace/.derivedData/Build/Intermediates.noindex/vgsl.build/Debug-iphoneos/VGSLUI-t.build/DerivedSources/arm64 -Xcc -I/Users/admin/builder/spi-builder-workspace/.derivedData/Build/Intermediates.noindex/vgsl.build/Debug-iphoneos/VGSLUI-t.build/DerivedSources -Xcc -DSWIFT_PACKAGE -Xcc -DDEBUG\=1 -no-auto-bridging-header-chaining -module-name VGSLUI -package-name vgsl -const-gather-protocols-file /Users/admin/builder/spi-builder-workspace/.derivedData/Build/Intermediates.noindex/vgsl.build/Debug-iphoneos/VGSLUI-t.build/Objects-normal/arm64/VGSLUI_const_extract_protocols.json -disable-clang-spi -clang-target arm64-apple-ios27.0 -target-sdk-version 27.0 -target-sdk-name iphoneos27.0 -in-process-plugin-server-path /Applications/Xcode-27.0.0-Release.Candidate.app/Contents/Developer/Toolchains/XcodeDefault.xctoolchain/usr/lib/swift/host/libSwiftInProcPluginServer.dylib -parse-as-library -o /Users/admin/builder/spi-builder-workspace/.derivedData/Build/Intermediates.noindex/vgsl.build/Debug-iphoneos/VGSLUI-t.build/Objects-normal/arm64/ImageExtensions.o -o /Users/admin/builder/spi-builder-workspace/.derivedData/Build/Intermediates.noindex/vgsl.build/Debug-iphoneos/VGSLUI-t.build/Objects-normal/arm64/NSAttributedStringExtensions.o -o /Users/admin/builder/spi-builder-workspace/.derivedData/Build/Intermediates.noindex/vgsl.build/Debug-iphoneos/VGSLUI-t.build/Objects-normal/arm64/ParagraphAttributes.o -o /Users/admin/builder/spi-builder-workspace/.derivedData/Build/Intermediates.noindex/vgsl.build/Debug-iphoneos/VGSLUI-t.build/Objects-normal/arm64/StringExtensions.o -o /Users/admin/builder/spi-builder-workspace/.derivedData/Build/Intermediates.noindex/vgsl.build/Debug-iphoneos/VGSLUI-t.build/Objects-normal/arm64/SwiftUIExtensions.o -o /Users/admin/builder/spi-builder-workspace/.derivedData/Build/Intermediates.noindex/vgsl.build/Debug-iphoneos/VGSLUI-t.build/Objects-normal/arm64/TextLayout.o -o /Users/admin/builder/spi-builder-workspace/.derivedData/Build/Intermediates.noindex/vgsl.build/Debug-iphoneos/VGSLUI-t.build/Objects-normal/arm64/TextLayoutCache.o -o /Users/admin/builder/spi-builder-workspace/.derivedData/Build/Intermediates.noindex/vgsl.build/Debug-iphoneos/VGSLUI-t.build/Objects-normal/arm64/TextLayoutParams.o -o /Users/admin/builder/spi-builder-workspace/.derivedData/Build/Intermediates.noindex/vgsl.build/Debug-iphoneos/VGSLUI-t.build/Objects-normal/arm64/TextLayoutSize.o -o /Users/admin/builder/spi-builder-workspace/.derivedData/Build/Intermediates.noindex/vgsl.build/Debug-iphoneos/VGSLUI-t.build/Objects-normal/arm64/TintModeExtensions.o -o /Users/admin/builder/spi-builder-workspace/.derivedData/Build/Intermediates.noindex/vgsl.build/Debug-iphoneos/VGSLUI-t.build/Objects-normal/arm64/TypographicBounds.o -debug-module-path /Users/admin/builder/spi-builder-workspace/.derivedData/Build/Intermediates.noindex/vgsl.build/Debug-iphoneos/VGSLUI-t.build/Objects-normal/arm64/VGSLUI.swiftmodule -index-unit-output-path /vgsl.build/Debug-iphoneos/VGSLUI-t.build/Objects-normal/arm64/ImageExtensions.o -index-unit-output-path /vgsl.build/Debug-iphoneos/VGSLUI-t.build/Objects-normal/arm64/NSAttributedStringExtensions.o -index-unit-output-path /vgsl.build/Debug-iphoneos/VGSLUI-t.build/Objects-normal/arm64/ParagraphAttributes.o -index-unit-output-path /vgsl.build/Debug-iphoneos/VGSLUI-t.build/Objects-normal/arm64/StringExtensions.o -index-unit-output-path /vgsl.build/Debug-iphoneos/VGSLUI-t.build/Objects-normal/arm64/SwiftUIExtensions.o -index-unit-output-path /vgsl.build/Debug-iphoneos/VGSLUI-t.build/Objects-normal/arm64/TextLayout.o -index-unit-output-path /vgsl.build/Debug-iphoneos/VGSLUI-t.build/Objects-normal/arm64/TextLayoutCache.o -index-unit-output-path /vgsl.build/Debug-iphoneos/VGSLUI-t.build/Objects-normal/arm64/TextLayoutParams.o -index-unit-output-path /vgsl.build/Debug-iphoneos/VGSLUI-t.build/Objects-normal/arm64/TextLayoutSize.o -index-unit-output-path /vgsl.build/Debug-iphoneos/VGSLUI-t.build/Objects-normal/arm64/TintModeExtensions.o -index-unit-output-path /vgsl.build/Debug-iphoneos/VGSLUI-t.build/Objects-normal/arm64/TypographicBounds.o -index-store-path /Users/admin/builder/spi-builder-workspace/.derivedData/Index.noindex/DataStore -index-system-modules
SwiftCompile normal arm64 Compiling\ ImageGenerator.swift,\ TintMode.swift,\ InternalImageDescriptor.swift,\ iOS.swift,\ AccessibilityElement.swift,\ AccessibilityPriorities.swift,\ Alignment.swift,\ AnchoredPoint.swift,\ BezierCurve.swift,\ ImageContentMode.swift,\ PhysicalFeedbackGenerator.swift /Users/admin/builder/spi-builder-workspace/.dependencies/checkouts/vgsl/VGSLUI/filters/ImageGenerator.swift /Users/admin/builder/spi-builder-workspace/.dependencies/checkouts/vgsl/VGSLUI/filters/TintMode.swift /Users/admin/builder/spi-builder-workspace/.dependencies/checkouts/vgsl/VGSLUI/graphics/InternalImageDescriptor.swift /Users/admin/builder/spi-builder-workspace/.dependencies/checkouts/vgsl/VGSLUI/iOS.swift /Users/admin/builder/spi-builder-workspace/.dependencies/checkouts/vgsl/VGSLUI/types/AccessibilityElement.swift /Users/admin/builder/spi-builder-workspace/.dependencies/checkouts/vgsl/VGSLUI/types/AccessibilityPriorities.swift /Users/admin/builder/spi-builder-workspace/.dependencies/checkouts/vgsl/VGSLUI/types/Alignment.swift /Users/admin/builder/spi-builder-workspace/.dependencies/checkouts/vgsl/VGSLUI/types/AnchoredPoint.swift /Users/admin/builder/spi-builder-workspace/.dependencies/checkouts/vgsl/VGSLUI/types/BezierCurve.swift /Users/admin/builder/spi-builder-workspace/.dependencies/checkouts/vgsl/VGSLUI/types/ImageContentMode.swift /Users/admin/builder/spi-builder-workspace/.dependencies/checkouts/vgsl/VGSLUI/types/PhysicalFeedbackGenerator.swift (in target 'VGSLUI' from project 'vgsl')
SwiftCompile normal arm64 /Users/admin/builder/spi-builder-workspace/.dependencies/checkouts/vgsl/VGSLUI/filters/ImageGenerator.swift (in target 'VGSLUI' from project 'vgsl')
    cd /Users/admin/builder/spi-builder-workspace/.swiftpm/xcode
    builtin-SwiftPerFileCompile ImageGenerator.swift
SwiftCompile normal arm64 /Users/admin/builder/spi-builder-workspace/.dependencies/checkouts/vgsl/VGSLUI/filters/TintMode.swift (in target 'VGSLUI' from project 'vgsl')
    cd /Users/admin/builder/spi-builder-workspace/.swiftpm/xcode
    builtin-SwiftPerFileCompile TintMode.swift
SwiftCompile normal arm64 /Users/admin/builder/spi-builder-workspace/.dependencies/checkouts/vgsl/VGSLUI/graphics/InternalImageDescriptor.swift (in target 'VGSLUI' from project 'vgsl')
    cd /Users/admin/builder/spi-builder-workspace/.swiftpm/xcode
    builtin-SwiftPerFileCompile InternalImageDescriptor.swift
SwiftCompile normal arm64 /Users/admin/builder/spi-builder-workspace/.dependencies/checkouts/vgsl/VGSLUI/iOS.swift (in target 'VGSLUI' from project 'vgsl')
    cd /Users/admin/builder/spi-builder-workspace/.swiftpm/xcode
    builtin-SwiftPerFileCompile iOS.swift
SwiftCompile normal arm64 /Users/admin/builder/spi-builder-workspace/.dependencies/checkouts/vgsl/VGSLUI/types/AccessibilityElement.swift (in target 'VGSLUI' from project 'vgsl')
    cd /Users/admin/builder/spi-builder-workspace/.swiftpm/xcode
    builtin-SwiftPerFileCompile AccessibilityElement.swift
SwiftCompile normal arm64 /Users/admin/builder/spi-builder-workspace/.dependencies/checkouts/vgsl/VGSLUI/types/AccessibilityPriorities.swift (in target 'VGSLUI' from project 'vgsl')
    cd /Users/admin/builder/spi-builder-workspace/.swiftpm/xcode
    builtin-SwiftPerFileCompile AccessibilityPriorities.swift
SwiftCompile normal arm64 /Users/admin/builder/spi-builder-workspace/.dependencies/checkouts/vgsl/VGSLUI/types/Alignment.swift (in target 'VGSLUI' from project 'vgsl')
    cd /Users/admin/builder/spi-builder-workspace/.swiftpm/xcode
    builtin-SwiftPerFileCompile Alignment.swift
SwiftCompile normal arm64 /Users/admin/builder/spi-builder-workspace/.dependencies/checkouts/vgsl/VGSLUI/types/AnchoredPoint.swift (in target 'VGSLUI' from project 'vgsl')
    cd /Users/admin/builder/spi-builder-workspace/.swiftpm/xcode
    builtin-SwiftPerFileCompile AnchoredPoint.swift
SwiftCompile normal arm64 /Users/admin/builder/spi-builder-workspace/.dependencies/checkouts/vgsl/VGSLUI/types/BezierCurve.swift (in target 'VGSLUI' from project 'vgsl')
    cd /Users/admin/builder/spi-builder-workspace/.swiftpm/xcode
    builtin-SwiftPerFileCompile BezierCurve.swift
SwiftCompile normal arm64 /Users/admin/builder/spi-builder-workspace/.dependencies/checkouts/vgsl/VGSLUI/types/ImageContentMode.swift (in target 'VGSLUI' from project 'vgsl')
    cd /Users/admin/builder/spi-builder-workspace/.swiftpm/xcode
    builtin-SwiftPerFileCompile ImageContentMode.swift
SwiftCompile normal arm64 /Users/admin/builder/spi-builder-workspace/.dependencies/checkouts/vgsl/VGSLUI/types/PhysicalFeedbackGenerator.swift (in target 'VGSLUI' from project 'vgsl')
    cd /Users/admin/builder/spi-builder-workspace/.swiftpm/xcode
    builtin-SwiftPerFileCompile PhysicalFeedbackGenerator.swift
CompileC /Users/admin/builder/spi-builder-workspace/.derivedData/Build/Intermediates.noindex/AppMetrica.build/Debug-iphoneos/AppMetricaCore-t.build/Objects-normal/arm64/AMAUrgentEventCountDispatchStrategy.o /Users/admin/builder/spi-builder-workspace/.dependencies/checkouts/appmetrica-sdk-ios/AppMetricaCore/Sources/Strategies/AMAUrgentEventCountDispatchStrategy.m normal arm64 objective-c com.apple.compilers.llvm.clang.1_0.compiler (in target 'AppMetricaCore' from project 'AppMetrica')
    cd /Users/admin/builder/spi-builder-workspace/.swiftpm/xcode

    Using response file: /Users/admin/builder/spi-builder-workspace/.derivedData/Build/Intermediates.noindex/AppMetrica.build/Debug-iphoneos/AppMetricaCore-t.build/Objects-normal/arm64/e6072d4f65d7061329687fe24e3d63a7-common-args.resp

    /Applications/Xcode-27.0.0-Release.Candidate.app/Contents/Developer/Toolchains/XcodeDefault.xctoolchain/usr/bin/clang -x objective-c -ivfsstatcache /Users/admin/builder/spi-builder-workspace/.derivedData/SDKStatCaches.noindex/iphoneos27.0-24A430-e829b21a6f8c9b70876ba0858053c04440ceaa042ed91876912b2eeea4e3aa14.sdkstatcache -target arm64-apple-ios15.0 -fmessage-length\=0 -fdiagnostics-show-note-include-stack -fmacro-backtrace-limit\=0 -fno-color-diagnostics -fmodules-prune-interval\=86400 -fmodules-prune-after\=345600 -fbuild-session-file\=/Users/admin/builder/spi-builder-workspace/.derivedData/ModuleCache.noindex/Session.modulevalidation -fmodules-validate-once-per-build-session -Wnon-modular-include-in-framework-module -Werror\=non-modular-include-in-framework-module -Wno-trigraphs -Wno-missing-field-initializers -Wno-missing-prototypes -Wno-return-type -Wno-implicit-atomic-properties -Wno-objc-interface-ivars -Wno-arc-repeated-use-of-weak -Wno-missing-braces -Wparentheses -Wswitch -Wno-unused-function -Wno-unused-label -Wno-unused-parameter -Wno-unused-variable -Wunused-value -Wno-empty-body -Wno-uninitialized -Wno-unknown-pragmas -w -Wno-shadow -Wno-four-char-constants -Wno-conversion -Wno-constant-conversion -Wno-int-conversion -Wno-bool-conversion -Wno-enum-conversion -Wno-float-conversion -Wno-non-literal-null-conversion -Wno-objc-literal-conversion -Wshorten-64-to-32 -Wpointer-sign -Wno-newline-eof -Wno-selector -Wno-strict-selector-match -Wno-undeclared-selector -Wno-deprecated-implementations -Wno-implicit-fallthrough -isysroot /Applications/Xcode-27.0.0-Release.Candidate.app/Contents/Developer/Platforms/iPhoneOS.platform/Developer/SDKs/iPhoneOS27.0.sdk -fstrict-aliasing -Wprotocol -Wdeprecated-declarations -Wno-sign-conversion -Wno-infinite-recursion -Wno-comma -Wno-block-capture-autoreleasing -Wno-strict-prototypes -Wno-semicolon-before-method-body -index-store-path /Users/admin/builder/spi-builder-workspace/.derivedData/Index.noindex/DataStore @/Users/admin/builder/spi-builder-workspace/.derivedData/Build/Intermediates.noindex/AppMetrica.build/Debug-iphoneos/AppMetricaCore-t.build/Objects-normal/arm64/e6072d4f65d7061329687fe24e3d63a7-common-args.resp -include /Users/admin/builder/spi-builder-workspace/.derivedData/Build/Intermediates.noindex/AppMetrica.build/Debug-iphoneos/AppMetricaCore-t.build/DerivedSources/resource_bundle_accessor.h -MMD -MT dependencies -MF /Users/admin/builder/spi-builder-workspace/.derivedData/Build/Intermediates.noindex/AppMetrica.build/Debug-iphoneos/AppMetricaCore-t.build/Objects-normal/arm64/AMAUrgentEventCountDispatchStrategy.d --serialize-diagnostics /Users/admin/builder/spi-builder-workspace/.derivedData/Build/Intermediates.noindex/AppMetrica.build/Debug-iphoneos/AppMetricaCore-t.build/Objects-normal/arm64/AMAUrgentEventCountDispatchStrategy.dia -c /Users/admin/builder/spi-builder-workspace/.dependencies/checkouts/appmetrica-sdk-ios/AppMetricaCore/Sources/Strategies/AMAUrgentEventCountDispatchStrategy.m -o /Users/admin/builder/spi-builder-workspace/.derivedData/Build/Intermediates.noindex/AppMetrica.build/Debug-iphoneos/AppMetricaCore-t.build/Objects-normal/arm64/AMAUrgentEventCountDispatchStrategy.o -index-unit-output-path /AppMetrica.build/Debug-iphoneos/AppMetricaCore-t.build/Objects-normal/arm64/AMAUrgentEventCountDispatchStrategy.o
CompileC /Users/admin/builder/spi-builder-workspace/.derivedData/Build/Intermediates.noindex/AppMetrica.build/Debug-iphoneos/AppMetricaCore-t.build/Objects-normal/arm64/AMATransactionInfoModel.o /Users/admin/builder/spi-builder-workspace/.dependencies/checkouts/appmetrica-sdk-ios/AppMetricaCore/Sources/Revenue/AutoIAP/Models/AMATransactionInfoModel.m normal arm64 objective-c com.apple.compilers.llvm.clang.1_0.compiler (in target 'AppMetricaCore' from project 'AppMetrica')
    cd /Users/admin/builder/spi-builder-workspace/.swiftpm/xcode

    Using response file: /Users/admin/builder/spi-builder-workspace/.derivedData/Build/Intermediates.noindex/AppMetrica.build/Debug-iphoneos/AppMetricaCore-t.build/Objects-normal/arm64/e6072d4f65d7061329687fe24e3d63a7-common-args.resp

    /Applications/Xcode-27.0.0-Release.Candidate.app/Contents/Developer/Toolchains/XcodeDefault.xctoolchain/usr/bin/clang -x objective-c -ivfsstatcache /Users/admin/builder/spi-builder-workspace/.derivedData/SDKStatCaches.noindex/iphoneos27.0-24A430-e829b21a6f8c9b70876ba0858053c04440ceaa042ed91876912b2eeea4e3aa14.sdkstatcache -target arm64-apple-ios15.0 -fmessage-length\=0 -fdiagnostics-show-note-include-stack -fmacro-backtrace-limit\=0 -fno-color-diagnostics -fmodules-prune-interval\=86400 -fmodules-prune-after\=345600 -fbuild-session-file\=/Users/admin/builder/spi-builder-workspace/.derivedData/ModuleCache.noindex/Session.modulevalidation -fmodules-validate-once-per-build-session -Wnon-modular-include-in-framework-module -Werror\=non-modular-include-in-framework-module -Wno-trigraphs -Wno-missing-field-initializers -Wno-missing-prototypes -Wno-return-type -Wno-implicit-atomic-properties -Wno-objc-interface-ivars -Wno-arc-repeated-use-of-weak -Wno-missing-braces -Wparentheses -Wswitch -Wno-unused-function -Wno-unused-label -Wno-unused-parameter -Wno-unused-variable -Wunused-value -Wno-empty-body -Wno-uninitialized -Wno-unknown-pragmas -w -Wno-shadow -Wno-four-char-constants -Wno-conversion -Wno-constant-conversion -Wno-int-conversion -Wno-bool-conversion -Wno-enum-conversion -Wno-float-conversion -Wno-non-literal-null-conversion -Wno-objc-literal-conversion -Wshorten-64-to-32 -Wpointer-sign -Wno-newline-eof -Wno-selector -Wno-strict-selector-match -Wno-undeclared-selector -Wno-deprecated-implementations -Wno-implicit-fallthrough -isysroot /Applications/Xcode-27.0.0-Release.Candidate.app/Contents/Developer/Platforms/iPhoneOS.platform/Developer/SDKs/iPhoneOS27.0.sdk -fstrict-aliasing -Wprotocol -Wdeprecated-declarations -Wno-sign-conversion -Wno-infinite-recursion -Wno-comma -Wno-block-capture-autoreleasing -Wno-strict-prototypes -Wno-semicolon-before-method-body -index-store-path /Users/admin/builder/spi-builder-workspace/.derivedData/Index.noindex/DataStore @/Users/admin/builder/spi-builder-workspace/.derivedData/Build/Intermediates.noindex/AppMetrica.build/Debug-iphoneos/AppMetricaCore-t.build/Objects-normal/arm64/e6072d4f65d7061329687fe24e3d63a7-common-args.resp -include /Users/admin/builder/spi-builder-workspace/.derivedData/Build/Intermediates.noindex/AppMetrica.build/Debug-iphoneos/AppMetricaCore-t.build/DerivedSources/resource_bundle_accessor.h -MMD -MT dependencies -MF /Users/admin/builder/spi-builder-workspace/.derivedData/Build/Intermediates.noindex/AppMetrica.build/Debug-iphoneos/AppMetricaCore-t.build/Objects-normal/arm64/AMATransactionInfoModel.d --serialize-diagnostics /Users/admin/builder/spi-builder-workspace/.derivedData/Build/Intermediates.noindex/AppMetrica.build/Debug-iphoneos/AppMetricaCore-t.build/Objects-normal/arm64/AMATransactionInfoModel.dia -c /Users/admin/builder/spi-builder-workspace/.dependencies/checkouts/appmetrica-sdk-ios/AppMetricaCore/Sources/Revenue/AutoIAP/Models/AMATransactionInfoModel.m -o /Users/admin/builder/spi-builder-workspace/.derivedData/Build/Intermediates.noindex/AppMetrica.build/Debug-iphoneos/AppMetricaCore-t.build/Objects-normal/arm64/AMATransactionInfoModel.o -index-unit-output-path /AppMetrica.build/Debug-iphoneos/AppMetricaCore-t.build/Objects-normal/arm64/AMATransactionInfoModel.o
CompileC /Users/admin/builder/spi-builder-workspace/.derivedData/Build/Intermediates.noindex/AppMetrica.build/Debug-iphoneos/AppMetricaCore-t.build/Objects-normal/arm64/AMATimerDispatchStrategy.o /Users/admin/builder/spi-builder-workspace/.dependencies/checkouts/appmetrica-sdk-ios/AppMetricaCore/Sources/Strategies/AMATimerDispatchStrategy.m normal arm64 objective-c com.apple.compilers.llvm.clang.1_0.compiler (in target 'AppMetricaCore' from project 'AppMetrica')
    cd /Users/admin/builder/spi-builder-workspace/.swiftpm/xcode

    Using response file: /Users/admin/builder/spi-builder-workspace/.derivedData/Build/Intermediates.noindex/AppMetrica.build/Debug-iphoneos/AppMetricaCore-t.build/Objects-normal/arm64/e6072d4f65d7061329687fe24e3d63a7-common-args.resp

    /Applications/Xcode-27.0.0-Release.Candidate.app/Contents/Developer/Toolchains/XcodeDefault.xctoolchain/usr/bin/clang -x objective-c -ivfsstatcache /Users/admin/builder/spi-builder-workspace/.derivedData/SDKStatCaches.noindex/iphoneos27.0-24A430-e829b21a6f8c9b70876ba0858053c04440ceaa042ed91876912b2eeea4e3aa14.sdkstatcache -target arm64-apple-ios15.0 -fmessage-length\=0 -fdiagnostics-show-note-include-stack -fmacro-backtrace-limit\=0 -fno-color-diagnostics -fmodules-prune-interval\=86400 -fmodules-prune-after\=345600 -fbuild-session-file\=/Users/admin/builder/spi-builder-workspace/.derivedData/ModuleCache.noindex/Session.modulevalidation -fmodules-validate-once-per-build-session -Wnon-modular-include-in-framework-module -Werror\=non-modular-include-in-framework-module -Wno-trigraphs -Wno-missing-field-initializers -Wno-missing-prototypes -Wno-return-type -Wno-implicit-atomic-properties -Wno-objc-interface-ivars -Wno-arc-repeated-use-of-weak -Wno-missing-braces -Wparentheses -Wswitch -Wno-unused-function -Wno-unused-label -Wno-unused-parameter -Wno-unused-variable -Wunused-value -Wno-empty-body -Wno-uninitialized -Wno-unknown-pragmas -w -Wno-shadow -Wno-four-char-constants -Wno-conversion -Wno-constant-conversion -Wno-int-conversion -Wno-bool-conversion -Wno-enum-conversion -Wno-float-conversion -Wno-non-literal-null-conversion -Wno-objc-literal-conversion -Wshorten-64-to-32 -Wpointer-sign -Wno-newline-eof -Wno-selector -Wno-strict-selector-match -Wno-undeclared-selector -Wno-deprecated-implementations -Wno-implicit-fallthrough -isysroot /Applications/Xcode-27.0.0-Release.Candidate.app/Contents/Developer/Platforms/iPhoneOS.platform/Developer/SDKs/iPhoneOS27.0.sdk -fstrict-aliasing -Wprotocol -Wdeprecated-declarations -Wno-sign-conversion -Wno-infinite-recursion -Wno-comma -Wno-block-capture-autoreleasing -Wno-strict-prototypes -Wno-semicolon-before-method-body -index-store-path /Users/admin/builder/spi-builder-workspace/.derivedData/Index.noindex/DataStore @/Users/admin/builder/spi-builder-workspace/.derivedData/Build/Intermediates.noindex/AppMetrica.build/Debug-iphoneos/AppMetricaCore-t.build/Objects-normal/arm64/e6072d4f65d7061329687fe24e3d63a7-common-args.resp -include /Users/admin/builder/spi-builder-workspace/.derivedData/Build/Intermediates.noindex/AppMetrica.build/Debug-iphoneos/AppMetricaCore-t.build/DerivedSources/resource_bundle_accessor.h -MMD -MT dependencies -MF /Users/admin/builder/spi-builder-workspace/.derivedData/Build/Intermediates.noindex/AppMetrica.build/Debug-iphoneos/AppMetricaCore-t.build/Objects-normal/arm64/AMATimerDispatchStrategy.d --serialize-diagnostics /Users/admin/builder/spi-builder-workspace/.derivedData/Build/Intermediates.noindex/AppMetrica.build/Debug-iphoneos/AppMetricaCore-t.build/Objects-normal/arm64/AMATimerDispatchStrategy.dia -c /Users/admin/builder/spi-builder-workspace/.dependencies/checkouts/appmetrica-sdk-ios/AppMetricaCore/Sources/Strategies/AMATimerDispatchStrategy.m -o /Users/admin/builder/spi-builder-workspace/.derivedData/Build/Intermediates.noindex/AppMetrica.build/Debug-iphoneos/AppMetricaCore-t.build/Objects-normal/arm64/AMATimerDispatchStrategy.o -index-unit-output-path /AppMetrica.build/Debug-iphoneos/AppMetricaCore-t.build/Objects-normal/arm64/AMATimerDispatchStrategy.o
CompileC /Users/admin/builder/spi-builder-workspace/.derivedData/Build/Intermediates.noindex/AppMetrica.build/Debug-iphoneos/AppMetricaCoreExtension-t.build/Objects-normal/arm64/resource_bundle_accessor.o /Users/admin/builder/spi-builder-workspace/.derivedData/Build/Intermediates.noindex/AppMetrica.build/Debug-iphoneos/AppMetricaCoreExtension-t.build/DerivedSources/resource_bundle_accessor.m normal arm64 objective-c com.apple.compilers.llvm.clang.1_0.compiler (in target 'AppMetricaCoreExtension' from project 'AppMetrica')
    cd /Users/admin/builder/spi-builder-workspace/.swiftpm/xcode

    Using response file: /Users/admin/builder/spi-builder-workspace/.derivedData/Build/Intermediates.noindex/AppMetrica.build/Debug-iphoneos/AppMetricaCoreExtension-t.build/Objects-normal/arm64/e6072d4f65d7061329687fe24e3d63a7-common-args.resp

    /Applications/Xcode-27.0.0-Release.Candidate.app/Contents/Developer/Toolchains/XcodeDefault.xctoolchain/usr/bin/clang -x objective-c -ivfsstatcache /Users/admin/builder/spi-builder-workspace/.derivedData/SDKStatCaches.noindex/iphoneos27.0-24A430-e829b21a6f8c9b70876ba0858053c04440ceaa042ed91876912b2eeea4e3aa14.sdkstatcache -target arm64-apple-ios15.0 -fmessage-length\=0 -fdiagnostics-show-note-include-stack -fmacro-backtrace-limit\=0 -fno-color-diagnostics -fmodules-prune-interval\=86400 -fmodules-prune-after\=345600 -fbuild-session-file\=/Users/admin/builder/spi-builder-workspace/.derivedData/ModuleCache.noindex/Session.modulevalidation -fmodules-validate-once-per-build-session -Wnon-modular-include-in-framework-module -Werror\=non-modular-include-in-framework-module -Wno-trigraphs -Wno-missing-field-initializers -Wno-missing-prototypes -Wno-return-type -Wno-implicit-atomic-properties -Wno-objc-interface-ivars -Wno-arc-repeated-use-of-weak -Wno-missing-braces -Wparentheses -Wswitch -Wno-unused-function -Wno-unused-label -Wno-unused-parameter -Wno-unused-variable -Wunused-value -Wno-empty-body -Wno-uninitialized -Wno-unknown-pragmas -w -Wno-shadow -Wno-four-char-constants -Wno-conversion -Wno-constant-conversion -Wno-int-conversion -Wno-bool-conversion -Wno-enum-conversion -Wno-float-conversion -Wno-non-literal-null-conversion -Wno-objc-literal-conversion -Wshorten-64-to-32 -Wpointer-sign -Wno-newline-eof -Wno-selector -Wno-strict-selector-match -Wno-undeclared-selector -Wno-deprecated-implementations -Wno-implicit-fallthrough -isysroot /Applications/Xcode-27.0.0-Release.Candidate.app/Contents/Developer/Platforms/iPhoneOS.platform/Developer/SDKs/iPhoneOS27.0.sdk -fstrict-aliasing -Wprotocol -Wdeprecated-declarations -Wno-sign-conversion -Wno-infinite-recursion -Wno-comma -Wno-block-capture-autoreleasing -Wno-strict-prototypes -Wno-semicolon-before-method-body -index-store-path /Users/admin/builder/spi-builder-workspace/.derivedData/Index.noindex/DataStore @/Users/admin/builder/spi-builder-workspace/.derivedData/Build/Intermediates.noindex/AppMetrica.build/Debug-iphoneos/AppMetricaCoreExtension-t.build/Objects-normal/arm64/e6072d4f65d7061329687fe24e3d63a7-common-args.resp -include /Users/admin/builder/spi-builder-workspace/.derivedData/Build/Intermediates.noindex/AppMetrica.build/Debug-iphoneos/AppMetricaCoreExtension-t.build/DerivedSources/resource_bundle_accessor.h -MMD -MT dependencies -MF /Users/admin/builder/spi-builder-workspace/.derivedData/Build/Intermediates.noindex/AppMetrica.build/Debug-iphoneos/AppMetricaCoreExtension-t.build/Objects-normal/arm64/resource_bundle_accessor.d --serialize-diagnostics /Users/admin/builder/spi-builder-workspace/.derivedData/Build/Intermediates.noindex/AppMetrica.build/Debug-iphoneos/AppMetricaCoreExtension-t.build/Objects-normal/arm64/resource_bundle_accessor.dia -c /Users/admin/builder/spi-builder-workspace/.derivedData/Build/Intermediates.noindex/AppMetrica.build/Debug-iphoneos/AppMetricaCoreExtension-t.build/DerivedSources/resource_bundle_accessor.m -o /Users/admin/builder/spi-builder-workspace/.derivedData/Build/Intermediates.noindex/AppMetrica.build/Debug-iphoneos/AppMetricaCoreExtension-t.build/Objects-normal/arm64/resource_bundle_accessor.o -index-unit-output-path /AppMetrica.build/Debug-iphoneos/AppMetricaCoreExtension-t.build/Objects-normal/arm64/resource_bundle_accessor.o
CompileC /Users/admin/builder/spi-builder-workspace/.derivedData/Build/Intermediates.noindex/AppMetrica.build/Debug-iphoneos/AppMetricaCore-t.build/Objects-normal/arm64/AMASubscriptionPeriod.o /Users/admin/builder/spi-builder-workspace/.dependencies/checkouts/appmetrica-sdk-ios/AppMetricaCore/Sources/Revenue/AutoIAP/Models/AMASubscriptionPeriod.m normal arm64 objective-c com.apple.compilers.llvm.clang.1_0.compiler (in target 'AppMetricaCore' from project 'AppMetrica')
    cd /Users/admin/builder/spi-builder-workspace/.swiftpm/xcode

    Using response file: /Users/admin/builder/spi-builder-workspace/.derivedData/Build/Intermediates.noindex/AppMetrica.build/Debug-iphoneos/AppMetricaCore-t.build/Objects-normal/arm64/e6072d4f65d7061329687fe24e3d63a7-common-args.resp

    /Applications/Xcode-27.0.0-Release.Candidate.app/Contents/Developer/Toolchains/XcodeDefault.xctoolchain/usr/bin/clang -x objective-c -ivfsstatcache /Users/admin/builder/spi-builder-workspace/.derivedData/SDKStatCaches.noindex/iphoneos27.0-24A430-e829b21a6f8c9b70876ba0858053c04440ceaa042ed91876912b2eeea4e3aa14.sdkstatcache -target arm64-apple-ios15.0 -fmessage-length\=0 -fdiagnostics-show-note-include-stack -fmacro-backtrace-limit\=0 -fno-color-diagnostics -fmodules-prune-interval\=86400 -fmodules-prune-after\=345600 -fbuild-session-file\=/Users/admin/builder/spi-builder-workspace/.derivedData/ModuleCache.noindex/Session.modulevalidation -fmodules-validate-once-per-build-session -Wnon-modular-include-in-framework-module -Werror\=non-modular-include-in-framework-module -Wno-trigraphs -Wno-missing-field-initializers -Wno-missing-prototypes -Wno-return-type -Wno-implicit-atomic-properties -Wno-objc-interface-ivars -Wno-arc-repeated-use-of-weak -Wno-missing-braces -Wparentheses -Wswitch -Wno-unused-function -Wno-unused-label -Wno-unused-parameter -Wno-unused-variable -Wunused-value -Wno-empty-body -Wno-uninitialized -Wno-unknown-pragmas -w -Wno-shadow -Wno-four-char-constants -Wno-conversion -Wno-constant-conversion -Wno-int-conversion -Wno-bool-conversion -Wno-enum-conversion -Wno-float-conversion -Wno-non-literal-null-conversion -Wno-objc-literal-conversion -Wshorten-64-to-32 -Wpointer-sign -Wno-newline-eof -Wno-selector -Wno-strict-selector-match -Wno-undeclared-selector -Wno-deprecated-implementations -Wno-implicit-fallthrough -isysroot /Applications/Xcode-27.0.0-Release.Candidate.app/Contents/Developer/Platforms/iPhoneOS.platform/Developer/SDKs/iPhoneOS27.0.sdk -fstrict-aliasing -Wprotocol -Wdeprecated-declarations -Wno-sign-conversion -Wno-infinite-recursion -Wno-comma -Wno-block-capture-autoreleasing -Wno-strict-prototypes -Wno-semicolon-before-method-body -index-store-path /Users/admin/builder/spi-builder-workspace/.derivedData/Index.noindex/DataStore @/Users/admin/builder/spi-builder-workspace/.derivedData/Build/Intermediates.noindex/AppMetrica.build/Debug-iphoneos/AppMetricaCore-t.build/Objects-normal/arm64/e6072d4f65d7061329687fe24e3d63a7-common-args.resp -include /Users/admin/builder/spi-builder-workspace/.derivedData/Build/Intermediates.noindex/AppMetrica.build/Debug-iphoneos/AppMetricaCore-t.build/DerivedSources/resource_bundle_accessor.h -MMD -MT dependencies -MF /Users/admin/builder/spi-builder-workspace/.derivedData/Build/Intermediates.noindex/AppMetrica.build/Debug-iphoneos/AppMetricaCore-t.build/Objects-normal/arm64/AMASubscriptionPeriod.d --serialize-diagnostics /Users/admin/builder/spi-builder-workspace/.derivedData/Build/Intermediates.noindex/AppMetrica.build/Debug-iphoneos/AppMetricaCore-t.build/Objects-normal/arm64/AMASubscriptionPeriod.dia -c /Users/admin/builder/spi-builder-workspace/.dependencies/checkouts/appmetrica-sdk-ios/AppMetricaCore/Sources/Revenue/AutoIAP/Models/AMASubscriptionPeriod.m -o /Users/admin/builder/spi-builder-workspace/.derivedData/Build/Intermediates.noindex/AppMetrica.build/Debug-iphoneos/AppMetricaCore-t.build/Objects-normal/arm64/AMASubscriptionPeriod.o -index-unit-output-path /AppMetrica.build/Debug-iphoneos/AppMetricaCore-t.build/Objects-normal/arm64/AMASubscriptionPeriod.o
CompileC /Users/admin/builder/spi-builder-workspace/.derivedData/Build/Intermediates.noindex/AppMetrica.build/Debug-iphoneos/AppMetricaCore-t.build/Objects-normal/arm64/AMASubscriptionInfoModel.o /Users/admin/builder/spi-builder-workspace/.dependencies/checkouts/appmetrica-sdk-ios/AppMetricaCore/Sources/Revenue/AutoIAP/Models/AMASubscriptionInfoModel.m normal arm64 objective-c com.apple.compilers.llvm.clang.1_0.compiler (in target 'AppMetricaCore' from project 'AppMetrica')
    cd /Users/admin/builder/spi-builder-workspace/.swiftpm/xcode

    Using response file: /Users/admin/builder/spi-builder-workspace/.derivedData/Build/Intermediates.noindex/AppMetrica.build/Debug-iphoneos/AppMetricaCore-t.build/Objects-normal/arm64/e6072d4f65d7061329687fe24e3d63a7-common-args.resp

    /Applications/Xcode-27.0.0-Release.Candidate.app/Contents/Developer/Toolchains/XcodeDefault.xctoolchain/usr/bin/clang -x objective-c -ivfsstatcache /Users/admin/builder/spi-builder-workspace/.derivedData/SDKStatCaches.noindex/iphoneos27.0-24A430-e829b21a6f8c9b70876ba0858053c04440ceaa042ed91876912b2eeea4e3aa14.sdkstatcache -target arm64-apple-ios15.0 -fmessage-length\=0 -fdiagnostics-show-note-include-stack -fmacro-backtrace-limit\=0 -fno-color-diagnostics -fmodules-prune-interval\=86400 -fmodules-prune-after\=345600 -fbuild-session-file\=/Users/admin/builder/spi-builder-workspace/.derivedData/ModuleCache.noindex/Session.modulevalidation -fmodules-validate-once-per-build-session -Wnon-modular-include-in-framework-module -Werror\=non-modular-include-in-framework-module -Wno-trigraphs -Wno-missing-field-initializers -Wno-missing-prototypes -Wno-return-type -Wno-implicit-atomic-properties -Wno-objc-interface-ivars -Wno-arc-repeated-use-of-weak -Wno-missing-braces -Wparentheses -Wswitch -Wno-unused-function -Wno-unused-label -Wno-unused-parameter -Wno-unused-variable -Wunused-value -Wno-empty-body -Wno-uninitialized -Wno-unknown-pragmas -w -Wno-shadow -Wno-four-char-constants -Wno-conversion -Wno-constant-conversion -Wno-int-conversion -Wno-bool-conversion -Wno-enum-conversion -Wno-float-conversion -Wno-non-literal-null-conversion -Wno-objc-literal-conversion -Wshorten-64-to-32 -Wpointer-sign -Wno-newline-eof -Wno-selector -Wno-strict-selector-match -Wno-undeclared-selector -Wno-deprecated-implementations -Wno-implicit-fallthrough -isysroot /Applications/Xcode-27.0.0-Release.Candidate.app/Contents/Developer/Platforms/iPhoneOS.platform/Developer/SDKs/iPhoneOS27.0.sdk -fstrict-aliasing -Wprotocol -Wdeprecated-declarations -Wno-sign-conversion -Wno-infinite-recursion -Wno-comma -Wno-block-capture-autoreleasing -Wno-strict-prototypes -Wno-semicolon-before-method-body -index-store-path /Users/admin/builder/spi-builder-workspace/.derivedData/Index.noindex/DataStore @/Users/admin/builder/spi-builder-workspace/.derivedData/Build/Intermediates.noindex/AppMetrica.build/Debug-iphoneos/AppMetricaCore-t.build/Objects-normal/arm64/e6072d4f65d7061329687fe24e3d63a7-common-args.resp -include /Users/admin/builder/spi-builder-workspace/.derivedData/Build/Intermediates.noindex/AppMetrica.build/Debug-iphoneos/AppMetricaCore-t.build/DerivedSources/resource_bundle_accessor.h -MMD -MT dependencies -MF /Users/admin/builder/spi-builder-workspace/.derivedData/Build/Intermediates.noindex/AppMetrica.build/Debug-iphoneos/AppMetricaCore-t.build/Objects-normal/arm64/AMASubscriptionInfoModel.d --serialize-diagnostics /Users/admin/builder/spi-builder-workspace/.derivedData/Build/Intermediates.noindex/AppMetrica.build/Debug-iphoneos/AppMetricaCore-t.build/Objects-normal/arm64/AMASubscriptionInfoModel.dia -c /Users/admin/builder/spi-builder-workspace/.dependencies/checkouts/appmetrica-sdk-ios/AppMetricaCore/Sources/Revenue/AutoIAP/Models/AMASubscriptionInfoModel.m -o /Users/admin/builder/spi-builder-workspace/.derivedData/Build/Intermediates.noindex/AppMetrica.build/Debug-iphoneos/AppMetricaCore-t.build/Objects-normal/arm64/AMASubscriptionInfoModel.o -index-unit-output-path /AppMetrica.build/Debug-iphoneos/AppMetricaCore-t.build/Objects-normal/arm64/AMASubscriptionInfoModel.o
CompileC /Users/admin/builder/spi-builder-workspace/.derivedData/Build/Intermediates.noindex/AppMetrica.build/Debug-iphoneos/AppMetricaCore-t.build/Objects-normal/arm64/AMAStartupPermissionSerializer.o /Users/admin/builder/spi-builder-workspace/.dependencies/checkouts/appmetrica-sdk-ios/AppMetricaCore/Sources/StartupPermissions/AMAStartupPermissionSerializer.m normal arm64 objective-c com.apple.compilers.llvm.clang.1_0.compiler (in target 'AppMetricaCore' from project 'AppMetrica')
    cd /Users/admin/builder/spi-builder-workspace/.swiftpm/xcode

    Using response file: /Users/admin/builder/spi-builder-workspace/.derivedData/Build/Intermediates.noindex/AppMetrica.build/Debug-iphoneos/AppMetricaCore-t.build/Objects-normal/arm64/e6072d4f65d7061329687fe24e3d63a7-common-args.resp

    /Applications/Xcode-27.0.0-Release.Candidate.app/Contents/Developer/Toolchains/XcodeDefault.xctoolchain/usr/bin/clang -x objective-c -ivfsstatcache /Users/admin/builder/spi-builder-workspace/.derivedData/SDKStatCaches.noindex/iphoneos27.0-24A430-e829b21a6f8c9b70876ba0858053c04440ceaa042ed91876912b2eeea4e3aa14.sdkstatcache -target arm64-apple-ios15.0 -fmessage-length\=0 -fdiagnostics-show-note-include-stack -fmacro-backtrace-limit\=0 -fno-color-diagnostics -fmodules-prune-interval\=86400 -fmodules-prune-after\=345600 -fbuild-session-file\=/Users/admin/builder/spi-builder-workspace/.derivedData/ModuleCache.noindex/Session.modulevalidation -fmodules-validate-once-per-build-session -Wnon-modular-include-in-framework-module -Werror\=non-modular-include-in-framework-module -Wno-trigraphs -Wno-missing-field-initializers -Wno-missing-prototypes -Wno-return-type -Wno-implicit-atomic-properties -Wno-objc-interface-ivars -Wno-arc-repeated-use-of-weak -Wno-missing-braces -Wparentheses -Wswitch -Wno-unused-function -Wno-unused-label -Wno-unused-parameter -Wno-unused-variable -Wunused-value -Wno-empty-body -Wno-uninitialized -Wno-unknown-pragmas -w -Wno-shadow -Wno-four-char-constants -Wno-conversion -Wno-constant-conversion -Wno-int-conversion -Wno-bool-conversion -Wno-enum-conversion -Wno-float-conversion -Wno-non-literal-null-conversion -Wno-objc-literal-conversion -Wshorten-64-to-32 -Wpointer-sign -Wno-newline-eof -Wno-selector -Wno-strict-selector-match -Wno-undeclared-selector -Wno-deprecated-implementations -Wno-implicit-fallthrough -isysroot /Applications/Xcode-27.0.0-Release.Candidate.app/Contents/Developer/Platforms/iPhoneOS.platform/Developer/SDKs/iPhoneOS27.0.sdk -fstrict-aliasing -Wprotocol -Wdeprecated-declarations -Wno-sign-conversion -Wno-infinite-recursion -Wno-comma -Wno-block-capture-autoreleasing -Wno-strict-prototypes -Wno-semicolon-before-method-body -index-store-path /Users/admin/builder/spi-builder-workspace/.derivedData/Index.noindex/DataStore @/Users/admin/builder/spi-builder-workspace/.derivedData/Build/Intermediates.noindex/AppMetrica.build/Debug-iphoneos/AppMetricaCore-t.build/Objects-normal/arm64/e6072d4f65d7061329687fe24e3d63a7-common-args.resp -include /Users/admin/builder/spi-builder-workspace/.derivedData/Build/Intermediates.noindex/AppMetrica.build/Debug-iphoneos/AppMetricaCore-t.build/DerivedSources/resource_bundle_accessor.h -MMD -MT dependencies -MF /Users/admin/builder/spi-builder-workspace/.derivedData/Build/Intermediates.noindex/AppMetrica.build/Debug-iphoneos/AppMetricaCore-t.build/Objects-normal/arm64/AMAStartupPermissionSerializer.d --serialize-diagnostics /Users/admin/builder/spi-builder-workspace/.derivedData/Build/Intermediates.noindex/AppMetrica.build/Debug-iphoneos/AppMetricaCore-t.build/Objects-normal/arm64/AMAStartupPermissionSerializer.dia -c /Users/admin/builder/spi-builder-workspace/.dependencies/checkouts/appmetrica-sdk-ios/AppMetricaCore/Sources/StartupPermissions/AMAStartupPermissionSerializer.m -o /Users/admin/builder/spi-builder-workspace/.derivedData/Build/Intermediates.noindex/AppMetrica.build/Debug-iphoneos/AppMetricaCore-t.build/Objects-normal/arm64/AMAStartupPermissionSerializer.o -index-unit-output-path /AppMetrica.build/Debug-iphoneos/AppMetricaCore-t.build/Objects-normal/arm64/AMAStartupPermissionSerializer.o
SwiftCompile normal arm64 Compiling\ HTMLParser.swift,\ HTMLParserDelegate.swift,\ HTMLTag.swift,\ HTMLTaggedString.swift,\ ViewProtocol.swift,\ OSX.swift,\ PublicInterfaces.swift,\ RemoteImageView.swift,\ RemoteImageViewContainer.swift,\ RemoteImageViewContentProtocol.swift,\ ScrollableContent.swift /Users/admin/builder/spi-builder-workspace/.dependencies/checkouts/vgsl/VGSLUI/NativeHTMLParser/HTMLParser.swift /Users/admin/builder/spi-builder-workspace/.dependencies/checkouts/vgsl/VGSLUI/NativeHTMLParser/HTMLParserDelegate.swift /Users/admin/builder/spi-builder-workspace/.dependencies/checkouts/vgsl/VGSLUI/NativeHTMLParser/HTMLTag.swift /Users/admin/builder/spi-builder-workspace/.dependencies/checkouts/vgsl/VGSLUI/NativeHTMLParser/HTMLTaggedString.swift /Users/admin/builder/spi-builder-workspace/.dependencies/checkouts/vgsl/VGSLUI/Navigation/ViewProtocol.swift /Users/admin/builder/spi-builder-workspace/.dependencies/checkouts/vgsl/VGSLUI/OSX.swift /Users/admin/builder/spi-builder-workspace/.dependencies/checkouts/vgsl/VGSLUI/PublicInterfaces.swift /Users/admin/builder/spi-builder-workspace/.dependencies/checkouts/vgsl/VGSLUI/RemoteImageView.swift /Users/admin/builder/spi-builder-workspace/.dependencies/checkouts/vgsl/VGSLUI/RemoteImageViewContainer.swift /Users/admin/builder/spi-builder-workspace/.dependencies/checkouts/vgsl/VGSLUI/RemoteImageViewContentProtocol.swift /Users/admin/builder/spi-builder-workspace/.dependencies/checkouts/vgsl/VGSLUI/ScrollableContent.swift (in target 'VGSLUI' from project 'vgsl')
SwiftCompile normal arm64 /Users/admin/builder/spi-builder-workspace/.dependencies/checkouts/vgsl/VGSLUI/NativeHTMLParser/HTMLParser.swift (in target 'VGSLUI' from project 'vgsl')
    cd /Users/admin/builder/spi-builder-workspace/.swiftpm/xcode
    builtin-SwiftPerFileCompile HTMLParser.swift
SwiftCompile normal arm64 /Users/admin/builder/spi-builder-workspace/.dependencies/checkouts/vgsl/VGSLUI/NativeHTMLParser/HTMLParserDelegate.swift (in target 'VGSLUI' from project 'vgsl')
    cd /Users/admin/builder/spi-builder-workspace/.swiftpm/xcode
    builtin-SwiftPerFileCompile HTMLParserDelegate.swift
SwiftCompile normal arm64 /Users/admin/builder/spi-builder-workspace/.dependencies/checkouts/vgsl/VGSLUI/NativeHTMLParser/HTMLTag.swift (in target 'VGSLUI' from project 'vgsl')
    cd /Users/admin/builder/spi-builder-workspace/.swiftpm/xcode
    builtin-SwiftPerFileCompile HTMLTag.swift
SwiftCompile normal arm64 /Users/admin/builder/spi-builder-workspace/.dependencies/checkouts/vgsl/VGSLUI/NativeHTMLParser/HTMLTaggedString.swift (in target 'VGSLUI' from project 'vgsl')
    cd /Users/admin/builder/spi-builder-workspace/.swiftpm/xcode
    builtin-SwiftPerFileCompile HTMLTaggedString.swift
SwiftCompile normal arm64 /Users/admin/builder/spi-builder-workspace/.dependencies/checkouts/vgsl/VGSLUI/Navigation/ViewProtocol.swift (in target 'VGSLUI' from project 'vgsl')
    cd /Users/admin/builder/spi-builder-workspace/.swiftpm/xcode
    builtin-SwiftPerFileCompile ViewProtocol.swift
SwiftCompile normal arm64 /Users/admin/builder/spi-builder-workspace/.dependencies/checkouts/vgsl/VGSLUI/OSX.swift (in target 'VGSLUI' from project 'vgsl')
    cd /Users/admin/builder/spi-builder-workspace/.swiftpm/xcode
    builtin-SwiftPerFileCompile OSX.swift
SwiftCompile normal arm64 /Users/admin/builder/spi-builder-workspace/.dependencies/checkouts/vgsl/VGSLUI/PublicInterfaces.swift (in target 'VGSLUI' from project 'vgsl')
    cd /Users/admin/builder/spi-builder-workspace/.swiftpm/xcode
    builtin-SwiftPerFileCompile PublicInterfaces.swift
SwiftCompile normal arm64 /Users/admin/builder/spi-builder-workspace/.dependencies/checkouts/vgsl/VGSLUI/RemoteImageView.swift (in target 'VGSLUI' from project 'vgsl')
    cd /Users/admin/builder/spi-builder-workspace/.swiftpm/xcode
    builtin-SwiftPerFileCompile RemoteImageView.swift
SwiftCompile normal arm64 /Users/admin/builder/spi-builder-workspace/.dependencies/checkouts/vgsl/VGSLUI/RemoteImageViewContainer.swift (in target 'VGSLUI' from project 'vgsl')
    cd /Users/admin/builder/spi-builder-workspace/.swiftpm/xcode
    builtin-SwiftPerFileCompile RemoteImageViewContainer.swift
SwiftCompile normal arm64 /Users/admin/builder/spi-builder-workspace/.dependencies/checkouts/vgsl/VGSLUI/RemoteImageViewContentProtocol.swift (in target 'VGSLUI' from project 'vgsl')
    cd /Users/admin/builder/spi-builder-workspace/.swiftpm/xcode
    builtin-SwiftPerFileCompile RemoteImageViewContentProtocol.swift
SwiftCompile normal arm64 /Users/admin/builder/spi-builder-workspace/.dependencies/checkouts/vgsl/VGSLUI/ScrollableContent.swift (in target 'VGSLUI' from project 'vgsl')
    cd /Users/admin/builder/spi-builder-workspace/.swiftpm/xcode
    builtin-SwiftPerFileCompile ScrollableContent.swift
SwiftCompile normal arm64 Compiling\ Theme.swift,\ UIStyles.swift,\ VisibleBoundsTracking.swift,\ ActionSheetModel.swift,\ ActionSheetUI.swift,\ AlertButton.swift,\ AlertModel.swift,\ AlertTextField.swift,\ AlertUI.swift,\ Label.swift,\ AccessibilityElementExtensions.swift /Users/admin/builder/spi-builder-workspace/.dependencies/checkouts/vgsl/VGSLUI/Theme.swift /Users/admin/builder/spi-builder-workspace/.dependencies/checkouts/vgsl/VGSLUI/UIStyles.swift /Users/admin/builder/spi-builder-workspace/.dependencies/checkouts/vgsl/VGSLUI/VisibleBoundsTracking.swift /Users/admin/builder/spi-builder-workspace/.dependencies/checkouts/vgsl/VGSLUI/alert/ActionSheetModel.swift /Users/admin/builder/spi-builder-workspace/.dependencies/checkouts/vgsl/VGSLUI/alert/ActionSheetUI.swift /Users/admin/builder/spi-builder-workspace/.dependencies/checkouts/vgsl/VGSLUI/alert/AlertButton.swift /Users/admin/builder/spi-builder-workspace/.dependencies/checkouts/vgsl/VGSLUI/alert/AlertModel.swift /Users/admin/builder/spi-builder-workspace/.dependencies/checkouts/vgsl/VGSLUI/alert/AlertTextField.swift /Users/admin/builder/spi-builder-workspace/.dependencies/checkouts/vgsl/VGSLUI/alert/AlertUI.swift /Users/admin/builder/spi-builder-workspace/.dependencies/checkouts/vgsl/VGSLUI/components/Label.swift /Users/admin/builder/spi-builder-workspace/.dependencies/checkouts/vgsl/VGSLUI/extensions/AccessibilityElementExtensions.swift (in target 'VGSLUI' from project 'vgsl')
SwiftCompile normal arm64 /Users/admin/builder/spi-builder-workspace/.dependencies/checkouts/vgsl/VGSLUI/Theme.swift (in target 'VGSLUI' from project 'vgsl')
    cd /Users/admin/builder/spi-builder-workspace/.swiftpm/xcode
    builtin-SwiftPerFileCompile Theme.swift
SwiftCompile normal arm64 /Users/admin/builder/spi-builder-workspace/.dependencies/checkouts/vgsl/VGSLUI/UIStyles.swift (in target 'VGSLUI' from project 'vgsl')
    cd /Users/admin/builder/spi-builder-workspace/.swiftpm/xcode
    builtin-SwiftPerFileCompile UIStyles.swift
SwiftCompile normal arm64 /Users/admin/builder/spi-builder-workspace/.dependencies/checkouts/vgsl/VGSLUI/VisibleBoundsTracking.swift (in target 'VGSLUI' from project 'vgsl')
    cd /Users/admin/builder/spi-builder-workspace/.swiftpm/xcode
    builtin-SwiftPerFileCompile VisibleBoundsTracking.swift
SwiftCompile normal arm64 /Users/admin/builder/spi-builder-workspace/.dependencies/checkouts/vgsl/VGSLUI/alert/ActionSheetModel.swift (in target 'VGSLUI' from project 'vgsl')
    cd /Users/admin/builder/spi-builder-workspace/.swiftpm/xcode
    builtin-SwiftPerFileCompile ActionSheetModel.swift
SwiftCompile normal arm64 /Users/admin/builder/spi-builder-workspace/.dependencies/checkouts/vgsl/VGSLUI/alert/ActionSheetUI.swift (in target 'VGSLUI' from project 'vgsl')
    cd /Users/admin/builder/spi-builder-workspace/.swiftpm/xcode
    builtin-SwiftPerFileCompile ActionSheetUI.swift
SwiftCompile normal arm64 /Users/admin/builder/spi-builder-workspace/.dependencies/checkouts/vgsl/VGSLUI/alert/AlertButton.swift (in target 'VGSLUI' from project 'vgsl')
    cd /Users/admin/builder/spi-builder-workspace/.swiftpm/xcode
    builtin-SwiftPerFileCompile AlertButton.swift
SwiftCompile normal arm64 /Users/admin/builder/spi-builder-workspace/.dependencies/checkouts/vgsl/VGSLUI/alert/AlertModel.swift (in target 'VGSLUI' from project 'vgsl')
    cd /Users/admin/builder/spi-builder-workspace/.swiftpm/xcode
    builtin-SwiftPerFileCompile AlertModel.swift
SwiftCompile normal arm64 /Users/admin/builder/spi-builder-workspace/.dependencies/checkouts/vgsl/VGSLUI/alert/AlertTextField.swift (in target 'VGSLUI' from project 'vgsl')
    cd /Users/admin/builder/spi-builder-workspace/.swiftpm/xcode
    builtin-SwiftPerFileCompile AlertTextField.swift
SwiftCompile normal arm64 /Users/admin/builder/spi-builder-workspace/.dependencies/checkouts/vgsl/VGSLUI/alert/AlertUI.swift (in target 'VGSLUI' from project 'vgsl')
    cd /Users/admin/builder/spi-builder-workspace/.swiftpm/xcode
    builtin-SwiftPerFileCompile AlertUI.swift
SwiftCompile normal arm64 /Users/admin/builder/spi-builder-workspace/.dependencies/checkouts/vgsl/VGSLUI/components/Label.swift (in target 'VGSLUI' from project 'vgsl')
    cd /Users/admin/builder/spi-builder-workspace/.swiftpm/xcode
    builtin-SwiftPerFileCompile Label.swift
SwiftCompile normal arm64 /Users/admin/builder/spi-builder-workspace/.dependencies/checkouts/vgsl/VGSLUI/extensions/AccessibilityElementExtensions.swift (in target 'VGSLUI' from project 'vgsl')
    cd /Users/admin/builder/spi-builder-workspace/.swiftpm/xcode
    builtin-SwiftPerFileCompile AccessibilityElementExtensions.swift
SwiftCompile normal arm64 Compiling\ CAAnimationExtensions.swift,\ CGAffineTransformExtensions.swift,\ CGColorExtensions.swift,\ CGContextExtensions.swift,\ CGFloatExtensions.swift,\ CGPointExtensions.swift,\ CGRectExtensions.swift,\ CGSizeExtensions.swift,\ CGVectorExtensions.swift,\ ColorExtensions.swift,\ EdgeInsetsExtensions.swift /Users/admin/builder/spi-builder-workspace/.dependencies/checkouts/vgsl/VGSLUI/extensions/CAAnimationExtensions.swift /Users/admin/builder/spi-builder-workspace/.dependencies/checkouts/vgsl/VGSLUI/extensions/CGAffineTransformExtensions.swift /Users/admin/builder/spi-builder-workspace/.dependencies/checkouts/vgsl/VGSLUI/extensions/CGColorExtensions.swift /Users/admin/builder/spi-builder-workspace/.dependencies/checkouts/vgsl/VGSLUI/extensions/CGContextExtensions.swift /Users/admin/builder/spi-builder-workspace/.dependencies/checkouts/vgsl/VGSLUI/extensions/CGFloatExtensions.swift /Users/admin/builder/spi-builder-workspace/.dependencies/checkouts/vgsl/VGSLUI/extensions/CGPointExtensions.swift /Users/admin/builder/spi-builder-workspace/.dependencies/checkouts/vgsl/VGSLUI/extensions/CGRectExtensions.swift /Users/admin/builder/spi-builder-workspace/.dependencies/checkouts/vgsl/VGSLUI/extensions/CGSizeExtensions.swift /Users/admin/builder/spi-builder-workspace/.dependencies/checkouts/vgsl/VGSLUI/extensions/CGVectorExtensions.swift /Users/admin/builder/spi-builder-workspace/.dependencies/checkouts/vgsl/VGSLUI/extensions/ColorExtensions.swift /Users/admin/builder/spi-builder-workspace/.dependencies/checkouts/vgsl/VGSLUI/extensions/EdgeInsetsExtensions.swift (in target 'VGSLUI' from project 'vgsl')
SwiftCompile normal arm64 /Users/admin/builder/spi-builder-workspace/.dependencies/checkouts/vgsl/VGSLUI/extensions/CAAnimationExtensions.swift (in target 'VGSLUI' from project 'vgsl')
    cd /Users/admin/builder/spi-builder-workspace/.swiftpm/xcode
    builtin-SwiftPerFileCompile CAAnimationExtensions.swift
SwiftCompile normal arm64 /Users/admin/builder/spi-builder-workspace/.dependencies/checkouts/vgsl/VGSLUI/extensions/CGAffineTransformExtensions.swift (in target 'VGSLUI' from project 'vgsl')
    cd /Users/admin/builder/spi-builder-workspace/.swiftpm/xcode
    builtin-SwiftPerFileCompile CGAffineTransformExtensions.swift
SwiftCompile normal arm64 /Users/admin/builder/spi-builder-workspace/.dependencies/checkouts/vgsl/VGSLUI/extensions/CGColorExtensions.swift (in target 'VGSLUI' from project 'vgsl')
    cd /Users/admin/builder/spi-builder-workspace/.swiftpm/xcode
    builtin-SwiftPerFileCompile CGColorExtensions.swift
SwiftCompile normal arm64 /Users/admin/builder/spi-builder-workspace/.dependencies/checkouts/vgsl/VGSLUI/extensions/CGContextExtensions.swift (in target 'VGSLUI' from project 'vgsl')
    cd /Users/admin/builder/spi-builder-workspace/.swiftpm/xcode
    builtin-SwiftPerFileCompile CGContextExtensions.swift
SwiftCompile normal arm64 /Users/admin/builder/spi-builder-workspace/.dependencies/checkouts/vgsl/VGSLUI/extensions/CGFloatExtensions.swift (in target 'VGSLUI' from project 'vgsl')
    cd /Users/admin/builder/spi-builder-workspace/.swiftpm/xcode
    builtin-SwiftPerFileCompile CGFloatExtensions.swift
SwiftCompile normal arm64 /Users/admin/builder/spi-builder-workspace/.dependencies/checkouts/vgsl/VGSLUI/extensions/CGPointExtensions.swift (in target 'VGSLUI' from project 'vgsl')
    cd /Users/admin/builder/spi-builder-workspace/.swiftpm/xcode
    builtin-SwiftPerFileCompile CGPointExtensions.swift
SwiftCompile normal arm64 /Users/admin/builder/spi-builder-workspace/.dependencies/checkouts/vgsl/VGSLUI/extensions/CGRectExtensions.swift (in target 'VGSLUI' from project 'vgsl')
    cd /Users/admin/builder/spi-builder-workspace/.swiftpm/xcode
    builtin-SwiftPerFileCompile CGRectExtensions.swift
SwiftCompile normal arm64 /Users/admin/builder/spi-builder-workspace/.dependencies/checkouts/vgsl/VGSLUI/extensions/CGSizeExtensions.swift (in target 'VGSLUI' from project 'vgsl')
    cd /Users/admin/builder/spi-builder-workspace/.swiftpm/xcode
    builtin-SwiftPerFileCompile CGSizeExtensions.swift
SwiftCompile normal arm64 /Users/admin/builder/spi-builder-workspace/.dependencies/checkouts/vgsl/VGSLUI/extensions/CGVectorExtensions.swift (in target 'VGSLUI' from project 'vgsl')
    cd /Users/admin/builder/spi-builder-workspace/.swiftpm/xcode
    builtin-SwiftPerFileCompile CGVectorExtensions.swift
SwiftCompile normal arm64 /Users/admin/builder/spi-builder-workspace/.dependencies/checkouts/vgsl/VGSLUI/extensions/ColorExtensions.swift (in target 'VGSLUI' from project 'vgsl')
    cd /Users/admin/builder/spi-builder-workspace/.swiftpm/xcode
    builtin-SwiftPerFileCompile ColorExtensions.swift
SwiftCompile normal arm64 /Users/admin/builder/spi-builder-workspace/.dependencies/checkouts/vgsl/VGSLUI/extensions/EdgeInsetsExtensions.swift (in target 'VGSLUI' from project 'vgsl')
    cd /Users/admin/builder/spi-builder-workspace/.swiftpm/xcode
    builtin-SwiftPerFileCompile EdgeInsetsExtensions.swift
SwiftCompile normal arm64 Compiling\ RGBAColor.swift,\ SideInsets.swift,\ UserInterfaceStyle.swift,\ RGBAColorExtensions.swift,\ Gradient.swift,\ LinearGradientView+Layer.swift,\ RadialGradientView.swift,\ ScrollEdge.swift,\ ScrollViewTrackable.swift,\ ScrollViewType.swift,\ ScrollingToTop.swift /Users/admin/builder/spi-builder-workspace/.dependencies/checkouts/vgsl/VGSLUI/types/RGBAColor.swift /Users/admin/builder/spi-builder-workspace/.dependencies/checkouts/vgsl/VGSLUI/types/SideInsets.swift /Users/admin/builder/spi-builder-workspace/.dependencies/checkouts/vgsl/VGSLUI/types/UserInterfaceStyle.swift /Users/admin/builder/spi-builder-workspace/.dependencies/checkouts/vgsl/VGSLUI/types/color/RGBAColorExtensions.swift /Users/admin/builder/spi-builder-workspace/.dependencies/checkouts/vgsl/VGSLUI/types/gradient/Gradient.swift /Users/admin/builder/spi-builder-workspace/.dependencies/checkouts/vgsl/VGSLUI/types/gradient/LinearGradientView+Layer.swift /Users/admin/builder/spi-builder-workspace/.dependencies/checkouts/vgsl/VGSLUI/types/gradient/RadialGradientView.swift /Users/admin/builder/spi-builder-workspace/.dependencies/checkouts/vgsl/VGSLUI/types/scroll/ScrollEdge.swift /Users/admin/builder/spi-builder-workspace/.dependencies/checkouts/vgsl/VGSLUI/types/scroll/ScrollViewTrackable.swift /Users/admin/builder/spi-builder-workspace/.dependencies/checkouts/vgsl/VGSLUI/types/scroll/ScrollViewType.swift /Users/admin/builder/spi-builder-workspace/.dependencies/checkouts/vgsl/VGSLUI/types/scroll/ScrollingToTop.swift (in target 'VGSLUI' from project 'vgsl')
SwiftCompile normal arm64 /Users/admin/builder/spi-builder-workspace/.dependencies/checkouts/vgsl/VGSLUI/types/RGBAColor.swift (in target 'VGSLUI' from project 'vgsl')
    cd /Users/admin/builder/spi-builder-workspace/.swiftpm/xcode
    builtin-SwiftPerFileCompile RGBAColor.swift
SwiftCompile normal arm64 /Users/admin/builder/spi-builder-workspace/.dependencies/checkouts/vgsl/VGSLUI/types/SideInsets.swift (in target 'VGSLUI' from project 'vgsl')
    cd /Users/admin/builder/spi-builder-workspace/.swiftpm/xcode
    builtin-SwiftPerFileCompile SideInsets.swift
SwiftCompile normal arm64 /Users/admin/builder/spi-builder-workspace/.dependencies/checkouts/vgsl/VGSLUI/types/UserInterfaceStyle.swift (in target 'VGSLUI' from project 'vgsl')
    cd /Users/admin/builder/spi-builder-workspace/.swiftpm/xcode
    builtin-SwiftPerFileCompile UserInterfaceStyle.swift
SwiftCompile normal arm64 /Users/admin/builder/spi-builder-workspace/.dependencies/checkouts/vgsl/VGSLUI/types/color/RGBAColorExtensions.swift (in target 'VGSLUI' from project 'vgsl')
    cd /Users/admin/builder/spi-builder-workspace/.swiftpm/xcode
    builtin-SwiftPerFileCompile RGBAColorExtensions.swift
SwiftCompile normal arm64 /Users/admin/builder/spi-builder-workspace/.dependencies/checkouts/vgsl/VGSLUI/types/gradient/Gradient.swift (in target 'VGSLUI' from project 'vgsl')
    cd /Users/admin/builder/spi-builder-workspace/.swiftpm/xcode
    builtin-SwiftPerFileCompile Gradient.swift
SwiftCompile normal arm64 /Users/admin/builder/spi-builder-workspace/.dependencies/checkouts/vgsl/VGSLUI/types/gradient/LinearGradientView+Layer.swift (in target 'VGSLUI' from project 'vgsl')
    cd /Users/admin/builder/spi-builder-workspace/.swiftpm/xcode
    builtin-SwiftPerFileCompile LinearGradientView+Layer.swift
SwiftCompile normal arm64 /Users/admin/builder/spi-builder-workspace/.dependencies/checkouts/vgsl/VGSLUI/types/gradient/RadialGradientView.swift (in target 'VGSLUI' from project 'vgsl')
    cd /Users/admin/builder/spi-builder-workspace/.swiftpm/xcode
    builtin-SwiftPerFileCompile RadialGradientView.swift
SwiftCompile normal arm64 /Users/admin/builder/spi-builder-workspace/.dependencies/checkouts/vgsl/VGSLUI/types/scroll/ScrollEdge.swift (in target 'VGSLUI' from project 'vgsl')
    cd /Users/admin/builder/spi-builder-workspace/.swiftpm/xcode
    builtin-SwiftPerFileCompile ScrollEdge.swift
SwiftCompile normal arm64 /Users/admin/builder/spi-builder-workspace/.dependencies/checkouts/vgsl/VGSLUI/types/scroll/ScrollViewTrackable.swift (in target 'VGSLUI' from project 'vgsl')
    cd /Users/admin/builder/spi-builder-workspace/.swiftpm/xcode
    builtin-SwiftPerFileCompile ScrollViewTrackable.swift
SwiftCompile normal arm64 /Users/admin/builder/spi-builder-workspace/.dependencies/checkouts/vgsl/VGSLUI/types/scroll/ScrollViewType.swift (in target 'VGSLUI' from project 'vgsl')
    cd /Users/admin/builder/spi-builder-workspace/.swiftpm/xcode
    builtin-SwiftPerFileCompile ScrollViewType.swift
SwiftCompile normal arm64 /Users/admin/builder/spi-builder-workspace/.dependencies/checkouts/vgsl/VGSLUI/types/scroll/ScrollingToTop.swift (in target 'VGSLUI' from project 'vgsl')
    cd /Users/admin/builder/spi-builder-workspace/.swiftpm/xcode
    builtin-SwiftPerFileCompile ScrollingToTop.swift
SwiftExplicitDependencyGeneratePcm arm64 /Users/admin/builder/spi-builder-workspace/.derivedData/SDKExplicitPrecompiledModules/SystemConfiguration-6B1BH8FF4GGQOBANO0ULBYL0T.pcm
PrecompileModule /Users/admin/builder/spi-builder-workspace/.derivedData/Build/Intermediates.noindex/ExplicitPrecompiledModules/BackgroundAssets-BNJMUX7ZIL6KCZPPGNBXV2BHI.scan
    cd /
    builtin-precompileModule /Users/admin/builder/spi-builder-workspace/.derivedData/Build/Intermediates.noindex/ExplicitPrecompiledModules/BackgroundAssets-BNJMUX7ZIL6KCZPPGNBXV2BHI.scan
SwiftDriverJobDiscovery normal arm64 Compiling KeyboardAppearance.swift, StatusBarStyle.swift, AttributedStringLayout.swift, BackgroundAttribute.swift, BorderAttribute.swift, CloudBackgroundAttribute.swift, FontExtensions.swift, FontSettings.swift, FontSpecifying.swift, RangeVerticalAlignmentAttribute.swift (in target 'VGSLUI' from project 'vgsl')
SwiftCompile normal arm64 Compiling\ ColorHolder.swift /Users/admin/builder/spi-builder-workspace/.dependencies/checkouts/vgsl/VGSLUI/types/image/ColorHolder.swift (in target 'VGSLUI' from project 'vgsl')
SwiftCompile normal arm64 /Users/admin/builder/spi-builder-workspace/.dependencies/checkouts/vgsl/VGSLUI/types/image/ColorHolder.swift (in target 'VGSLUI' from project 'vgsl')
    cd /Users/admin/builder/spi-builder-workspace/.swiftpm/xcode
    builtin-SwiftPerFileCompile ColorHolder.swift
SwiftEmitModule normal arm64 Emitting\ module\ for\ VGSLNetworking (in target 'VGSLNetworking' from project 'vgsl')
SwiftCompile normal arm64 (in target 'VGSLNetworking' from project 'vgsl')
    cd /Users/admin/builder/spi-builder-workspace/.swiftpm/xcode

PrecompileModule /Users/admin/builder/spi-builder-workspace/.derivedData/Build/Intermediates.noindex/ExplicitPrecompiledModules/StoreKit-AK5B1AOJPPPUJ9AEA5EL5OEAN.scan
    cd /
    builtin-precompileModule /Users/admin/builder/spi-builder-workspace/.derivedData/Build/Intermediates.noindex/ExplicitPrecompiledModules/StoreKit-AK5B1AOJPPPUJ9AEA5EL5OEAN.scan
SwiftDriverJobDiscovery normal arm64 Compiling ColorHolder.swift (in target 'VGSLUI' from project 'vgsl')
SwiftCompile normal arm64 Compiling\ RelativeRect.swift /Users/admin/builder/spi-builder-workspace/.dependencies/checkouts/vgsl/VGSLUI/types/relative/RelativeRect.swift (in target 'VGSLUI' from project 'vgsl')
SwiftCompile normal arm64 /Users/admin/builder/spi-builder-workspace/.dependencies/checkouts/vgsl/VGSLUI/types/relative/RelativeRect.swift (in target 'VGSLUI' from project 'vgsl')
    cd /Users/admin/builder/spi-builder-workspace/.swiftpm/xcode
    builtin-SwiftPerFileCompile RelativeRect.swift
CompileC /Users/admin/builder/spi-builder-workspace/.derivedData/Build/Intermediates.noindex/AppMetrica.build/Debug-iphoneos/AppMetricaCore-t.build/Objects-normal/arm64/AMATransactionObserver.o /Users/admin/builder/spi-builder-workspace/.dependencies/checkouts/appmetrica-sdk-ios/AppMetricaCore/Sources/Revenue/AutoIAP/AMATransactionObserver.m normal arm64 objective-c com.apple.compilers.llvm.clang.1_0.compiler (in target 'AppMetricaCore' from project 'AppMetrica')
    cd /Users/admin/builder/spi-builder-workspace/.swiftpm/xcode

    Using response file: /Users/admin/builder/spi-builder-workspace/.derivedData/Build/Intermediates.noindex/AppMetrica.build/Debug-iphoneos/AppMetricaCore-t.build/Objects-normal/arm64/e6072d4f65d7061329687fe24e3d63a7-common-args.resp

    /Applications/Xcode-27.0.0-Release.Candidate.app/Contents/Developer/Toolchains/XcodeDefault.xctoolchain/usr/bin/clang -x objective-c -ivfsstatcache /Users/admin/builder/spi-builder-workspace/.derivedData/SDKStatCaches.noindex/iphoneos27.0-24A430-e829b21a6f8c9b70876ba0858053c04440ceaa042ed91876912b2eeea4e3aa14.sdkstatcache -target arm64-apple-ios15.0 -fmessage-length\=0 -fdiagnostics-show-note-include-stack -fmacro-backtrace-limit\=0 -fno-color-diagnostics -fmodules-prune-interval\=86400 -fmodules-prune-after\=345600 -fbuild-session-file\=/Users/admin/builder/spi-builder-workspace/.derivedData/ModuleCache.noindex/Session.modulevalidation -fmodules-validate-once-per-build-session -Wnon-modular-include-in-framework-module -Werror\=non-modular-include-in-framework-module -Wno-trigraphs -Wno-missing-field-initializers -Wno-missing-prototypes -Wno-return-type -Wno-implicit-atomic-properties -Wno-objc-interface-ivars -Wno-arc-repeated-use-of-weak -Wno-missing-braces -Wparentheses -Wswitch -Wno-unused-function -Wno-unused-label -Wno-unused-parameter -Wno-unused-variable -Wunused-value -Wno-empty-body -Wno-uninitialized -Wno-unknown-pragmas -w -Wno-shadow -Wno-four-char-constants -Wno-conversion -Wno-constant-conversion -Wno-int-conversion -Wno-bool-conversion -Wno-enum-conversion -Wno-float-conversion -Wno-non-literal-null-conversion -Wno-objc-literal-conversion -Wshorten-64-to-32 -Wpointer-sign -Wno-newline-eof -Wno-selector -Wno-strict-selector-match -Wno-undeclared-selector -Wno-deprecated-implementations -Wno-implicit-fallthrough -isysroot /Applications/Xcode-27.0.0-Release.Candidate.app/Contents/Developer/Platforms/iPhoneOS.platform/Developer/SDKs/iPhoneOS27.0.sdk -fstrict-aliasing -Wprotocol -Wdeprecated-declarations -Wno-sign-conversion -Wno-infinite-recursion -Wno-comma -Wno-block-capture-autoreleasing -Wno-strict-prototypes -Wno-semicolon-before-method-body -index-store-path /Users/admin/builder/spi-builder-workspace/.derivedData/Index.noindex/DataStore @/Users/admin/builder/spi-builder-workspace/.derivedData/Build/Intermediates.noindex/AppMetrica.build/Debug-iphoneos/AppMetricaCore-t.build/Objects-normal/arm64/e6072d4f65d7061329687fe24e3d63a7-common-args.resp -include /Users/admin/builder/spi-builder-workspace/.derivedData/Build/Intermediates.noindex/AppMetrica.build/Debug-iphoneos/AppMetricaCore-t.build/DerivedSources/resource_bundle_accessor.h -MMD -MT dependencies -MF /Users/admin/builder/spi-builder-workspace/.derivedData/Build/Intermediates.noindex/AppMetrica.build/Debug-iphoneos/AppMetricaCore-t.build/Objects-normal/arm64/AMATransactionObserver.d --serialize-diagnostics /Users/admin/builder/spi-builder-workspace/.derivedData/Build/Intermediates.noindex/AppMetrica.build/Debug-iphoneos/AppMetricaCore-t.build/Objects-normal/arm64/AMATransactionObserver.dia -c /Users/admin/builder/spi-builder-workspace/.dependencies/checkouts/appmetrica-sdk-ios/AppMetricaCore/Sources/Revenue/AutoIAP/AMATransactionObserver.m -o /Users/admin/builder/spi-builder-workspace/.derivedData/Build/Intermediates.noindex/AppMetrica.build/Debug-iphoneos/AppMetricaCore-t.build/Objects-normal/arm64/AMATransactionObserver.o -index-unit-output-path /AppMetrica.build/Debug-iphoneos/AppMetricaCore-t.build/Objects-normal/arm64/AMATransactionObserver.o
SwiftDriverJobDiscovery normal arm64 Emitting module for VGSLNetworking (in target 'VGSLNetworking' from project 'vgsl')
SwiftDriver\ Compilation\ Requirements VGSLNetworking normal arm64 com.apple.xcode.tools.swift.compiler (in target 'VGSLNetworking' from project 'vgsl')
    cd /Users/admin/builder/spi-builder-workspace/.swiftpm/xcode
    builtin-Swift-Compilation-Requirements -- /Applications/Xcode-27.0.0-Release.Candidate.app/Contents/Developer/Toolchains/XcodeDefault.xctoolchain/usr/bin/swiftc -parse-as-library -module-name VGSLNetworking -Onone @/Users/admin/builder/spi-builder-workspace/.derivedData/Build/Intermediates.noindex/vgsl.build/Debug-iphoneos/VGSLNetworking-t.build/Objects-normal/arm64/VGSLNetworking.SwiftFileList -DSWIFT_PACKAGE -DDEBUG -DSWIFT_MODULE_RESOURCE_BUNDLE_UNAVAILABLE -DXcode -enable-experimental-feature AccessLevelOnImport -plugin-path /Applications/Xcode-27.0.0-Release.Candidate.app/Contents/Developer/Toolchains/XcodeDefault.xctoolchain/usr/lib/swift/host/plugins/testing -enable-experimental-feature DebugDescriptionMacro -sdk /Applications/Xcode-27.0.0-Release.Candidate.app/Contents/Developer/Platforms/iPhoneOS.platform/Developer/SDKs/iPhoneOS27.0.sdk -target arm64-apple-ios15.0 -g -module-cache-path /Users/admin/builder/spi-builder-workspace/.derivedData/ModuleCache.noindex -Xfrontend -serialize-debugging-options -enable-testing -suppress-warnings -index-store-path /Users/admin/builder/spi-builder-workspace/.derivedData/Index.noindex/DataStore -Xcc -D_LIBCPP_HARDENING_MODE\=_LIBCPP_HARDENING_MODE_DEBUG -swift-version 6 -I /Users/admin/builder/spi-builder-workspace/.derivedData/Build/Products/Debug-iphoneos -Isystem /Applications/Xcode-27.0.0-Release.Candidate.app/Contents/Developer/Platforms/iPhoneOS.platform/Developer/usr/lib -F /Users/admin/builder/spi-builder-workspace/.derivedData/Build/Products/Debug-iphoneos/PackageFrameworks -F /Users/admin/builder/spi-builder-workspace/.derivedData/Build/Products/Debug-iphoneos -F /Applications/Xcode-27.0.0-Release.Candidate.app/Contents/Developer/Platforms/iPhoneOS.platform/Developer/Library/Frameworks -F /Applications/Xcode-27.0.0-Release.Candidate.app/Contents/Developer/Platforms/iPhoneOS.platform/Developer/SDKs/iPhoneOS27.0.sdk/Developer/Library/Frameworks -c -j10 -enable-batch-mode -incremental -Xcc -ivfsstatcache -Xcc /Users/admin/builder/spi-builder-workspace/.derivedData/SDKStatCaches.noindex/iphoneos27.0-24A430-e829b21a6f8c9b70876ba0858053c04440ceaa042ed91876912b2eeea4e3aa14.sdkstatcache -output-file-map /Users/admin/builder/spi-builder-workspace/.derivedData/Build/Intermediates.noindex/vgsl.build/Debug-iphoneos/VGSLNetworking-t.build/Objects-normal/arm64/VGSLNetworking-OutputFileMap.json -save-temps -no-color-diagnostics -explicit-module-build -module-cache-path /Users/admin/builder/spi-builder-workspace/.derivedData/Build/Intermediates.noindex/SwiftExplicitPrecompiledModules -clang-scanner-module-cache-path /Users/admin/builder/spi-builder-workspace/.derivedData/ModuleCache.noindex -sdk-module-cache-path /Users/admin/builder/spi-builder-workspace/.derivedData/SDKExplicitPrecompiledModules -emit-dependencies -emit-module -emit-module-path /Users/admin/builder/spi-builder-workspace/.derivedData/Build/Intermediates.noindex/vgsl.build/Debug-iphoneos/VGSLNetworking-t.build/Objects-normal/arm64/VGSLNetworking.swiftmodule -serialize-diagnostics -dependency-scan-serialize-diagnostics-path /Users/admin/builder/spi-builder-workspace/.derivedData/Build/Intermediates.noindex/vgsl.build/Debug-iphoneos/VGSLNetworking-t.build/Objects-normal/arm64/VGSLNetworking-dependency-scan.dia -user-module-version 7.25.4 -validate-clang-modules-once -clang-build-session-file /Users/admin/builder/spi-builder-workspace/.derivedData/ModuleCache.noindex/Session.modulevalidation -Xcc -fmodules-prune-interval\=86400 -Xcc -fmodules-prune-after\=345600 -package-name vgsl -emit-const-values -const-gather-protocols-list /Users/admin/builder/spi-builder-workspace/.derivedData/Build/Intermediates.noindex/vgsl.build/Debug-iphoneos/VGSLNetworking-t.build/Objects-normal/arm64/VGSLNetworking_const_extract_protocols.json -Xcc -I/Users/admin/builder/spi-builder-workspace/.derivedData/Build/Products/Debug-iphoneos/include -Xcc -I/Users/admin/builder/spi-builder-workspace/.derivedData/Build/Intermediates.noindex/vgsl.build/Debug-iphoneos/VGSLNetworking-t.build/DerivedSources-normal/arm64 -Xcc -I/Users/admin/builder/spi-builder-workspace/.derivedData/Build/Intermediates.noindex/vgsl.build/Debug-iphoneos/VGSLNetworking-t.build/DerivedSources/arm64 -Xcc -I/Users/admin/builder/spi-builder-workspace/.derivedData/Build/Intermediates.noindex/vgsl.build/Debug-iphoneos/VGSLNetworking-t.build/DerivedSources -Xcc -DSWIFT_PACKAGE -Xcc -DDEBUG\=1 -emit-objc-header -emit-objc-header-path /Users/admin/builder/spi-builder-workspace/.derivedData/Build/Intermediates.noindex/vgsl.build/Debug-iphoneos/VGSLNetworking-t.build/Objects-normal/arm64/VGSLNetworking-Swift.h -working-directory /Users/admin/builder/spi-builder-workspace/.swiftpm/xcode -experimental-emit-module-separately -disable-cmo
SwiftCompile normal arm64 Compiling\ ViewImageHolder.swift /Users/admin/builder/spi-builder-workspace/.dependencies/checkouts/vgsl/VGSLUI/types/image/ViewImageHolder.swift (in target 'VGSLUI' from project 'vgsl')
SwiftCompile normal arm64 /Users/admin/builder/spi-builder-workspace/.dependencies/checkouts/vgsl/VGSLUI/types/image/ViewImageHolder.swift (in target 'VGSLUI' from project 'vgsl')
    cd /Users/admin/builder/spi-builder-workspace/.swiftpm/xcode
    builtin-SwiftPerFileCompile ViewImageHolder.swift
SwiftMergeGeneratedHeaders /Users/admin/builder/spi-builder-workspace/.derivedData/Build/Intermediates.noindex/GeneratedModuleMaps-iphoneos/VGSLNetworking-Swift.h /Users/admin/builder/spi-builder-workspace/.derivedData/Build/Intermediates.noindex/vgsl.build/Debug-iphoneos/VGSLNetworking-t.build/Objects-normal/arm64/VGSLNetworking-Swift.h (in target 'VGSLNetworking' from project 'vgsl')
    cd /Users/admin/builder/spi-builder-workspace/.dependencies/checkouts/vgsl
    builtin-swiftHeaderTool -arch arm64 /Users/admin/builder/spi-builder-workspace/.derivedData/Build/Intermediates.noindex/vgsl.build/Debug-iphoneos/VGSLNetworking-t.build/Objects-normal/arm64/VGSLNetworking-Swift.h -o /Users/admin/builder/spi-builder-workspace/.derivedData/Build/Intermediates.noindex/GeneratedModuleMaps-iphoneos/VGSLNetworking-Swift.h
SwiftDriverJobDiscovery normal arm64 Compiling HTMLParser.swift, HTMLParserDelegate.swift, HTMLTag.swift, HTMLTaggedString.swift, ViewProtocol.swift, OSX.swift, PublicInterfaces.swift, RemoteImageView.swift, RemoteImageViewContainer.swift, RemoteImageViewContentProtocol.swift, ScrollableContent.swift (in target 'VGSLUI' from project 'vgsl')
Copy /Users/admin/builder/spi-builder-workspace/.derivedData/Build/Products/Debug-iphoneos/VGSLNetworking.swiftmodule/arm64-apple-ios.swiftmodule /Users/admin/builder/spi-builder-workspace/.derivedData/Build/Intermediates.noindex/vgsl.build/Debug-iphoneos/VGSLNetworking-t.build/Objects-normal/arm64/VGSLNetworking.swiftmodule (in target 'VGSLNetworking' from project 'vgsl')
    cd /Users/admin/builder/spi-builder-workspace/.dependencies/checkouts/vgsl
    builtin-copy -exclude .DS_Store -exclude CVS -exclude .svn -exclude .git -exclude .hg -resolve-src-symlinks -rename /Users/admin/builder/spi-builder-workspace/.derivedData/Build/Intermediates.noindex/vgsl.build/Debug-iphoneos/VGSLNetworking-t.build/Objects-normal/arm64/VGSLNetworking.swiftmodule /Users/admin/builder/spi-builder-workspace/.derivedData/Build/Products/Debug-iphoneos/VGSLNetworking.swiftmodule/arm64-apple-ios.swiftmodule
Copy /Users/admin/builder/spi-builder-workspace/.derivedData/Build/Products/Debug-iphoneos/VGSLNetworking.swiftmodule/arm64-apple-ios.swiftdoc /Users/admin/builder/spi-builder-workspace/.derivedData/Build/Intermediates.noindex/vgsl.build/Debug-iphoneos/VGSLNetworking-t.build/Objects-normal/arm64/VGSLNetworking.swiftdoc (in target 'VGSLNetworking' from project 'vgsl')
    cd /Users/admin/builder/spi-builder-workspace/.dependencies/checkouts/vgsl
    builtin-copy -exclude .DS_Store -exclude CVS -exclude .svn -exclude .git -exclude .hg -resolve-src-symlinks -rename /Users/admin/builder/spi-builder-workspace/.derivedData/Build/Intermediates.noindex/vgsl.build/Debug-iphoneos/VGSLNetworking-t.build/Objects-normal/arm64/VGSLNetworking.swiftdoc /Users/admin/builder/spi-builder-workspace/.derivedData/Build/Products/Debug-iphoneos/VGSLNetworking.swiftmodule/arm64-apple-ios.swiftdoc
Copy /Users/admin/builder/spi-builder-workspace/.derivedData/Build/Products/Debug-iphoneos/VGSLNetworking.swiftmodule/arm64-apple-ios.abi.json /Users/admin/builder/spi-builder-workspace/.derivedData/Build/Intermediates.noindex/vgsl.build/Debug-iphoneos/VGSLNetworking-t.build/Objects-normal/arm64/VGSLNetworking.abi.json (in target 'VGSLNetworking' from project 'vgsl')
    cd /Users/admin/builder/spi-builder-workspace/.dependencies/checkouts/vgsl
    builtin-copy -exclude .DS_Store -exclude CVS -exclude .svn -exclude .git -exclude .hg -resolve-src-symlinks -rename /Users/admin/builder/spi-builder-workspace/.derivedData/Build/Intermediates.noindex/vgsl.build/Debug-iphoneos/VGSLNetworking-t.build/Objects-normal/arm64/VGSLNetworking.abi.json /Users/admin/builder/spi-builder-workspace/.derivedData/Build/Products/Debug-iphoneos/VGSLNetworking.swiftmodule/arm64-apple-ios.abi.json
Copy /Users/admin/builder/spi-builder-workspace/.derivedData/Build/Products/Debug-iphoneos/VGSLNetworking.swiftmodule/Project/arm64-apple-ios.swiftsourceinfo /Users/admin/builder/spi-builder-workspace/.derivedData/Build/Intermediates.noindex/vgsl.build/Debug-iphoneos/VGSLNetworking-t.build/Objects-normal/arm64/VGSLNetworking.swiftsourceinfo (in target 'VGSLNetworking' from project 'vgsl')
    cd /Users/admin/builder/spi-builder-workspace/.dependencies/checkouts/vgsl
    builtin-copy -exclude .DS_Store -exclude CVS -exclude .svn -exclude .git -exclude .hg -resolve-src-symlinks -rename /Users/admin/builder/spi-builder-workspace/.derivedData/Build/Intermediates.noindex/vgsl.build/Debug-iphoneos/VGSLNetworking-t.build/Objects-normal/arm64/VGSLNetworking.swiftsourceinfo /Users/admin/builder/spi-builder-workspace/.derivedData/Build/Products/Debug-iphoneos/VGSLNetworking.swiftmodule/Project/arm64-apple-ios.swiftsourceinfo
SwiftCompile normal arm64 Compiling\ ImageDataHolder.swift /Users/admin/builder/spi-builder-workspace/.dependencies/checkouts/vgsl/VGSLUI/types/image/ImageDataHolder.swift (in target 'VGSLUI' from project 'vgsl')
SwiftCompile normal arm64 /Users/admin/builder/spi-builder-workspace/.dependencies/checkouts/vgsl/VGSLUI/types/image/ImageDataHolder.swift (in target 'VGSLUI' from project 'vgsl')
    cd /Users/admin/builder/spi-builder-workspace/.swiftpm/xcode
    builtin-SwiftPerFileCompile ImageDataHolder.swift
SwiftCompile normal arm64 Compiling\ ViewProvider.swift /Users/admin/builder/spi-builder-workspace/.dependencies/checkouts/vgsl/VGSLUI/types/image/ViewProvider.swift (in target 'VGSLUI' from project 'vgsl')
SwiftCompile normal arm64 /Users/admin/builder/spi-builder-workspace/.dependencies/checkouts/vgsl/VGSLUI/types/image/ViewProvider.swift (in target 'VGSLUI' from project 'vgsl')
    cd /Users/admin/builder/spi-builder-workspace/.swiftpm/xcode
    builtin-SwiftPerFileCompile ViewProvider.swift
SwiftCompile normal arm64 Compiling\ ScrollDelegate.swift /Users/admin/builder/spi-builder-workspace/.dependencies/checkouts/vgsl/VGSLUI/types/scroll/ScrollDelegate.swift (in target 'VGSLUI' from project 'vgsl')
SwiftCompile normal arm64 /Users/admin/builder/spi-builder-workspace/.dependencies/checkouts/vgsl/VGSLUI/types/scroll/ScrollDelegate.swift (in target 'VGSLUI' from project 'vgsl')
    cd /Users/admin/builder/spi-builder-workspace/.swiftpm/xcode
    builtin-SwiftPerFileCompile ScrollDelegate.swift
SwiftDriverJobDiscovery normal arm64 Compiling CAAnimationExtensions.swift, CGAffineTransformExtensions.swift, CGColorExtensions.swift, CGContextExtensions.swift, CGFloatExtensions.swift, CGPointExtensions.swift, CGRectExtensions.swift, CGSizeExtensions.swift, CGVectorExtensions.swift, ColorExtensions.swift, EdgeInsetsExtensions.swift (in target 'VGSLUI' from project 'vgsl')
SwiftCompile normal arm64 Compiling\ RelativeValue.swift /Users/admin/builder/spi-builder-workspace/.dependencies/checkouts/vgsl/VGSLUI/types/relative/RelativeValue.swift (in target 'VGSLUI' from project 'vgsl')
SwiftCompile normal arm64 /Users/admin/builder/spi-builder-workspace/.dependencies/checkouts/vgsl/VGSLUI/types/relative/RelativeValue.swift (in target 'VGSLUI' from project 'vgsl')
    cd /Users/admin/builder/spi-builder-workspace/.swiftpm/xcode
    builtin-SwiftPerFileCompile RelativeValue.swift
SwiftDriverJobDiscovery normal arm64 Compiling RelativeRect.swift (in target 'VGSLUI' from project 'vgsl')
SwiftCompile normal arm64 Compiling\ ImageHolder.swift /Users/admin/builder/spi-builder-workspace/.dependencies/checkouts/vgsl/VGSLUI/types/image/ImageHolder.swift (in target 'VGSLUI' from project 'vgsl')
SwiftCompile normal arm64 /Users/admin/builder/spi-builder-workspace/.dependencies/checkouts/vgsl/VGSLUI/types/image/ImageHolder.swift (in target 'VGSLUI' from project 'vgsl')
    cd /Users/admin/builder/spi-builder-workspace/.swiftpm/xcode
    builtin-SwiftPerFileCompile ImageHolder.swift
SwiftDriverJobDiscovery normal arm64 Compiling CompoundScrollDelegate.swift, ExclusiveTouchCollectionView.swift, ImageContaining.swift, ImageDecodingMemoryOptimization.swift, ImageLayerLayout.swift, ImageRedrawingStyle.swift, ImageViewBackgroundModel.swift, ImageViewProtocol.swift, MetalImageView.swift, HTMLEntities.swift, HTMLEntitiesResolver.swift (in target 'VGSLUI' from project 'vgsl')
SwiftCompile normal arm64 Compiling\ RelativePoint.swift /Users/admin/builder/spi-builder-workspace/.dependencies/checkouts/vgsl/VGSLUI/types/relative/RelativePoint.swift (in target 'VGSLUI' from project 'vgsl')
SwiftCompile normal arm64 /Users/admin/builder/spi-builder-workspace/.dependencies/checkouts/vgsl/VGSLUI/types/relative/RelativePoint.swift (in target 'VGSLUI' from project 'vgsl')
    cd /Users/admin/builder/spi-builder-workspace/.swiftpm/xcode
    builtin-SwiftPerFileCompile RelativePoint.swift
SwiftDriverJobDiscovery normal arm64 Compiling ViewProvider.swift (in target 'VGSLUI' from project 'vgsl')
SwiftCompile normal arm64 Compiling\ NilImageHolder.swift /Users/admin/builder/spi-builder-workspace/.dependencies/checkouts/vgsl/VGSLUI/types/image/NilImageHolder.swift (in target 'VGSLUI' from project 'vgsl')
SwiftCompile normal arm64 /Users/admin/builder/spi-builder-workspace/.dependencies/checkouts/vgsl/VGSLUI/types/image/NilImageHolder.swift (in target 'VGSLUI' from project 'vgsl')
    cd /Users/admin/builder/spi-builder-workspace/.swiftpm/xcode
    builtin-SwiftPerFileCompile NilImageHolder.swift
SwiftDriverJobDiscovery normal arm64 Compiling ViewImageHolder.swift (in target 'VGSLUI' from project 'vgsl')
SwiftCompile normal arm64 Compiling\ ImagePlaceholder.swift /Users/admin/builder/spi-builder-workspace/.dependencies/checkouts/vgsl/VGSLUI/types/image/ImagePlaceholder.swift (in target 'VGSLUI' from project 'vgsl')
SwiftCompile normal arm64 /Users/admin/builder/spi-builder-workspace/.dependencies/checkouts/vgsl/VGSLUI/types/image/ImagePlaceholder.swift (in target 'VGSLUI' from project 'vgsl')
    cd /Users/admin/builder/spi-builder-workspace/.swiftpm/xcode
    builtin-SwiftPerFileCompile ImagePlaceholder.swift
SwiftDriverJobDiscovery normal arm64 Compiling ScrollDelegate.swift (in target 'VGSLUI' from project 'vgsl')
SwiftCompile normal arm64 Compiling\ UIDeviceExtensions.swift,\ UIImageExtensions.swift,\ UIImageViewExtensions.swift,\ UIMenuControllerExtensions.swift,\ EquatableImageFilter.swift,\ FilterProtocol.swift,\ ImageBlur.swift,\ ImageComposer.swift,\ ImageCrop.swift,\ ImageEffect.swift,\ ImageFilters.swift /Users/admin/builder/spi-builder-workspace/.dependencies/checkouts/vgsl/VGSLUI/extensions/UIDeviceExtensions.swift /Users/admin/builder/spi-builder-workspace/.dependencies/checkouts/vgsl/VGSLUI/extensions/UIImageExtensions.swift /Users/admin/builder/spi-builder-workspace/.dependencies/checkouts/vgsl/VGSLUI/extensions/UIImageViewExtensions.swift /Users/admin/builder/spi-builder-workspace/.dependencies/checkouts/vgsl/VGSLUI/extensions/UIMenuControllerExtensions.swift /Users/admin/builder/spi-builder-workspace/.dependencies/checkouts/vgsl/VGSLUI/filters/EquatableImageFilter.swift /Users/admin/builder/spi-builder-workspace/.dependencies/checkouts/vgsl/VGSLUI/filters/FilterProtocol.swift /Users/admin/builder/spi-builder-workspace/.dependencies/checkouts/vgsl/VGSLUI/filters/ImageBlur.swift /Users/admin/builder/spi-builder-workspace/.dependencies/checkouts/vgsl/VGSLUI/filters/ImageComposer.swift /Users/admin/builder/spi-builder-workspace/.dependencies/checkouts/vgsl/VGSLUI/filters/ImageCrop.swift /Users/admin/builder/spi-builder-workspace/.dependencies/checkouts/vgsl/VGSLUI/filters/ImageEffect.swift /Users/admin/builder/spi-builder-workspace/.dependencies/checkouts/vgsl/VGSLUI/filters/ImageFilters.swift (in target 'VGSLUI' from project 'vgsl')
SwiftCompile normal arm64 /Users/admin/builder/spi-builder-workspace/.dependencies/checkouts/vgsl/VGSLUI/extensions/UIDeviceExtensions.swift (in target 'VGSLUI' from project 'vgsl')
    cd /Users/admin/builder/spi-builder-workspace/.swiftpm/xcode
    builtin-SwiftPerFileCompile UIDeviceExtensions.swift
SwiftCompile normal arm64 /Users/admin/builder/spi-builder-workspace/.dependencies/checkouts/vgsl/VGSLUI/extensions/UIImageExtensions.swift (in target 'VGSLUI' from project 'vgsl')
    cd /Users/admin/builder/spi-builder-workspace/.swiftpm/xcode
    builtin-SwiftPerFileCompile UIImageExtensions.swift
SwiftCompile normal arm64 /Users/admin/builder/spi-builder-workspace/.dependencies/checkouts/vgsl/VGSLUI/extensions/UIImageViewExtensions.swift (in target 'VGSLUI' from project 'vgsl')
    cd /Users/admin/builder/spi-builder-workspace/.swiftpm/xcode
    builtin-SwiftPerFileCompile UIImageViewExtensions.swift
SwiftCompile normal arm64 /Users/admin/builder/spi-builder-workspace/.dependencies/checkouts/vgsl/VGSLUI/extensions/UIMenuControllerExtensions.swift (in target 'VGSLUI' from project 'vgsl')
    cd /Users/admin/builder/spi-builder-workspace/.swiftpm/xcode
    builtin-SwiftPerFileCompile UIMenuControllerExtensions.swift
SwiftCompile normal arm64 /Users/admin/builder/spi-builder-workspace/.dependencies/checkouts/vgsl/VGSLUI/filters/EquatableImageFilter.swift (in target 'VGSLUI' from project 'vgsl')
    cd /Users/admin/builder/spi-builder-workspace/.swiftpm/xcode
    builtin-SwiftPerFileCompile EquatableImageFilter.swift
SwiftCompile normal arm64 /Users/admin/builder/spi-builder-workspace/.dependencies/checkouts/vgsl/VGSLUI/filters/FilterProtocol.swift (in target 'VGSLUI' from project 'vgsl')
    cd /Users/admin/builder/spi-builder-workspace/.swiftpm/xcode
    builtin-SwiftPerFileCompile FilterProtocol.swift
SwiftCompile normal arm64 /Users/admin/builder/spi-builder-workspace/.dependencies/checkouts/vgsl/VGSLUI/filters/ImageBlur.swift (in target 'VGSLUI' from project 'vgsl')
    cd /Users/admin/builder/spi-builder-workspace/.swiftpm/xcode
    builtin-SwiftPerFileCompile ImageBlur.swift
SwiftCompile normal arm64 /Users/admin/builder/spi-builder-workspace/.dependencies/checkouts/vgsl/VGSLUI/filters/ImageComposer.swift (in target 'VGSLUI' from project 'vgsl')
    cd /Users/admin/builder/spi-builder-workspace/.swiftpm/xcode
    builtin-SwiftPerFileCompile ImageComposer.swift
SwiftCompile normal arm64 /Users/admin/builder/spi-builder-workspace/.dependencies/checkouts/vgsl/VGSLUI/filters/ImageCrop.swift (in target 'VGSLUI' from project 'vgsl')
    cd /Users/admin/builder/spi-builder-workspace/.swiftpm/xcode
    builtin-SwiftPerFileCompile ImageCrop.swift
SwiftCompile normal arm64 /Users/admin/builder/spi-builder-workspace/.dependencies/checkouts/vgsl/VGSLUI/filters/ImageEffect.swift (in target 'VGSLUI' from project 'vgsl')
    cd /Users/admin/builder/spi-builder-workspace/.swiftpm/xcode
    builtin-SwiftPerFileCompile ImageEffect.swift
SwiftCompile normal arm64 /Users/admin/builder/spi-builder-workspace/.dependencies/checkouts/vgsl/VGSLUI/filters/ImageFilters.swift (in target 'VGSLUI' from project 'vgsl')
    cd /Users/admin/builder/spi-builder-workspace/.swiftpm/xcode
    builtin-SwiftPerFileCompile ImageFilters.swift
SwiftDriverJobDiscovery normal arm64 Compiling ImageDataHolder.swift (in target 'VGSLUI' from project 'vgsl')
SwiftCompile normal arm64 Compiling\ RelativeSize.swift /Users/admin/builder/spi-builder-workspace/.dependencies/checkouts/vgsl/VGSLUI/types/relative/RelativeSize.swift (in target 'VGSLUI' from project 'vgsl')
SwiftCompile normal arm64 /Users/admin/builder/spi-builder-workspace/.dependencies/checkouts/vgsl/VGSLUI/types/relative/RelativeSize.swift (in target 'VGSLUI' from project 'vgsl')
    cd /Users/admin/builder/spi-builder-workspace/.swiftpm/xcode
    builtin-SwiftPerFileCompile RelativeSize.swift
SwiftDriverJobDiscovery normal arm64 Compiling RelativeValue.swift (in target 'VGSLUI' from project 'vgsl')
SwiftCompile normal arm64 Compiling\ StringAttribute.swift,\ Typo.swift,\ CALayerExtensions.swift,\ CAMediaTimingFunction.swift,\ CATransaction+Extensions.swift,\ DimensionsFlipping.swift,\ EdgeInsets+Extensions.swift,\ Image+Crop.swift,\ UIScrollView+Extensions.swift,\ UIViewExtensions.swift /Users/admin/builder/spi-builder-workspace/.dependencies/checkouts/vgsl/VGSLUI/typo/StringAttribute.swift /Users/admin/builder/spi-builder-workspace/.dependencies/checkouts/vgsl/VGSLUI/typo/Typo.swift /Users/admin/builder/spi-builder-workspace/.dependencies/checkouts/vgsl/VGSLUI/uikit/CALayerExtensions.swift /Users/admin/builder/spi-builder-workspace/.dependencies/checkouts/vgsl/VGSLUI/uikit/CAMediaTimingFunction.swift /Users/admin/builder/spi-builder-workspace/.dependencies/checkouts/vgsl/VGSLUI/uikit/CATransaction+Extensions.swift /Users/admin/builder/spi-builder-workspace/.dependencies/checkouts/vgsl/VGSLUI/uikit/DimensionsFlipping.swift /Users/admin/builder/spi-builder-workspace/.dependencies/checkouts/vgsl/VGSLUI/uikit/EdgeInsets+Extensions.swift /Users/admin/builder/spi-builder-workspace/.dependencies/checkouts/vgsl/VGSLUI/uikit/Image+Crop.swift /Users/admin/builder/spi-builder-workspace/.dependencies/checkouts/vgsl/VGSLUI/uikit/UIScrollView+Extensions.swift /Users/admin/builder/spi-builder-workspace/.dependencies/checkouts/vgsl/VGSLUI/uikit/UIViewExtensions.swift (in target 'VGSLUI' from project 'vgsl')
SwiftCompile normal arm64 /Users/admin/builder/spi-builder-workspace/.dependencies/checkouts/vgsl/VGSLUI/typo/StringAttribute.swift (in target 'VGSLUI' from project 'vgsl')
    cd /Users/admin/builder/spi-builder-workspace/.swiftpm/xcode
    builtin-SwiftPerFileCompile StringAttribute.swift
SwiftCompile normal arm64 /Users/admin/builder/spi-builder-workspace/.dependencies/checkouts/vgsl/VGSLUI/typo/Typo.swift (in target 'VGSLUI' from project 'vgsl')
    cd /Users/admin/builder/spi-builder-workspace/.swiftpm/xcode
    builtin-SwiftPerFileCompile Typo.swift
SwiftCompile normal arm64 /Users/admin/builder/spi-builder-workspace/.dependencies/checkouts/vgsl/VGSLUI/uikit/CALayerExtensions.swift (in target 'VGSLUI' from project 'vgsl')
    cd /Users/admin/builder/spi-builder-workspace/.swiftpm/xcode
    builtin-SwiftPerFileCompile CALayerExtensions.swift
SwiftCompile normal arm64 /Users/admin/builder/spi-builder-workspace/.dependencies/checkouts/vgsl/VGSLUI/uikit/CAMediaTimingFunction.swift (in target 'VGSLUI' from project 'vgsl')
    cd /Users/admin/builder/spi-builder-workspace/.swiftpm/xcode
    builtin-SwiftPerFileCompile CAMediaTimingFunction.swift
SwiftCompile normal arm64 /Users/admin/builder/spi-builder-workspace/.dependencies/checkouts/vgsl/VGSLUI/uikit/CATransaction+Extensions.swift (in target 'VGSLUI' from project 'vgsl')
    cd /Users/admin/builder/spi-builder-workspace/.swiftpm/xcode
    builtin-SwiftPerFileCompile CATransaction+Extensions.swift
SwiftCompile normal arm64 /Users/admin/builder/spi-builder-workspace/.dependencies/checkouts/vgsl/VGSLUI/uikit/DimensionsFlipping.swift (in target 'VGSLUI' from project 'vgsl')
    cd /Users/admin/builder/spi-builder-workspace/.swiftpm/xcode
    builtin-SwiftPerFileCompile DimensionsFlipping.swift
SwiftCompile normal arm64 /Users/admin/builder/spi-builder-workspace/.dependencies/checkouts/vgsl/VGSLUI/uikit/EdgeInsets+Extensions.swift (in target 'VGSLUI' from project 'vgsl')
    cd /Users/admin/builder/spi-builder-workspace/.swiftpm/xcode
    builtin-SwiftPerFileCompile EdgeInsets+Extensions.swift
SwiftCompile normal arm64 /Users/admin/builder/spi-builder-workspace/.dependencies/checkouts/vgsl/VGSLUI/uikit/Image+Crop.swift (in target 'VGSLUI' from project 'vgsl')
    cd /Users/admin/builder/spi-builder-workspace/.swiftpm/xcode
    builtin-SwiftPerFileCompile Image+Crop.swift
SwiftCompile normal arm64 /Users/admin/builder/spi-builder-workspace/.dependencies/checkouts/vgsl/VGSLUI/uikit/UIScrollView+Extensions.swift (in target 'VGSLUI' from project 'vgsl')
    cd /Users/admin/builder/spi-builder-workspace/.swiftpm/xcode
    builtin-SwiftPerFileCompile UIScrollView+Extensions.swift
SwiftCompile normal arm64 /Users/admin/builder/spi-builder-workspace/.dependencies/checkouts/vgsl/VGSLUI/uikit/UIViewExtensions.swift (in target 'VGSLUI' from project 'vgsl')
    cd /Users/admin/builder/spi-builder-workspace/.swiftpm/xcode
    builtin-SwiftPerFileCompile UIViewExtensions.swift
PruneExplicitPrecompiledModules /Users/admin/builder/spi-builder-workspace/.derivedData/Build/Intermediates.noindex/ExplicitPrecompiledModules
PruneExplicitPrecompiledModules /Users/admin/builder/spi-builder-workspace/.derivedData/SDKExplicitPrecompiledModules
PruneExplicitPrecompiledModules /Users/admin/builder/spi-builder-workspace/.derivedData/Build/Intermediates.noindex/SwiftExplicitPrecompiledModules
2026-09-25 11:18:19.096 xcodebuild[2212:10854] [MT] IDERunDestination: Supported platforms for the buildables in the current scheme is empty.
** BUILD FAILED **
The following build commands failed:
	SwiftCompile normal arm64 /Users/admin/builder/spi-builder-workspace/.dependencies/checkouts/vgsl/VGSLUI/extensions/ImageExtensions.swift (in target 'VGSLUI' from project 'vgsl')
	SwiftCompile normal arm64 Compiling\ ImageExtensions.swift,\ NSAttributedStringExtensions.swift,\ ParagraphAttributes.swift,\ StringExtensions.swift,\ SwiftUIExtensions.swift,\ TextLayout.swift,\ TextLayoutCache.swift,\ TextLayoutParams.swift,\ TextLayoutSize.swift,\ TintModeExtensions.swift,\ TypographicBounds.swift /Users/admin/builder/spi-builder-workspace/.dependencies/checkouts/vgsl/VGSLUI/extensions/ImageExtensions.swift /Users/admin/builder/spi-builder-workspace/.dependencies/checkouts/vgsl/VGSLUI/extensions/NSAttributedStringExtensions.swift /Users/admin/builder/spi-builder-workspace/.dependencies/checkouts/vgsl/VGSLUI/extensions/ParagraphAttributes.swift /Users/admin/builder/spi-builder-workspace/.dependencies/checkouts/vgsl/VGSLUI/extensions/StringExtensions.swift /Users/admin/builder/spi-builder-workspace/.dependencies/checkouts/vgsl/VGSLUI/extensions/SwiftUIExtensions.swift /Users/admin/builder/spi-builder-workspace/.dependencies/checkouts/vgsl/VGSLUI/extensions/TextLayout.swift /Users/admin/builder/spi-builder-workspace/.dependencies/checkouts/vgsl/VGSLUI/extensions/TextLayoutCache.swift /Users/admin/builder/spi-builder-workspace/.dependencies/checkouts/vgsl/VGSLUI/extensions/TextLayoutParams.swift /Users/admin/builder/spi-builder-workspace/.dependencies/checkouts/vgsl/VGSLUI/extensions/TextLayoutSize.swift /Users/admin/builder/spi-builder-workspace/.dependencies/checkouts/vgsl/VGSLUI/extensions/TintModeExtensions.swift /Users/admin/builder/spi-builder-workspace/.dependencies/checkouts/vgsl/VGSLUI/extensions/TypographicBounds.swift (in target 'VGSLUI' from project 'vgsl')
	Building workspace MRCYandexMobileAdsPackage with scheme MRCYandexMobileAdsPackage-Package
(3 failures)
BUILD FAILURE 6.4 iOS