Build Information
Failed to build PersistentKeyValueKit, reference main (f5e6dd), with Swift 6.1 for macOS (Xcode) using Xcode 16.3 on 26 Jun 2026 04:54:25 UTC.
Build Command
No build command. This typically means the build failed at an early stage where we determine the build command.Build Log
========================================
RunAll
========================================
Builder version: undefined version: run 'make version' to update
Interrupt handler set up.
========================================
Checkout
========================================
Clone URL: https://github.com/kylehughes/PersistentKeyValueKit.git
Reference: main
Initialized empty Git repository in /Users/admin/builder/spi-builder-workspace/.git/
From https://github.com/kylehughes/PersistentKeyValueKit
* branch main -> FETCH_HEAD
* [new branch] main -> origin/main
HEAD is now at f5e6dd7 Fix observer deregistration on deinit
Cloned https://github.com/kylehughes/PersistentKeyValueKit.git
Revision (git rev-parse @):
f5e6dd7d3cc63eda1bc98b9edba93078782a986c
SUCCESS checkout https://github.com/kylehughes/PersistentKeyValueKit.git at main
========================================
Build
========================================
Selected platform: macosXcodebuild
Swift version: 6.1
Building package at path: $PWD
https://github.com/kylehughes/PersistentKeyValueKit.git
https://github.com/kylehughes/PersistentKeyValueKit.git
error: 'spi-builder-workspace': package 'spi-builder-workspace' is using Swift tools version 6.2.0 but the installed version is 6.1.0
error: fatalError
Command line invocation:
/Applications/Xcode-16.3.0.app/Contents/Developer/usr/bin/xcodebuild -IDEClonedSourcePackagesDirPathOverride=/Users/admin/builder/spi-builder-workspace/.dependencies -resolvePackageDependencies
Resolve Package Graph
package 'spi-builder-workspace' is using Swift tools version 6.2.0 but the installed version is 6.1.0
Resolved source packages:
spi-builder-workspace: (null)
2026-06-25 21:54:24.845 xcodebuild[504:2888] Writing error result bundle to /var/folders/5k/5yc19ymj0jqd5v0zvgfqz0xw0000gn/T/ResultBundle_2026-25-06_21-54-0024.xcresult
xcodebuild: error: Could not resolve package dependencies:
package 'spi-builder-workspace' is using Swift tools version 6.2.0 but the installed version is 6.1.0
Command line invocation:
/Applications/Xcode-16.3.0.app/Contents/Developer/usr/bin/xcodebuild -IDEClonedSourcePackagesDirPathOverride=/Users/admin/builder/spi-builder-workspace/.dependencies -resolvePackageDependencies
Resolve Package Graph
package 'spi-builder-workspace' is using Swift tools version 6.2.0 but the installed version is 6.1.0
Resolved source packages:
spi-builder-workspace: (null)
2026-06-25 21:54:25.590 xcodebuild[514:2992] Writing error result bundle to /var/folders/5k/5yc19ymj0jqd5v0zvgfqz0xw0000gn/T/ResultBundle_2026-25-06_21-54-0025.xcresult
xcodebuild: error: Could not resolve package dependencies:
package 'spi-builder-workspace' is using Swift tools version 6.2.0 but the installed version is 6.1.0
BUILD FAILURE 6.1 macosXcodebuild