Build Information
Failed to build ChangelogKit, reference 2.1.0 (70dfee), with Swift 6.4 for tvOS using Xcode 27.0 on 25 Sep 2026 06:24:52 UTC.
Build Command
env DEVELOPER_DIR=/Applications/Xcode-27.0.0-Release.Candidate.app xcrun xcodebuild -IDEClonedSourcePackagesDirPathOverride=$PWD/.dependencies -skipMacroValidation -skipPackagePluginValidation -derivedDataPath $PWD/.derivedData build -scheme ChangelogKit -destination generic/platform=tvOSBuild Log
========================================
RunAll
========================================
Builder version: 5.1.0
Interrupt handler set up.
========================================
Checkout
========================================
Clone URL: https://github.com/andrealufino/ChangelogKit.git
Reference: 2.1.0
Initialized empty Git repository in /Users/admin/builder/spi-builder-workspace/.git/
From https://github.com/andrealufino/ChangelogKit
* tag 2.1.0 -> FETCH_HEAD
HEAD is now at 70dfee7 Merge release/2.1.0 into main
Cloned https://github.com/andrealufino/ChangelogKit.git
Revision (git rev-parse @):
70dfee75ccf35170af487bda7210f8d52523d0da
SUCCESS checkout https://github.com/andrealufino/ChangelogKit.git at 2.1.0
========================================
Build
========================================
Selected platform: tvOS
Swift version: 6.4
Building package at path: $PWD
https://github.com/andrealufino/ChangelogKit.git
Command line invocation:
/Applications/Xcode-27.0.0-Release.Candidate.app/Contents/Developer/usr/bin/xcodebuild -IDEClonedSourcePackagesDirPathOverride=/Users/admin/builder/spi-builder-workspace/.dependencies -resolvePackageDependencies
Resolve Package Graph
Resolve Package Graph
Resolved source packages:
ChangelogKit: /Users/admin/builder/spi-builder-workspace
resolved source packages: ChangelogKit
2026-09-25 02:24:09.258 xcodebuild[529:3015] [MT] IDERunDestination: Supported platforms for the buildables in the current scheme is empty.
{
"default_localization" : "en",
"dependencies" : [
],
"manifest_display_name" : "ChangelogKit",
"name" : "ChangelogKit",
"path" : "/Users/admin/builder/spi-builder-workspace",
"platforms" : [
{
"name" : "ios",
"version" : "17.0"
}
],
"products" : [
{
"name" : "ChangelogKit",
"targets" : [
"ChangelogKit"
],
"type" : {
"library" : [
"automatic"
]
}
}
],
"targets" : [
{
"c99name" : "ChangelogKitTests",
"module_type" : "SwiftTarget",
"name" : "ChangelogKitTests",
"path" : "Tests/ChangelogKitTests",
"sources" : [
"ChangelogKitTests.swift"
],
"target_dependencies" : [
"ChangelogKit"
],
"type" : "test"
},
{
"c99name" : "ChangelogKit",
"module_type" : "SwiftTarget",
"name" : "ChangelogKit",
"path" : "Sources/ChangelogKit",
"product_memberships" : [
"ChangelogKit"
],
"resources" : [
{
"path" : "/Users/admin/builder/spi-builder-workspace/Sources/ChangelogKit/Resources/Base.lproj/Localizable.strings",
"rule" : {
"process" : {
"localization" : "Base"
}
}
},
{
"path" : "/Users/admin/builder/spi-builder-workspace/Sources/ChangelogKit/Resources/de.lproj/Localizable.strings",
"rule" : {
"process" : {
"localization" : "de"
}
}
},
{
"path" : "/Users/admin/builder/spi-builder-workspace/Sources/ChangelogKit/Resources/en.lproj/Localizable.strings",
"rule" : {
"process" : {
"localization" : "en"
}
}
},
{
"path" : "/Users/admin/builder/spi-builder-workspace/Sources/ChangelogKit/Resources/it.lproj/Localizable.strings",
"rule" : {
"process" : {
"localization" : "it"
}
}
}
],
"sources" : [
"Changelog.swift",
"ChangelogView.swift",
"ChangelogsCollectionProvider.swift",
"Extensions/Bundle+ChangelogKit.swift",
"Extensions/UserDefaults+ChangelogKit.swift",
"Extensions/View+ChangelogKit.swift"
],
"type" : "library"
}
],
"tools_version" : "5.9"
}
{
"workspace" : {
"name" : "ChangelogKit",
"schemes" : [
"ChangelogKit"
]
}
}
2026-09-25 02:24:40.854 xcodebuild[626:3863] [MT] IDERunDestination: Supported platforms for the buildables in the current scheme is empty.
Running build ...
env DEVELOPER_DIR=/Applications/Xcode-27.0.0-Release.Candidate.app xcrun xcodebuild -IDEClonedSourcePackagesDirPathOverride=$PWD/.dependencies -skipMacroValidation -skipPackagePluginValidation -derivedDataPath $PWD/.derivedData build -scheme ChangelogKit -destination generic/platform=tvOS
Command line invocation:
/Applications/Xcode-27.0.0-Release.Candidate.app/Contents/Developer/usr/bin/xcodebuild -IDEClonedSourcePackagesDirPathOverride=/Users/admin/builder/spi-builder-workspace/.dependencies -skipMacroValidation -skipPackagePluginValidation -derivedDataPath /Users/admin/builder/spi-builder-workspace/.derivedData build -scheme ChangelogKit -destination generic/platform=tvOS
Resolve Package Graph
Resolved source packages:
ChangelogKit: /Users/admin/builder/spi-builder-workspace
ComputePackagePrebuildTargetDependencyGraph
Prepare packages
CreateBuildRequest
SendProjectDescription
CreateBuildOperation
ComputeTargetDependencyGraph
note: Building targets in dependency order
note: Target dependency graph (3 targets)
Target 'ChangelogKit-product' in project 'ChangelogKit'
➜ Explicit dependency on target 'ChangelogKit' in project 'ChangelogKit'
➜ Explicit dependency on target 'ChangelogKit_ChangelogKit' in project 'ChangelogKit'
Target 'ChangelogKit' in project 'ChangelogKit'
➜ Explicit dependency on target 'ChangelogKit_ChangelogKit' in project 'ChangelogKit'
Target 'ChangelogKit_ChangelogKit' in project 'ChangelogKit' (no dependencies)
GatherProvisioningInputs
CreateBuildDescription
ExecuteExternalTool /Applications/Xcode-27.0.0-Release.Candidate.app/Contents/Developer/Toolchains/XcodeDefault.xctoolchain/usr/bin/clang -v -E -dM -isysroot /Applications/Xcode-27.0.0-Release.Candidate.app/Contents/Developer/Platforms/AppleTVOS.platform/Developer/SDKs/AppleTVOS27.0.sdk -x c -c /dev/null
ExecuteExternalTool /Applications/Xcode-27.0.0-Release.Candidate.app/Contents/Developer/Toolchains/XcodeDefault.xctoolchain/usr/bin/swiftc --version
ExecuteExternalTool /Applications/Xcode-27.0.0-Release.Candidate.app/Contents/Developer/Toolchains/XcodeDefault.xctoolchain/usr/bin/ld -version_details
Build description signature: a08dd47c35c6da2e474dd8d453d9c660
Build description path: /Users/admin/builder/spi-builder-workspace/.derivedData/Build/Intermediates.noindex/XCBuildData/a08dd47c35c6da2e474dd8d453d9c660.xcbuilddata
CreateBuildDirectory /Users/admin/builder/spi-builder-workspace/.derivedData/SDKExplicitPrecompiledModules
cd /Users/admin/builder/spi-builder-workspace/.swiftpm/xcode
builtin-create-build-directory /Users/admin/builder/spi-builder-workspace/.derivedData/SDKExplicitPrecompiledModules
CreateBuildDirectory /Users/admin/builder/spi-builder-workspace/.derivedData/ModuleCache.noindex
cd /Users/admin/builder/spi-builder-workspace/.swiftpm/xcode
builtin-create-build-directory /Users/admin/builder/spi-builder-workspace/.derivedData/ModuleCache.noindex
CreateBuildDirectory /Users/admin/builder/spi-builder-workspace/.derivedData/CompilationCache.noindex
cd /Users/admin/builder/spi-builder-workspace/.swiftpm/xcode
builtin-create-build-directory /Users/admin/builder/spi-builder-workspace/.derivedData/CompilationCache.noindex
CreateBuildDirectory /Users/admin/builder/spi-builder-workspace/.derivedData/Build/Products
cd /Users/admin/builder/spi-builder-workspace/.swiftpm/xcode
builtin-create-build-directory /Users/admin/builder/spi-builder-workspace/.derivedData/Build/Products
CreateBuildDirectory /Users/admin/builder/spi-builder-workspace/.derivedData/Build/Intermediates.noindex
cd /Users/admin/builder/spi-builder-workspace/.swiftpm/xcode
builtin-create-build-directory /Users/admin/builder/spi-builder-workspace/.derivedData/Build/Intermediates.noindex
ClangStatCache /Applications/Xcode-27.0.0-Release.Candidate.app/Contents/Developer/Toolchains/XcodeDefault.xctoolchain/usr/bin/clang-stat-cache /Applications/Xcode-27.0.0-Release.Candidate.app/Contents/Developer/Platforms/AppleTVOS.platform/Developer/SDKs/AppleTVOS27.0.sdk /Users/admin/builder/spi-builder-workspace/.derivedData/SDKStatCaches.noindex/appletvos27.0-24J360-e829b21a6f8c9b70876ba0858053c044b32bfd8d43560033f8d89884cdb90028.sdkstatcache
cd /Users/admin/builder/spi-builder-workspace/.swiftpm/xcode
/Applications/Xcode-27.0.0-Release.Candidate.app/Contents/Developer/Toolchains/XcodeDefault.xctoolchain/usr/bin/clang-stat-cache /Applications/Xcode-27.0.0-Release.Candidate.app/Contents/Developer/Platforms/AppleTVOS.platform/Developer/SDKs/AppleTVOS27.0.sdk -o /Users/admin/builder/spi-builder-workspace/.derivedData/SDKStatCaches.noindex/appletvos27.0-24J360-e829b21a6f8c9b70876ba0858053c044b32bfd8d43560033f8d89884cdb90028.sdkstatcache
CreateBuildDirectory /Users/admin/builder/spi-builder-workspace/.derivedData/Build/Intermediates.noindex/ExplicitPrecompiledModules
cd /Users/admin/builder/spi-builder-workspace/.swiftpm/xcode
builtin-create-build-directory /Users/admin/builder/spi-builder-workspace/.derivedData/Build/Intermediates.noindex/ExplicitPrecompiledModules
CreateBuildDirectory /Users/admin/builder/spi-builder-workspace/.derivedData/Build/Intermediates.noindex/PrecompiledHeaders
cd /Users/admin/builder/spi-builder-workspace/.swiftpm/xcode
builtin-create-build-directory /Users/admin/builder/spi-builder-workspace/.derivedData/Build/Intermediates.noindex/PrecompiledHeaders
CreateBuildDirectory /Users/admin/builder/spi-builder-workspace/.derivedData/Build/Intermediates.noindex/SwiftExplicitPrecompiledModules
cd /Users/admin/builder/spi-builder-workspace/.swiftpm/xcode
builtin-create-build-directory /Users/admin/builder/spi-builder-workspace/.derivedData/Build/Intermediates.noindex/SwiftExplicitPrecompiledModules
CreateBuildDirectory /Users/admin/builder/spi-builder-workspace/.derivedData/Build/Intermediates.noindex/EagerLinkingTBDs/Debug-appletvos
cd /Users/admin/builder/spi-builder-workspace/.swiftpm/xcode
builtin-create-build-directory /Users/admin/builder/spi-builder-workspace/.derivedData/Build/Intermediates.noindex/EagerLinkingTBDs/Debug-appletvos
CreateBuildDirectory /Users/admin/builder/spi-builder-workspace/.derivedData/Build/Products/Debug-appletvos
cd /Users/admin/builder/spi-builder-workspace/.swiftpm/xcode
builtin-create-build-directory /Users/admin/builder/spi-builder-workspace/.derivedData/Build/Products/Debug-appletvos
CreateBuildDirectory /Users/admin/builder/spi-builder-workspace/.derivedData/Build/Products/Debug-appletvos/PackageFrameworks
cd /Users/admin/builder/spi-builder-workspace/.swiftpm/xcode
builtin-create-build-directory /Users/admin/builder/spi-builder-workspace/.derivedData/Build/Products/Debug-appletvos/PackageFrameworks
MkDir /Users/admin/builder/spi-builder-workspace/.derivedData/Build/Products/Debug-appletvos/ChangelogKit_ChangelogKit.bundle (in target 'ChangelogKit_ChangelogKit' from project 'ChangelogKit')
cd /Users/admin/builder/spi-builder-workspace
/bin/mkdir -p /Users/admin/builder/spi-builder-workspace/.derivedData/Build/Products/Debug-appletvos/ChangelogKit_ChangelogKit.bundle
WriteAuxiliaryFile /Users/admin/builder/spi-builder-workspace/.derivedData/Build/Intermediates.noindex/ChangelogKit.build/Debug-appletvos/ChangelogKit_ChangelogKit-b.build/ChangelogKit_ChangelogKit.DependencyMetadataFileList (in target 'ChangelogKit_ChangelogKit' from project 'ChangelogKit')
cd /Users/admin/builder/spi-builder-workspace
write-file /Users/admin/builder/spi-builder-workspace/.derivedData/Build/Intermediates.noindex/ChangelogKit.build/Debug-appletvos/ChangelogKit_ChangelogKit-b.build/ChangelogKit_ChangelogKit.DependencyMetadataFileList
WriteAuxiliaryFile /Users/admin/builder/spi-builder-workspace/.derivedData/Build/Intermediates.noindex/ChangelogKit.build/Debug-appletvos/ChangelogKit_ChangelogKit-b.build/empty-ChangelogKit_ChangelogKit.plist (in target 'ChangelogKit_ChangelogKit' from project 'ChangelogKit')
cd /Users/admin/builder/spi-builder-workspace
write-file /Users/admin/builder/spi-builder-workspace/.derivedData/Build/Intermediates.noindex/ChangelogKit.build/Debug-appletvos/ChangelogKit_ChangelogKit-b.build/empty-ChangelogKit_ChangelogKit.plist
WriteAuxiliaryFile /Users/admin/builder/spi-builder-workspace/.derivedData/Build/Intermediates.noindex/ChangelogKit.build/Debug-appletvos/ChangelogKit_ChangelogKit-b.build/ChangelogKit_ChangelogKit.DependencyStaticMetadataFileList (in target 'ChangelogKit_ChangelogKit' from project 'ChangelogKit')
cd /Users/admin/builder/spi-builder-workspace
write-file /Users/admin/builder/spi-builder-workspace/.derivedData/Build/Intermediates.noindex/ChangelogKit.build/Debug-appletvos/ChangelogKit_ChangelogKit-b.build/ChangelogKit_ChangelogKit.DependencyStaticMetadataFileList
WriteAuxiliaryFile /Users/admin/builder/spi-builder-workspace/.derivedData/Build/Intermediates.noindex/ChangelogKit.build/Debug-appletvos/ChangelogKit-t.build/Objects-normal/arm64/ChangelogKit.LinkFileList (in target 'ChangelogKit' from project 'ChangelogKit')
cd /Users/admin/builder/spi-builder-workspace
write-file /Users/admin/builder/spi-builder-workspace/.derivedData/Build/Intermediates.noindex/ChangelogKit.build/Debug-appletvos/ChangelogKit-t.build/Objects-normal/arm64/ChangelogKit.LinkFileList
WriteAuxiliaryFile /Users/admin/builder/spi-builder-workspace/.derivedData/Build/Intermediates.noindex/ChangelogKit.build/Debug-appletvos/ChangelogKit-t.build/Objects-normal/arm64/ChangelogKit.SwiftConstValuesFileList (in target 'ChangelogKit' from project 'ChangelogKit')
cd /Users/admin/builder/spi-builder-workspace
write-file /Users/admin/builder/spi-builder-workspace/.derivedData/Build/Intermediates.noindex/ChangelogKit.build/Debug-appletvos/ChangelogKit-t.build/Objects-normal/arm64/ChangelogKit.SwiftConstValuesFileList
WriteAuxiliaryFile /Users/admin/builder/spi-builder-workspace/.derivedData/Build/Intermediates.noindex/ChangelogKit.build/Debug-appletvos/ChangelogKit-t.build/Objects-normal/arm64/ChangelogKit.SwiftFileList (in target 'ChangelogKit' from project 'ChangelogKit')
cd /Users/admin/builder/spi-builder-workspace
write-file /Users/admin/builder/spi-builder-workspace/.derivedData/Build/Intermediates.noindex/ChangelogKit.build/Debug-appletvos/ChangelogKit-t.build/Objects-normal/arm64/ChangelogKit.SwiftFileList
WriteAuxiliaryFile /Users/admin/builder/spi-builder-workspace/.derivedData/Build/Intermediates.noindex/ChangelogKit.build/Debug-appletvos/ChangelogKit-t.build/Objects-normal/arm64/ChangelogKit_const_extract_protocols.json (in target 'ChangelogKit' from project 'ChangelogKit')
cd /Users/admin/builder/spi-builder-workspace
write-file /Users/admin/builder/spi-builder-workspace/.derivedData/Build/Intermediates.noindex/ChangelogKit.build/Debug-appletvos/ChangelogKit-t.build/Objects-normal/arm64/ChangelogKit_const_extract_protocols.json
WriteAuxiliaryFile /Users/admin/builder/spi-builder-workspace/.derivedData/Build/Intermediates.noindex/ChangelogKit.build/Debug-appletvos/ChangelogKit-t.build/Objects-normal/arm64/ChangelogKit-OutputFileMap.json (in target 'ChangelogKit' from project 'ChangelogKit')
cd /Users/admin/builder/spi-builder-workspace
write-file /Users/admin/builder/spi-builder-workspace/.derivedData/Build/Intermediates.noindex/ChangelogKit.build/Debug-appletvos/ChangelogKit-t.build/Objects-normal/arm64/ChangelogKit-OutputFileMap.json
WriteAuxiliaryFile /Users/admin/builder/spi-builder-workspace/.derivedData/Build/Intermediates.noindex/ChangelogKit.build/Debug-appletvos/ChangelogKit-t.build/DerivedSources/resource_bundle_accessor.swift (in target 'ChangelogKit' from project 'ChangelogKit')
cd /Users/admin/builder/spi-builder-workspace
write-file /Users/admin/builder/spi-builder-workspace/.derivedData/Build/Intermediates.noindex/ChangelogKit.build/Debug-appletvos/ChangelogKit-t.build/DerivedSources/resource_bundle_accessor.swift
WriteAuxiliaryFile /Users/admin/builder/spi-builder-workspace/.derivedData/Build/Intermediates.noindex/ChangelogKit.build/Debug-appletvos/ChangelogKit-t.build/ChangelogKit.DependencyStaticMetadataFileList (in target 'ChangelogKit' from project 'ChangelogKit')
cd /Users/admin/builder/spi-builder-workspace
write-file /Users/admin/builder/spi-builder-workspace/.derivedData/Build/Intermediates.noindex/ChangelogKit.build/Debug-appletvos/ChangelogKit-t.build/ChangelogKit.DependencyStaticMetadataFileList
WriteAuxiliaryFile /Users/admin/builder/spi-builder-workspace/.derivedData/Build/Intermediates.noindex/ChangelogKit.build/Debug-appletvos/ChangelogKit-t.build/ChangelogKit.DependencyMetadataFileList (in target 'ChangelogKit' from project 'ChangelogKit')
cd /Users/admin/builder/spi-builder-workspace
write-file /Users/admin/builder/spi-builder-workspace/.derivedData/Build/Intermediates.noindex/ChangelogKit.build/Debug-appletvos/ChangelogKit-t.build/ChangelogKit.DependencyMetadataFileList
WriteAuxiliaryFile /Users/admin/builder/spi-builder-workspace/.derivedData/Build/Intermediates.noindex/ChangelogKit.build/Debug-appletvos/ChangelogKit-t.build/ChangelogKit.modulemap (in target 'ChangelogKit' from project 'ChangelogKit')
cd /Users/admin/builder/spi-builder-workspace
write-file /Users/admin/builder/spi-builder-workspace/.derivedData/Build/Intermediates.noindex/ChangelogKit.build/Debug-appletvos/ChangelogKit-t.build/ChangelogKit.modulemap
Copy /Users/admin/builder/spi-builder-workspace/.derivedData/Build/Intermediates.noindex/GeneratedModuleMaps-appletvos/ChangelogKit.modulemap /Users/admin/builder/spi-builder-workspace/.derivedData/Build/Intermediates.noindex/ChangelogKit.build/Debug-appletvos/ChangelogKit-t.build/ChangelogKit.modulemap (in target 'ChangelogKit' from project 'ChangelogKit')
cd /Users/admin/builder/spi-builder-workspace
builtin-copy -exclude .DS_Store -exclude CVS -exclude .svn -exclude .git -exclude .hg -resolve-src-symlinks /Users/admin/builder/spi-builder-workspace/.derivedData/Build/Intermediates.noindex/ChangelogKit.build/Debug-appletvos/ChangelogKit-t.build/ChangelogKit.modulemap /Users/admin/builder/spi-builder-workspace/.derivedData/Build/Intermediates.noindex/GeneratedModuleMaps-appletvos
ProcessInfoPlistFile /Users/admin/builder/spi-builder-workspace/.derivedData/Build/Products/Debug-appletvos/ChangelogKit_ChangelogKit.bundle/Info.plist /Users/admin/builder/spi-builder-workspace/.derivedData/Build/Intermediates.noindex/ChangelogKit.build/Debug-appletvos/ChangelogKit_ChangelogKit-b.build/empty-ChangelogKit_ChangelogKit.plist (in target 'ChangelogKit_ChangelogKit' from project 'ChangelogKit')
cd /Users/admin/builder/spi-builder-workspace
builtin-infoPlistUtility /Users/admin/builder/spi-builder-workspace/.derivedData/Build/Intermediates.noindex/ChangelogKit.build/Debug-appletvos/ChangelogKit_ChangelogKit-b.build/empty-ChangelogKit_ChangelogKit.plist -producttype com.apple.product-type.bundle -expandbuildsettings -format binary -platform appletvos -o /Users/admin/builder/spi-builder-workspace/.derivedData/Build/Products/Debug-appletvos/ChangelogKit_ChangelogKit.bundle/Info.plist
CpResource /Users/admin/builder/spi-builder-workspace/.derivedData/Build/Products/Debug-appletvos/ChangelogKit_ChangelogKit.bundle/it.lproj/Localizable.strings /Users/admin/builder/spi-builder-workspace/Sources/ChangelogKit/Resources/it.lproj/Localizable.strings (in target 'ChangelogKit_ChangelogKit' from project 'ChangelogKit')
cd /Users/admin/builder/spi-builder-workspace
builtin-copy -exclude .DS_Store -exclude CVS -exclude .svn -exclude .git -exclude .hg -resolve-src-symlinks /Users/admin/builder/spi-builder-workspace/Sources/ChangelogKit/Resources/it.lproj/Localizable.strings /Users/admin/builder/spi-builder-workspace/.derivedData/Build/Products/Debug-appletvos/ChangelogKit_ChangelogKit.bundle/it.lproj
CpResource /Users/admin/builder/spi-builder-workspace/.derivedData/Build/Products/Debug-appletvos/ChangelogKit_ChangelogKit.bundle/de.lproj/Localizable.strings /Users/admin/builder/spi-builder-workspace/Sources/ChangelogKit/Resources/de.lproj/Localizable.strings (in target 'ChangelogKit_ChangelogKit' from project 'ChangelogKit')
cd /Users/admin/builder/spi-builder-workspace
builtin-copy -exclude .DS_Store -exclude CVS -exclude .svn -exclude .git -exclude .hg -resolve-src-symlinks /Users/admin/builder/spi-builder-workspace/Sources/ChangelogKit/Resources/de.lproj/Localizable.strings /Users/admin/builder/spi-builder-workspace/.derivedData/Build/Products/Debug-appletvos/ChangelogKit_ChangelogKit.bundle/de.lproj
CpResource /Users/admin/builder/spi-builder-workspace/.derivedData/Build/Products/Debug-appletvos/ChangelogKit_ChangelogKit.bundle/en.lproj/Localizable.strings /Users/admin/builder/spi-builder-workspace/Sources/ChangelogKit/Resources/en.lproj/Localizable.strings (in target 'ChangelogKit_ChangelogKit' from project 'ChangelogKit')
cd /Users/admin/builder/spi-builder-workspace
builtin-copy -exclude .DS_Store -exclude CVS -exclude .svn -exclude .git -exclude .hg -resolve-src-symlinks /Users/admin/builder/spi-builder-workspace/Sources/ChangelogKit/Resources/en.lproj/Localizable.strings /Users/admin/builder/spi-builder-workspace/.derivedData/Build/Products/Debug-appletvos/ChangelogKit_ChangelogKit.bundle/en.lproj
CpResource /Users/admin/builder/spi-builder-workspace/.derivedData/Build/Products/Debug-appletvos/ChangelogKit_ChangelogKit.bundle/Base.lproj/Localizable.strings /Users/admin/builder/spi-builder-workspace/Sources/ChangelogKit/Resources/Base.lproj/Localizable.strings (in target 'ChangelogKit_ChangelogKit' from project 'ChangelogKit')
cd /Users/admin/builder/spi-builder-workspace
builtin-copy -exclude .DS_Store -exclude CVS -exclude .svn -exclude .git -exclude .hg -resolve-src-symlinks /Users/admin/builder/spi-builder-workspace/Sources/ChangelogKit/Resources/Base.lproj/Localizable.strings /Users/admin/builder/spi-builder-workspace/.derivedData/Build/Products/Debug-appletvos/ChangelogKit_ChangelogKit.bundle/Base.lproj
RegisterExecutionPolicyException /Users/admin/builder/spi-builder-workspace/.derivedData/Build/Products/Debug-appletvos/ChangelogKit_ChangelogKit.bundle (in target 'ChangelogKit_ChangelogKit' from project 'ChangelogKit')
cd /Users/admin/builder/spi-builder-workspace
builtin-RegisterExecutionPolicyException /Users/admin/builder/spi-builder-workspace/.derivedData/Build/Products/Debug-appletvos/ChangelogKit_ChangelogKit.bundle
Touch /Users/admin/builder/spi-builder-workspace/.derivedData/Build/Products/Debug-appletvos/ChangelogKit_ChangelogKit.bundle (in target 'ChangelogKit_ChangelogKit' from project 'ChangelogKit')
cd /Users/admin/builder/spi-builder-workspace
/usr/bin/touch -c /Users/admin/builder/spi-builder-workspace/.derivedData/Build/Products/Debug-appletvos/ChangelogKit_ChangelogKit.bundle
SwiftDriver ChangelogKit normal arm64 com.apple.xcode.tools.swift.compiler (in target 'ChangelogKit' from project 'ChangelogKit')
cd /Users/admin/builder/spi-builder-workspace/.swiftpm/xcode
builtin-SwiftDriver -- /Applications/Xcode-27.0.0-Release.Candidate.app/Contents/Developer/Toolchains/XcodeDefault.xctoolchain/usr/bin/swiftc -parse-as-library -module-name ChangelogKit -Onone @/Users/admin/builder/spi-builder-workspace/.derivedData/Build/Intermediates.noindex/ChangelogKit.build/Debug-appletvos/ChangelogKit-t.build/Objects-normal/arm64/ChangelogKit.SwiftFileList -DSWIFT_PACKAGE -DDEBUG -DSWIFT_MODULE_RESOURCE_BUNDLE_AVAILABLE -DXcode -plugin-path /Applications/Xcode-27.0.0-Release.Candidate.app/Contents/Developer/Toolchains/XcodeDefault.xctoolchain/usr/lib/swift/host/plugins/testing -enable-experimental-feature DebugDescriptionMacro -sdk /Applications/Xcode-27.0.0-Release.Candidate.app/Contents/Developer/Platforms/AppleTVOS.platform/Developer/SDKs/AppleTVOS27.0.sdk -target arm64-apple-tvos17.0 -g -module-cache-path /Users/admin/builder/spi-builder-workspace/.derivedData/ModuleCache.noindex -Xfrontend -serialize-debugging-options -profile-coverage-mapping -profile-generate -enable-testing -index-store-path /Users/admin/builder/spi-builder-workspace/.derivedData/Index.noindex/DataStore -Xcc -D_LIBCPP_HARDENING_MODE\=_LIBCPP_HARDENING_MODE_DEBUG -swift-version 5 -I /Users/admin/builder/spi-builder-workspace/.derivedData/Build/Products/Debug-appletvos -Isystem /Applications/Xcode-27.0.0-Release.Candidate.app/Contents/Developer/Platforms/AppleTVOS.platform/Developer/usr/lib -F /Users/admin/builder/spi-builder-workspace/.derivedData/Build/Products/Debug-appletvos -F /Applications/Xcode-27.0.0-Release.Candidate.app/Contents/Developer/Platforms/AppleTVOS.platform/Developer/Library/Frameworks -F /Applications/Xcode-27.0.0-Release.Candidate.app/Contents/Developer/Platforms/AppleTVOS.platform/Developer/SDKs/AppleTVOS27.0.sdk/Developer/Library/Frameworks -emit-localized-strings -emit-localized-strings-path /Users/admin/builder/spi-builder-workspace/.derivedData/Build/Intermediates.noindex/ChangelogKit.build/Debug-appletvos/ChangelogKit-t.build/Objects-normal/arm64 -c -j10 -enable-batch-mode -incremental -Xcc -ivfsstatcache -Xcc /Users/admin/builder/spi-builder-workspace/.derivedData/SDKStatCaches.noindex/appletvos27.0-24J360-e829b21a6f8c9b70876ba0858053c044b32bfd8d43560033f8d89884cdb90028.sdkstatcache -output-file-map /Users/admin/builder/spi-builder-workspace/.derivedData/Build/Intermediates.noindex/ChangelogKit.build/Debug-appletvos/ChangelogKit-t.build/Objects-normal/arm64/ChangelogKit-OutputFileMap.json -save-temps -no-color-diagnostics -explicit-module-build -module-cache-path /Users/admin/builder/spi-builder-workspace/.derivedData/Build/Intermediates.noindex/SwiftExplicitPrecompiledModules -clang-scanner-module-cache-path /Users/admin/builder/spi-builder-workspace/.derivedData/ModuleCache.noindex -sdk-module-cache-path /Users/admin/builder/spi-builder-workspace/.derivedData/SDKExplicitPrecompiledModules -emit-dependencies -emit-module -emit-module-path /Users/admin/builder/spi-builder-workspace/.derivedData/Build/Intermediates.noindex/ChangelogKit.build/Debug-appletvos/ChangelogKit-t.build/Objects-normal/arm64/ChangelogKit.swiftmodule -serialize-diagnostics -dependency-scan-serialize-diagnostics-path /Users/admin/builder/spi-builder-workspace/.derivedData/Build/Intermediates.noindex/ChangelogKit.build/Debug-appletvos/ChangelogKit-t.build/Objects-normal/arm64/ChangelogKit-dependency-scan.dia -validate-clang-modules-once -clang-build-session-file /Users/admin/builder/spi-builder-workspace/.derivedData/ModuleCache.noindex/Session.modulevalidation -Xcc -fmodules-prune-interval\=86400 -Xcc -fmodules-prune-after\=345600 -package-name spi_builder_workspace -emit-const-values -const-gather-protocols-list /Users/admin/builder/spi-builder-workspace/.derivedData/Build/Intermediates.noindex/ChangelogKit.build/Debug-appletvos/ChangelogKit-t.build/Objects-normal/arm64/ChangelogKit_const_extract_protocols.json -Xcc -I/Users/admin/builder/spi-builder-workspace/.derivedData/Build/Products/Debug-appletvos/include -Xcc -I/Users/admin/builder/spi-builder-workspace/.derivedData/Build/Intermediates.noindex/ChangelogKit.build/Debug-appletvos/ChangelogKit-t.build/DerivedSources-normal/arm64 -Xcc -I/Users/admin/builder/spi-builder-workspace/.derivedData/Build/Intermediates.noindex/ChangelogKit.build/Debug-appletvos/ChangelogKit-t.build/DerivedSources/arm64 -Xcc -I/Users/admin/builder/spi-builder-workspace/.derivedData/Build/Intermediates.noindex/ChangelogKit.build/Debug-appletvos/ChangelogKit-t.build/DerivedSources -Xcc -DSWIFT_PACKAGE -Xcc -DDEBUG\=1 -emit-objc-header -emit-objc-header-path /Users/admin/builder/spi-builder-workspace/.derivedData/Build/Intermediates.noindex/ChangelogKit.build/Debug-appletvos/ChangelogKit-t.build/Objects-normal/arm64/ChangelogKit-Swift.h -working-directory /Users/admin/builder/spi-builder-workspace/.swiftpm/xcode -experimental-emit-module-separately -disable-cmo
SwiftExplicitDependencyGeneratePcm arm64 /Users/admin/builder/spi-builder-workspace/.derivedData/SDKExplicitPrecompiledModules/_SwiftConcurrencyShims-BY5PD8KF1L5KF6F4Q69HE3TJ4.pcm
SwiftExplicitDependencyGeneratePcm arm64 /Users/admin/builder/spi-builder-workspace/.derivedData/SDKExplicitPrecompiledModules/ptrauth-8X2KEPL7CTRPS40TUB9APHPK6.pcm
SwiftExplicitDependencyGeneratePcm arm64 /Users/admin/builder/spi-builder-workspace/.derivedData/SDKExplicitPrecompiledModules/_AvailabilityInternal-BV2EDDP0MI5QJDDPEEV4D9D3V.pcm
SwiftExplicitDependencyGeneratePcm arm64 /Users/admin/builder/spi-builder-workspace/.derivedData/SDKExplicitPrecompiledModules/DeveloperToolsSupport-B1X8RI63V48AJRTH2RK6JAARV.pcm
SwiftExplicitDependencyGeneratePcm arm64 /Users/admin/builder/spi-builder-workspace/.derivedData/SDKExplicitPrecompiledModules/_Builtin_stdarg-BO2OCAUYVAXDRVQWQ8ISKGNUQ.pcm
SwiftExplicitDependencyGeneratePcm arm64 /Users/admin/builder/spi-builder-workspace/.derivedData/SDKExplicitPrecompiledModules/_Builtin_stddef-9ZJZ6FDEZNKTZU8YLPMFT9RAQ.pcm
SwiftExplicitDependencyGeneratePcm arm64 /Users/admin/builder/spi-builder-workspace/.derivedData/SDKExplicitPrecompiledModules/ptrcheck-2AZ6B5IBYD3RRRTFWN2ONASY3.pcm
SwiftExplicitDependencyGeneratePcm arm64 /Users/admin/builder/spi-builder-workspace/.derivedData/SDKExplicitPrecompiledModules/SwiftShims-8N4EXJ4RUJTR8K9OO3CMOH1EP.pcm
SwiftExplicitDependencyGeneratePcm arm64 /Users/admin/builder/spi-builder-workspace/.derivedData/SDKExplicitPrecompiledModules/_Builtin_stdbool-AHRDH5EKLY6D04C5E42F3VCQI.pcm
SwiftExplicitDependencyGeneratePcm arm64 /Users/admin/builder/spi-builder-workspace/.derivedData/SDKExplicitPrecompiledModules/_Builtin_float-8ZJAYZ85YBOAOP52Y9H6IUNP3.pcm
SwiftExplicitDependencyGeneratePcm arm64 /Users/admin/builder/spi-builder-workspace/.derivedData/SDKExplicitPrecompiledModules/_DarwinFoundation1-JOTYMOA1YZCIJ2NON6FQ848O.pcm
SwiftExplicitDependencyGeneratePcm arm64 /Users/admin/builder/spi-builder-workspace/.derivedData/SDKExplicitPrecompiledModules/_DarwinFoundation2-AOGAN1O02NKXRJN5V73AV3V3M.pcm
SwiftExplicitDependencyGeneratePcm arm64 /Users/admin/builder/spi-builder-workspace/.derivedData/SDKExplicitPrecompiledModules/_Builtin_limits-7JU2HP127LIT1X9E2V3D8WZ1.pcm
SwiftExplicitDependencyGeneratePcm arm64 /Users/admin/builder/spi-builder-workspace/.derivedData/SDKExplicitPrecompiledModules/sys_types-8GCAV1YMG5UUGHUID3CA20TCH.pcm
SwiftExplicitDependencyGeneratePcm arm64 /Users/admin/builder/spi-builder-workspace/.derivedData/SDKExplicitPrecompiledModules/string_h-6EVHP7A717OUS5DMC78F79HWO.pcm
SwiftExplicitDependencyGeneratePcm arm64 /Users/admin/builder/spi-builder-workspace/.derivedData/SDKExplicitPrecompiledModules/_Builtin_tgmath-7ULT1EUHDHW4OZPSTT33H6QGE.pcm
SwiftExplicitDependencyGeneratePcm arm64 /Users/admin/builder/spi-builder-workspace/.derivedData/SDKExplicitPrecompiledModules/_Builtin_stdint-6NFTB6IBKS143IVPGT1EKB7HO.pcm
SwiftExplicitDependencyGeneratePcm arm64 /Users/admin/builder/spi-builder-workspace/.derivedData/SDKExplicitPrecompiledModules/_DarwinFoundation3-8SR3855WDFHQPR6G9GHOI2C07.pcm
SwiftExplicitDependencyGeneratePcm arm64 /Users/admin/builder/spi-builder-workspace/.derivedData/SDKExplicitPrecompiledModules/_Builtin_stdatomic-3YXHN678NGYM3NL9POJ2HVEIF.pcm
SwiftExplicitDependencyGeneratePcm arm64 /Users/admin/builder/spi-builder-workspace/.derivedData/SDKExplicitPrecompiledModules/_Builtin_intrinsics-437O2R2NID4WAQVENR63GR82C.pcm
SwiftExplicitDependencyGeneratePcm arm64 /Users/admin/builder/spi-builder-workspace/.derivedData/SDKExplicitPrecompiledModules/_Builtin_inttypes-6X1IQ3QK9KEVKXOK9Y79EW7J3.pcm
SwiftExplicitDependencyGeneratePcm arm64 /Users/admin/builder/spi-builder-workspace/.derivedData/SDKExplicitPrecompiledModules/Darwin-DBSQAVBBPC3D2OMU5ZI2RXMST.pcm
SwiftExplicitDependencyGeneratePcm arm64 /Users/admin/builder/spi-builder-workspace/.derivedData/SDKExplicitPrecompiledModules/simd-117QUXEUT3Z7UQCUYWV2UA228.pcm
SwiftExplicitDependencyGeneratePcm arm64 /Users/admin/builder/spi-builder-workspace/.derivedData/SDKExplicitPrecompiledModules/MachO-EH3F5PJCIZG05NO51CEFSZYPW.pcm
SwiftExplicitDependencyGeneratePcm arm64 /Users/admin/builder/spi-builder-workspace/.derivedData/SDKExplicitPrecompiledModules/ObjectiveC-5250FDCE56N8508OR6XUYDKZM.pcm
SwiftExplicitDependencyGeneratePcm arm64 /Users/admin/builder/spi-builder-workspace/.derivedData/SDKExplicitPrecompiledModules/os_object-E2DGZ0SX0TULQHULZRPO6OKNW.pcm
SwiftExplicitDependencyGeneratePcm arm64 /Users/admin/builder/spi-builder-workspace/.derivedData/SDKExplicitPrecompiledModules/os_workgroup-DBUFF7811DKMX7VPBOJPGGF1U.pcm
SwiftExplicitDependencyGeneratePcm arm64 /Users/admin/builder/spi-builder-workspace/.derivedData/SDKExplicitPrecompiledModules/Spatial-7U8NLEFXSB8BR7PJQGVMF5A4Q.pcm
SwiftExplicitDependencyGeneratePcm arm64 /Users/admin/builder/spi-builder-workspace/.derivedData/SDKExplicitPrecompiledModules/Dispatch-1QL58A0V50C39KVAIC6C38SHL.pcm
SwiftExplicitDependencyGeneratePcm arm64 /Users/admin/builder/spi-builder-workspace/.derivedData/SDKExplicitPrecompiledModules/XPC-6O2DJFT3QUJ7QKTD3SNUB6PCR.pcm
SwiftExplicitDependencyGeneratePcm arm64 /Users/admin/builder/spi-builder-workspace/.derivedData/SDKExplicitPrecompiledModules/CoreFoundation-7TPJ7ENDC4L1A1ESHYI9TXS0D.pcm
SwiftExplicitDependencyGeneratePcm arm64 /Users/admin/builder/spi-builder-workspace/.derivedData/SDKExplicitPrecompiledModules/os-3GJI8H0BNAEZPQPQ1V0VVY3FY.pcm
SwiftExplicitDependencyGeneratePcm arm64 /Users/admin/builder/spi-builder-workspace/.derivedData/SDKExplicitPrecompiledModules/CFNetwork-2CUR2VK9S3S3WPFXPNXNUWYGN.pcm
SwiftExplicitDependencyGeneratePcm arm64 /Users/admin/builder/spi-builder-workspace/.derivedData/SDKExplicitPrecompiledModules/CoreGraphics-CWSP3J98S2658BYCVL6RP99T3.pcm
SwiftExplicitDependencyGeneratePcm arm64 /Users/admin/builder/spi-builder-workspace/.derivedData/SDKExplicitPrecompiledModules/CoreAudioTypes-E7EH96HAL3G83QSWLT7VWYIP4.pcm
SwiftExplicitDependencyGeneratePcm arm64 /Users/admin/builder/spi-builder-workspace/.derivedData/SDKExplicitPrecompiledModules/Security-8VMXEKVDA3MHUH9AOTP905DID.pcm
SwiftExplicitDependencyGeneratePcm arm64 /Users/admin/builder/spi-builder-workspace/.derivedData/SDKExplicitPrecompiledModules/CoreAudio-6IR1XRM0Q9YQZMFW89F3H4V3X.pcm
SwiftExplicitDependencyGeneratePcm arm64 /Users/admin/builder/spi-builder-workspace/.derivedData/SDKExplicitPrecompiledModules/Foundation-BSSIP64DIGUKMAYJOG1WPQ78X.pcm
SwiftExplicitDependencyGeneratePcm arm64 /Users/admin/builder/spi-builder-workspace/.derivedData/SDKExplicitPrecompiledModules/CoreText-59NY7PABM0I4V978161FOC04A.pcm
SwiftExplicitDependencyGeneratePcm arm64 /Users/admin/builder/spi-builder-workspace/.derivedData/SDKExplicitPrecompiledModules/ImageIO-88D4CLEBD4CLWQKT78PZ6H1O8.pcm
SwiftExplicitDependencyGeneratePcm arm64 /Users/admin/builder/spi-builder-workspace/.derivedData/SDKExplicitPrecompiledModules/UIUtilities-6ZFJ1AK4H8IBGEBMYQBWGBYLK.pcm
SwiftExplicitDependencyGeneratePcm arm64 /Users/admin/builder/spi-builder-workspace/.derivedData/SDKExplicitPrecompiledModules/Accessibility-B6BODGZ4MQQTY0PBC4SHRP009.pcm
SwiftExplicitDependencyGeneratePcm arm64 /Users/admin/builder/spi-builder-workspace/.derivedData/SDKExplicitPrecompiledModules/DataDetection-37JIYZ2GWDA1L166PP1D9JKAF.pcm
SwiftExplicitDependencyGeneratePcm arm64 /Users/admin/builder/spi-builder-workspace/.derivedData/SDKExplicitPrecompiledModules/UserNotifications-E9ZW5TH066WIJWH9080RC5NG4.pcm
SwiftExplicitDependencyGeneratePcm arm64 /Users/admin/builder/spi-builder-workspace/.derivedData/SDKExplicitPrecompiledModules/_LocationEssentials-ETSJ65FELPWR8WH8G49R1DF2E.pcm
SwiftExplicitDependencyGeneratePcm arm64 /Users/admin/builder/spi-builder-workspace/.derivedData/SDKExplicitPrecompiledModules/UniformTypeIdentifiers-95CC8U42ZA9STP5K6GP9ZVJS5.pcm
SwiftExplicitDependencyGeneratePcm arm64 /Users/admin/builder/spi-builder-workspace/.derivedData/SDKExplicitPrecompiledModules/OSLog-7OT6HHTMY0ZFEQJ095LJZ6NLC.pcm
SwiftExplicitDependencyGeneratePcm arm64 /Users/admin/builder/spi-builder-workspace/.derivedData/SDKExplicitPrecompiledModules/IOSurface-38FJ1CKX9FV2RD97O64Z7QB17.pcm
SwiftExplicitDependencyGeneratePcm arm64 /Users/admin/builder/spi-builder-workspace/.derivedData/SDKExplicitPrecompiledModules/Symbols-B5AU9VM9Y7NU79RLMH13Z4IFM.pcm
SwiftExplicitDependencyGeneratePcm arm64 /Users/admin/builder/spi-builder-workspace/.derivedData/SDKExplicitPrecompiledModules/CoreTransferable-7V4O8DATEQ9F7SDNTCW8YWLG3.pcm
SwiftExplicitDependencyGeneratePcm arm64 /Users/admin/builder/spi-builder-workspace/.derivedData/SDKExplicitPrecompiledModules/CoreData-DYMPHH3PH8AX9I1FHA4VFJ675.pcm
SwiftExplicitDependencyGeneratePcm arm64 /Users/admin/builder/spi-builder-workspace/.derivedData/SDKExplicitPrecompiledModules/CoreLocation-YVXXAOMVX0JH2KO1XTTKTY51.pcm
SwiftExplicitDependencyGeneratePcm arm64 /Users/admin/builder/spi-builder-workspace/.derivedData/SDKExplicitPrecompiledModules/OpenGLES-4NY99CNDU9WUNUYEIXSS1QFGE.pcm
SwiftExplicitDependencyGeneratePcm arm64 /Users/admin/builder/spi-builder-workspace/.derivedData/SDKExplicitPrecompiledModules/Metal-2KYBS7IML1SD788M91YV7Q0CC.pcm
SwiftExplicitDependencyGeneratePcm arm64 /Users/admin/builder/spi-builder-workspace/.derivedData/SDKExplicitPrecompiledModules/CoreVideo-DPU0PB5X0XLSVA2ETRGI6FJBM.pcm
SwiftExplicitDependencyGeneratePcm arm64 /Users/admin/builder/spi-builder-workspace/.derivedData/SDKExplicitPrecompiledModules/CoreImage-7S2AFJ8EIY3DUFYLEAX1JR1QV.pcm
SwiftExplicitDependencyGeneratePcm arm64 /Users/admin/builder/spi-builder-workspace/.derivedData/SDKExplicitPrecompiledModules/CoreMedia-4OUKVT03LV547KZJDPPJRJ4F8.pcm
SwiftExplicitDependencyGeneratePcm arm64 /Users/admin/builder/spi-builder-workspace/.derivedData/SDKExplicitPrecompiledModules/QuartzCore-DJSYAWKXFGVSAK5CQMOB3JSR.pcm
SwiftExplicitDependencyGeneratePcm arm64 /Users/admin/builder/spi-builder-workspace/.derivedData/SDKExplicitPrecompiledModules/SwiftUICore-543QU5V2NHKUFCYFJDKUJ7NYG.pcm
SwiftExplicitDependencyGeneratePcm arm64 /Users/admin/builder/spi-builder-workspace/.derivedData/SDKExplicitPrecompiledModules/UIKit-1TKWN7VC2X6N3ITMRVA2G0EB2.pcm
SwiftExplicitDependencyGeneratePcm arm64 /Users/admin/builder/spi-builder-workspace/.derivedData/SDKExplicitPrecompiledModules/SwiftUI-7BV1YDT6IZWW6B8OC6ENV0Y0F.pcm
SwiftEmitModule normal arm64 Emitting\ module\ for\ ChangelogKit (in target 'ChangelogKit' from project 'ChangelogKit')
/Users/admin/builder/spi-builder-workspace/Sources/ChangelogKit/ChangelogView.swift:434:47: warning: 'Title' is deprecated: Style.Title has no effect. The view title is now rendered as a navigationTitle by the system. [#DeprecatedDeclaration]
432 | public init(
433 | view: View = View(),
434 | title: Title = Title(),
| `- warning: 'Title' is deprecated: Style.Title has no effect. The view title is now rendered as a navigationTitle by the system. [#DeprecatedDeclaration]
435 | features: Features = Features(),
436 | primaryAction: PrimaryAction = PrimaryAction(),
/Users/admin/builder/spi-builder-workspace/Sources/ChangelogKit/ChangelogView.swift:622:57: error: 'secondarySystemBackground' is unavailable in tvOS
620 | /// - shadowOffset: Shadow offset. Defaults to `.zero`.
621 | public init(
622 | backgroundColor: Color = Color(UIColor.secondarySystemBackground),
| `- error: 'secondarySystemBackground' is unavailable in tvOS
623 | cornerRadius: CGFloat = 16,
624 | shadowColor: Color = .clear,
/Applications/Xcode-27.0.0-Release.Candidate.app/Contents/Developer/Platforms/AppleTVOS.platform/Developer/SDKs/AppleTVOS27.0.sdk/System/Library/Frameworks/UIKit.framework/Headers/UIInterface.h:209:49: note: 'secondarySystemBackground' has been explicitly marked unavailable here
207 | */
208 | @property (class, nonatomic, readonly) UIColor *systemBackgroundColor API_AVAILABLE(ios(13.0)) API_UNAVAILABLE(tvos, watchos);
209 | @property (class, nonatomic, readonly) UIColor *secondarySystemBackgroundColor API_AVAILABLE(ios(13.0)) API_UNAVAILABLE(tvos, watchos);
| `- note: 'secondarySystemBackground' has been explicitly marked unavailable here
210 | @property (class, nonatomic, readonly) UIColor *tertiarySystemBackgroundColor API_AVAILABLE(ios(13.0)) API_UNAVAILABLE(tvos, watchos);
211 |
/Users/admin/builder/spi-builder-workspace/Sources/ChangelogKit/ChangelogView.swift:670:65: error: 'tertiarySystemBackground' is unavailable in tvOS
668 | containerShape: ContainerShape = .roundedSquare(radius: 10),
669 | containerSize: CGFloat = 44,
670 | containerColor: Color = Color(UIColor.tertiarySystemBackground))
| `- error: 'tertiarySystemBackground' is unavailable in tvOS
671 | {
672 | self.size = size
/Applications/Xcode-27.0.0-Release.Candidate.app/Contents/Developer/Platforms/AppleTVOS.platform/Developer/SDKs/AppleTVOS27.0.sdk/System/Library/Frameworks/UIKit.framework/Headers/UIInterface.h:210:49: note: 'tertiarySystemBackground' has been explicitly marked unavailable here
208 | @property (class, nonatomic, readonly) UIColor *systemBackgroundColor API_AVAILABLE(ios(13.0)) API_UNAVAILABLE(tvos, watchos);
209 | @property (class, nonatomic, readonly) UIColor *secondarySystemBackgroundColor API_AVAILABLE(ios(13.0)) API_UNAVAILABLE(tvos, watchos);
210 | @property (class, nonatomic, readonly) UIColor *tertiarySystemBackgroundColor API_AVAILABLE(ios(13.0)) API_UNAVAILABLE(tvos, watchos);
| `- note: 'tertiarySystemBackground' has been explicitly marked unavailable here
211 |
212 | /* 2. systemGroupedBackground
/Users/admin/builder/spi-builder-workspace/Sources/ChangelogKit/ChangelogView.swift:434:20: warning: 'Title' is deprecated: Style.Title has no effect. The view title is now rendered as a navigationTitle by the system. [#DeprecatedDeclaration]
432 | public init(
433 | view: View = View(),
434 | title: Title = Title(),
| `- warning: 'Title' is deprecated: Style.Title has no effect. The view title is now rendered as a navigationTitle by the system. [#DeprecatedDeclaration]
435 | features: Features = Features(),
436 | primaryAction: PrimaryAction = PrimaryAction(),
[#DeprecatedDeclaration]: <https://docs.swift.org/compiler/documentation/diagnostics/deprecated-declaration>
Failed frontend command:
SwiftCompile normal arm64 (in target 'ChangelogKit' from project 'ChangelogKit')
cd /Users/admin/builder/spi-builder-workspace/.swiftpm/xcode
/Applications/Xcode-27.0.0-Release.Candidate.app/Contents/Developer/Toolchains/XcodeDefault.xctoolchain/usr/bin/swift-frontend -frontend -emit-module -experimental-skip-non-inlinable-function-bodies-without-types /Users/admin/builder/spi-builder-workspace/.derivedData/Build/Intermediates.noindex/ChangelogKit.build/Debug-appletvos/ChangelogKit-t.build/DerivedSources/resource_bundle_accessor.swift /Users/admin/builder/spi-builder-workspace/Sources/ChangelogKit/Changelog.swift /Users/admin/builder/spi-builder-workspace/Sources/ChangelogKit/ChangelogView.swift /Users/admin/builder/spi-builder-workspace/Sources/ChangelogKit/ChangelogsCollectionProvider.swift /Users/admin/builder/spi-builder-workspace/Sources/ChangelogKit/Extensions/Bundle+ChangelogKit.swift /Users/admin/builder/spi-builder-workspace/Sources/ChangelogKit/Extensions/UserDefaults+ChangelogKit.swift /Users/admin/builder/spi-builder-workspace/Sources/ChangelogKit/Extensions/View+ChangelogKit.swift -target arm64-apple-tvos17.0 -disable-cross-import-overlay-search -load-resolved-plugin /Applications/Xcode-27.0.0-Release.Candidate.app/Contents/Developer/Platforms/AppleTVOS.platform/Developer/usr/lib/swift/host/plugins/libFoundationMacros.dylib\#/Applications/Xcode-27.0.0-Release.Candidate.app/Contents/Developer/Platforms/AppleTVOS.platform/Developer/usr/bin/swift-plugin-server\#FoundationMacros -load-resolved-plugin /Applications/Xcode-27.0.0-Release.Candidate.app/Contents/Developer/Platforms/AppleTVOS.platform/Developer/usr/lib/swift/host/plugins/libObservationMacros.dylib\#/Applications/Xcode-27.0.0-Release.Candidate.app/Contents/Developer/Platforms/AppleTVOS.platform/Developer/usr/bin/swift-plugin-server\#ObservationMacros -load-resolved-plugin /Applications/Xcode-27.0.0-Release.Candidate.app/Contents/Developer/Platforms/AppleTVOS.platform/Developer/usr/lib/swift/host/plugins/libPreviewsMacros.dylib\#/Applications/Xcode-27.0.0-Release.Candidate.app/Contents/Developer/Platforms/AppleTVOS.platform/Developer/usr/bin/swift-plugin-server\#PreviewsMacros -load-resolved-plugin /Applications/Xcode-27.0.0-Release.Candidate.app/Contents/Developer/Platforms/AppleTVOS.platform/Developer/usr/lib/swift/host/plugins/libSwiftMacros.dylib\#/Applications/Xcode-27.0.0-Release.Candidate.app/Contents/Developer/Platforms/AppleTVOS.platform/Developer/usr/bin/swift-plugin-server\#SwiftMacros -load-resolved-plugin /Applications/Xcode-27.0.0-Release.Candidate.app/Contents/Developer/Platforms/AppleTVOS.platform/Developer/usr/lib/swift/host/plugins/libSwiftUIMacros.dylib\#/Applications/Xcode-27.0.0-Release.Candidate.app/Contents/Developer/Platforms/AppleTVOS.platform/Developer/usr/bin/swift-plugin-server\#SwiftUIMacros -disable-implicit-swift-modules -Xcc -fno-implicit-modules -Xcc -fno-implicit-module-maps -explicit-swift-module-map-file /Users/admin/builder/spi-builder-workspace/.derivedData/Build/Intermediates.noindex/ChangelogKit.build/Debug-appletvos/ChangelogKit-t.build/Objects-normal/arm64/ChangelogKit-dependencies-1.json -Xllvm -aarch64-use-tbi -enable-objc-interop -stack-check -sdk /Applications/Xcode-27.0.0-Release.Candidate.app/Contents/Developer/Platforms/AppleTVOS.platform/Developer/SDKs/AppleTVOS27.0.sdk -I /Users/admin/builder/spi-builder-workspace/.derivedData/Build/Products/Debug-appletvos -Isystem /Applications/Xcode-27.0.0-Release.Candidate.app/Contents/Developer/Platforms/AppleTVOS.platform/Developer/usr/lib -F /Users/admin/builder/spi-builder-workspace/.derivedData/Build/Products/Debug-appletvos -F /Applications/Xcode-27.0.0-Release.Candidate.app/Contents/Developer/Platforms/AppleTVOS.platform/Developer/Library/Frameworks -F /Applications/Xcode-27.0.0-Release.Candidate.app/Contents/Developer/Platforms/AppleTVOS.platform/Developer/SDKs/AppleTVOS27.0.sdk/Developer/Library/Frameworks -module-cache-path /Users/admin/builder/spi-builder-workspace/.derivedData/Build/Intermediates.noindex/SwiftExplicitPrecompiledModules -no-color-diagnostics -Xcc -fno-color-diagnostics -enable-testing -g -debug-info-format\=dwarf -dwarf-version\=4 -profile-generate -profile-coverage-mapping -swift-version 5 -Onone -D SWIFT_PACKAGE -D DEBUG -D SWIFT_MODULE_RESOURCE_BUNDLE_AVAILABLE -D Xcode -serialize-debugging-options -enable-experimental-feature DebugDescriptionMacro -empty-abi-descriptor -validate-clang-modules-once -clang-build-session-file /Users/admin/builder/spi-builder-workspace/.derivedData/ModuleCache.noindex/Session.modulevalidation -Xcc -working-directory -Xcc /Users/admin/builder/spi-builder-workspace/.swiftpm/xcode -enable-anonymous-context-mangled-names -file-compilation-dir /Users/admin/builder/spi-builder-workspace/.swiftpm/xcode -Xcc -D_LIBCPP_HARDENING_MODE\=_LIBCPP_HARDENING_MODE_DEBUG -Xcc -ivfsstatcache -Xcc /Users/admin/builder/spi-builder-workspace/.derivedData/SDKStatCaches.noindex/appletvos27.0-24J360-e829b21a6f8c9b70876ba0858053c044b32bfd8d43560033f8d89884cdb90028.sdkstatcache -Xcc -fmodules-prune-interval\=86400 -Xcc -fmodules-prune-after\=345600 -Xcc -I/Users/admin/builder/spi-builder-workspace/.derivedData/Build/Products/Debug-appletvos/include -Xcc -I/Users/admin/builder/spi-builder-workspace/.derivedData/Build/Intermediates.noindex/ChangelogKit.build/Debug-appletvos/ChangelogKit-t.build/DerivedSources-normal/arm64 -Xcc -I/Users/admin/builder/spi-builder-workspace/.derivedData/Build/Intermediates.noindex/ChangelogKit.build/Debug-appletvos/ChangelogKit-t.build/DerivedSources/arm64 -Xcc -I/Users/admin/builder/spi-builder-workspace/.derivedData/Build/Intermediates.noindex/ChangelogKit.build/Debug-appletvos/ChangelogKit-t.build/DerivedSources -Xcc -DSWIFT_PACKAGE -Xcc -DDEBUG\=1 -no-auto-bridging-header-chaining -module-name ChangelogKit -package-name spi_builder_workspace -const-gather-protocols-file /Users/admin/builder/spi-builder-workspace/.derivedData/Build/Intermediates.noindex/ChangelogKit.build/Debug-appletvos/ChangelogKit-t.build/Objects-normal/arm64/ChangelogKit_const_extract_protocols.json -disable-clang-spi -clang-target arm64-apple-tvos27.0 -target-sdk-version 27.0 -target-sdk-name appletvos27.0 -in-process-plugin-server-path /Applications/Xcode-27.0.0-Release.Candidate.app/Contents/Developer/Toolchains/XcodeDefault.xctoolchain/usr/lib/swift/host/libSwiftInProcPluginServer.dylib -emit-module-doc-path /Users/admin/builder/spi-builder-workspace/.derivedData/Build/Intermediates.noindex/ChangelogKit.build/Debug-appletvos/ChangelogKit-t.build/Objects-normal/arm64/ChangelogKit.swiftdoc -emit-module-source-info-path /Users/admin/builder/spi-builder-workspace/.derivedData/Build/Intermediates.noindex/ChangelogKit.build/Debug-appletvos/ChangelogKit-t.build/Objects-normal/arm64/ChangelogKit.swiftsourceinfo -emit-objc-header-path /Users/admin/builder/spi-builder-workspace/.derivedData/Build/Intermediates.noindex/ChangelogKit.build/Debug-appletvos/ChangelogKit-t.build/Objects-normal/arm64/ChangelogKit-Swift.h -serialize-diagnostics-path /Users/admin/builder/spi-builder-workspace/.derivedData/Build/Intermediates.noindex/ChangelogKit.build/Debug-appletvos/ChangelogKit-t.build/Objects-normal/arm64/ChangelogKit-primary-emit-module.dia -emit-dependencies-path /Users/admin/builder/spi-builder-workspace/.derivedData/Build/Intermediates.noindex/ChangelogKit.build/Debug-appletvos/ChangelogKit-t.build/Objects-normal/arm64/ChangelogKit-primary-emit-module.d -parse-as-library -o /Users/admin/builder/spi-builder-workspace/.derivedData/Build/Intermediates.noindex/ChangelogKit.build/Debug-appletvos/ChangelogKit-t.build/Objects-normal/arm64/ChangelogKit.swiftmodule -emit-abi-descriptor-path /Users/admin/builder/spi-builder-workspace/.derivedData/Build/Intermediates.noindex/ChangelogKit.build/Debug-appletvos/ChangelogKit-t.build/Objects-normal/arm64/ChangelogKit.abi.json
SwiftCompile normal arm64 Compiling\ UserDefaults+ChangelogKit.swift /Users/admin/builder/spi-builder-workspace/Sources/ChangelogKit/Extensions/UserDefaults+ChangelogKit.swift (in target 'ChangelogKit' from project 'ChangelogKit')
SwiftCompile normal arm64 /Users/admin/builder/spi-builder-workspace/Sources/ChangelogKit/Extensions/UserDefaults+ChangelogKit.swift (in target 'ChangelogKit' from project 'ChangelogKit')
cd /Users/admin/builder/spi-builder-workspace/.swiftpm/xcode
builtin-SwiftPerFileCompile UserDefaults+ChangelogKit.swift
SwiftCompile normal arm64 Compiling\ ChangelogsCollectionProvider.swift /Users/admin/builder/spi-builder-workspace/Sources/ChangelogKit/ChangelogsCollectionProvider.swift (in target 'ChangelogKit' from project 'ChangelogKit')
SwiftCompile normal arm64 /Users/admin/builder/spi-builder-workspace/Sources/ChangelogKit/ChangelogsCollectionProvider.swift (in target 'ChangelogKit' from project 'ChangelogKit')
cd /Users/admin/builder/spi-builder-workspace/.swiftpm/xcode
builtin-SwiftPerFileCompile ChangelogsCollectionProvider.swift
SwiftCompile normal arm64 Compiling\ ChangelogView.swift /Users/admin/builder/spi-builder-workspace/Sources/ChangelogKit/ChangelogView.swift (in target 'ChangelogKit' from project 'ChangelogKit')
SwiftCompile normal arm64 /Users/admin/builder/spi-builder-workspace/Sources/ChangelogKit/ChangelogView.swift (in target 'ChangelogKit' from project 'ChangelogKit')
cd /Users/admin/builder/spi-builder-workspace/.swiftpm/xcode
builtin-SwiftPerFileCompile ChangelogView.swift
/Users/admin/builder/spi-builder-workspace/Sources/ChangelogKit/ChangelogView.swift:434:47: warning: 'Title' is deprecated: Style.Title has no effect. The view title is now rendered as a navigationTitle by the system. [#DeprecatedDeclaration]
432 | public init(
433 | view: View = View(),
434 | title: Title = Title(),
| `- warning: 'Title' is deprecated: Style.Title has no effect. The view title is now rendered as a navigationTitle by the system. [#DeprecatedDeclaration]
435 | features: Features = Features(),
436 | primaryAction: PrimaryAction = PrimaryAction(),
/Users/admin/builder/spi-builder-workspace/Sources/ChangelogKit/ChangelogView.swift:622:57: error: 'secondarySystemBackground' is unavailable in tvOS
620 | /// - shadowOffset: Shadow offset. Defaults to `.zero`.
621 | public init(
622 | backgroundColor: Color = Color(UIColor.secondarySystemBackground),
| `- error: 'secondarySystemBackground' is unavailable in tvOS
623 | cornerRadius: CGFloat = 16,
624 | shadowColor: Color = .clear,
/Applications/Xcode-27.0.0-Release.Candidate.app/Contents/Developer/Platforms/AppleTVOS.platform/Developer/SDKs/AppleTVOS27.0.sdk/System/Library/Frameworks/UIKit.framework/Headers/UIInterface.h:209:49: note: 'secondarySystemBackground' has been explicitly marked unavailable here
207 | */
208 | @property (class, nonatomic, readonly) UIColor *systemBackgroundColor API_AVAILABLE(ios(13.0)) API_UNAVAILABLE(tvos, watchos);
209 | @property (class, nonatomic, readonly) UIColor *secondarySystemBackgroundColor API_AVAILABLE(ios(13.0)) API_UNAVAILABLE(tvos, watchos);
| `- note: 'secondarySystemBackground' has been explicitly marked unavailable here
210 | @property (class, nonatomic, readonly) UIColor *tertiarySystemBackgroundColor API_AVAILABLE(ios(13.0)) API_UNAVAILABLE(tvos, watchos);
211 |
/Users/admin/builder/spi-builder-workspace/Sources/ChangelogKit/ChangelogView.swift:670:65: error: 'tertiarySystemBackground' is unavailable in tvOS
668 | containerShape: ContainerShape = .roundedSquare(radius: 10),
669 | containerSize: CGFloat = 44,
670 | containerColor: Color = Color(UIColor.tertiarySystemBackground))
| `- error: 'tertiarySystemBackground' is unavailable in tvOS
671 | {
672 | self.size = size
/Applications/Xcode-27.0.0-Release.Candidate.app/Contents/Developer/Platforms/AppleTVOS.platform/Developer/SDKs/AppleTVOS27.0.sdk/System/Library/Frameworks/UIKit.framework/Headers/UIInterface.h:210:49: note: 'tertiarySystemBackground' has been explicitly marked unavailable here
208 | @property (class, nonatomic, readonly) UIColor *systemBackgroundColor API_AVAILABLE(ios(13.0)) API_UNAVAILABLE(tvos, watchos);
209 | @property (class, nonatomic, readonly) UIColor *secondarySystemBackgroundColor API_AVAILABLE(ios(13.0)) API_UNAVAILABLE(tvos, watchos);
210 | @property (class, nonatomic, readonly) UIColor *tertiarySystemBackgroundColor API_AVAILABLE(ios(13.0)) API_UNAVAILABLE(tvos, watchos);
| `- note: 'tertiarySystemBackground' has been explicitly marked unavailable here
211 |
212 | /* 2. systemGroupedBackground
SwiftCompile normal arm64 Compiling\ resource_bundle_accessor.swift /Users/admin/builder/spi-builder-workspace/.derivedData/Build/Intermediates.noindex/ChangelogKit.build/Debug-appletvos/ChangelogKit-t.build/DerivedSources/resource_bundle_accessor.swift (in target 'ChangelogKit' from project 'ChangelogKit')
SwiftCompile normal arm64 /Users/admin/builder/spi-builder-workspace/.derivedData/Build/Intermediates.noindex/ChangelogKit.build/Debug-appletvos/ChangelogKit-t.build/DerivedSources/resource_bundle_accessor.swift (in target 'ChangelogKit' from project 'ChangelogKit')
cd /Users/admin/builder/spi-builder-workspace/.swiftpm/xcode
builtin-SwiftPerFileCompile resource_bundle_accessor.swift
SwiftCompile normal arm64 Compiling\ View+ChangelogKit.swift /Users/admin/builder/spi-builder-workspace/Sources/ChangelogKit/Extensions/View+ChangelogKit.swift (in target 'ChangelogKit' from project 'ChangelogKit')
/Users/admin/builder/spi-builder-workspace/Sources/ChangelogKit/ChangelogView.swift:434:47: warning: 'Title' is deprecated: Style.Title has no effect. The view title is now rendered as a navigationTitle by the system. [#DeprecatedDeclaration]
432 | public init(
433 | view: View = View(),
434 | title: Title = Title(),
| `- warning: 'Title' is deprecated: Style.Title has no effect. The view title is now rendered as a navigationTitle by the system. [#DeprecatedDeclaration]
435 | features: Features = Features(),
436 | primaryAction: PrimaryAction = PrimaryAction(),
/Users/admin/builder/spi-builder-workspace/Sources/ChangelogKit/ChangelogView.swift:622:57: error: 'secondarySystemBackground' is unavailable in tvOS
620 | /// - shadowOffset: Shadow offset. Defaults to `.zero`.
621 | public init(
622 | backgroundColor: Color = Color(UIColor.secondarySystemBackground),
| `- error: 'secondarySystemBackground' is unavailable in tvOS
623 | cornerRadius: CGFloat = 16,
624 | shadowColor: Color = .clear,
/Applications/Xcode-27.0.0-Release.Candidate.app/Contents/Developer/Platforms/AppleTVOS.platform/Developer/SDKs/AppleTVOS27.0.sdk/System/Library/Frameworks/UIKit.framework/Headers/UIInterface.h:209:49: note: 'secondarySystemBackground' has been explicitly marked unavailable here
207 | */
208 | @property (class, nonatomic, readonly) UIColor *systemBackgroundColor API_AVAILABLE(ios(13.0)) API_UNAVAILABLE(tvos, watchos);
209 | @property (class, nonatomic, readonly) UIColor *secondarySystemBackgroundColor API_AVAILABLE(ios(13.0)) API_UNAVAILABLE(tvos, watchos);
| `- note: 'secondarySystemBackground' has been explicitly marked unavailable here
210 | @property (class, nonatomic, readonly) UIColor *tertiarySystemBackgroundColor API_AVAILABLE(ios(13.0)) API_UNAVAILABLE(tvos, watchos);
211 |
SwiftCompile normal arm64 /Users/admin/builder/spi-builder-workspace/Sources/ChangelogKit/Extensions/View+ChangelogKit.swift (in target 'ChangelogKit' from project 'ChangelogKit')
cd /Users/admin/builder/spi-builder-workspace/.swiftpm/xcode
builtin-SwiftPerFileCompile View+ChangelogKit.swift
SwiftCompile normal arm64 Compiling\ Bundle+ChangelogKit.swift /Users/admin/builder/spi-builder-workspace/Sources/ChangelogKit/Extensions/Bundle+ChangelogKit.swift (in target 'ChangelogKit' from project 'ChangelogKit')
SwiftCompile normal arm64 /Users/admin/builder/spi-builder-workspace/Sources/ChangelogKit/Extensions/Bundle+ChangelogKit.swift (in target 'ChangelogKit' from project 'ChangelogKit')
cd /Users/admin/builder/spi-builder-workspace/.swiftpm/xcode
builtin-SwiftPerFileCompile Bundle+ChangelogKit.swift
SwiftCompile normal arm64 Compiling\ Changelog.swift /Users/admin/builder/spi-builder-workspace/Sources/ChangelogKit/Changelog.swift (in target 'ChangelogKit' from project 'ChangelogKit')
SwiftCompile normal arm64 /Users/admin/builder/spi-builder-workspace/Sources/ChangelogKit/Changelog.swift (in target 'ChangelogKit' from project 'ChangelogKit')
cd /Users/admin/builder/spi-builder-workspace/.swiftpm/xcode
builtin-SwiftPerFileCompile Changelog.swift
PruneExplicitPrecompiledModules /Users/admin/builder/spi-builder-workspace/.derivedData/SDKExplicitPrecompiledModules
PruneExplicitPrecompiledModules /Users/admin/builder/spi-builder-workspace/.derivedData/Build/Intermediates.noindex/ExplicitPrecompiledModules
PruneExplicitPrecompiledModules /Users/admin/builder/spi-builder-workspace/.derivedData/Build/Intermediates.noindex/SwiftExplicitPrecompiledModules
2026-09-25 02:24:42.388 xcodebuild[627:3909] [MT] IDERunDestination: Supported platforms for the buildables in the current scheme is empty.
** BUILD FAILED **
The following build commands failed:
SwiftCompile normal arm64 (in target 'ChangelogKit' from project 'ChangelogKit')
SwiftEmitModule normal arm64 Emitting\ module\ for\ ChangelogKit (in target 'ChangelogKit' from project 'ChangelogKit')
Building workspace ChangelogKit with scheme ChangelogKit
(3 failures)
Command line invocation:
/Applications/Xcode-27.0.0-Release.Candidate.app/Contents/Developer/usr/bin/xcodebuild -IDEClonedSourcePackagesDirPathOverride=/Users/admin/builder/spi-builder-workspace/.dependencies -resolvePackageDependencies
Resolve Package Graph
Resolved source packages:
ChangelogKit: /Users/admin/builder/spi-builder-workspace
resolved source packages: ChangelogKit
2026-09-25 02:24:48.643 xcodebuild[740:4460] [MT] IDERunDestination: Supported platforms for the buildables in the current scheme is empty.
{
"default_localization" : "en",
"dependencies" : [
],
"manifest_display_name" : "ChangelogKit",
"name" : "ChangelogKit",
"path" : "/Users/admin/builder/spi-builder-workspace",
"platforms" : [
{
"name" : "ios",
"version" : "17.0"
}
],
"products" : [
{
"name" : "ChangelogKit",
"targets" : [
"ChangelogKit"
],
"type" : {
"library" : [
"automatic"
]
}
}
],
"targets" : [
{
"c99name" : "ChangelogKitTests",
"module_type" : "SwiftTarget",
"name" : "ChangelogKitTests",
"path" : "Tests/ChangelogKitTests",
"sources" : [
"ChangelogKitTests.swift"
],
"target_dependencies" : [
"ChangelogKit"
],
"type" : "test"
},
{
"c99name" : "ChangelogKit",
"module_type" : "SwiftTarget",
"name" : "ChangelogKit",
"path" : "Sources/ChangelogKit",
"product_memberships" : [
"ChangelogKit"
],
"resources" : [
{
"path" : "/Users/admin/builder/spi-builder-workspace/Sources/ChangelogKit/Resources/Base.lproj/Localizable.strings",
"rule" : {
"process" : {
"localization" : "Base"
}
}
},
{
"path" : "/Users/admin/builder/spi-builder-workspace/Sources/ChangelogKit/Resources/de.lproj/Localizable.strings",
"rule" : {
"process" : {
"localization" : "de"
}
}
},
{
"path" : "/Users/admin/builder/spi-builder-workspace/Sources/ChangelogKit/Resources/en.lproj/Localizable.strings",
"rule" : {
"process" : {
"localization" : "en"
}
}
},
{
"path" : "/Users/admin/builder/spi-builder-workspace/Sources/ChangelogKit/Resources/it.lproj/Localizable.strings",
"rule" : {
"process" : {
"localization" : "it"
}
}
}
],
"sources" : [
"Changelog.swift",
"ChangelogView.swift",
"ChangelogsCollectionProvider.swift",
"Extensions/Bundle+ChangelogKit.swift",
"Extensions/UserDefaults+ChangelogKit.swift",
"Extensions/View+ChangelogKit.swift"
],
"type" : "library"
}
],
"tools_version" : "5.9"
}
{
"workspace" : {
"name" : "ChangelogKit",
"schemes" : [
"ChangelogKit"
]
}
}
2026-09-25 02:24:49.898 xcodebuild[748:4526] [MT] IDERunDestination: Supported platforms for the buildables in the current scheme is empty.
Running build ...
env DEVELOPER_DIR=/Applications/Xcode-27.0.0-Release.Candidate.app xcrun xcodebuild -IDEClonedSourcePackagesDirPathOverride=$PWD/.dependencies -skipMacroValidation -skipPackagePluginValidation -derivedDataPath $PWD/.derivedData build -scheme ChangelogKit -destination generic/platform=tvOS
Command line invocation:
/Applications/Xcode-27.0.0-Release.Candidate.app/Contents/Developer/usr/bin/xcodebuild -IDEClonedSourcePackagesDirPathOverride=/Users/admin/builder/spi-builder-workspace/.dependencies -skipMacroValidation -skipPackagePluginValidation -derivedDataPath /Users/admin/builder/spi-builder-workspace/.derivedData build -scheme ChangelogKit -destination generic/platform=tvOS
Resolve Package Graph
Resolved source packages:
ChangelogKit: /Users/admin/builder/spi-builder-workspace
ComputePackagePrebuildTargetDependencyGraph
Prepare packages
CreateBuildRequest
SendProjectDescription
CreateBuildOperation
ComputeTargetDependencyGraph
note: Building targets in dependency order
note: Target dependency graph (3 targets)
Target 'ChangelogKit-product' in project 'ChangelogKit'
➜ Explicit dependency on target 'ChangelogKit' in project 'ChangelogKit'
➜ Explicit dependency on target 'ChangelogKit_ChangelogKit' in project 'ChangelogKit'
Target 'ChangelogKit' in project 'ChangelogKit'
➜ Explicit dependency on target 'ChangelogKit_ChangelogKit' in project 'ChangelogKit'
Target 'ChangelogKit_ChangelogKit' in project 'ChangelogKit' (no dependencies)
GatherProvisioningInputs
CreateBuildDescription
ClangStatCache /Applications/Xcode-27.0.0-Release.Candidate.app/Contents/Developer/Toolchains/XcodeDefault.xctoolchain/usr/bin/clang-stat-cache /Applications/Xcode-27.0.0-Release.Candidate.app/Contents/Developer/Platforms/AppleTVOS.platform/Developer/SDKs/AppleTVOS27.0.sdk /Users/admin/builder/spi-builder-workspace/.derivedData/SDKStatCaches.noindex/appletvos27.0-24J360-e829b21a6f8c9b70876ba0858053c044b32bfd8d43560033f8d89884cdb90028.sdkstatcache
cd /Users/admin/builder/spi-builder-workspace/.swiftpm/xcode
/Applications/Xcode-27.0.0-Release.Candidate.app/Contents/Developer/Toolchains/XcodeDefault.xctoolchain/usr/bin/clang-stat-cache /Applications/Xcode-27.0.0-Release.Candidate.app/Contents/Developer/Platforms/AppleTVOS.platform/Developer/SDKs/AppleTVOS27.0.sdk -o /Users/admin/builder/spi-builder-workspace/.derivedData/SDKStatCaches.noindex/appletvos27.0-24J360-e829b21a6f8c9b70876ba0858053c044b32bfd8d43560033f8d89884cdb90028.sdkstatcache
SwiftDriver ChangelogKit normal arm64 com.apple.xcode.tools.swift.compiler (in target 'ChangelogKit' from project 'ChangelogKit')
cd /Users/admin/builder/spi-builder-workspace/.swiftpm/xcode
builtin-SwiftDriver -- /Applications/Xcode-27.0.0-Release.Candidate.app/Contents/Developer/Toolchains/XcodeDefault.xctoolchain/usr/bin/swiftc -parse-as-library -module-name ChangelogKit -Onone @/Users/admin/builder/spi-builder-workspace/.derivedData/Build/Intermediates.noindex/ChangelogKit.build/Debug-appletvos/ChangelogKit-t.build/Objects-normal/arm64/ChangelogKit.SwiftFileList -DSWIFT_PACKAGE -DDEBUG -DSWIFT_MODULE_RESOURCE_BUNDLE_AVAILABLE -DXcode -plugin-path /Applications/Xcode-27.0.0-Release.Candidate.app/Contents/Developer/Toolchains/XcodeDefault.xctoolchain/usr/lib/swift/host/plugins/testing -enable-experimental-feature DebugDescriptionMacro -sdk /Applications/Xcode-27.0.0-Release.Candidate.app/Contents/Developer/Platforms/AppleTVOS.platform/Developer/SDKs/AppleTVOS27.0.sdk -target arm64-apple-tvos17.0 -g -module-cache-path /Users/admin/builder/spi-builder-workspace/.derivedData/ModuleCache.noindex -Xfrontend -serialize-debugging-options -profile-coverage-mapping -profile-generate -enable-testing -index-store-path /Users/admin/builder/spi-builder-workspace/.derivedData/Index.noindex/DataStore -Xcc -D_LIBCPP_HARDENING_MODE\=_LIBCPP_HARDENING_MODE_DEBUG -swift-version 5 -I /Users/admin/builder/spi-builder-workspace/.derivedData/Build/Products/Debug-appletvos -Isystem /Applications/Xcode-27.0.0-Release.Candidate.app/Contents/Developer/Platforms/AppleTVOS.platform/Developer/usr/lib -F /Users/admin/builder/spi-builder-workspace/.derivedData/Build/Products/Debug-appletvos -F /Applications/Xcode-27.0.0-Release.Candidate.app/Contents/Developer/Platforms/AppleTVOS.platform/Developer/Library/Frameworks -F /Applications/Xcode-27.0.0-Release.Candidate.app/Contents/Developer/Platforms/AppleTVOS.platform/Developer/SDKs/AppleTVOS27.0.sdk/Developer/Library/Frameworks -emit-localized-strings -emit-localized-strings-path /Users/admin/builder/spi-builder-workspace/.derivedData/Build/Intermediates.noindex/ChangelogKit.build/Debug-appletvos/ChangelogKit-t.build/Objects-normal/arm64 -c -j10 -enable-batch-mode -incremental -Xcc -ivfsstatcache -Xcc /Users/admin/builder/spi-builder-workspace/.derivedData/SDKStatCaches.noindex/appletvos27.0-24J360-e829b21a6f8c9b70876ba0858053c044b32bfd8d43560033f8d89884cdb90028.sdkstatcache -output-file-map /Users/admin/builder/spi-builder-workspace/.derivedData/Build/Intermediates.noindex/ChangelogKit.build/Debug-appletvos/ChangelogKit-t.build/Objects-normal/arm64/ChangelogKit-OutputFileMap.json -save-temps -no-color-diagnostics -explicit-module-build -module-cache-path /Users/admin/builder/spi-builder-workspace/.derivedData/Build/Intermediates.noindex/SwiftExplicitPrecompiledModules -clang-scanner-module-cache-path /Users/admin/builder/spi-builder-workspace/.derivedData/ModuleCache.noindex -sdk-module-cache-path /Users/admin/builder/spi-builder-workspace/.derivedData/SDKExplicitPrecompiledModules -emit-dependencies -emit-module -emit-module-path /Users/admin/builder/spi-builder-workspace/.derivedData/Build/Intermediates.noindex/ChangelogKit.build/Debug-appletvos/ChangelogKit-t.build/Objects-normal/arm64/ChangelogKit.swiftmodule -serialize-diagnostics -dependency-scan-serialize-diagnostics-path /Users/admin/builder/spi-builder-workspace/.derivedData/Build/Intermediates.noindex/ChangelogKit.build/Debug-appletvos/ChangelogKit-t.build/Objects-normal/arm64/ChangelogKit-dependency-scan.dia -validate-clang-modules-once -clang-build-session-file /Users/admin/builder/spi-builder-workspace/.derivedData/ModuleCache.noindex/Session.modulevalidation -Xcc -fmodules-prune-interval\=86400 -Xcc -fmodules-prune-after\=345600 -package-name spi_builder_workspace -emit-const-values -const-gather-protocols-list /Users/admin/builder/spi-builder-workspace/.derivedData/Build/Intermediates.noindex/ChangelogKit.build/Debug-appletvos/ChangelogKit-t.build/Objects-normal/arm64/ChangelogKit_const_extract_protocols.json -Xcc -I/Users/admin/builder/spi-builder-workspace/.derivedData/Build/Products/Debug-appletvos/include -Xcc -I/Users/admin/builder/spi-builder-workspace/.derivedData/Build/Intermediates.noindex/ChangelogKit.build/Debug-appletvos/ChangelogKit-t.build/DerivedSources-normal/arm64 -Xcc -I/Users/admin/builder/spi-builder-workspace/.derivedData/Build/Intermediates.noindex/ChangelogKit.build/Debug-appletvos/ChangelogKit-t.build/DerivedSources/arm64 -Xcc -I/Users/admin/builder/spi-builder-workspace/.derivedData/Build/Intermediates.noindex/ChangelogKit.build/Debug-appletvos/ChangelogKit-t.build/DerivedSources -Xcc -DSWIFT_PACKAGE -Xcc -DDEBUG\=1 -emit-objc-header -emit-objc-header-path /Users/admin/builder/spi-builder-workspace/.derivedData/Build/Intermediates.noindex/ChangelogKit.build/Debug-appletvos/ChangelogKit-t.build/Objects-normal/arm64/ChangelogKit-Swift.h -working-directory /Users/admin/builder/spi-builder-workspace/.swiftpm/xcode -experimental-emit-module-separately -disable-cmo
SwiftCompile normal arm64 Compiling\ Bundle+ChangelogKit.swift /Users/admin/builder/spi-builder-workspace/Sources/ChangelogKit/Extensions/Bundle+ChangelogKit.swift (in target 'ChangelogKit' from project 'ChangelogKit')
SwiftCompile normal arm64 /Users/admin/builder/spi-builder-workspace/Sources/ChangelogKit/Extensions/Bundle+ChangelogKit.swift (in target 'ChangelogKit' from project 'ChangelogKit')
cd /Users/admin/builder/spi-builder-workspace/.swiftpm/xcode
builtin-SwiftPerFileCompile Bundle+ChangelogKit.swift
SwiftCompile normal arm64 Compiling\ resource_bundle_accessor.swift /Users/admin/builder/spi-builder-workspace/.derivedData/Build/Intermediates.noindex/ChangelogKit.build/Debug-appletvos/ChangelogKit-t.build/DerivedSources/resource_bundle_accessor.swift (in target 'ChangelogKit' from project 'ChangelogKit')
SwiftCompile normal arm64 /Users/admin/builder/spi-builder-workspace/.derivedData/Build/Intermediates.noindex/ChangelogKit.build/Debug-appletvos/ChangelogKit-t.build/DerivedSources/resource_bundle_accessor.swift (in target 'ChangelogKit' from project 'ChangelogKit')
cd /Users/admin/builder/spi-builder-workspace/.swiftpm/xcode
builtin-SwiftPerFileCompile resource_bundle_accessor.swift
SwiftCompile normal arm64 Compiling\ ChangelogsCollectionProvider.swift /Users/admin/builder/spi-builder-workspace/Sources/ChangelogKit/ChangelogsCollectionProvider.swift (in target 'ChangelogKit' from project 'ChangelogKit')
SwiftCompile normal arm64 /Users/admin/builder/spi-builder-workspace/Sources/ChangelogKit/ChangelogsCollectionProvider.swift (in target 'ChangelogKit' from project 'ChangelogKit')
cd /Users/admin/builder/spi-builder-workspace/.swiftpm/xcode
builtin-SwiftPerFileCompile ChangelogsCollectionProvider.swift
SwiftCompile normal arm64 Compiling\ UserDefaults+ChangelogKit.swift /Users/admin/builder/spi-builder-workspace/Sources/ChangelogKit/Extensions/UserDefaults+ChangelogKit.swift (in target 'ChangelogKit' from project 'ChangelogKit')
SwiftCompile normal arm64 /Users/admin/builder/spi-builder-workspace/Sources/ChangelogKit/Extensions/UserDefaults+ChangelogKit.swift (in target 'ChangelogKit' from project 'ChangelogKit')
cd /Users/admin/builder/spi-builder-workspace/.swiftpm/xcode
builtin-SwiftPerFileCompile UserDefaults+ChangelogKit.swift
SwiftCompile normal arm64 Compiling\ ChangelogView.swift /Users/admin/builder/spi-builder-workspace/Sources/ChangelogKit/ChangelogView.swift (in target 'ChangelogKit' from project 'ChangelogKit')
SwiftCompile normal arm64 /Users/admin/builder/spi-builder-workspace/Sources/ChangelogKit/ChangelogView.swift (in target 'ChangelogKit' from project 'ChangelogKit')
cd /Users/admin/builder/spi-builder-workspace/.swiftpm/xcode
builtin-SwiftPerFileCompile ChangelogView.swift
/Users/admin/builder/spi-builder-workspace/Sources/ChangelogKit/ChangelogView.swift:434:47: warning: 'Title' is deprecated: Style.Title has no effect. The view title is now rendered as a navigationTitle by the system. [#DeprecatedDeclaration]
432 | public init(
433 | view: View = View(),
434 | title: Title = Title(),
| `- warning: 'Title' is deprecated: Style.Title has no effect. The view title is now rendered as a navigationTitle by the system. [#DeprecatedDeclaration]
435 | features: Features = Features(),
436 | primaryAction: PrimaryAction = PrimaryAction(),
/Users/admin/builder/spi-builder-workspace/Sources/ChangelogKit/ChangelogView.swift:622:57: error: 'secondarySystemBackground' is unavailable in tvOS
620 | /// - shadowOffset: Shadow offset. Defaults to `.zero`.
621 | public init(
622 | backgroundColor: Color = Color(UIColor.secondarySystemBackground),
| `- error: 'secondarySystemBackground' is unavailable in tvOS
623 | cornerRadius: CGFloat = 16,
624 | shadowColor: Color = .clear,
/Applications/Xcode-27.0.0-Release.Candidate.app/Contents/Developer/Platforms/AppleTVOS.platform/Developer/SDKs/AppleTVOS27.0.sdk/System/Library/Frameworks/UIKit.framework/Headers/UIInterface.h:209:49: note: 'secondarySystemBackground' has been explicitly marked unavailable here
207 | */
208 | @property (class, nonatomic, readonly) UIColor *systemBackgroundColor API_AVAILABLE(ios(13.0)) API_UNAVAILABLE(tvos, watchos);
209 | @property (class, nonatomic, readonly) UIColor *secondarySystemBackgroundColor API_AVAILABLE(ios(13.0)) API_UNAVAILABLE(tvos, watchos);
| `- note: 'secondarySystemBackground' has been explicitly marked unavailable here
210 | @property (class, nonatomic, readonly) UIColor *tertiarySystemBackgroundColor API_AVAILABLE(ios(13.0)) API_UNAVAILABLE(tvos, watchos);
211 |
/Users/admin/builder/spi-builder-workspace/Sources/ChangelogKit/ChangelogView.swift:670:65: error: 'tertiarySystemBackground' is unavailable in tvOS
668 | containerShape: ContainerShape = .roundedSquare(radius: 10),
669 | containerSize: CGFloat = 44,
670 | containerColor: Color = Color(UIColor.tertiarySystemBackground))
| `- error: 'tertiarySystemBackground' is unavailable in tvOS
671 | {
672 | self.size = size
/Applications/Xcode-27.0.0-Release.Candidate.app/Contents/Developer/Platforms/AppleTVOS.platform/Developer/SDKs/AppleTVOS27.0.sdk/System/Library/Frameworks/UIKit.framework/Headers/UIInterface.h:210:49: note: 'tertiarySystemBackground' has been explicitly marked unavailable here
208 | @property (class, nonatomic, readonly) UIColor *systemBackgroundColor API_AVAILABLE(ios(13.0)) API_UNAVAILABLE(tvos, watchos);
209 | @property (class, nonatomic, readonly) UIColor *secondarySystemBackgroundColor API_AVAILABLE(ios(13.0)) API_UNAVAILABLE(tvos, watchos);
210 | @property (class, nonatomic, readonly) UIColor *tertiarySystemBackgroundColor API_AVAILABLE(ios(13.0)) API_UNAVAILABLE(tvos, watchos);
| `- note: 'tertiarySystemBackground' has been explicitly marked unavailable here
211 |
212 | /* 2. systemGroupedBackground
SwiftCompile normal arm64 Compiling\ View+ChangelogKit.swift /Users/admin/builder/spi-builder-workspace/Sources/ChangelogKit/Extensions/View+ChangelogKit.swift (in target 'ChangelogKit' from project 'ChangelogKit')
SwiftCompile normal arm64 /Users/admin/builder/spi-builder-workspace/Sources/ChangelogKit/Extensions/View+ChangelogKit.swift (in target 'ChangelogKit' from project 'ChangelogKit')
cd /Users/admin/builder/spi-builder-workspace/.swiftpm/xcode
builtin-SwiftPerFileCompile View+ChangelogKit.swift
/Users/admin/builder/spi-builder-workspace/Sources/ChangelogKit/ChangelogView.swift:434:47: warning: 'Title' is deprecated: Style.Title has no effect. The view title is now rendered as a navigationTitle by the system. [#DeprecatedDeclaration]
432 | public init(
433 | view: View = View(),
434 | title: Title = Title(),
| `- warning: 'Title' is deprecated: Style.Title has no effect. The view title is now rendered as a navigationTitle by the system. [#DeprecatedDeclaration]
435 | features: Features = Features(),
436 | primaryAction: PrimaryAction = PrimaryAction(),
/Users/admin/builder/spi-builder-workspace/Sources/ChangelogKit/ChangelogView.swift:622:57: error: 'secondarySystemBackground' is unavailable in tvOS
620 | /// - shadowOffset: Shadow offset. Defaults to `.zero`.
621 | public init(
622 | backgroundColor: Color = Color(UIColor.secondarySystemBackground),
| `- error: 'secondarySystemBackground' is unavailable in tvOS
623 | cornerRadius: CGFloat = 16,
624 | shadowColor: Color = .clear,
/Applications/Xcode-27.0.0-Release.Candidate.app/Contents/Developer/Platforms/AppleTVOS.platform/Developer/SDKs/AppleTVOS27.0.sdk/System/Library/Frameworks/UIKit.framework/Headers/UIInterface.h:209:49: note: 'secondarySystemBackground' has been explicitly marked unavailable here
207 | */
208 | @property (class, nonatomic, readonly) UIColor *systemBackgroundColor API_AVAILABLE(ios(13.0)) API_UNAVAILABLE(tvos, watchos);
209 | @property (class, nonatomic, readonly) UIColor *secondarySystemBackgroundColor API_AVAILABLE(ios(13.0)) API_UNAVAILABLE(tvos, watchos);
| `- note: 'secondarySystemBackground' has been explicitly marked unavailable here
210 | @property (class, nonatomic, readonly) UIColor *tertiarySystemBackgroundColor API_AVAILABLE(ios(13.0)) API_UNAVAILABLE(tvos, watchos);
211 |
SwiftCompile normal arm64 Compiling\ Changelog.swift /Users/admin/builder/spi-builder-workspace/Sources/ChangelogKit/Changelog.swift (in target 'ChangelogKit' from project 'ChangelogKit')
SwiftCompile normal arm64 /Users/admin/builder/spi-builder-workspace/Sources/ChangelogKit/Changelog.swift (in target 'ChangelogKit' from project 'ChangelogKit')
cd /Users/admin/builder/spi-builder-workspace/.swiftpm/xcode
builtin-SwiftPerFileCompile Changelog.swift
SwiftEmitModule normal arm64 Emitting\ module\ for\ ChangelogKit (in target 'ChangelogKit' from project 'ChangelogKit')
/Users/admin/builder/spi-builder-workspace/Sources/ChangelogKit/ChangelogView.swift:434:47: warning: 'Title' is deprecated: Style.Title has no effect. The view title is now rendered as a navigationTitle by the system. [#DeprecatedDeclaration]
432 | public init(
433 | view: View = View(),
434 | title: Title = Title(),
| `- warning: 'Title' is deprecated: Style.Title has no effect. The view title is now rendered as a navigationTitle by the system. [#DeprecatedDeclaration]
435 | features: Features = Features(),
436 | primaryAction: PrimaryAction = PrimaryAction(),
/Users/admin/builder/spi-builder-workspace/Sources/ChangelogKit/ChangelogView.swift:622:57: error: 'secondarySystemBackground' is unavailable in tvOS
620 | /// - shadowOffset: Shadow offset. Defaults to `.zero`.
621 | public init(
622 | backgroundColor: Color = Color(UIColor.secondarySystemBackground),
| `- error: 'secondarySystemBackground' is unavailable in tvOS
623 | cornerRadius: CGFloat = 16,
624 | shadowColor: Color = .clear,
/Applications/Xcode-27.0.0-Release.Candidate.app/Contents/Developer/Platforms/AppleTVOS.platform/Developer/SDKs/AppleTVOS27.0.sdk/System/Library/Frameworks/UIKit.framework/Headers/UIInterface.h:209:49: note: 'secondarySystemBackground' has been explicitly marked unavailable here
207 | */
208 | @property (class, nonatomic, readonly) UIColor *systemBackgroundColor API_AVAILABLE(ios(13.0)) API_UNAVAILABLE(tvos, watchos);
209 | @property (class, nonatomic, readonly) UIColor *secondarySystemBackgroundColor API_AVAILABLE(ios(13.0)) API_UNAVAILABLE(tvos, watchos);
| `- note: 'secondarySystemBackground' has been explicitly marked unavailable here
210 | @property (class, nonatomic, readonly) UIColor *tertiarySystemBackgroundColor API_AVAILABLE(ios(13.0)) API_UNAVAILABLE(tvos, watchos);
211 |
/Users/admin/builder/spi-builder-workspace/Sources/ChangelogKit/ChangelogView.swift:670:65: error: 'tertiarySystemBackground' is unavailable in tvOS
668 | containerShape: ContainerShape = .roundedSquare(radius: 10),
669 | containerSize: CGFloat = 44,
670 | containerColor: Color = Color(UIColor.tertiarySystemBackground))
| `- error: 'tertiarySystemBackground' is unavailable in tvOS
671 | {
672 | self.size = size
/Applications/Xcode-27.0.0-Release.Candidate.app/Contents/Developer/Platforms/AppleTVOS.platform/Developer/SDKs/AppleTVOS27.0.sdk/System/Library/Frameworks/UIKit.framework/Headers/UIInterface.h:210:49: note: 'tertiarySystemBackground' has been explicitly marked unavailable here
208 | @property (class, nonatomic, readonly) UIColor *systemBackgroundColor API_AVAILABLE(ios(13.0)) API_UNAVAILABLE(tvos, watchos);
209 | @property (class, nonatomic, readonly) UIColor *secondarySystemBackgroundColor API_AVAILABLE(ios(13.0)) API_UNAVAILABLE(tvos, watchos);
210 | @property (class, nonatomic, readonly) UIColor *tertiarySystemBackgroundColor API_AVAILABLE(ios(13.0)) API_UNAVAILABLE(tvos, watchos);
| `- note: 'tertiarySystemBackground' has been explicitly marked unavailable here
211 |
212 | /* 2. systemGroupedBackground
/Users/admin/builder/spi-builder-workspace/Sources/ChangelogKit/ChangelogView.swift:434:20: warning: 'Title' is deprecated: Style.Title has no effect. The view title is now rendered as a navigationTitle by the system. [#DeprecatedDeclaration]
432 | public init(
433 | view: View = View(),
434 | title: Title = Title(),
| `- warning: 'Title' is deprecated: Style.Title has no effect. The view title is now rendered as a navigationTitle by the system. [#DeprecatedDeclaration]
435 | features: Features = Features(),
436 | primaryAction: PrimaryAction = PrimaryAction(),
[#DeprecatedDeclaration]: <https://docs.swift.org/compiler/documentation/diagnostics/deprecated-declaration>
Failed frontend command:
/Applications/Xcode-27.0.0-Release.Candidate.app/Contents/Developer/Toolchains/XcodeDefault.xctoolchain/usr/bin/swift-frontend -frontend -emit-module -experimental-skip-non-inlinable-function-bodies-without-types /Users/admin/builder/spi-builder-workspace/.derivedData/Build/Intermediates.noindex/ChangelogKit.build/Debug-appletvos/ChangelogKit-t.build/DerivedSources/resource_bundle_accessor.swift /Users/admin/builder/spi-builder-workspace/Sources/ChangelogKit/Changelog.swift /Users/admin/builder/spi-builder-workspace/Sources/ChangelogKit/ChangelogView.swift /Users/admin/builder/spi-builder-workspace/Sources/ChangelogKit/ChangelogsCollectionProvider.swift /Users/admin/builder/spi-builder-workspace/Sources/ChangelogKit/Extensions/Bundle+ChangelogKit.swift /Users/admin/builder/spi-builder-workspace/Sources/ChangelogKit/Extensions/UserDefaults+ChangelogKit.swift /Users/admin/builder/spi-builder-workspace/Sources/ChangelogKit/Extensions/View+ChangelogKit.swift -target arm64-apple-tvos17.0 -disable-cross-import-overlay-search -load-resolved-plugin /Applications/Xcode-27.0.0-Release.Candidate.app/Contents/Developer/Platforms/AppleTVOS.platform/Developer/usr/lib/swift/host/plugins/libFoundationMacros.dylib\#/Applications/Xcode-27.0.0-Release.Candidate.app/Contents/Developer/Platforms/AppleTVOS.platform/Developer/usr/bin/swift-plugin-server\#FoundationMacros -load-resolved-plugin /Applications/Xcode-27.0.0-Release.Candidate.app/Contents/Developer/Platforms/AppleTVOS.platform/Developer/usr/lib/swift/host/plugins/libObservationMacros.dylib\#/Applications/Xcode-27.0.0-Release.Candidate.app/Contents/Developer/Platforms/AppleTVOS.platform/Developer/usr/bin/swift-plugin-server\#ObservationMacros -load-resolved-plugin /Applications/Xcode-27.0.0-Release.Candidate.app/Contents/Developer/Platforms/AppleTVOS.platform/Developer/usr/lib/swift/host/plugins/libPreviewsMacros.dylib\#/Applications/Xcode-27.0.0-Release.Candidate.app/Contents/Developer/Platforms/AppleTVOS.platform/Developer/usr/bin/swift-plugin-server\#PreviewsMacros -load-resolved-plugin /Applications/Xcode-27.0.0-Release.Candidate.app/Contents/Developer/Platforms/AppleTVOS.platform/Developer/usr/lib/swift/host/plugins/libSwiftMacros.dylib\#/Applications/Xcode-27.0.0-Release.Candidate.app/Contents/Developer/Platforms/AppleTVOS.platform/Developer/usr/bin/swift-plugin-server\#SwiftMacros -load-resolved-plugin /Applications/Xcode-27.0.0-Release.Candidate.app/Contents/Developer/Platforms/AppleTVOS.platform/Developer/usr/lib/swift/host/plugins/libSwiftUIMacros.dylib\#/Applications/Xcode-27.0.0-Release.Candidate.app/Contents/Developer/Platforms/AppleTVOS.platform/Developer/usr/bin/swift-plugin-server\#SwiftUIMacros -disable-implicit-swift-modules -Xcc -fno-implicit-modules -Xcc -fno-implicit-module-maps -explicit-swift-module-map-file /Users/admin/builder/spi-builder-workspace/.derivedData/Build/Intermediates.noindex/ChangelogKit.build/Debug-appletvos/ChangelogKit-t.build/Objects-normal/arm64/ChangelogKit-dependencies-1.json -Xllvm -aarch64-use-tbi -enable-objc-interop -stack-check -sdk /Applications/Xcode-27.0.0-Release.Candidate.app/Contents/Developer/Platforms/AppleTVOS.platform/Developer/SDKs/AppleTVOS27.0.sdk -I /Users/admin/builder/spi-builder-workspace/.derivedData/Build/Products/Debug-appletvos -Isystem /Applications/Xcode-27.0.0-Release.Candidate.app/Contents/Developer/Platforms/AppleTVOS.platform/Developer/usr/lib -F /Users/admin/builder/spi-builder-workspace/.derivedData/Build/Products/Debug-appletvos -F /Applications/Xcode-27.0.0-Release.Candidate.app/Contents/Developer/Platforms/AppleTVOS.platform/Developer/Library/Frameworks -F /Applications/Xcode-27.0.0-Release.Candidate.app/Contents/Developer/Platforms/AppleTVOS.platform/Developer/SDKs/AppleTVOS27.0.sdk/Developer/Library/Frameworks -module-cache-path /Users/admin/builder/spi-builder-workspace/.derivedData/Build/Intermediates.noindex/SwiftExplicitPrecompiledModules -no-color-diagnostics -Xcc -fno-color-diagnostics -enable-testing -g -debug-info-format\=dwarf -dwarf-version\=4 -profile-generate -profile-coverage-mapping -swift-version 5 -Onone -D SWIFT_PACKAGE -D DEBUG -D SWIFT_MODULE_RESOURCE_BUNDLE_AVAILABLE -D Xcode -serialize-debugging-options -enable-experimental-feature DebugDescriptionMacro -empty-abi-descriptor -validate-clang-modules-once -clang-build-session-file /Users/admin/builder/spi-builder-workspace/.derivedData/ModuleCache.noindex/Session.modulevalidation -Xcc -working-directory -Xcc /Users/admin/builder/spi-builder-workspace/.swiftpm/xcode -enable-anonymous-context-mangled-names -file-compilation-dir /Users/admin/builder/spi-builder-workspace/.swiftpm/xcode -Xcc -D_LIBCPP_HARDENING_MODE\=_LIBCPP_HARDENING_MODE_DEBUG -Xcc -ivfsstatcache -Xcc /Users/admin/builder/spi-builder-workspace/.derivedData/SDKStatCaches.noindex/appletvos27.0-24J360-e829b21a6f8c9b70876ba0858053c044b32bfd8d43560033f8d89884cdb90028.sdkstatcache -Xcc -fmodules-prune-interval\=86400 -Xcc -fmodules-prune-after\=345600 -Xcc -I/Users/admin/builder/spi-builder-workspace/.derivedData/Build/Products/Debug-appletvos/include -Xcc -I/Users/admin/builder/spi-builder-workspace/.derivedData/Build/Intermediates.noindex/ChangelogKit.build/Debug-appletvos/ChangelogKit-t.build/DerivedSources-normal/arm64 -Xcc -I/Users/admin/builder/spi-builder-workspace/.derivedData/Build/Intermediates.noindex/ChangelogKit.build/Debug-appletvos/ChangelogKit-t.build/DerivedSources/arm64 -Xcc -I/Users/admin/builder/spi-builder-workspace/.derivedData/Build/Intermediates.noindex/ChangelogKit.build/Debug-appletvos/ChangelogKit-t.build/DerivedSources -Xcc -DSWIFT_PACKAGE -Xcc -DDEBUG\=1 -no-auto-bridging-header-chaining -module-name ChangelogKit -package-name spi_builder_workspace -const-gather-protocols-file /Users/admin/builder/spi-builder-workspace/.derivedData/Build/Intermediates.noindex/ChangelogKit.build/Debug-appletvos/ChangelogKit-t.build/Objects-normal/arm64/ChangelogKit_const_extract_protocols.json -disable-clang-spi -clang-target arm64-apple-tvos27.0 -target-sdk-version 27.0 -target-sdk-name appletvos27.0 -in-process-plugin-server-path /Applications/Xcode-27.0.0-Release.Candidate.app/Contents/Developer/Toolchains/XcodeDefault.xctoolchain/usr/lib/swift/host/libSwiftInProcPluginServer.dylib -emit-module-doc-path /Users/admin/builder/spi-builder-workspace/.derivedData/Build/Intermediates.noindex/ChangelogKit.build/Debug-appletvos/ChangelogKit-t.build/Objects-normal/arm64/ChangelogKit.swiftdoc -emit-module-source-info-path /Users/admin/builder/spi-builder-workspace/.derivedData/Build/Intermediates.noindex/ChangelogKit.build/Debug-appletvos/ChangelogKit-t.build/Objects-normal/arm64/ChangelogKit.swiftsourceinfo -emit-objc-header-path /Users/admin/builder/spi-builder-workspace/.derivedData/Build/Intermediates.noindex/ChangelogKit.build/Debug-appletvos/ChangelogKit-t.build/Objects-normal/arm64/ChangelogKit-Swift.h -serialize-diagnostics-path /Users/admin/builder/spi-builder-workspace/.derivedData/Build/Intermediates.noindex/ChangelogKit.build/Debug-appletvos/ChangelogKit-t.build/Objects-normal/arm64/ChangelogKit-primary-emit-module.dia -emit-dependencies-path /Users/admin/builder/spi-builder-workspace/.derivedData/Build/Intermediates.noindex/ChangelogKit.build/Debug-appletvos/ChangelogKit-t.build/Objects-normal/arm64/ChangelogKit-primary-emit-module.d -parse-as-library -o /Users/admin/builder/spi-builder-workspace/.derivedData/Build/Intermediates.noindex/ChangelogKit.build/Debug-appletvos/ChangelogKit-t.build/Objects-normal/arm64/ChangelogKit.swiftmodule -emit-abi-descriptor-path /Users/admin/builder/spi-builder-workspace/.derivedData/Build/Intermediates.noindex/ChangelogKit.build/Debug-appletvos/ChangelogKit-t.build/Objects-normal/arm64/ChangelogKit.abi.json
SwiftCompile normal arm64 (in target 'ChangelogKit' from project 'ChangelogKit')
cd /Users/admin/builder/spi-builder-workspace/.swiftpm/xcode
PruneExplicitPrecompiledModules /Users/admin/builder/spi-builder-workspace/.derivedData/Build/Intermediates.noindex/ExplicitPrecompiledModules
PruneExplicitPrecompiledModules /Users/admin/builder/spi-builder-workspace/.derivedData/Build/Intermediates.noindex/SwiftExplicitPrecompiledModules
PruneExplicitPrecompiledModules /Users/admin/builder/spi-builder-workspace/.derivedData/SDKExplicitPrecompiledModules
2026-09-25 02:24:50.879 xcodebuild[749:4550] [MT] IDERunDestination: Supported platforms for the buildables in the current scheme is empty.
** BUILD FAILED **
The following build commands failed:
SwiftEmitModule normal arm64 Emitting\ module\ for\ ChangelogKit (in target 'ChangelogKit' from project 'ChangelogKit')
SwiftCompile normal arm64 (in target 'ChangelogKit' from project 'ChangelogKit')
Building workspace ChangelogKit with scheme ChangelogKit
(3 failures)
BUILD FAILURE 6.4 tvOS