Build Information
Failed to build UUSwiftUX, reference main (c8ebe6), with Swift 6.3 for macOS (SPM) on 2 Jul 2026 22:05:17 UTC.
Build Command
env DEVELOPER_DIR=/Applications/Xcode-26.4.0.app xcrun swift build --arch arm64Build Log
========================================
RunAll
========================================
Builder version: undefined version: run 'make version' to update
Interrupt handler set up.
========================================
Checkout
========================================
Clone URL: https://github.com/SilverPineSoftware/UUSwiftUX.git
Reference: main
Initialized empty Git repository in /Users/admin/builder/spi-builder-workspace/.git/
From https://github.com/SilverPineSoftware/UUSwiftUX
* branch main -> FETCH_HEAD
* [new branch] main -> origin/main
HEAD is now at c8ebe62 Use UUSwiftCore 1.5.0
Cloned https://github.com/SilverPineSoftware/UUSwiftUX.git
Revision (git rev-parse @):
c8ebe62dd7a677dc16e98318270db5c71aac85d2
SUCCESS checkout https://github.com/SilverPineSoftware/UUSwiftUX.git at main
Fetching https://github.com/SilverPineSoftware/UUSwiftCore.git
[1/1019] Fetching uuswiftcore
Fetched https://github.com/SilverPineSoftware/UUSwiftCore.git from cache (0.91s)
Computing version for https://github.com/SilverPineSoftware/UUSwiftCore.git
Computed https://github.com/SilverPineSoftware/UUSwiftCore.git at 1.6.0 (1.46s)
Creating working copy for https://github.com/SilverPineSoftware/UUSwiftCore.git
Working copy of https://github.com/SilverPineSoftware/UUSwiftCore.git resolved at 1.6.0
========================================
ResolveProductDependencies
========================================
Resolving dependencies ...
{
"identity": ".resolve-product-dependencies",
"name": "resolve-dependencies",
"url": "/Users/admin/builder/spi-builder-workspace/.resolve-product-dependencies",
"version": "unspecified",
"path": "/Users/admin/builder/spi-builder-workspace/.resolve-product-dependencies",
"traits": [
"default"
],
"dependencies": [
{
"identity": "uuswiftux",
"name": "UUSwiftUX",
"url": "https://github.com/SilverPineSoftware/UUSwiftUX.git",
"version": "unspecified",
"path": "/Users/admin/builder/spi-builder-workspace/.resolve-product-dependencies/.build/checkouts/UUSwiftUX",
"traits": [
"default"
],
"dependencies": [
{
"identity": "uuswiftcore",
"name": "UUSwiftCore",
"url": "https://github.com/SilverPineSoftware/UUSwiftCore.git",
"version": "1.6.0",
"path": "/Users/admin/builder/spi-builder-workspace/.resolve-product-dependencies/.build/checkouts/UUSwiftCore",
"traits": [
"default"
],
"dependencies": [
]
}
]
}
]
}
Fetching https://github.com/SilverPineSoftware/UUSwiftUX.git
[1/160] Fetching uuswiftux
Fetched https://github.com/SilverPineSoftware/UUSwiftUX.git from cache (0.64s)
Fetching https://github.com/SilverPineSoftware/UUSwiftCore.git from cache
Fetched https://github.com/SilverPineSoftware/UUSwiftCore.git from cache (0.43s)
Computing version for https://github.com/SilverPineSoftware/UUSwiftCore.git
Computed https://github.com/SilverPineSoftware/UUSwiftCore.git at 1.6.0 (0.48s)
Creating working copy for https://github.com/SilverPineSoftware/UUSwiftCore.git
Working copy of https://github.com/SilverPineSoftware/UUSwiftCore.git resolved at 1.6.0
Creating working copy for https://github.com/SilverPineSoftware/UUSwiftUX.git
Working copy of https://github.com/SilverPineSoftware/UUSwiftUX.git resolved at main (c8ebe62)
warning: '.resolve-product-dependencies': dependency 'uuswiftux' is not used by any target
Found 1 product dependencies
- UUSwiftCore
========================================
Build
========================================
Selected platform: macosSpm
Swift version: 6.3
Building package at path: $PWD
https://github.com/SilverPineSoftware/UUSwiftUX.git
Running build ...
env DEVELOPER_DIR=/Applications/Xcode-26.4.0.app xcrun swift build --arch arm64
Building for debugging...
[0/4] Copying PrivacyInfo.xcprivacy
[0/4] Write sources
[3/4] Write swift-version--6988338F2F200930.txt
[5/42] Emitting module UUSwiftCore
[6/46] Compiling UUSwiftCore UUObject.swift
[7/46] Compiling UUSwiftCore UUObjectFactory.swift
[8/46] Compiling UUSwiftCore UURandom.swift
[9/46] Compiling UUSwiftCore UUResult.swift
[10/46] Compiling UUSwiftCore UUTimer.swift
[11/46] Compiling UUSwiftCore UUTypeAliases.swift
[12/46] Compiling UUSwiftCore UUURL.swift
[13/46] Compiling UUSwiftCore resource_bundle_accessor.swift
[14/46] Compiling UUSwiftCore UUJson.swift
[15/46] Compiling UUSwiftCore UUJsonWebToken.swift
[16/46] Compiling UUSwiftCore UULocalization.swift
[17/46] Compiling UUSwiftCore UUNumber.swift
[18/46] Compiling UUSwiftCore UULogger.swift
[19/46] Compiling UUSwiftCore UUPrintLogWriter.swift
[20/46] Compiling UUSwiftCore UUCryptoError.swift
[21/46] Compiling UUSwiftCore UUKeyStoreError.swift
[22/46] Compiling UUSwiftCore UUConsoleLogWriter.swift
[23/46] Compiling UUSwiftCore UULog.swift
[24/46] Compiling UUSwiftCore UULogLevel.swift
[25/46] Compiling UUSwiftCore UULogWriter.swift
[26/46] Compiling UUSwiftCore UULogger+Ext.swift
[27/46] Compiling UUSwiftCore UUString.swift
[28/46] Compiling UUSwiftCore UUSwiftCore.swift
[29/46] Compiling UUSwiftCore UUThread.swift
[30/46] Compiling UUSwiftCore UUTimeMeasurement.swift
[31/46] Compiling UUSwiftCore UUKeychainError.swift
[32/46] Compiling UUSwiftCore UUCrypto.swift
[33/46] Compiling UUSwiftCore UUEncryptedKeychain.swift
[34/46] Compiling UUSwiftCore UUKeyStore.swift
[35/46] Compiling UUSwiftCore UUData.swift
[36/46] Compiling UUSwiftCore UUDataCache.swift
[37/46] Compiling UUSwiftCore UUDate.swift
[38/46] Compiling UUSwiftCore UUDictionary.swift
[39/46] Compiling UUSwiftCore UUKeychain.swift
[40/46] Compiling UUSwiftCore UUSecurity.swift
[41/46] Compiling UUSwiftCore UUArray.swift
[42/46] Compiling UUSwiftCore UUCollection.swift
[43/46] Compiling UUSwiftCore UUColor.swift
[44/46] Compiling UUSwiftCore UUComparable.swift
[45/46] Compiling UUSwiftCore UUCompression.swift
[46/46] Compiling UUSwiftCore UUCoreData.swift
[47/57] Compiling UUSwiftUX UUStyling.swift
/Users/admin/builder/spi-builder-workspace/UUSwiftUX/UULinkTapGestureHandler.swift:10:8: error: no such module 'UIKit'
8 | //
9 |
10 | import UIKit
| `- error: no such module 'UIKit'
11 |
12 | /**
[48/57] Compiling UUSwiftUX UUTextField.swift
/Users/admin/builder/spi-builder-workspace/UUSwiftUX/UULinkTapGestureHandler.swift:10:8: error: no such module 'UIKit'
8 | //
9 |
10 | import UIKit
| `- error: no such module 'UIKit'
11 |
12 | /**
[49/57] Compiling UUSwiftUX UUView.swift
/Users/admin/builder/spi-builder-workspace/UUSwiftUX/UULinkTapGestureHandler.swift:10:8: error: no such module 'UIKit'
8 | //
9 |
10 | import UIKit
| `- error: no such module 'UIKit'
11 |
12 | /**
[50/57] Compiling UUSwiftUX UUMapView.swift
/Users/admin/builder/spi-builder-workspace/UUSwiftUX/UULinkTapGestureHandler.swift:10:8: error: no such module 'UIKit'
8 | //
9 |
10 | import UIKit
| `- error: no such module 'UIKit'
11 |
12 | /**
[51/57] Compiling UUSwiftUX UUSwitch.swift
/Users/admin/builder/spi-builder-workspace/UUSwiftUX/UULinkTapGestureHandler.swift:10:8: error: no such module 'UIKit'
8 | //
9 |
10 | import UIKit
| `- error: no such module 'UIKit'
11 |
12 | /**
error: emit-module command failed with exit code 1 (use -v to see invocation)
[52/58] Emitting module UUSwiftUX
/Users/admin/builder/spi-builder-workspace/UUSwiftUX/UULinkTapGestureHandler.swift:10:8: error: no such module 'UIKit'
8 | //
9 |
10 | import UIKit
| `- error: no such module 'UIKit'
11 |
12 | /**
[53/58] Compiling UUSwiftUX UULinkTapGestureHandler.swift
/Users/admin/builder/spi-builder-workspace/UUSwiftUX/UULinkTapGestureHandler.swift:10:8: error: no such module 'UIKit'
8 | //
9 |
10 | import UIKit
| `- error: no such module 'UIKit'
11 |
12 | /**
[54/58] Compiling UUSwiftUX UUGradientView.swift
/Users/admin/builder/spi-builder-workspace/UUSwiftUX/UULinkTapGestureHandler.swift:10:8: error: no such module 'UIKit'
8 | //
9 |
10 | import UIKit
| `- error: no such module 'UIKit'
11 |
12 | /**
[55/58] Compiling UUSwiftUX UUEditViewController.swift
/Users/admin/builder/spi-builder-workspace/UUSwiftUX/UULinkTapGestureHandler.swift:10:8: error: no such module 'UIKit'
8 | //
9 |
10 | import UIKit
| `- error: no such module 'UIKit'
11 |
12 | /**
[56/58] Compiling UUSwiftUX UUCircularImageView.swift
/Users/admin/builder/spi-builder-workspace/UUSwiftUX/UULinkTapGestureHandler.swift:10:8: error: no such module 'UIKit'
8 | //
9 |
10 | import UIKit
| `- error: no such module 'UIKit'
11 |
12 | /**
[57/58] Compiling UUSwiftUX UUCircularView.swift
/Users/admin/builder/spi-builder-workspace/UUSwiftUX/UULinkTapGestureHandler.swift:10:8: error: no such module 'UIKit'
8 | //
9 |
10 | import UIKit
| `- error: no such module 'UIKit'
11 |
12 | /**
[58/58] Compiling UUSwiftUX UUViewController.swift
/Users/admin/builder/spi-builder-workspace/UUSwiftUX/UULinkTapGestureHandler.swift:10:8: error: no such module 'UIKit'
8 | //
9 |
10 | import UIKit
| `- error: no such module 'UIKit'
11 |
12 | /**
BUILD FAILURE 6.3 macosSpm