Build Information
Failed to build AppLogger, reference 1.1.2 (f68563), with Swift 6.1 for watchOS using Xcode 16.3 on 27 Sep 2026 15:18:34 UTC.
Build Command
No build command. This typically means the build failed at an early stage where we determine the build command.Build Log
========================================
RunAll
========================================
Builder version: 5.1.0
Interrupt handler set up.
========================================
Checkout
========================================
Clone URL: https://github.com/thatfactory/applogger.git
Reference: 1.1.2
Initialized empty Git repository in /Users/admin/builder/spi-builder-workspace/.git/
From https://github.com/thatfactory/applogger
* tag 1.1.2 -> FETCH_HEAD
HEAD is now at f68563e Adopt Agent Guidelines 0.0.33 (#8)
Cloned https://github.com/thatfactory/applogger.git
Revision (git rev-parse @):
f68563eedef638129318ba47f42643beec558d6f
SUCCESS checkout https://github.com/thatfactory/applogger.git at 1.1.2
========================================
Build
========================================
Selected platform: watchOS
Swift version: 6.1
Building package at path: $PWD
https://github.com/thatfactory/applogger.git
https://github.com/thatfactory/applogger.git
error: 'spi-builder-workspace': package 'spi-builder-workspace' is using Swift tools version 6.4.0 but the installed version is 6.1.0
error: fatalError
Command line invocation:
/Applications/Xcode-16.3.0.app/Contents/Developer/usr/bin/xcodebuild -IDEClonedSourcePackagesDirPathOverride=/Users/admin/builder/spi-builder-workspace/.dependencies -resolvePackageDependencies
Resolve Package Graph
package 'spi-builder-workspace' is using Swift tools version 6.4.0 but the installed version is 6.1.0
Resolved source packages:
spi-builder-workspace: (null)
2026-09-27 08:18:33.237 xcodebuild[504:2899] Writing error result bundle to /var/folders/5k/5yc19ymj0jqd5v0zvgfqz0xw0000gn/T/ResultBundle_2026-27-09_08-18-0033.xcresult
xcodebuild: error: Could not resolve package dependencies:
package 'spi-builder-workspace' is using Swift tools version 6.4.0 but the installed version is 6.1.0
Command line invocation:
/Applications/Xcode-16.3.0.app/Contents/Developer/usr/bin/xcodebuild -IDEClonedSourcePackagesDirPathOverride=/Users/admin/builder/spi-builder-workspace/.dependencies -resolvePackageDependencies
Resolve Package Graph
package 'spi-builder-workspace' is using Swift tools version 6.4.0 but the installed version is 6.1.0
Resolved source packages:
spi-builder-workspace: (null)
2026-09-27 08:18:33.971 xcodebuild[513:3005] Writing error result bundle to /var/folders/5k/5yc19ymj0jqd5v0zvgfqz0xw0000gn/T/ResultBundle_2026-27-09_08-18-0033.xcresult
xcodebuild: error: Could not resolve package dependencies:
package 'spi-builder-workspace' is using Swift tools version 6.4.0 but the installed version is 6.1.0
BUILD FAILURE 6.1 watchOS