Build Information
Failed to build UserDefaultsKit, reference main (8e218e), with Swift 6.2 for iOS using Xcode 26.3 on 9 Oct 2026 07:34:03 UTC.
Build Command
No build command. This typically means the build failed at an early stage where we determine the build command.Build Log
========================================
RunAll
========================================
Builder version: 5.1.1
Interrupt handler set up.
========================================
Checkout
========================================
Clone URL: https://github.com/sinoru/swift-user-defaults-kit.git
Reference: main
Initialized empty Git repository in /Users/admin/builder/spi-builder-workspace/.git/
From https://github.com/sinoru/swift-user-defaults-kit
* branch main -> FETCH_HEAD
* [new branch] main -> origin/main
HEAD is now at 8e218ee Date the 1.0.0 note, and point the install snippet at it
Cloned https://github.com/sinoru/swift-user-defaults-kit.git
Revision (git rev-parse @):
8e218ee7100fa9e95190165f01d131e09a260fc7
SPI manifest file found: $PWD/.spi.yml
SUCCESS checkout https://github.com/sinoru/swift-user-defaults-kit.git at main
========================================
Build
========================================
Selected platform: iOS
Swift version: 6.2
Building package at path: $PWD
https://github.com/sinoru/swift-user-defaults-kit.git
Command line invocation:
/Applications/Xcode-26.3.0.app/Contents/Developer/usr/bin/xcodebuild -IDEClonedSourcePackagesDirPathOverride=/Users/admin/builder/spi-builder-workspace/.dependencies -resolvePackageDependencies
Resolve Package Graph
package 'spi-builder-workspace' is using Swift tools version 6.3.0 but the installed version is 6.2.4
Resolved source packages:
spi-builder-workspace: (null)
2026-10-09 03:34:02.850 xcodebuild[533:3052] Writing error result bundle to /var/folders/xq/y_g06wb113726d38xsyx71_h0000gn/T/ResultBundle_2026-09-10_03-34-0002.xcresult
xcodebuild: error: Could not resolve package dependencies:
package 'spi-builder-workspace' is using Swift tools version 6.3.0 but the installed version is 6.2.4
Command line invocation:
/Applications/Xcode-26.3.0.app/Contents/Developer/usr/bin/xcodebuild -IDEClonedSourcePackagesDirPathOverride=/Users/admin/builder/spi-builder-workspace/.dependencies -resolvePackageDependencies
Resolve Package Graph
package 'spi-builder-workspace' is using Swift tools version 6.3.0 but the installed version is 6.2.4
Resolved source packages:
spi-builder-workspace: (null)
2026-10-09 03:34:03.741 xcodebuild[597:3588] Writing error result bundle to /var/folders/xq/y_g06wb113726d38xsyx71_h0000gn/T/ResultBundle_2026-09-10_03-34-0003.xcresult
xcodebuild: error: Could not resolve package dependencies:
package 'spi-builder-workspace' is using Swift tools version 6.3.0 but the installed version is 6.2.4
BUILD FAILURE 6.2 iOS