The Swift Package Index logo.Swift Package Index

Build Information

Failed to build SwiftExtensionsPack, reference 2.11.0 (7a424f), with Swift 6.3 for Wasm on 9 Oct 2026 21:59:31 UTC.

Build Command

bash -c docker run --pull=always --rm -v "checkouts-54344849-0":/host -w "$PWD" -e JAVA_HOME="/root/.sdkman/candidates/java/current" -e SPI_BUILD="1" -e SPI_PROCESSING="1" registry.gitlab.com/saguaro1/spi-images:wasm-6.3-latest swift build --swift-sdk swift-6.3.2-RELEASE_wasm 2>&1

Build Log

========================================
RunAll
========================================
Builder version: 5.1.1
Interrupt handler set up.
========================================
Checkout
========================================
Clone URL: https://github.com/nerzh/swift-extensions-pack.git
Reference: 2.11.0
Initialized empty Git repository in /host/spi-builder-workspace/.git/
hint: Using 'master' as the name for the initial branch. This default branch name
hint: is subject to change. To configure the initial branch name to use in all
hint: of your new repositories, which will suppress this warning, call:
hint:
hint: 	git config --global init.defaultBranch <name>
hint:
hint: Names commonly chosen instead of 'master' are 'main', 'trunk' and
hint: 'development'. The just-created branch can be renamed via this command:
hint:
hint: 	git branch -m <name>
From https://github.com/nerzh/swift-extensions-pack
 * tag               2.11.0     -> FETCH_HEAD
HEAD is now at 7a424f3 Add cross-platform streaming SHA-256 API
Cloned https://github.com/nerzh/swift-extensions-pack.git
Revision (git rev-parse @):
7a424f38a2239800923aade766f19b0ff72da7e3
SUCCESS checkout https://github.com/nerzh/swift-extensions-pack.git at 2.11.0
========================================
Build
========================================
Selected platform:         wasm
Swift version:             6.3
Building package at path:  $PWD
https://github.com/nerzh/swift-extensions-pack.git
Running build ...
bash -c docker run --pull=always --rm -v "checkouts-54344849-0":/host -w "$PWD" -e JAVA_HOME="/root/.sdkman/candidates/java/current" -e SPI_BUILD="1" -e SPI_PROCESSING="1" registry.gitlab.com/saguaro1/spi-images:wasm-6.3-latest swift build --swift-sdk swift-6.3.2-RELEASE_wasm 2>&1
wasm-6.3-latest: Pulling from saguaro1/spi-images
Digest: sha256:df2e9038ff906af397ec7b7e13902ccb183f8867606bc33419e44453a9abdb4b
Status: Image is up to date for registry.gitlab.com/saguaro1/spi-images:wasm-6.3-latest
Fetching https://github.com/bytehubio/ed25519
Fetching https://github.com/apple/swift-crypto
Fetching https://github.com/nerzh/swift-regular-expression
[1/61] Fetching swift-regular-expression
[62/18681] Fetching swift-regular-expression, swift-crypto
[621/18885] Fetching swift-regular-expression, swift-crypto, ed25519
Fetched https://github.com/nerzh/swift-regular-expression from cache (1.21s)
Fetched https://github.com/bytehubio/ed25519 from cache (1.21s)
Fetched https://github.com/apple/swift-crypto from cache (1.22s)
Computing version for https://github.com/bytehubio/ed25519
Computed https://github.com/bytehubio/ed25519 at 1.1.0 (1.37s)
Computing version for https://github.com/apple/swift-crypto
Computed https://github.com/apple/swift-crypto at 5.0.0 (0.95s)
Fetching https://github.com/apple/swift-asn1.git
[1/2009] Fetching swift-asn1
Fetched https://github.com/apple/swift-asn1.git from cache (0.39s)
Computing version for https://github.com/nerzh/swift-regular-expression
Computed https://github.com/nerzh/swift-regular-expression at 0.2.4 (1.26s)
Computing version for https://github.com/apple/swift-asn1.git
Computed https://github.com/apple/swift-asn1.git at 1.7.3 (0.18s)
Creating working copy for https://github.com/bytehubio/ed25519
Working copy of https://github.com/bytehubio/ed25519 resolved at 1.1.0
Creating working copy for https://github.com/apple/swift-asn1.git
Working copy of https://github.com/apple/swift-asn1.git resolved at 1.7.3
Creating working copy for https://github.com/nerzh/swift-regular-expression
Working copy of https://github.com/nerzh/swift-regular-expression resolved at 0.2.4
Creating working copy for https://github.com/apple/swift-crypto
Working copy of https://github.com/apple/swift-crypto resolved at 5.0.0
Building for debugging...
[0/390] Compiling CEd25519 keypair.c
[0/390] Compiling CEd25519 convert.c
[2/390] Write sources
[3/390] Compiling CEd25519 add_scalar.c
[4/390] Write sources
[10/390] Compiling CEd25519 ge.c
[11/390] Compiling CXKCPShims shims.c
[12/390] Compiling SimpleFIPS202.c
[13/390] Compiling KeccakSponge.c
[14/390] Compiling CEd25519 key_exchange.c
[15/390] Compiling KeccakHash.c
[16/390] Write swift-version-24593BA9C3E375BF.txt
[17/390] Compiling CEd25519 fe.c
[18/390] Compiling CEd25519 verify.c
[19/390] Compiling CEd25519 sign.c
[20/390] Compiling CEd25519 sc.c
[21/390] Compiling CEd25519 seed.c
[22/390] Compiling CEd25519 sha512.c
[23/390] Compiling fiat_p256_adx_sqr.S
[24/390] Compiling fiat_curve25519_adx_square.S
[25/390] Compiling fiat_curve25519_adx_mul.S
[26/390] Compiling fiat_p256_adx_mul.S
[27/405] Compiling md5-x86_64-linux.S
[28/415] Compiling md5-586-apple.S
[29/415] Compiling md5-586-linux.S
[30/415] Compiling md5-x86_64-apple.S
[31/415] Compiling chacha20_poly1305_x86_64-apple.S
[32/415] Compiling chacha20_poly1305_x86_64-linux.S
[33/415] Compiling chacha20_poly1305_armv8-win.S
[34/415] Compiling chacha20_poly1305_armv8-linux.S
[35/415] Compiling chacha20_poly1305_armv8-apple.S
[36/415] Compiling chacha-x86_64-linux.S
[37/415] Compiling chacha-x86-apple.S
[38/415] Compiling chacha-x86_64-apple.S
[39/415] Compiling chacha-x86-linux.S
[40/415] Compiling chacha-armv8-win.S
[41/415] Compiling chacha-armv8-linux.S
[42/415] Compiling chacha-armv8-apple.S
[43/415] Compiling chacha-armv4-linux.S
[44/415] Compiling aes128gcmsiv-x86_64-linux.S
[45/415] Compiling aes128gcmsiv-x86_64-apple.S
[46/415] Compiling x86_64-mont5-linux.S
[47/415] Compiling x86_64-mont5-apple.S
[48/415] Compiling x86_64-mont-apple.S
[49/415] Compiling x86_64-mont-linux.S
[50/415] Compiling x86-mont-linux.S
[51/415] Compiling vpaes-x86_64-linux.S
[52/415] Compiling x86-mont-apple.S
[53/415] Compiling vpaes-x86_64-apple.S
[54/415] Compiling vpaes-x86-linux.S
[55/415] Compiling vpaes-x86-apple.S
[56/415] Compiling err_data.cc
[57/415] Compiling vpaes-armv8-win.S
[58/415] Compiling vpaes-armv8-linux.S
[59/415] Compiling vpaes-armv8-apple.S
[60/415] Compiling sha512-armv8-win.S
[61/415] Compiling vpaes-armv7-linux.S
[62/415] Compiling sha512-x86_64-linux.S
[63/415] Compiling sha512-x86_64-apple.S
[64/415] Compiling sha512-armv8-apple.S
[65/415] Compiling sha512-armv8-linux.S
[66/415] Compiling sha512-armv4-linux.S
[67/415] Compiling sha512-586-linux.S
[68/415] Compiling sha512-586-apple.S
[69/415] Compiling sha256-x86_64-linux.S
[70/415] Compiling sha256-x86_64-apple.S
[71/415] Compiling sha256-armv8-win.S
[72/415] Compiling sha256-armv8-linux.S
[73/415] Compiling sha256-armv4-linux.S
[74/415] Compiling sha256-586-linux.S
[75/415] Compiling sha256-armv8-apple.S
[76/415] Compiling sha1-x86_64-apple.S
[76/415] Compiling sha256-586-apple.S
[78/415] Compiling sha1-armv8-win.S
[79/415] Compiling sha1-x86_64-linux.S
[80/415] Compiling sha1-armv8-linux.S
[81/415] Compiling sha1-armv8-apple.S
[82/415] Compiling sha1-armv4-large-linux.S
[83/415] Compiling sha1-586-linux.S
[84/415] Compiling sha1-586-apple.S
[85/415] Compiling rsaz-avx2-linux.S
[86/415] Compiling rdrand-x86_64-linux.S
[87/415] Compiling rsaz-avx2-apple.S
[88/415] Compiling rdrand-x86_64-apple.S
[89/415] Compiling p256_beeu-x86_64-asm-linux.S
[90/415] Compiling p256_beeu-armv8-asm-win.S
[91/415] Compiling p256_beeu-x86_64-asm-apple.S
[92/415] Compiling p256_beeu-armv8-asm-linux.S
[93/415] Compiling p256_beeu-armv8-asm-apple.S
[94/415] Compiling p256-x86_64-asm-linux.S
[95/415] Compiling p256-armv8-asm-win.S
[96/415] Compiling p256-x86_64-asm-apple.S
[97/415] Compiling p256-armv8-asm-linux.S
[98/415] Compiling p256-armv8-asm-apple.S
[99/415] Compiling ghashv8-armv8-win.S
[100/415] Compiling ghashv8-armv8-linux.S
[101/415] Compiling ghashv8-armv8-apple.S
[102/415] Compiling ghashv8-armv7-linux.S
[103/415] Compiling ghash-x86_64-linux.S
[104/415] Compiling ghash-x86_64-apple.S
[105/415] Compiling ghash-x86-linux.S
[106/415] Compiling ghash-x86-apple.S
[107/415] Compiling ghash-ssse3-x86_64-linux.S
[108/415] Compiling ghash-ssse3-x86_64-apple.S
[109/415] Compiling ghash-ssse3-x86-linux.S
[110/415] Compiling ghash-ssse3-x86-apple.S
[111/415] Compiling ghash-neon-armv8-win.S
[112/415] Compiling ghash-neon-armv8-linux.S
[113/415] Compiling ghash-neon-armv8-apple.S
[114/415] Compiling ghash-armv4-linux.S
[115/415] Compiling co-586-linux.S
[116/415] Compiling bn-armv8-win.S
[117/415] Compiling co-586-apple.S
[118/415] Compiling bsaes-armv7-linux.S
[119/415] Compiling bn-armv8-linux.S
[120/415] Compiling bn-armv8-apple.S
[121/415] Compiling bn-586-linux.S
[122/415] Compiling bn-586-apple.S
[123/415] Compiling armv8-mont-win.S
[124/415] Compiling armv8-mont-linux.S
[125/415] Compiling armv8-mont-apple.S
[126/415] Compiling aesv8-gcm-armv8-linux.S
[127/415] Compiling aesv8-gcm-armv8-win.S
[128/415] Compiling armv4-mont-linux.S
[129/415] Compiling aesv8-armv8-linux.S
[130/415] Compiling aesv8-gcm-armv8-apple.S
[131/415] Compiling aesv8-armv8-win.S
[132/415] Compiling aesv8-armv8-apple.S
[133/415] Compiling aesv8-armv7-linux.S
[134/415] Compiling aesni-x86_64-apple.S
[135/415] Compiling aesni-x86_64-linux.S
[136/415] Compiling aesni-x86-linux.S
[137/415] Compiling aesni-x86-apple.S
[138/415] Compiling aesni-gcm-x86_64-linux.S
[139/415] Compiling aes-gcm-avx512-x86_64-linux.S
[140/415] Compiling aesni-gcm-x86_64-apple.S
[141/415] Compiling aes-gcm-avx512-x86_64-apple.S
[142/415] Compiling aes-gcm-avx2-x86_64-linux.S
[143/415] Compiling aes-gcm-avx2-x86_64-apple.S
[144/415] Compiling xwing.cc
[145/415] Compiling x_spki.cc
[146/415] Compiling x_x509.cc
[147/415] Compiling x_x509a.cc
[149/415] Emitting module SwiftASN1
[149/417] Compiling x_req.cc
[150/417] Compiling x_sig.cc
[151/417] Compiling x_name.cc
[152/417] Compiling x_pubkey.cc
[154/417] Compiling Ed25519 KeyPair.swift
[155/417] Compiling SwiftASN1 ASN1Integer.swift
[156/417] Compiling SwiftASN1 ASN1Null.swift
[157/417] Compiling SwiftASN1 TimeUtilities.swift
[158/417] Compiling SwiftASN1 UTCTime.swift
[159/417] Emitting module Ed25519
[160/417] Compiling Ed25519 Error.swift
[160/417] Compiling x_exten.cc
[162/417] Compiling SwiftASN1 ASN1OctetString.swift
[163/417] Compiling SwiftASN1 ASN1Strings.swift
[164/417] Compiling SwiftASN1 ArraySliceBigint.swift
[165/417] Compiling SwiftASN1 GeneralizedTime.swift
[166/417] Compiling SwiftASN1 ASN1BitString.swift
[167/417] Compiling SwiftASN1 ASN1Boolean.swift
[168/417] Compiling SwiftASN1 ASN1Identifier.swift
[169/417] Compiling Ed25519 Seed.swift
[170/417] Compiling Ed25519 PublicKey.swift
[171/417] Compiling Ed25519 PrivateKey.swift
[172/418] Compiling SwiftASN1 DER.swift
[173/418] Compiling SwiftASN1 Errors.swift
[174/418] Compiling x_crl.cc
[175/418] Compiling x_attrib.cc
[176/418] Compiling x_all.cc
[177/418] Compiling x509spki.cc
[178/418] Compiling x_algor.cc
[180/418] Compiling SwiftASN1 ObjectIdentifier.swift
[181/418] Compiling SwiftASN1 PEMDocument.swift
[182/418] Compiling SwiftASN1 ASN1.swift
[183/418] Compiling SwiftASN1 BER.swift
[184/418] Compiling SwiftASN1 ASN1Any.swift
[184/419] Compiling x509rset.cc
[186/419] Compiling x509name.cc
[188/419] Compiling SwiftRegularExpression String+Regexp.swift
[189/419] Emitting module SwiftRegularExpression
[190/420] Compiling x509cset.cc
[191/420] Compiling x509_vpm.cc
[192/420] Compiling x509_vfy.cc
[193/420] Compiling x509_v3.cc
[194/420] Compiling x509_txt.cc
[195/420] Compiling x509_trs.cc
[196/420] Compiling x509_set.cc
[197/420] Compiling KeccakP-1600-opt64.c
[198/420] Compiling x509_obj.cc
[199/420] Compiling x509_req.cc
[200/420] Compiling x509_ext.cc
[201/420] Compiling x509_def.cc
[202/420] Compiling x509_lu.cc
[203/420] Compiling x509_d2.cc
[204/420] Compiling x509_att.cc
[205/420] Compiling x509_cmp.cc
[206/420] Compiling x509.cc
[207/420] Compiling v3_utl.cc
[208/420] Compiling v3_skey.cc
[209/420] Compiling v3_prn.cc
[210/420] Compiling v3_purp.cc
[211/420] Compiling v3_pmaps.cc
[212/420] Compiling v3_pcons.cc
[213/420] Compiling v3_ocsp.cc
[214/420] Compiling v3_ncons.cc
[215/420] Compiling v3_int.cc
[216/420] Compiling v3_lib.cc
[217/420] Compiling v3_ia5.cc
[218/420] Compiling v3_info.cc
[219/420] Compiling v3_genn.cc
[220/420] Compiling v3_enum.cc
[220/420] Compiling v3_extku.cc
[222/420] Compiling v3_crld.cc
[223/420] Compiling v3_cpols.cc
[224/420] Compiling v3_conf.cc
[225/420] Compiling v3_bitst.cc
[226/420] Compiling v3_bcons.cc
[227/420] Compiling v3_alt.cc
[228/420] Compiling v3_akeya.cc
[229/420] Compiling v3_akey.cc
[230/420] Compiling t_x509a.cc
[231/420] Compiling t_x509.cc
[232/420] Compiling t_crl.cc
[233/420] Compiling t_req.cc
[234/420] Compiling rsa_pss.cc
[235/420] Compiling i2d_pr.cc
[236/420] Compiling policy.cc
[237/420] Compiling name_print.cc
[238/420] Compiling by_file.cc
[239/420] Compiling algorithm.cc
[240/420] Compiling by_dir.cc
[241/420] Compiling asn1_gen.cc
[242/420] Compiling a_verify.cc
[243/420] Compiling a_digest.cc
[244/420] Compiling a_sign.cc
[245/420] Compiling voprf.cc
[246/420] Compiling thread_win.cc
[247/420] Compiling thread_pthread.cc
[248/420] Compiling thread_none.cc
[249/420] Compiling thread.cc
[250/420] Compiling trust_token.cc
[251/420] Compiling stack.cc
[252/420] Compiling pmbtoken.cc
[253/420] Compiling siphash.cc
[254/420] Compiling spake2plus.cc
[255/420] Compiling sha512.cc
[256/420] Compiling sha256.cc
[257/420] Compiling slhdsa.cc
[258/420] Compiling sha1.cc
[259/420] Compiling rsa_print.cc
[260/420] Compiling rsa_extra.cc
[261/420] Compiling rc4.cc
[262/420] Compiling refcount.cc
[263/420] Compiling rsa_crypt.cc
[264/420] Compiling windows.cc
[264/420] Compiling trusty.cc
[265/420] Compiling urandom.cc
[267/420] Compiling rand.cc
[268/420] Compiling rsa_asn1.cc
[269/420] Compiling ios.cc
[270/420] Compiling passive.cc
[271/420] Compiling getentropy.cc
[272/420] Compiling poly1305_arm_asm.S
[273/420] Compiling deterministic.cc
[274/420] Compiling fork_detect.cc
[275/420] Compiling forkunsafe.cc
[276/420] Compiling poly1305_vec.cc
[277/420] Compiling pool.cc
[278/420] Compiling poly1305_arm.cc
[279/420] Compiling poly1305.cc
[280/420] Compiling pkcs8.cc
[281/420] Compiling p5_pbev2.cc
[282/420] Compiling pkcs8_x509.cc
[283/420] Compiling pkcs7_x509.cc
[284/420] Compiling pkcs7.cc
[285/420] Compiling pem_xaux.cc
[286/420] Compiling pem_x509.cc
[287/420] Compiling pem_pkey.cc
[288/420] Compiling pem_pk8.cc
[288/420] Compiling pem_oth.cc
[290/420] Compiling mlkem.cc
[291/420] Compiling pem_lib.cc
[292/420] Compiling pem_info.cc
[293/420] Compiling obj_xref.cc
[294/420] Compiling pem_all.cc
[295/420] Compiling obj.cc
[296/420] Compiling poly_rq_mul.S
[297/420] Compiling mldsa.cc
[298/420] Compiling mem.cc
[299/420] Compiling fips_shared_support.cc
[300/420] Compiling lhash.cc
[301/420] Compiling md5.cc
[302/420] Compiling hrss.cc
[303/420] Compiling md4.cc
[304/420] Compiling kyber.cc
[305/420] Compiling fuzzer_mode.cc
[306/420] Compiling ex_data.cc
[307/420] Compiling hpke.cc
[308/420] Compiling scrypt.cc
[309/420] Compiling print.cc
[310/420] Compiling pbkdf.cc
[311/420] Compiling sign.cc
[312/420] Compiling p_x25519_asn1.cc
[313/420] Compiling p_x25519.cc
[314/420] Compiling p_rsa_asn1.cc
[315/420] Compiling p_hkdf.cc
[316/420] Compiling p_ed25519_asn1.cc
[317/420] Compiling p_rsa.cc
[318/420] Compiling p_ed25519.cc
[319/420] Compiling p_ec_asn1.cc
[320/420] Compiling p_ec.cc
[321/420] Compiling p_dh_asn1.cc
[322/420] Compiling p_dh.cc
[323/420] Compiling p_dsa_asn1.cc
[324/420] Compiling evp_ctx.cc
[325/420] Compiling evp_asn1.cc
[326/420] Compiling err.cc
[327/420] Compiling evp.cc
[328/420] Compiling engine.cc
[329/420] Compiling ecdsa_p1363.cc
[330/420] Compiling ecdh.cc
[331/420] Compiling ecdsa_asn1.cc
[332/420] Compiling ec_derive.cc
[333/420] Compiling hash_to_curve.cc
[334/420] Compiling dsa.cc
[335/420] Compiling dsa_asn1.cc
[336/420] Compiling ec_asn1.cc
[337/420] Compiling bcm.cc
[338/420] Compiling x25519-asm-arm.S
[339/420] Compiling digest_extra.cc
[340/420] Compiling params.cc
[341/420] Compiling dh_asn1.cc
[342/420] Compiling des.cc
[343/420] Compiling curve25519_64_adx.cc
[344/420] Compiling cpu_intel.cc
[345/420] Compiling spake25519.cc
[346/420] Compiling crypto.cc
[347/420] Compiling cpu_arm_linux.cc
[348/420] Compiling curve25519.cc
[349/420] Compiling cpu_arm_freebsd.cc
[350/420] Compiling cpu_aarch64_win.cc
[351/420] Compiling cpu_aarch64_sysreg.cc
[352/420] Compiling cpu_aarch64_openbsd.cc
[353/420] Compiling cpu_aarch64_linux.cc
[354/420] Compiling cpu_aarch64_fuchsia.cc
[355/420] Compiling cpu_aarch64_apple.cc
[356/420] Compiling conf.cc
[357/420] Compiling tls_cbc.cc
[358/420] Compiling get_cipher.cc
[359/420] Compiling e_tls.cc
[360/420] Compiling e_rc4.cc
[361/420] Compiling cms.cc
[362/420] Compiling e_null.cc
[363/420] Compiling e_rc2.cc
[364/420] Compiling e_des.cc
[365/420] Compiling e_chacha20poly1305.cc
[366/420] Compiling e_aesgcmsiv.cc
[367/420] Compiling e_aesctrhmac.cc
[368/420] Compiling chacha.cc
[369/420] Compiling derive_key.cc
[370/420] Compiling e_aeseax.cc
[371/420] Compiling unicode.cc
[372/420] Compiling cbb.cc
[373/420] Compiling ber.cc
[373/420] Compiling buf.cc
[375/420] Compiling cbs.cc
[376/420] Compiling sqrt.cc
[377/420] Compiling exponentiation.cc
[378/420] Compiling asn1_compat.cc
[379/420] Compiling div.cc
[380/420] Compiling printf.cc
[381/420] Compiling pair.cc
[382/420] Compiling blake2.cc
[383/420] Compiling hexdump.cc
[384/420] Compiling convert.cc
[385/420] Compiling file.cc
[386/420] Compiling errno.cc
[387/420] Compiling fd.cc
[388/420] Compiling bn_asn1.cc
[389/420] Compiling bio_mem.cc
[390/420] Compiling bio.cc
[391/420] Compiling base64.cc
[392/420] Compiling tasn_typ.cc
[393/420] Compiling tasn_new.cc
[394/420] Compiling tasn_fre.cc
[395/420] Compiling tasn_enc.cc
[396/420] Compiling tasn_utl.cc
[397/420] Compiling tasn_dec.cc
[398/420] Compiling f_string.cc
[399/420] Compiling posix_time.cc
[400/420] Compiling f_int.cc
[401/420] Compiling asn_pack.cc
[402/420] Compiling asn1_par.cc
[403/420] Compiling a_utctm.cc
[404/420] Compiling asn1_lib.cc
[405/420] Compiling a_octet.cc
[406/420] Compiling a_strnid.cc
[407/420] Compiling a_time.cc
[408/420] Compiling a_type.cc
[409/420] Compiling a_strex.cc
[410/420] Compiling a_object.cc
[411/420] Compiling a_mbstr.cc
[412/420] Compiling a_int.cc
[413/420] Compiling a_i2d_fp.cc
[414/420] Compiling a_dup.cc
[415/420] Compiling a_d2i_fp.cc
[416/420] Compiling a_gentm.cc
[417/420] Compiling a_bool.cc
[418/420] Compiling aes.cc
[419/420] Compiling a_bitstr.cc
[421/428] Compiling CryptoBoringWrapper Data+Span.swift
[422/429] Compiling CryptoBoringWrapper CryptoKitErrors_boring.swift
[423/429] Compiling CryptoBoringWrapper RandomBytes.swift
[424/429] Compiling CryptoBoringWrapper ArbitraryPrecisionInteger.swift
[425/429] Compiling CryptoBoringWrapper BoringSSLAEAD.swift
[426/429] Compiling CryptoBoringWrapper EllipticCurve.swift
[427/429] Compiling CryptoBoringWrapper EllipticCurvePoint.swift
[428/429] Emitting module CryptoBoringWrapper
[429/429] Compiling CryptoBoringWrapper FiniteFieldArithmeticContext.swift
[431/516] Compiling Crypto HPKE-Utils.swift
[432/516] Compiling Crypto DHKEM.swift
[433/516] Compiling Crypto HPKE-KEM-Curve25519.swift
[434/516] Compiling Crypto HPKE-NIST-EC-KEMs.swift
[435/516] Compiling Crypto HPKE-KEM.swift
[436/516] Compiling Crypto HPKE-Errors.swift
[437/516] Compiling Crypto HPKE.swift
[438/516] Compiling Crypto HPKE-Context.swift
[439/516] Compiling Crypto HPKE-KeySchedule.swift
[440/516] Compiling Crypto HPKE-Modes.swift
[441/516] Compiling Crypto Insecure.swift
[442/516] Compiling Crypto Insecure_HashFunctions.swift
[443/528] Compiling Crypto AESWrap.swift
[444/528] Compiling Crypto AESWrap_boring.swift
[445/528] Compiling Crypto Ed25519_boring.swift
[446/528] Compiling Crypto NISTCurvesKeys_boring.swift
[447/528] Compiling Crypto X25519Keys_boring.swift
[448/528] Compiling Crypto Curve25519.swift
[449/528] Compiling Crypto Ed25519Keys.swift
[450/528] Compiling Crypto NISTCurvesKeys.swift
[451/528] Compiling Crypto X25519Keys.swift
[452/528] Compiling Crypto SymmetricKeys.swift
[453/528] Compiling Crypto HMAC.swift
[454/528] Compiling Crypto MACFunctions.swift
[455/528] Compiling Crypto Digest_boring.swift
[456/528] Compiling Crypto Digest.swift
[457/528] Compiling Crypto Digests.swift
[458/528] Compiling Crypto HashFunctions.swift
[459/528] Compiling Crypto HashFunctions_SHA2.swift
[460/528] Compiling Crypto HashFunctions_SHA3.swift
[461/528] Compiling Crypto Digest_xkcp.swift
[462/528] Compiling Crypto HPKE-AEAD.swift
[463/528] Compiling Crypto HPKE-Ciphersuite.swift
[464/528] Compiling Crypto HPKE-KDF.swift
[465/528] Compiling Crypto HPKE-KexKeyDerivation.swift
[466/528] Compiling Crypto HPKE-LabeledExtract.swift
[467/528] Compiling Crypto ASN1OctetString.swift
[468/528] Compiling Crypto ASN1Strings.swift
[469/528] Compiling Crypto ArraySliceBigint.swift
[470/528] Compiling Crypto GeneralizedTime.swift
[471/528] Compiling Crypto ObjectIdentifier.swift
[472/528] Compiling Crypto ECDSASignature.swift
[473/528] Compiling Crypto PEMDocument.swift
[474/528] Compiling Crypto PKCS8PrivateKey.swift
[475/528] Compiling Crypto SEC1PrivateKey.swift
[476/528] Compiling Crypto SubjectPublicKeyInfo.swift
[477/528] Compiling Crypto CryptoError_boring.swift
[478/528] Compiling Crypto CryptoKitErrors.swift
[479/528] Compiling Crypto AES-GCM.swift
[480/528] Compiling Crypto AES-GCM_boring.swift
[481/528] Compiling Crypto ChaChaPoly_boring.swift
[482/528] Compiling Crypto ChaChaPoly.swift
[483/528] Compiling Crypto Cipher.swift
[484/528] Compiling Crypto Nonces.swift
[485/528] Compiling Crypto ASN1.swift
[486/528] Compiling Crypto ASN1Any.swift
[487/528] Compiling Crypto ASN1BitString.swift
[488/528] Compiling Crypto ASN1Boolean.swift
[489/528] Compiling Crypto ASN1Identifier.swift
[490/528] Compiling Crypto ASN1Integer.swift
[491/528] Compiling Crypto ASN1Null.swift
[492/528] Compiling Crypto CryptoKitErrors_boring.swift
[493/528] Compiling Crypto InlineArray+withBytes_boring.swift
[494/528] Compiling Crypto Optional+withUnsafeBytes_boring.swift
[495/528] Compiling Crypto RNG_boring.swift
[496/528] Compiling Crypto SafeCompare_boring.swift
[497/528] Compiling Crypto Zeroization_boring.swift
[498/528] Compiling Crypto _CryptoModuleAnchor.swift
[499/528] Compiling Crypto Data+ArraySpan.swift
[500/528] Compiling Crypto PrettyBytes.swift
[501/528] Compiling Crypto SafeCompare.swift
[502/528] Compiling Crypto SecureBytes.swift
[503/528] Compiling Crypto Zeroization.swift
[504/528] Compiling Crypto MessageAuthenticationCode.swift
[505/528] Compiling Crypto AES.swift
[506/528] Compiling Crypto ECDSASignature_boring.swift
[507/528] Compiling Crypto ECDSA_boring.swift
[508/528] Compiling Crypto EdDSA_boring.swift
[509/528] Compiling Crypto MLDSA_boring.swift
[510/528] Compiling Crypto MLDSA_wrapper.swift
[511/528] Compiling Crypto ECDSA.swift
[512/528] Compiling Crypto Ed25519.swift
[513/528] Compiling Crypto MLDSA.swift
[514/528] Compiling Crypto Signature.swift
[515/528] Compiling Crypto ArraySpanHelpers.swift
[516/528] Emitting module Crypto
[517/528] Compiling Crypto MLKEM_boring.swift
[518/528] Compiling Crypto MLKEM_wrapper.swift
[519/528] Compiling Crypto XWing_boring.swift
[520/528] Compiling Crypto KEM-Errors.swift
[521/528] Compiling Crypto KEM.swift
[522/528] Compiling Crypto MLKEM.swift
[523/528] Compiling Crypto XWing.swift
[524/528] Compiling Crypto ECDH_boring.swift
[525/528] Compiling Crypto DH.swift
[526/528] Compiling Crypto ECDH.swift
[527/528] Compiling Crypto ANSIx963.swift
[528/528] Compiling Crypto HKDF.swift
error: emit-module command failed with exit code 1 (use -v to see invocation)
[530/591] Emitting module CryptoExtras
/host/spi-builder-workspace/.build/checkouts/swift-crypto/Sources/CryptoExtras/Util/ThreadSpecific/ThreadSpecific.swift:33:36: error: cannot find type 'ThreadOpsSystem' in scope
 31 |
 32 |     private final class Key {
 33 |         private var underlyingKey: ThreadOpsSystem.ThreadSpecificKey
    |                                    `- error: cannot find type 'ThreadOpsSystem' in scope
 34 |
 35 |         internal init(destructor: @escaping ThreadOpsSystem.ThreadSpecificKeyDestructor) {
/host/spi-builder-workspace/.build/checkouts/swift-crypto/Sources/CryptoExtras/Util/ThreadSpecific/ThreadSpecific.swift:35:45: error: cannot find type 'ThreadOpsSystem' in scope
 33 |         private var underlyingKey: ThreadOpsSystem.ThreadSpecificKey
 34 |
 35 |         internal init(destructor: @escaping ThreadOpsSystem.ThreadSpecificKeyDestructor) {
    |                                             `- error: cannot find type 'ThreadOpsSystem' in scope
 36 |             self.underlyingKey = ThreadOpsSystem.allocateThreadSpecificValue(destructor: destructor)
 37 |         }
/host/spi-builder-workspace/.build/checkouts/swift-crypto/Sources/CryptoExtras/Util/ThreadSpecific/ThreadSpecific.swift:35:35: error: '@escaping' only applies to function types
 33 |         private var underlyingKey: ThreadOpsSystem.ThreadSpecificKey
 34 |
 35 |         internal init(destructor: @escaping ThreadOpsSystem.ThreadSpecificKeyDestructor) {
    |                                   `- error: '@escaping' only applies to function types
 36 |             self.underlyingKey = ThreadOpsSystem.allocateThreadSpecificValue(destructor: destructor)
 37 |         }
[531/599] Compiling CryptoExtras PKCS8DERRepresentation.swift
[532/599] Compiling CryptoExtras PKCS8PrivateKey.swift
[533/599] Compiling CryptoExtras RFC8410AlgorithmIdentifier.swift
[534/599] Compiling CryptoExtras ECToolbox_boring.swift
[535/599] Compiling CryptoExtras ECToolbox.swift
[536/599] Compiling CryptoExtras HashToField.swift
[537/599] Compiling CryptoExtras KDF.swift
[538/599] Compiling CryptoExtras PBKDF2_boring.swift
[539/599] Compiling CryptoExtras PBKDF2_commoncrypto.swift
[540/599] Compiling CryptoExtras Data+Extensions.swift
[541/599] Compiling CryptoExtras DigestType.swift
[542/599] Compiling CryptoExtras Error.swift
[543/599] Compiling CryptoExtras I2OSP.swift
[544/599] Compiling CryptoExtras IntegerEncoding.swift
[545/599] Compiling CryptoExtras PEMDocument.swift
[546/599] Compiling CryptoExtras PrettyBytes.swift
[547/599] Compiling CryptoExtras SubjectPublicKeyInfo.swift
[548/599] Compiling CryptoExtras ThreadOps.swift
/host/spi-builder-workspace/.build/checkouts/swift-crypto/Sources/CryptoExtras/Util/ThreadSpecific/ThreadSpecific.swift:33:36: error: cannot find type 'ThreadOpsSystem' in scope
 31 |
 32 |     private final class Key {
 33 |         private var underlyingKey: ThreadOpsSystem.ThreadSpecificKey
    |                                    `- error: cannot find type 'ThreadOpsSystem' in scope
 34 |
 35 |         internal init(destructor: @escaping ThreadOpsSystem.ThreadSpecificKeyDestructor) {
/host/spi-builder-workspace/.build/checkouts/swift-crypto/Sources/CryptoExtras/Util/ThreadSpecific/ThreadSpecific.swift:35:45: error: cannot find type 'ThreadOpsSystem' in scope
 33 |         private var underlyingKey: ThreadOpsSystem.ThreadSpecificKey
 34 |
 35 |         internal init(destructor: @escaping ThreadOpsSystem.ThreadSpecificKeyDestructor) {
    |                                             `- error: cannot find type 'ThreadOpsSystem' in scope
 36 |             self.underlyingKey = ThreadOpsSystem.allocateThreadSpecificValue(destructor: destructor)
 37 |         }
/host/spi-builder-workspace/.build/checkouts/swift-crypto/Sources/CryptoExtras/Util/ThreadSpecific/ThreadSpecific.swift:35:35: error: '@escaping' only applies to function types
 33 |         private var underlyingKey: ThreadOpsSystem.ThreadSpecificKey
 34 |
 35 |         internal init(destructor: @escaping ThreadOpsSystem.ThreadSpecificKeyDestructor) {
    |                                   `- error: '@escaping' only applies to function types
 36 |             self.underlyingKey = ThreadOpsSystem.allocateThreadSpecificValue(destructor: destructor)
 37 |         }
/host/spi-builder-workspace/.build/checkouts/swift-crypto/Sources/CryptoExtras/Util/ThreadSpecific/ThreadSpecific.swift:36:34: error: cannot find 'ThreadOpsSystem' in scope
 34 |
 35 |         internal init(destructor: @escaping ThreadOpsSystem.ThreadSpecificKeyDestructor) {
 36 |             self.underlyingKey = ThreadOpsSystem.allocateThreadSpecificValue(destructor: destructor)
    |                                  `- error: cannot find 'ThreadOpsSystem' in scope
 37 |         }
 38 |
/host/spi-builder-workspace/.build/checkouts/swift-crypto/Sources/CryptoExtras/Util/ThreadSpecific/ThreadSpecific.swift:40:13: error: cannot find 'ThreadOpsSystem' in scope
 38 |
 39 |         deinit {
 40 |             ThreadOpsSystem.deallocateThreadSpecificValue(self.underlyingKey)
    |             `- error: cannot find 'ThreadOpsSystem' in scope
 41 |         }
 42 |
/host/spi-builder-workspace/.build/checkouts/swift-crypto/Sources/CryptoExtras/Util/ThreadSpecific/ThreadSpecific.swift:44:13: error: cannot find 'ThreadOpsSystem' in scope
 42 |
 43 |         func get() -> UnsafeMutableRawPointer? {
 44 |             ThreadOpsSystem.getThreadSpecificValue(self.underlyingKey)
    |             `- error: cannot find 'ThreadOpsSystem' in scope
 45 |         }
 46 |
/host/spi-builder-workspace/.build/checkouts/swift-crypto/Sources/CryptoExtras/Util/ThreadSpecific/ThreadSpecific.swift:48:13: error: cannot find 'ThreadOpsSystem' in scope
 46 |
 47 |         func set(value: UnsafeMutableRawPointer?) {
 48 |             ThreadOpsSystem.setThreadSpecificValue(key: self.underlyingKey, value: value)
    |             `- error: cannot find 'ThreadOpsSystem' in scope
 49 |         }
 50 |     }
[549/599] Compiling CryptoExtras ThreadPosix.swift
/host/spi-builder-workspace/.build/checkouts/swift-crypto/Sources/CryptoExtras/Util/ThreadSpecific/ThreadSpecific.swift:33:36: error: cannot find type 'ThreadOpsSystem' in scope
 31 |
 32 |     private final class Key {
 33 |         private var underlyingKey: ThreadOpsSystem.ThreadSpecificKey
    |                                    `- error: cannot find type 'ThreadOpsSystem' in scope
 34 |
 35 |         internal init(destructor: @escaping ThreadOpsSystem.ThreadSpecificKeyDestructor) {
/host/spi-builder-workspace/.build/checkouts/swift-crypto/Sources/CryptoExtras/Util/ThreadSpecific/ThreadSpecific.swift:35:45: error: cannot find type 'ThreadOpsSystem' in scope
 33 |         private var underlyingKey: ThreadOpsSystem.ThreadSpecificKey
 34 |
 35 |         internal init(destructor: @escaping ThreadOpsSystem.ThreadSpecificKeyDestructor) {
    |                                             `- error: cannot find type 'ThreadOpsSystem' in scope
 36 |             self.underlyingKey = ThreadOpsSystem.allocateThreadSpecificValue(destructor: destructor)
 37 |         }
/host/spi-builder-workspace/.build/checkouts/swift-crypto/Sources/CryptoExtras/Util/ThreadSpecific/ThreadSpecific.swift:35:35: error: '@escaping' only applies to function types
 33 |         private var underlyingKey: ThreadOpsSystem.ThreadSpecificKey
 34 |
 35 |         internal init(destructor: @escaping ThreadOpsSystem.ThreadSpecificKeyDestructor) {
    |                                   `- error: '@escaping' only applies to function types
 36 |             self.underlyingKey = ThreadOpsSystem.allocateThreadSpecificValue(destructor: destructor)
 37 |         }
/host/spi-builder-workspace/.build/checkouts/swift-crypto/Sources/CryptoExtras/Util/ThreadSpecific/ThreadSpecific.swift:36:34: error: cannot find 'ThreadOpsSystem' in scope
 34 |
 35 |         internal init(destructor: @escaping ThreadOpsSystem.ThreadSpecificKeyDestructor) {
 36 |             self.underlyingKey = ThreadOpsSystem.allocateThreadSpecificValue(destructor: destructor)
    |                                  `- error: cannot find 'ThreadOpsSystem' in scope
 37 |         }
 38 |
/host/spi-builder-workspace/.build/checkouts/swift-crypto/Sources/CryptoExtras/Util/ThreadSpecific/ThreadSpecific.swift:40:13: error: cannot find 'ThreadOpsSystem' in scope
 38 |
 39 |         deinit {
 40 |             ThreadOpsSystem.deallocateThreadSpecificValue(self.underlyingKey)
    |             `- error: cannot find 'ThreadOpsSystem' in scope
 41 |         }
 42 |
/host/spi-builder-workspace/.build/checkouts/swift-crypto/Sources/CryptoExtras/Util/ThreadSpecific/ThreadSpecific.swift:44:13: error: cannot find 'ThreadOpsSystem' in scope
 42 |
 43 |         func get() -> UnsafeMutableRawPointer? {
 44 |             ThreadOpsSystem.getThreadSpecificValue(self.underlyingKey)
    |             `- error: cannot find 'ThreadOpsSystem' in scope
 45 |         }
 46 |
/host/spi-builder-workspace/.build/checkouts/swift-crypto/Sources/CryptoExtras/Util/ThreadSpecific/ThreadSpecific.swift:48:13: error: cannot find 'ThreadOpsSystem' in scope
 46 |
 47 |         func set(value: UnsafeMutableRawPointer?) {
 48 |             ThreadOpsSystem.setThreadSpecificValue(key: self.underlyingKey, value: value)
    |             `- error: cannot find 'ThreadOpsSystem' in scope
 49 |         }
 50 |     }
[550/599] Compiling CryptoExtras ThreadSpecific.swift
/host/spi-builder-workspace/.build/checkouts/swift-crypto/Sources/CryptoExtras/Util/ThreadSpecific/ThreadSpecific.swift:33:36: error: cannot find type 'ThreadOpsSystem' in scope
 31 |
 32 |     private final class Key {
 33 |         private var underlyingKey: ThreadOpsSystem.ThreadSpecificKey
    |                                    `- error: cannot find type 'ThreadOpsSystem' in scope
 34 |
 35 |         internal init(destructor: @escaping ThreadOpsSystem.ThreadSpecificKeyDestructor) {
/host/spi-builder-workspace/.build/checkouts/swift-crypto/Sources/CryptoExtras/Util/ThreadSpecific/ThreadSpecific.swift:35:45: error: cannot find type 'ThreadOpsSystem' in scope
 33 |         private var underlyingKey: ThreadOpsSystem.ThreadSpecificKey
 34 |
 35 |         internal init(destructor: @escaping ThreadOpsSystem.ThreadSpecificKeyDestructor) {
    |                                             `- error: cannot find type 'ThreadOpsSystem' in scope
 36 |             self.underlyingKey = ThreadOpsSystem.allocateThreadSpecificValue(destructor: destructor)
 37 |         }
/host/spi-builder-workspace/.build/checkouts/swift-crypto/Sources/CryptoExtras/Util/ThreadSpecific/ThreadSpecific.swift:35:35: error: '@escaping' only applies to function types
 33 |         private var underlyingKey: ThreadOpsSystem.ThreadSpecificKey
 34 |
 35 |         internal init(destructor: @escaping ThreadOpsSystem.ThreadSpecificKeyDestructor) {
    |                                   `- error: '@escaping' only applies to function types
 36 |             self.underlyingKey = ThreadOpsSystem.allocateThreadSpecificValue(destructor: destructor)
 37 |         }
/host/spi-builder-workspace/.build/checkouts/swift-crypto/Sources/CryptoExtras/Util/ThreadSpecific/ThreadSpecific.swift:36:34: error: cannot find 'ThreadOpsSystem' in scope
 34 |
 35 |         internal init(destructor: @escaping ThreadOpsSystem.ThreadSpecificKeyDestructor) {
 36 |             self.underlyingKey = ThreadOpsSystem.allocateThreadSpecificValue(destructor: destructor)
    |                                  `- error: cannot find 'ThreadOpsSystem' in scope
 37 |         }
 38 |
/host/spi-builder-workspace/.build/checkouts/swift-crypto/Sources/CryptoExtras/Util/ThreadSpecific/ThreadSpecific.swift:40:13: error: cannot find 'ThreadOpsSystem' in scope
 38 |
 39 |         deinit {
 40 |             ThreadOpsSystem.deallocateThreadSpecificValue(self.underlyingKey)
    |             `- error: cannot find 'ThreadOpsSystem' in scope
 41 |         }
 42 |
/host/spi-builder-workspace/.build/checkouts/swift-crypto/Sources/CryptoExtras/Util/ThreadSpecific/ThreadSpecific.swift:44:13: error: cannot find 'ThreadOpsSystem' in scope
 42 |
 43 |         func get() -> UnsafeMutableRawPointer? {
 44 |             ThreadOpsSystem.getThreadSpecificValue(self.underlyingKey)
    |             `- error: cannot find 'ThreadOpsSystem' in scope
 45 |         }
 46 |
/host/spi-builder-workspace/.build/checkouts/swift-crypto/Sources/CryptoExtras/Util/ThreadSpecific/ThreadSpecific.swift:48:13: error: cannot find 'ThreadOpsSystem' in scope
 46 |
 47 |         func set(value: UnsafeMutableRawPointer?) {
 48 |             ThreadOpsSystem.setThreadSpecificValue(key: self.underlyingKey, value: value)
    |             `- error: cannot find 'ThreadOpsSystem' in scope
 49 |         }
 50 |     }
[551/599] Compiling CryptoExtras ThreadWindows.swift
/host/spi-builder-workspace/.build/checkouts/swift-crypto/Sources/CryptoExtras/Util/ThreadSpecific/ThreadSpecific.swift:33:36: error: cannot find type 'ThreadOpsSystem' in scope
 31 |
 32 |     private final class Key {
 33 |         private var underlyingKey: ThreadOpsSystem.ThreadSpecificKey
    |                                    `- error: cannot find type 'ThreadOpsSystem' in scope
 34 |
 35 |         internal init(destructor: @escaping ThreadOpsSystem.ThreadSpecificKeyDestructor) {
/host/spi-builder-workspace/.build/checkouts/swift-crypto/Sources/CryptoExtras/Util/ThreadSpecific/ThreadSpecific.swift:35:45: error: cannot find type 'ThreadOpsSystem' in scope
 33 |         private var underlyingKey: ThreadOpsSystem.ThreadSpecificKey
 34 |
 35 |         internal init(destructor: @escaping ThreadOpsSystem.ThreadSpecificKeyDestructor) {
    |                                             `- error: cannot find type 'ThreadOpsSystem' in scope
 36 |             self.underlyingKey = ThreadOpsSystem.allocateThreadSpecificValue(destructor: destructor)
 37 |         }
/host/spi-builder-workspace/.build/checkouts/swift-crypto/Sources/CryptoExtras/Util/ThreadSpecific/ThreadSpecific.swift:35:35: error: '@escaping' only applies to function types
 33 |         private var underlyingKey: ThreadOpsSystem.ThreadSpecificKey
 34 |
 35 |         internal init(destructor: @escaping ThreadOpsSystem.ThreadSpecificKeyDestructor) {
    |                                   `- error: '@escaping' only applies to function types
 36 |             self.underlyingKey = ThreadOpsSystem.allocateThreadSpecificValue(destructor: destructor)
 37 |         }
/host/spi-builder-workspace/.build/checkouts/swift-crypto/Sources/CryptoExtras/Util/ThreadSpecific/ThreadSpecific.swift:36:34: error: cannot find 'ThreadOpsSystem' in scope
 34 |
 35 |         internal init(destructor: @escaping ThreadOpsSystem.ThreadSpecificKeyDestructor) {
 36 |             self.underlyingKey = ThreadOpsSystem.allocateThreadSpecificValue(destructor: destructor)
    |                                  `- error: cannot find 'ThreadOpsSystem' in scope
 37 |         }
 38 |
/host/spi-builder-workspace/.build/checkouts/swift-crypto/Sources/CryptoExtras/Util/ThreadSpecific/ThreadSpecific.swift:40:13: error: cannot find 'ThreadOpsSystem' in scope
 38 |
 39 |         deinit {
 40 |             ThreadOpsSystem.deallocateThreadSpecificValue(self.underlyingKey)
    |             `- error: cannot find 'ThreadOpsSystem' in scope
 41 |         }
 42 |
/host/spi-builder-workspace/.build/checkouts/swift-crypto/Sources/CryptoExtras/Util/ThreadSpecific/ThreadSpecific.swift:44:13: error: cannot find 'ThreadOpsSystem' in scope
 42 |
 43 |         func get() -> UnsafeMutableRawPointer? {
 44 |             ThreadOpsSystem.getThreadSpecificValue(self.underlyingKey)
    |             `- error: cannot find 'ThreadOpsSystem' in scope
 45 |         }
 46 |
/host/spi-builder-workspace/.build/checkouts/swift-crypto/Sources/CryptoExtras/Util/ThreadSpecific/ThreadSpecific.swift:48:13: error: cannot find 'ThreadOpsSystem' in scope
 46 |
 47 |         func set(value: UnsafeMutableRawPointer?) {
 48 |             ThreadOpsSystem.setThreadSpecificValue(key: self.underlyingKey, value: value)
    |             `- error: cannot find 'ThreadOpsSystem' in scope
 49 |         }
 50 |     }
[552/599] Compiling CryptoExtras DLEQ.swift
/host/spi-builder-workspace/.build/checkouts/swift-crypto/Sources/CryptoExtras/Util/ThreadSpecific/ThreadSpecific.swift:33:36: error: cannot find type 'ThreadOpsSystem' in scope
 31 |
 32 |     private final class Key {
 33 |         private var underlyingKey: ThreadOpsSystem.ThreadSpecificKey
    |                                    `- error: cannot find type 'ThreadOpsSystem' in scope
 34 |
 35 |         internal init(destructor: @escaping ThreadOpsSystem.ThreadSpecificKeyDestructor) {
/host/spi-builder-workspace/.build/checkouts/swift-crypto/Sources/CryptoExtras/Util/ThreadSpecific/ThreadSpecific.swift:35:45: error: cannot find type 'ThreadOpsSystem' in scope
 33 |         private var underlyingKey: ThreadOpsSystem.ThreadSpecificKey
 34 |
 35 |         internal init(destructor: @escaping ThreadOpsSystem.ThreadSpecificKeyDestructor) {
    |                                             `- error: cannot find type 'ThreadOpsSystem' in scope
 36 |             self.underlyingKey = ThreadOpsSystem.allocateThreadSpecificValue(destructor: destructor)
 37 |         }
/host/spi-builder-workspace/.build/checkouts/swift-crypto/Sources/CryptoExtras/Util/ThreadSpecific/ThreadSpecific.swift:35:35: error: '@escaping' only applies to function types
 33 |         private var underlyingKey: ThreadOpsSystem.ThreadSpecificKey
 34 |
 35 |         internal init(destructor: @escaping ThreadOpsSystem.ThreadSpecificKeyDestructor) {
    |                                   `- error: '@escaping' only applies to function types
 36 |             self.underlyingKey = ThreadOpsSystem.allocateThreadSpecificValue(destructor: destructor)
 37 |         }
/host/spi-builder-workspace/.build/checkouts/swift-crypto/Sources/CryptoExtras/Util/ThreadSpecific/ThreadSpecific.swift:36:34: error: cannot find 'ThreadOpsSystem' in scope
 34 |
 35 |         internal init(destructor: @escaping ThreadOpsSystem.ThreadSpecificKeyDestructor) {
 36 |             self.underlyingKey = ThreadOpsSystem.allocateThreadSpecificValue(destructor: destructor)
    |                                  `- error: cannot find 'ThreadOpsSystem' in scope
 37 |         }
 38 |
/host/spi-builder-workspace/.build/checkouts/swift-crypto/Sources/CryptoExtras/Util/ThreadSpecific/ThreadSpecific.swift:40:13: error: cannot find 'ThreadOpsSystem' in scope
 38 |
 39 |         deinit {
 40 |             ThreadOpsSystem.deallocateThreadSpecificValue(self.underlyingKey)
    |             `- error: cannot find 'ThreadOpsSystem' in scope
 41 |         }
 42 |
/host/spi-builder-workspace/.build/checkouts/swift-crypto/Sources/CryptoExtras/Util/ThreadSpecific/ThreadSpecific.swift:44:13: error: cannot find 'ThreadOpsSystem' in scope
 42 |
 43 |         func get() -> UnsafeMutableRawPointer? {
 44 |             ThreadOpsSystem.getThreadSpecificValue(self.underlyingKey)
    |             `- error: cannot find 'ThreadOpsSystem' in scope
 45 |         }
 46 |
/host/spi-builder-workspace/.build/checkouts/swift-crypto/Sources/CryptoExtras/Util/ThreadSpecific/ThreadSpecific.swift:48:13: error: cannot find 'ThreadOpsSystem' in scope
 46 |
 47 |         func set(value: UnsafeMutableRawPointer?) {
 48 |             ThreadOpsSystem.setThreadSpecificValue(key: self.underlyingKey, value: value)
    |             `- error: cannot find 'ThreadOpsSystem' in scope
 49 |         }
 50 |     }
[553/599] Compiling CryptoExtras Prover.swift
/host/spi-builder-workspace/.build/checkouts/swift-crypto/Sources/CryptoExtras/Util/ThreadSpecific/ThreadSpecific.swift:33:36: error: cannot find type 'ThreadOpsSystem' in scope
 31 |
 32 |     private final class Key {
 33 |         private var underlyingKey: ThreadOpsSystem.ThreadSpecificKey
    |                                    `- error: cannot find type 'ThreadOpsSystem' in scope
 34 |
 35 |         internal init(destructor: @escaping ThreadOpsSystem.ThreadSpecificKeyDestructor) {
/host/spi-builder-workspace/.build/checkouts/swift-crypto/Sources/CryptoExtras/Util/ThreadSpecific/ThreadSpecific.swift:35:45: error: cannot find type 'ThreadOpsSystem' in scope
 33 |         private var underlyingKey: ThreadOpsSystem.ThreadSpecificKey
 34 |
 35 |         internal init(destructor: @escaping ThreadOpsSystem.ThreadSpecificKeyDestructor) {
    |                                             `- error: cannot find type 'ThreadOpsSystem' in scope
 36 |             self.underlyingKey = ThreadOpsSystem.allocateThreadSpecificValue(destructor: destructor)
 37 |         }
/host/spi-builder-workspace/.build/checkouts/swift-crypto/Sources/CryptoExtras/Util/ThreadSpecific/ThreadSpecific.swift:35:35: error: '@escaping' only applies to function types
 33 |         private var underlyingKey: ThreadOpsSystem.ThreadSpecificKey
 34 |
 35 |         internal init(destructor: @escaping ThreadOpsSystem.ThreadSpecificKeyDestructor) {
    |                                   `- error: '@escaping' only applies to function types
 36 |             self.underlyingKey = ThreadOpsSystem.allocateThreadSpecificValue(destructor: destructor)
 37 |         }
/host/spi-builder-workspace/.build/checkouts/swift-crypto/Sources/CryptoExtras/Util/ThreadSpecific/ThreadSpecific.swift:36:34: error: cannot find 'ThreadOpsSystem' in scope
 34 |
 35 |         internal init(destructor: @escaping ThreadOpsSystem.ThreadSpecificKeyDestructor) {
 36 |             self.underlyingKey = ThreadOpsSystem.allocateThreadSpecificValue(destructor: destructor)
    |                                  `- error: cannot find 'ThreadOpsSystem' in scope
 37 |         }
 38 |
/host/spi-builder-workspace/.build/checkouts/swift-crypto/Sources/CryptoExtras/Util/ThreadSpecific/ThreadSpecific.swift:40:13: error: cannot find 'ThreadOpsSystem' in scope
 38 |
 39 |         deinit {
 40 |             ThreadOpsSystem.deallocateThreadSpecificValue(self.underlyingKey)
    |             `- error: cannot find 'ThreadOpsSystem' in scope
 41 |         }
 42 |
/host/spi-builder-workspace/.build/checkouts/swift-crypto/Sources/CryptoExtras/Util/ThreadSpecific/ThreadSpecific.swift:44:13: error: cannot find 'ThreadOpsSystem' in scope
 42 |
 43 |         func get() -> UnsafeMutableRawPointer? {
 44 |             ThreadOpsSystem.getThreadSpecificValue(self.underlyingKey)
    |             `- error: cannot find 'ThreadOpsSystem' in scope
 45 |         }
 46 |
/host/spi-builder-workspace/.build/checkouts/swift-crypto/Sources/CryptoExtras/Util/ThreadSpecific/ThreadSpecific.swift:48:13: error: cannot find 'ThreadOpsSystem' in scope
 46 |
 47 |         func set(value: UnsafeMutableRawPointer?) {
 48 |             ThreadOpsSystem.setThreadSpecificValue(key: self.underlyingKey, value: value)
    |             `- error: cannot find 'ThreadOpsSystem' in scope
 49 |         }
 50 |     }
[554/599] Compiling CryptoExtras Verifier.swift
/host/spi-builder-workspace/.build/checkouts/swift-crypto/Sources/CryptoExtras/Util/ThreadSpecific/ThreadSpecific.swift:33:36: error: cannot find type 'ThreadOpsSystem' in scope
 31 |
 32 |     private final class Key {
 33 |         private var underlyingKey: ThreadOpsSystem.ThreadSpecificKey
    |                                    `- error: cannot find type 'ThreadOpsSystem' in scope
 34 |
 35 |         internal init(destructor: @escaping ThreadOpsSystem.ThreadSpecificKeyDestructor) {
/host/spi-builder-workspace/.build/checkouts/swift-crypto/Sources/CryptoExtras/Util/ThreadSpecific/ThreadSpecific.swift:35:45: error: cannot find type 'ThreadOpsSystem' in scope
 33 |         private var underlyingKey: ThreadOpsSystem.ThreadSpecificKey
 34 |
 35 |         internal init(destructor: @escaping ThreadOpsSystem.ThreadSpecificKeyDestructor) {
    |                                             `- error: cannot find type 'ThreadOpsSystem' in scope
 36 |             self.underlyingKey = ThreadOpsSystem.allocateThreadSpecificValue(destructor: destructor)
 37 |         }
/host/spi-builder-workspace/.build/checkouts/swift-crypto/Sources/CryptoExtras/Util/ThreadSpecific/ThreadSpecific.swift:35:35: error: '@escaping' only applies to function types
 33 |         private var underlyingKey: ThreadOpsSystem.ThreadSpecificKey
 34 |
 35 |         internal init(destructor: @escaping ThreadOpsSystem.ThreadSpecificKeyDestructor) {
    |                                   `- error: '@escaping' only applies to function types
 36 |             self.underlyingKey = ThreadOpsSystem.allocateThreadSpecificValue(destructor: destructor)
 37 |         }
/host/spi-builder-workspace/.build/checkouts/swift-crypto/Sources/CryptoExtras/Util/ThreadSpecific/ThreadSpecific.swift:36:34: error: cannot find 'ThreadOpsSystem' in scope
 34 |
 35 |         internal init(destructor: @escaping ThreadOpsSystem.ThreadSpecificKeyDestructor) {
 36 |             self.underlyingKey = ThreadOpsSystem.allocateThreadSpecificValue(destructor: destructor)
    |                                  `- error: cannot find 'ThreadOpsSystem' in scope
 37 |         }
 38 |
/host/spi-builder-workspace/.build/checkouts/swift-crypto/Sources/CryptoExtras/Util/ThreadSpecific/ThreadSpecific.swift:40:13: error: cannot find 'ThreadOpsSystem' in scope
 38 |
 39 |         deinit {
 40 |             ThreadOpsSystem.deallocateThreadSpecificValue(self.underlyingKey)
    |             `- error: cannot find 'ThreadOpsSystem' in scope
 41 |         }
 42 |
/host/spi-builder-workspace/.build/checkouts/swift-crypto/Sources/CryptoExtras/Util/ThreadSpecific/ThreadSpecific.swift:44:13: error: cannot find 'ThreadOpsSystem' in scope
 42 |
 43 |         func get() -> UnsafeMutableRawPointer? {
 44 |             ThreadOpsSystem.getThreadSpecificValue(self.underlyingKey)
    |             `- error: cannot find 'ThreadOpsSystem' in scope
 45 |         }
 46 |
/host/spi-builder-workspace/.build/checkouts/swift-crypto/Sources/CryptoExtras/Util/ThreadSpecific/ThreadSpecific.swift:48:13: error: cannot find 'ThreadOpsSystem' in scope
 46 |
 47 |         func set(value: UnsafeMutableRawPointer?) {
 48 |             ThreadOpsSystem.setThreadSpecificValue(key: self.underlyingKey, value: value)
    |             `- error: cannot find 'ThreadOpsSystem' in scope
 49 |         }
 50 |     }
[555/599] Compiling CryptoExtras ZKPToolbox.swift
/host/spi-builder-workspace/.build/checkouts/swift-crypto/Sources/CryptoExtras/Util/ThreadSpecific/ThreadSpecific.swift:33:36: error: cannot find type 'ThreadOpsSystem' in scope
 31 |
 32 |     private final class Key {
 33 |         private var underlyingKey: ThreadOpsSystem.ThreadSpecificKey
    |                                    `- error: cannot find type 'ThreadOpsSystem' in scope
 34 |
 35 |         internal init(destructor: @escaping ThreadOpsSystem.ThreadSpecificKeyDestructor) {
/host/spi-builder-workspace/.build/checkouts/swift-crypto/Sources/CryptoExtras/Util/ThreadSpecific/ThreadSpecific.swift:35:45: error: cannot find type 'ThreadOpsSystem' in scope
 33 |         private var underlyingKey: ThreadOpsSystem.ThreadSpecificKey
 34 |
 35 |         internal init(destructor: @escaping ThreadOpsSystem.ThreadSpecificKeyDestructor) {
    |                                             `- error: cannot find type 'ThreadOpsSystem' in scope
 36 |             self.underlyingKey = ThreadOpsSystem.allocateThreadSpecificValue(destructor: destructor)
 37 |         }
/host/spi-builder-workspace/.build/checkouts/swift-crypto/Sources/CryptoExtras/Util/ThreadSpecific/ThreadSpecific.swift:35:35: error: '@escaping' only applies to function types
 33 |         private var underlyingKey: ThreadOpsSystem.ThreadSpecificKey
 34 |
 35 |         internal init(destructor: @escaping ThreadOpsSystem.ThreadSpecificKeyDestructor) {
    |                                   `- error: '@escaping' only applies to function types
 36 |             self.underlyingKey = ThreadOpsSystem.allocateThreadSpecificValue(destructor: destructor)
 37 |         }
/host/spi-builder-workspace/.build/checkouts/swift-crypto/Sources/CryptoExtras/Util/ThreadSpecific/ThreadSpecific.swift:36:34: error: cannot find 'ThreadOpsSystem' in scope
 34 |
 35 |         internal init(destructor: @escaping ThreadOpsSystem.ThreadSpecificKeyDestructor) {
 36 |             self.underlyingKey = ThreadOpsSystem.allocateThreadSpecificValue(destructor: destructor)
    |                                  `- error: cannot find 'ThreadOpsSystem' in scope
 37 |         }
 38 |
/host/spi-builder-workspace/.build/checkouts/swift-crypto/Sources/CryptoExtras/Util/ThreadSpecific/ThreadSpecific.swift:40:13: error: cannot find 'ThreadOpsSystem' in scope
 38 |
 39 |         deinit {
 40 |             ThreadOpsSystem.deallocateThreadSpecificValue(self.underlyingKey)
    |             `- error: cannot find 'ThreadOpsSystem' in scope
 41 |         }
 42 |
/host/spi-builder-workspace/.build/checkouts/swift-crypto/Sources/CryptoExtras/Util/ThreadSpecific/ThreadSpecific.swift:44:13: error: cannot find 'ThreadOpsSystem' in scope
 42 |
 43 |         func get() -> UnsafeMutableRawPointer? {
 44 |             ThreadOpsSystem.getThreadSpecificValue(self.underlyingKey)
    |             `- error: cannot find 'ThreadOpsSystem' in scope
 45 |         }
 46 |
/host/spi-builder-workspace/.build/checkouts/swift-crypto/Sources/CryptoExtras/Util/ThreadSpecific/ThreadSpecific.swift:48:13: error: cannot find 'ThreadOpsSystem' in scope
 46 |
 47 |         func set(value: UnsafeMutableRawPointer?) {
 48 |             ThreadOpsSystem.setThreadSpecificValue(key: self.underlyingKey, value: value)
    |             `- error: cannot find 'ThreadOpsSystem' in scope
 49 |         }
 50 |     }
[556/599] Compiling CryptoExtras PBKDF2.swift
[557/599] Compiling CryptoExtras Scrypt_boring.swift
[558/599] Compiling CryptoExtras Scrypt.swift
[559/599] Compiling CryptoExtras OPRF.swift
[560/599] Compiling CryptoExtras OPRFClient.swift
[561/599] Compiling CryptoExtras OPRFServer.swift
[562/599] Compiling CryptoExtras VOPRF+API.swift
[563/599] Compiling CryptoExtras VOPRFClient.swift
[564/599] Compiling CryptoExtras VOPRFServer.swift
[565/599] Compiling CryptoExtras AES_CBC.swift
[566/599] Compiling CryptoExtras AES_CFB.swift
[567/599] Compiling CryptoExtras AES_CTR.swift
[568/599] Compiling CryptoExtras AES_GCM_SIV.swift
[569/599] Compiling CryptoExtras Block Function.swift
[570/599] Compiling CryptoExtras AES_CBC_boring.swift
[571/599] Compiling CryptoExtras AES_CFB_boring.swift
[572/599] Compiling CryptoExtras AES_CTR_boring.swift
[573/599] Compiling CryptoExtras AES_GCM_SIV_boring.swift
[574/599] Compiling CryptoExtras CMAC.swift
[575/599] Compiling CryptoExtras ARC+API.swift
[576/599] Compiling CryptoExtras ARC.swift
[577/599] Compiling CryptoExtras ARCCredential.swift
[578/599] Compiling CryptoExtras ARCEncoding.swift
[579/599] Compiling CryptoExtras ARCPrecredential.swift
[580/599] Compiling CryptoExtras ARCPresentation.swift
[581/599] Compiling CryptoExtras ARCRequest.swift
[582/599] Compiling CryptoExtras ARCResponse.swift
[583/599] Compiling CryptoExtras ARCServer.swift
[584/599] Compiling CryptoExtras ChaCha20CTR_boring.swift
[585/599] Compiling CryptoExtras ChaCha20CTR.swift
[586/599] Compiling CryptoExtras BoringSSLSHA512256Context.swift
[587/599] Compiling CryptoExtras BoringSSLSHA512256HashFunction.swift
[588/599] Compiling CryptoExtras SHA512256.swift
[589/599] Compiling CryptoExtras SHA512256Digest.swift
[590/599] Compiling CryptoExtras Curve25519+PEM.swift
[591/599] Compiling CryptoExtras ObjectIdentifier.swift
[592/599] Compiling CryptoExtras BoringSSLPassphraseCallbackManager.swift
[593/599] Compiling CryptoExtras RSA+BlindSigning.swift
[594/599] Compiling CryptoExtras RSA.swift
[595/599] Compiling CryptoExtras RSA_boring.swift
[596/599] Compiling CryptoExtras Reexport.swift
[597/599] Compiling CryptoExtras Zeroization_boring.swift
[598/599] Compiling CryptoExtras BoringSSLHelpers.swift
[599/599] Compiling CryptoExtras CryptoKitErrors_boring.swift
BUILD FAILURE 6.3 wasm