The Swift Package Index logo.Swift Package Index

Build Information

Failed to build OsmiumAtlas, reference 1.1.7 (691238), with Swift 6.4 for visionOS using Xcode 27.0 on 24 Sep 2026 10:37:41 UTC.

Build Command

env DEVELOPER_DIR=/Applications/Xcode-27.0.0-Release.Candidate.app xcrun xcodebuild -IDEClonedSourcePackagesDirPathOverride=$PWD/.dependencies -skipMacroValidation -skipPackagePluginValidation -derivedDataPath $PWD/.derivedData build -scheme OsmiumAtlas -destination generic/platform=xrOS

Build Log

    cd /Users/admin/builder/spi-builder-workspace/.swiftpm/xcode
    builtin-SwiftPerFileCompile Date\ +\ codingStrategy.swift
SwiftCompile normal arm64 /Users/admin/builder/spi-builder-workspace/.dependencies/checkouts/FeedKit/Sources/FeedKit/Extensions/String\ +\ toBool.swift (in target 'FeedKit' from project 'FeedKit')
    cd /Users/admin/builder/spi-builder-workspace/.swiftpm/xcode
    builtin-SwiftPerFileCompile String\ +\ toBool.swift
SwiftCompile normal arm64 /Users/admin/builder/spi-builder-workspace/.dependencies/checkouts/FeedKit/Sources/FeedKit/Extensions/String\ +\ toDate.swift (in target 'FeedKit' from project 'FeedKit')
    cd /Users/admin/builder/spi-builder-workspace/.swiftpm/xcode
    builtin-SwiftPerFileCompile String\ +\ toDate.swift
SwiftCompile normal arm64 /Users/admin/builder/spi-builder-workspace/.dependencies/checkouts/FeedKit/Sources/FeedKit/Extensions/String\ +\ toDuration.swift (in target 'FeedKit' from project 'FeedKit')
    cd /Users/admin/builder/spi-builder-workspace/.swiftpm/xcode
    builtin-SwiftPerFileCompile String\ +\ toDuration.swift
SwiftCompile normal arm64 /Users/admin/builder/spi-builder-workspace/.dependencies/checkouts/FeedKit/Sources/FeedKit/Extensions/URL\ +\ replacingScheme.swift (in target 'FeedKit' from project 'FeedKit')
    cd /Users/admin/builder/spi-builder-workspace/.swiftpm/xcode
    builtin-SwiftPerFileCompile URL\ +\ replacingScheme.swift
SwiftDriverJobDiscovery normal arm64 Compiling MediaDescription.swift, MediaEmbed.swift, MediaGroup.swift, MediaHash.swift, MediaLicence.swift, MediaLocation.swift, MediaNamespace.swift, MediaParam.swift, MediaPeerLink.swift (in target 'FeedKit' from project 'FeedKit')
SwiftCompile normal arm64 Compiling\ AsyncParsableCommand.swift,\ CommandConfiguration.swift,\ EnumerableFlag.swift,\ ExpressibleByArgument.swift /Users/admin/builder/spi-builder-workspace/.dependencies/checkouts/swift-argument-parser/Sources/ArgumentParser/Parsable\ Types/AsyncParsableCommand.swift /Users/admin/builder/spi-builder-workspace/.dependencies/checkouts/swift-argument-parser/Sources/ArgumentParser/Parsable\ Types/CommandConfiguration.swift /Users/admin/builder/spi-builder-workspace/.dependencies/checkouts/swift-argument-parser/Sources/ArgumentParser/Parsable\ Types/EnumerableFlag.swift /Users/admin/builder/spi-builder-workspace/.dependencies/checkouts/swift-argument-parser/Sources/ArgumentParser/Parsable\ Types/ExpressibleByArgument.swift (in target 'ArgumentParser' from project 'swift-argument-parser')
SwiftCompile normal arm64 /Users/admin/builder/spi-builder-workspace/.dependencies/checkouts/swift-argument-parser/Sources/ArgumentParser/Parsable\ Types/AsyncParsableCommand.swift (in target 'ArgumentParser' from project 'swift-argument-parser')
    cd /Users/admin/builder/spi-builder-workspace/.swiftpm/xcode
    builtin-SwiftPerFileCompile AsyncParsableCommand.swift
SwiftCompile normal arm64 /Users/admin/builder/spi-builder-workspace/.dependencies/checkouts/swift-argument-parser/Sources/ArgumentParser/Parsable\ Types/CommandConfiguration.swift (in target 'ArgumentParser' from project 'swift-argument-parser')
    cd /Users/admin/builder/spi-builder-workspace/.swiftpm/xcode
    builtin-SwiftPerFileCompile CommandConfiguration.swift
SwiftCompile normal arm64 /Users/admin/builder/spi-builder-workspace/.dependencies/checkouts/swift-argument-parser/Sources/ArgumentParser/Parsable\ Types/EnumerableFlag.swift (in target 'ArgumentParser' from project 'swift-argument-parser')
    cd /Users/admin/builder/spi-builder-workspace/.swiftpm/xcode
    builtin-SwiftPerFileCompile EnumerableFlag.swift
SwiftCompile normal arm64 /Users/admin/builder/spi-builder-workspace/.dependencies/checkouts/swift-argument-parser/Sources/ArgumentParser/Parsable\ Types/ExpressibleByArgument.swift (in target 'ArgumentParser' from project 'swift-argument-parser')
    cd /Users/admin/builder/spi-builder-workspace/.swiftpm/xcode
    builtin-SwiftPerFileCompile ExpressibleByArgument.swift
SwiftDriverJobDiscovery normal arm64 Compiling AtomFeedEntryContributor.swift, AtomFeedEntryLink.swift, AtomFeedEntrySource.swift, AtomFeedEntrySummary.swift, AtomFeedGenerator.swift, AtomFeedLink.swift, AtomFeedSubtitle.swift, AtomPath.swift, JSONFeed.swift, JSONFeedAttachment.swift (in target 'FeedKit' from project 'FeedKit')
SwiftCompile normal arm64 Compiling\ Name.swift,\ Parsed.swift,\ ParsedValues.swift,\ ParserError.swift /Users/admin/builder/spi-builder-workspace/.dependencies/checkouts/swift-argument-parser/Sources/ArgumentParser/Parsing/Name.swift /Users/admin/builder/spi-builder-workspace/.dependencies/checkouts/swift-argument-parser/Sources/ArgumentParser/Parsing/Parsed.swift /Users/admin/builder/spi-builder-workspace/.dependencies/checkouts/swift-argument-parser/Sources/ArgumentParser/Parsing/ParsedValues.swift /Users/admin/builder/spi-builder-workspace/.dependencies/checkouts/swift-argument-parser/Sources/ArgumentParser/Parsing/ParserError.swift (in target 'ArgumentParser' from project 'swift-argument-parser')
SwiftCompile normal arm64 /Users/admin/builder/spi-builder-workspace/.dependencies/checkouts/swift-argument-parser/Sources/ArgumentParser/Parsing/Name.swift (in target 'ArgumentParser' from project 'swift-argument-parser')
    cd /Users/admin/builder/spi-builder-workspace/.swiftpm/xcode
    builtin-SwiftPerFileCompile Name.swift
SwiftCompile normal arm64 /Users/admin/builder/spi-builder-workspace/.dependencies/checkouts/swift-argument-parser/Sources/ArgumentParser/Parsing/Parsed.swift (in target 'ArgumentParser' from project 'swift-argument-parser')
    cd /Users/admin/builder/spi-builder-workspace/.swiftpm/xcode
    builtin-SwiftPerFileCompile Parsed.swift
SwiftCompile normal arm64 /Users/admin/builder/spi-builder-workspace/.dependencies/checkouts/swift-argument-parser/Sources/ArgumentParser/Parsing/ParsedValues.swift (in target 'ArgumentParser' from project 'swift-argument-parser')
    cd /Users/admin/builder/spi-builder-workspace/.swiftpm/xcode
    builtin-SwiftPerFileCompile ParsedValues.swift
SwiftCompile normal arm64 /Users/admin/builder/spi-builder-workspace/.dependencies/checkouts/swift-argument-parser/Sources/ArgumentParser/Parsing/ParserError.swift (in target 'ArgumentParser' from project 'swift-argument-parser')
    cd /Users/admin/builder/spi-builder-workspace/.swiftpm/xcode
    builtin-SwiftPerFileCompile ParserError.swift
SwiftDriverJobDiscovery normal arm64 Compiling JSONFeedAuthor.swift, JSONFeedHub.swift, JSONFeedItem.swift, ContentNamespace.swift, DublinCoreNamespace.swift, MediaCategory.swift, MediaCommunity.swift, MediaContent.swift, MediaCopyright.swift, MediaCredit.swift (in target 'FeedKit' from project 'FeedKit')
SwiftCompile normal arm64 Compiling\ BashCompletionsGenerator.swift,\ CompletionsGenerator.swift,\ FishCompletionsGenerator.swift,\ ZshCompletionsGenerator.swift /Users/admin/builder/spi-builder-workspace/.dependencies/checkouts/swift-argument-parser/Sources/ArgumentParser/Completions/BashCompletionsGenerator.swift /Users/admin/builder/spi-builder-workspace/.dependencies/checkouts/swift-argument-parser/Sources/ArgumentParser/Completions/CompletionsGenerator.swift /Users/admin/builder/spi-builder-workspace/.dependencies/checkouts/swift-argument-parser/Sources/ArgumentParser/Completions/FishCompletionsGenerator.swift /Users/admin/builder/spi-builder-workspace/.dependencies/checkouts/swift-argument-parser/Sources/ArgumentParser/Completions/ZshCompletionsGenerator.swift (in target 'ArgumentParser' from project 'swift-argument-parser')
SwiftCompile normal arm64 /Users/admin/builder/spi-builder-workspace/.dependencies/checkouts/swift-argument-parser/Sources/ArgumentParser/Completions/BashCompletionsGenerator.swift (in target 'ArgumentParser' from project 'swift-argument-parser')
    cd /Users/admin/builder/spi-builder-workspace/.swiftpm/xcode
    builtin-SwiftPerFileCompile BashCompletionsGenerator.swift
SwiftCompile normal arm64 /Users/admin/builder/spi-builder-workspace/.dependencies/checkouts/swift-argument-parser/Sources/ArgumentParser/Completions/CompletionsGenerator.swift (in target 'ArgumentParser' from project 'swift-argument-parser')
    cd /Users/admin/builder/spi-builder-workspace/.swiftpm/xcode
    builtin-SwiftPerFileCompile CompletionsGenerator.swift
SwiftCompile normal arm64 /Users/admin/builder/spi-builder-workspace/.dependencies/checkouts/swift-argument-parser/Sources/ArgumentParser/Completions/FishCompletionsGenerator.swift (in target 'ArgumentParser' from project 'swift-argument-parser')
    cd /Users/admin/builder/spi-builder-workspace/.swiftpm/xcode
    builtin-SwiftPerFileCompile FishCompletionsGenerator.swift
SwiftCompile normal arm64 /Users/admin/builder/spi-builder-workspace/.dependencies/checkouts/swift-argument-parser/Sources/ArgumentParser/Completions/ZshCompletionsGenerator.swift (in target 'ArgumentParser' from project 'swift-argument-parser')
    cd /Users/admin/builder/spi-builder-workspace/.swiftpm/xcode
    builtin-SwiftPerFileCompile ZshCompletionsGenerator.swift
SwiftDriverJobDiscovery normal arm64 Compiling MediaSubTitle.swift, MediaTag.swift, MediaText.swift, MediaThumbnail.swift, MediaTitle.swift, SyndicationNamespace.swift, SyndicationUpdatePeriod.swift, iTunesCategory.swift, iTunesImage.swift (in target 'FeedKit' from project 'FeedKit')
SwiftDriverJobDiscovery normal arm64 Compiling RSSFeedImage.swift, RSSFeedItem.swift, RSSFeedItemCategory.swift, RSSFeedItemEnclosure.swift, RSSFeedItemGUID.swift, RSSFeedItemSource.swift, RSSFeedSkipDay.swift, RSSFeedSkipHour.swift, RSSFeedTextInput.swift (in target 'FeedKit' from project 'FeedKit')
SwiftCompile normal arm64 Compiling\ Flag.swift,\ NameSpecification.swift,\ Option.swift,\ OptionGroup.swift /Users/admin/builder/spi-builder-workspace/.dependencies/checkouts/swift-argument-parser/Sources/ArgumentParser/Parsable\ Properties/Flag.swift /Users/admin/builder/spi-builder-workspace/.dependencies/checkouts/swift-argument-parser/Sources/ArgumentParser/Parsable\ Properties/NameSpecification.swift /Users/admin/builder/spi-builder-workspace/.dependencies/checkouts/swift-argument-parser/Sources/ArgumentParser/Parsable\ Properties/Option.swift /Users/admin/builder/spi-builder-workspace/.dependencies/checkouts/swift-argument-parser/Sources/ArgumentParser/Parsable\ Properties/OptionGroup.swift (in target 'ArgumentParser' from project 'swift-argument-parser')
SwiftCompile normal arm64 /Users/admin/builder/spi-builder-workspace/.dependencies/checkouts/swift-argument-parser/Sources/ArgumentParser/Parsable\ Properties/Flag.swift (in target 'ArgumentParser' from project 'swift-argument-parser')
    cd /Users/admin/builder/spi-builder-workspace/.swiftpm/xcode
    builtin-SwiftPerFileCompile Flag.swift
SwiftCompile normal arm64 /Users/admin/builder/spi-builder-workspace/.dependencies/checkouts/swift-argument-parser/Sources/ArgumentParser/Parsable\ Properties/NameSpecification.swift (in target 'ArgumentParser' from project 'swift-argument-parser')
    cd /Users/admin/builder/spi-builder-workspace/.swiftpm/xcode
    builtin-SwiftPerFileCompile NameSpecification.swift
SwiftCompile normal arm64 /Users/admin/builder/spi-builder-workspace/.dependencies/checkouts/swift-argument-parser/Sources/ArgumentParser/Parsable\ Properties/Option.swift (in target 'ArgumentParser' from project 'swift-argument-parser')
    cd /Users/admin/builder/spi-builder-workspace/.swiftpm/xcode
    builtin-SwiftPerFileCompile Option.swift
SwiftCompile normal arm64 /Users/admin/builder/spi-builder-workspace/.dependencies/checkouts/swift-argument-parser/Sources/ArgumentParser/Parsable\ Properties/OptionGroup.swift (in target 'ArgumentParser' from project 'swift-argument-parser')
    cd /Users/admin/builder/spi-builder-workspace/.swiftpm/xcode
    builtin-SwiftPerFileCompile OptionGroup.swift
SwiftDriverJobDiscovery normal arm64 Compiling AES256CBC.swift, Base64.swift (in target 'SwiftyBeaver' from project 'SwiftyBeaver')
SwiftCompile normal arm64 Compiling\ MessageInfo.swift,\ UsageGenerator.swift,\ CollectionExtensions.swift /Users/admin/builder/spi-builder-workspace/.dependencies/checkouts/swift-argument-parser/Sources/ArgumentParser/Usage/MessageInfo.swift /Users/admin/builder/spi-builder-workspace/.dependencies/checkouts/swift-argument-parser/Sources/ArgumentParser/Usage/UsageGenerator.swift /Users/admin/builder/spi-builder-workspace/.dependencies/checkouts/swift-argument-parser/Sources/ArgumentParser/Utilities/CollectionExtensions.swift (in target 'ArgumentParser' from project 'swift-argument-parser')
SwiftCompile normal arm64 /Users/admin/builder/spi-builder-workspace/.dependencies/checkouts/swift-argument-parser/Sources/ArgumentParser/Usage/MessageInfo.swift (in target 'ArgumentParser' from project 'swift-argument-parser')
    cd /Users/admin/builder/spi-builder-workspace/.swiftpm/xcode
    builtin-SwiftPerFileCompile MessageInfo.swift
SwiftCompile normal arm64 /Users/admin/builder/spi-builder-workspace/.dependencies/checkouts/swift-argument-parser/Sources/ArgumentParser/Usage/UsageGenerator.swift (in target 'ArgumentParser' from project 'swift-argument-parser')
    cd /Users/admin/builder/spi-builder-workspace/.swiftpm/xcode
    builtin-SwiftPerFileCompile UsageGenerator.swift
SwiftCompile normal arm64 /Users/admin/builder/spi-builder-workspace/.dependencies/checkouts/swift-argument-parser/Sources/ArgumentParser/Utilities/CollectionExtensions.swift (in target 'ArgumentParser' from project 'swift-argument-parser')
    cd /Users/admin/builder/spi-builder-workspace/.swiftpm/xcode
    builtin-SwiftPerFileCompile CollectionExtensions.swift
SwiftDriver\ Compilation SwiftyBeaver normal arm64 com.apple.xcode.tools.swift.compiler (in target 'SwiftyBeaver' from project 'SwiftyBeaver')
    cd /Users/admin/builder/spi-builder-workspace/.swiftpm/xcode
    builtin-Swift-Compilation -- /Applications/Xcode-27.0.0-Release.Candidate.app/Contents/Developer/Toolchains/XcodeDefault.xctoolchain/usr/bin/swiftc -parse-as-library -module-name SwiftyBeaver -Onone @/Users/admin/builder/spi-builder-workspace/.derivedData/Build/Intermediates.noindex/SwiftyBeaver.build/Debug-xros/SwiftyBeaver-t.build/Objects-normal/arm64/SwiftyBeaver.SwiftFileList -DSWIFT_PACKAGE -DDEBUG -DSWIFT_MODULE_RESOURCE_BUNDLE_UNAVAILABLE -DXcode -plugin-path /Applications/Xcode-27.0.0-Release.Candidate.app/Contents/Developer/Toolchains/XcodeDefault.xctoolchain/usr/lib/swift/host/plugins/testing -enable-experimental-feature DebugDescriptionMacro -sdk /Applications/Xcode-27.0.0-Release.Candidate.app/Contents/Developer/Platforms/XROS.platform/Developer/SDKs/XROS27.0.sdk -target arm64-apple-xros1.0 -g -module-cache-path /Users/admin/builder/spi-builder-workspace/.derivedData/ModuleCache.noindex -Xfrontend -serialize-debugging-options -profile-coverage-mapping -profile-generate -enable-testing -suppress-warnings -index-store-path /Users/admin/builder/spi-builder-workspace/.derivedData/Index.noindex/DataStore -Xcc -D_LIBCPP_HARDENING_MODE\=_LIBCPP_HARDENING_MODE_DEBUG -swift-version 5 -I /Users/admin/builder/spi-builder-workspace/.derivedData/Build/Products/Debug-xros -Isystem /Applications/Xcode-27.0.0-Release.Candidate.app/Contents/Developer/Platforms/XROS.platform/Developer/usr/lib -F /Users/admin/builder/spi-builder-workspace/.derivedData/Build/Products/Debug-xros -F /Applications/Xcode-27.0.0-Release.Candidate.app/Contents/Developer/Platforms/XROS.platform/Developer/Library/Frameworks -F /Applications/Xcode-27.0.0-Release.Candidate.app/Contents/Developer/Platforms/XROS.platform/Developer/SDKs/XROS27.0.sdk/Developer/Library/Frameworks -c -j10 -enable-batch-mode -incremental -Xcc -ivfsstatcache -Xcc /Users/admin/builder/spi-builder-workspace/.derivedData/SDKStatCaches.noindex/xros27.0-24M361-e829b21a6f8c9b70876ba0858053c044735bd543db762f57723cac368afd1ce4.sdkstatcache -output-file-map /Users/admin/builder/spi-builder-workspace/.derivedData/Build/Intermediates.noindex/SwiftyBeaver.build/Debug-xros/SwiftyBeaver-t.build/Objects-normal/arm64/SwiftyBeaver-OutputFileMap.json -save-temps -no-color-diagnostics -explicit-module-build -module-cache-path /Users/admin/builder/spi-builder-workspace/.derivedData/Build/Intermediates.noindex/SwiftExplicitPrecompiledModules -clang-scanner-module-cache-path /Users/admin/builder/spi-builder-workspace/.derivedData/ModuleCache.noindex -sdk-module-cache-path /Users/admin/builder/spi-builder-workspace/.derivedData/SDKExplicitPrecompiledModules -emit-dependencies -emit-module -emit-module-path /Users/admin/builder/spi-builder-workspace/.derivedData/Build/Intermediates.noindex/SwiftyBeaver.build/Debug-xros/SwiftyBeaver-t.build/Objects-normal/arm64/SwiftyBeaver.swiftmodule -serialize-diagnostics -dependency-scan-serialize-diagnostics-path /Users/admin/builder/spi-builder-workspace/.derivedData/Build/Intermediates.noindex/SwiftyBeaver.build/Debug-xros/SwiftyBeaver-t.build/Objects-normal/arm64/SwiftyBeaver-dependency-scan.dia -validate-clang-modules-once -clang-build-session-file /Users/admin/builder/spi-builder-workspace/.derivedData/ModuleCache.noindex/Session.modulevalidation -Xcc -fmodules-prune-interval\=86400 -Xcc -fmodules-prune-after\=345600 -emit-const-values -const-gather-protocols-list /Users/admin/builder/spi-builder-workspace/.derivedData/Build/Intermediates.noindex/SwiftyBeaver.build/Debug-xros/SwiftyBeaver-t.build/Objects-normal/arm64/SwiftyBeaver_const_extract_protocols.json -Xcc -I/Users/admin/builder/spi-builder-workspace/.derivedData/Build/Products/Debug-xros/include -Xcc -I/Users/admin/builder/spi-builder-workspace/.derivedData/Build/Intermediates.noindex/SwiftyBeaver.build/Debug-xros/SwiftyBeaver-t.build/DerivedSources-normal/arm64 -Xcc -I/Users/admin/builder/spi-builder-workspace/.derivedData/Build/Intermediates.noindex/SwiftyBeaver.build/Debug-xros/SwiftyBeaver-t.build/DerivedSources/arm64 -Xcc -I/Users/admin/builder/spi-builder-workspace/.derivedData/Build/Intermediates.noindex/SwiftyBeaver.build/Debug-xros/SwiftyBeaver-t.build/DerivedSources -Xcc -DSWIFT_PACKAGE -Xcc -DDEBUG\=1 -emit-objc-header -emit-objc-header-path /Users/admin/builder/spi-builder-workspace/.derivedData/Build/Intermediates.noindex/SwiftyBeaver.build/Debug-xros/SwiftyBeaver-t.build/Objects-normal/arm64/SwiftyBeaver-Swift.h -working-directory /Users/admin/builder/spi-builder-workspace/.swiftpm/xcode -experimental-emit-module-separately -disable-cmo
SwiftExplicitDependencyGeneratePcm arm64 /Users/admin/builder/spi-builder-workspace/.derivedData/SDKExplicitPrecompiledModules/AuthenticationServices-8OEQAGFFOF58L72VU169UHKOO.pcm
SwiftExplicitDependencyGeneratePcm arm64 /Users/admin/builder/spi-builder-workspace/.derivedData/SDKExplicitPrecompiledModules/SwiftUI-77PUPXISY3V3TUF5FJEHUQC86.pcm
SwiftExplicitDependencyGeneratePcm arm64 /Users/admin/builder/spi-builder-workspace/.derivedData/SDKExplicitPrecompiledModules/ARKitCore-307YVPJLQNB66BTBIONHZNP86.pcm
SwiftDriverJobDiscovery normal arm64 Compiling AsyncParsableCommand.swift, CommandConfiguration.swift, EnumerableFlag.swift, ExpressibleByArgument.swift (in target 'ArgumentParser' from project 'swift-argument-parser')
SwiftExplicitDependencyGeneratePcm arm64 /Users/admin/builder/spi-builder-workspace/.derivedData/SDKExplicitPrecompiledModules/GameController-7QL0VMQHE24OWQFUR0UFT89DW.pcm
SwiftDriverJobDiscovery normal arm64 Compiling Name.swift, Parsed.swift, ParsedValues.swift, ParserError.swift (in target 'ArgumentParser' from project 'swift-argument-parser')
SwiftCompile normal arm64 Compiling\ SequenceExtensions.swift,\ StringExtensions.swift,\ Tree.swift /Users/admin/builder/spi-builder-workspace/.dependencies/checkouts/swift-argument-parser/Sources/ArgumentParser/Utilities/SequenceExtensions.swift /Users/admin/builder/spi-builder-workspace/.dependencies/checkouts/swift-argument-parser/Sources/ArgumentParser/Utilities/StringExtensions.swift /Users/admin/builder/spi-builder-workspace/.dependencies/checkouts/swift-argument-parser/Sources/ArgumentParser/Utilities/Tree.swift (in target 'ArgumentParser' from project 'swift-argument-parser')
SwiftCompile normal arm64 /Users/admin/builder/spi-builder-workspace/.dependencies/checkouts/swift-argument-parser/Sources/ArgumentParser/Utilities/SequenceExtensions.swift (in target 'ArgumentParser' from project 'swift-argument-parser')
    cd /Users/admin/builder/spi-builder-workspace/.swiftpm/xcode
    builtin-SwiftPerFileCompile SequenceExtensions.swift
SwiftCompile normal arm64 /Users/admin/builder/spi-builder-workspace/.dependencies/checkouts/swift-argument-parser/Sources/ArgumentParser/Utilities/StringExtensions.swift (in target 'ArgumentParser' from project 'swift-argument-parser')
    cd /Users/admin/builder/spi-builder-workspace/.swiftpm/xcode
    builtin-SwiftPerFileCompile StringExtensions.swift
SwiftCompile normal arm64 /Users/admin/builder/spi-builder-workspace/.dependencies/checkouts/swift-argument-parser/Sources/ArgumentParser/Utilities/Tree.swift (in target 'ArgumentParser' from project 'swift-argument-parser')
    cd /Users/admin/builder/spi-builder-workspace/.swiftpm/xcode
    builtin-SwiftPerFileCompile Tree.swift
SwiftCompile normal arm64 Compiling\ ArgumentDefinition.swift,\ ArgumentSet.swift,\ CommandParser.swift,\ InputOrigin.swift /Users/admin/builder/spi-builder-workspace/.dependencies/checkouts/swift-argument-parser/Sources/ArgumentParser/Parsing/ArgumentDefinition.swift /Users/admin/builder/spi-builder-workspace/.dependencies/checkouts/swift-argument-parser/Sources/ArgumentParser/Parsing/ArgumentSet.swift /Users/admin/builder/spi-builder-workspace/.dependencies/checkouts/swift-argument-parser/Sources/ArgumentParser/Parsing/CommandParser.swift /Users/admin/builder/spi-builder-workspace/.dependencies/checkouts/swift-argument-parser/Sources/ArgumentParser/Parsing/InputOrigin.swift (in target 'ArgumentParser' from project 'swift-argument-parser')
SwiftCompile normal arm64 /Users/admin/builder/spi-builder-workspace/.dependencies/checkouts/swift-argument-parser/Sources/ArgumentParser/Parsing/ArgumentDefinition.swift (in target 'ArgumentParser' from project 'swift-argument-parser')
    cd /Users/admin/builder/spi-builder-workspace/.swiftpm/xcode
    builtin-SwiftPerFileCompile ArgumentDefinition.swift
SwiftCompile normal arm64 /Users/admin/builder/spi-builder-workspace/.dependencies/checkouts/swift-argument-parser/Sources/ArgumentParser/Parsing/ArgumentSet.swift (in target 'ArgumentParser' from project 'swift-argument-parser')
    cd /Users/admin/builder/spi-builder-workspace/.swiftpm/xcode
    builtin-SwiftPerFileCompile ArgumentSet.swift
SwiftCompile normal arm64 /Users/admin/builder/spi-builder-workspace/.dependencies/checkouts/swift-argument-parser/Sources/ArgumentParser/Parsing/CommandParser.swift (in target 'ArgumentParser' from project 'swift-argument-parser')
    cd /Users/admin/builder/spi-builder-workspace/.swiftpm/xcode
    builtin-SwiftPerFileCompile CommandParser.swift
SwiftCompile normal arm64 /Users/admin/builder/spi-builder-workspace/.dependencies/checkouts/swift-argument-parser/Sources/ArgumentParser/Parsing/InputOrigin.swift (in target 'ArgumentParser' from project 'swift-argument-parser')
    cd /Users/admin/builder/spi-builder-workspace/.swiftpm/xcode
    builtin-SwiftPerFileCompile InputOrigin.swift
SwiftEmitModule normal arm64 Emitting\ module\ for\ Swifter (in target 'Swifter' from project 'Swifter')
SwiftCompile normal arm64 (in target 'Swifter' from project 'Swifter')
    cd /Users/admin/builder/spi-builder-workspace/.swiftpm/xcode

SwiftDriverJobDiscovery normal arm64 Compiling DateSpec.swift, ISO8601DateFormatter.swift, RFC3339DateFormatter.swift, RFC822DateFormatter.swift, Array + Equatable.swift, Date + codingStrategy.swift, String + toBool.swift, String + toDate.swift, String + toDuration.swift, URL + replacingScheme.swift (in target 'FeedKit' from project 'FeedKit')
SwiftCompile normal arm64 Compiling\ String++.swift,\ Swifter.swift,\ SwifterAccountsClient.swift,\ SwifterAppOnlyClient.swift /Users/admin/builder/spi-builder-workspace/.dependencies/checkouts/Swifter/Sources/String++.swift /Users/admin/builder/spi-builder-workspace/.dependencies/checkouts/Swifter/Sources/Swifter.swift /Users/admin/builder/spi-builder-workspace/.dependencies/checkouts/Swifter/Sources/SwifterAccountsClient.swift /Users/admin/builder/spi-builder-workspace/.dependencies/checkouts/Swifter/Sources/SwifterAppOnlyClient.swift (in target 'Swifter' from project 'Swifter')
/Users/admin/builder/spi-builder-workspace/.dependencies/checkouts/Swifter/Sources/String++.swift:65:35: error: extraneous argument label 'string:' in call
63 |         while !scanner.isAtEnd {
64 |             key = scanner.scanUpToString("=")
65 |             _ = scanner.scanString(string: "=")
   |                                   `- error: extraneous argument label 'string:' in call
66 |
67 |             value = scanner.scanUpToString("&")
/Users/admin/builder/spi-builder-workspace/.dependencies/checkouts/Swifter/Sources/String++.swift:68:35: error: extraneous argument label 'string:' in call
66 |
67 |             value = scanner.scanUpToString("&")
68 |             _ = scanner.scanString(string: "&")
   |                                   `- error: extraneous argument label 'string:' in call
69 |
70 |             if let key = key, let value = value {
Failed frontend command:
SwiftCompile normal arm64 /Users/admin/builder/spi-builder-workspace/.dependencies/checkouts/Swifter/Sources/String++.swift (in target 'Swifter' from project 'Swifter')
    cd /Users/admin/builder/spi-builder-workspace/.swiftpm/xcode
    builtin-SwiftPerFileCompile String++.swift
SwiftCompile normal arm64 /Users/admin/builder/spi-builder-workspace/.dependencies/checkouts/Swifter/Sources/Swifter.swift (in target 'Swifter' from project 'Swifter')
    cd /Users/admin/builder/spi-builder-workspace/.swiftpm/xcode
    builtin-SwiftPerFileCompile Swifter.swift
SwiftCompile normal arm64 /Users/admin/builder/spi-builder-workspace/.dependencies/checkouts/Swifter/Sources/SwifterAccountsClient.swift (in target 'Swifter' from project 'Swifter')
    cd /Users/admin/builder/spi-builder-workspace/.swiftpm/xcode
    builtin-SwiftPerFileCompile SwifterAccountsClient.swift
SwiftCompile normal arm64 /Users/admin/builder/spi-builder-workspace/.dependencies/checkouts/Swifter/Sources/SwifterAppOnlyClient.swift (in target 'Swifter' from project 'Swifter')
    cd /Users/admin/builder/spi-builder-workspace/.swiftpm/xcode
    builtin-SwiftPerFileCompile SwifterAppOnlyClient.swift
/Applications/Xcode-27.0.0-Release.Candidate.app/Contents/Developer/Toolchains/XcodeDefault.xctoolchain/usr/bin/swift-frontend -frontend -c /Users/admin/builder/spi-builder-workspace/.dependencies/checkouts/Swifter/Sources/Data++.swift /Users/admin/builder/spi-builder-workspace/.dependencies/checkouts/Swifter/Sources/Dictionary++.swift /Users/admin/builder/spi-builder-workspace/.dependencies/checkouts/Swifter/Sources/HMAC.swift /Users/admin/builder/spi-builder-workspace/.dependencies/checkouts/Swifter/Sources/Int++.swift /Users/admin/builder/spi-builder-workspace/.dependencies/checkouts/Swifter/Sources/JSON.swift /Users/admin/builder/spi-builder-workspace/.dependencies/checkouts/Swifter/Sources/Operator++.swift /Users/admin/builder/spi-builder-workspace/.dependencies/checkouts/Swifter/Sources/SHA1.swift /Users/admin/builder/spi-builder-workspace/.dependencies/checkouts/Swifter/Sources/Scanner++.swift -primary-file /Users/admin/builder/spi-builder-workspace/.dependencies/checkouts/Swifter/Sources/String++.swift -primary-file /Users/admin/builder/spi-builder-workspace/.dependencies/checkouts/Swifter/Sources/Swifter.swift -primary-file /Users/admin/builder/spi-builder-workspace/.dependencies/checkouts/Swifter/Sources/SwifterAccountsClient.swift -primary-file /Users/admin/builder/spi-builder-workspace/.dependencies/checkouts/Swifter/Sources/SwifterAppOnlyClient.swift /Users/admin/builder/spi-builder-workspace/.dependencies/checkouts/Swifter/Sources/SwifterAuth.swift /Users/admin/builder/spi-builder-workspace/.dependencies/checkouts/Swifter/Sources/SwifterClientProtocol.swift /Users/admin/builder/spi-builder-workspace/.dependencies/checkouts/Swifter/Sources/SwifterCredential.swift /Users/admin/builder/spi-builder-workspace/.dependencies/checkouts/Swifter/Sources/SwifterError.swift /Users/admin/builder/spi-builder-workspace/.dependencies/checkouts/Swifter/Sources/SwifterFavorites.swift /Users/admin/builder/spi-builder-workspace/.dependencies/checkouts/Swifter/Sources/SwifterFollowers.swift /Users/admin/builder/spi-builder-workspace/.dependencies/checkouts/Swifter/Sources/SwifterHTTPRequest.swift /Users/admin/builder/spi-builder-workspace/.dependencies/checkouts/Swifter/Sources/SwifterHelp.swift /Users/admin/builder/spi-builder-workspace/.dependencies/checkouts/Swifter/Sources/SwifterLists.swift /Users/admin/builder/spi-builder-workspace/.dependencies/checkouts/Swifter/Sources/SwifterMedia.swift /Users/admin/builder/spi-builder-workspace/.dependencies/checkouts/Swifter/Sources/SwifterMessages.swift /Users/admin/builder/spi-builder-workspace/.dependencies/checkouts/Swifter/Sources/SwifterOAuthClient.swift /Users/admin/builder/spi-builder-workspace/.dependencies/checkouts/Swifter/Sources/SwifterPlaces.swift /Users/admin/builder/spi-builder-workspace/.dependencies/checkouts/Swifter/Sources/SwifterSavedSearches.swift /Users/admin/builder/spi-builder-workspace/.dependencies/checkouts/Swifter/Sources/SwifterSearch.swift /Users/admin/builder/spi-builder-workspace/.dependencies/checkouts/Swifter/Sources/SwifterSpam.swift /Users/admin/builder/spi-builder-workspace/.dependencies/checkouts/Swifter/Sources/SwifterSuggested.swift /Users/admin/builder/spi-builder-workspace/.dependencies/checkouts/Swifter/Sources/SwifterTag.swift /Users/admin/builder/spi-builder-workspace/.dependencies/checkouts/Swifter/Sources/SwifterTimelines.swift /Users/admin/builder/spi-builder-workspace/.dependencies/checkouts/Swifter/Sources/SwifterTrends.swift /Users/admin/builder/spi-builder-workspace/.dependencies/checkouts/Swifter/Sources/SwifterTweets.swift /Users/admin/builder/spi-builder-workspace/.dependencies/checkouts/Swifter/Sources/SwifterUsers.swift /Users/admin/builder/spi-builder-workspace/.dependencies/checkouts/Swifter/Sources/URL++.swift /Users/admin/builder/spi-builder-workspace/.dependencies/checkouts/Swifter/Sources/Utils.swift -supplementary-output-file-map /Users/admin/builder/spi-builder-workspace/.derivedData/Build/Intermediates.noindex/Swifter.build/Debug-xros/Swifter-t.build/Objects-normal/arm64/supplementaryOutputs-23 -target arm64-apple-xros1.0 -disable-cross-import-overlay-search -swift-module-cross-import AuthenticationServices /Applications/Xcode-27.0.0-Release.Candidate.app/Contents/Developer/Platforms/XROS.platform/Developer/SDKs/XROS.sdk/System/Library/Frameworks/AuthenticationServices.framework/Modules/AuthenticationServices.swiftcrossimport/SwiftUI.swiftoverlay -swift-module-cross-import AuthenticationServices /Applications/Xcode-27.0.0-Release.Candidate.app/Contents/Developer/Platforms/XROS.platform/Developer/SDKs/XROS27.0.sdk/System/Library/Frameworks/AuthenticationServices.framework/Modules/AuthenticationServices.swiftcrossimport/SwiftUI.swiftoverlay -load-resolved-plugin /Applications/Xcode-27.0.0-Release.Candidate.app/Contents/Developer/Platforms/XROS.platform/Developer/usr/lib/swift/host/plugins/libFoundationMacros.dylib\#/Applications/Xcode-27.0.0-Release.Candidate.app/Contents/Developer/Platforms/XROS.platform/Developer/usr/bin/swift-plugin-server\#FoundationMacros -load-resolved-plugin /Applications/Xcode-27.0.0-Release.Candidate.app/Contents/Developer/Platforms/XROS.platform/Developer/usr/lib/swift/host/plugins/libObservationMacros.dylib\#/Applications/Xcode-27.0.0-Release.Candidate.app/Contents/Developer/Platforms/XROS.platform/Developer/usr/bin/swift-plugin-server\#ObservationMacros -load-resolved-plugin /Applications/Xcode-27.0.0-Release.Candidate.app/Contents/Developer/Platforms/XROS.platform/Developer/usr/lib/swift/host/plugins/libPreviewsMacros.dylib\#/Applications/Xcode-27.0.0-Release.Candidate.app/Contents/Developer/Platforms/XROS.platform/Developer/usr/bin/swift-plugin-server\#PreviewsMacros -load-resolved-plugin /Applications/Xcode-27.0.0-Release.Candidate.app/Contents/Developer/Platforms/XROS.platform/Developer/usr/lib/swift/host/plugins/libSwiftMacros.dylib\#/Applications/Xcode-27.0.0-Release.Candidate.app/Contents/Developer/Platforms/XROS.platform/Developer/usr/bin/swift-plugin-server\#SwiftMacros -load-resolved-plugin /Applications/Xcode-27.0.0-Release.Candidate.app/Contents/Developer/Platforms/XROS.platform/Developer/usr/lib/swift/host/plugins/libSwiftUIMacros.dylib\#/Applications/Xcode-27.0.0-Release.Candidate.app/Contents/Developer/Platforms/XROS.platform/Developer/usr/bin/swift-plugin-server\#SwiftUIMacros -disable-implicit-swift-modules -Xcc -fno-implicit-modules -Xcc -fno-implicit-module-maps -explicit-swift-module-map-file /Users/admin/builder/spi-builder-workspace/.derivedData/Build/Intermediates.noindex/Swifter.build/Debug-xros/Swifter-t.build/Objects-normal/arm64/Swifter-dependencies-1.json -Xllvm -aarch64-use-tbi -enable-objc-interop -stack-check -sdk /Applications/Xcode-27.0.0-Release.Candidate.app/Contents/Developer/Platforms/XROS.platform/Developer/SDKs/XROS27.0.sdk -I /Users/admin/builder/spi-builder-workspace/.derivedData/Build/Products/Debug-xros -Isystem /Applications/Xcode-27.0.0-Release.Candidate.app/Contents/Developer/Platforms/XROS.platform/Developer/usr/lib -F /Users/admin/builder/spi-builder-workspace/.derivedData/Build/Products/Debug-xros -F /Applications/Xcode-27.0.0-Release.Candidate.app/Contents/Developer/Platforms/XROS.platform/Developer/Library/Frameworks -F /Applications/Xcode-27.0.0-Release.Candidate.app/Contents/Developer/Platforms/XROS.platform/Developer/SDKs/XROS27.0.sdk/Developer/Library/Frameworks -module-cache-path /Users/admin/builder/spi-builder-workspace/.derivedData/Build/Intermediates.noindex/SwiftExplicitPrecompiledModules -no-color-diagnostics -Xcc -fno-color-diagnostics -enable-testing -g -debug-info-format\=dwarf -dwarf-version\=4 -suppress-warnings -profile-generate -profile-coverage-mapping -swift-version 5 -Onone -D SWIFT_PACKAGE -D DEBUG -D SWIFT_MODULE_RESOURCE_BUNDLE_UNAVAILABLE -D Xcode -serialize-debugging-options -enable-experimental-feature DebugDescriptionMacro -empty-abi-descriptor -validate-clang-modules-once -clang-build-session-file /Users/admin/builder/spi-builder-workspace/.derivedData/ModuleCache.noindex/Session.modulevalidation -Xcc -working-directory -Xcc /Users/admin/builder/spi-builder-workspace/.swiftpm/xcode -enable-anonymous-context-mangled-names -file-compilation-dir /Users/admin/builder/spi-builder-workspace/.swiftpm/xcode -Xcc -D_LIBCPP_HARDENING_MODE\=_LIBCPP_HARDENING_MODE_DEBUG -Xcc -ivfsstatcache -Xcc /Users/admin/builder/spi-builder-workspace/.derivedData/SDKStatCaches.noindex/xros27.0-24M361-e829b21a6f8c9b70876ba0858053c044735bd543db762f57723cac368afd1ce4.sdkstatcache -Xcc -fmodules-prune-interval\=86400 -Xcc -fmodules-prune-after\=345600 -Xcc -I/Users/admin/builder/spi-builder-workspace/.derivedData/Build/Products/Debug-xros/include -Xcc -I/Users/admin/builder/spi-builder-workspace/.derivedData/Build/Intermediates.noindex/Swifter.build/Debug-xros/Swifter-t.build/DerivedSources-normal/arm64 -Xcc -I/Users/admin/builder/spi-builder-workspace/.derivedData/Build/Intermediates.noindex/Swifter.build/Debug-xros/Swifter-t.build/DerivedSources/arm64 -Xcc -I/Users/admin/builder/spi-builder-workspace/.derivedData/Build/Intermediates.noindex/Swifter.build/Debug-xros/Swifter-t.build/DerivedSources -Xcc -DSWIFT_PACKAGE -Xcc -DDEBUG\=1 -no-auto-bridging-header-chaining -module-name Swifter -const-gather-protocols-file /Users/admin/builder/spi-builder-workspace/.derivedData/Build/Intermediates.noindex/Swifter.build/Debug-xros/Swifter-t.build/Objects-normal/arm64/Swifter_const_extract_protocols.json -disable-clang-spi -clang-target arm64-apple-xros27.0 -target-sdk-version 27.0 -target-sdk-name xros27.0 -in-process-plugin-server-path /Applications/Xcode-27.0.0-Release.Candidate.app/Contents/Developer/Toolchains/XcodeDefault.xctoolchain/usr/lib/swift/host/libSwiftInProcPluginServer.dylib -parse-as-library -o /Users/admin/builder/spi-builder-workspace/.derivedData/Build/Intermediates.noindex/Swifter.build/Debug-xros/Swifter-t.build/Objects-normal/arm64/String++.o -o /Users/admin/builder/spi-builder-workspace/.derivedData/Build/Intermediates.noindex/Swifter.build/Debug-xros/Swifter-t.build/Objects-normal/arm64/Swifter.o -o /Users/admin/builder/spi-builder-workspace/.derivedData/Build/Intermediates.noindex/Swifter.build/Debug-xros/Swifter-t.build/Objects-normal/arm64/SwifterAccountsClient.o -o /Users/admin/builder/spi-builder-workspace/.derivedData/Build/Intermediates.noindex/Swifter.build/Debug-xros/Swifter-t.build/Objects-normal/arm64/SwifterAppOnlyClient.o -debug-module-path /Users/admin/builder/spi-builder-workspace/.derivedData/Build/Intermediates.noindex/Swifter.build/Debug-xros/Swifter-t.build/Objects-normal/arm64/Swifter.swiftmodule -index-unit-output-path /Swifter.build/Debug-xros/Swifter-t.build/Objects-normal/arm64/String++.o -index-unit-output-path /Swifter.build/Debug-xros/Swifter-t.build/Objects-normal/arm64/Swifter.o -index-unit-output-path /Swifter.build/Debug-xros/Swifter-t.build/Objects-normal/arm64/SwifterAccountsClient.o -index-unit-output-path /Swifter.build/Debug-xros/Swifter-t.build/Objects-normal/arm64/SwifterAppOnlyClient.o -index-store-path /Users/admin/builder/spi-builder-workspace/.derivedData/Index.noindex/DataStore -index-system-modules
SwiftExplicitDependencyGeneratePcm arm64 /Users/admin/builder/spi-builder-workspace/.derivedData/SDKExplicitPrecompiledModules/ARKit-27VDPOZ50FG2MJG7OFV6IFQYQ.pcm
SwiftCompile normal arm64 Compiling\ SwifterAuth.swift,\ SwifterClientProtocol.swift,\ SwifterCredential.swift,\ SwifterError.swift /Users/admin/builder/spi-builder-workspace/.dependencies/checkouts/Swifter/Sources/SwifterAuth.swift /Users/admin/builder/spi-builder-workspace/.dependencies/checkouts/Swifter/Sources/SwifterClientProtocol.swift /Users/admin/builder/spi-builder-workspace/.dependencies/checkouts/Swifter/Sources/SwifterCredential.swift /Users/admin/builder/spi-builder-workspace/.dependencies/checkouts/Swifter/Sources/SwifterError.swift (in target 'Swifter' from project 'Swifter')
SwiftCompile normal arm64 /Users/admin/builder/spi-builder-workspace/.dependencies/checkouts/Swifter/Sources/SwifterAuth.swift (in target 'Swifter' from project 'Swifter')
    cd /Users/admin/builder/spi-builder-workspace/.swiftpm/xcode
    builtin-SwiftPerFileCompile SwifterAuth.swift
SwiftCompile normal arm64 /Users/admin/builder/spi-builder-workspace/.dependencies/checkouts/Swifter/Sources/SwifterClientProtocol.swift (in target 'Swifter' from project 'Swifter')
    cd /Users/admin/builder/spi-builder-workspace/.swiftpm/xcode
    builtin-SwiftPerFileCompile SwifterClientProtocol.swift
SwiftCompile normal arm64 /Users/admin/builder/spi-builder-workspace/.dependencies/checkouts/Swifter/Sources/SwifterCredential.swift (in target 'Swifter' from project 'Swifter')
    cd /Users/admin/builder/spi-builder-workspace/.swiftpm/xcode
    builtin-SwiftPerFileCompile SwifterCredential.swift
SwiftCompile normal arm64 /Users/admin/builder/spi-builder-workspace/.dependencies/checkouts/Swifter/Sources/SwifterError.swift (in target 'Swifter' from project 'Swifter')
    cd /Users/admin/builder/spi-builder-workspace/.swiftpm/xcode
    builtin-SwiftPerFileCompile SwifterError.swift
SwiftEmitModule normal arm64 Emitting\ module\ for\ AsyncCompatibilityKit (in target 'AsyncCompatibilityKit' from project 'AsyncCompatibilityKit')
SwiftCompile normal arm64 (in target 'AsyncCompatibilityKit' from project 'AsyncCompatibilityKit')
    cd /Users/admin/builder/spi-builder-workspace/.swiftpm/xcode

SwiftDriverJobDiscovery normal arm64 Compiling iTunesNamespace.swift, iTunesOwner.swift, iTunesSubCategory.swift, RDFPath.swift, RSSFeed + mapAttributes.swift, RSSFeed + mapCharacters.swift, RSSFeed.swift, RSSFeedCategory.swift, RSSFeedCloud.swift (in target 'FeedKit' from project 'FeedKit')
SwiftCompile normal arm64 Compiling\ SwifterFavorites.swift,\ SwifterFollowers.swift,\ SwifterHTTPRequest.swift,\ SwifterHelp.swift /Users/admin/builder/spi-builder-workspace/.dependencies/checkouts/Swifter/Sources/SwifterFavorites.swift /Users/admin/builder/spi-builder-workspace/.dependencies/checkouts/Swifter/Sources/SwifterFollowers.swift /Users/admin/builder/spi-builder-workspace/.dependencies/checkouts/Swifter/Sources/SwifterHTTPRequest.swift /Users/admin/builder/spi-builder-workspace/.dependencies/checkouts/Swifter/Sources/SwifterHelp.swift (in target 'Swifter' from project 'Swifter')
SwiftCompile normal arm64 /Users/admin/builder/spi-builder-workspace/.dependencies/checkouts/Swifter/Sources/SwifterFavorites.swift (in target 'Swifter' from project 'Swifter')
    cd /Users/admin/builder/spi-builder-workspace/.swiftpm/xcode
    builtin-SwiftPerFileCompile SwifterFavorites.swift
SwiftCompile normal arm64 /Users/admin/builder/spi-builder-workspace/.dependencies/checkouts/Swifter/Sources/SwifterFollowers.swift (in target 'Swifter' from project 'Swifter')
    cd /Users/admin/builder/spi-builder-workspace/.swiftpm/xcode
    builtin-SwiftPerFileCompile SwifterFollowers.swift
SwiftCompile normal arm64 /Users/admin/builder/spi-builder-workspace/.dependencies/checkouts/Swifter/Sources/SwifterHTTPRequest.swift (in target 'Swifter' from project 'Swifter')
    cd /Users/admin/builder/spi-builder-workspace/.swiftpm/xcode
    builtin-SwiftPerFileCompile SwifterHTTPRequest.swift
SwiftCompile normal arm64 /Users/admin/builder/spi-builder-workspace/.dependencies/checkouts/Swifter/Sources/SwifterHelp.swift (in target 'Swifter' from project 'Swifter')
    cd /Users/admin/builder/spi-builder-workspace/.swiftpm/xcode
    builtin-SwiftPerFileCompile SwifterHelp.swift
SwiftDriverJobDiscovery normal arm64 Compiling BashCompletionsGenerator.swift, CompletionsGenerator.swift, FishCompletionsGenerator.swift, ZshCompletionsGenerator.swift (in target 'ArgumentParser' from project 'swift-argument-parser')
SwiftCompile normal arm64 Compiling\ SwifterPlaces.swift,\ SwifterSavedSearches.swift,\ SwifterSearch.swift /Users/admin/builder/spi-builder-workspace/.dependencies/checkouts/Swifter/Sources/SwifterPlaces.swift /Users/admin/builder/spi-builder-workspace/.dependencies/checkouts/Swifter/Sources/SwifterSavedSearches.swift /Users/admin/builder/spi-builder-workspace/.dependencies/checkouts/Swifter/Sources/SwifterSearch.swift (in target 'Swifter' from project 'Swifter')
SwiftCompile normal arm64 /Users/admin/builder/spi-builder-workspace/.dependencies/checkouts/Swifter/Sources/SwifterPlaces.swift (in target 'Swifter' from project 'Swifter')
    cd /Users/admin/builder/spi-builder-workspace/.swiftpm/xcode
    builtin-SwiftPerFileCompile SwifterPlaces.swift
SwiftCompile normal arm64 /Users/admin/builder/spi-builder-workspace/.dependencies/checkouts/Swifter/Sources/SwifterSavedSearches.swift (in target 'Swifter' from project 'Swifter')
    cd /Users/admin/builder/spi-builder-workspace/.swiftpm/xcode
    builtin-SwiftPerFileCompile SwifterSavedSearches.swift
SwiftCompile normal arm64 /Users/admin/builder/spi-builder-workspace/.dependencies/checkouts/Swifter/Sources/SwifterSearch.swift (in target 'Swifter' from project 'Swifter')
    cd /Users/admin/builder/spi-builder-workspace/.swiftpm/xcode
    builtin-SwiftPerFileCompile SwifterSearch.swift
SwiftDriverJobDiscovery normal arm64 Compiling MessageInfo.swift, UsageGenerator.swift, CollectionExtensions.swift (in target 'ArgumentParser' from project 'swift-argument-parser')
SwiftCompile normal arm64 Compiling\ SwifterLists.swift,\ SwifterMedia.swift,\ SwifterMessages.swift,\ SwifterOAuthClient.swift /Users/admin/builder/spi-builder-workspace/.dependencies/checkouts/Swifter/Sources/SwifterLists.swift /Users/admin/builder/spi-builder-workspace/.dependencies/checkouts/Swifter/Sources/SwifterMedia.swift /Users/admin/builder/spi-builder-workspace/.dependencies/checkouts/Swifter/Sources/SwifterMessages.swift /Users/admin/builder/spi-builder-workspace/.dependencies/checkouts/Swifter/Sources/SwifterOAuthClient.swift (in target 'Swifter' from project 'Swifter')
SwiftCompile normal arm64 /Users/admin/builder/spi-builder-workspace/.dependencies/checkouts/Swifter/Sources/SwifterLists.swift (in target 'Swifter' from project 'Swifter')
    cd /Users/admin/builder/spi-builder-workspace/.swiftpm/xcode
    builtin-SwiftPerFileCompile SwifterLists.swift
SwiftCompile normal arm64 /Users/admin/builder/spi-builder-workspace/.dependencies/checkouts/Swifter/Sources/SwifterMedia.swift (in target 'Swifter' from project 'Swifter')
    cd /Users/admin/builder/spi-builder-workspace/.swiftpm/xcode
    builtin-SwiftPerFileCompile SwifterMedia.swift
SwiftCompile normal arm64 /Users/admin/builder/spi-builder-workspace/.dependencies/checkouts/Swifter/Sources/SwifterMessages.swift (in target 'Swifter' from project 'Swifter')
    cd /Users/admin/builder/spi-builder-workspace/.swiftpm/xcode
    builtin-SwiftPerFileCompile SwifterMessages.swift
SwiftCompile normal arm64 /Users/admin/builder/spi-builder-workspace/.dependencies/checkouts/Swifter/Sources/SwifterOAuthClient.swift (in target 'Swifter' from project 'Swifter')
    cd /Users/admin/builder/spi-builder-workspace/.swiftpm/xcode
    builtin-SwiftPerFileCompile SwifterOAuthClient.swift
SwiftDriverJobDiscovery normal arm64 Compiling Flag.swift, NameSpecification.swift, Option.swift, OptionGroup.swift (in target 'ArgumentParser' from project 'swift-argument-parser')
SwiftCompile normal arm64 Compiling\ SwifterTimelines.swift,\ SwifterTrends.swift,\ SwifterTweets.swift /Users/admin/builder/spi-builder-workspace/.dependencies/checkouts/Swifter/Sources/SwifterTimelines.swift /Users/admin/builder/spi-builder-workspace/.dependencies/checkouts/Swifter/Sources/SwifterTrends.swift /Users/admin/builder/spi-builder-workspace/.dependencies/checkouts/Swifter/Sources/SwifterTweets.swift (in target 'Swifter' from project 'Swifter')
SwiftCompile normal arm64 /Users/admin/builder/spi-builder-workspace/.dependencies/checkouts/Swifter/Sources/SwifterTimelines.swift (in target 'Swifter' from project 'Swifter')
    cd /Users/admin/builder/spi-builder-workspace/.swiftpm/xcode
    builtin-SwiftPerFileCompile SwifterTimelines.swift
SwiftCompile normal arm64 /Users/admin/builder/spi-builder-workspace/.dependencies/checkouts/Swifter/Sources/SwifterTrends.swift (in target 'Swifter' from project 'Swifter')
    cd /Users/admin/builder/spi-builder-workspace/.swiftpm/xcode
    builtin-SwiftPerFileCompile SwifterTrends.swift
SwiftCompile normal arm64 /Users/admin/builder/spi-builder-workspace/.dependencies/checkouts/Swifter/Sources/SwifterTweets.swift (in target 'Swifter' from project 'Swifter')
    cd /Users/admin/builder/spi-builder-workspace/.swiftpm/xcode
    builtin-SwiftPerFileCompile SwifterTweets.swift
SwiftDriverJobDiscovery normal arm64 Compiling SequenceExtensions.swift, StringExtensions.swift, Tree.swift (in target 'ArgumentParser' from project 'swift-argument-parser')
SwiftCompile normal arm64 Compiling\ JSON.swift,\ Operator++.swift,\ SHA1.swift,\ Scanner++.swift /Users/admin/builder/spi-builder-workspace/.dependencies/checkouts/Swifter/Sources/JSON.swift /Users/admin/builder/spi-builder-workspace/.dependencies/checkouts/Swifter/Sources/Operator++.swift /Users/admin/builder/spi-builder-workspace/.dependencies/checkouts/Swifter/Sources/SHA1.swift /Users/admin/builder/spi-builder-workspace/.dependencies/checkouts/Swifter/Sources/Scanner++.swift (in target 'Swifter' from project 'Swifter')
SwiftCompile normal arm64 /Users/admin/builder/spi-builder-workspace/.dependencies/checkouts/Swifter/Sources/JSON.swift (in target 'Swifter' from project 'Swifter')
    cd /Users/admin/builder/spi-builder-workspace/.swiftpm/xcode
    builtin-SwiftPerFileCompile JSON.swift
SwiftCompile normal arm64 /Users/admin/builder/spi-builder-workspace/.dependencies/checkouts/Swifter/Sources/Operator++.swift (in target 'Swifter' from project 'Swifter')
    cd /Users/admin/builder/spi-builder-workspace/.swiftpm/xcode
    builtin-SwiftPerFileCompile Operator++.swift
SwiftCompile normal arm64 /Users/admin/builder/spi-builder-workspace/.dependencies/checkouts/Swifter/Sources/SHA1.swift (in target 'Swifter' from project 'Swifter')
    cd /Users/admin/builder/spi-builder-workspace/.swiftpm/xcode
    builtin-SwiftPerFileCompile SHA1.swift
SwiftCompile normal arm64 /Users/admin/builder/spi-builder-workspace/.dependencies/checkouts/Swifter/Sources/Scanner++.swift (in target 'Swifter' from project 'Swifter')
    cd /Users/admin/builder/spi-builder-workspace/.swiftpm/xcode
    builtin-SwiftPerFileCompile Scanner++.swift
SwiftDriverJobDiscovery normal arm64 Emitting module for Swifter (in target 'Swifter' from project 'Swifter')
SwiftDriver\ Compilation\ Requirements Swifter normal arm64 com.apple.xcode.tools.swift.compiler (in target 'Swifter' from project 'Swifter')
    cd /Users/admin/builder/spi-builder-workspace/.swiftpm/xcode
    builtin-Swift-Compilation-Requirements -- /Applications/Xcode-27.0.0-Release.Candidate.app/Contents/Developer/Toolchains/XcodeDefault.xctoolchain/usr/bin/swiftc -parse-as-library -module-name Swifter -Onone @/Users/admin/builder/spi-builder-workspace/.derivedData/Build/Intermediates.noindex/Swifter.build/Debug-xros/Swifter-t.build/Objects-normal/arm64/Swifter.SwiftFileList -DSWIFT_PACKAGE -DDEBUG -DSWIFT_MODULE_RESOURCE_BUNDLE_UNAVAILABLE -DXcode -plugin-path /Applications/Xcode-27.0.0-Release.Candidate.app/Contents/Developer/Toolchains/XcodeDefault.xctoolchain/usr/lib/swift/host/plugins/testing -enable-experimental-feature DebugDescriptionMacro -sdk /Applications/Xcode-27.0.0-Release.Candidate.app/Contents/Developer/Platforms/XROS.platform/Developer/SDKs/XROS27.0.sdk -target arm64-apple-xros1.0 -g -module-cache-path /Users/admin/builder/spi-builder-workspace/.derivedData/ModuleCache.noindex -Xfrontend -serialize-debugging-options -profile-coverage-mapping -profile-generate -enable-testing -suppress-warnings -index-store-path /Users/admin/builder/spi-builder-workspace/.derivedData/Index.noindex/DataStore -Xcc -D_LIBCPP_HARDENING_MODE\=_LIBCPP_HARDENING_MODE_DEBUG -swift-version 5 -I /Users/admin/builder/spi-builder-workspace/.derivedData/Build/Products/Debug-xros -Isystem /Applications/Xcode-27.0.0-Release.Candidate.app/Contents/Developer/Platforms/XROS.platform/Developer/usr/lib -F /Users/admin/builder/spi-builder-workspace/.derivedData/Build/Products/Debug-xros -F /Applications/Xcode-27.0.0-Release.Candidate.app/Contents/Developer/Platforms/XROS.platform/Developer/Library/Frameworks -F /Applications/Xcode-27.0.0-Release.Candidate.app/Contents/Developer/Platforms/XROS.platform/Developer/SDKs/XROS27.0.sdk/Developer/Library/Frameworks -c -j10 -enable-batch-mode -incremental -Xcc -ivfsstatcache -Xcc /Users/admin/builder/spi-builder-workspace/.derivedData/SDKStatCaches.noindex/xros27.0-24M361-e829b21a6f8c9b70876ba0858053c044735bd543db762f57723cac368afd1ce4.sdkstatcache -output-file-map /Users/admin/builder/spi-builder-workspace/.derivedData/Build/Intermediates.noindex/Swifter.build/Debug-xros/Swifter-t.build/Objects-normal/arm64/Swifter-OutputFileMap.json -save-temps -no-color-diagnostics -explicit-module-build -module-cache-path /Users/admin/builder/spi-builder-workspace/.derivedData/Build/Intermediates.noindex/SwiftExplicitPrecompiledModules -clang-scanner-module-cache-path /Users/admin/builder/spi-builder-workspace/.derivedData/ModuleCache.noindex -sdk-module-cache-path /Users/admin/builder/spi-builder-workspace/.derivedData/SDKExplicitPrecompiledModules -emit-dependencies -emit-module -emit-module-path /Users/admin/builder/spi-builder-workspace/.derivedData/Build/Intermediates.noindex/Swifter.build/Debug-xros/Swifter-t.build/Objects-normal/arm64/Swifter.swiftmodule -serialize-diagnostics -dependency-scan-serialize-diagnostics-path /Users/admin/builder/spi-builder-workspace/.derivedData/Build/Intermediates.noindex/Swifter.build/Debug-xros/Swifter-t.build/Objects-normal/arm64/Swifter-dependency-scan.dia -validate-clang-modules-once -clang-build-session-file /Users/admin/builder/spi-builder-workspace/.derivedData/ModuleCache.noindex/Session.modulevalidation -Xcc -fmodules-prune-interval\=86400 -Xcc -fmodules-prune-after\=345600 -emit-const-values -const-gather-protocols-list /Users/admin/builder/spi-builder-workspace/.derivedData/Build/Intermediates.noindex/Swifter.build/Debug-xros/Swifter-t.build/Objects-normal/arm64/Swifter_const_extract_protocols.json -Xcc -I/Users/admin/builder/spi-builder-workspace/.derivedData/Build/Products/Debug-xros/include -Xcc -I/Users/admin/builder/spi-builder-workspace/.derivedData/Build/Intermediates.noindex/Swifter.build/Debug-xros/Swifter-t.build/DerivedSources-normal/arm64 -Xcc -I/Users/admin/builder/spi-builder-workspace/.derivedData/Build/Intermediates.noindex/Swifter.build/Debug-xros/Swifter-t.build/DerivedSources/arm64 -Xcc -I/Users/admin/builder/spi-builder-workspace/.derivedData/Build/Intermediates.noindex/Swifter.build/Debug-xros/Swifter-t.build/DerivedSources -Xcc -DSWIFT_PACKAGE -Xcc -DDEBUG\=1 -emit-objc-header -emit-objc-header-path /Users/admin/builder/spi-builder-workspace/.derivedData/Build/Intermediates.noindex/Swifter.build/Debug-xros/Swifter-t.build/Objects-normal/arm64/Swifter-Swift.h -working-directory /Users/admin/builder/spi-builder-workspace/.swiftpm/xcode -experimental-emit-module-separately -disable-cmo
SwiftDriverJobDiscovery normal arm64 Compiling AtomFeed + mapAttributes.swift, AtomFeed + mapCharacters.swift, AtomFeed.swift, AtomFeedAuthor.swift, AtomFeedCategory.swift, AtomFeedContributor.swift, AtomFeedEntry.swift, AtomFeedEntryAuthor.swift, AtomFeedEntryCategory.swift, AtomFeedEntryContent.swift (in target 'FeedKit' from project 'FeedKit')
SwiftCompile normal arm64 Compiling\ SwifterUsers.swift,\ URL++.swift,\ Utils.swift /Users/admin/builder/spi-builder-workspace/.dependencies/checkouts/Swifter/Sources/SwifterUsers.swift /Users/admin/builder/spi-builder-workspace/.dependencies/checkouts/Swifter/Sources/URL++.swift /Users/admin/builder/spi-builder-workspace/.dependencies/checkouts/Swifter/Sources/Utils.swift (in target 'Swifter' from project 'Swifter')
SwiftCompile normal arm64 /Users/admin/builder/spi-builder-workspace/.dependencies/checkouts/Swifter/Sources/SwifterUsers.swift (in target 'Swifter' from project 'Swifter')
    cd /Users/admin/builder/spi-builder-workspace/.swiftpm/xcode
    builtin-SwiftPerFileCompile SwifterUsers.swift
SwiftCompile normal arm64 /Users/admin/builder/spi-builder-workspace/.dependencies/checkouts/Swifter/Sources/URL++.swift (in target 'Swifter' from project 'Swifter')
    cd /Users/admin/builder/spi-builder-workspace/.swiftpm/xcode
    builtin-SwiftPerFileCompile URL++.swift
SwiftCompile normal arm64 /Users/admin/builder/spi-builder-workspace/.dependencies/checkouts/Swifter/Sources/Utils.swift (in target 'Swifter' from project 'Swifter')
    cd /Users/admin/builder/spi-builder-workspace/.swiftpm/xcode
    builtin-SwiftPerFileCompile Utils.swift
SwiftMergeGeneratedHeaders /Users/admin/builder/spi-builder-workspace/.derivedData/Build/Intermediates.noindex/GeneratedModuleMaps-xros/Swifter-Swift.h /Users/admin/builder/spi-builder-workspace/.derivedData/Build/Intermediates.noindex/Swifter.build/Debug-xros/Swifter-t.build/Objects-normal/arm64/Swifter-Swift.h (in target 'Swifter' from project 'Swifter')
    cd /Users/admin/builder/spi-builder-workspace/.dependencies/checkouts/Swifter
    builtin-swiftHeaderTool -arch arm64 /Users/admin/builder/spi-builder-workspace/.derivedData/Build/Intermediates.noindex/Swifter.build/Debug-xros/Swifter-t.build/Objects-normal/arm64/Swifter-Swift.h -o /Users/admin/builder/spi-builder-workspace/.derivedData/Build/Intermediates.noindex/GeneratedModuleMaps-xros/Swifter-Swift.h
SwiftDriverJobDiscovery normal arm64 Emitting module for AsyncCompatibilityKit (in target 'AsyncCompatibilityKit' from project 'AsyncCompatibilityKit')
Copy /Users/admin/builder/spi-builder-workspace/.derivedData/Build/Products/Debug-xros/Swifter.swiftmodule/arm64-apple-xros.swiftmodule /Users/admin/builder/spi-builder-workspace/.derivedData/Build/Intermediates.noindex/Swifter.build/Debug-xros/Swifter-t.build/Objects-normal/arm64/Swifter.swiftmodule (in target 'Swifter' from project 'Swifter')
    cd /Users/admin/builder/spi-builder-workspace/.dependencies/checkouts/Swifter
    builtin-copy -exclude .DS_Store -exclude CVS -exclude .svn -exclude .git -exclude .hg -resolve-src-symlinks -rename /Users/admin/builder/spi-builder-workspace/.derivedData/Build/Intermediates.noindex/Swifter.build/Debug-xros/Swifter-t.build/Objects-normal/arm64/Swifter.swiftmodule /Users/admin/builder/spi-builder-workspace/.derivedData/Build/Products/Debug-xros/Swifter.swiftmodule/arm64-apple-xros.swiftmodule
Copy /Users/admin/builder/spi-builder-workspace/.derivedData/Build/Products/Debug-xros/Swifter.swiftmodule/arm64-apple-xros.swiftdoc /Users/admin/builder/spi-builder-workspace/.derivedData/Build/Intermediates.noindex/Swifter.build/Debug-xros/Swifter-t.build/Objects-normal/arm64/Swifter.swiftdoc (in target 'Swifter' from project 'Swifter')
    cd /Users/admin/builder/spi-builder-workspace/.dependencies/checkouts/Swifter
    builtin-copy -exclude .DS_Store -exclude CVS -exclude .svn -exclude .git -exclude .hg -resolve-src-symlinks -rename /Users/admin/builder/spi-builder-workspace/.derivedData/Build/Intermediates.noindex/Swifter.build/Debug-xros/Swifter-t.build/Objects-normal/arm64/Swifter.swiftdoc /Users/admin/builder/spi-builder-workspace/.derivedData/Build/Products/Debug-xros/Swifter.swiftmodule/arm64-apple-xros.swiftdoc
Copy /Users/admin/builder/spi-builder-workspace/.derivedData/Build/Products/Debug-xros/Swifter.swiftmodule/arm64-apple-xros.abi.json /Users/admin/builder/spi-builder-workspace/.derivedData/Build/Intermediates.noindex/Swifter.build/Debug-xros/Swifter-t.build/Objects-normal/arm64/Swifter.abi.json (in target 'Swifter' from project 'Swifter')
    cd /Users/admin/builder/spi-builder-workspace/.dependencies/checkouts/Swifter
    builtin-copy -exclude .DS_Store -exclude CVS -exclude .svn -exclude .git -exclude .hg -resolve-src-symlinks -rename /Users/admin/builder/spi-builder-workspace/.derivedData/Build/Intermediates.noindex/Swifter.build/Debug-xros/Swifter-t.build/Objects-normal/arm64/Swifter.abi.json /Users/admin/builder/spi-builder-workspace/.derivedData/Build/Products/Debug-xros/Swifter.swiftmodule/arm64-apple-xros.abi.json
Copy /Users/admin/builder/spi-builder-workspace/.derivedData/Build/Products/Debug-xros/Swifter.swiftmodule/Project/arm64-apple-xros.swiftsourceinfo /Users/admin/builder/spi-builder-workspace/.derivedData/Build/Intermediates.noindex/Swifter.build/Debug-xros/Swifter-t.build/Objects-normal/arm64/Swifter.swiftsourceinfo (in target 'Swifter' from project 'Swifter')
    cd /Users/admin/builder/spi-builder-workspace/.dependencies/checkouts/Swifter
    builtin-copy -exclude .DS_Store -exclude CVS -exclude .svn -exclude .git -exclude .hg -resolve-src-symlinks -rename /Users/admin/builder/spi-builder-workspace/.derivedData/Build/Intermediates.noindex/Swifter.build/Debug-xros/Swifter-t.build/Objects-normal/arm64/Swifter.swiftsourceinfo /Users/admin/builder/spi-builder-workspace/.derivedData/Build/Products/Debug-xros/Swifter.swiftmodule/Project/arm64-apple-xros.swiftsourceinfo
SwiftDriver\ Compilation\ Requirements AsyncCompatibilityKit normal arm64 com.apple.xcode.tools.swift.compiler (in target 'AsyncCompatibilityKit' from project 'AsyncCompatibilityKit')
    cd /Users/admin/builder/spi-builder-workspace/.swiftpm/xcode
    builtin-Swift-Compilation-Requirements -- /Applications/Xcode-27.0.0-Release.Candidate.app/Contents/Developer/Toolchains/XcodeDefault.xctoolchain/usr/bin/swiftc -parse-as-library -module-name AsyncCompatibilityKit -Onone @/Users/admin/builder/spi-builder-workspace/.derivedData/Build/Intermediates.noindex/AsyncCompatibilityKit.build/Debug-xros/AsyncCompatibilityKit-t.build/Objects-normal/arm64/AsyncCompatibilityKit.SwiftFileList -DSWIFT_PACKAGE -DDEBUG -DSWIFT_MODULE_RESOURCE_BUNDLE_UNAVAILABLE -DXcode -plugin-path /Applications/Xcode-27.0.0-Release.Candidate.app/Contents/Developer/Toolchains/XcodeDefault.xctoolchain/usr/lib/swift/host/plugins/testing -enable-experimental-feature DebugDescriptionMacro -sdk /Applications/Xcode-27.0.0-Release.Candidate.app/Contents/Developer/Platforms/XROS.platform/Developer/SDKs/XROS27.0.sdk -target arm64-apple-xros1.0 -g -module-cache-path /Users/admin/builder/spi-builder-workspace/.derivedData/ModuleCache.noindex -Xfrontend -serialize-debugging-options -profile-coverage-mapping -profile-generate -enable-testing -suppress-warnings -index-store-path /Users/admin/builder/spi-builder-workspace/.derivedData/Index.noindex/DataStore -Xcc -D_LIBCPP_HARDENING_MODE\=_LIBCPP_HARDENING_MODE_DEBUG -swift-version 5 -I /Users/admin/builder/spi-builder-workspace/.derivedData/Build/Products/Debug-xros -Isystem /Applications/Xcode-27.0.0-Release.Candidate.app/Contents/Developer/Platforms/XROS.platform/Developer/usr/lib -F /Users/admin/builder/spi-builder-workspace/.derivedData/Build/Products/Debug-xros -F /Applications/Xcode-27.0.0-Release.Candidate.app/Contents/Developer/Platforms/XROS.platform/Developer/Library/Frameworks -F /Applications/Xcode-27.0.0-Release.Candidate.app/Contents/Developer/Platforms/XROS.platform/Developer/SDKs/XROS27.0.sdk/Developer/Library/Frameworks -c -j10 -enable-batch-mode -incremental -Xcc -ivfsstatcache -Xcc /Users/admin/builder/spi-builder-workspace/.derivedData/SDKStatCaches.noindex/xros27.0-24M361-e829b21a6f8c9b70876ba0858053c044735bd543db762f57723cac368afd1ce4.sdkstatcache -output-file-map /Users/admin/builder/spi-builder-workspace/.derivedData/Build/Intermediates.noindex/AsyncCompatibilityKit.build/Debug-xros/AsyncCompatibilityKit-t.build/Objects-normal/arm64/AsyncCompatibilityKit-OutputFileMap.json -save-temps -no-color-diagnostics -explicit-module-build -module-cache-path /Users/admin/builder/spi-builder-workspace/.derivedData/Build/Intermediates.noindex/SwiftExplicitPrecompiledModules -clang-scanner-module-cache-path /Users/admin/builder/spi-builder-workspace/.derivedData/ModuleCache.noindex -sdk-module-cache-path /Users/admin/builder/spi-builder-workspace/.derivedData/SDKExplicitPrecompiledModules -emit-dependencies -emit-module -emit-module-path /Users/admin/builder/spi-builder-workspace/.derivedData/Build/Intermediates.noindex/AsyncCompatibilityKit.build/Debug-xros/AsyncCompatibilityKit-t.build/Objects-normal/arm64/AsyncCompatibilityKit.swiftmodule -serialize-diagnostics -dependency-scan-serialize-diagnostics-path /Users/admin/builder/spi-builder-workspace/.derivedData/Build/Intermediates.noindex/AsyncCompatibilityKit.build/Debug-xros/AsyncCompatibilityKit-t.build/Objects-normal/arm64/AsyncCompatibilityKit-dependency-scan.dia -validate-clang-modules-once -clang-build-session-file /Users/admin/builder/spi-builder-workspace/.derivedData/ModuleCache.noindex/Session.modulevalidation -Xcc -fmodules-prune-interval\=86400 -Xcc -fmodules-prune-after\=345600 -emit-const-values -const-gather-protocols-list /Users/admin/builder/spi-builder-workspace/.derivedData/Build/Intermediates.noindex/AsyncCompatibilityKit.build/Debug-xros/AsyncCompatibilityKit-t.build/Objects-normal/arm64/AsyncCompatibilityKit_const_extract_protocols.json -Xcc -I/Users/admin/builder/spi-builder-workspace/.derivedData/Build/Products/Debug-xros/include -Xcc -I/Users/admin/builder/spi-builder-workspace/.derivedData/Build/Intermediates.noindex/AsyncCompatibilityKit.build/Debug-xros/AsyncCompatibilityKit-t.build/DerivedSources-normal/arm64 -Xcc -I/Users/admin/builder/spi-builder-workspace/.derivedData/Build/Intermediates.noindex/AsyncCompatibilityKit.build/Debug-xros/AsyncCompatibilityKit-t.build/DerivedSources/arm64 -Xcc -I/Users/admin/builder/spi-builder-workspace/.derivedData/Build/Intermediates.noindex/AsyncCompatibilityKit.build/Debug-xros/AsyncCompatibilityKit-t.build/DerivedSources -Xcc -DSWIFT_PACKAGE -Xcc -DDEBUG\=1 -emit-objc-header -emit-objc-header-path /Users/admin/builder/spi-builder-workspace/.derivedData/Build/Intermediates.noindex/AsyncCompatibilityKit.build/Debug-xros/AsyncCompatibilityKit-t.build/Objects-normal/arm64/AsyncCompatibilityKit-Swift.h -working-directory /Users/admin/builder/spi-builder-workspace/.swiftpm/xcode -experimental-emit-module-separately -disable-cmo
SwiftDriverJobDiscovery normal arm64 Compiling SwifterPlaces.swift, SwifterSavedSearches.swift, SwifterSearch.swift (in target 'Swifter' from project 'Swifter')
SwiftCompile normal arm64 Compiling\ Data++.swift,\ Dictionary++.swift,\ HMAC.swift,\ Int++.swift /Users/admin/builder/spi-builder-workspace/.dependencies/checkouts/Swifter/Sources/Data++.swift /Users/admin/builder/spi-builder-workspace/.dependencies/checkouts/Swifter/Sources/Dictionary++.swift /Users/admin/builder/spi-builder-workspace/.dependencies/checkouts/Swifter/Sources/HMAC.swift /Users/admin/builder/spi-builder-workspace/.dependencies/checkouts/Swifter/Sources/Int++.swift (in target 'Swifter' from project 'Swifter')
SwiftCompile normal arm64 /Users/admin/builder/spi-builder-workspace/.dependencies/checkouts/Swifter/Sources/Data++.swift (in target 'Swifter' from project 'Swifter')
    cd /Users/admin/builder/spi-builder-workspace/.swiftpm/xcode
    builtin-SwiftPerFileCompile Data++.swift
SwiftCompile normal arm64 /Users/admin/builder/spi-builder-workspace/.dependencies/checkouts/Swifter/Sources/Dictionary++.swift (in target 'Swifter' from project 'Swifter')
    cd /Users/admin/builder/spi-builder-workspace/.swiftpm/xcode
    builtin-SwiftPerFileCompile Dictionary++.swift
SwiftCompile normal arm64 /Users/admin/builder/spi-builder-workspace/.dependencies/checkouts/Swifter/Sources/HMAC.swift (in target 'Swifter' from project 'Swifter')
    cd /Users/admin/builder/spi-builder-workspace/.swiftpm/xcode
    builtin-SwiftPerFileCompile HMAC.swift
SwiftCompile normal arm64 /Users/admin/builder/spi-builder-workspace/.dependencies/checkouts/Swifter/Sources/Int++.swift (in target 'Swifter' from project 'Swifter')
    cd /Users/admin/builder/spi-builder-workspace/.swiftpm/xcode
    builtin-SwiftPerFileCompile Int++.swift
SwiftCompile normal arm64 Compiling\ SwifterSpam.swift,\ SwifterSuggested.swift,\ SwifterTag.swift /Users/admin/builder/spi-builder-workspace/.dependencies/checkouts/Swifter/Sources/SwifterSpam.swift /Users/admin/builder/spi-builder-workspace/.dependencies/checkouts/Swifter/Sources/SwifterSuggested.swift /Users/admin/builder/spi-builder-workspace/.dependencies/checkouts/Swifter/Sources/SwifterTag.swift (in target 'Swifter' from project 'Swifter')
SwiftCompile normal arm64 /Users/admin/builder/spi-builder-workspace/.dependencies/checkouts/Swifter/Sources/SwifterSpam.swift (in target 'Swifter' from project 'Swifter')
    cd /Users/admin/builder/spi-builder-workspace/.swiftpm/xcode
    builtin-SwiftPerFileCompile SwifterSpam.swift
SwiftCompile normal arm64 /Users/admin/builder/spi-builder-workspace/.dependencies/checkouts/Swifter/Sources/SwifterSuggested.swift (in target 'Swifter' from project 'Swifter')
    cd /Users/admin/builder/spi-builder-workspace/.swiftpm/xcode
    builtin-SwiftPerFileCompile SwifterSuggested.swift
SwiftCompile normal arm64 /Users/admin/builder/spi-builder-workspace/.dependencies/checkouts/Swifter/Sources/SwifterTag.swift (in target 'Swifter' from project 'Swifter')
    cd /Users/admin/builder/spi-builder-workspace/.swiftpm/xcode
    builtin-SwiftPerFileCompile SwifterTag.swift
SwiftMergeGeneratedHeaders /Users/admin/builder/spi-builder-workspace/.derivedData/Build/Intermediates.noindex/GeneratedModuleMaps-xros/AsyncCompatibilityKit-Swift.h /Users/admin/builder/spi-builder-workspace/.derivedData/Build/Intermediates.noindex/AsyncCompatibilityKit.build/Debug-xros/AsyncCompatibilityKit-t.build/Objects-normal/arm64/AsyncCompatibilityKit-Swift.h (in target 'AsyncCompatibilityKit' from project 'AsyncCompatibilityKit')
    cd /Users/admin/builder/spi-builder-workspace/.dependencies/checkouts/AsyncCompatibilityKit
    builtin-swiftHeaderTool -arch arm64 /Users/admin/builder/spi-builder-workspace/.derivedData/Build/Intermediates.noindex/AsyncCompatibilityKit.build/Debug-xros/AsyncCompatibilityKit-t.build/Objects-normal/arm64/AsyncCompatibilityKit-Swift.h -o /Users/admin/builder/spi-builder-workspace/.derivedData/Build/Intermediates.noindex/GeneratedModuleMaps-xros/AsyncCompatibilityKit-Swift.h
SwiftDriverJobDiscovery normal arm64 Compiling SwifterTimelines.swift, SwifterTrends.swift, SwifterTweets.swift (in target 'Swifter' from project 'Swifter')
Copy /Users/admin/builder/spi-builder-workspace/.derivedData/Build/Products/Debug-xros/AsyncCompatibilityKit.swiftmodule/arm64-apple-xros.swiftmodule /Users/admin/builder/spi-builder-workspace/.derivedData/Build/Intermediates.noindex/AsyncCompatibilityKit.build/Debug-xros/AsyncCompatibilityKit-t.build/Objects-normal/arm64/AsyncCompatibilityKit.swiftmodule (in target 'AsyncCompatibilityKit' from project 'AsyncCompatibilityKit')
    cd /Users/admin/builder/spi-builder-workspace/.dependencies/checkouts/AsyncCompatibilityKit
    builtin-copy -exclude .DS_Store -exclude CVS -exclude .svn -exclude .git -exclude .hg -resolve-src-symlinks -rename /Users/admin/builder/spi-builder-workspace/.derivedData/Build/Intermediates.noindex/AsyncCompatibilityKit.build/Debug-xros/AsyncCompatibilityKit-t.build/Objects-normal/arm64/AsyncCompatibilityKit.swiftmodule /Users/admin/builder/spi-builder-workspace/.derivedData/Build/Products/Debug-xros/AsyncCompatibilityKit.swiftmodule/arm64-apple-xros.swiftmodule
Copy /Users/admin/builder/spi-builder-workspace/.derivedData/Build/Products/Debug-xros/AsyncCompatibilityKit.swiftmodule/arm64-apple-xros.swiftdoc /Users/admin/builder/spi-builder-workspace/.derivedData/Build/Intermediates.noindex/AsyncCompatibilityKit.build/Debug-xros/AsyncCompatibilityKit-t.build/Objects-normal/arm64/AsyncCompatibilityKit.swiftdoc (in target 'AsyncCompatibilityKit' from project 'AsyncCompatibilityKit')
    cd /Users/admin/builder/spi-builder-workspace/.dependencies/checkouts/AsyncCompatibilityKit
    builtin-copy -exclude .DS_Store -exclude CVS -exclude .svn -exclude .git -exclude .hg -resolve-src-symlinks -rename /Users/admin/builder/spi-builder-workspace/.derivedData/Build/Intermediates.noindex/AsyncCompatibilityKit.build/Debug-xros/AsyncCompatibilityKit-t.build/Objects-normal/arm64/AsyncCompatibilityKit.swiftdoc /Users/admin/builder/spi-builder-workspace/.derivedData/Build/Products/Debug-xros/AsyncCompatibilityKit.swiftmodule/arm64-apple-xros.swiftdoc
Copy /Users/admin/builder/spi-builder-workspace/.derivedData/Build/Products/Debug-xros/AsyncCompatibilityKit.swiftmodule/arm64-apple-xros.abi.json /Users/admin/builder/spi-builder-workspace/.derivedData/Build/Intermediates.noindex/AsyncCompatibilityKit.build/Debug-xros/AsyncCompatibilityKit-t.build/Objects-normal/arm64/AsyncCompatibilityKit.abi.json (in target 'AsyncCompatibilityKit' from project 'AsyncCompatibilityKit')
    cd /Users/admin/builder/spi-builder-workspace/.dependencies/checkouts/AsyncCompatibilityKit
    builtin-copy -exclude .DS_Store -exclude CVS -exclude .svn -exclude .git -exclude .hg -resolve-src-symlinks -rename /Users/admin/builder/spi-builder-workspace/.derivedData/Build/Intermediates.noindex/AsyncCompatibilityKit.build/Debug-xros/AsyncCompatibilityKit-t.build/Objects-normal/arm64/AsyncCompatibilityKit.abi.json /Users/admin/builder/spi-builder-workspace/.derivedData/Build/Products/Debug-xros/AsyncCompatibilityKit.swiftmodule/arm64-apple-xros.abi.json
Copy /Users/admin/builder/spi-builder-workspace/.derivedData/Build/Products/Debug-xros/AsyncCompatibilityKit.swiftmodule/Project/arm64-apple-xros.swiftsourceinfo /Users/admin/builder/spi-builder-workspace/.derivedData/Build/Intermediates.noindex/AsyncCompatibilityKit.build/Debug-xros/AsyncCompatibilityKit-t.build/Objects-normal/arm64/AsyncCompatibilityKit.swiftsourceinfo (in target 'AsyncCompatibilityKit' from project 'AsyncCompatibilityKit')
    cd /Users/admin/builder/spi-builder-workspace/.dependencies/checkouts/AsyncCompatibilityKit
    builtin-copy -exclude .DS_Store -exclude CVS -exclude .svn -exclude .git -exclude .hg -resolve-src-symlinks -rename /Users/admin/builder/spi-builder-workspace/.derivedData/Build/Intermediates.noindex/AsyncCompatibilityKit.build/Debug-xros/AsyncCompatibilityKit-t.build/Objects-normal/arm64/AsyncCompatibilityKit.swiftsourceinfo /Users/admin/builder/spi-builder-workspace/.derivedData/Build/Products/Debug-xros/AsyncCompatibilityKit.swiftmodule/Project/arm64-apple-xros.swiftsourceinfo
SwiftDriver\ Compilation FeedKit normal arm64 com.apple.xcode.tools.swift.compiler (in target 'FeedKit' from project 'FeedKit')
    cd /Users/admin/builder/spi-builder-workspace/.swiftpm/xcode
    builtin-Swift-Compilation -- /Applications/Xcode-27.0.0-Release.Candidate.app/Contents/Developer/Toolchains/XcodeDefault.xctoolchain/usr/bin/swiftc -parse-as-library -module-name FeedKit -Onone @/Users/admin/builder/spi-builder-workspace/.derivedData/Build/Intermediates.noindex/FeedKit.build/Debug-xros/FeedKit-t.build/Objects-normal/arm64/FeedKit.SwiftFileList -DSWIFT_PACKAGE -DDEBUG -DSWIFT_MODULE_RESOURCE_BUNDLE_UNAVAILABLE -DXcode -plugin-path /Applications/Xcode-27.0.0-Release.Candidate.app/Contents/Developer/Toolchains/XcodeDefault.xctoolchain/usr/lib/swift/host/plugins/testing -enable-experimental-feature DebugDescriptionMacro -sdk /Applications/Xcode-27.0.0-Release.Candidate.app/Contents/Developer/Platforms/XROS.platform/Developer/SDKs/XROS27.0.sdk -target arm64-apple-xros1.0 -g -module-cache-path /Users/admin/builder/spi-builder-workspace/.derivedData/ModuleCache.noindex -Xfrontend -serialize-debugging-options -profile-coverage-mapping -profile-generate -enable-testing -suppress-warnings -index-store-path /Users/admin/builder/spi-builder-workspace/.derivedData/Index.noindex/DataStore -Xcc -D_LIBCPP_HARDENING_MODE\=_LIBCPP_HARDENING_MODE_DEBUG -swift-version 5 -I /Users/admin/builder/spi-builder-workspace/.derivedData/Build/Products/Debug-xros -Isystem /Applications/Xcode-27.0.0-Release.Candidate.app/Contents/Developer/Platforms/XROS.platform/Developer/usr/lib -F /Users/admin/builder/spi-builder-workspace/.derivedData/Build/Products/Debug-xros -F /Applications/Xcode-27.0.0-Release.Candidate.app/Contents/Developer/Platforms/XROS.platform/Developer/Library/Frameworks -F /Applications/Xcode-27.0.0-Release.Candidate.app/Contents/Developer/Platforms/XROS.platform/Developer/SDKs/XROS27.0.sdk/Developer/Library/Frameworks -c -j10 -enable-batch-mode -incremental -Xcc -ivfsstatcache -Xcc /Users/admin/builder/spi-builder-workspace/.derivedData/SDKStatCaches.noindex/xros27.0-24M361-e829b21a6f8c9b70876ba0858053c044735bd543db762f57723cac368afd1ce4.sdkstatcache -output-file-map /Users/admin/builder/spi-builder-workspace/.derivedData/Build/Intermediates.noindex/FeedKit.build/Debug-xros/FeedKit-t.build/Objects-normal/arm64/FeedKit-OutputFileMap.json -save-temps -no-color-diagnostics -explicit-module-build -module-cache-path /Users/admin/builder/spi-builder-workspace/.derivedData/Build/Intermediates.noindex/SwiftExplicitPrecompiledModules -clang-scanner-module-cache-path /Users/admin/builder/spi-builder-workspace/.derivedData/ModuleCache.noindex -sdk-module-cache-path /Users/admin/builder/spi-builder-workspace/.derivedData/SDKExplicitPrecompiledModules -emit-dependencies -emit-module -emit-module-path /Users/admin/builder/spi-builder-workspace/.derivedData/Build/Intermediates.noindex/FeedKit.build/Debug-xros/FeedKit-t.build/Objects-normal/arm64/FeedKit.swiftmodule -serialize-diagnostics -dependency-scan-serialize-diagnostics-path /Users/admin/builder/spi-builder-workspace/.derivedData/Build/Intermediates.noindex/FeedKit.build/Debug-xros/FeedKit-t.build/Objects-normal/arm64/FeedKit-dependency-scan.dia -validate-clang-modules-once -clang-build-session-file /Users/admin/builder/spi-builder-workspace/.derivedData/ModuleCache.noindex/Session.modulevalidation -Xcc -fmodules-prune-interval\=86400 -Xcc -fmodules-prune-after\=345600 -emit-const-values -const-gather-protocols-list /Users/admin/builder/spi-builder-workspace/.derivedData/Build/Intermediates.noindex/FeedKit.build/Debug-xros/FeedKit-t.build/Objects-normal/arm64/FeedKit_const_extract_protocols.json -Xcc -I/Users/admin/builder/spi-builder-workspace/.derivedData/Build/Products/Debug-xros/include -Xcc -I/Users/admin/builder/spi-builder-workspace/.derivedData/Build/Intermediates.noindex/FeedKit.build/Debug-xros/FeedKit-t.build/DerivedSources-normal/arm64 -Xcc -I/Users/admin/builder/spi-builder-workspace/.derivedData/Build/Intermediates.noindex/FeedKit.build/Debug-xros/FeedKit-t.build/DerivedSources/arm64 -Xcc -I/Users/admin/builder/spi-builder-workspace/.derivedData/Build/Intermediates.noindex/FeedKit.build/Debug-xros/FeedKit-t.build/DerivedSources -Xcc -DSWIFT_PACKAGE -Xcc -DDEBUG\=1 -emit-objc-header -emit-objc-header-path /Users/admin/builder/spi-builder-workspace/.derivedData/Build/Intermediates.noindex/FeedKit.build/Debug-xros/FeedKit-t.build/Objects-normal/arm64/FeedKit-Swift.h -working-directory /Users/admin/builder/spi-builder-workspace/.swiftpm/xcode -experimental-emit-module-separately -disable-cmo
SwiftCompile normal arm64 Compiling\ URLSession+Async.swift /Users/admin/builder/spi-builder-workspace/.dependencies/checkouts/AsyncCompatibilityKit/Sources/URLSession+Async.swift (in target 'AsyncCompatibilityKit' from project 'AsyncCompatibilityKit')
SwiftCompile normal arm64 /Users/admin/builder/spi-builder-workspace/.dependencies/checkouts/AsyncCompatibilityKit/Sources/URLSession+Async.swift (in target 'AsyncCompatibilityKit' from project 'AsyncCompatibilityKit')
    cd /Users/admin/builder/spi-builder-workspace/.swiftpm/xcode
    builtin-SwiftPerFileCompile URLSession+Async.swift
SwiftDriverJobDiscovery normal arm64 Compiling SwifterSpam.swift, SwifterSuggested.swift, SwifterTag.swift (in target 'Swifter' from project 'Swifter')
SwiftCompile normal arm64 Compiling\ Publisher+Async.swift /Users/admin/builder/spi-builder-workspace/.dependencies/checkouts/AsyncCompatibilityKit/Sources/Publisher+Async.swift (in target 'AsyncCompatibilityKit' from project 'AsyncCompatibilityKit')
SwiftCompile normal arm64 /Users/admin/builder/spi-builder-workspace/.dependencies/checkouts/AsyncCompatibilityKit/Sources/Publisher+Async.swift (in target 'AsyncCompatibilityKit' from project 'AsyncCompatibilityKit')
    cd /Users/admin/builder/spi-builder-workspace/.swiftpm/xcode
    builtin-SwiftPerFileCompile Publisher+Async.swift
SwiftDriverJobDiscovery normal arm64 Compiling ArgumentDefinition.swift, ArgumentSet.swift, CommandParser.swift, InputOrigin.swift (in target 'ArgumentParser' from project 'swift-argument-parser')
SwiftCompile normal arm64 Compiling\ View+Async.swift /Users/admin/builder/spi-builder-workspace/.dependencies/checkouts/AsyncCompatibilityKit/Sources/View+Async.swift (in target 'AsyncCompatibilityKit' from project 'AsyncCompatibilityKit')
SwiftCompile normal arm64 /Users/admin/builder/spi-builder-workspace/.dependencies/checkouts/AsyncCompatibilityKit/Sources/View+Async.swift (in target 'AsyncCompatibilityKit' from project 'AsyncCompatibilityKit')
    cd /Users/admin/builder/spi-builder-workspace/.swiftpm/xcode
    builtin-SwiftPerFileCompile View+Async.swift
SwiftDriverJobDiscovery normal arm64 Compiling Data++.swift, Dictionary++.swift, HMAC.swift, Int++.swift (in target 'Swifter' from project 'Swifter')
SwiftCompile normal arm64 Compiling\ SplitArguments.swift,\ DumpHelpGenerator.swift,\ HelpCommand.swift,\ HelpGenerator.swift /Users/admin/builder/spi-builder-workspace/.dependencies/checkouts/swift-argument-parser/Sources/ArgumentParser/Parsing/SplitArguments.swift /Users/admin/builder/spi-builder-workspace/.dependencies/checkouts/swift-argument-parser/Sources/ArgumentParser/Usage/DumpHelpGenerator.swift /Users/admin/builder/spi-builder-workspace/.dependencies/checkouts/swift-argument-parser/Sources/ArgumentParser/Usage/HelpCommand.swift /Users/admin/builder/spi-builder-workspace/.dependencies/checkouts/swift-argument-parser/Sources/ArgumentParser/Usage/HelpGenerator.swift (in target 'ArgumentParser' from project 'swift-argument-parser')
SwiftCompile normal arm64 /Users/admin/builder/spi-builder-workspace/.dependencies/checkouts/swift-argument-parser/Sources/ArgumentParser/Parsing/SplitArguments.swift (in target 'ArgumentParser' from project 'swift-argument-parser')
    cd /Users/admin/builder/spi-builder-workspace/.swiftpm/xcode
    builtin-SwiftPerFileCompile SplitArguments.swift
SwiftCompile normal arm64 /Users/admin/builder/spi-builder-workspace/.dependencies/checkouts/swift-argument-parser/Sources/ArgumentParser/Usage/DumpHelpGenerator.swift (in target 'ArgumentParser' from project 'swift-argument-parser')
    cd /Users/admin/builder/spi-builder-workspace/.swiftpm/xcode
    builtin-SwiftPerFileCompile DumpHelpGenerator.swift
SwiftCompile normal arm64 /Users/admin/builder/spi-builder-workspace/.dependencies/checkouts/swift-argument-parser/Sources/ArgumentParser/Usage/HelpCommand.swift (in target 'ArgumentParser' from project 'swift-argument-parser')
    cd /Users/admin/builder/spi-builder-workspace/.swiftpm/xcode
    builtin-SwiftPerFileCompile HelpCommand.swift
SwiftCompile normal arm64 /Users/admin/builder/spi-builder-workspace/.dependencies/checkouts/swift-argument-parser/Sources/ArgumentParser/Usage/HelpGenerator.swift (in target 'ArgumentParser' from project 'swift-argument-parser')
    cd /Users/admin/builder/spi-builder-workspace/.swiftpm/xcode
    builtin-SwiftPerFileCompile HelpGenerator.swift
SwiftCompile normal arm64 Compiling\ ParsableArguments.swift,\ ParsableArgumentsValidation.swift,\ ParsableCommand.swift,\ ArgumentDecoder.swift /Users/admin/builder/spi-builder-workspace/.dependencies/checkouts/swift-argument-parser/Sources/ArgumentParser/Parsable\ Types/ParsableArguments.swift /Users/admin/builder/spi-builder-workspace/.dependencies/checkouts/swift-argument-parser/Sources/ArgumentParser/Parsable\ Types/ParsableArgumentsValidation.swift /Users/admin/builder/spi-builder-workspace/.dependencies/checkouts/swift-argument-parser/Sources/ArgumentParser/Parsable\ Types/ParsableCommand.swift /Users/admin/builder/spi-builder-workspace/.dependencies/checkouts/swift-argument-parser/Sources/ArgumentParser/Parsing/ArgumentDecoder.swift (in target 'ArgumentParser' from project 'swift-argument-parser')
SwiftCompile normal arm64 /Users/admin/builder/spi-builder-workspace/.dependencies/checkouts/swift-argument-parser/Sources/ArgumentParser/Parsable\ Types/ParsableArguments.swift (in target 'ArgumentParser' from project 'swift-argument-parser')
    cd /Users/admin/builder/spi-builder-workspace/.swiftpm/xcode
    builtin-SwiftPerFileCompile ParsableArguments.swift
SwiftCompile normal arm64 /Users/admin/builder/spi-builder-workspace/.dependencies/checkouts/swift-argument-parser/Sources/ArgumentParser/Parsable\ Types/ParsableArgumentsValidation.swift (in target 'ArgumentParser' from project 'swift-argument-parser')
    cd /Users/admin/builder/spi-builder-workspace/.swiftpm/xcode
    builtin-SwiftPerFileCompile ParsableArgumentsValidation.swift
SwiftCompile normal arm64 /Users/admin/builder/spi-builder-workspace/.dependencies/checkouts/swift-argument-parser/Sources/ArgumentParser/Parsable\ Types/ParsableCommand.swift (in target 'ArgumentParser' from project 'swift-argument-parser')
    cd /Users/admin/builder/spi-builder-workspace/.swiftpm/xcode
    builtin-SwiftPerFileCompile ParsableCommand.swift
SwiftCompile normal arm64 /Users/admin/builder/spi-builder-workspace/.dependencies/checkouts/swift-argument-parser/Sources/ArgumentParser/Parsing/ArgumentDecoder.swift (in target 'ArgumentParser' from project 'swift-argument-parser')
    cd /Users/admin/builder/spi-builder-workspace/.swiftpm/xcode
    builtin-SwiftPerFileCompile ArgumentDecoder.swift
SwiftDriverJobDiscovery normal arm64 Compiling SwifterFavorites.swift, SwifterFollowers.swift, SwifterHTTPRequest.swift, SwifterHelp.swift (in target 'Swifter' from project 'Swifter')
SwiftCompile normal arm64 Compiling\ Argument.swift,\ ArgumentHelp.swift,\ CompletionKind.swift,\ Errors.swift /Users/admin/builder/spi-builder-workspace/.dependencies/checkouts/swift-argument-parser/Sources/ArgumentParser/Parsable\ Properties/Argument.swift /Users/admin/builder/spi-builder-workspace/.dependencies/checkouts/swift-argument-parser/Sources/ArgumentParser/Parsable\ Properties/ArgumentHelp.swift /Users/admin/builder/spi-builder-workspace/.dependencies/checkouts/swift-argument-parser/Sources/ArgumentParser/Parsable\ Properties/CompletionKind.swift /Users/admin/builder/spi-builder-workspace/.dependencies/checkouts/swift-argument-parser/Sources/ArgumentParser/Parsable\ Properties/Errors.swift (in target 'ArgumentParser' from project 'swift-argument-parser')
SwiftCompile normal arm64 /Users/admin/builder/spi-builder-workspace/.dependencies/checkouts/swift-argument-parser/Sources/ArgumentParser/Parsable\ Properties/Argument.swift (in target 'ArgumentParser' from project 'swift-argument-parser')
    cd /Users/admin/builder/spi-builder-workspace/.swiftpm/xcode
    builtin-SwiftPerFileCompile Argument.swift
SwiftCompile normal arm64 /Users/admin/builder/spi-builder-workspace/.dependencies/checkouts/swift-argument-parser/Sources/ArgumentParser/Parsable\ Properties/ArgumentHelp.swift (in target 'ArgumentParser' from project 'swift-argument-parser')
    cd /Users/admin/builder/spi-builder-workspace/.swiftpm/xcode
    builtin-SwiftPerFileCompile ArgumentHelp.swift
SwiftCompile normal arm64 /Users/admin/builder/spi-builder-workspace/.dependencies/checkouts/swift-argument-parser/Sources/ArgumentParser/Parsable\ Properties/CompletionKind.swift (in target 'ArgumentParser' from project 'swift-argument-parser')
    cd /Users/admin/builder/spi-builder-workspace/.swiftpm/xcode
    builtin-SwiftPerFileCompile CompletionKind.swift
SwiftCompile normal arm64 /Users/admin/builder/spi-builder-workspace/.dependencies/checkouts/swift-argument-parser/Sources/ArgumentParser/Parsable\ Properties/Errors.swift (in target 'ArgumentParser' from project 'swift-argument-parser')
    cd /Users/admin/builder/spi-builder-workspace/.swiftpm/xcode
    builtin-SwiftPerFileCompile Errors.swift
SwiftDriverJobDiscovery normal arm64 Compiling SwifterLists.swift, SwifterMedia.swift, SwifterMessages.swift, SwifterOAuthClient.swift (in target 'Swifter' from project 'Swifter')
SwiftDriverJobDiscovery normal arm64 Compiling Publisher+Async.swift (in target 'AsyncCompatibilityKit' from project 'AsyncCompatibilityKit')
Ld /Users/admin/builder/spi-builder-workspace/.derivedData/Build/Products/Debug-xros/SwiftyBeaver.o normal (in target 'SwiftyBeaver' from project 'SwiftyBeaver')
    cd /Users/admin/builder/spi-builder-workspace/.dependencies/checkouts/SwiftyBeaver
    /Applications/Xcode-27.0.0-Release.Candidate.app/Contents/Developer/Toolchains/XcodeDefault.xctoolchain/usr/bin/clang -Xlinker -reproducible -target arm64-apple-xros1.0 -r -isysroot /Applications/Xcode-27.0.0-Release.Candidate.app/Contents/Developer/Platforms/XROS.platform/Developer/SDKs/XROS27.0.sdk -O0 -w -Xlinker -no_warn_duplicate_libraries -F/Users/admin/builder/spi-builder-workspace/.derivedData/Build/Intermediates.noindex/EagerLinkingTBDs/Debug-xros -F/Users/admin/builder/spi-builder-workspace/.derivedData/Build/Products/Debug-xros -iframework /Applications/Xcode-27.0.0-Release.Candidate.app/Contents/Developer/Platforms/XROS.platform/Developer/Library/Frameworks -iframework /Applications/Xcode-27.0.0-Release.Candidate.app/Contents/Developer/Platforms/XROS.platform/Developer/SDKs/XROS27.0.sdk/Developer/Library/Frameworks -filelist /Users/admin/builder/spi-builder-workspace/.derivedData/Build/Intermediates.noindex/SwiftyBeaver.build/Debug-xros/SwiftyBeaver-t.build/Objects-normal/arm64/SwiftyBeaver.LinkFileList -nostdlib -Xlinker -object_path_lto -Xlinker /Users/admin/builder/spi-builder-workspace/.derivedData/Build/Intermediates.noindex/SwiftyBeaver.build/Debug-xros/SwiftyBeaver-t.build/Objects-normal/arm64/SwiftyBeaver_lto.o -Xlinker -no_deduplicate -Xlinker -debug_variant -Xlinker -dependency_info -Xlinker /Users/admin/builder/spi-builder-workspace/.derivedData/Build/Intermediates.noindex/SwiftyBeaver.build/Debug-xros/SwiftyBeaver-t.build/Objects-normal/arm64/SwiftyBeaver_dependency_info.dat -fobjc-link-runtime -L/Applications/Xcode-27.0.0-Release.Candidate.app/Contents/Developer/Toolchains/XcodeDefault.xctoolchain/usr/lib/swift/xros -L/usr/lib/swift -Xlinker -add_ast_path -Xlinker /Users/admin/builder/spi-builder-workspace/.derivedData/Build/Intermediates.noindex/SwiftyBeaver.build/Debug-xros/SwiftyBeaver-t.build/Objects-normal/arm64/SwiftyBeaver.swiftmodule -o /Users/admin/builder/spi-builder-workspace/.derivedData/Build/Products/Debug-xros/SwiftyBeaver.o
Ld /Users/admin/builder/spi-builder-workspace/.derivedData/Build/Products/Debug-xros/FeedKit.o normal (in target 'FeedKit' from project 'FeedKit')
    cd /Users/admin/builder/spi-builder-workspace/.dependencies/checkouts/FeedKit
    /Applications/Xcode-27.0.0-Release.Candidate.app/Contents/Developer/Toolchains/XcodeDefault.xctoolchain/usr/bin/clang -Xlinker -reproducible -target arm64-apple-xros1.0 -r -isysroot /Applications/Xcode-27.0.0-Release.Candidate.app/Contents/Developer/Platforms/XROS.platform/Developer/SDKs/XROS27.0.sdk -O0 -w -Xlinker -no_warn_duplicate_libraries -F/Users/admin/builder/spi-builder-workspace/.derivedData/Build/Intermediates.noindex/EagerLinkingTBDs/Debug-xros -F/Users/admin/builder/spi-builder-workspace/.derivedData/Build/Products/Debug-xros -iframework /Applications/Xcode-27.0.0-Release.Candidate.app/Contents/Developer/Platforms/XROS.platform/Developer/Library/Frameworks -iframework /Applications/Xcode-27.0.0-Release.Candidate.app/Contents/Developer/Platforms/XROS.platform/Developer/SDKs/XROS27.0.sdk/Developer/Library/Frameworks -filelist /Users/admin/builder/spi-builder-workspace/.derivedData/Build/Intermediates.noindex/FeedKit.build/Debug-xros/FeedKit-t.build/Objects-normal/arm64/FeedKit.LinkFileList -nostdlib -Xlinker -object_path_lto -Xlinker /Users/admin/builder/spi-builder-workspace/.derivedData/Build/Intermediates.noindex/FeedKit.build/Debug-xros/FeedKit-t.build/Objects-normal/arm64/FeedKit_lto.o -Xlinker -no_deduplicate -Xlinker -debug_variant -Xlinker -dependency_info -Xlinker /Users/admin/builder/spi-builder-workspace/.derivedData/Build/Intermediates.noindex/FeedKit.build/Debug-xros/FeedKit-t.build/Objects-normal/arm64/FeedKit_dependency_info.dat -fobjc-link-runtime -L/Applications/Xcode-27.0.0-Release.Candidate.app/Contents/Developer/Toolchains/XcodeDefault.xctoolchain/usr/lib/swift/xros -L/usr/lib/swift -Xlinker -add_ast_path -Xlinker /Users/admin/builder/spi-builder-workspace/.derivedData/Build/Intermediates.noindex/FeedKit.build/Debug-xros/FeedKit-t.build/Objects-normal/arm64/FeedKit.swiftmodule -o /Users/admin/builder/spi-builder-workspace/.derivedData/Build/Products/Debug-xros/FeedKit.o
SwiftDriverJobDiscovery normal arm64 Compiling SwifterUsers.swift, URL++.swift, Utils.swift (in target 'Swifter' from project 'Swifter')
ExtractAppIntentsMetadata (in target 'OhhAuth' from project 'OhhAuth')
    cd /Users/admin/builder/spi-builder-workspace/.dependencies/checkouts/OhhAuth
    /Applications/Xcode-27.0.0-Release.Candidate.app/Contents/Developer/Toolchains/XcodeDefault.xctoolchain/usr/bin/appintentsmetadataprocessor --toolchain-dir /var/run/com.apple.security.cryptexd/mnt/com.apple.MobileAsset.MetalToolchain-v27.1.266.1.AW94GQ/Metal.xctoolchain --module-name OhhAuth --sdk-root /Applications/Xcode-27.0.0-Release.Candidate.app/Contents/Developer/Platforms/XROS.platform/Developer/SDKs/XROS27.0.sdk --xcode-version 27A266a --platform-family xrOS --deployment-target 1.0 --bundle-identifier ohhauth.OhhAuth --output /Users/admin/builder/spi-builder-workspace/.derivedData/Build/Products/Debug-xros/OhhAuth.appintents --target-triple arm64-apple-xros1.0 --binary-file /Users/admin/builder/spi-builder-workspace/.derivedData/Build/Products/Debug-xros/OhhAuth.o --dependency-file /Users/admin/builder/spi-builder-workspace/.derivedData/Build/Intermediates.noindex/OhhAuth.build/Debug-xros/OhhAuth-t.build/Objects-normal/arm64/OhhAuth_dependency_info.dat --stringsdata-file /Users/admin/builder/spi-builder-workspace/.derivedData/Build/Intermediates.noindex/OhhAuth.build/Debug-xros/OhhAuth-t.build/Objects-normal/arm64/ExtractedAppShortcutsMetadata.stringsdata --source-file-list /Users/admin/builder/spi-builder-workspace/.derivedData/Build/Intermediates.noindex/OhhAuth.build/Debug-xros/OhhAuth-t.build/Objects-normal/arm64/OhhAuth.SwiftFileList --metadata-file-list /Users/admin/builder/spi-builder-workspace/.derivedData/Build/Intermediates.noindex/OhhAuth.build/Debug-xros/OhhAuth-t.build/OhhAuth.DependencyMetadataFileList --static-metadata-file-list /Users/admin/builder/spi-builder-workspace/.derivedData/Build/Intermediates.noindex/OhhAuth.build/Debug-xros/OhhAuth-t.build/OhhAuth.DependencyStaticMetadataFileList --swift-const-vals-list /Users/admin/builder/spi-builder-workspace/.derivedData/Build/Intermediates.noindex/OhhAuth.build/Debug-xros/OhhAuth-t.build/Objects-normal/arm64/OhhAuth.SwiftConstValuesFileList --force --compile-time-extraction --deployment-aware-processing --no-app-shortcuts-localization
2026-09-24 06:37:32.983 appintentsmetadataprocessor[1132:6450] Starting appintentsmetadataprocessor export
2026-09-24 06:37:33.064 appintentsmetadataprocessor[1132:6450] Extracted no relevant App Intents symbols, skipping writing output
SwiftDriverJobDiscovery normal arm64 Compiling URLSession+Async.swift (in target 'AsyncCompatibilityKit' from project 'AsyncCompatibilityKit')
ExtractAppIntentsMetadata (in target 'SwiftyBeaver' from project 'SwiftyBeaver')
    cd /Users/admin/builder/spi-builder-workspace/.dependencies/checkouts/SwiftyBeaver
    /Applications/Xcode-27.0.0-Release.Candidate.app/Contents/Developer/Toolchains/XcodeDefault.xctoolchain/usr/bin/appintentsmetadataprocessor --toolchain-dir /var/run/com.apple.security.cryptexd/mnt/com.apple.MobileAsset.MetalToolchain-v27.1.266.1.AW94GQ/Metal.xctoolchain --module-name SwiftyBeaver --sdk-root /Applications/Xcode-27.0.0-Release.Candidate.app/Contents/Developer/Platforms/XROS.platform/Developer/SDKs/XROS27.0.sdk --xcode-version 27A266a --platform-family xrOS --deployment-target 1.0 --bundle-identifier swiftybeaver.SwiftyBeaver --output /Users/admin/builder/spi-builder-workspace/.derivedData/Build/Products/Debug-xros/SwiftyBeaver.appintents --target-triple arm64-apple-xros1.0 --binary-file /Users/admin/builder/spi-builder-workspace/.derivedData/Build/Products/Debug-xros/SwiftyBeaver.o --dependency-file /Users/admin/builder/spi-builder-workspace/.derivedData/Build/Intermediates.noindex/SwiftyBeaver.build/Debug-xros/SwiftyBeaver-t.build/Objects-normal/arm64/SwiftyBeaver_dependency_info.dat --stringsdata-file /Users/admin/builder/spi-builder-workspace/.derivedData/Build/Intermediates.noindex/SwiftyBeaver.build/Debug-xros/SwiftyBeaver-t.build/Objects-normal/arm64/ExtractedAppShortcutsMetadata.stringsdata --source-file-list /Users/admin/builder/spi-builder-workspace/.derivedData/Build/Intermediates.noindex/SwiftyBeaver.build/Debug-xros/SwiftyBeaver-t.build/Objects-normal/arm64/SwiftyBeaver.SwiftFileList --metadata-file-list /Users/admin/builder/spi-builder-workspace/.derivedData/Build/Intermediates.noindex/SwiftyBeaver.build/Debug-xros/SwiftyBeaver-t.build/SwiftyBeaver.DependencyMetadataFileList --static-metadata-file-list /Users/admin/builder/spi-builder-workspace/.derivedData/Build/Intermediates.noindex/SwiftyBeaver.build/Debug-xros/SwiftyBeaver-t.build/SwiftyBeaver.DependencyStaticMetadataFileList --swift-const-vals-list /Users/admin/builder/spi-builder-workspace/.derivedData/Build/Intermediates.noindex/SwiftyBeaver.build/Debug-xros/SwiftyBeaver-t.build/Objects-normal/arm64/SwiftyBeaver.SwiftConstValuesFileList --force --compile-time-extraction --deployment-aware-processing --no-app-shortcuts-localization
2026-09-24 06:37:33.008 appintentsmetadataprocessor[1133:6471] Starting appintentsmetadataprocessor export
2026-09-24 06:37:33.096 appintentsmetadataprocessor[1133:6471] Extracted no relevant App Intents symbols, skipping writing output
ExtractAppIntentsMetadata (in target 'FeedKit' from project 'FeedKit')
    cd /Users/admin/builder/spi-builder-workspace/.dependencies/checkouts/FeedKit
    /Applications/Xcode-27.0.0-Release.Candidate.app/Contents/Developer/Toolchains/XcodeDefault.xctoolchain/usr/bin/appintentsmetadataprocessor --toolchain-dir /var/run/com.apple.security.cryptexd/mnt/com.apple.MobileAsset.MetalToolchain-v27.1.266.1.AW94GQ/Metal.xctoolchain --module-name FeedKit --sdk-root /Applications/Xcode-27.0.0-Release.Candidate.app/Contents/Developer/Platforms/XROS.platform/Developer/SDKs/XROS27.0.sdk --xcode-version 27A266a --platform-family xrOS --deployment-target 1.0 --bundle-identifier feedkit.FeedKit --output /Users/admin/builder/spi-builder-workspace/.derivedData/Build/Products/Debug-xros/FeedKit.appintents --target-triple arm64-apple-xros1.0 --binary-file /Users/admin/builder/spi-builder-workspace/.derivedData/Build/Products/Debug-xros/FeedKit.o --dependency-file /Users/admin/builder/spi-builder-workspace/.derivedData/Build/Intermediates.noindex/FeedKit.build/Debug-xros/FeedKit-t.build/Objects-normal/arm64/FeedKit_dependency_info.dat --stringsdata-file /Users/admin/builder/spi-builder-workspace/.derivedData/Build/Intermediates.noindex/FeedKit.build/Debug-xros/FeedKit-t.build/Objects-normal/arm64/ExtractedAppShortcutsMetadata.stringsdata --source-file-list /Users/admin/builder/spi-builder-workspace/.derivedData/Build/Intermediates.noindex/FeedKit.build/Debug-xros/FeedKit-t.build/Objects-normal/arm64/FeedKit.SwiftFileList --metadata-file-list /Users/admin/builder/spi-builder-workspace/.derivedData/Build/Intermediates.noindex/FeedKit.build/Debug-xros/FeedKit-t.build/FeedKit.DependencyMetadataFileList --static-metadata-file-list /Users/admin/builder/spi-builder-workspace/.derivedData/Build/Intermediates.noindex/FeedKit.build/Debug-xros/FeedKit-t.build/FeedKit.DependencyStaticMetadataFileList --swift-const-vals-list /Users/admin/builder/spi-builder-workspace/.derivedData/Build/Intermediates.noindex/FeedKit.build/Debug-xros/FeedKit-t.build/Objects-normal/arm64/FeedKit.SwiftConstValuesFileList --force --compile-time-extraction --deployment-aware-processing --no-app-shortcuts-localization
2026-09-24 06:37:33.016 appintentsmetadataprocessor[1134:6475] Starting appintentsmetadataprocessor export
2026-09-24 06:37:33.102 appintentsmetadataprocessor[1134:6475] Extracted no relevant App Intents symbols, skipping writing output
SwiftDriverJobDiscovery normal arm64 Compiling JSON.swift, Operator++.swift, SHA1.swift, Scanner++.swift (in target 'Swifter' from project 'Swifter')
SwiftDriver Logging normal arm64 com.apple.xcode.tools.swift.compiler (in target 'Logging' from project 'OsmiumAtlas')
    cd /Users/admin/builder/spi-builder-workspace/.swiftpm/xcode
    builtin-SwiftDriver -- /Applications/Xcode-27.0.0-Release.Candidate.app/Contents/Developer/Toolchains/XcodeDefault.xctoolchain/usr/bin/swiftc -parse-as-library -module-name Logging -Onone @/Users/admin/builder/spi-builder-workspace/.derivedData/Build/Intermediates.noindex/OsmiumAtlas.build/Debug-xros/Logging-t.build/Objects-normal/arm64/Logging.SwiftFileList -DSWIFT_PACKAGE -DDEBUG -DSWIFT_MODULE_RESOURCE_BUNDLE_UNAVAILABLE -DXcode -plugin-path /Applications/Xcode-27.0.0-Release.Candidate.app/Contents/Developer/Toolchains/XcodeDefault.xctoolchain/usr/lib/swift/host/plugins/testing -enable-experimental-feature DebugDescriptionMacro -sdk /Applications/Xcode-27.0.0-Release.Candidate.app/Contents/Developer/Platforms/XROS.platform/Developer/SDKs/XROS27.0.sdk -target arm64-apple-xros1.0 -g -module-cache-path /Users/admin/builder/spi-builder-workspace/.derivedData/ModuleCache.noindex -Xfrontend -serialize-debugging-options -profile-coverage-mapping -profile-generate -enable-testing -index-store-path /Users/admin/builder/spi-builder-workspace/.derivedData/Index.noindex/DataStore -Xcc -D_LIBCPP_HARDENING_MODE\=_LIBCPP_HARDENING_MODE_DEBUG -swift-version 5 -I /Users/admin/builder/spi-builder-workspace/.derivedData/Build/Products/Debug-xros -Isystem /Applications/Xcode-27.0.0-Release.Candidate.app/Contents/Developer/Platforms/XROS.platform/Developer/usr/lib -F /Users/admin/builder/spi-builder-workspace/.derivedData/Build/Products/Debug-xros/PackageFrameworks -F /Users/admin/builder/spi-builder-workspace/.derivedData/Build/Products/Debug-xros -F /Applications/Xcode-27.0.0-Release.Candidate.app/Contents/Developer/Platforms/XROS.platform/Developer/Library/Frameworks -F /Applications/Xcode-27.0.0-Release.Candidate.app/Contents/Developer/Platforms/XROS.platform/Developer/SDKs/XROS27.0.sdk/Developer/Library/Frameworks -c -j10 -enable-batch-mode -incremental -Xcc -ivfsstatcache -Xcc /Users/admin/builder/spi-builder-workspace/.derivedData/SDKStatCaches.noindex/xros27.0-24M361-e829b21a6f8c9b70876ba0858053c044735bd543db762f57723cac368afd1ce4.sdkstatcache -output-file-map /Users/admin/builder/spi-builder-workspace/.derivedData/Build/Intermediates.noindex/OsmiumAtlas.build/Debug-xros/Logging-t.build/Objects-normal/arm64/Logging-OutputFileMap.json -save-temps -no-color-diagnostics -explicit-module-build -module-cache-path /Users/admin/builder/spi-builder-workspace/.derivedData/Build/Intermediates.noindex/SwiftExplicitPrecompiledModules -clang-scanner-module-cache-path /Users/admin/builder/spi-builder-workspace/.derivedData/ModuleCache.noindex -sdk-module-cache-path /Users/admin/builder/spi-builder-workspace/.derivedData/SDKExplicitPrecompiledModules -emit-dependencies -emit-module -emit-module-path /Users/admin/builder/spi-builder-workspace/.derivedData/Build/Intermediates.noindex/OsmiumAtlas.build/Debug-xros/Logging-t.build/Objects-normal/arm64/Logging.swiftmodule -serialize-diagnostics -dependency-scan-serialize-diagnostics-path /Users/admin/builder/spi-builder-workspace/.derivedData/Build/Intermediates.noindex/OsmiumAtlas.build/Debug-xros/Logging-t.build/Objects-normal/arm64/Logging-dependency-scan.dia -validate-clang-modules-once -clang-build-session-file /Users/admin/builder/spi-builder-workspace/.derivedData/ModuleCache.noindex/Session.modulevalidation -Xcc -fmodules-prune-interval\=86400 -Xcc -fmodules-prune-after\=345600 -emit-const-values -const-gather-protocols-list /Users/admin/builder/spi-builder-workspace/.derivedData/Build/Intermediates.noindex/OsmiumAtlas.build/Debug-xros/Logging-t.build/Objects-normal/arm64/Logging_const_extract_protocols.json -Xcc -I/Users/admin/builder/spi-builder-workspace/.derivedData/Build/Products/Debug-xros/include -Xcc -I/Users/admin/builder/spi-builder-workspace/.derivedData/Build/Intermediates.noindex/OsmiumAtlas.build/Debug-xros/Logging-t.build/DerivedSources-normal/arm64 -Xcc -I/Users/admin/builder/spi-builder-workspace/.derivedData/Build/Intermediates.noindex/OsmiumAtlas.build/Debug-xros/Logging-t.build/DerivedSources/arm64 -Xcc -I/Users/admin/builder/spi-builder-workspace/.derivedData/Build/Intermediates.noindex/OsmiumAtlas.build/Debug-xros/Logging-t.build/DerivedSources -Xcc -DSWIFT_PACKAGE -Xcc -DDEBUG\=1 -emit-objc-header -emit-objc-header-path /Users/admin/builder/spi-builder-workspace/.derivedData/Build/Intermediates.noindex/OsmiumAtlas.build/Debug-xros/Logging-t.build/Objects-normal/arm64/Logging-Swift.h -working-directory /Users/admin/builder/spi-builder-workspace/.swiftpm/xcode -experimental-emit-module-separately -disable-cmo
SwiftCompile normal arm64 Compiling\ Logger.swift /Users/admin/builder/spi-builder-workspace/Sources/Logging/Logger.swift (in target 'Logging' from project 'OsmiumAtlas')
SwiftCompile normal arm64 /Users/admin/builder/spi-builder-workspace/Sources/Logging/Logger.swift (in target 'Logging' from project 'OsmiumAtlas')
    cd /Users/admin/builder/spi-builder-workspace/.swiftpm/xcode
    builtin-SwiftPerFileCompile Logger.swift
SwiftEmitModule normal arm64 Emitting\ module\ for\ Logging (in target 'Logging' from project 'OsmiumAtlas')
SwiftCompile normal arm64 (in target 'Logging' from project 'OsmiumAtlas')
    cd /Users/admin/builder/spi-builder-workspace/.swiftpm/xcode

SwiftCompile normal arm64 Compiling\ NoLogger.swift /Users/admin/builder/spi-builder-workspace/Sources/Logging/NoLogger.swift (in target 'Logging' from project 'OsmiumAtlas')
SwiftCompile normal arm64 /Users/admin/builder/spi-builder-workspace/Sources/Logging/NoLogger.swift (in target 'Logging' from project 'OsmiumAtlas')
    cd /Users/admin/builder/spi-builder-workspace/.swiftpm/xcode
    builtin-SwiftPerFileCompile NoLogger.swift
SwiftDriverJobDiscovery normal arm64 Compiling Argument.swift, ArgumentHelp.swift, CompletionKind.swift, Errors.swift (in target 'ArgumentParser' from project 'swift-argument-parser')
SwiftDriverJobDiscovery normal arm64 Compiling NoLogger.swift (in target 'Logging' from project 'OsmiumAtlas')
SwiftDriverJobDiscovery normal arm64 Emitting module for Logging (in target 'Logging' from project 'OsmiumAtlas')
SwiftDriver\ Compilation\ Requirements Logging normal arm64 com.apple.xcode.tools.swift.compiler (in target 'Logging' from project 'OsmiumAtlas')
    cd /Users/admin/builder/spi-builder-workspace/.swiftpm/xcode
    builtin-Swift-Compilation-Requirements -- /Applications/Xcode-27.0.0-Release.Candidate.app/Contents/Developer/Toolchains/XcodeDefault.xctoolchain/usr/bin/swiftc -parse-as-library -module-name Logging -Onone @/Users/admin/builder/spi-builder-workspace/.derivedData/Build/Intermediates.noindex/OsmiumAtlas.build/Debug-xros/Logging-t.build/Objects-normal/arm64/Logging.SwiftFileList -DSWIFT_PACKAGE -DDEBUG -DSWIFT_MODULE_RESOURCE_BUNDLE_UNAVAILABLE -DXcode -plugin-path /Applications/Xcode-27.0.0-Release.Candidate.app/Contents/Developer/Toolchains/XcodeDefault.xctoolchain/usr/lib/swift/host/plugins/testing -enable-experimental-feature DebugDescriptionMacro -sdk /Applications/Xcode-27.0.0-Release.Candidate.app/Contents/Developer/Platforms/XROS.platform/Developer/SDKs/XROS27.0.sdk -target arm64-apple-xros1.0 -g -module-cache-path /Users/admin/builder/spi-builder-workspace/.derivedData/ModuleCache.noindex -Xfrontend -serialize-debugging-options -profile-coverage-mapping -profile-generate -enable-testing -index-store-path /Users/admin/builder/spi-builder-workspace/.derivedData/Index.noindex/DataStore -Xcc -D_LIBCPP_HARDENING_MODE\=_LIBCPP_HARDENING_MODE_DEBUG -swift-version 5 -I /Users/admin/builder/spi-builder-workspace/.derivedData/Build/Products/Debug-xros -Isystem /Applications/Xcode-27.0.0-Release.Candidate.app/Contents/Developer/Platforms/XROS.platform/Developer/usr/lib -F /Users/admin/builder/spi-builder-workspace/.derivedData/Build/Products/Debug-xros/PackageFrameworks -F /Users/admin/builder/spi-builder-workspace/.derivedData/Build/Products/Debug-xros -F /Applications/Xcode-27.0.0-Release.Candidate.app/Contents/Developer/Platforms/XROS.platform/Developer/Library/Frameworks -F /Applications/Xcode-27.0.0-Release.Candidate.app/Contents/Developer/Platforms/XROS.platform/Developer/SDKs/XROS27.0.sdk/Developer/Library/Frameworks -c -j10 -enable-batch-mode -incremental -Xcc -ivfsstatcache -Xcc /Users/admin/builder/spi-builder-workspace/.derivedData/SDKStatCaches.noindex/xros27.0-24M361-e829b21a6f8c9b70876ba0858053c044735bd543db762f57723cac368afd1ce4.sdkstatcache -output-file-map /Users/admin/builder/spi-builder-workspace/.derivedData/Build/Intermediates.noindex/OsmiumAtlas.build/Debug-xros/Logging-t.build/Objects-normal/arm64/Logging-OutputFileMap.json -save-temps -no-color-diagnostics -explicit-module-build -module-cache-path /Users/admin/builder/spi-builder-workspace/.derivedData/Build/Intermediates.noindex/SwiftExplicitPrecompiledModules -clang-scanner-module-cache-path /Users/admin/builder/spi-builder-workspace/.derivedData/ModuleCache.noindex -sdk-module-cache-path /Users/admin/builder/spi-builder-workspace/.derivedData/SDKExplicitPrecompiledModules -emit-dependencies -emit-module -emit-module-path /Users/admin/builder/spi-builder-workspace/.derivedData/Build/Intermediates.noindex/OsmiumAtlas.build/Debug-xros/Logging-t.build/Objects-normal/arm64/Logging.swiftmodule -serialize-diagnostics -dependency-scan-serialize-diagnostics-path /Users/admin/builder/spi-builder-workspace/.derivedData/Build/Intermediates.noindex/OsmiumAtlas.build/Debug-xros/Logging-t.build/Objects-normal/arm64/Logging-dependency-scan.dia -validate-clang-modules-once -clang-build-session-file /Users/admin/builder/spi-builder-workspace/.derivedData/ModuleCache.noindex/Session.modulevalidation -Xcc -fmodules-prune-interval\=86400 -Xcc -fmodules-prune-after\=345600 -emit-const-values -const-gather-protocols-list /Users/admin/builder/spi-builder-workspace/.derivedData/Build/Intermediates.noindex/OsmiumAtlas.build/Debug-xros/Logging-t.build/Objects-normal/arm64/Logging_const_extract_protocols.json -Xcc -I/Users/admin/builder/spi-builder-workspace/.derivedData/Build/Products/Debug-xros/include -Xcc -I/Users/admin/builder/spi-builder-workspace/.derivedData/Build/Intermediates.noindex/OsmiumAtlas.build/Debug-xros/Logging-t.build/DerivedSources-normal/arm64 -Xcc -I/Users/admin/builder/spi-builder-workspace/.derivedData/Build/Intermediates.noindex/OsmiumAtlas.build/Debug-xros/Logging-t.build/DerivedSources/arm64 -Xcc -I/Users/admin/builder/spi-builder-workspace/.derivedData/Build/Intermediates.noindex/OsmiumAtlas.build/Debug-xros/Logging-t.build/DerivedSources -Xcc -DSWIFT_PACKAGE -Xcc -DDEBUG\=1 -emit-objc-header -emit-objc-header-path /Users/admin/builder/spi-builder-workspace/.derivedData/Build/Intermediates.noindex/OsmiumAtlas.build/Debug-xros/Logging-t.build/Objects-normal/arm64/Logging-Swift.h -working-directory /Users/admin/builder/spi-builder-workspace/.swiftpm/xcode -experimental-emit-module-separately -disable-cmo
SwiftMergeGeneratedHeaders /Users/admin/builder/spi-builder-workspace/.derivedData/Build/Intermediates.noindex/GeneratedModuleMaps-xros/Logging-Swift.h /Users/admin/builder/spi-builder-workspace/.derivedData/Build/Intermediates.noindex/OsmiumAtlas.build/Debug-xros/Logging-t.build/Objects-normal/arm64/Logging-Swift.h (in target 'Logging' from project 'OsmiumAtlas')
    cd /Users/admin/builder/spi-builder-workspace
    builtin-swiftHeaderTool -arch arm64 /Users/admin/builder/spi-builder-workspace/.derivedData/Build/Intermediates.noindex/OsmiumAtlas.build/Debug-xros/Logging-t.build/Objects-normal/arm64/Logging-Swift.h -o /Users/admin/builder/spi-builder-workspace/.derivedData/Build/Intermediates.noindex/GeneratedModuleMaps-xros/Logging-Swift.h
Copy /Users/admin/builder/spi-builder-workspace/.derivedData/Build/Products/Debug-xros/Logging.swiftmodule/arm64-apple-xros.swiftdoc /Users/admin/builder/spi-builder-workspace/.derivedData/Build/Intermediates.noindex/OsmiumAtlas.build/Debug-xros/Logging-t.build/Objects-normal/arm64/Logging.swiftdoc (in target 'Logging' from project 'OsmiumAtlas')
    cd /Users/admin/builder/spi-builder-workspace
    builtin-copy -exclude .DS_Store -exclude CVS -exclude .svn -exclude .git -exclude .hg -resolve-src-symlinks -rename /Users/admin/builder/spi-builder-workspace/.derivedData/Build/Intermediates.noindex/OsmiumAtlas.build/Debug-xros/Logging-t.build/Objects-normal/arm64/Logging.swiftdoc /Users/admin/builder/spi-builder-workspace/.derivedData/Build/Products/Debug-xros/Logging.swiftmodule/arm64-apple-xros.swiftdoc
Copy /Users/admin/builder/spi-builder-workspace/.derivedData/Build/Products/Debug-xros/Logging.swiftmodule/arm64-apple-xros.swiftmodule /Users/admin/builder/spi-builder-workspace/.derivedData/Build/Intermediates.noindex/OsmiumAtlas.build/Debug-xros/Logging-t.build/Objects-normal/arm64/Logging.swiftmodule (in target 'Logging' from project 'OsmiumAtlas')
    cd /Users/admin/builder/spi-builder-workspace
    builtin-copy -exclude .DS_Store -exclude CVS -exclude .svn -exclude .git -exclude .hg -resolve-src-symlinks -rename /Users/admin/builder/spi-builder-workspace/.derivedData/Build/Intermediates.noindex/OsmiumAtlas.build/Debug-xros/Logging-t.build/Objects-normal/arm64/Logging.swiftmodule /Users/admin/builder/spi-builder-workspace/.derivedData/Build/Products/Debug-xros/Logging.swiftmodule/arm64-apple-xros.swiftmodule
Copy /Users/admin/builder/spi-builder-workspace/.derivedData/Build/Products/Debug-xros/Logging.swiftmodule/arm64-apple-xros.abi.json /Users/admin/builder/spi-builder-workspace/.derivedData/Build/Intermediates.noindex/OsmiumAtlas.build/Debug-xros/Logging-t.build/Objects-normal/arm64/Logging.abi.json (in target 'Logging' from project 'OsmiumAtlas')
    cd /Users/admin/builder/spi-builder-workspace
    builtin-copy -exclude .DS_Store -exclude CVS -exclude .svn -exclude .git -exclude .hg -resolve-src-symlinks -rename /Users/admin/builder/spi-builder-workspace/.derivedData/Build/Intermediates.noindex/OsmiumAtlas.build/Debug-xros/Logging-t.build/Objects-normal/arm64/Logging.abi.json /Users/admin/builder/spi-builder-workspace/.derivedData/Build/Products/Debug-xros/Logging.swiftmodule/arm64-apple-xros.abi.json
Copy /Users/admin/builder/spi-builder-workspace/.derivedData/Build/Products/Debug-xros/Logging.swiftmodule/Project/arm64-apple-xros.swiftsourceinfo /Users/admin/builder/spi-builder-workspace/.derivedData/Build/Intermediates.noindex/OsmiumAtlas.build/Debug-xros/Logging-t.build/Objects-normal/arm64/Logging.swiftsourceinfo (in target 'Logging' from project 'OsmiumAtlas')
    cd /Users/admin/builder/spi-builder-workspace
    builtin-copy -exclude .DS_Store -exclude CVS -exclude .svn -exclude .git -exclude .hg -resolve-src-symlinks -rename /Users/admin/builder/spi-builder-workspace/.derivedData/Build/Intermediates.noindex/OsmiumAtlas.build/Debug-xros/Logging-t.build/Objects-normal/arm64/Logging.swiftsourceinfo /Users/admin/builder/spi-builder-workspace/.derivedData/Build/Products/Debug-xros/Logging.swiftmodule/Project/arm64-apple-xros.swiftsourceinfo
SwiftDriver OsmiumAtlasFramework normal arm64 com.apple.xcode.tools.swift.compiler (in target 'OsmiumAtlasFramework' from project 'OsmiumAtlas')
    cd /Users/admin/builder/spi-builder-workspace/.swiftpm/xcode
    builtin-SwiftDriver -- /Applications/Xcode-27.0.0-Release.Candidate.app/Contents/Developer/Toolchains/XcodeDefault.xctoolchain/usr/bin/swiftc -parse-as-library -module-name OsmiumAtlasFramework -Onone @/Users/admin/builder/spi-builder-workspace/.derivedData/Build/Intermediates.noindex/OsmiumAtlas.build/Debug-xros/OsmiumAtlasFramework-t.build/Objects-normal/arm64/OsmiumAtlasFramework.SwiftFileList -DSWIFT_PACKAGE -DDEBUG -DSWIFT_MODULE_RESOURCE_BUNDLE_UNAVAILABLE -DXcode -plugin-path /Applications/Xcode-27.0.0-Release.Candidate.app/Contents/Developer/Toolchains/XcodeDefault.xctoolchain/usr/lib/swift/host/plugins/testing -enable-experimental-feature DebugDescriptionMacro -sdk /Applications/Xcode-27.0.0-Release.Candidate.app/Contents/Developer/Platforms/XROS.platform/Developer/SDKs/XROS27.0.sdk -target arm64-apple-xros1.0 -g -module-cache-path /Users/admin/builder/spi-builder-workspace/.derivedData/ModuleCache.noindex -Xfrontend -serialize-debugging-options -profile-coverage-mapping -profile-generate -enable-testing -index-store-path /Users/admin/builder/spi-builder-workspace/.derivedData/Index.noindex/DataStore -Xcc -D_LIBCPP_HARDENING_MODE\=_LIBCPP_HARDENING_MODE_DEBUG -swift-version 5 -I /Users/admin/builder/spi-builder-workspace/.derivedData/Build/Products/Debug-xros -Isystem /Applications/Xcode-27.0.0-Release.Candidate.app/Contents/Developer/Platforms/XROS.platform/Developer/usr/lib -F /Users/admin/builder/spi-builder-workspace/.derivedData/Build/Products/Debug-xros/PackageFrameworks -F /Users/admin/builder/spi-builder-workspace/.derivedData/Build/Products/Debug-xros -F /Applications/Xcode-27.0.0-Release.Candidate.app/Contents/Developer/Platforms/XROS.platform/Developer/Library/Frameworks -F /Applications/Xcode-27.0.0-Release.Candidate.app/Contents/Developer/Platforms/XROS.platform/Developer/SDKs/XROS27.0.sdk/Developer/Library/Frameworks -c -j10 -enable-batch-mode -incremental -Xcc -ivfsstatcache -Xcc /Users/admin/builder/spi-builder-workspace/.derivedData/SDKStatCaches.noindex/xros27.0-24M361-e829b21a6f8c9b70876ba0858053c044735bd543db762f57723cac368afd1ce4.sdkstatcache -output-file-map /Users/admin/builder/spi-builder-workspace/.derivedData/Build/Intermediates.noindex/OsmiumAtlas.build/Debug-xros/OsmiumAtlasFramework-t.build/Objects-normal/arm64/OsmiumAtlasFramework-OutputFileMap.json -save-temps -no-color-diagnostics -explicit-module-build -module-cache-path /Users/admin/builder/spi-builder-workspace/.derivedData/Build/Intermediates.noindex/SwiftExplicitPrecompiledModules -clang-scanner-module-cache-path /Users/admin/builder/spi-builder-workspace/.derivedData/ModuleCache.noindex -sdk-module-cache-path /Users/admin/builder/spi-builder-workspace/.derivedData/SDKExplicitPrecompiledModules -emit-dependencies -emit-module -emit-module-path /Users/admin/builder/spi-builder-workspace/.derivedData/Build/Intermediates.noindex/OsmiumAtlas.build/Debug-xros/OsmiumAtlasFramework-t.build/Objects-normal/arm64/OsmiumAtlasFramework.swiftmodule -serialize-diagnostics -dependency-scan-serialize-diagnostics-path /Users/admin/builder/spi-builder-workspace/.derivedData/Build/Intermediates.noindex/OsmiumAtlas.build/Debug-xros/OsmiumAtlasFramework-t.build/Objects-normal/arm64/OsmiumAtlasFramework-dependency-scan.dia -validate-clang-modules-once -clang-build-session-file /Users/admin/builder/spi-builder-workspace/.derivedData/ModuleCache.noindex/Session.modulevalidation -Xcc -fmodules-prune-interval\=86400 -Xcc -fmodules-prune-after\=345600 -emit-const-values -const-gather-protocols-list /Users/admin/builder/spi-builder-workspace/.derivedData/Build/Intermediates.noindex/OsmiumAtlas.build/Debug-xros/OsmiumAtlasFramework-t.build/Objects-normal/arm64/OsmiumAtlasFramework_const_extract_protocols.json -Xcc -I/Users/admin/builder/spi-builder-workspace/.derivedData/Build/Products/Debug-xros/include -Xcc -I/Users/admin/builder/spi-builder-workspace/.derivedData/Build/Intermediates.noindex/OsmiumAtlas.build/Debug-xros/OsmiumAtlasFramework-t.build/DerivedSources-normal/arm64 -Xcc -I/Users/admin/builder/spi-builder-workspace/.derivedData/Build/Intermediates.noindex/OsmiumAtlas.build/Debug-xros/OsmiumAtlasFramework-t.build/DerivedSources/arm64 -Xcc -I/Users/admin/builder/spi-builder-workspace/.derivedData/Build/Intermediates.noindex/OsmiumAtlas.build/Debug-xros/OsmiumAtlasFramework-t.build/DerivedSources -Xcc -DSWIFT_PACKAGE -Xcc -DDEBUG\=1 -emit-objc-header -emit-objc-header-path /Users/admin/builder/spi-builder-workspace/.derivedData/Build/Intermediates.noindex/OsmiumAtlas.build/Debug-xros/OsmiumAtlasFramework-t.build/Objects-normal/arm64/OsmiumAtlasFramework-Swift.h -working-directory /Users/admin/builder/spi-builder-workspace/.swiftpm/xcode -experimental-emit-module-separately -disable-cmo
SwiftDriver Twitter normal arm64 com.apple.xcode.tools.swift.compiler (in target 'Twitter' from project 'OsmiumAtlas')
    cd /Users/admin/builder/spi-builder-workspace/.swiftpm/xcode
    builtin-SwiftDriver -- /Applications/Xcode-27.0.0-Release.Candidate.app/Contents/Developer/Toolchains/XcodeDefault.xctoolchain/usr/bin/swiftc -parse-as-library -module-name Twitter -Onone @/Users/admin/builder/spi-builder-workspace/.derivedData/Build/Intermediates.noindex/OsmiumAtlas.build/Debug-xros/Twitter-t.build/Objects-normal/arm64/Twitter.SwiftFileList -DSWIFT_PACKAGE -DDEBUG -DSWIFT_MODULE_RESOURCE_BUNDLE_UNAVAILABLE -DXcode -plugin-path /Applications/Xcode-27.0.0-Release.Candidate.app/Contents/Developer/Toolchains/XcodeDefault.xctoolchain/usr/lib/swift/host/plugins/testing -enable-experimental-feature DebugDescriptionMacro -sdk /Applications/Xcode-27.0.0-Release.Candidate.app/Contents/Developer/Platforms/XROS.platform/Developer/SDKs/XROS27.0.sdk -target arm64-apple-xros1.0 -g -module-cache-path /Users/admin/builder/spi-builder-workspace/.derivedData/ModuleCache.noindex -Xfrontend -serialize-debugging-options -profile-coverage-mapping -profile-generate -enable-testing -index-store-path /Users/admin/builder/spi-builder-workspace/.derivedData/Index.noindex/DataStore -Xcc -D_LIBCPP_HARDENING_MODE\=_LIBCPP_HARDENING_MODE_DEBUG -swift-version 5 -I /Users/admin/builder/spi-builder-workspace/.derivedData/Build/Products/Debug-xros -Isystem /Applications/Xcode-27.0.0-Release.Candidate.app/Contents/Developer/Platforms/XROS.platform/Developer/usr/lib -F /Users/admin/builder/spi-builder-workspace/.derivedData/Build/Products/Debug-xros/PackageFrameworks -F /Users/admin/builder/spi-builder-workspace/.derivedData/Build/Products/Debug-xros -F /Applications/Xcode-27.0.0-Release.Candidate.app/Contents/Developer/Platforms/XROS.platform/Developer/Library/Frameworks -F /Applications/Xcode-27.0.0-Release.Candidate.app/Contents/Developer/Platforms/XROS.platform/Developer/SDKs/XROS27.0.sdk/Developer/Library/Frameworks -c -j10 -enable-batch-mode -incremental -Xcc -ivfsstatcache -Xcc /Users/admin/builder/spi-builder-workspace/.derivedData/SDKStatCaches.noindex/xros27.0-24M361-e829b21a6f8c9b70876ba0858053c044735bd543db762f57723cac368afd1ce4.sdkstatcache -output-file-map /Users/admin/builder/spi-builder-workspace/.derivedData/Build/Intermediates.noindex/OsmiumAtlas.build/Debug-xros/Twitter-t.build/Objects-normal/arm64/Twitter-OutputFileMap.json -save-temps -no-color-diagnostics -explicit-module-build -module-cache-path /Users/admin/builder/spi-builder-workspace/.derivedData/Build/Intermediates.noindex/SwiftExplicitPrecompiledModules -clang-scanner-module-cache-path /Users/admin/builder/spi-builder-workspace/.derivedData/ModuleCache.noindex -sdk-module-cache-path /Users/admin/builder/spi-builder-workspace/.derivedData/SDKExplicitPrecompiledModules -emit-dependencies -emit-module -emit-module-path /Users/admin/builder/spi-builder-workspace/.derivedData/Build/Intermediates.noindex/OsmiumAtlas.build/Debug-xros/Twitter-t.build/Objects-normal/arm64/Twitter.swiftmodule -serialize-diagnostics -dependency-scan-serialize-diagnostics-path /Users/admin/builder/spi-builder-workspace/.derivedData/Build/Intermediates.noindex/OsmiumAtlas.build/Debug-xros/Twitter-t.build/Objects-normal/arm64/Twitter-dependency-scan.dia -validate-clang-modules-once -clang-build-session-file /Users/admin/builder/spi-builder-workspace/.derivedData/ModuleCache.noindex/Session.modulevalidation -Xcc -fmodules-prune-interval\=86400 -Xcc -fmodules-prune-after\=345600 -emit-const-values -const-gather-protocols-list /Users/admin/builder/spi-builder-workspace/.derivedData/Build/Intermediates.noindex/OsmiumAtlas.build/Debug-xros/Twitter-t.build/Objects-normal/arm64/Twitter_const_extract_protocols.json -Xcc -I/Users/admin/builder/spi-builder-workspace/.derivedData/Build/Products/Debug-xros/include -Xcc -I/Users/admin/builder/spi-builder-workspace/.derivedData/Build/Intermediates.noindex/OsmiumAtlas.build/Debug-xros/Twitter-t.build/DerivedSources-normal/arm64 -Xcc -I/Users/admin/builder/spi-builder-workspace/.derivedData/Build/Intermediates.noindex/OsmiumAtlas.build/Debug-xros/Twitter-t.build/DerivedSources/arm64 -Xcc -I/Users/admin/builder/spi-builder-workspace/.derivedData/Build/Intermediates.noindex/OsmiumAtlas.build/Debug-xros/Twitter-t.build/DerivedSources -Xcc -DSWIFT_PACKAGE -Xcc -DDEBUG\=1 -emit-objc-header -emit-objc-header-path /Users/admin/builder/spi-builder-workspace/.derivedData/Build/Intermediates.noindex/OsmiumAtlas.build/Debug-xros/Twitter-t.build/Objects-normal/arm64/Twitter-Swift.h -working-directory /Users/admin/builder/spi-builder-workspace/.swiftpm/xcode -experimental-emit-module-separately -disable-cmo
SwiftDriverJobDiscovery normal arm64 Compiling Logger.swift (in target 'Logging' from project 'OsmiumAtlas')
SwiftDriver\ Compilation Logging normal arm64 com.apple.xcode.tools.swift.compiler (in target 'Logging' from project 'OsmiumAtlas')
    cd /Users/admin/builder/spi-builder-workspace/.swiftpm/xcode
    builtin-Swift-Compilation -- /Applications/Xcode-27.0.0-Release.Candidate.app/Contents/Developer/Toolchains/XcodeDefault.xctoolchain/usr/bin/swiftc -parse-as-library -module-name Logging -Onone @/Users/admin/builder/spi-builder-workspace/.derivedData/Build/Intermediates.noindex/OsmiumAtlas.build/Debug-xros/Logging-t.build/Objects-normal/arm64/Logging.SwiftFileList -DSWIFT_PACKAGE -DDEBUG -DSWIFT_MODULE_RESOURCE_BUNDLE_UNAVAILABLE -DXcode -plugin-path /Applications/Xcode-27.0.0-Release.Candidate.app/Contents/Developer/Toolchains/XcodeDefault.xctoolchain/usr/lib/swift/host/plugins/testing -enable-experimental-feature DebugDescriptionMacro -sdk /Applications/Xcode-27.0.0-Release.Candidate.app/Contents/Developer/Platforms/XROS.platform/Developer/SDKs/XROS27.0.sdk -target arm64-apple-xros1.0 -g -module-cache-path /Users/admin/builder/spi-builder-workspace/.derivedData/ModuleCache.noindex -Xfrontend -serialize-debugging-options -profile-coverage-mapping -profile-generate -enable-testing -index-store-path /Users/admin/builder/spi-builder-workspace/.derivedData/Index.noindex/DataStore -Xcc -D_LIBCPP_HARDENING_MODE\=_LIBCPP_HARDENING_MODE_DEBUG -swift-version 5 -I /Users/admin/builder/spi-builder-workspace/.derivedData/Build/Products/Debug-xros -Isystem /Applications/Xcode-27.0.0-Release.Candidate.app/Contents/Developer/Platforms/XROS.platform/Developer/usr/lib -F /Users/admin/builder/spi-builder-workspace/.derivedData/Build/Products/Debug-xros/PackageFrameworks -F /Users/admin/builder/spi-builder-workspace/.derivedData/Build/Products/Debug-xros -F /Applications/Xcode-27.0.0-Release.Candidate.app/Contents/Developer/Platforms/XROS.platform/Developer/Library/Frameworks -F /Applications/Xcode-27.0.0-Release.Candidate.app/Contents/Developer/Platforms/XROS.platform/Developer/SDKs/XROS27.0.sdk/Developer/Library/Frameworks -c -j10 -enable-batch-mode -incremental -Xcc -ivfsstatcache -Xcc /Users/admin/builder/spi-builder-workspace/.derivedData/SDKStatCaches.noindex/xros27.0-24M361-e829b21a6f8c9b70876ba0858053c044735bd543db762f57723cac368afd1ce4.sdkstatcache -output-file-map /Users/admin/builder/spi-builder-workspace/.derivedData/Build/Intermediates.noindex/OsmiumAtlas.build/Debug-xros/Logging-t.build/Objects-normal/arm64/Logging-OutputFileMap.json -save-temps -no-color-diagnostics -explicit-module-build -module-cache-path /Users/admin/builder/spi-builder-workspace/.derivedData/Build/Intermediates.noindex/SwiftExplicitPrecompiledModules -clang-scanner-module-cache-path /Users/admin/builder/spi-builder-workspace/.derivedData/ModuleCache.noindex -sdk-module-cache-path /Users/admin/builder/spi-builder-workspace/.derivedData/SDKExplicitPrecompiledModules -emit-dependencies -emit-module -emit-module-path /Users/admin/builder/spi-builder-workspace/.derivedData/Build/Intermediates.noindex/OsmiumAtlas.build/Debug-xros/Logging-t.build/Objects-normal/arm64/Logging.swiftmodule -serialize-diagnostics -dependency-scan-serialize-diagnostics-path /Users/admin/builder/spi-builder-workspace/.derivedData/Build/Intermediates.noindex/OsmiumAtlas.build/Debug-xros/Logging-t.build/Objects-normal/arm64/Logging-dependency-scan.dia -validate-clang-modules-once -clang-build-session-file /Users/admin/builder/spi-builder-workspace/.derivedData/ModuleCache.noindex/Session.modulevalidation -Xcc -fmodules-prune-interval\=86400 -Xcc -fmodules-prune-after\=345600 -emit-const-values -const-gather-protocols-list /Users/admin/builder/spi-builder-workspace/.derivedData/Build/Intermediates.noindex/OsmiumAtlas.build/Debug-xros/Logging-t.build/Objects-normal/arm64/Logging_const_extract_protocols.json -Xcc -I/Users/admin/builder/spi-builder-workspace/.derivedData/Build/Products/Debug-xros/include -Xcc -I/Users/admin/builder/spi-builder-workspace/.derivedData/Build/Intermediates.noindex/OsmiumAtlas.build/Debug-xros/Logging-t.build/DerivedSources-normal/arm64 -Xcc -I/Users/admin/builder/spi-builder-workspace/.derivedData/Build/Intermediates.noindex/OsmiumAtlas.build/Debug-xros/Logging-t.build/DerivedSources/arm64 -Xcc -I/Users/admin/builder/spi-builder-workspace/.derivedData/Build/Intermediates.noindex/OsmiumAtlas.build/Debug-xros/Logging-t.build/DerivedSources -Xcc -DSWIFT_PACKAGE -Xcc -DDEBUG\=1 -emit-objc-header -emit-objc-header-path /Users/admin/builder/spi-builder-workspace/.derivedData/Build/Intermediates.noindex/OsmiumAtlas.build/Debug-xros/Logging-t.build/Objects-normal/arm64/Logging-Swift.h -working-directory /Users/admin/builder/spi-builder-workspace/.swiftpm/xcode -experimental-emit-module-separately -disable-cmo
Ld /Users/admin/builder/spi-builder-workspace/.derivedData/Build/Products/Debug-xros/Logging.o normal (in target 'Logging' from project 'OsmiumAtlas')
    cd /Users/admin/builder/spi-builder-workspace
    /Applications/Xcode-27.0.0-Release.Candidate.app/Contents/Developer/Toolchains/XcodeDefault.xctoolchain/usr/bin/clang -Xlinker -reproducible -target arm64-apple-xros1.0 -r -isysroot /Applications/Xcode-27.0.0-Release.Candidate.app/Contents/Developer/Platforms/XROS.platform/Developer/SDKs/XROS27.0.sdk -O0 -Xlinker -no_warn_duplicate_libraries -F/Users/admin/builder/spi-builder-workspace/.derivedData/Build/Intermediates.noindex/EagerLinkingTBDs/Debug-xros -F/Users/admin/builder/spi-builder-workspace/.derivedData/Build/Products/Debug-xros/PackageFrameworks -F/Users/admin/builder/spi-builder-workspace/.derivedData/Build/Products/Debug-xros -iframework /Applications/Xcode-27.0.0-Release.Candidate.app/Contents/Developer/Platforms/XROS.platform/Developer/Library/Frameworks -iframework /Applications/Xcode-27.0.0-Release.Candidate.app/Contents/Developer/Platforms/XROS.platform/Developer/SDKs/XROS27.0.sdk/Developer/Library/Frameworks -filelist /Users/admin/builder/spi-builder-workspace/.derivedData/Build/Intermediates.noindex/OsmiumAtlas.build/Debug-xros/Logging-t.build/Objects-normal/arm64/Logging.LinkFileList -nostdlib -Xlinker -object_path_lto -Xlinker /Users/admin/builder/spi-builder-workspace/.derivedData/Build/Intermediates.noindex/OsmiumAtlas.build/Debug-xros/Logging-t.build/Objects-normal/arm64/Logging_lto.o -Xlinker -no_deduplicate -Xlinker -debug_variant -Xlinker -dependency_info -Xlinker /Users/admin/builder/spi-builder-workspace/.derivedData/Build/Intermediates.noindex/OsmiumAtlas.build/Debug-xros/Logging-t.build/Objects-normal/arm64/Logging_dependency_info.dat -fobjc-link-runtime -L/Applications/Xcode-27.0.0-Release.Candidate.app/Contents/Developer/Toolchains/XcodeDefault.xctoolchain/usr/lib/swift/xros -L/usr/lib/swift -Xlinker -add_ast_path -Xlinker /Users/admin/builder/spi-builder-workspace/.derivedData/Build/Intermediates.noindex/OsmiumAtlas.build/Debug-xros/Logging-t.build/Objects-normal/arm64/Logging.swiftmodule -o /Users/admin/builder/spi-builder-workspace/.derivedData/Build/Products/Debug-xros/Logging.o
ExtractAppIntentsMetadata (in target 'Logging' from project 'OsmiumAtlas')
    cd /Users/admin/builder/spi-builder-workspace
    /Applications/Xcode-27.0.0-Release.Candidate.app/Contents/Developer/Toolchains/XcodeDefault.xctoolchain/usr/bin/appintentsmetadataprocessor --toolchain-dir /var/run/com.apple.security.cryptexd/mnt/com.apple.MobileAsset.MetalToolchain-v27.1.266.1.AW94GQ/Metal.xctoolchain --module-name Logging --sdk-root /Applications/Xcode-27.0.0-Release.Candidate.app/Contents/Developer/Platforms/XROS.platform/Developer/SDKs/XROS27.0.sdk --xcode-version 27A266a --platform-family xrOS --deployment-target 1.0 --bundle-identifier spi-builder-workspace.Logging --output /Users/admin/builder/spi-builder-workspace/.derivedData/Build/Products/Debug-xros/Logging.appintents --target-triple arm64-apple-xros1.0 --binary-file /Users/admin/builder/spi-builder-workspace/.derivedData/Build/Products/Debug-xros/Logging.o --dependency-file /Users/admin/builder/spi-builder-workspace/.derivedData/Build/Intermediates.noindex/OsmiumAtlas.build/Debug-xros/Logging-t.build/Objects-normal/arm64/Logging_dependency_info.dat --stringsdata-file /Users/admin/builder/spi-builder-workspace/.derivedData/Build/Intermediates.noindex/OsmiumAtlas.build/Debug-xros/Logging-t.build/Objects-normal/arm64/ExtractedAppShortcutsMetadata.stringsdata --source-file-list /Users/admin/builder/spi-builder-workspace/.derivedData/Build/Intermediates.noindex/OsmiumAtlas.build/Debug-xros/Logging-t.build/Objects-normal/arm64/Logging.SwiftFileList --metadata-file-list /Users/admin/builder/spi-builder-workspace/.derivedData/Build/Intermediates.noindex/OsmiumAtlas.build/Debug-xros/Logging-t.build/Logging.DependencyMetadataFileList --static-metadata-file-list /Users/admin/builder/spi-builder-workspace/.derivedData/Build/Intermediates.noindex/OsmiumAtlas.build/Debug-xros/Logging-t.build/Logging.DependencyStaticMetadataFileList --swift-const-vals-list /Users/admin/builder/spi-builder-workspace/.derivedData/Build/Intermediates.noindex/OsmiumAtlas.build/Debug-xros/Logging-t.build/Objects-normal/arm64/Logging.SwiftConstValuesFileList --force --compile-time-extraction --deployment-aware-processing --no-app-shortcuts-localization
2026-09-24 06:37:33.577 appintentsmetadataprocessor[1158:6594] Starting appintentsmetadataprocessor export
2026-09-24 06:37:33.677 appintentsmetadataprocessor[1158:6594] Extracted no relevant App Intents symbols, skipping writing output
SwiftDriverJobDiscovery normal arm64 Compiling ParsableArguments.swift, ParsableArgumentsValidation.swift, ParsableCommand.swift, ArgumentDecoder.swift (in target 'ArgumentParser' from project 'swift-argument-parser')
SwiftDriverJobDiscovery normal arm64 Compiling SplitArguments.swift, DumpHelpGenerator.swift, HelpCommand.swift, HelpGenerator.swift (in target 'ArgumentParser' from project 'swift-argument-parser')
SwiftDriver\ Compilation ArgumentParser normal arm64 com.apple.xcode.tools.swift.compiler (in target 'ArgumentParser' from project 'swift-argument-parser')
    cd /Users/admin/builder/spi-builder-workspace/.swiftpm/xcode
    builtin-Swift-Compilation -- /Applications/Xcode-27.0.0-Release.Candidate.app/Contents/Developer/Toolchains/XcodeDefault.xctoolchain/usr/bin/swiftc -parse-as-library -module-name ArgumentParser -Onone @/Users/admin/builder/spi-builder-workspace/.derivedData/Build/Intermediates.noindex/swift-argument-parser.build/Debug-xros/ArgumentParser-t.build/Objects-normal/arm64/ArgumentParser.SwiftFileList -DSWIFT_PACKAGE -DDEBUG -DSWIFT_MODULE_RESOURCE_BUNDLE_UNAVAILABLE -DXcode -plugin-path /Applications/Xcode-27.0.0-Release.Candidate.app/Contents/Developer/Toolchains/XcodeDefault.xctoolchain/usr/lib/swift/host/plugins/testing -enable-experimental-feature DebugDescriptionMacro -sdk /Applications/Xcode-27.0.0-Release.Candidate.app/Contents/Developer/Platforms/XROS.platform/Developer/SDKs/XROS27.0.sdk -target arm64-apple-xros1.0 -g -module-cache-path /Users/admin/builder/spi-builder-workspace/.derivedData/ModuleCache.noindex -Xfrontend -serialize-debugging-options -profile-coverage-mapping -profile-generate -enable-testing -suppress-warnings -index-store-path /Users/admin/builder/spi-builder-workspace/.derivedData/Index.noindex/DataStore -Xcc -D_LIBCPP_HARDENING_MODE\=_LIBCPP_HARDENING_MODE_DEBUG -swift-version 5 -I /Users/admin/builder/spi-builder-workspace/.derivedData/Build/Products/Debug-xros -Isystem /Applications/Xcode-27.0.0-Release.Candidate.app/Contents/Developer/Platforms/XROS.platform/Developer/usr/lib -F /Users/admin/builder/spi-builder-workspace/.derivedData/Build/Products/Debug-xros/PackageFrameworks -F /Users/admin/builder/spi-builder-workspace/.derivedData/Build/Products/Debug-xros -F /Applications/Xcode-27.0.0-Release.Candidate.app/Contents/Developer/Platforms/XROS.platform/Developer/Library/Frameworks -F /Applications/Xcode-27.0.0-Release.Candidate.app/Contents/Developer/Platforms/XROS.platform/Developer/SDKs/XROS27.0.sdk/Developer/Library/Frameworks -c -j10 -enable-batch-mode -incremental -Xcc -ivfsstatcache -Xcc /Users/admin/builder/spi-builder-workspace/.derivedData/SDKStatCaches.noindex/xros27.0-24M361-e829b21a6f8c9b70876ba0858053c044735bd543db762f57723cac368afd1ce4.sdkstatcache -output-file-map /Users/admin/builder/spi-builder-workspace/.derivedData/Build/Intermediates.noindex/swift-argument-parser.build/Debug-xros/ArgumentParser-t.build/Objects-normal/arm64/ArgumentParser-OutputFileMap.json -save-temps -no-color-diagnostics -explicit-module-build -module-cache-path /Users/admin/builder/spi-builder-workspace/.derivedData/Build/Intermediates.noindex/SwiftExplicitPrecompiledModules -clang-scanner-module-cache-path /Users/admin/builder/spi-builder-workspace/.derivedData/ModuleCache.noindex -sdk-module-cache-path /Users/admin/builder/spi-builder-workspace/.derivedData/SDKExplicitPrecompiledModules -emit-dependencies -emit-module -emit-module-path /Users/admin/builder/spi-builder-workspace/.derivedData/Build/Intermediates.noindex/swift-argument-parser.build/Debug-xros/ArgumentParser-t.build/Objects-normal/arm64/ArgumentParser.swiftmodule -serialize-diagnostics -dependency-scan-serialize-diagnostics-path /Users/admin/builder/spi-builder-workspace/.derivedData/Build/Intermediates.noindex/swift-argument-parser.build/Debug-xros/ArgumentParser-t.build/Objects-normal/arm64/ArgumentParser-dependency-scan.dia -validate-clang-modules-once -clang-build-session-file /Users/admin/builder/spi-builder-workspace/.derivedData/ModuleCache.noindex/Session.modulevalidation -Xcc -fmodules-prune-interval\=86400 -Xcc -fmodules-prune-after\=345600 -emit-const-values -const-gather-protocols-list /Users/admin/builder/spi-builder-workspace/.derivedData/Build/Intermediates.noindex/swift-argument-parser.build/Debug-xros/ArgumentParser-t.build/Objects-normal/arm64/ArgumentParser_const_extract_protocols.json -Xcc -I/Users/admin/builder/spi-builder-workspace/.derivedData/Build/Products/Debug-xros/include -Xcc -I/Users/admin/builder/spi-builder-workspace/.derivedData/Build/Intermediates.noindex/swift-argument-parser.build/Debug-xros/ArgumentParser-t.build/DerivedSources-normal/arm64 -Xcc -I/Users/admin/builder/spi-builder-workspace/.derivedData/Build/Intermediates.noindex/swift-argument-parser.build/Debug-xros/ArgumentParser-t.build/DerivedSources/arm64 -Xcc -I/Users/admin/builder/spi-builder-workspace/.derivedData/Build/Intermediates.noindex/swift-argument-parser.build/Debug-xros/ArgumentParser-t.build/DerivedSources -Xcc -DSWIFT_PACKAGE -Xcc -DDEBUG\=1 -emit-objc-header -emit-objc-header-path /Users/admin/builder/spi-builder-workspace/.derivedData/Build/Intermediates.noindex/swift-argument-parser.build/Debug-xros/ArgumentParser-t.build/Objects-normal/arm64/ArgumentParser-Swift.h -working-directory /Users/admin/builder/spi-builder-workspace/.swiftpm/xcode -experimental-emit-module-separately -disable-cmo
Ld /Users/admin/builder/spi-builder-workspace/.derivedData/Build/Products/Debug-xros/ArgumentParser.o normal (in target 'ArgumentParser' from project 'swift-argument-parser')
    cd /Users/admin/builder/spi-builder-workspace/.dependencies/checkouts/swift-argument-parser
    /Applications/Xcode-27.0.0-Release.Candidate.app/Contents/Developer/Toolchains/XcodeDefault.xctoolchain/usr/bin/clang -Xlinker -reproducible -target arm64-apple-xros1.0 -r -isysroot /Applications/Xcode-27.0.0-Release.Candidate.app/Contents/Developer/Platforms/XROS.platform/Developer/SDKs/XROS27.0.sdk -O0 -w -Xlinker -no_warn_duplicate_libraries -F/Users/admin/builder/spi-builder-workspace/.derivedData/Build/Intermediates.noindex/EagerLinkingTBDs/Debug-xros -F/Users/admin/builder/spi-builder-workspace/.derivedData/Build/Products/Debug-xros/PackageFrameworks -F/Users/admin/builder/spi-builder-workspace/.derivedData/Build/Products/Debug-xros -iframework /Applications/Xcode-27.0.0-Release.Candidate.app/Contents/Developer/Platforms/XROS.platform/Developer/Library/Frameworks -iframework /Applications/Xcode-27.0.0-Release.Candidate.app/Contents/Developer/Platforms/XROS.platform/Developer/SDKs/XROS27.0.sdk/Developer/Library/Frameworks -filelist /Users/admin/builder/spi-builder-workspace/.derivedData/Build/Intermediates.noindex/swift-argument-parser.build/Debug-xros/ArgumentParser-t.build/Objects-normal/arm64/ArgumentParser.LinkFileList -nostdlib -Xlinker -object_path_lto -Xlinker /Users/admin/builder/spi-builder-workspace/.derivedData/Build/Intermediates.noindex/swift-argument-parser.build/Debug-xros/ArgumentParser-t.build/Objects-normal/arm64/ArgumentParser_lto.o -Xlinker -no_deduplicate -Xlinker -debug_variant -Xlinker -dependency_info -Xlinker /Users/admin/builder/spi-builder-workspace/.derivedData/Build/Intermediates.noindex/swift-argument-parser.build/Debug-xros/ArgumentParser-t.build/Objects-normal/arm64/ArgumentParser_dependency_info.dat -fobjc-link-runtime -L/Applications/Xcode-27.0.0-Release.Candidate.app/Contents/Developer/Toolchains/XcodeDefault.xctoolchain/usr/lib/swift/xros -L/usr/lib/swift -Xlinker -add_ast_path -Xlinker /Users/admin/builder/spi-builder-workspace/.derivedData/Build/Intermediates.noindex/swift-argument-parser.build/Debug-xros/ArgumentParser-t.build/Objects-normal/arm64/ArgumentParser.swiftmodule -o /Users/admin/builder/spi-builder-workspace/.derivedData/Build/Products/Debug-xros/ArgumentParser.o
ExtractAppIntentsMetadata (in target 'ArgumentParser' from project 'swift-argument-parser')
    cd /Users/admin/builder/spi-builder-workspace/.dependencies/checkouts/swift-argument-parser
    /Applications/Xcode-27.0.0-Release.Candidate.app/Contents/Developer/Toolchains/XcodeDefault.xctoolchain/usr/bin/appintentsmetadataprocessor --toolchain-dir /var/run/com.apple.security.cryptexd/mnt/com.apple.MobileAsset.MetalToolchain-v27.1.266.1.AW94GQ/Metal.xctoolchain --module-name ArgumentParser --sdk-root /Applications/Xcode-27.0.0-Release.Candidate.app/Contents/Developer/Platforms/XROS.platform/Developer/SDKs/XROS27.0.sdk --xcode-version 27A266a --platform-family xrOS --deployment-target 1.0 --bundle-identifier swift-argument-parser.ArgumentParser --output /Users/admin/builder/spi-builder-workspace/.derivedData/Build/Products/Debug-xros/ArgumentParser.appintents --target-triple arm64-apple-xros1.0 --binary-file /Users/admin/builder/spi-builder-workspace/.derivedData/Build/Products/Debug-xros/ArgumentParser.o --dependency-file /Users/admin/builder/spi-builder-workspace/.derivedData/Build/Intermediates.noindex/swift-argument-parser.build/Debug-xros/ArgumentParser-t.build/Objects-normal/arm64/ArgumentParser_dependency_info.dat --stringsdata-file /Users/admin/builder/spi-builder-workspace/.derivedData/Build/Intermediates.noindex/swift-argument-parser.build/Debug-xros/ArgumentParser-t.build/Objects-normal/arm64/ExtractedAppShortcutsMetadata.stringsdata --source-file-list /Users/admin/builder/spi-builder-workspace/.derivedData/Build/Intermediates.noindex/swift-argument-parser.build/Debug-xros/ArgumentParser-t.build/Objects-normal/arm64/ArgumentParser.SwiftFileList --metadata-file-list /Users/admin/builder/spi-builder-workspace/.derivedData/Build/Intermediates.noindex/swift-argument-parser.build/Debug-xros/ArgumentParser-t.build/ArgumentParser.DependencyMetadataFileList --static-metadata-file-list /Users/admin/builder/spi-builder-workspace/.derivedData/Build/Intermediates.noindex/swift-argument-parser.build/Debug-xros/ArgumentParser-t.build/ArgumentParser.DependencyStaticMetadataFileList --swift-const-vals-list /Users/admin/builder/spi-builder-workspace/.derivedData/Build/Intermediates.noindex/swift-argument-parser.build/Debug-xros/ArgumentParser-t.build/Objects-normal/arm64/ArgumentParser.SwiftConstValuesFileList --force --compile-time-extraction --deployment-aware-processing --no-app-shortcuts-localization
2026-09-24 06:37:33.954 appintentsmetadataprocessor[1161:6776] Starting appintentsmetadataprocessor export
2026-09-24 06:37:34.022 appintentsmetadataprocessor[1161:6776] Extracted no relevant App Intents symbols, skipping writing output
SwiftCompile normal arm64 Compiling\ Credentials.swift /Users/admin/builder/spi-builder-workspace/Sources/Twitter/Credentials.swift (in target 'Twitter' from project 'OsmiumAtlas')
SwiftCompile normal arm64 /Users/admin/builder/spi-builder-workspace/Sources/Twitter/Credentials.swift (in target 'Twitter' from project 'OsmiumAtlas')
    cd /Users/admin/builder/spi-builder-workspace/.swiftpm/xcode
    builtin-SwiftPerFileCompile Credentials.swift
SwiftCompile normal arm64 Compiling\ String+Extension.swift /Users/admin/builder/spi-builder-workspace/Sources/Twitter/String+Extension.swift (in target 'Twitter' from project 'OsmiumAtlas')
SwiftCompile normal arm64 /Users/admin/builder/spi-builder-workspace/Sources/Twitter/String+Extension.swift (in target 'Twitter' from project 'OsmiumAtlas')
    cd /Users/admin/builder/spi-builder-workspace/.swiftpm/xcode
    builtin-SwiftPerFileCompile String+Extension.swift
SwiftCompile normal arm64 Compiling\ TwitterListMember.swift /Users/admin/builder/spi-builder-workspace/Sources/Twitter/TwitterListMember.swift (in target 'Twitter' from project 'OsmiumAtlas')
SwiftCompile normal arm64 /Users/admin/builder/spi-builder-workspace/Sources/Twitter/TwitterListMember.swift (in target 'Twitter' from project 'OsmiumAtlas')
    cd /Users/admin/builder/spi-builder-workspace/.swiftpm/xcode
    builtin-SwiftPerFileCompile TwitterListMember.swift
SwiftEmitModule normal arm64 Emitting\ module\ for\ Twitter (in target 'Twitter' from project 'OsmiumAtlas')
SwiftCompile normal arm64 (in target 'Twitter' from project 'OsmiumAtlas')
    cd /Users/admin/builder/spi-builder-workspace/.swiftpm/xcode

SwiftCompile normal arm64 Compiling\ API.swift /Users/admin/builder/spi-builder-workspace/Sources/Twitter/API.swift (in target 'Twitter' from project 'OsmiumAtlas')
SwiftCompile normal arm64 /Users/admin/builder/spi-builder-workspace/Sources/Twitter/API.swift (in target 'Twitter' from project 'OsmiumAtlas')
    cd /Users/admin/builder/spi-builder-workspace/.swiftpm/xcode
    builtin-SwiftPerFileCompile API.swift
SwiftEmitModule normal arm64 Emitting\ module\ for\ OsmiumAtlasFramework (in target 'OsmiumAtlasFramework' from project 'OsmiumAtlas')
SwiftCompile normal arm64 (in target 'OsmiumAtlasFramework' from project 'OsmiumAtlas')
    cd /Users/admin/builder/spi-builder-workspace/.swiftpm/xcode

SwiftCompile normal arm64 Compiling\ Blog+FeedKit.swift /Users/admin/builder/spi-builder-workspace/Sources/OsmiumAtlasFramework/Extensions/Blog+FeedKit.swift (in target 'OsmiumAtlasFramework' from project 'OsmiumAtlas')
SwiftCompile normal arm64 /Users/admin/builder/spi-builder-workspace/Sources/OsmiumAtlasFramework/Extensions/Blog+FeedKit.swift (in target 'OsmiumAtlasFramework' from project 'OsmiumAtlas')
    cd /Users/admin/builder/spi-builder-workspace/.swiftpm/xcode
    builtin-SwiftPerFileCompile Blog+FeedKit.swift
SwiftCompile normal arm64 Compiling\ Article.swift /Users/admin/builder/spi-builder-workspace/Sources/OsmiumAtlasFramework/Models/Article.swift (in target 'OsmiumAtlasFramework' from project 'OsmiumAtlas')
SwiftCompile normal arm64 /Users/admin/builder/spi-builder-workspace/Sources/OsmiumAtlasFramework/Models/Article.swift (in target 'OsmiumAtlasFramework' from project 'OsmiumAtlas')
    cd /Users/admin/builder/spi-builder-workspace/.swiftpm/xcode
    builtin-SwiftPerFileCompile Article.swift
PruneExplicitPrecompiledModules /Users/admin/builder/spi-builder-workspace/.derivedData/Build/Intermediates.noindex/ExplicitPrecompiledModules
PruneExplicitPrecompiledModules /Users/admin/builder/spi-builder-workspace/.derivedData/Build/Intermediates.noindex/SwiftExplicitPrecompiledModules
PruneExplicitPrecompiledModules /Users/admin/builder/spi-builder-workspace/.derivedData/SDKExplicitPrecompiledModules
2026-09-24 06:37:21.528 xcodebuild[864:5172] [MT] IDERunDestination: Supported platforms for the buildables in the current scheme is empty.
2026-09-24 06:37:21.671 xcodebuild[864:5172] [MT] IDERunDestination: Supported platforms for the buildables in the current scheme is empty.
2026-09-24 06:37:24.597 xcodebuild[864:5172] [MT] IDERunDestination: Supported platforms for the buildables in the current scheme is empty.
** BUILD FAILED **
The following build commands failed:
	SwiftCompile normal arm64 /Users/admin/builder/spi-builder-workspace/.dependencies/checkouts/Swifter/Sources/String++.swift (in target 'Swifter' from project 'Swifter')
	SwiftCompile normal arm64 Compiling\ String++.swift,\ Swifter.swift,\ SwifterAccountsClient.swift,\ SwifterAppOnlyClient.swift /Users/admin/builder/spi-builder-workspace/.dependencies/checkouts/Swifter/Sources/String++.swift /Users/admin/builder/spi-builder-workspace/.dependencies/checkouts/Swifter/Sources/Swifter.swift /Users/admin/builder/spi-builder-workspace/.dependencies/checkouts/Swifter/Sources/SwifterAccountsClient.swift /Users/admin/builder/spi-builder-workspace/.dependencies/checkouts/Swifter/Sources/SwifterAppOnlyClient.swift (in target 'Swifter' from project 'Swifter')
	Building workspace OsmiumAtlas with scheme OsmiumAtlas
(3 failures)
Command line invocation:
    /Applications/Xcode-27.0.0-Release.Candidate.app/Contents/Developer/usr/bin/xcodebuild -IDEClonedSourcePackagesDirPathOverride=/Users/admin/builder/spi-builder-workspace/.dependencies -resolvePackageDependencies
Resolve Package Graph
Resolved source packages:
  swift-argument-parser: https://github.com/MarcoEidinger/swift-argument-parser @ async (dfeefc7)
  FeedKit: https://github.com/nmdias/FeedKit.git @ 9.1.2
  Swifter: https://github.com/mattdonnelly/Swifter @ 2.5.0
  AsyncCompatibilityKit: https://github.com/KaiOelfke/AsyncCompatibilityKit @ main (38333d1)
  OsmiumAtlas: /Users/admin/builder/spi-builder-workspace
  SwiftyBeaver: https://github.com/SwiftyBeaver/SwiftyBeaver.git @ 1.9.6
  OhhAuth: https://github.com/mw99/OhhAuth.git @ 1.2.0
resolved source packages: swift-argument-parser, FeedKit, Swifter, AsyncCompatibilityKit, OsmiumAtlas, SwiftyBeaver, OhhAuth
2026-09-24 06:37:35.039 xcodebuild[1169:6829] [MT] IDERunDestination: Supported platforms for the buildables in the current scheme is empty.
2026-09-24 06:37:35.143 xcodebuild[1169:6829] [MT] IDERunDestination: Supported platforms for the buildables in the current scheme is empty.
{
  "dependencies" : [
    {
      "identity" : "swift-argument-parser",
      "requirement" : {
        "branch" : [
          "async"
        ]
      },
      "type" : "sourceControl",
      "url" : "https://github.com/MarcoEidinger/swift-argument-parser"
    },
    {
      "identity" : "swiftybeaver",
      "requirement" : {
        "range" : [
          {
            "lower_bound" : "1.9.0",
            "upper_bound" : "2.0.0"
          }
        ]
      },
      "type" : "sourceControl",
      "url" : "https://github.com/SwiftyBeaver/SwiftyBeaver.git"
    },
    {
      "identity" : "feedkit",
      "requirement" : {
        "range" : [
          {
            "lower_bound" : "9.0.0",
            "upper_bound" : "10.0.0"
          }
        ]
      },
      "type" : "sourceControl",
      "url" : "https://github.com/nmdias/FeedKit.git"
    },
    {
      "identity" : "asynccompatibilitykit",
      "requirement" : {
        "branch" : [
          "main"
        ]
      },
      "type" : "sourceControl",
      "url" : "https://github.com/KaiOelfke/AsyncCompatibilityKit"
    },
    {
      "identity" : "ohhauth",
      "requirement" : {
        "range" : [
          {
            "lower_bound" : "1.0.0",
            "upper_bound" : "2.0.0"
          }
        ]
      },
      "type" : "sourceControl",
      "url" : "https://github.com/mw99/OhhAuth.git"
    },
    {
      "identity" : "swifter",
      "requirement" : {
        "range" : [
          {
            "lower_bound" : "2.0.0",
            "upper_bound" : "3.0.0"
          }
        ]
      },
      "type" : "sourceControl",
      "url" : "https://github.com/mattdonnelly/Swifter"
    }
  ],
  "manifest_display_name" : "OsmiumAtlas",
  "name" : "OsmiumAtlas",
  "path" : "/Users/admin/builder/spi-builder-workspace",
  "platforms" : [
    {
      "name" : "macos",
      "version" : "11.0"
    }
  ],
  "products" : [
    {
      "name" : "iosdevdirectory",
      "targets" : [
        "OsmiumAtlas"
      ],
      "type" : {
        "executable" : null
      }
    }
  ],
  "targets" : [
    {
      "c99name" : "Twitter",
      "module_type" : "SwiftTarget",
      "name" : "Twitter",
      "path" : "Sources/Twitter",
      "product_dependencies" : [
        "Swifter",
        "OhhAuth",
        "AsyncCompatibilityKit"
      ],
      "product_memberships" : [
        "iosdevdirectory"
      ],
      "sources" : [
        "API.swift",
        "Credentials.swift",
        "String+Extension.swift",
        "TwitterListMember.swift"
      ],
      "target_dependencies" : [
        "Logging"
      ],
      "type" : "library"
    },
    {
      "c99name" : "OsmiumAtlasFrameworkTests",
      "module_type" : "SwiftTarget",
      "name" : "OsmiumAtlasFrameworkTests",
      "path" : "Tests/OsmiumAtlasFrameworkTests",
      "sources" : [
        "OsmiumAtlasTests.swift"
      ],
      "target_dependencies" : [
        "OsmiumAtlasFramework"
      ],
      "type" : "test"
    },
    {
      "c99name" : "OsmiumAtlasFramework",
      "module_type" : "SwiftTarget",
      "name" : "OsmiumAtlasFramework",
      "path" : "Sources/OsmiumAtlasFramework",
      "product_dependencies" : [
        "FeedKit",
        "AsyncCompatibilityKit",
        "ArgumentParser"
      ],
      "product_memberships" : [
        "iosdevdirectory"
      ],
      "sources" : [
        "Extensions/Blog+FeedKit.swift",
        "Extensions/FeedKit+Extensions.swift",
        "Models/Article.swift",
        "Models/Blog.swift",
        "Models/BlogCategory.swift",
        "Models/FeedItem.swift",
        "Models/LocalizedBlogDirectory.swift",
        "Models/SitesAndStats.swift",
        "Models/SitesStats.swift",
        "iOSDevDirectoryNetworkingService.swift"
      ],
      "target_dependencies" : [
        "Logging"
      ],
      "type" : "library"
    },
    {
      "c99name" : "OsmiumAtlas",
      "module_type" : "SwiftTarget",
      "name" : "OsmiumAtlas",
      "path" : "Sources/OsmiumAtlas",
      "product_dependencies" : [
        "ArgumentParser"
      ],
      "product_memberships" : [
        "iosdevdirectory"
      ],
      "sources" : [
        "CLI.swift",
        "CLIUtil.swift",
        "Commands/UpdateTwitterList.swift",
        "Commands/iOSDevDirectoryEnglishDevBlogs.swift"
      ],
      "target_dependencies" : [
        "OsmiumAtlasFramework",
        "Twitter"
      ],
      "type" : "executable"
    },
    {
      "c99name" : "Logging",
      "module_type" : "SwiftTarget",
      "name" : "Logging",
      "path" : "Sources/Logging",
      "product_dependencies" : [
        "SwiftyBeaver"
      ],
      "product_memberships" : [
        "iosdevdirectory"
      ],
      "sources" : [
        "Logger.swift",
        "NoLogger.swift"
      ],
      "type" : "library"
    }
  ],
  "tools_version" : "5.5"
}
{
  "workspace" : {
    "name" : "OsmiumAtlas",
    "schemes" : [
      "iDDBlogChecker",
      "OsmiumAtlas"
    ]
  }
}
2026-09-24 06:37:36.479 xcodebuild[1177:6900] [MT] IDERunDestination: Supported platforms for the buildables in the current scheme is empty.
2026-09-24 06:37:36.580 xcodebuild[1177:6900] [MT] IDERunDestination: Supported platforms for the buildables in the current scheme is empty.
{
  "workspace" : {
    "name" : "OsmiumAtlas",
    "schemes" : [
      "iDDBlogChecker",
      "OsmiumAtlas"
    ]
  }
}
2026-09-24 06:37:37.688 xcodebuild[1179:6931] [MT] IDERunDestination: Supported platforms for the buildables in the current scheme is empty.
2026-09-24 06:37:37.788 xcodebuild[1179:6931] [MT] IDERunDestination: Supported platforms for the buildables in the current scheme is empty.
Running build ...
env DEVELOPER_DIR=/Applications/Xcode-27.0.0-Release.Candidate.app xcrun xcodebuild -IDEClonedSourcePackagesDirPathOverride=$PWD/.dependencies -skipMacroValidation -skipPackagePluginValidation -derivedDataPath $PWD/.derivedData build -scheme OsmiumAtlas -destination generic/platform=xrOS
Command line invocation:
    /Applications/Xcode-27.0.0-Release.Candidate.app/Contents/Developer/usr/bin/xcodebuild -IDEClonedSourcePackagesDirPathOverride=/Users/admin/builder/spi-builder-workspace/.dependencies -skipMacroValidation -skipPackagePluginValidation -derivedDataPath /Users/admin/builder/spi-builder-workspace/.derivedData build -scheme OsmiumAtlas -destination generic/platform=xrOS
Resolve Package Graph
Resolved source packages:
  FeedKit: https://github.com/nmdias/FeedKit.git @ 9.1.2
  Swifter: https://github.com/mattdonnelly/Swifter @ 2.5.0
  OsmiumAtlas: /Users/admin/builder/spi-builder-workspace
  AsyncCompatibilityKit: https://github.com/KaiOelfke/AsyncCompatibilityKit @ main (38333d1)
  SwiftyBeaver: https://github.com/SwiftyBeaver/SwiftyBeaver.git @ 1.9.6
  swift-argument-parser: https://github.com/MarcoEidinger/swift-argument-parser @ async (dfeefc7)
  OhhAuth: https://github.com/mw99/OhhAuth.git @ 1.2.0
ComputePackagePrebuildTargetDependencyGraph
Prepare packages
CreateBuildRequest
SendProjectDescription
CreateBuildOperation
ComputeTargetDependencyGraph
note: Building targets in dependency order
note: Target dependency graph (17 targets)
    Target 'iosdevdirectory-product' in project 'OsmiumAtlas'
        ➜ Explicit dependency on target 'Logging' in project 'OsmiumAtlas'
        ➜ Explicit dependency on target 'OsmiumAtlasFramework' in project 'OsmiumAtlas'
        ➜ Explicit dependency on target 'Twitter' in project 'OsmiumAtlas'
        ➜ Explicit dependency on target 'SwiftyBeaver-product' in project 'SwiftyBeaver'
        ➜ Explicit dependency on target 'FeedKit-product' in project 'FeedKit'
        ➜ Explicit dependency on target 'AsyncCompatibilityKit-product' in project 'AsyncCompatibilityKit'
        ➜ Explicit dependency on target 'ArgumentParser-product' in project 'swift-argument-parser'
        ➜ Explicit dependency on target 'Swifter-product' in project 'Swifter'
        ➜ Explicit dependency on target 'OhhAuth-product' in project 'OhhAuth'
    Target 'Twitter' in project 'OsmiumAtlas'
        ➜ Explicit dependency on target 'Logging' in project 'OsmiumAtlas'
        ➜ Explicit dependency on target 'SwiftyBeaver-product' in project 'SwiftyBeaver'
        ➜ Explicit dependency on target 'Swifter-product' in project 'Swifter'
        ➜ Explicit dependency on target 'OhhAuth-product' in project 'OhhAuth'
        ➜ Explicit dependency on target 'AsyncCompatibilityKit-product' in project 'AsyncCompatibilityKit'
    Target 'OhhAuth-product' in project 'OhhAuth'
        ➜ Explicit dependency on target 'OhhAuth' in project 'OhhAuth'
    Target 'OhhAuth' in project 'OhhAuth' (no dependencies)
    Target 'Swifter-product' in project 'Swifter'
        ➜ Explicit dependency on target 'Swifter' in project 'Swifter'
    Target 'Swifter' in project 'Swifter' (no dependencies)
    Target 'OsmiumAtlasFramework' in project 'OsmiumAtlas'
        ➜ Explicit dependency on target 'Logging' in project 'OsmiumAtlas'
        ➜ Explicit dependency on target 'SwiftyBeaver-product' in project 'SwiftyBeaver'
        ➜ Explicit dependency on target 'FeedKit-product' in project 'FeedKit'
        ➜ Explicit dependency on target 'AsyncCompatibilityKit-product' in project 'AsyncCompatibilityKit'
        ➜ Explicit dependency on target 'ArgumentParser-product' in project 'swift-argument-parser'
    Target 'ArgumentParser-product' in project 'swift-argument-parser'
        ➜ Explicit dependency on target 'ArgumentParser' in project 'swift-argument-parser'
        ➜ Explicit dependency on target 'ArgumentParserToolInfo' in project 'swift-argument-parser'
    Target 'ArgumentParser' in project 'swift-argument-parser'
        ➜ Explicit dependency on target 'ArgumentParserToolInfo' in project 'swift-argument-parser'
    Target 'ArgumentParserToolInfo' in project 'swift-argument-parser' (no dependencies)
    Target 'AsyncCompatibilityKit-product' in project 'AsyncCompatibilityKit'
        ➜ Explicit dependency on target 'AsyncCompatibilityKit' in project 'AsyncCompatibilityKit'
    Target 'AsyncCompatibilityKit' in project 'AsyncCompatibilityKit' (no dependencies)
    Target 'FeedKit-product' in project 'FeedKit'
        ➜ Explicit dependency on target 'FeedKit' in project 'FeedKit'
    Target 'FeedKit' in project 'FeedKit' (no dependencies)
    Target 'Logging' in project 'OsmiumAtlas'
        ➜ Explicit dependency on target 'SwiftyBeaver-product' in project 'SwiftyBeaver'
    Target 'SwiftyBeaver-product' in project 'SwiftyBeaver'
        ➜ Explicit dependency on target 'SwiftyBeaver' in project 'SwiftyBeaver'
    Target 'SwiftyBeaver' in project 'SwiftyBeaver' (no dependencies)
GatherProvisioningInputs
CreateBuildDescription
ClangStatCache /Applications/Xcode-27.0.0-Release.Candidate.app/Contents/Developer/Toolchains/XcodeDefault.xctoolchain/usr/bin/clang-stat-cache /Applications/Xcode-27.0.0-Release.Candidate.app/Contents/Developer/Platforms/XROS.platform/Developer/SDKs/XROS27.0.sdk /Users/admin/builder/spi-builder-workspace/.derivedData/SDKStatCaches.noindex/xros27.0-24M361-e829b21a6f8c9b70876ba0858053c044735bd543db762f57723cac368afd1ce4.sdkstatcache
    cd /Users/admin/builder/spi-builder-workspace/.swiftpm/xcode
    /Applications/Xcode-27.0.0-Release.Candidate.app/Contents/Developer/Toolchains/XcodeDefault.xctoolchain/usr/bin/clang-stat-cache /Applications/Xcode-27.0.0-Release.Candidate.app/Contents/Developer/Platforms/XROS.platform/Developer/SDKs/XROS27.0.sdk -o /Users/admin/builder/spi-builder-workspace/.derivedData/SDKStatCaches.noindex/xros27.0-24M361-e829b21a6f8c9b70876ba0858053c044735bd543db762f57723cac368afd1ce4.sdkstatcache
SwiftDriver Twitter normal arm64 com.apple.xcode.tools.swift.compiler (in target 'Twitter' from project 'OsmiumAtlas')
    cd /Users/admin/builder/spi-builder-workspace/.swiftpm/xcode
    builtin-SwiftDriver -- /Applications/Xcode-27.0.0-Release.Candidate.app/Contents/Developer/Toolchains/XcodeDefault.xctoolchain/usr/bin/swiftc -parse-as-library -module-name Twitter -Onone @/Users/admin/builder/spi-builder-workspace/.derivedData/Build/Intermediates.noindex/OsmiumAtlas.build/Debug-xros/Twitter-t.build/Objects-normal/arm64/Twitter.SwiftFileList -DSWIFT_PACKAGE -DDEBUG -DSWIFT_MODULE_RESOURCE_BUNDLE_UNAVAILABLE -DXcode -plugin-path /Applications/Xcode-27.0.0-Release.Candidate.app/Contents/Developer/Toolchains/XcodeDefault.xctoolchain/usr/lib/swift/host/plugins/testing -enable-experimental-feature DebugDescriptionMacro -sdk /Applications/Xcode-27.0.0-Release.Candidate.app/Contents/Developer/Platforms/XROS.platform/Developer/SDKs/XROS27.0.sdk -target arm64-apple-xros1.0 -g -module-cache-path /Users/admin/builder/spi-builder-workspace/.derivedData/ModuleCache.noindex -Xfrontend -serialize-debugging-options -profile-coverage-mapping -profile-generate -enable-testing -index-store-path /Users/admin/builder/spi-builder-workspace/.derivedData/Index.noindex/DataStore -Xcc -D_LIBCPP_HARDENING_MODE\=_LIBCPP_HARDENING_MODE_DEBUG -swift-version 5 -I /Users/admin/builder/spi-builder-workspace/.derivedData/Build/Products/Debug-xros -Isystem /Applications/Xcode-27.0.0-Release.Candidate.app/Contents/Developer/Platforms/XROS.platform/Developer/usr/lib -F /Users/admin/builder/spi-builder-workspace/.derivedData/Build/Products/Debug-xros/PackageFrameworks -F /Users/admin/builder/spi-builder-workspace/.derivedData/Build/Products/Debug-xros -F /Applications/Xcode-27.0.0-Release.Candidate.app/Contents/Developer/Platforms/XROS.platform/Developer/Library/Frameworks -F /Applications/Xcode-27.0.0-Release.Candidate.app/Contents/Developer/Platforms/XROS.platform/Developer/SDKs/XROS27.0.sdk/Developer/Library/Frameworks -c -j10 -enable-batch-mode -incremental -Xcc -ivfsstatcache -Xcc /Users/admin/builder/spi-builder-workspace/.derivedData/SDKStatCaches.noindex/xros27.0-24M361-e829b21a6f8c9b70876ba0858053c044735bd543db762f57723cac368afd1ce4.sdkstatcache -output-file-map /Users/admin/builder/spi-builder-workspace/.derivedData/Build/Intermediates.noindex/OsmiumAtlas.build/Debug-xros/Twitter-t.build/Objects-normal/arm64/Twitter-OutputFileMap.json -save-temps -no-color-diagnostics -explicit-module-build -module-cache-path /Users/admin/builder/spi-builder-workspace/.derivedData/Build/Intermediates.noindex/SwiftExplicitPrecompiledModules -clang-scanner-module-cache-path /Users/admin/builder/spi-builder-workspace/.derivedData/ModuleCache.noindex -sdk-module-cache-path /Users/admin/builder/spi-builder-workspace/.derivedData/SDKExplicitPrecompiledModules -emit-dependencies -emit-module -emit-module-path /Users/admin/builder/spi-builder-workspace/.derivedData/Build/Intermediates.noindex/OsmiumAtlas.build/Debug-xros/Twitter-t.build/Objects-normal/arm64/Twitter.swiftmodule -serialize-diagnostics -dependency-scan-serialize-diagnostics-path /Users/admin/builder/spi-builder-workspace/.derivedData/Build/Intermediates.noindex/OsmiumAtlas.build/Debug-xros/Twitter-t.build/Objects-normal/arm64/Twitter-dependency-scan.dia -validate-clang-modules-once -clang-build-session-file /Users/admin/builder/spi-builder-workspace/.derivedData/ModuleCache.noindex/Session.modulevalidation -Xcc -fmodules-prune-interval\=86400 -Xcc -fmodules-prune-after\=345600 -emit-const-values -const-gather-protocols-list /Users/admin/builder/spi-builder-workspace/.derivedData/Build/Intermediates.noindex/OsmiumAtlas.build/Debug-xros/Twitter-t.build/Objects-normal/arm64/Twitter_const_extract_protocols.json -Xcc -I/Users/admin/builder/spi-builder-workspace/.derivedData/Build/Products/Debug-xros/include -Xcc -I/Users/admin/builder/spi-builder-workspace/.derivedData/Build/Intermediates.noindex/OsmiumAtlas.build/Debug-xros/Twitter-t.build/DerivedSources-normal/arm64 -Xcc -I/Users/admin/builder/spi-builder-workspace/.derivedData/Build/Intermediates.noindex/OsmiumAtlas.build/Debug-xros/Twitter-t.build/DerivedSources/arm64 -Xcc -I/Users/admin/builder/spi-builder-workspace/.derivedData/Build/Intermediates.noindex/OsmiumAtlas.build/Debug-xros/Twitter-t.build/DerivedSources -Xcc -DSWIFT_PACKAGE -Xcc -DDEBUG\=1 -emit-objc-header -emit-objc-header-path /Users/admin/builder/spi-builder-workspace/.derivedData/Build/Intermediates.noindex/OsmiumAtlas.build/Debug-xros/Twitter-t.build/Objects-normal/arm64/Twitter-Swift.h -working-directory /Users/admin/builder/spi-builder-workspace/.swiftpm/xcode -experimental-emit-module-separately -disable-cmo
SwiftDriver OsmiumAtlasFramework normal arm64 com.apple.xcode.tools.swift.compiler (in target 'OsmiumAtlasFramework' from project 'OsmiumAtlas')
    cd /Users/admin/builder/spi-builder-workspace/.swiftpm/xcode
    builtin-SwiftDriver -- /Applications/Xcode-27.0.0-Release.Candidate.app/Contents/Developer/Toolchains/XcodeDefault.xctoolchain/usr/bin/swiftc -parse-as-library -module-name OsmiumAtlasFramework -Onone @/Users/admin/builder/spi-builder-workspace/.derivedData/Build/Intermediates.noindex/OsmiumAtlas.build/Debug-xros/OsmiumAtlasFramework-t.build/Objects-normal/arm64/OsmiumAtlasFramework.SwiftFileList -DSWIFT_PACKAGE -DDEBUG -DSWIFT_MODULE_RESOURCE_BUNDLE_UNAVAILABLE -DXcode -plugin-path /Applications/Xcode-27.0.0-Release.Candidate.app/Contents/Developer/Toolchains/XcodeDefault.xctoolchain/usr/lib/swift/host/plugins/testing -enable-experimental-feature DebugDescriptionMacro -sdk /Applications/Xcode-27.0.0-Release.Candidate.app/Contents/Developer/Platforms/XROS.platform/Developer/SDKs/XROS27.0.sdk -target arm64-apple-xros1.0 -g -module-cache-path /Users/admin/builder/spi-builder-workspace/.derivedData/ModuleCache.noindex -Xfrontend -serialize-debugging-options -profile-coverage-mapping -profile-generate -enable-testing -index-store-path /Users/admin/builder/spi-builder-workspace/.derivedData/Index.noindex/DataStore -Xcc -D_LIBCPP_HARDENING_MODE\=_LIBCPP_HARDENING_MODE_DEBUG -swift-version 5 -I /Users/admin/builder/spi-builder-workspace/.derivedData/Build/Products/Debug-xros -Isystem /Applications/Xcode-27.0.0-Release.Candidate.app/Contents/Developer/Platforms/XROS.platform/Developer/usr/lib -F /Users/admin/builder/spi-builder-workspace/.derivedData/Build/Products/Debug-xros/PackageFrameworks -F /Users/admin/builder/spi-builder-workspace/.derivedData/Build/Products/Debug-xros -F /Applications/Xcode-27.0.0-Release.Candidate.app/Contents/Developer/Platforms/XROS.platform/Developer/Library/Frameworks -F /Applications/Xcode-27.0.0-Release.Candidate.app/Contents/Developer/Platforms/XROS.platform/Developer/SDKs/XROS27.0.sdk/Developer/Library/Frameworks -c -j10 -enable-batch-mode -incremental -Xcc -ivfsstatcache -Xcc /Users/admin/builder/spi-builder-workspace/.derivedData/SDKStatCaches.noindex/xros27.0-24M361-e829b21a6f8c9b70876ba0858053c044735bd543db762f57723cac368afd1ce4.sdkstatcache -output-file-map /Users/admin/builder/spi-builder-workspace/.derivedData/Build/Intermediates.noindex/OsmiumAtlas.build/Debug-xros/OsmiumAtlasFramework-t.build/Objects-normal/arm64/OsmiumAtlasFramework-OutputFileMap.json -save-temps -no-color-diagnostics -explicit-module-build -module-cache-path /Users/admin/builder/spi-builder-workspace/.derivedData/Build/Intermediates.noindex/SwiftExplicitPrecompiledModules -clang-scanner-module-cache-path /Users/admin/builder/spi-builder-workspace/.derivedData/ModuleCache.noindex -sdk-module-cache-path /Users/admin/builder/spi-builder-workspace/.derivedData/SDKExplicitPrecompiledModules -emit-dependencies -emit-module -emit-module-path /Users/admin/builder/spi-builder-workspace/.derivedData/Build/Intermediates.noindex/OsmiumAtlas.build/Debug-xros/OsmiumAtlasFramework-t.build/Objects-normal/arm64/OsmiumAtlasFramework.swiftmodule -serialize-diagnostics -dependency-scan-serialize-diagnostics-path /Users/admin/builder/spi-builder-workspace/.derivedData/Build/Intermediates.noindex/OsmiumAtlas.build/Debug-xros/OsmiumAtlasFramework-t.build/Objects-normal/arm64/OsmiumAtlasFramework-dependency-scan.dia -validate-clang-modules-once -clang-build-session-file /Users/admin/builder/spi-builder-workspace/.derivedData/ModuleCache.noindex/Session.modulevalidation -Xcc -fmodules-prune-interval\=86400 -Xcc -fmodules-prune-after\=345600 -emit-const-values -const-gather-protocols-list /Users/admin/builder/spi-builder-workspace/.derivedData/Build/Intermediates.noindex/OsmiumAtlas.build/Debug-xros/OsmiumAtlasFramework-t.build/Objects-normal/arm64/OsmiumAtlasFramework_const_extract_protocols.json -Xcc -I/Users/admin/builder/spi-builder-workspace/.derivedData/Build/Products/Debug-xros/include -Xcc -I/Users/admin/builder/spi-builder-workspace/.derivedData/Build/Intermediates.noindex/OsmiumAtlas.build/Debug-xros/OsmiumAtlasFramework-t.build/DerivedSources-normal/arm64 -Xcc -I/Users/admin/builder/spi-builder-workspace/.derivedData/Build/Intermediates.noindex/OsmiumAtlas.build/Debug-xros/OsmiumAtlasFramework-t.build/DerivedSources/arm64 -Xcc -I/Users/admin/builder/spi-builder-workspace/.derivedData/Build/Intermediates.noindex/OsmiumAtlas.build/Debug-xros/OsmiumAtlasFramework-t.build/DerivedSources -Xcc -DSWIFT_PACKAGE -Xcc -DDEBUG\=1 -emit-objc-header -emit-objc-header-path /Users/admin/builder/spi-builder-workspace/.derivedData/Build/Intermediates.noindex/OsmiumAtlas.build/Debug-xros/OsmiumAtlasFramework-t.build/Objects-normal/arm64/OsmiumAtlasFramework-Swift.h -working-directory /Users/admin/builder/spi-builder-workspace/.swiftpm/xcode -experimental-emit-module-separately -disable-cmo
SwiftDriver Swifter normal arm64 com.apple.xcode.tools.swift.compiler (in target 'Swifter' from project 'Swifter')
    cd /Users/admin/builder/spi-builder-workspace/.swiftpm/xcode
    builtin-SwiftDriver -- /Applications/Xcode-27.0.0-Release.Candidate.app/Contents/Developer/Toolchains/XcodeDefault.xctoolchain/usr/bin/swiftc -parse-as-library -module-name Swifter -Onone @/Users/admin/builder/spi-builder-workspace/.derivedData/Build/Intermediates.noindex/Swifter.build/Debug-xros/Swifter-t.build/Objects-normal/arm64/Swifter.SwiftFileList -DSWIFT_PACKAGE -DDEBUG -DSWIFT_MODULE_RESOURCE_BUNDLE_UNAVAILABLE -DXcode -plugin-path /Applications/Xcode-27.0.0-Release.Candidate.app/Contents/Developer/Toolchains/XcodeDefault.xctoolchain/usr/lib/swift/host/plugins/testing -enable-experimental-feature DebugDescriptionMacro -sdk /Applications/Xcode-27.0.0-Release.Candidate.app/Contents/Developer/Platforms/XROS.platform/Developer/SDKs/XROS27.0.sdk -target arm64-apple-xros1.0 -g -module-cache-path /Users/admin/builder/spi-builder-workspace/.derivedData/ModuleCache.noindex -Xfrontend -serialize-debugging-options -profile-coverage-mapping -profile-generate -enable-testing -suppress-warnings -index-store-path /Users/admin/builder/spi-builder-workspace/.derivedData/Index.noindex/DataStore -Xcc -D_LIBCPP_HARDENING_MODE\=_LIBCPP_HARDENING_MODE_DEBUG -swift-version 5 -I /Users/admin/builder/spi-builder-workspace/.derivedData/Build/Products/Debug-xros -Isystem /Applications/Xcode-27.0.0-Release.Candidate.app/Contents/Developer/Platforms/XROS.platform/Developer/usr/lib -F /Users/admin/builder/spi-builder-workspace/.derivedData/Build/Products/Debug-xros -F /Applications/Xcode-27.0.0-Release.Candidate.app/Contents/Developer/Platforms/XROS.platform/Developer/Library/Frameworks -F /Applications/Xcode-27.0.0-Release.Candidate.app/Contents/Developer/Platforms/XROS.platform/Developer/SDKs/XROS27.0.sdk/Developer/Library/Frameworks -c -j10 -enable-batch-mode -incremental -Xcc -ivfsstatcache -Xcc /Users/admin/builder/spi-builder-workspace/.derivedData/SDKStatCaches.noindex/xros27.0-24M361-e829b21a6f8c9b70876ba0858053c044735bd543db762f57723cac368afd1ce4.sdkstatcache -output-file-map /Users/admin/builder/spi-builder-workspace/.derivedData/Build/Intermediates.noindex/Swifter.build/Debug-xros/Swifter-t.build/Objects-normal/arm64/Swifter-OutputFileMap.json -save-temps -no-color-diagnostics -explicit-module-build -module-cache-path /Users/admin/builder/spi-builder-workspace/.derivedData/Build/Intermediates.noindex/SwiftExplicitPrecompiledModules -clang-scanner-module-cache-path /Users/admin/builder/spi-builder-workspace/.derivedData/ModuleCache.noindex -sdk-module-cache-path /Users/admin/builder/spi-builder-workspace/.derivedData/SDKExplicitPrecompiledModules -emit-dependencies -emit-module -emit-module-path /Users/admin/builder/spi-builder-workspace/.derivedData/Build/Intermediates.noindex/Swifter.build/Debug-xros/Swifter-t.build/Objects-normal/arm64/Swifter.swiftmodule -serialize-diagnostics -dependency-scan-serialize-diagnostics-path /Users/admin/builder/spi-builder-workspace/.derivedData/Build/Intermediates.noindex/Swifter.build/Debug-xros/Swifter-t.build/Objects-normal/arm64/Swifter-dependency-scan.dia -validate-clang-modules-once -clang-build-session-file /Users/admin/builder/spi-builder-workspace/.derivedData/ModuleCache.noindex/Session.modulevalidation -Xcc -fmodules-prune-interval\=86400 -Xcc -fmodules-prune-after\=345600 -emit-const-values -const-gather-protocols-list /Users/admin/builder/spi-builder-workspace/.derivedData/Build/Intermediates.noindex/Swifter.build/Debug-xros/Swifter-t.build/Objects-normal/arm64/Swifter_const_extract_protocols.json -Xcc -I/Users/admin/builder/spi-builder-workspace/.derivedData/Build/Products/Debug-xros/include -Xcc -I/Users/admin/builder/spi-builder-workspace/.derivedData/Build/Intermediates.noindex/Swifter.build/Debug-xros/Swifter-t.build/DerivedSources-normal/arm64 -Xcc -I/Users/admin/builder/spi-builder-workspace/.derivedData/Build/Intermediates.noindex/Swifter.build/Debug-xros/Swifter-t.build/DerivedSources/arm64 -Xcc -I/Users/admin/builder/spi-builder-workspace/.derivedData/Build/Intermediates.noindex/Swifter.build/Debug-xros/Swifter-t.build/DerivedSources -Xcc -DSWIFT_PACKAGE -Xcc -DDEBUG\=1 -emit-objc-header -emit-objc-header-path /Users/admin/builder/spi-builder-workspace/.derivedData/Build/Intermediates.noindex/Swifter.build/Debug-xros/Swifter-t.build/Objects-normal/arm64/Swifter-Swift.h -working-directory /Users/admin/builder/spi-builder-workspace/.swiftpm/xcode -experimental-emit-module-separately -disable-cmo
SwiftDriver AsyncCompatibilityKit normal arm64 com.apple.xcode.tools.swift.compiler (in target 'AsyncCompatibilityKit' from project 'AsyncCompatibilityKit')
    cd /Users/admin/builder/spi-builder-workspace/.swiftpm/xcode
    builtin-SwiftDriver -- /Applications/Xcode-27.0.0-Release.Candidate.app/Contents/Developer/Toolchains/XcodeDefault.xctoolchain/usr/bin/swiftc -parse-as-library -module-name AsyncCompatibilityKit -Onone @/Users/admin/builder/spi-builder-workspace/.derivedData/Build/Intermediates.noindex/AsyncCompatibilityKit.build/Debug-xros/AsyncCompatibilityKit-t.build/Objects-normal/arm64/AsyncCompatibilityKit.SwiftFileList -DSWIFT_PACKAGE -DDEBUG -DSWIFT_MODULE_RESOURCE_BUNDLE_UNAVAILABLE -DXcode -plugin-path /Applications/Xcode-27.0.0-Release.Candidate.app/Contents/Developer/Toolchains/XcodeDefault.xctoolchain/usr/lib/swift/host/plugins/testing -enable-experimental-feature DebugDescriptionMacro -sdk /Applications/Xcode-27.0.0-Release.Candidate.app/Contents/Developer/Platforms/XROS.platform/Developer/SDKs/XROS27.0.sdk -target arm64-apple-xros1.0 -g -module-cache-path /Users/admin/builder/spi-builder-workspace/.derivedData/ModuleCache.noindex -Xfrontend -serialize-debugging-options -profile-coverage-mapping -profile-generate -enable-testing -suppress-warnings -index-store-path /Users/admin/builder/spi-builder-workspace/.derivedData/Index.noindex/DataStore -Xcc -D_LIBCPP_HARDENING_MODE\=_LIBCPP_HARDENING_MODE_DEBUG -swift-version 5 -I /Users/admin/builder/spi-builder-workspace/.derivedData/Build/Products/Debug-xros -Isystem /Applications/Xcode-27.0.0-Release.Candidate.app/Contents/Developer/Platforms/XROS.platform/Developer/usr/lib -F /Users/admin/builder/spi-builder-workspace/.derivedData/Build/Products/Debug-xros -F /Applications/Xcode-27.0.0-Release.Candidate.app/Contents/Developer/Platforms/XROS.platform/Developer/Library/Frameworks -F /Applications/Xcode-27.0.0-Release.Candidate.app/Contents/Developer/Platforms/XROS.platform/Developer/SDKs/XROS27.0.sdk/Developer/Library/Frameworks -c -j10 -enable-batch-mode -incremental -Xcc -ivfsstatcache -Xcc /Users/admin/builder/spi-builder-workspace/.derivedData/SDKStatCaches.noindex/xros27.0-24M361-e829b21a6f8c9b70876ba0858053c044735bd543db762f57723cac368afd1ce4.sdkstatcache -output-file-map /Users/admin/builder/spi-builder-workspace/.derivedData/Build/Intermediates.noindex/AsyncCompatibilityKit.build/Debug-xros/AsyncCompatibilityKit-t.build/Objects-normal/arm64/AsyncCompatibilityKit-OutputFileMap.json -save-temps -no-color-diagnostics -explicit-module-build -module-cache-path /Users/admin/builder/spi-builder-workspace/.derivedData/Build/Intermediates.noindex/SwiftExplicitPrecompiledModules -clang-scanner-module-cache-path /Users/admin/builder/spi-builder-workspace/.derivedData/ModuleCache.noindex -sdk-module-cache-path /Users/admin/builder/spi-builder-workspace/.derivedData/SDKExplicitPrecompiledModules -emit-dependencies -emit-module -emit-module-path /Users/admin/builder/spi-builder-workspace/.derivedData/Build/Intermediates.noindex/AsyncCompatibilityKit.build/Debug-xros/AsyncCompatibilityKit-t.build/Objects-normal/arm64/AsyncCompatibilityKit.swiftmodule -serialize-diagnostics -dependency-scan-serialize-diagnostics-path /Users/admin/builder/spi-builder-workspace/.derivedData/Build/Intermediates.noindex/AsyncCompatibilityKit.build/Debug-xros/AsyncCompatibilityKit-t.build/Objects-normal/arm64/AsyncCompatibilityKit-dependency-scan.dia -validate-clang-modules-once -clang-build-session-file /Users/admin/builder/spi-builder-workspace/.derivedData/ModuleCache.noindex/Session.modulevalidation -Xcc -fmodules-prune-interval\=86400 -Xcc -fmodules-prune-after\=345600 -emit-const-values -const-gather-protocols-list /Users/admin/builder/spi-builder-workspace/.derivedData/Build/Intermediates.noindex/AsyncCompatibilityKit.build/Debug-xros/AsyncCompatibilityKit-t.build/Objects-normal/arm64/AsyncCompatibilityKit_const_extract_protocols.json -Xcc -I/Users/admin/builder/spi-builder-workspace/.derivedData/Build/Products/Debug-xros/include -Xcc -I/Users/admin/builder/spi-builder-workspace/.derivedData/Build/Intermediates.noindex/AsyncCompatibilityKit.build/Debug-xros/AsyncCompatibilityKit-t.build/DerivedSources-normal/arm64 -Xcc -I/Users/admin/builder/spi-builder-workspace/.derivedData/Build/Intermediates.noindex/AsyncCompatibilityKit.build/Debug-xros/AsyncCompatibilityKit-t.build/DerivedSources/arm64 -Xcc -I/Users/admin/builder/spi-builder-workspace/.derivedData/Build/Intermediates.noindex/AsyncCompatibilityKit.build/Debug-xros/AsyncCompatibilityKit-t.build/DerivedSources -Xcc -DSWIFT_PACKAGE -Xcc -DDEBUG\=1 -emit-objc-header -emit-objc-header-path /Users/admin/builder/spi-builder-workspace/.derivedData/Build/Intermediates.noindex/AsyncCompatibilityKit.build/Debug-xros/AsyncCompatibilityKit-t.build/Objects-normal/arm64/AsyncCompatibilityKit-Swift.h -working-directory /Users/admin/builder/spi-builder-workspace/.swiftpm/xcode -experimental-emit-module-separately -disable-cmo
SwiftCompile normal arm64 Compiling\ String++.swift /Users/admin/builder/spi-builder-workspace/.dependencies/checkouts/Swifter/Sources/String++.swift (in target 'Swifter' from project 'Swifter')
/Users/admin/builder/spi-builder-workspace/.dependencies/checkouts/Swifter/Sources/String++.swift:65:35: error: extraneous argument label 'string:' in call
63 |         while !scanner.isAtEnd {
64 |             key = scanner.scanUpToString("=")
65 |             _ = scanner.scanString(string: "=")
   |                                   `- error: extraneous argument label 'string:' in call
66 |
67 |             value = scanner.scanUpToString("&")
/Users/admin/builder/spi-builder-workspace/.dependencies/checkouts/Swifter/Sources/String++.swift:68:35: error: extraneous argument label 'string:' in call
66 |
67 |             value = scanner.scanUpToString("&")
68 |             _ = scanner.scanString(string: "&")
   |                                   `- error: extraneous argument label 'string:' in call
69 |
70 |             if let key = key, let value = value {
Failed frontend command:
SwiftCompile normal arm64 /Users/admin/builder/spi-builder-workspace/.dependencies/checkouts/Swifter/Sources/String++.swift (in target 'Swifter' from project 'Swifter')
    cd /Users/admin/builder/spi-builder-workspace/.swiftpm/xcode
    builtin-SwiftPerFileCompile String++.swift
/Applications/Xcode-27.0.0-Release.Candidate.app/Contents/Developer/Toolchains/XcodeDefault.xctoolchain/usr/bin/swift-frontend -frontend -c /Users/admin/builder/spi-builder-workspace/.dependencies/checkouts/Swifter/Sources/Data++.swift /Users/admin/builder/spi-builder-workspace/.dependencies/checkouts/Swifter/Sources/Dictionary++.swift /Users/admin/builder/spi-builder-workspace/.dependencies/checkouts/Swifter/Sources/HMAC.swift /Users/admin/builder/spi-builder-workspace/.dependencies/checkouts/Swifter/Sources/Int++.swift /Users/admin/builder/spi-builder-workspace/.dependencies/checkouts/Swifter/Sources/JSON.swift /Users/admin/builder/spi-builder-workspace/.dependencies/checkouts/Swifter/Sources/Operator++.swift /Users/admin/builder/spi-builder-workspace/.dependencies/checkouts/Swifter/Sources/SHA1.swift /Users/admin/builder/spi-builder-workspace/.dependencies/checkouts/Swifter/Sources/Scanner++.swift -primary-file /Users/admin/builder/spi-builder-workspace/.dependencies/checkouts/Swifter/Sources/String++.swift /Users/admin/builder/spi-builder-workspace/.dependencies/checkouts/Swifter/Sources/Swifter.swift /Users/admin/builder/spi-builder-workspace/.dependencies/checkouts/Swifter/Sources/SwifterAccountsClient.swift /Users/admin/builder/spi-builder-workspace/.dependencies/checkouts/Swifter/Sources/SwifterAppOnlyClient.swift /Users/admin/builder/spi-builder-workspace/.dependencies/checkouts/Swifter/Sources/SwifterAuth.swift /Users/admin/builder/spi-builder-workspace/.dependencies/checkouts/Swifter/Sources/SwifterClientProtocol.swift /Users/admin/builder/spi-builder-workspace/.dependencies/checkouts/Swifter/Sources/SwifterCredential.swift /Users/admin/builder/spi-builder-workspace/.dependencies/checkouts/Swifter/Sources/SwifterError.swift /Users/admin/builder/spi-builder-workspace/.dependencies/checkouts/Swifter/Sources/SwifterFavorites.swift /Users/admin/builder/spi-builder-workspace/.dependencies/checkouts/Swifter/Sources/SwifterFollowers.swift /Users/admin/builder/spi-builder-workspace/.dependencies/checkouts/Swifter/Sources/SwifterHTTPRequest.swift /Users/admin/builder/spi-builder-workspace/.dependencies/checkouts/Swifter/Sources/SwifterHelp.swift /Users/admin/builder/spi-builder-workspace/.dependencies/checkouts/Swifter/Sources/SwifterLists.swift /Users/admin/builder/spi-builder-workspace/.dependencies/checkouts/Swifter/Sources/SwifterMedia.swift /Users/admin/builder/spi-builder-workspace/.dependencies/checkouts/Swifter/Sources/SwifterMessages.swift /Users/admin/builder/spi-builder-workspace/.dependencies/checkouts/Swifter/Sources/SwifterOAuthClient.swift /Users/admin/builder/spi-builder-workspace/.dependencies/checkouts/Swifter/Sources/SwifterPlaces.swift /Users/admin/builder/spi-builder-workspace/.dependencies/checkouts/Swifter/Sources/SwifterSavedSearches.swift /Users/admin/builder/spi-builder-workspace/.dependencies/checkouts/Swifter/Sources/SwifterSearch.swift /Users/admin/builder/spi-builder-workspace/.dependencies/checkouts/Swifter/Sources/SwifterSpam.swift /Users/admin/builder/spi-builder-workspace/.dependencies/checkouts/Swifter/Sources/SwifterSuggested.swift /Users/admin/builder/spi-builder-workspace/.dependencies/checkouts/Swifter/Sources/SwifterTag.swift /Users/admin/builder/spi-builder-workspace/.dependencies/checkouts/Swifter/Sources/SwifterTimelines.swift /Users/admin/builder/spi-builder-workspace/.dependencies/checkouts/Swifter/Sources/SwifterTrends.swift /Users/admin/builder/spi-builder-workspace/.dependencies/checkouts/Swifter/Sources/SwifterTweets.swift /Users/admin/builder/spi-builder-workspace/.dependencies/checkouts/Swifter/Sources/SwifterUsers.swift /Users/admin/builder/spi-builder-workspace/.dependencies/checkouts/Swifter/Sources/URL++.swift /Users/admin/builder/spi-builder-workspace/.dependencies/checkouts/Swifter/Sources/Utils.swift -emit-dependencies-path /Users/admin/builder/spi-builder-workspace/.derivedData/Build/Intermediates.noindex/Swifter.build/Debug-xros/Swifter-t.build/Objects-normal/arm64/String++.d -emit-const-values-path /Users/admin/builder/spi-builder-workspace/.derivedData/Build/Intermediates.noindex/Swifter.build/Debug-xros/Swifter-t.build/Objects-normal/arm64/String++.swiftconstvalues -emit-reference-dependencies-path /Users/admin/builder/spi-builder-workspace/.derivedData/Build/Intermediates.noindex/Swifter.build/Debug-xros/Swifter-t.build/Objects-normal/arm64/String++.swiftdeps -serialize-diagnostics-path /Users/admin/builder/spi-builder-workspace/.derivedData/Build/Intermediates.noindex/Swifter.build/Debug-xros/Swifter-t.build/Objects-normal/arm64/String++.dia -target arm64-apple-xros1.0 -disable-cross-import-overlay-search -swift-module-cross-import AuthenticationServices /Applications/Xcode-27.0.0-Release.Candidate.app/Contents/Developer/Platforms/XROS.platform/Developer/SDKs/XROS.sdk/System/Library/Frameworks/AuthenticationServices.framework/Modules/AuthenticationServices.swiftcrossimport/SwiftUI.swiftoverlay -swift-module-cross-import AuthenticationServices /Applications/Xcode-27.0.0-Release.Candidate.app/Contents/Developer/Platforms/XROS.platform/Developer/SDKs/XROS27.0.sdk/System/Library/Frameworks/AuthenticationServices.framework/Modules/AuthenticationServices.swiftcrossimport/SwiftUI.swiftoverlay -load-resolved-plugin /Applications/Xcode-27.0.0-Release.Candidate.app/Contents/Developer/Platforms/XROS.platform/Developer/usr/lib/swift/host/plugins/libFoundationMacros.dylib\#/Applications/Xcode-27.0.0-Release.Candidate.app/Contents/Developer/Platforms/XROS.platform/Developer/usr/bin/swift-plugin-server\#FoundationMacros -load-resolved-plugin /Applications/Xcode-27.0.0-Release.Candidate.app/Contents/Developer/Platforms/XROS.platform/Developer/usr/lib/swift/host/plugins/libObservationMacros.dylib\#/Applications/Xcode-27.0.0-Release.Candidate.app/Contents/Developer/Platforms/XROS.platform/Developer/usr/bin/swift-plugin-server\#ObservationMacros -load-resolved-plugin /Applications/Xcode-27.0.0-Release.Candidate.app/Contents/Developer/Platforms/XROS.platform/Developer/usr/lib/swift/host/plugins/libPreviewsMacros.dylib\#/Applications/Xcode-27.0.0-Release.Candidate.app/Contents/Developer/Platforms/XROS.platform/Developer/usr/bin/swift-plugin-server\#PreviewsMacros -load-resolved-plugin /Applications/Xcode-27.0.0-Release.Candidate.app/Contents/Developer/Platforms/XROS.platform/Developer/usr/lib/swift/host/plugins/libSwiftMacros.dylib\#/Applications/Xcode-27.0.0-Release.Candidate.app/Contents/Developer/Platforms/XROS.platform/Developer/usr/bin/swift-plugin-server\#SwiftMacros -load-resolved-plugin /Applications/Xcode-27.0.0-Release.Candidate.app/Contents/Developer/Platforms/XROS.platform/Developer/usr/lib/swift/host/plugins/libSwiftUIMacros.dylib\#/Applications/Xcode-27.0.0-Release.Candidate.app/Contents/Developer/Platforms/XROS.platform/Developer/usr/bin/swift-plugin-server\#SwiftUIMacros -disable-implicit-swift-modules -Xcc -fno-implicit-modules -Xcc -fno-implicit-module-maps -explicit-swift-module-map-file /Users/admin/builder/spi-builder-workspace/.derivedData/Build/Intermediates.noindex/Swifter.build/Debug-xros/Swifter-t.build/Objects-normal/arm64/Swifter-dependencies-1.json -Xllvm -aarch64-use-tbi -enable-objc-interop -stack-check -sdk /Applications/Xcode-27.0.0-Release.Candidate.app/Contents/Developer/Platforms/XROS.platform/Developer/SDKs/XROS27.0.sdk -I /Users/admin/builder/spi-builder-workspace/.derivedData/Build/Products/Debug-xros -Isystem /Applications/Xcode-27.0.0-Release.Candidate.app/Contents/Developer/Platforms/XROS.platform/Developer/usr/lib -F /Users/admin/builder/spi-builder-workspace/.derivedData/Build/Products/Debug-xros -F /Applications/Xcode-27.0.0-Release.Candidate.app/Contents/Developer/Platforms/XROS.platform/Developer/Library/Frameworks -F /Applications/Xcode-27.0.0-Release.Candidate.app/Contents/Developer/Platforms/XROS.platform/Developer/SDKs/XROS27.0.sdk/Developer/Library/Frameworks -module-cache-path /Users/admin/builder/spi-builder-workspace/.derivedData/Build/Intermediates.noindex/SwiftExplicitPrecompiledModules -no-color-diagnostics -Xcc -fno-color-diagnostics -enable-testing -g -debug-info-format\=dwarf -dwarf-version\=4 -suppress-warnings -profile-generate -profile-coverage-mapping -swift-version 5 -Onone -D SWIFT_PACKAGE -D DEBUG -D SWIFT_MODULE_RESOURCE_BUNDLE_UNAVAILABLE -D Xcode -serialize-debugging-options -enable-experimental-feature DebugDescriptionMacro -empty-abi-descriptor -validate-clang-modules-once -clang-build-session-file /Users/admin/builder/spi-builder-workspace/.derivedData/ModuleCache.noindex/Session.modulevalidation -Xcc -working-directory -Xcc /Users/admin/builder/spi-builder-workspace/.swiftpm/xcode -enable-anonymous-context-mangled-names -file-compilation-dir /Users/admin/builder/spi-builder-workspace/.swiftpm/xcode -Xcc -D_LIBCPP_HARDENING_MODE\=_LIBCPP_HARDENING_MODE_DEBUG -Xcc -ivfsstatcache -Xcc /Users/admin/builder/spi-builder-workspace/.derivedData/SDKStatCaches.noindex/xros27.0-24M361-e829b21a6f8c9b70876ba0858053c044735bd543db762f57723cac368afd1ce4.sdkstatcache -Xcc -fmodules-prune-interval\=86400 -Xcc -fmodules-prune-after\=345600 -Xcc -I/Users/admin/builder/spi-builder-workspace/.derivedData/Build/Products/Debug-xros/include -Xcc -I/Users/admin/builder/spi-builder-workspace/.derivedData/Build/Intermediates.noindex/Swifter.build/Debug-xros/Swifter-t.build/DerivedSources-normal/arm64 -Xcc -I/Users/admin/builder/spi-builder-workspace/.derivedData/Build/Intermediates.noindex/Swifter.build/Debug-xros/Swifter-t.build/DerivedSources/arm64 -Xcc -I/Users/admin/builder/spi-builder-workspace/.derivedData/Build/Intermediates.noindex/Swifter.build/Debug-xros/Swifter-t.build/DerivedSources -Xcc -DSWIFT_PACKAGE -Xcc -DDEBUG\=1 -no-auto-bridging-header-chaining -module-name Swifter -const-gather-protocols-file /Users/admin/builder/spi-builder-workspace/.derivedData/Build/Intermediates.noindex/Swifter.build/Debug-xros/Swifter-t.build/Objects-normal/arm64/Swifter_const_extract_protocols.json -disable-clang-spi -clang-target arm64-apple-xros27.0 -target-sdk-version 27.0 -target-sdk-name xros27.0 -in-process-plugin-server-path /Applications/Xcode-27.0.0-Release.Candidate.app/Contents/Developer/Toolchains/XcodeDefault.xctoolchain/usr/lib/swift/host/libSwiftInProcPluginServer.dylib -parse-as-library -o /Users/admin/builder/spi-builder-workspace/.derivedData/Build/Intermediates.noindex/Swifter.build/Debug-xros/Swifter-t.build/Objects-normal/arm64/String++.o -debug-module-path /Users/admin/builder/spi-builder-workspace/.derivedData/Build/Intermediates.noindex/Swifter.build/Debug-xros/Swifter-t.build/Objects-normal/arm64/Swifter.swiftmodule -index-unit-output-path /Swifter.build/Debug-xros/Swifter-t.build/Objects-normal/arm64/String++.o -index-store-path /Users/admin/builder/spi-builder-workspace/.derivedData/Index.noindex/DataStore -index-system-modules
SwiftCompile normal arm64 Compiling\ Swifter.swift /Users/admin/builder/spi-builder-workspace/.dependencies/checkouts/Swifter/Sources/Swifter.swift (in target 'Swifter' from project 'Swifter')
SwiftCompile normal arm64 /Users/admin/builder/spi-builder-workspace/.dependencies/checkouts/Swifter/Sources/Swifter.swift (in target 'Swifter' from project 'Swifter')
    cd /Users/admin/builder/spi-builder-workspace/.swiftpm/xcode
    builtin-SwiftPerFileCompile Swifter.swift
SwiftCompile normal arm64 Compiling\ SwifterAppOnlyClient.swift /Users/admin/builder/spi-builder-workspace/.dependencies/checkouts/Swifter/Sources/SwifterAppOnlyClient.swift (in target 'Swifter' from project 'Swifter')
SwiftCompile normal arm64 /Users/admin/builder/spi-builder-workspace/.dependencies/checkouts/Swifter/Sources/SwifterAppOnlyClient.swift (in target 'Swifter' from project 'Swifter')
    cd /Users/admin/builder/spi-builder-workspace/.swiftpm/xcode
    builtin-SwiftPerFileCompile SwifterAppOnlyClient.swift
SwiftCompile normal arm64 Compiling\ SwifterAccountsClient.swift /Users/admin/builder/spi-builder-workspace/.dependencies/checkouts/Swifter/Sources/SwifterAccountsClient.swift (in target 'Swifter' from project 'Swifter')
SwiftCompile normal arm64 /Users/admin/builder/spi-builder-workspace/.dependencies/checkouts/Swifter/Sources/SwifterAccountsClient.swift (in target 'Swifter' from project 'Swifter')
    cd /Users/admin/builder/spi-builder-workspace/.swiftpm/xcode
    builtin-SwiftPerFileCompile SwifterAccountsClient.swift
SwiftCompile normal arm64 Compiling\ SwifterError.swift /Users/admin/builder/spi-builder-workspace/.dependencies/checkouts/Swifter/Sources/SwifterError.swift (in target 'Swifter' from project 'Swifter')
SwiftCompile normal arm64 /Users/admin/builder/spi-builder-workspace/.dependencies/checkouts/Swifter/Sources/SwifterError.swift (in target 'Swifter' from project 'Swifter')
    cd /Users/admin/builder/spi-builder-workspace/.swiftpm/xcode
    builtin-SwiftPerFileCompile SwifterError.swift
SwiftEmitModule normal arm64 Emitting\ module\ for\ Swifter (in target 'Swifter' from project 'Swifter')
SwiftCompile normal arm64 (in target 'Swifter' from project 'Swifter')
    cd /Users/admin/builder/spi-builder-workspace/.swiftpm/xcode

SwiftCompile normal arm64 Compiling\ SwifterClientProtocol.swift /Users/admin/builder/spi-builder-workspace/.dependencies/checkouts/Swifter/Sources/SwifterClientProtocol.swift (in target 'Swifter' from project 'Swifter')
SwiftCompile normal arm64 /Users/admin/builder/spi-builder-workspace/.dependencies/checkouts/Swifter/Sources/SwifterClientProtocol.swift (in target 'Swifter' from project 'Swifter')
    cd /Users/admin/builder/spi-builder-workspace/.swiftpm/xcode
    builtin-SwiftPerFileCompile SwifterClientProtocol.swift
SwiftCompile normal arm64 Compiling\ SwifterCredential.swift /Users/admin/builder/spi-builder-workspace/.dependencies/checkouts/Swifter/Sources/SwifterCredential.swift (in target 'Swifter' from project 'Swifter')
SwiftCompile normal arm64 /Users/admin/builder/spi-builder-workspace/.dependencies/checkouts/Swifter/Sources/SwifterCredential.swift (in target 'Swifter' from project 'Swifter')
    cd /Users/admin/builder/spi-builder-workspace/.swiftpm/xcode
    builtin-SwiftPerFileCompile SwifterCredential.swift
SwiftCompile normal arm64 Compiling\ SwifterAuth.swift /Users/admin/builder/spi-builder-workspace/.dependencies/checkouts/Swifter/Sources/SwifterAuth.swift (in target 'Swifter' from project 'Swifter')
SwiftCompile normal arm64 /Users/admin/builder/spi-builder-workspace/.dependencies/checkouts/Swifter/Sources/SwifterAuth.swift (in target 'Swifter' from project 'Swifter')
    cd /Users/admin/builder/spi-builder-workspace/.swiftpm/xcode
    builtin-SwiftPerFileCompile SwifterAuth.swift
SwiftEmitModule normal arm64 Emitting\ module\ for\ Twitter (in target 'Twitter' from project 'OsmiumAtlas')
SwiftCompile normal arm64 (in target 'Twitter' from project 'OsmiumAtlas')
    cd /Users/admin/builder/spi-builder-workspace/.swiftpm/xcode

SwiftEmitModule normal arm64 Emitting\ module\ for\ OsmiumAtlasFramework (in target 'OsmiumAtlasFramework' from project 'OsmiumAtlas')
SwiftCompile normal arm64 (in target 'OsmiumAtlasFramework' from project 'OsmiumAtlas')
    cd /Users/admin/builder/spi-builder-workspace/.swiftpm/xcode

SwiftDriverJobDiscovery normal arm64 Compiling SwifterAccountsClient.swift (in target 'Swifter' from project 'Swifter')
SwiftEmitModule normal arm64 Emitting\ module\ for\ AsyncCompatibilityKit (in target 'AsyncCompatibilityKit' from project 'AsyncCompatibilityKit')
SwiftCompile normal arm64 (in target 'AsyncCompatibilityKit' from project 'AsyncCompatibilityKit')
    cd /Users/admin/builder/spi-builder-workspace/.swiftpm/xcode

SwiftDriverJobDiscovery normal arm64 Compiling SwifterClientProtocol.swift (in target 'Swifter' from project 'Swifter')
SwiftCompile normal arm64 Compiling\ String+Extension.swift /Users/admin/builder/spi-builder-workspace/Sources/Twitter/String+Extension.swift (in target 'Twitter' from project 'OsmiumAtlas')
SwiftCompile normal arm64 /Users/admin/builder/spi-builder-workspace/Sources/Twitter/String+Extension.swift (in target 'Twitter' from project 'OsmiumAtlas')
    cd /Users/admin/builder/spi-builder-workspace/.swiftpm/xcode
    builtin-SwiftPerFileCompile String+Extension.swift
PruneExplicitPrecompiledModules /Users/admin/builder/spi-builder-workspace/.derivedData/Build/Intermediates.noindex/SwiftExplicitPrecompiledModules
PruneExplicitPrecompiledModules /Users/admin/builder/spi-builder-workspace/.derivedData/Build/Intermediates.noindex/ExplicitPrecompiledModules
PruneExplicitPrecompiledModules /Users/admin/builder/spi-builder-workspace/.derivedData/SDKExplicitPrecompiledModules
2026-09-24 06:37:38.845 xcodebuild[1180:6954] [MT] IDERunDestination: Supported platforms for the buildables in the current scheme is empty.
2026-09-24 06:37:38.947 xcodebuild[1180:6954] [MT] IDERunDestination: Supported platforms for the buildables in the current scheme is empty.
2026-09-24 06:37:39.277 xcodebuild[1180:6954] [MT] IDERunDestination: Supported platforms for the buildables in the current scheme is empty.
** BUILD FAILED **
The following build commands failed:
	SwiftCompile normal arm64 /Users/admin/builder/spi-builder-workspace/.dependencies/checkouts/Swifter/Sources/String++.swift (in target 'Swifter' from project 'Swifter')
	SwiftCompile normal arm64 Compiling\ String++.swift /Users/admin/builder/spi-builder-workspace/.dependencies/checkouts/Swifter/Sources/String++.swift (in target 'Swifter' from project 'Swifter')
	Building workspace OsmiumAtlas with scheme OsmiumAtlas
(3 failures)
BUILD FAILURE 6.4 visionOS