Build Information
Failed to build RecaptchaEnterprise, reference 18.10.0-beta01 (01e894), with Swift 6.3 for Wasm on 25 Aug 2026 06:39:25 UTC.
Build Command
bash -c docker run --pull=always --rm -v "checkouts-53886770-1":/host -w "$PWD" -e JAVA_HOME="/root/.sdkman/candidates/java/current" -e SPI_BUILD="1" -e SPI_PROCESSING="1" registry.gitlab.com/saguaro1/spi-images:wasm-6.3-latest swift build --swift-sdk swift-6.3.2-RELEASE_wasm 2>&1Build Log
========================================
RunAll
========================================
Builder version: 5.0.2
Interrupt handler set up.
========================================
Checkout
========================================
Clone URL: https://github.com/GoogleCloudPlatform/recaptcha-enterprise-mobile-sdk.git
Reference: 18.10.0-beta01
Initialized empty Git repository in /host/spi-builder-workspace/.git/
hint: Using 'master' as the name for the initial branch. This default branch name
hint: is subject to change. To configure the initial branch name to use in all
hint: of your new repositories, which will suppress this warning, call:
hint:
hint: git config --global init.defaultBranch <name>
hint:
hint: Names commonly chosen instead of 'master' are 'main', 'trunk' and
hint: 'development'. The just-created branch can be renamed via this command:
hint:
hint: git branch -m <name>
From https://github.com/GoogleCloudPlatform/recaptcha-enterprise-mobile-sdk
* tag 18.10.0-beta01 -> FETCH_HEAD
HEAD is now at 01e894a Merge pull request #185 from GoogleCloudPlatform/release-v18.10.0-beta01
Cloned https://github.com/GoogleCloudPlatform/recaptcha-enterprise-mobile-sdk.git
Revision (git rev-parse @):
01e894a0324dda5e7bde8e132ff7f73974b6259b
SUCCESS checkout https://github.com/GoogleCloudPlatform/recaptcha-enterprise-mobile-sdk.git at 18.10.0-beta01
========================================
Build
========================================
Selected platform: wasm
Swift version: 6.3
Building package at path: $PWD
https://github.com/GoogleCloudPlatform/recaptcha-enterprise-mobile-sdk.git
Running build ...
bash -c docker run --pull=always --rm -v "checkouts-53886770-1":/host -w "$PWD" -e JAVA_HOME="/root/.sdkman/candidates/java/current" -e SPI_BUILD="1" -e SPI_PROCESSING="1" registry.gitlab.com/saguaro1/spi-images:wasm-6.3-latest swift build --swift-sdk swift-6.3.2-RELEASE_wasm 2>&1
wasm-6.3-latest: Pulling from saguaro1/spi-images
Digest: sha256:e92e38b97676c18adb57b57429ddfb766786102cb50cb918e0d9e8055d05b35d
Status: Image is up to date for registry.gitlab.com/saguaro1/spi-images:wasm-6.3-latest
Fetching https://github.com/google/interop-ios-for-google-sdks.git
[1/303] Fetching interop-ios-for-google-sdks
Fetched https://github.com/google/interop-ios-for-google-sdks.git from cache (0.73s)
Computing version for https://github.com/google/interop-ios-for-google-sdks.git
Computed https://github.com/google/interop-ios-for-google-sdks.git at 101.0.0 (0.91s)
Creating working copy for https://github.com/google/interop-ios-for-google-sdks.git
Working copy of https://github.com/google/interop-ios-for-google-sdks.git resolved at 101.0.0
Downloading binary artifact https://dl.google.com/recaptchaenterprise/v18.10.0-beta01/RecaptchaEnterpriseSDK_iOS_xcframework/recaptcha-sdk-xcframework.xcframework-signed.zip
[1354/1354] Downloading https://dl.google.com/recaptchaenterprise/v18.10.0-beta01/RecaptchaEnterpriseSDK_iOS_xcframework/recaptcha-sdk-xcframework.xcframework-signed.zip
Downloaded https://dl.google.com/recaptchaenterprise/v18.10.0-beta01/RecaptchaEnterpriseSDK_iOS_xcframework/recaptcha-sdk-xcframework.xcframework-signed.zip (0.90s)
Building for debugging...
[0/4] Write sources
[1/4] Compiling RecaptchaInterop placeholder.m
[2/4] Write swift-version-24593BA9C3E375BF.txt
error: emit-module command failed with exit code 1 (use -v to see invocation)
[4/6] Emitting module RecaptchaEnterprise
/host/spi-builder-workspace/Sources/RecaptchaEnterprise/RecaptchaInteropBidings.swift:16:19: error: no such module 'RecaptchaEnterpriseSDK'
14 |
15 | import Foundation
16 | @_exported import RecaptchaEnterpriseSDK
| `- error: no such module 'RecaptchaEnterpriseSDK'
17 | @preconcurrency import RecaptchaInterop
18 |
<module-includes>:1:10: note: in file included from <module-includes>:1:
1 | #include "/host/spi-builder-workspace/.build/checkouts/interop-ios-for-google-sdks/RecaptchaEnterprise/RecaptchaInterop/Public/RecaptchaInterop/RecaptchaInterop.h"
| `- note: in file included from <module-includes>:1:
2 |
/host/spi-builder-workspace/.build/checkouts/interop-ios-for-google-sdks/RecaptchaEnterprise/RecaptchaInterop/Public/RecaptchaInterop/RecaptchaInterop.h:15:9: note: in file included from /host/spi-builder-workspace/.build/checkouts/interop-ios-for-google-sdks/RecaptchaEnterprise/RecaptchaInterop/Public/RecaptchaInterop/RecaptchaInterop.h:15:
13 | // limitations under the License.
14 |
15 | #import "RCAActionProtocol.h"
| `- note: in file included from /host/spi-builder-workspace/.build/checkouts/interop-ios-for-google-sdks/RecaptchaEnterprise/RecaptchaInterop/Public/RecaptchaInterop/RecaptchaInterop.h:15:
16 | #import "RCARecaptchaClientProtocol.h"
17 | #import "RCARecaptchaProtocol.h"
[5/6] Compiling RecaptchaEnterprise RecaptchaInteropBidings.swift
/host/spi-builder-workspace/Sources/RecaptchaEnterprise/RecaptchaInteropBidings.swift:16:19: error: no such module 'RecaptchaEnterpriseSDK'
14 |
15 | import Foundation
16 | @_exported import RecaptchaEnterpriseSDK
| `- error: no such module 'RecaptchaEnterpriseSDK'
17 | @preconcurrency import RecaptchaInterop
18 |
<module-includes>:1:10: note: in file included from <module-includes>:1:
1 | #include "/host/spi-builder-workspace/.build/checkouts/interop-ios-for-google-sdks/RecaptchaEnterprise/RecaptchaInterop/Public/RecaptchaInterop/RecaptchaInterop.h"
| `- note: in file included from <module-includes>:1:
2 |
/host/spi-builder-workspace/.build/checkouts/interop-ios-for-google-sdks/RecaptchaEnterprise/RecaptchaInterop/Public/RecaptchaInterop/RecaptchaInterop.h:15:9: note: in file included from /host/spi-builder-workspace/.build/checkouts/interop-ios-for-google-sdks/RecaptchaEnterprise/RecaptchaInterop/Public/RecaptchaInterop/RecaptchaInterop.h:15:
13 | // limitations under the License.
14 |
15 | #import "RCAActionProtocol.h"
| `- note: in file included from /host/spi-builder-workspace/.build/checkouts/interop-ios-for-google-sdks/RecaptchaEnterprise/RecaptchaInterop/Public/RecaptchaInterop/RecaptchaInterop.h:15:
16 | #import "RCARecaptchaClientProtocol.h"
17 | #import "RCARecaptchaProtocol.h"
BUILD FAILURE 6.3 wasm