The Swift Package Index logo.Swift Package Index

Build Information

Failed to build ABWheelPickerModifier, reference master (29c0ad), with Swift 6.4 for watchOS using Xcode 27.0 on 17 Sep 2026 19:52:40 UTC.

Build Command

env DEVELOPER_DIR=/Applications/Xcode-27.0.0-Release.Candidate.app xcrun xcodebuild -IDEClonedSourcePackagesDirPathOverride=$PWD/.dependencies -skipMacroValidation -skipPackagePluginValidation -derivedDataPath $PWD/.derivedData build -scheme ABWheelPickerModifier-Package -destination generic/platform=watchOS

Build Log

========================================
RunAll
========================================
Builder version: 5.1.0
Interrupt handler set up.
========================================
Checkout
========================================
Clone URL: https://github.com/rushairer/ABWheelPickerModifier.git
Reference: master
Initialized empty Git repository in /Users/admin/builder/spi-builder-workspace/.git/
From https://github.com/rushairer/ABWheelPickerModifier
 * branch            master     -> FETCH_HEAD
 * [new branch]      master     -> origin/master
HEAD is now at 29c0ad7 Merge pull request #10 from rushairer/develop
Cloned https://github.com/rushairer/ABWheelPickerModifier.git
Revision (git rev-parse @):
29c0ad73173c95d6c6c258f4a340f5725fbbe55d
SUCCESS checkout https://github.com/rushairer/ABWheelPickerModifier.git at master
========================================
Build
========================================
Selected platform:         watchOS
Swift version:             6.4
Building package at path:  $PWD
https://github.com/rushairer/ABWheelPickerModifier.git
Command line invocation:
    /Applications/Xcode-27.0.0-Release.Candidate.app/Contents/Developer/usr/bin/xcodebuild -IDEClonedSourcePackagesDirPathOverride=/Users/admin/builder/spi-builder-workspace/.dependencies -resolvePackageDependencies
resolved source packages:
{
  "dependencies" : [
  ],
  "manifest_display_name" : "ABWheelPickerModifier",
  "name" : "ABWheelPickerModifier",
  "path" : "/Users/admin/builder/spi-builder-workspace",
  "platforms" : [
    {
      "name" : "macos",
      "version" : "10.15"
    },
    {
      "name" : "ios",
      "version" : "13.0"
    },
    {
      "name" : "tvos",
      "version" : "13.0"
    },
    {
      "name" : "watchos",
      "version" : "6.0"
    }
  ],
  "products" : [
    {
      "name" : "ABWheelPickerModifier",
      "targets" : [
        "ABWheelPickerModifier"
      ],
      "type" : {
        "library" : [
          "automatic"
        ]
      }
    }
  ],
  "targets" : [
    {
      "c99name" : "ABWheelPickerModifierTests",
      "module_type" : "SwiftTarget",
      "name" : "ABWheelPickerModifierTests",
      "path" : "Tests/ABWheelPickerModifierTests",
      "sources" : [
        "ABWheelPickerModifierTests.swift",
        "XCTestManifests.swift"
      ],
      "target_dependencies" : [
        "ABWheelPickerModifier"
      ],
      "type" : "test"
    },
    {
      "c99name" : "ABWheelPickerModifier",
      "module_type" : "SwiftTarget",
      "name" : "ABWheelPickerModifier",
      "path" : "Sources/ABWheelPickerModifier",
      "product_memberships" : [
        "ABWheelPickerModifier"
      ],
      "sources" : [
        "ABWheelPickerModifier.swift"
      ],
      "type" : "library"
    }
  ],
  "tools_version" : "5.3"
}
{
  "project" : {
    "configurations" : [
      "Debug",
      "Release"
    ],
    "name" : "ABWheelPickerModifier",
    "schemes" : [
      "ABWheelPickerModifier",
      "ABWheelPickerModifier watchOS",
      "ABWheelPickerModifier-Package",
      "ABWheelPickerModifierPackageDescription",
      "ABWheelPickerModifierPackageTests"
    ],
    "targets" : [
      "ABWheelPickerModifier",
      "ABWheelPickerModifier watchOS",
      "ABWheelPickerModifierPackageDescription",
      "ABWheelPickerModifierPackageTests",
      "ABWheelPickerModifierTests"
    ]
  }
}
Running build ...
env DEVELOPER_DIR=/Applications/Xcode-27.0.0-Release.Candidate.app xcrun xcodebuild -IDEClonedSourcePackagesDirPathOverride=$PWD/.dependencies -skipMacroValidation -skipPackagePluginValidation -derivedDataPath $PWD/.derivedData build -scheme ABWheelPickerModifier-Package -destination generic/platform=watchOS
Command line invocation:
    /Applications/Xcode-27.0.0-Release.Candidate.app/Contents/Developer/usr/bin/xcodebuild -IDEClonedSourcePackagesDirPathOverride=/Users/admin/builder/spi-builder-workspace/.dependencies -skipMacroValidation -skipPackagePluginValidation -derivedDataPath /Users/admin/builder/spi-builder-workspace/.derivedData build -scheme ABWheelPickerModifier-Package -destination generic/platform=watchOS
ComputePackagePrebuildTargetDependencyGraph
Prepare packages
CreateBuildRequest
SendProjectDescription
CreateBuildOperation
ComputeTargetDependencyGraph
note: Building targets in dependency order
note: Target dependency graph (1 target)
    Target 'ABWheelPickerModifier' in project 'ABWheelPickerModifier' (no dependencies)
GatherProvisioningInputs
CreateBuildDescription
ExecuteExternalTool /Applications/Xcode-27.0.0-Release.Candidate.app/Contents/Developer/Toolchains/XcodeDefault.xctoolchain/usr/bin/clang -v -E -dM -isysroot /Applications/Xcode-27.0.0-Release.Candidate.app/Contents/Developer/Platforms/WatchOS.platform/Developer/SDKs/WatchOS27.0.sdk -x c -c /dev/null
ExecuteExternalTool /Applications/Xcode-27.0.0-Release.Candidate.app/Contents/Developer/Toolchains/XcodeDefault.xctoolchain/usr/bin/swiftc --version
ExecuteExternalTool /Applications/Xcode-27.0.0-Release.Candidate.app/Contents/Developer/Toolchains/XcodeDefault.xctoolchain/usr/bin/ld -version_details
Build description signature: 4e06f7f6897828c1fdaf3f77624a5304
Build description path: /Users/admin/builder/spi-builder-workspace/.derivedData/Build/Intermediates.noindex/XCBuildData/4e06f7f6897828c1fdaf3f77624a5304.xcbuilddata
/Users/admin/builder/spi-builder-workspace/ABWheelPickerModifier.xcodeproj: error: The watchOS deployment target 'WATCHOS_DEPLOYMENT_TARGET' is set to 6.0, but the range of supported deployment target versions is 9.0 to 27.0.x. (in target 'ABWheelPickerModifier' from project 'ABWheelPickerModifier')
error: The armv7k architecture is deprecated. You should update your ARCHS build setting to remove the armv7k architecture. (in target 'ABWheelPickerModifier' from project 'ABWheelPickerModifier')
** BUILD FAILED **
The following build commands failed:
	Building project ABWheelPickerModifier with scheme ABWheelPickerModifier-Package
(1 failure)
Command line invocation:
    /Applications/Xcode-27.0.0-Release.Candidate.app/Contents/Developer/usr/bin/xcodebuild -IDEClonedSourcePackagesDirPathOverride=/Users/admin/builder/spi-builder-workspace/.dependencies -resolvePackageDependencies
resolved source packages:
{
  "dependencies" : [
  ],
  "manifest_display_name" : "ABWheelPickerModifier",
  "name" : "ABWheelPickerModifier",
  "path" : "/Users/admin/builder/spi-builder-workspace",
  "platforms" : [
    {
      "name" : "macos",
      "version" : "10.15"
    },
    {
      "name" : "ios",
      "version" : "13.0"
    },
    {
      "name" : "tvos",
      "version" : "13.0"
    },
    {
      "name" : "watchos",
      "version" : "6.0"
    }
  ],
  "products" : [
    {
      "name" : "ABWheelPickerModifier",
      "targets" : [
        "ABWheelPickerModifier"
      ],
      "type" : {
        "library" : [
          "automatic"
        ]
      }
    }
  ],
  "targets" : [
    {
      "c99name" : "ABWheelPickerModifierTests",
      "module_type" : "SwiftTarget",
      "name" : "ABWheelPickerModifierTests",
      "path" : "Tests/ABWheelPickerModifierTests",
      "sources" : [
        "ABWheelPickerModifierTests.swift",
        "XCTestManifests.swift"
      ],
      "target_dependencies" : [
        "ABWheelPickerModifier"
      ],
      "type" : "test"
    },
    {
      "c99name" : "ABWheelPickerModifier",
      "module_type" : "SwiftTarget",
      "name" : "ABWheelPickerModifier",
      "path" : "Sources/ABWheelPickerModifier",
      "product_memberships" : [
        "ABWheelPickerModifier"
      ],
      "sources" : [
        "ABWheelPickerModifier.swift"
      ],
      "type" : "library"
    }
  ],
  "tools_version" : "5.3"
}
{
  "project" : {
    "configurations" : [
      "Debug",
      "Release"
    ],
    "name" : "ABWheelPickerModifier",
    "schemes" : [
      "ABWheelPickerModifier",
      "ABWheelPickerModifier watchOS",
      "ABWheelPickerModifier-Package",
      "ABWheelPickerModifierPackageDescription",
      "ABWheelPickerModifierPackageTests"
    ],
    "targets" : [
      "ABWheelPickerModifier",
      "ABWheelPickerModifier watchOS",
      "ABWheelPickerModifierPackageDescription",
      "ABWheelPickerModifierPackageTests",
      "ABWheelPickerModifierTests"
    ]
  }
}
Running build ...
env DEVELOPER_DIR=/Applications/Xcode-27.0.0-Release.Candidate.app xcrun xcodebuild -IDEClonedSourcePackagesDirPathOverride=$PWD/.dependencies -skipMacroValidation -skipPackagePluginValidation -derivedDataPath $PWD/.derivedData build -scheme ABWheelPickerModifier-Package -destination generic/platform=watchOS
Command line invocation:
    /Applications/Xcode-27.0.0-Release.Candidate.app/Contents/Developer/usr/bin/xcodebuild -IDEClonedSourcePackagesDirPathOverride=/Users/admin/builder/spi-builder-workspace/.dependencies -skipMacroValidation -skipPackagePluginValidation -derivedDataPath /Users/admin/builder/spi-builder-workspace/.derivedData build -scheme ABWheelPickerModifier-Package -destination generic/platform=watchOS
ComputePackagePrebuildTargetDependencyGraph
Prepare packages
CreateBuildRequest
SendProjectDescription
CreateBuildOperation
ComputeTargetDependencyGraph
note: Building targets in dependency order
note: Target dependency graph (1 target)
    Target 'ABWheelPickerModifier' in project 'ABWheelPickerModifier' (no dependencies)
GatherProvisioningInputs
CreateBuildDescription
error: The armv7k architecture is deprecated. You should update your ARCHS build setting to remove the armv7k architecture. (in target 'ABWheelPickerModifier' from project 'ABWheelPickerModifier')
/Users/admin/builder/spi-builder-workspace/ABWheelPickerModifier.xcodeproj: error: The watchOS deployment target 'WATCHOS_DEPLOYMENT_TARGET' is set to 6.0, but the range of supported deployment target versions is 9.0 to 27.0.x. (in target 'ABWheelPickerModifier' from project 'ABWheelPickerModifier')
** BUILD FAILED **
The following build commands failed:
	Building project ABWheelPickerModifier with scheme ABWheelPickerModifier-Package
(1 failure)
BUILD FAILURE 6.4 watchOS